2026-07-11 04:47:18.004 8 INFO placement.requestlog [None req-f2ead321-d66e-4fb8-b7d0-582bb4df6619 59d0018bb98a435f8f275462865a5777 f1ffb45628cd42bcae98cf28ba325d46 - - e84f22cd3da44424b359a028b793ae22 e84f22cd3da44424b359a028b793ae22] 10.0.0.159 "GET /resource_providers/5a58536e-7660-410b-8b2c-ee6968602d4c/aggregates" status: 404 len: 235 microversion: 1.1 [pid: 8|app: 0|req: 556/1122] 10.0.0.159 () {32 vars in 816 bytes} [Sat Jul 11 04:47:17 2026] GET /resource_providers/5a58536e-7660-410b-8b2c-ee6968602d4c/aggregates => generated 235 bytes in 5 msecs (HTTP/1.1 404) 5 headers in 202 bytes (1 switches on core 0)
2026-07-11 04:47:18.023 8 INFO placement.requestlog [None req-22440268-2580-44ad-ac81-3343ead844b7 59d0018bb98a435f8f275462865a5777 f1ffb45628cd42bcae98cf28ba325d46 - - e84f22cd3da44424b359a028b793ae22 e84f22cd3da44424b359a028b793ae22] 10.0.0.159 "DELETE /resource_providers/5a58536e-7660-410b-8b2c-ee6968602d4c" status: 404 len: 246 microversion: 1.1 [pid: 8|app: 0|req: 557/1123] 10.0.0.159 () {34 vars in 816 bytes} [Sat Jul 11 04:47:18 2026] DELETE /resource_providers/5a58536e-7660-410b-8b2c-ee6968602d4c => generated 246 bytes in 5 msecs (HTTP/1.1 404) 6 headers in 231 bytes (1 switches on core 0)
2026-07-11 04:47:18.025 7 INFO placement.requestlog [None req-0be43f1c-6d4c-4cae-b91e-77e730ffdf0f 59d0018bb98a435f8f275462865a5777 f1ffb45628cd42bcae98cf28ba325d46 - - e84f22cd3da44424b359a028b793ae22 e84f22cd3da44424b359a028b793ae22] 10.0.0.159 "GET /resource_providers/5a58536e-7660-410b-8b2c-ee6968602d4c/aggregates" status: 404 len: 235 microversion: 1.1 [pid: 7|app: 0|req: 567/1124] 10.0.0.159 () {32 vars in 816 bytes} [Sat Jul 11 04:47:18 2026] GET /resource_providers/5a58536e-7660-410b-8b2c-ee6968602d4c/aggregates => generated 235 bytes in 11 msecs (HTTP/1.1 404) 5 headers in 202 bytes (1 switches on core 0)
2026-07-11 04:47:18.046 8 INFO placement.requestlog [None req-82ca1961-06b5-4861-b8a0-ee31505ed676 59d0018bb98a435f8f275462865a5777 f1ffb45628cd42bcae98cf28ba325d46 - - e84f22cd3da44424b359a028b793ae22 e84f22cd3da44424b359a028b793ae22] 10.0.0.159 "DELETE /resource_providers/5a58536e-7660-410b-8b2c-ee6968602d4c" status: 404 len: 246 microversion: 1.1 [pid: 8|app: 0|req: 558/1125] 10.0.0.159 () {34 vars in 816 bytes} [Sat Jul 11 04:47:18 2026] DELETE /resource_providers/5a58536e-7660-410b-8b2c-ee6968602d4c => generated 246 bytes in 9 msecs (HTTP/1.1 404) 6 headers in 231 bytes (1 switches on core 0)
2026-07-11 04:47:20.804 7 INFO placement.requestlog [req-7bee2426-735b-4703-85b5-21ebed2ce6d1 req-4d116f1d-ffff-43d6-a5d5-8679055333de e48b4b820619441fa50ad15b879e5362 f1ffb45628cd42bcae98cf28ba325d46 - - e84f22cd3da44424b359a028b793ae22 e84f22cd3da44424b359a028b793ae22] 10.0.0.140 "GET /allocation_candidates?limit=1000&resources=DISK_GB%3A1%2CMEMORY_MB%3A512%2CVCPU%3A1&root_required=%21COMPUTE_STATUS_DISABLED" status: 200 len: 2783 microversion: 1.36 [pid: 7|app: 0|req: 568/1126] 10.0.0.140 () {34 vars in 1012 bytes} [Sat Jul 11 04:47:20 2026] GET /allocation_candidates?limit=1000&resources=DISK_GB%3A1%2CMEMORY_MB%3A512%2CVCPU%3A1&root_required=%21COMPUTE_STATUS_DISABLED => generated 2783 bytes in 51 msecs (HTTP/1.1 200) 8 headers in 297 bytes (1 switches on core 0)
2026-07-11 04:47:20.847 8 INFO placement.requestlog [req-7bee2426-735b-4703-85b5-21ebed2ce6d1 req-1a12beba-3bfd-4c48-9208-f66a62779453 e48b4b820619441fa50ad15b879e5362 f1ffb45628cd42bcae98cf28ba325d46 - - e84f22cd3da44424b359a028b793ae22 e84f22cd3da44424b359a028b793ae22] 10.0.0.140 "GET /allocations/9d41bd0b-124c-47d4-b888-e48f01692835" status: 200 len: 19 microversion: 1.28 [pid: 8|app: 0|req: 559/1127] 10.0.0.140 () {34 vars in 861 bytes} [Sat Jul 11 04:47:20 2026] GET /allocations/9d41bd0b-124c-47d4-b888-e48f01692835 => generated 19 bytes in 10 msecs (HTTP/1.1 200) 8 headers in 295 bytes (1 switches on core 0)
2026-07-11 04:47:20.934 7 INFO placement.requestlog [req-7bee2426-735b-4703-85b5-21ebed2ce6d1 req-bb0f4961-c998-4100-89ec-b8eb47b9fa52 e48b4b820619441fa50ad15b879e5362 f1ffb45628cd42bcae98cf28ba325d46 - - e84f22cd3da44424b359a028b793ae22 e84f22cd3da44424b359a028b793ae22] 10.0.0.140 "PUT /allocations/9d41bd0b-124c-47d4-b888-e48f01692835" status: 204 len: 0 microversion: 1.36 [pid: 7|app: 0|req: 569/1128] 10.0.0.140 () {38 vars in 914 bytes} [Sat Jul 11 04:47:20 2026] PUT /allocations/9d41bd0b-124c-47d4-b888-e48f01692835 => generated 0 bytes in 81 msecs (HTTP/1.1 204) 5 headers in 199 bytes (1 switches on core 0)
2026-07-11 04:47:22.456 8 INFO placement.requestlog [req-7bee2426-735b-4703-85b5-21ebed2ce6d1 req-aa63ed46-c92d-4864-afe7-df5e10cbd978 e48b4b820619441fa50ad15b879e5362 f1ffb45628cd42bcae98cf28ba325d46 - - e84f22cd3da44424b359a028b793ae22 e84f22cd3da44424b359a028b793ae22] 199.204.45.227 "GET /allocations/9d41bd0b-124c-47d4-b888-e48f01692835" status: 200 len: 258 microversion: 1.28 [pid: 8|app: 0|req: 560/1129] 199.204.45.227 () {34 vars in 863 bytes} [Sat Jul 11 04:47:22 2026] GET /allocations/9d41bd0b-124c-47d4-b888-e48f01692835 => generated 258 bytes in 12 msecs (HTTP/1.1 200) 8 headers in 296 bytes (1 switches on core 0)
2026-07-11 04:47:22.918 8 INFO placement.requestlog [None req-b6a4ce9c-f8d1-453e-8f9f-6b7a79ee57a1 - - - - - -] 10.0.0.12 "GET /" status: 200 len: 136 microversion: 1.0
2026-07-11 04:47:22.919 7 INFO placement.requestlog [None req-07fede78-c93d-41e0-812b-86d200d0da92 - - - - - -] 10.0.0.12 "GET /" status: 200 len: 136 microversion: 1.0
2026-07-11 04:47:23.508 8 INFO placement.requestlog [req-7bee2426-735b-4703-85b5-21ebed2ce6d1 req-30bbf1d7-5f72-438e-883e-30f6347392c8 e48b4b820619441fa50ad15b879e5362 f1ffb45628cd42bcae98cf28ba325d46 - - e84f22cd3da44424b359a028b793ae22 e84f22cd3da44424b359a028b793ae22] 199.204.45.227 "GET /resource_providers/dfd78619-13ff-4579-bb6b-6dcd3d44c47b/allocations" status: 200 len: 253 microversion: 1.0 [pid: 8|app: 0|req: 562/1132] 199.204.45.227 () {32 vars in 857 bytes} [Sat Jul 11 04:47:23 2026] GET /resource_providers/dfd78619-13ff-4579-bb6b-6dcd3d44c47b/allocations => generated 253 bytes in 18 msecs (HTTP/1.1 200) 6 headers in 224 bytes (1 switches on core 0)
2026-07-11 04:47:23.544 7 INFO placement.requestlog [req-7bee2426-735b-4703-85b5-21ebed2ce6d1 req-69e9c71d-05ac-4d1b-8dd7-6fc7d6f1d38d e48b4b820619441fa50ad15b879e5362 f1ffb45628cd42bcae98cf28ba325d46 - - e84f22cd3da44424b359a028b793ae22 e84f22cd3da44424b359a028b793ae22] 199.204.45.227 "GET /allocations/9d41bd0b-124c-47d4-b888-e48f01692835" status: 200 len: 258 microversion: 1.28 [pid: 7|app: 0|req: 571/1133] 199.204.45.227 () {34 vars in 863 bytes} [Sat Jul 11 04:47:23 2026] GET /allocations/9d41bd0b-124c-47d4-b888-e48f01692835 => generated 258 bytes in 22 msecs (HTTP/1.1 200) 8 headers in 296 bytes (1 switches on core 0)
2026-07-11 04:47:23.569 8 INFO placement.requestlog [req-7bee2426-735b-4703-85b5-21ebed2ce6d1 req-6817095f-348d-4202-9790-e2c5a67c22a4 e48b4b820619441fa50ad15b879e5362 f1ffb45628cd42bcae98cf28ba325d46 - - e84f22cd3da44424b359a028b793ae22 e84f22cd3da44424b359a028b793ae22] 199.204.45.227 "GET /allocations/d6227152-7867-459a-8ebf-fcff7b8681af" status: 200 len: 258 microversion: 1.28 [pid: 8|app: 0|req: 563/1134] 199.204.45.227 () {34 vars in 863 bytes} [Sat Jul 11 04:47:23 2026] GET /allocations/d6227152-7867-459a-8ebf-fcff7b8681af => generated 258 bytes in 14 msecs (HTTP/1.1 200) 8 headers in 296 bytes (1 switches on core 0)
2026-07-11 04:47:25.673 7 INFO placement.requestlog [req-8a887492-ebd8-4f46-8ed3-c0a2a52994ef req-ee7b4307-1304-4111-ae13-d7dd4e27216c e48b4b820619441fa50ad15b879e5362 f1ffb45628cd42bcae98cf28ba325d46 - - e84f22cd3da44424b359a028b793ae22 e84f22cd3da44424b359a028b793ae22] 199.204.45.227 "GET /resource_providers/dfd78619-13ff-4579-bb6b-6dcd3d44c47b/allocations" status: 200 len: 253 microversion: 1.0 [pid: 7|app: 0|req: 572/1135] 199.204.45.227 () {32 vars in 857 bytes} [Sat Jul 11 04:47:25 2026] GET /resource_providers/dfd78619-13ff-4579-bb6b-6dcd3d44c47b/allocations => generated 253 bytes in 32 msecs (HTTP/1.1 200) 6 headers in 224 bytes (1 switches on core 0)
2026-07-11 04:47:25.724 8 INFO placement.requestlog [req-8a887492-ebd8-4f46-8ed3-c0a2a52994ef req-89e12bc9-3bea-4dd3-bcb3-5de63aa629bf e48b4b820619441fa50ad15b879e5362 f1ffb45628cd42bcae98cf28ba325d46 - - e84f22cd3da44424b359a028b793ae22 e84f22cd3da44424b359a028b793ae22] 199.204.45.227 "GET /allocations/9d41bd0b-124c-47d4-b888-e48f01692835" status: 200 len: 258 microversion: 1.28 [pid: 8|app: 0|req: 564/1136] 199.204.45.227 () {34 vars in 863 bytes} [Sat Jul 11 04:47:25 2026] GET /allocations/9d41bd0b-124c-47d4-b888-e48f01692835 => generated 258 bytes in 41 msecs (HTTP/1.1 200) 8 headers in 296 bytes (1 switches on core 0)
2026-07-11 04:47:25.748 7 INFO placement.requestlog [req-8a887492-ebd8-4f46-8ed3-c0a2a52994ef req-679f8be8-ea52-437d-944f-4c6c47ff1b5a e48b4b820619441fa50ad15b879e5362 f1ffb45628cd42bcae98cf28ba325d46 - - e84f22cd3da44424b359a028b793ae22 e84f22cd3da44424b359a028b793ae22] 199.204.45.227 "GET /allocations/d6227152-7867-459a-8ebf-fcff7b8681af" status: 200 len: 258 microversion: 1.28 [pid: 7|app: 0|req: 573/1137] 199.204.45.227 () {34 vars in 863 bytes} [Sat Jul 11 04:47:25 2026] GET /allocations/d6227152-7867-459a-8ebf-fcff7b8681af => generated 258 bytes in 13 msecs (HTTP/1.1 200) 8 headers in 296 bytes (1 switches on core 0)
2026-07-11 04:47:29.252 8 INFO placement.requestlog [req-8a887492-ebd8-4f46-8ed3-c0a2a52994ef req-145ecad0-d3f1-4997-8a58-ae8ef8f45774 e48b4b820619441fa50ad15b879e5362 f1ffb45628cd42bcae98cf28ba325d46 - - e84f22cd3da44424b359a028b793ae22 e84f22cd3da44424b359a028b793ae22] 199.204.45.227 "DELETE /allocations/d6227152-7867-459a-8ebf-fcff7b8681af" status: 204 len: 0 microversion: 1.0 [pid: 8|app: 0|req: 565/1138] 199.204.45.227 () {34 vars in 841 bytes} [Sat Jul 11 04:47:29 2026] DELETE /allocations/d6227152-7867-459a-8ebf-fcff7b8681af => generated 0 bytes in 25 msecs (HTTP/1.1 204) 5 headers in 198 bytes (1 switches on core 0)
2026-07-11 04:47:30.173 7 INFO placement.requestlog [req-f8dd06b4-ba9c-4a3f-a322-68d9f43553e3 req-e4f77384-2f42-42fa-baec-f597058bb74d e48b4b820619441fa50ad15b879e5362 f1ffb45628cd42bcae98cf28ba325d46 - - e84f22cd3da44424b359a028b793ae22 e84f22cd3da44424b359a028b793ae22] 199.204.45.227 "GET /resource_providers/dfd78619-13ff-4579-bb6b-6dcd3d44c47b/allocations" status: 200 len: 153 microversion: 1.0 [pid: 7|app: 0|req: 574/1139] 199.204.45.227 () {32 vars in 857 bytes} [Sat Jul 11 04:47:30 2026] GET /resource_providers/dfd78619-13ff-4579-bb6b-6dcd3d44c47b/allocations => generated 153 bytes in 38 msecs (HTTP/1.1 200) 6 headers in 224 bytes (1 switches on core 0)
2026-07-11 04:47:30.225 8 INFO placement.requestlog [req-f8dd06b4-ba9c-4a3f-a322-68d9f43553e3 req-f874c736-3ab4-4ee8-a441-2c0cf24a900c e48b4b820619441fa50ad15b879e5362 f1ffb45628cd42bcae98cf28ba325d46 - - e84f22cd3da44424b359a028b793ae22 e84f22cd3da44424b359a028b793ae22] 199.204.45.227 "GET /resource_providers/dfd78619-13ff-4579-bb6b-6dcd3d44c47b/allocations" status: 200 len: 153 microversion: 1.0 [pid: 8|app: 0|req: 566/1140] 199.204.45.227 () {32 vars in 857 bytes} [Sat Jul 11 04:47:30 2026] GET /resource_providers/dfd78619-13ff-4579-bb6b-6dcd3d44c47b/allocations => generated 153 bytes in 42 msecs (HTTP/1.1 200) 6 headers in 224 bytes (1 switches on core 0)
2026-07-11 04:47:30.259 7 INFO placement.requestlog [req-f8dd06b4-ba9c-4a3f-a322-68d9f43553e3 req-d9bb2f99-f779-4223-9d3c-23a656cf1890 e48b4b820619441fa50ad15b879e5362 f1ffb45628cd42bcae98cf28ba325d46 - - e84f22cd3da44424b359a028b793ae22 e84f22cd3da44424b359a028b793ae22] 199.204.45.227 "GET /allocations/9d41bd0b-124c-47d4-b888-e48f01692835" status: 200 len: 258 microversion: 1.28 [pid: 7|app: 0|req: 575/1141] 199.204.45.227 () {34 vars in 863 bytes} [Sat Jul 11 04:47:30 2026] GET /allocations/9d41bd0b-124c-47d4-b888-e48f01692835 => generated 258 bytes in 23 msecs (HTTP/1.1 200) 8 headers in 296 bytes (1 switches on core 0)
2026-07-11 04:47:31.001 8 INFO placement.requestlog [req-0a90fb52-0754-46e3-924d-bed9c7d9208e req-7d50384c-3cb4-469f-a09d-9161aefda0ed e48b4b820619441fa50ad15b879e5362 f1ffb45628cd42bcae98cf28ba325d46 - - e84f22cd3da44424b359a028b793ae22 e84f22cd3da44424b359a028b793ae22] 10.0.0.118 "DELETE /allocations/d6227152-7867-459a-8ebf-fcff7b8681af" status: 404 len: 228 microversion: 1.0 [pid: 8|app: 0|req: 567/1142] 10.0.0.118 () {34 vars in 830 bytes} [Sat Jul 11 04:47:30 2026] DELETE /allocations/d6227152-7867-459a-8ebf-fcff7b8681af => generated 228 bytes in 14 msecs (HTTP/1.1 404) 6 headers in 231 bytes (1 switches on core 0)
2026-07-11 04:47:31.813 7 INFO placement.requestlog [req-7bee2426-735b-4703-85b5-21ebed2ce6d1 req-ca7d5e63-b2cd-4d38-841f-901ec99758ad e48b4b820619441fa50ad15b879e5362 f1ffb45628cd42bcae98cf28ba325d46 - - e84f22cd3da44424b359a028b793ae22 e84f22cd3da44424b359a028b793ae22] 199.204.45.227 "GET /resource_providers/dfd78619-13ff-4579-bb6b-6dcd3d44c47b/allocations" status: 200 len: 153 microversion: 1.0 [pid: 7|app: 0|req: 576/1143] 199.204.45.227 () {32 vars in 857 bytes} [Sat Jul 11 04:47:31 2026] GET /resource_providers/dfd78619-13ff-4579-bb6b-6dcd3d44c47b/allocations => generated 153 bytes in 19 msecs (HTTP/1.1 200) 6 headers in 224 bytes (1 switches on core 0)
2026-07-11 04:47:31.832 8 INFO placement.requestlog [req-7bee2426-735b-4703-85b5-21ebed2ce6d1 req-ef83f866-9dbd-44b2-a4c0-31c6844aae41 e48b4b820619441fa50ad15b879e5362 f1ffb45628cd42bcae98cf28ba325d46 - - e84f22cd3da44424b359a028b793ae22 e84f22cd3da44424b359a028b793ae22] 199.204.45.227 "GET /allocations/9d41bd0b-124c-47d4-b888-e48f01692835" status: 200 len: 258 microversion: 1.28 [pid: 8|app: 0|req: 568/1144] 199.204.45.227 () {34 vars in 863 bytes} [Sat Jul 11 04:47:31 2026] GET /allocations/9d41bd0b-124c-47d4-b888-e48f01692835 => generated 258 bytes in 17 msecs (HTTP/1.1 200) 8 headers in 296 bytes (1 switches on core 0)
2026-07-11 04:47:32.918 7 INFO placement.requestlog [None req-cd286ab5-5c51-44db-aaed-8fb0d6429c12 - - - - - -] 10.0.0.12 "GET /" status: 200 len: 136 microversion: 1.0
2026-07-11 04:47:32.919 8 INFO placement.requestlog [None req-16266537-add8-43e5-8317-2f2c6754d87b - - - - - -] 10.0.0.12 "GET /" status: 200 len: 136 microversion: 1.0
2026-07-11 04:47:35.294 8 INFO placement.requestlog [req-7bee2426-735b-4703-85b5-21ebed2ce6d1 req-742a064a-cd37-41fc-8e85-1af702dffe4a e48b4b820619441fa50ad15b879e5362 f1ffb45628cd42bcae98cf28ba325d46 - - e84f22cd3da44424b359a028b793ae22 e84f22cd3da44424b359a028b793ae22] 199.204.45.227 "DELETE /allocations/9d41bd0b-124c-47d4-b888-e48f01692835" status: 204 len: 0 microversion: 1.0 [pid: 8|app: 0|req: 570/1147] 199.204.45.227 () {34 vars in 841 bytes} [Sat Jul 11 04:47:35 2026] DELETE /allocations/9d41bd0b-124c-47d4-b888-e48f01692835 => generated 0 bytes in 30 msecs (HTTP/1.1 204) 5 headers in 198 bytes (1 switches on core 0)
2026-07-11 04:47:36.419 7 INFO placement.requestlog [req-74bd5dd6-8231-4881-97f1-731806a371c6 req-ca9f15c3-a69a-41d4-8216-cb0661091b3c e48b4b820619441fa50ad15b879e5362 f1ffb45628cd42bcae98cf28ba325d46 - - e84f22cd3da44424b359a028b793ae22 e84f22cd3da44424b359a028b793ae22] 10.0.0.118 "DELETE /allocations/9d41bd0b-124c-47d4-b888-e48f01692835" status: 404 len: 228 microversion: 1.0 [pid: 7|app: 0|req: 578/1148] 10.0.0.118 () {34 vars in 830 bytes} [Sat Jul 11 04:47:36 2026] DELETE /allocations/9d41bd0b-124c-47d4-b888-e48f01692835 => generated 228 bytes in 25 msecs (HTTP/1.1 404) 6 headers in 231 bytes (1 switches on core 0)
2026-07-11 04:47:37.764 8 INFO placement.requestlog [None req-3a77fb60-bb78-4d5a-be4a-44395e4205da 59d0018bb98a435f8f275462865a5777 f1ffb45628cd42bcae98cf28ba325d46 - - e84f22cd3da44424b359a028b793ae22 e84f22cd3da44424b359a028b793ae22] 10.0.0.159 "GET /resource_providers/ce8ad1aa-96e1-4793-a1a5-c408037f5884/aggregates" status: 404 len: 235 microversion: 1.1 [pid: 8|app: 0|req: 571/1149] 10.0.0.159 () {32 vars in 816 bytes} [Sat Jul 11 04:47:37 2026] GET /resource_providers/ce8ad1aa-96e1-4793-a1a5-c408037f5884/aggregates => generated 235 bytes in 11 msecs (HTTP/1.1 404) 5 headers in 202 bytes (1 switches on core 0)
2026-07-11 04:47:37.772 7 INFO placement.requestlog [None req-78a9977c-e0cf-49a5-ae1e-99e50a649f47 59d0018bb98a435f8f275462865a5777 f1ffb45628cd42bcae98cf28ba325d46 - - e84f22cd3da44424b359a028b793ae22 e84f22cd3da44424b359a028b793ae22] 10.0.0.159 "GET /resource_providers/ce8ad1aa-96e1-4793-a1a5-c408037f5884/aggregates" status: 404 len: 235 microversion: 1.1 [pid: 7|app: 0|req: 579/1150] 10.0.0.159 () {32 vars in 816 bytes} [Sat Jul 11 04:47:37 2026] GET /resource_providers/ce8ad1aa-96e1-4793-a1a5-c408037f5884/aggregates => generated 235 bytes in 13 msecs (HTTP/1.1 404) 5 headers in 202 bytes (1 switches on core 0)
2026-07-11 04:47:37.793 8 INFO placement.requestlog [None req-92298945-5f1e-4cd1-8e52-0c568dbd2779 59d0018bb98a435f8f275462865a5777 f1ffb45628cd42bcae98cf28ba325d46 - - e84f22cd3da44424b359a028b793ae22 e84f22cd3da44424b359a028b793ae22] 10.0.0.159 "DELETE /resource_providers/ce8ad1aa-96e1-4793-a1a5-c408037f5884" status: 404 len: 246 microversion: 1.1 [pid: 8|app: 0|req: 572/1151] 10.0.0.159 () {34 vars in 816 bytes} [Sat Jul 11 04:47:37 2026] DELETE /resource_providers/ce8ad1aa-96e1-4793-a1a5-c408037f5884 => generated 246 bytes in 14 msecs (HTTP/1.1 404) 6 headers in 231 bytes (1 switches on core 0)
2026-07-11 04:47:37.794 7 INFO placement.requestlog [None req-d5b8aacd-e3d0-41b5-b17c-2f67fdec34f2 59d0018bb98a435f8f275462865a5777 f1ffb45628cd42bcae98cf28ba325d46 - - e84f22cd3da44424b359a028b793ae22 e84f22cd3da44424b359a028b793ae22] 10.0.0.159 "DELETE /resource_providers/ce8ad1aa-96e1-4793-a1a5-c408037f5884" status: 404 len: 246 microversion: 1.1 [pid: 7|app: 0|req: 580/1152] 10.0.0.159 () {34 vars in 816 bytes} [Sat Jul 11 04:47:37 2026] DELETE /resource_providers/ce8ad1aa-96e1-4793-a1a5-c408037f5884 => generated 246 bytes in 13 msecs (HTTP/1.1 404) 6 headers in 231 bytes (1 switches on core 0)
2026-07-11 04:47:39.662 7 INFO placement.requestlog [None req-17be8dc3-0305-460a-95fd-4d25d749551e 59d0018bb98a435f8f275462865a5777 f1ffb45628cd42bcae98cf28ba325d46 - - e84f22cd3da44424b359a028b793ae22 e84f22cd3da44424b359a028b793ae22] 10.0.0.159 "GET /resource_providers/e4a60f8d-b510-47f3-8eec-544d8c336720/aggregates" status: 404 len: 235 microversion: 1.1 [pid: 7|app: 0|req: 581/1153] 10.0.0.159 () {32 vars in 816 bytes} [Sat Jul 11 04:47:39 2026] GET /resource_providers/e4a60f8d-b510-47f3-8eec-544d8c336720/aggregates => generated 235 bytes in 10 msecs (HTTP/1.1 404) 5 headers in 202 bytes (1 switches on core 0)
2026-07-11 04:47:39.666 8 INFO placement.requestlog [None req-d2f7cb3f-d8bc-41c7-aeee-dcf6301908ba 59d0018bb98a435f8f275462865a5777 f1ffb45628cd42bcae98cf28ba325d46 - - e84f22cd3da44424b359a028b793ae22 e84f22cd3da44424b359a028b793ae22] 10.0.0.159 "GET /resource_providers/e4a60f8d-b510-47f3-8eec-544d8c336720/aggregates" status: 404 len: 235 microversion: 1.1 [pid: 8|app: 0|req: 573/1154] 10.0.0.159 () {32 vars in 816 bytes} [Sat Jul 11 04:47:39 2026] GET /resource_providers/e4a60f8d-b510-47f3-8eec-544d8c336720/aggregates => generated 235 bytes in 28 msecs (HTTP/1.1 404) 5 headers in 202 bytes (1 switches on core 0)
2026-07-11 04:47:39.697 7 INFO placement.requestlog [None req-f52284b1-90f3-487a-aeb0-3a3a355827e0 59d0018bb98a435f8f275462865a5777 f1ffb45628cd42bcae98cf28ba325d46 - - e84f22cd3da44424b359a028b793ae22 e84f22cd3da44424b359a028b793ae22] 10.0.0.159 "DELETE /resource_providers/e4a60f8d-b510-47f3-8eec-544d8c336720" status: 404 len: 246 microversion: 1.1 [pid: 7|app: 0|req: 582/1155] 10.0.0.159 () {34 vars in 816 bytes} [Sat Jul 11 04:47:39 2026] DELETE /resource_providers/e4a60f8d-b510-47f3-8eec-544d8c336720 => generated 246 bytes in 11 msecs (HTTP/1.1 404) 6 headers in 231 bytes (1 switches on core 0)
2026-07-11 04:47:39.701 8 INFO placement.requestlog [None req-9b5f9234-6f90-44a5-b010-3fda01ca6133 59d0018bb98a435f8f275462865a5777 f1ffb45628cd42bcae98cf28ba325d46 - - e84f22cd3da44424b359a028b793ae22 e84f22cd3da44424b359a028b793ae22] 10.0.0.159 "DELETE /resource_providers/e4a60f8d-b510-47f3-8eec-544d8c336720" status: 404 len: 246 microversion: 1.1 [pid: 8|app: 0|req: 574/1156] 10.0.0.159 () {34 vars in 816 bytes} [Sat Jul 11 04:47:39 2026] DELETE /resource_providers/e4a60f8d-b510-47f3-8eec-544d8c336720 => generated 246 bytes in 13 msecs (HTTP/1.1 404) 6 headers in 231 bytes (1 switches on core 0)
2026-07-11 04:47:39.820 7 INFO placement.requestlog [None req-bbd50c94-0c70-4011-9eb1-3ae0020a6754 59d0018bb98a435f8f275462865a5777 f1ffb45628cd42bcae98cf28ba325d46 - - e84f22cd3da44424b359a028b793ae22 e84f22cd3da44424b359a028b793ae22] 10.0.0.159 "GET /resource_providers/2d5e357c-8596-4a9d-8495-7f07329eaf4d/aggregates" status: 404 len: 235 microversion: 1.1 [pid: 7|app: 0|req: 583/1157] 10.0.0.159 () {32 vars in 816 bytes} [Sat Jul 11 04:47:39 2026] GET /resource_providers/2d5e357c-8596-4a9d-8495-7f07329eaf4d/aggregates => generated 235 bytes in 10 msecs (HTTP/1.1 404) 5 headers in 202 bytes (1 switches on core 0)
2026-07-11 04:47:39.828 8 INFO placement.requestlog [None req-aa10f013-864f-4c8d-99dc-0a527fdd11c1 59d0018bb98a435f8f275462865a5777 f1ffb45628cd42bcae98cf28ba325d46 - - e84f22cd3da44424b359a028b793ae22 e84f22cd3da44424b359a028b793ae22] 10.0.0.159 "GET /resource_providers/2d5e357c-8596-4a9d-8495-7f07329eaf4d/aggregates" status: 404 len: 235 microversion: 1.1 [pid: 8|app: 0|req: 575/1158] 10.0.0.159 () {32 vars in 816 bytes} [Sat Jul 11 04:47:39 2026] GET /resource_providers/2d5e357c-8596-4a9d-8495-7f07329eaf4d/aggregates => generated 235 bytes in 15 msecs (HTTP/1.1 404) 5 headers in 202 bytes (1 switches on core 0)
2026-07-11 04:47:39.851 7 INFO placement.requestlog [None req-2d19cb26-8138-4a8b-a939-9e0decb412e5 59d0018bb98a435f8f275462865a5777 f1ffb45628cd42bcae98cf28ba325d46 - - e84f22cd3da44424b359a028b793ae22 e84f22cd3da44424b359a028b793ae22] 10.0.0.159 "DELETE /resource_providers/2d5e357c-8596-4a9d-8495-7f07329eaf4d" status: 404 len: 246 microversion: 1.1 [pid: 7|app: 0|req: 584/1159] 10.0.0.159 () {34 vars in 816 bytes} [Sat Jul 11 04:47:39 2026] DELETE /resource_providers/2d5e357c-8596-4a9d-8495-7f07329eaf4d => generated 246 bytes in 12 msecs (HTTP/1.1 404) 6 headers in 231 bytes (1 switches on core 0)
2026-07-11 04:47:39.853 8 INFO placement.requestlog [None req-774f039c-b7cc-4216-b2d2-6a0cd51e826e 59d0018bb98a435f8f275462865a5777 f1ffb45628cd42bcae98cf28ba325d46 - - e84f22cd3da44424b359a028b793ae22 e84f22cd3da44424b359a028b793ae22] 10.0.0.159 "DELETE /resource_providers/2d5e357c-8596-4a9d-8495-7f07329eaf4d" status: 404 len: 246 microversion: 1.1 [pid: 8|app: 0|req: 576/1160] 10.0.0.159 () {34 vars in 816 bytes} [Sat Jul 11 04:47:39 2026] DELETE /resource_providers/2d5e357c-8596-4a9d-8495-7f07329eaf4d => generated 246 bytes in 11 msecs (HTTP/1.1 404) 6 headers in 231 bytes (1 switches on core 0)
2026-07-11 04:47:39.873 7 INFO placement.requestlog [None req-4bec991b-bc9f-4515-b037-93334bab2783 59d0018bb98a435f8f275462865a5777 f1ffb45628cd42bcae98cf28ba325d46 - - e84f22cd3da44424b359a028b793ae22 e84f22cd3da44424b359a028b793ae22] 10.0.0.159 "GET /resource_providers/322bda0f-502f-482e-8d5b-b086f4ee0032/aggregates" status: 404 len: 235 microversion: 1.1 [pid: 7|app: 0|req: 585/1161] 10.0.0.159 () {32 vars in 816 bytes} [Sat Jul 11 04:47:39 2026] GET /resource_providers/322bda0f-502f-482e-8d5b-b086f4ee0032/aggregates => generated 235 bytes in 8 msecs (HTTP/1.1 404) 5 headers in 202 bytes (1 switches on core 0)
2026-07-11 04:47:39.885 8 INFO placement.requestlog [None req-58ccf8e9-2f9a-418a-830a-bed009c02577 59d0018bb98a435f8f275462865a5777 f1ffb45628cd42bcae98cf28ba325d46 - - e84f22cd3da44424b359a028b793ae22 e84f22cd3da44424b359a028b793ae22] 10.0.0.159 "GET /resource_providers/322bda0f-502f-482e-8d5b-b086f4ee0032/aggregates" status: 404 len: 235 microversion: 1.1 [pid: 8|app: 0|req: 577/1162] 10.0.0.159 () {32 vars in 816 bytes} [Sat Jul 11 04:47:39 2026] GET /resource_providers/322bda0f-502f-482e-8d5b-b086f4ee0032/aggregates => generated 235 bytes in 17 msecs (HTTP/1.1 404) 5 headers in 202 bytes (1 switches on core 0)
2026-07-11 04:47:39.900 7 INFO placement.requestlog [None req-dc312823-b105-4334-87d0-c8ee1cba1b3d 59d0018bb98a435f8f275462865a5777 f1ffb45628cd42bcae98cf28ba325d46 - - e84f22cd3da44424b359a028b793ae22 e84f22cd3da44424b359a028b793ae22] 10.0.0.159 "DELETE /resource_providers/322bda0f-502f-482e-8d5b-b086f4ee0032" status: 404 len: 246 microversion: 1.1 [pid: 7|app: 0|req: 586/1163] 10.0.0.159 () {34 vars in 816 bytes} [Sat Jul 11 04:47:39 2026] DELETE /resource_providers/322bda0f-502f-482e-8d5b-b086f4ee0032 => generated 246 bytes in 8 msecs (HTTP/1.1 404) 6 headers in 231 bytes (1 switches on core 0)
2026-07-11 04:47:39.917 8 INFO placement.requestlog [None req-71e6d0c1-283a-41a6-b77f-88729281b444 59d0018bb98a435f8f275462865a5777 f1ffb45628cd42bcae98cf28ba325d46 - - e84f22cd3da44424b359a028b793ae22 e84f22cd3da44424b359a028b793ae22] 10.0.0.159 "DELETE /resource_providers/322bda0f-502f-482e-8d5b-b086f4ee0032" status: 404 len: 246 microversion: 1.1 [pid: 8|app: 0|req: 578/1164] 10.0.0.159 () {34 vars in 816 bytes} [Sat Jul 11 04:47:39 2026] DELETE /resource_providers/322bda0f-502f-482e-8d5b-b086f4ee0032 => generated 246 bytes in 19 msecs (HTTP/1.1 404) 6 headers in 231 bytes (1 switches on core 0)
2026-07-11 04:47:41.722 7 INFO placement.requestlog [None req-68d77664-510f-4469-ba48-e186f317be9a 59d0018bb98a435f8f275462865a5777 f1ffb45628cd42bcae98cf28ba325d46 - - e84f22cd3da44424b359a028b793ae22 e84f22cd3da44424b359a028b793ae22] 10.0.0.159 "GET /resource_providers/ae0a1bb2-5d0e-4709-9a94-64b0edd782cb/aggregates" status: 404 len: 235 microversion: 1.1 [pid: 7|app: 0|req: 587/1165] 10.0.0.159 () {32 vars in 816 bytes} [Sat Jul 11 04:47:41 2026] GET /resource_providers/ae0a1bb2-5d0e-4709-9a94-64b0edd782cb/aggregates => generated 235 bytes in 14 msecs (HTTP/1.1 404) 5 headers in 202 bytes (1 switches on core 0)
2026-07-11 04:47:41.724 8 INFO placement.requestlog [None req-3fd38530-ac57-4c8a-a6cf-67569dacda11 59d0018bb98a435f8f275462865a5777 f1ffb45628cd42bcae98cf28ba325d46 - - e84f22cd3da44424b359a028b793ae22 e84f22cd3da44424b359a028b793ae22] 10.0.0.159 "GET /resource_providers/ae0a1bb2-5d0e-4709-9a94-64b0edd782cb/aggregates" status: 404 len: 235 microversion: 1.1 [pid: 8|app: 0|req: 579/1166] 10.0.0.159 () {32 vars in 816 bytes} [Sat Jul 11 04:47:41 2026] GET /resource_providers/ae0a1bb2-5d0e-4709-9a94-64b0edd782cb/aggregates => generated 235 bytes in 14 msecs (HTTP/1.1 404) 5 headers in 202 bytes (1 switches on core 0)
2026-07-11 04:47:41.747 8 INFO placement.requestlog [None req-b97a15b4-ba29-4f3e-a100-6ceae11f18fe 59d0018bb98a435f8f275462865a5777 f1ffb45628cd42bcae98cf28ba325d46 - - e84f22cd3da44424b359a028b793ae22 e84f22cd3da44424b359a028b793ae22] 10.0.0.159 "DELETE /resource_providers/ae0a1bb2-5d0e-4709-9a94-64b0edd782cb" status: 404 len: 246 microversion: 1.1 [pid: 8|app: 0|req: 580/1167] 10.0.0.159 () {34 vars in 816 bytes} [Sat Jul 11 04:47:41 2026] DELETE /resource_providers/ae0a1bb2-5d0e-4709-9a94-64b0edd782cb => generated 246 bytes in 8 msecs (HTTP/1.1 404) 6 headers in 231 bytes (1 switches on core 0)
2026-07-11 04:47:41.747 7 INFO placement.requestlog [None req-32220b07-f000-454e-8450-1dfc2204a323 59d0018bb98a435f8f275462865a5777 f1ffb45628cd42bcae98cf28ba325d46 - - e84f22cd3da44424b359a028b793ae22 e84f22cd3da44424b359a028b793ae22] 10.0.0.159 "DELETE /resource_providers/ae0a1bb2-5d0e-4709-9a94-64b0edd782cb" status: 404 len: 246 microversion: 1.1 [pid: 7|app: 0|req: 588/1168] 10.0.0.159 () {34 vars in 816 bytes} [Sat Jul 11 04:47:41 2026] DELETE /resource_providers/ae0a1bb2-5d0e-4709-9a94-64b0edd782cb => generated 246 bytes in 12 msecs (HTTP/1.1 404) 6 headers in 231 bytes (1 switches on core 0)
2026-07-11 04:47:41.917 8 INFO placement.requestlog [None req-4db56f1b-4d91-4531-bb49-a56d9b4550b3 59d0018bb98a435f8f275462865a5777 f1ffb45628cd42bcae98cf28ba325d46 - - e84f22cd3da44424b359a028b793ae22 e84f22cd3da44424b359a028b793ae22] 10.0.0.159 "GET /resource_providers/a3068dd2-bfee-4334-bb51-9b08490dec09/aggregates" status: 404 len: 235 microversion: 1.1 [pid: 8|app: 0|req: 581/1169] 10.0.0.159 () {32 vars in 816 bytes} [Sat Jul 11 04:47:41 2026] GET /resource_providers/a3068dd2-bfee-4334-bb51-9b08490dec09/aggregates => generated 235 bytes in 8 msecs (HTTP/1.1 404) 5 headers in 202 bytes (1 switches on core 0)
2026-07-11 04:47:41.936 8 INFO placement.requestlog [None req-ab6f30b0-dd85-4d60-bcbc-4952ab096b12 59d0018bb98a435f8f275462865a5777 f1ffb45628cd42bcae98cf28ba325d46 - - e84f22cd3da44424b359a028b793ae22 e84f22cd3da44424b359a028b793ae22] 10.0.0.159 "GET /resource_providers/a3068dd2-bfee-4334-bb51-9b08490dec09/aggregates" status: 404 len: 235 microversion: 1.1 [pid: 8|app: 0|req: 582/1170] 10.0.0.159 () {32 vars in 816 bytes} [Sat Jul 11 04:47:41 2026] GET /resource_providers/a3068dd2-bfee-4334-bb51-9b08490dec09/aggregates => generated 235 bytes in 6 msecs (HTTP/1.1 404) 5 headers in 202 bytes (1 switches on core 0)
2026-07-11 04:47:41.937 7 INFO placement.requestlog [None req-bea0a9ab-cd80-4aee-a218-b4170ca1814c 59d0018bb98a435f8f275462865a5777 f1ffb45628cd42bcae98cf28ba325d46 - - e84f22cd3da44424b359a028b793ae22 e84f22cd3da44424b359a028b793ae22] 10.0.0.159 "DELETE /resource_providers/a3068dd2-bfee-4334-bb51-9b08490dec09" status: 404 len: 246 microversion: 1.1 [pid: 7|app: 0|req: 589/1171] 10.0.0.159 () {34 vars in 816 bytes} [Sat Jul 11 04:47:41 2026] DELETE /resource_providers/a3068dd2-bfee-4334-bb51-9b08490dec09 => generated 246 bytes in 9 msecs (HTTP/1.1 404) 6 headers in 231 bytes (1 switches on core 0)
2026-07-11 04:47:41.949 8 INFO placement.requestlog [None req-1ece55b8-9847-4e11-a08a-bec88935e09f 59d0018bb98a435f8f275462865a5777 f1ffb45628cd42bcae98cf28ba325d46 - - e84f22cd3da44424b359a028b793ae22 e84f22cd3da44424b359a028b793ae22] 10.0.0.159 "DELETE /resource_providers/a3068dd2-bfee-4334-bb51-9b08490dec09" status: 404 len: 246 microversion: 1.1 [pid: 8|app: 0|req: 583/1172] 10.0.0.159 () {34 vars in 816 bytes} [Sat Jul 11 04:47:41 2026] DELETE /resource_providers/a3068dd2-bfee-4334-bb51-9b08490dec09 => generated 246 bytes in 6 msecs (HTTP/1.1 404) 6 headers in 231 bytes (1 switches on core 0)
2026-07-11 04:47:42.918 7 INFO placement.requestlog [None req-061f8ea7-a1ff-4edf-91c7-145c5f38c0b3 - - - - - -] 10.0.0.12 "GET /" status: 200 len: 136 microversion: 1.0
2026-07-11 04:47:42.918 8 INFO placement.requestlog [None req-2bc37e7e-fcd3-456c-ab64-f5190bf462b5 - - - - - -] 10.0.0.12 "GET /" status: 200 len: 136 microversion: 1.0
2026-07-11 04:47:52.918 7 INFO placement.requestlog [None req-c538f80a-9a0b-4a84-90ff-95a33b53eaf7 - - - - - -] 10.0.0.12 "GET /" status: 200 len: 136 microversion: 1.0
2026-07-11 04:47:52.919 8 INFO placement.requestlog [None req-03614c05-db46-451e-8baf-3af6f3365342 - - - - - -] 10.0.0.12 "GET /" status: 200 len: 136 microversion: 1.0
2026-07-11 04:47:55.476 7 INFO placement.requestlog [req-250cb287-5dca-44c0-bc49-30a26c2837f3 req-9ef3d009-0684-4c09-9f61-3fb32dc6fb2c e48b4b820619441fa50ad15b879e5362 f1ffb45628cd42bcae98cf28ba325d46 - - e84f22cd3da44424b359a028b793ae22 e84f22cd3da44424b359a028b793ae22] 10.0.0.140 "GET /allocation_candidates?limit=1000&resources=DISK_GB%3A1%2CMEMORY_MB%3A512%2CVCPU%3A1&root_required=%21COMPUTE_STATUS_DISABLED" status: 200 len: 2781 microversion: 1.36 [pid: 7|app: 0|req: 592/1177] 10.0.0.140 () {34 vars in 1012 bytes} [Sat Jul 11 04:47:55 2026] GET /allocation_candidates?limit=1000&resources=DISK_GB%3A1%2CMEMORY_MB%3A512%2CVCPU%3A1&root_required=%21COMPUTE_STATUS_DISABLED => generated 2781 bytes in 47 msecs (HTTP/1.1 200) 8 headers in 297 bytes (1 switches on core 0)
2026-07-11 04:47:55.515 8 INFO placement.requestlog [req-250cb287-5dca-44c0-bc49-30a26c2837f3 req-b83b9b3e-5535-4a50-ba41-ba01ca5aafe5 e48b4b820619441fa50ad15b879e5362 f1ffb45628cd42bcae98cf28ba325d46 - - e84f22cd3da44424b359a028b793ae22 e84f22cd3da44424b359a028b793ae22] 10.0.0.140 "GET /allocations/b1706842-fa29-487b-b5c4-a1467def92d5" status: 200 len: 19 microversion: 1.28 [pid: 8|app: 0|req: 586/1178] 10.0.0.140 () {34 vars in 861 bytes} [Sat Jul 11 04:47:55 2026] GET /allocations/b1706842-fa29-487b-b5c4-a1467def92d5 => generated 19 bytes in 13 msecs (HTTP/1.1 200) 8 headers in 295 bytes (1 switches on core 0)
2026-07-11 04:47:55.613 7 INFO placement.requestlog [req-250cb287-5dca-44c0-bc49-30a26c2837f3 req-0e0015b2-e0a6-43f9-b8c7-3d7fc5d8ac5f e48b4b820619441fa50ad15b879e5362 f1ffb45628cd42bcae98cf28ba325d46 - - e84f22cd3da44424b359a028b793ae22 e84f22cd3da44424b359a028b793ae22] 10.0.0.140 "PUT /allocations/b1706842-fa29-487b-b5c4-a1467def92d5" status: 204 len: 0 microversion: 1.36 [pid: 7|app: 0|req: 593/1179] 10.0.0.140 () {38 vars in 914 bytes} [Sat Jul 11 04:47:55 2026] PUT /allocations/b1706842-fa29-487b-b5c4-a1467def92d5 => generated 0 bytes in 90 msecs (HTTP/1.1 204) 5 headers in 199 bytes (1 switches on core 0)
2026-07-11 04:47:57.101 8 INFO placement.requestlog [req-250cb287-5dca-44c0-bc49-30a26c2837f3 req-3cac43b4-0cfd-42c1-995d-684d4fe79615 e48b4b820619441fa50ad15b879e5362 f1ffb45628cd42bcae98cf28ba325d46 - - e84f22cd3da44424b359a028b793ae22 e84f22cd3da44424b359a028b793ae22] 199.204.45.227 "GET /allocations/b1706842-fa29-487b-b5c4-a1467def92d5" status: 200 len: 258 microversion: 1.28 [pid: 8|app: 0|req: 587/1180] 199.204.45.227 () {34 vars in 863 bytes} [Sat Jul 11 04:47:57 2026] GET /allocations/b1706842-fa29-487b-b5c4-a1467def92d5 => generated 258 bytes in 13 msecs (HTTP/1.1 200) 8 headers in 296 bytes (1 switches on core 0)
2026-07-11 04:47:58.140 7 INFO placement.requestlog [req-250cb287-5dca-44c0-bc49-30a26c2837f3 req-9237eefe-6ec2-40d3-93f9-d32bc0de4257 e48b4b820619441fa50ad15b879e5362 f1ffb45628cd42bcae98cf28ba325d46 - - e84f22cd3da44424b359a028b793ae22 e84f22cd3da44424b359a028b793ae22] 199.204.45.227 "GET /resource_providers/dfd78619-13ff-4579-bb6b-6dcd3d44c47b/allocations" status: 200 len: 153 microversion: 1.0 [pid: 7|app: 0|req: 594/1181] 199.204.45.227 () {32 vars in 857 bytes} [Sat Jul 11 04:47:58 2026] GET /resource_providers/dfd78619-13ff-4579-bb6b-6dcd3d44c47b/allocations => generated 153 bytes in 17 msecs (HTTP/1.1 200) 6 headers in 224 bytes (1 switches on core 0)
2026-07-11 04:47:58.159 8 INFO placement.requestlog [req-250cb287-5dca-44c0-bc49-30a26c2837f3 req-aff65195-0920-4ba1-8ae0-b48791df366a e48b4b820619441fa50ad15b879e5362 f1ffb45628cd42bcae98cf28ba325d46 - - e84f22cd3da44424b359a028b793ae22 e84f22cd3da44424b359a028b793ae22] 199.204.45.227 "GET /allocations/b1706842-fa29-487b-b5c4-a1467def92d5" status: 200 len: 258 microversion: 1.28 [pid: 8|app: 0|req: 588/1182] 199.204.45.227 () {34 vars in 863 bytes} [Sat Jul 11 04:47:58 2026] GET /allocations/b1706842-fa29-487b-b5c4-a1467def92d5 => generated 258 bytes in 14 msecs (HTTP/1.1 200) 8 headers in 296 bytes (1 switches on core 0)
2026-07-11 04:48:02.918 7 INFO placement.requestlog [None req-0a638cd3-c6a0-4c17-ac63-94379f4593f7 - - - - - -] 10.0.0.12 "GET /" status: 200 len: 136 microversion: 1.0
2026-07-11 04:48:02.918 8 INFO placement.requestlog [None req-bfbfd654-5df0-401c-8846-ada25da87f83 - - - - - -] 10.0.0.12 "GET /" status: 200 len: 136 microversion: 1.0
2026-07-11 04:48:05.805 7 INFO placement.requestlog [req-250cb287-5dca-44c0-bc49-30a26c2837f3 req-45045fb3-c9f7-47ee-a7f9-459b8072ea7d e48b4b820619441fa50ad15b879e5362 f1ffb45628cd42bcae98cf28ba325d46 - - e84f22cd3da44424b359a028b793ae22 e84f22cd3da44424b359a028b793ae22] 199.204.45.227 "GET /resource_providers/dfd78619-13ff-4579-bb6b-6dcd3d44c47b/allocations" status: 200 len: 153 microversion: 1.0 [pid: 7|app: 0|req: 596/1185] 199.204.45.227 () {32 vars in 857 bytes} [Sat Jul 11 04:48:05 2026] GET /resource_providers/dfd78619-13ff-4579-bb6b-6dcd3d44c47b/allocations => generated 153 bytes in 18 msecs (HTTP/1.1 200) 6 headers in 224 bytes (1 switches on core 0)
2026-07-11 04:48:05.833 8 INFO placement.requestlog [req-250cb287-5dca-44c0-bc49-30a26c2837f3 req-7b8c8e73-8f24-4321-afce-12846e8b152c e48b4b820619441fa50ad15b879e5362 f1ffb45628cd42bcae98cf28ba325d46 - - e84f22cd3da44424b359a028b793ae22 e84f22cd3da44424b359a028b793ae22] 199.204.45.227 "GET /allocations/b1706842-fa29-487b-b5c4-a1467def92d5" status: 200 len: 258 microversion: 1.28 [pid: 8|app: 0|req: 590/1186] 199.204.45.227 () {34 vars in 863 bytes} [Sat Jul 11 04:48:05 2026] GET /allocations/b1706842-fa29-487b-b5c4-a1467def92d5 => generated 258 bytes in 22 msecs (HTTP/1.1 200) 8 headers in 296 bytes (1 switches on core 0)
2026-07-11 04:48:09.288 7 INFO placement.requestlog [req-250cb287-5dca-44c0-bc49-30a26c2837f3 req-e62fb9cd-0577-42a5-af75-07802a1dcf80 e48b4b820619441fa50ad15b879e5362 f1ffb45628cd42bcae98cf28ba325d46 - - e84f22cd3da44424b359a028b793ae22 e84f22cd3da44424b359a028b793ae22] 199.204.45.227 "DELETE /allocations/b1706842-fa29-487b-b5c4-a1467def92d5" status: 204 len: 0 microversion: 1.0 [pid: 7|app: 0|req: 597/1187] 199.204.45.227 () {34 vars in 841 bytes} [Sat Jul 11 04:48:09 2026] DELETE /allocations/b1706842-fa29-487b-b5c4-a1467def92d5 => generated 0 bytes in 28 msecs (HTTP/1.1 204) 5 headers in 198 bytes (1 switches on core 0)
2026-07-11 04:48:10.551 8 INFO placement.requestlog [req-c2eeca14-b7e6-4612-8df9-fed3120ec414 req-1ffe7bf9-7a53-4ec5-9b53-773749672c0c e48b4b820619441fa50ad15b879e5362 f1ffb45628cd42bcae98cf28ba325d46 - - e84f22cd3da44424b359a028b793ae22 e84f22cd3da44424b359a028b793ae22] 10.0.0.118 "DELETE /allocations/b1706842-fa29-487b-b5c4-a1467def92d5" status: 404 len: 228 microversion: 1.0 [pid: 8|app: 0|req: 591/1188] 10.0.0.118 () {34 vars in 830 bytes} [Sat Jul 11 04:48:10 2026] DELETE /allocations/b1706842-fa29-487b-b5c4-a1467def92d5 => generated 228 bytes in 12 msecs (HTTP/1.1 404) 6 headers in 231 bytes (1 switches on core 0)
2026-07-11 04:48:12.920 7 INFO placement.requestlog [None req-69eb0af7-8b8c-411e-aa83-a5abffe4d6f1 - - - - - -] 10.0.0.12 "GET /" status: 200 len: 136 microversion: 1.0
2026-07-11 04:48:12.920 8 INFO placement.requestlog [None req-39b69418-c2ba-4aa4-8235-1dcb5dd22676 - - - - - -] 10.0.0.12 "GET /" status: 200 len: 136 microversion: 1.0
2026-07-11 04:48:13.173 8 INFO placement.requestlog [None req-89b14c1f-0412-46a3-98c7-c617735f0168 59d0018bb98a435f8f275462865a5777 f1ffb45628cd42bcae98cf28ba325d46 - - e84f22cd3da44424b359a028b793ae22 e84f22cd3da44424b359a028b793ae22] 10.0.0.159 "GET /resource_providers/20119419-fa57-416a-a11a-223f638eab93/aggregates" status: 404 len: 235 microversion: 1.1 [pid: 8|app: 0|req: 593/1191] 10.0.0.159 () {32 vars in 816 bytes} [Sat Jul 11 04:48:13 2026] GET /resource_providers/20119419-fa57-416a-a11a-223f638eab93/aggregates => generated 235 bytes in 8 msecs (HTTP/1.1 404) 5 headers in 202 bytes (1 switches on core 0)
2026-07-11 04:48:13.177 7 INFO placement.requestlog [None req-a4baf807-ee07-4d7a-aea1-9111e2784177 59d0018bb98a435f8f275462865a5777 f1ffb45628cd42bcae98cf28ba325d46 - - e84f22cd3da44424b359a028b793ae22 e84f22cd3da44424b359a028b793ae22] 10.0.0.159 "GET /resource_providers/20119419-fa57-416a-a11a-223f638eab93/aggregates" status: 404 len: 235 microversion: 1.1 [pid: 7|app: 0|req: 599/1192] 10.0.0.159 () {32 vars in 816 bytes} [Sat Jul 11 04:48:13 2026] GET /resource_providers/20119419-fa57-416a-a11a-223f638eab93/aggregates => generated 235 bytes in 12 msecs (HTTP/1.1 404) 5 headers in 202 bytes (1 switches on core 0)
2026-07-11 04:48:13.196 8 INFO placement.requestlog [None req-8f2034f6-b68a-4232-9f5c-bab6bdec21c1 59d0018bb98a435f8f275462865a5777 f1ffb45628cd42bcae98cf28ba325d46 - - e84f22cd3da44424b359a028b793ae22 e84f22cd3da44424b359a028b793ae22] 10.0.0.159 "DELETE /resource_providers/20119419-fa57-416a-a11a-223f638eab93" status: 404 len: 246 microversion: 1.1 [pid: 8|app: 0|req: 594/1193] 10.0.0.159 () {34 vars in 816 bytes} [Sat Jul 11 04:48:13 2026] DELETE /resource_providers/20119419-fa57-416a-a11a-223f638eab93 => generated 246 bytes in 9 msecs (HTTP/1.1 404) 6 headers in 231 bytes (1 switches on core 0)
2026-07-11 04:48:13.198 7 INFO placement.requestlog [None req-967c5a20-6dd4-4fdc-80c9-f254eeaa5fca 59d0018bb98a435f8f275462865a5777 f1ffb45628cd42bcae98cf28ba325d46 - - e84f22cd3da44424b359a028b793ae22 e84f22cd3da44424b359a028b793ae22] 10.0.0.159 "DELETE /resource_providers/20119419-fa57-416a-a11a-223f638eab93" status: 404 len: 246 microversion: 1.1 [pid: 7|app: 0|req: 600/1194] 10.0.0.159 () {34 vars in 816 bytes} [Sat Jul 11 04:48:13 2026] DELETE /resource_providers/20119419-fa57-416a-a11a-223f638eab93 => generated 246 bytes in 9 msecs (HTTP/1.1 404) 6 headers in 231 bytes (1 switches on core 0)
2026-07-11 04:48:15.219 8 INFO placement.requestlog [None req-c374ed30-f283-4f82-83f8-149853af008b 59d0018bb98a435f8f275462865a5777 f1ffb45628cd42bcae98cf28ba325d46 - - e84f22cd3da44424b359a028b793ae22 e84f22cd3da44424b359a028b793ae22] 10.0.0.159 "GET /resource_providers/9f67710c-496d-4d76-932b-e1c81e2703ca/aggregates" status: 404 len: 235 microversion: 1.1 [pid: 8|app: 0|req: 595/1195] 10.0.0.159 () {32 vars in 816 bytes} [Sat Jul 11 04:48:15 2026] GET /resource_providers/9f67710c-496d-4d76-932b-e1c81e2703ca/aggregates => generated 235 bytes in 9 msecs (HTTP/1.1 404) 5 headers in 202 bytes (1 switches on core 0)
2026-07-11 04:48:15.224 7 INFO placement.requestlog [None req-53c5edc5-3419-45dd-8179-55edbf8786d3 59d0018bb98a435f8f275462865a5777 f1ffb45628cd42bcae98cf28ba325d46 - - e84f22cd3da44424b359a028b793ae22 e84f22cd3da44424b359a028b793ae22] 10.0.0.159 "GET /resource_providers/9f67710c-496d-4d76-932b-e1c81e2703ca/aggregates" status: 404 len: 235 microversion: 1.1 [pid: 7|app: 0|req: 601/1196] 10.0.0.159 () {32 vars in 816 bytes} [Sat Jul 11 04:48:15 2026] GET /resource_providers/9f67710c-496d-4d76-932b-e1c81e2703ca/aggregates => generated 235 bytes in 11 msecs (HTTP/1.1 404) 5 headers in 202 bytes (1 switches on core 0)
2026-07-11 04:48:15.251 8 INFO placement.requestlog [None req-2766d410-551f-4a93-b421-e1d063aaa218 59d0018bb98a435f8f275462865a5777 f1ffb45628cd42bcae98cf28ba325d46 - - e84f22cd3da44424b359a028b793ae22 e84f22cd3da44424b359a028b793ae22] 10.0.0.159 "DELETE /resource_providers/9f67710c-496d-4d76-932b-e1c81e2703ca" status: 404 len: 246 microversion: 1.1 [pid: 8|app: 0|req: 596/1197] 10.0.0.159 () {34 vars in 816 bytes} [Sat Jul 11 04:48:15 2026] DELETE /resource_providers/9f67710c-496d-4d76-932b-e1c81e2703ca => generated 246 bytes in 17 msecs (HTTP/1.1 404) 6 headers in 231 bytes (1 switches on core 0)
2026-07-11 04:48:15.253 7 INFO placement.requestlog [None req-e6c1e27b-64a6-495d-8577-e0b02fcdf13f 59d0018bb98a435f8f275462865a5777 f1ffb45628cd42bcae98cf28ba325d46 - - e84f22cd3da44424b359a028b793ae22 e84f22cd3da44424b359a028b793ae22] 10.0.0.159 "DELETE /resource_providers/9f67710c-496d-4d76-932b-e1c81e2703ca" status: 404 len: 246 microversion: 1.1 [pid: 7|app: 0|req: 602/1198] 10.0.0.159 () {34 vars in 816 bytes} [Sat Jul 11 04:48:15 2026] DELETE /resource_providers/9f67710c-496d-4d76-932b-e1c81e2703ca => generated 246 bytes in 15 msecs (HTTP/1.1 404) 6 headers in 231 bytes (1 switches on core 0)
2026-07-11 04:48:17.281 8 INFO placement.requestlog [None req-ebda37fc-e8e8-4710-ae07-b8067094f3ae 59d0018bb98a435f8f275462865a5777 f1ffb45628cd42bcae98cf28ba325d46 - - e84f22cd3da44424b359a028b793ae22 e84f22cd3da44424b359a028b793ae22] 10.0.0.159 "GET /resource_providers/f2b69fc3-83a4-47d1-8747-54becda4c790/aggregates" status: 404 len: 235 microversion: 1.1
2026-07-11 04:48:17.281 7 INFO placement.requestlog [None req-7fdc6dbd-82f8-4a4c-bb18-3bd94a1ceb16 59d0018bb98a435f8f275462865a5777 f1ffb45628cd42bcae98cf28ba325d46 - - e84f22cd3da44424b359a028b793ae22 e84f22cd3da44424b359a028b793ae22] 10.0.0.159 "GET /resource_providers/f2b69fc3-83a4-47d1-8747-54becda4c790/aggregates" status: 404 len: 235 microversion: 1.1 [pid: 8|app: 0|req: 597/1199] 10.0.0.159 () {32 vars in 816 bytes} [Sat Jul 11 04:48:17 2026] GET /resource_providers/f2b69fc3-83a4-47d1-8747-54becda4c790/aggregates => generated 235 bytes in 14 msecs (HTTP/1.1 404) 5 headers in 202 bytes (1 switches on core 0) [pid: 7|app: 0|req: 603/1200] 10.0.0.159 () {32 vars in 816 bytes} [Sat Jul 11 04:48:17 2026] GET /resource_providers/f2b69fc3-83a4-47d1-8747-54becda4c790/aggregates => generated 235 bytes in 13 msecs (HTTP/1.1 404) 5 headers in 202 bytes (1 switches on core 0)
2026-07-11 04:48:17.303 8 INFO placement.requestlog [None req-1a3cc25e-7748-4692-ae19-f109cd6c2430 59d0018bb98a435f8f275462865a5777 f1ffb45628cd42bcae98cf28ba325d46 - - e84f22cd3da44424b359a028b793ae22 e84f22cd3da44424b359a028b793ae22] 10.0.0.159 "DELETE /resource_providers/f2b69fc3-83a4-47d1-8747-54becda4c790" status: 404 len: 246 microversion: 1.1 [pid: 8|app: 0|req: 598/1201] 10.0.0.159 () {34 vars in 816 bytes} [Sat Jul 11 04:48:17 2026] DELETE /resource_providers/f2b69fc3-83a4-47d1-8747-54becda4c790 => generated 246 bytes in 10 msecs (HTTP/1.1 404) 6 headers in 231 bytes (1 switches on core 0)
2026-07-11 04:48:17.304 7 INFO placement.requestlog [None req-0f9796f7-0179-41c7-9b2d-c6b7718e6454 59d0018bb98a435f8f275462865a5777 f1ffb45628cd42bcae98cf28ba325d46 - - e84f22cd3da44424b359a028b793ae22 e84f22cd3da44424b359a028b793ae22] 10.0.0.159 "DELETE /resource_providers/f2b69fc3-83a4-47d1-8747-54becda4c790" status: 404 len: 246 microversion: 1.1 [pid: 7|app: 0|req: 604/1202] 10.0.0.159 () {34 vars in 816 bytes} [Sat Jul 11 04:48:17 2026] DELETE /resource_providers/f2b69fc3-83a4-47d1-8747-54becda4c790 => generated 246 bytes in 9 msecs (HTTP/1.1 404) 6 headers in 231 bytes (1 switches on core 0)
2026-07-11 04:48:17.320 8 INFO placement.requestlog [None req-829fb90b-15b2-429c-9791-f43379cbeae4 59d0018bb98a435f8f275462865a5777 f1ffb45628cd42bcae98cf28ba325d46 - - e84f22cd3da44424b359a028b793ae22 e84f22cd3da44424b359a028b793ae22] 10.0.0.159 "GET /resource_providers/905d82f4-5d3f-45df-87fd-378bcba49ff4/aggregates" status: 404 len: 235 microversion: 1.1 [pid: 8|app: 0|req: 599/1203] 10.0.0.159 () {32 vars in 816 bytes} [Sat Jul 11 04:48:17 2026] GET /resource_providers/905d82f4-5d3f-45df-87fd-378bcba49ff4/aggregates => generated 235 bytes in 8 msecs (HTTP/1.1 404) 5 headers in 202 bytes (1 switches on core 0)
2026-07-11 04:48:17.322 7 INFO placement.requestlog [None req-c8fb8bf7-a412-45fd-b24d-03cf795ba373 59d0018bb98a435f8f275462865a5777 f1ffb45628cd42bcae98cf28ba325d46 - - e84f22cd3da44424b359a028b793ae22 e84f22cd3da44424b359a028b793ae22] 10.0.0.159 "GET /resource_providers/905d82f4-5d3f-45df-87fd-378bcba49ff4/aggregates" status: 404 len: 235 microversion: 1.1 [pid: 7|app: 0|req: 605/1204] 10.0.0.159 () {32 vars in 816 bytes} [Sat Jul 11 04:48:17 2026] GET /resource_providers/905d82f4-5d3f-45df-87fd-378bcba49ff4/aggregates => generated 235 bytes in 8 msecs (HTTP/1.1 404) 5 headers in 202 bytes (1 switches on core 0)
2026-07-11 04:48:17.339 8 INFO placement.requestlog [None req-fe02d054-2e9f-488f-b2a8-27a8fc507750 59d0018bb98a435f8f275462865a5777 f1ffb45628cd42bcae98cf28ba325d46 - - e84f22cd3da44424b359a028b793ae22 e84f22cd3da44424b359a028b793ae22] 10.0.0.159 "DELETE /resource_providers/905d82f4-5d3f-45df-87fd-378bcba49ff4" status: 404 len: 246 microversion: 1.1 [pid: 8|app: 0|req: 600/1205] 10.0.0.159 () {34 vars in 816 bytes} [Sat Jul 11 04:48:17 2026] DELETE /resource_providers/905d82f4-5d3f-45df-87fd-378bcba49ff4 => generated 246 bytes in 10 msecs (HTTP/1.1 404) 6 headers in 231 bytes (1 switches on core 0)
2026-07-11 04:48:17.340 7 INFO placement.requestlog [None req-be6bb762-9633-46ad-9fb4-39da4b3b8535 59d0018bb98a435f8f275462865a5777 f1ffb45628cd42bcae98cf28ba325d46 - - e84f22cd3da44424b359a028b793ae22 e84f22cd3da44424b359a028b793ae22] 10.0.0.159 "DELETE /resource_providers/905d82f4-5d3f-45df-87fd-378bcba49ff4" status: 404 len: 246 microversion: 1.1 [pid: 7|app: 0|req: 606/1206] 10.0.0.159 () {34 vars in 816 bytes} [Sat Jul 11 04:48:17 2026] DELETE /resource_providers/905d82f4-5d3f-45df-87fd-378bcba49ff4 => generated 246 bytes in 9 msecs (HTTP/1.1 404) 6 headers in 231 bytes (1 switches on core 0)
2026-07-11 04:48:22.918 8 INFO placement.requestlog [None req-b806075b-6c7a-4707-acc7-e08eadb013d6 - - - - - -] 10.0.0.12 "GET /" status: 200 len: 136 microversion: 1.0
2026-07-11 04:48:22.918 7 INFO placement.requestlog [None req-d4ca3f82-fe2f-4849-9f71-51d0de63bf23 - - - - - -] 10.0.0.12 "GET /" status: 200 len: 136 microversion: 1.0
2026-07-11 04:48:31.138 8 INFO placement.requestlog [req-e1229e9c-a6cc-4424-b8b4-5f66f4c3cd70 req-3fac80c1-091a-40cd-a00d-c9855db71f3c e48b4b820619441fa50ad15b879e5362 f1ffb45628cd42bcae98cf28ba325d46 - - e84f22cd3da44424b359a028b793ae22 e84f22cd3da44424b359a028b793ae22] 199.204.45.227 "GET /resource_providers/dfd78619-13ff-4579-bb6b-6dcd3d44c47b/allocations" status: 200 len: 55 microversion: 1.0 [pid: 8|app: 0|req: 602/1209] 199.204.45.227 () {32 vars in 857 bytes} [Sat Jul 11 04:48:31 2026] GET /resource_providers/dfd78619-13ff-4579-bb6b-6dcd3d44c47b/allocations => generated 55 bytes in 15 msecs (HTTP/1.1 200) 6 headers in 223 bytes (1 switches on core 0)
2026-07-11 04:48:31.164 7 INFO placement.requestlog [req-e1229e9c-a6cc-4424-b8b4-5f66f4c3cd70 req-8580e461-dfce-4683-9a4a-99b472c4e5e7 e48b4b820619441fa50ad15b879e5362 f1ffb45628cd42bcae98cf28ba325d46 - - e84f22cd3da44424b359a028b793ae22 e84f22cd3da44424b359a028b793ae22] 199.204.45.227 "GET /resource_providers/dfd78619-13ff-4579-bb6b-6dcd3d44c47b/allocations" status: 200 len: 55 microversion: 1.0 [pid: 7|app: 0|req: 608/1210] 199.204.45.227 () {32 vars in 857 bytes} [Sat Jul 11 04:48:31 2026] GET /resource_providers/dfd78619-13ff-4579-bb6b-6dcd3d44c47b/allocations => generated 55 bytes in 15 msecs (HTTP/1.1 200) 6 headers in 223 bytes (1 switches on core 0)
2026-07-11 04:48:32.918 7 INFO placement.requestlog [None req-327ac2b2-c5fe-492d-aed8-d03a31b5d831 - - - - - -] 10.0.0.12 "GET /" status: 200 len: 136 microversion: 1.0
2026-07-11 04:48:32.918 8 INFO placement.requestlog [None req-9f75a8e4-eaec-489c-a968-5dbd1ad2e954 - - - - - -] 10.0.0.12 "GET /" status: 200 len: 136 microversion: 1.0
