+ COMMAND=start + start + for KEYSTONE_WSGI_SCRIPT in keystone-wsgi-public ++ type -p keystone-wsgi-public + cp -a /var/lib/openstack/bin/keystone-wsgi-public /var/www/cgi-bin/keystone/ + '[' -f /etc/apache2/envvars ']' + source /etc/apache2/envvars ++ unset HOME ++ '[' '' '!=' '' ']' ++ SUFFIX= ++ export APACHE_RUN_USER=www-data ++ APACHE_RUN_USER=www-data ++ export APACHE_RUN_GROUP=www-data ++ APACHE_RUN_GROUP=www-data ++ export APACHE_PID_FILE=/var/run/apache2/apache2.pid ++ APACHE_PID_FILE=/var/run/apache2/apache2.pid ++ export APACHE_RUN_DIR=/var/run/apache2 ++ APACHE_RUN_DIR=/var/run/apache2 ++ export APACHE_LOCK_DIR=/var/lock/apache2 ++ APACHE_LOCK_DIR=/var/lock/apache2 ++ export APACHE_LOG_DIR=/var/log/apache2 ++ APACHE_LOG_DIR=/var/log/apache2 ++ export LANG=C ++ LANG=C ++ export LANG + '[' -f /var/run/apache2/apache2.pid ']' + exec apache2 -DFOREGROUND AH00558: apache2: Could not reliably determine the server's fully qualified domain name, using 10.0.0.217. Set the 'ServerName' directive globally to suppress this message AH00558: apache2: Could not reliably determine the server's fully qualified domain name, using 10.0.0.217. Set the 'ServerName' directive globally to suppress this message
[Sat Jul 11 03:40:49.896931 2026] [mpm_event:notice] [pid 1:tid 140077031753600] AH00489: Apache/2.4.58 (Ubuntu) mod_wsgi/5.0.0 Python/3.12 configured -- resuming normal operations
[Sat Jul 11 03:40:49.897086 2026] [core:notice] [pid 1:tid 140077031753600] AH00094: Command line: 'apache2 -D FOREGROUND'
[Sat Jul 11 03:41:48.787456 2026] [wsgi:error] [pid 11:tid 140076393932480] /var/lib/openstack/lib/python3.12/site-packages/oslo_utils/importutils.py:77: EventletDeprecationWarning:
[Sat Jul 11 03:41:48.787504 2026] [wsgi:error] [pid 11:tid 140076393932480] Eventlet is deprecated. It is currently being maintained in bugfix mode, and
[Sat Jul 11 03:41:48.787505 2026] [wsgi:error] [pid 11:tid 140076393932480] we strongly recommend against using it for new projects.
[Sat Jul 11 03:41:48.787507 2026] [wsgi:error] [pid 11:tid 140076393932480]
[Sat Jul 11 03:41:48.787508 2026] [wsgi:error] [pid 11:tid 140076393932480] If you are already using Eventlet, we recommend migrating to a different
[Sat Jul 11 03:41:48.787509 2026] [wsgi:error] [pid 11:tid 140076393932480] framework. For more detail see
[Sat Jul 11 03:41:48.787510 2026] [wsgi:error] [pid 11:tid 140076393932480] https://eventlet.readthedocs.io/en/latest/asyncio/migration.html
[Sat Jul 11 03:41:48.787511 2026] [wsgi:error] [pid 11:tid 140076393932480]
[Sat Jul 11 03:41:48.787512 2026] [wsgi:error] [pid 11:tid 140076393932480] __import__(import_str)
[Sat Jul 11 03:41:48.814021 2026] [wsgi:error] [pid 10:tid 140076393932480] /var/lib/openstack/lib/python3.12/site-packages/oslo_utils/importutils.py:77: EventletDeprecationWarning:
[Sat Jul 11 03:41:48.814078 2026] [wsgi:error] [pid 10:tid 140076393932480] Eventlet is deprecated. It is currently being maintained in bugfix mode, and
[Sat Jul 11 03:41:48.814080 2026] [wsgi:error] [pid 10:tid 140076393932480] we strongly recommend against using it for new projects.
[Sat Jul 11 03:41:48.814081 2026] [wsgi:error] [pid 10:tid 140076393932480]
[Sat Jul 11 03:41:48.814082 2026] [wsgi:error] [pid 10:tid 140076393932480] If you are already using Eventlet, we recommend migrating to a different
[Sat Jul 11 03:41:48.814084 2026] [wsgi:error] [pid 10:tid 140076393932480] framework. For more detail see
[Sat Jul 11 03:41:48.814085 2026] [wsgi:error] [pid 10:tid 140076393932480] https://eventlet.readthedocs.io/en/latest/asyncio/migration.html
[Sat Jul 11 03:41:48.814086 2026] [wsgi:error] [pid 10:tid 140076393932480]
[Sat Jul 11 03:41:48.814087 2026] [wsgi:error] [pid 10:tid 140076393932480] __import__(import_str) 10.0.0.12 - - [11/Jul/2026:03:41:47 +0000] "GET /v3/ HTTP/1.1" 200 250 10.0.0.12 - - [11/Jul/2026:03:41:47 +0000] "GET /v3/ HTTP/1.1" 200 250
[Sat Jul 11 03:42:02.051652 2026] [wsgi:error] [pid 9:tid 140076393932480] /var/lib/openstack/lib/python3.12/site-packages/oslo_utils/importutils.py:77: EventletDeprecationWarning:
[Sat Jul 11 03:42:02.051700 2026] [wsgi:error] [pid 9:tid 140076393932480] Eventlet is deprecated. It is currently being maintained in bugfix mode, and
[Sat Jul 11 03:42:02.051702 2026] [wsgi:error] [pid 9:tid 140076393932480] we strongly recommend against using it for new projects.
[Sat Jul 11 03:42:02.051704 2026] [wsgi:error] [pid 9:tid 140076393932480]
[Sat Jul 11 03:42:02.051705 2026] [wsgi:error] [pid 9:tid 140076393932480] If you are already using Eventlet, we recommend migrating to a different
[Sat Jul 11 03:42:02.051706 2026] [wsgi:error] [pid 9:tid 140076393932480] framework. For more detail see
[Sat Jul 11 03:42:02.051707 2026] [wsgi:error] [pid 9:tid 140076393932480] https://eventlet.readthedocs.io/en/latest/asyncio/migration.html
[Sat Jul 11 03:42:02.051708 2026] [wsgi:error] [pid 9:tid 140076393932480]
[Sat Jul 11 03:42:02.051709 2026] [wsgi:error] [pid 9:tid 140076393932480] __import__(import_str) 10.0.0.103 - - [11/Jul/2026:03:42:01 +0000] "GET / HTTP/1.1" 300 295
[Sat Jul 11 03:42:07.615271 2026] [wsgi:error] [pid 12:tid 140076393932480] /var/lib/openstack/lib/python3.12/site-packages/oslo_utils/importutils.py:77: EventletDeprecationWarning:
[Sat Jul 11 03:42:07.615309 2026] [wsgi:error] [pid 12:tid 140076393932480] Eventlet is deprecated. It is currently being maintained in bugfix mode, and
[Sat Jul 11 03:42:07.615311 2026] [wsgi:error] [pid 12:tid 140076393932480] we strongly recommend against using it for new projects.
[Sat Jul 11 03:42:07.615312 2026] [wsgi:error] [pid 12:tid 140076393932480]
[Sat Jul 11 03:42:07.615314 2026] [wsgi:error] [pid 12:tid 140076393932480] If you are already using Eventlet, we recommend migrating to a different
[Sat Jul 11 03:42:07.615315 2026] [wsgi:error] [pid 12:tid 140076393932480] framework. For more detail see
[Sat Jul 11 03:42:07.615316 2026] [wsgi:error] [pid 12:tid 140076393932480] https://eventlet.readthedocs.io/en/latest/asyncio/migration.html
[Sat Jul 11 03:42:07.615317 2026] [wsgi:error] [pid 12:tid 140076393932480]
[Sat Jul 11 03:42:07.615318 2026] [wsgi:error] [pid 12:tid 140076393932480] __import__(import_str)
[Sat Jul 11 03:42:12.471938 2026] [wsgi:error] [pid 12:tid 140076393932480] [remote 10.0.0.103:53686] 2026-07-11 03:42:12.468 12 WARNING keystone.identity.core [None req-a36ff2a6-11ba-412e-be80-5365ff0a7db9 - - - - - -] Invalid domain name (atmosphere) found in config file name: keystone.exception.DomainNotFound: Could not find domain: atmosphere.
[Sat Jul 11 03:42:12.539905 2026] [wsgi:error] [pid 12:tid 140076393932480] [remote 10.0.0.103:53686] 2026-07-11 03:42:12.539 12 WARNING keystone.common.password_hashing [None req-a36ff2a6-11ba-412e-be80-5365ff0a7db9 - - - - - -] Truncating password to algorithm specific maximum length 72 characters.
[Sat Jul 11 03:42:12.818753 2026] [wsgi:error] [pid 12:tid 140076393932480] [remote 10.0.0.103:53686] 2026-07-11 03:42:12.818 12 WARNING keystone.common.fernet_utils [None req-a36ff2a6-11ba-412e-be80-5365ff0a7db9 - - - - - -] key_repository is world readable: /etc/keystone/fernet-keys/ 10.0.0.103 - - [11/Jul/2026:03:42:06 +0000] "POST /v3/auth/tokens HTTP/1.1" 201 1360
[Sat Jul 11 03:42:13.238278 2026] [wsgi:error] [pid 11:tid 140076393932480] [remote 10.0.0.103:53686] 2026-07-11 03:42:13.234 11 WARNING keystone.identity.core [None req-376d8332-c51e-47de-9bc9-19ae8f4cb56b - - - - - -] Invalid domain name (atmosphere) found in config file name: keystone.exception.DomainNotFound: Could not find domain: atmosphere. 10.0.0.103 - - [11/Jul/2026:03:42:13 +0000] "POST /v3/domains HTTP/1.1" 201 261 10.0.0.68 - - [11/Jul/2026:03:42:25 +0000] "GET / HTTP/1.1" 300 295
[Sat Jul 11 03:42:25.915933 2026] [wsgi:error] [pid 9:tid 140076393932480] [remote 10.0.0.68:59042] 2026-07-11 03:42:25.915 9 WARNING keystone.common.password_hashing [None req-31e6cd24-2b97-41a4-97cd-9c4f01ba826e - - - - - -] Truncating password to algorithm specific maximum length 72 characters.
[Sat Jul 11 03:42:26.203986 2026] [wsgi:error] [pid 9:tid 140076393932480] [remote 10.0.0.68:59042] 2026-07-11 03:42:26.203 9 WARNING keystone.common.fernet_utils [None req-31e6cd24-2b97-41a4-97cd-9c4f01ba826e - - - - - -] key_repository is world readable: /etc/keystone/fernet-keys/ 10.0.0.68 - - [11/Jul/2026:03:42:25 +0000] "POST /v3/auth/tokens HTTP/1.1" 201 1360 10.0.0.68 - - [11/Jul/2026:03:42:26 +0000] "GET /v3/roles/admin HTTP/1.1" 404 83
[Sat Jul 11 03:42:26.487750 2026] [wsgi:error] [pid 11:tid 140076393932480] [remote 10.0.0.68:59042] 2026-07-11 03:42:26.487 11 WARNING keystone.common.rbac_enforcer.enforcer [None req-7911c30a-06a0-4563-a18f-4839a00b3ddb e7913585148e4a2da1b6e5ea81781b85 9fb250a8046a4939b8c56a39eda87869 - - default default] Deprecated policy rules found. Use oslopolicy-policy-generator and oslopolicy-policy-upgrade to detect and resolve deprecated policies in your configuration. 10.0.0.68 - - [11/Jul/2026:03:42:26 +0000] "GET /v3/roles?name=admin HTTP/1.1" 200 389
[Sat Jul 11 03:42:27.090023 2026] [wsgi:error] [pid 10:tid 140076393932480] [remote 10.0.0.68:59042] 2026-07-11 03:42:27.089 10 WARNING keystone.common.rbac_enforcer.enforcer [None req-a638a3d7-a6f5-48f5-9cc8-4ff48aabca45 e7913585148e4a2da1b6e5ea81781b85 9fb250a8046a4939b8c56a39eda87869 - - default default] Deprecated policy rules found. Use oslopolicy-policy-generator and oslopolicy-policy-upgrade to detect and resolve deprecated policies in your configuration. 10.0.0.68 - - [11/Jul/2026:03:42:26 +0000] "GET /v3/users/admin-RegionOne HTTP/1.1" 404 93
[Sat Jul 11 03:42:27.318918 2026] [wsgi:error] [pid 9:tid 140076393932480] [remote 10.0.0.68:59042] 2026-07-11 03:42:27.318 9 WARNING keystone.common.rbac_enforcer.enforcer [None req-49d60ca7-25cf-4bc4-8830-73cbd489b010 e7913585148e4a2da1b6e5ea81781b85 9fb250a8046a4939b8c56a39eda87869 - - default default] Deprecated policy rules found. Use oslopolicy-policy-generator and oslopolicy-policy-upgrade to detect and resolve deprecated policies in your configuration. 10.0.0.68 - - [11/Jul/2026:03:42:27 +0000] "GET /v3/users?name=admin-RegionOne HTTP/1.1" 200 422
[Sat Jul 11 03:42:27.558198 2026] [wsgi:error] [pid 12:tid 140076393932480] [remote 10.0.0.68:59042] 2026-07-11 03:42:27.557 12 WARNING keystone.common.rbac_enforcer.enforcer [None req-728d6d4c-b88d-4566-9781-1c09eb93aab7 e7913585148e4a2da1b6e5ea81781b85 9fb250a8046a4939b8c56a39eda87869 - - default default] Deprecated policy rules found. Use oslopolicy-policy-generator and oslopolicy-policy-upgrade to detect and resolve deprecated policies in your configuration. 10.0.0.68 - - [11/Jul/2026:03:42:27 +0000] "GET /v3/domains/default HTTP/1.1" 200 224 10.0.0.68 - - [11/Jul/2026:03:42:27 +0000] "PUT /v3/domains/default/users/e7913585148e4a2da1b6e5ea81781b85/roles/07e5d2398ec5416e848f3b10df2a6fa0 HTTP/1.1" 204 - 10.0.0.12 - - [11/Jul/2026:03:42:37 +0000] "GET / HTTP/1.1" 300 281 10.0.0.12 - - [11/Jul/2026:03:42:39 +0000] "GET /v3 HTTP/1.1" 200 266
[Sat Jul 11 03:42:39.085751 2026] [wsgi:error] [pid 12:tid 140076393932480] [remote 10.0.0.12:41470] 2026-07-11 03:42:39.085 12 WARNING keystone.common.password_hashing [None req-fd0617c8-e7e4-4a63-9c56-e16055284b90 - - - - - -] Truncating password to algorithm specific maximum length 72 characters.
[Sat Jul 11 03:42:39.363327 2026] [wsgi:error] [pid 12:tid 140076393932480] [remote 10.0.0.12:41470] 2026-07-11 03:42:39.363 12 WARNING keystone.common.fernet_utils [None req-fd0617c8-e7e4-4a63-9c56-e16055284b90 - - - - - -] key_repository is world readable: /etc/keystone/fernet-keys/ 10.0.0.12 - - [11/Jul/2026:03:42:39 +0000] "POST /v3/auth/tokens HTTP/1.1" 201 1360 10.0.0.12 - - [11/Jul/2026:03:42:39 +0000] "GET / HTTP/1.1" 300 281 10.0.0.12 - - [11/Jul/2026:03:42:39 +0000] "GET /v3/domains/atmosphere HTTP/1.1" 404 90 10.0.0.12 - - [11/Jul/2026:03:42:39 +0000] "GET /v3/domains?name=atmosphere HTTP/1.1" 200 370 10.0.0.12 - - [11/Jul/2026:03:42:39 +0000] "GET /v3/domains/981aba25c7aa4801bdb6d7cfa793819c HTTP/1.1" 200 247 10.0.0.12 - - [11/Jul/2026:03:42:40 +0000] "GET /v3 HTTP/1.1" 200 266
[Sat Jul 11 03:42:40.631559 2026] [wsgi:error] [pid 10:tid 140076393932480] [remote 10.0.0.12:41470] 2026-07-11 03:42:40.630 10 WARNING keystone.common.password_hashing [None req-baf968e3-323c-4a56-9c07-e494375418da - - - - - -] Truncating password to algorithm specific maximum length 72 characters.
[Sat Jul 11 03:42:40.914544 2026] [wsgi:error] [pid 10:tid 140076393932480] [remote 10.0.0.12:41470] 2026-07-11 03:42:40.914 10 WARNING keystone.common.fernet_utils [None req-baf968e3-323c-4a56-9c07-e494375418da - - - - - -] key_repository is world readable: /etc/keystone/fernet-keys/ 10.0.0.12 - - [11/Jul/2026:03:42:40 +0000] "POST /v3/auth/tokens HTTP/1.1" 201 1360 10.0.0.12 - - [11/Jul/2026:03:42:40 +0000] "GET / HTTP/1.1" 300 281 10.0.0.12 - - [11/Jul/2026:03:42:40 +0000] "GET /v3/OS-FEDERATION/identity_providers/atmosphere HTTP/1.1" 404 101 10.0.0.12 - - [11/Jul/2026:03:42:40 +0000] "GET /v3/OS-FEDERATION/identity_providers HTTP/1.1" 200 156 10.0.0.12 - - [11/Jul/2026:03:42:41 +0000] "PUT /v3/OS-FEDERATION/identity_providers/atmosphere HTTP/1.1" 201 342 10.0.0.12 - - [11/Jul/2026:03:42:41 +0000] "GET /v3 HTTP/1.1" 200 266
[Sat Jul 11 03:42:41.854993 2026] [wsgi:error] [pid 12:tid 140076393932480] [remote 10.0.0.12:52884] 2026-07-11 03:42:41.854 12 WARNING keystone.common.password_hashing [None req-acdf0cc6-dd36-4990-b97d-d15785ead818 - - - - - -] Truncating password to algorithm specific maximum length 72 characters.
[Sat Jul 11 03:42:42.148977 2026] [wsgi:error] [pid 12:tid 140076393932480] [remote 10.0.0.12:52884] 2026-07-11 03:42:42.148 12 WARNING keystone.common.fernet_utils [None req-acdf0cc6-dd36-4990-b97d-d15785ead818 - - - - - -] key_repository is world readable: /etc/keystone/fernet-keys/ 10.0.0.12 - - [11/Jul/2026:03:42:41 +0000] "POST /v3/auth/tokens HTTP/1.1" 201 1360 10.0.0.12 - - [11/Jul/2026:03:42:42 +0000] "GET / HTTP/1.1" 300 281 10.0.0.12 - - [11/Jul/2026:03:42:42 +0000] "GET /v3/OS-FEDERATION/mappings/atmosphere-openid HTTP/1.1" 404 98 10.0.0.12 - - [11/Jul/2026:03:42:42 +0000] "GET /v3/OS-FEDERATION/mappings HTTP/1.1" 200 136 10.0.0.12 - - [11/Jul/2026:03:42:42 +0000] "PUT /v3/OS-FEDERATION/mappings/atmosphere-openid HTTP/1.1" 201 357 10.0.0.12 - - [11/Jul/2026:03:42:43 +0000] "GET /v3 HTTP/1.1" 200 266
[Sat Jul 11 03:42:43.044959 2026] [wsgi:error] [pid 10:tid 140076393932480] [remote 10.0.0.12:41470] 2026-07-11 03:42:43.044 10 WARNING keystone.common.password_hashing [None req-9b8d838d-adc0-4802-aded-3f16f11e7016 - - - - - -] Truncating password to algorithm specific maximum length 72 characters.
[Sat Jul 11 03:42:43.317389 2026] [wsgi:error] [pid 10:tid 140076393932480] [remote 10.0.0.12:41470] 2026-07-11 03:42:43.317 10 WARNING keystone.common.fernet_utils [None req-9b8d838d-adc0-4802-aded-3f16f11e7016 - - - - - -] key_repository is world readable: /etc/keystone/fernet-keys/ 10.0.0.12 - - [11/Jul/2026:03:42:43 +0000] "POST /v3/auth/tokens HTTP/1.1" 201 1360 10.0.0.12 - - [11/Jul/2026:03:42:43 +0000] "GET / HTTP/1.1" 300 281 10.0.0.12 - - [11/Jul/2026:03:42:43 +0000] "GET /v3/OS-FEDERATION/identity_providers/atmosphere/protocols/openid?idp_id=atmosphere HTTP/1.1" 404 131 10.0.0.12 - - [11/Jul/2026:03:42:43 +0000] "GET /v3/OS-FEDERATION/identity_providers/atmosphere/protocols HTTP/1.1" 200 168 10.0.0.12 - - [11/Jul/2026:03:42:43 +0000] "PUT /v3/OS-FEDERATION/identity_providers/atmosphere/protocols/openid HTTP/1.1" 201 224 10.0.0.12 - - [11/Jul/2026:03:42:47 +0000] "GET /v3/ HTTP/1.1" 200 250 10.0.0.12 - - [11/Jul/2026:03:42:47 +0000] "GET /v3/ HTTP/1.1" 200 250 10.0.0.12 - - [11/Jul/2026:03:43:47 +0000] "GET /v3/ HTTP/1.1" 200 250 10.0.0.12 - - [11/Jul/2026:03:43:47 +0000] "GET /v3/ HTTP/1.1" 200 250 10.0.0.101 - - [11/Jul/2026:03:44:07 +0000] "GET / HTTP/1.1" 300 295
[Sat Jul 11 03:44:07.322719 2026] [wsgi:error] [pid 12:tid 140076393932480] [remote 10.0.0.101:34056] 2026-07-11 03:44:07.322 12 WARNING keystone.common.password_hashing [None req-dd3ac0b7-b39a-48bd-bf5a-607b7169f316 - - - - - -] Truncating password to algorithm specific maximum length 72 characters.
[Sat Jul 11 03:44:07.607048 2026] [wsgi:error] [pid 12:tid 140076393932480] [remote 10.0.0.101:34056] 2026-07-11 03:44:07.606 12 WARNING keystone.common.fernet_utils [None req-dd3ac0b7-b39a-48bd-bf5a-607b7169f316 - - - - - -] key_repository is world readable: /etc/keystone/fernet-keys/ 10.0.0.101 - - [11/Jul/2026:03:44:07 +0000] "POST /v3/auth/tokens HTTP/1.1" 201 1360 10.0.0.101 - - [11/Jul/2026:03:44:07 +0000] "GET /v3/services HTTP/1.1" 200 355 10.0.0.101 - - [11/Jul/2026:03:44:11 +0000] "GET / HTTP/1.1" 300 295
[Sat Jul 11 03:44:11.338736 2026] [wsgi:error] [pid 9:tid 140076393932480] [remote 10.0.0.101:34060] 2026-07-11 03:44:11.338 9 WARNING keystone.common.password_hashing [None req-7a4c60e1-43ce-476c-b431-f56ae69f37cc - - - - - -] Truncating password to algorithm specific maximum length 72 characters.
[Sat Jul 11 03:44:11.631327 2026] [wsgi:error] [pid 9:tid 140076393932480] [remote 10.0.0.101:34060] 2026-07-11 03:44:11.631 9 WARNING keystone.common.fernet_utils [None req-7a4c60e1-43ce-476c-b431-f56ae69f37cc - - - - - -] key_repository is world readable: /etc/keystone/fernet-keys/ 10.0.0.101 - - [11/Jul/2026:03:44:11 +0000] "POST /v3/auth/tokens HTTP/1.1" 201 1360 10.0.0.101 - - [11/Jul/2026:03:44:11 +0000] "GET /v3/services HTTP/1.1" 200 355 10.0.0.101 - - [11/Jul/2026:03:44:15 +0000] "GET / HTTP/1.1" 300 295
[Sat Jul 11 03:44:15.323105 2026] [wsgi:error] [pid 10:tid 140076393932480] [remote 10.0.0.101:54612] 2026-07-11 03:44:15.322 10 WARNING keystone.common.password_hashing [None req-410b32da-7642-4d64-86e0-94d84407c3fa - - - - - -] Truncating password to algorithm specific maximum length 72 characters.
[Sat Jul 11 03:44:15.603138 2026] [wsgi:error] [pid 10:tid 140076393932480] [remote 10.0.0.101:54612] 2026-07-11 03:44:15.602 10 WARNING keystone.common.fernet_utils [None req-410b32da-7642-4d64-86e0-94d84407c3fa - - - - - -] key_repository is world readable: /etc/keystone/fernet-keys/ 10.0.0.101 - - [11/Jul/2026:03:44:15 +0000] "POST /v3/auth/tokens HTTP/1.1" 201 1360 10.0.0.101 - - [11/Jul/2026:03:44:15 +0000] "GET /v3/services HTTP/1.1" 200 355 10.0.0.101 - - [11/Jul/2026:03:44:19 +0000] "GET / HTTP/1.1" 300 295
[Sat Jul 11 03:44:19.335473 2026] [wsgi:error] [pid 11:tid 140076393932480] [remote 10.0.0.101:54614] 2026-07-11 03:44:19.334 11 WARNING keystone.common.password_hashing [None req-98840558-03fa-44a8-86b0-664b915d2378 - - - - - -] Truncating password to algorithm specific maximum length 72 characters.
[Sat Jul 11 03:44:19.613223 2026] [wsgi:error] [pid 11:tid 140076393932480] [remote 10.0.0.101:54614] 2026-07-11 03:44:19.613 11 WARNING keystone.common.fernet_utils [None req-98840558-03fa-44a8-86b0-664b915d2378 - - - - - -] key_repository is world readable: /etc/keystone/fernet-keys/ 10.0.0.101 - - [11/Jul/2026:03:44:19 +0000] "POST /v3/auth/tokens HTTP/1.1" 201 1360 10.0.0.101 - - [11/Jul/2026:03:44:19 +0000] "POST /v3/services HTTP/1.1" 201 296 10.0.0.80 - - [11/Jul/2026:03:44:30 +0000] "GET / HTTP/1.1" 300 295
[Sat Jul 11 03:44:30.498358 2026] [wsgi:error] [pid 12:tid 140076393932480] [remote 10.0.0.80:39576] 2026-07-11 03:44:30.498 12 WARNING keystone.common.password_hashing [None req-39ba6327-a7e4-4fa6-a936-5cd578494777 - - - - - -] Truncating password to algorithm specific maximum length 72 characters. 10.0.0.80 - - [11/Jul/2026:03:44:30 +0000] "GET / HTTP/1.1" 300 295
[Sat Jul 11 03:44:30.783821 2026] [wsgi:error] [pid 10:tid 140076393932480] [remote 10.0.0.80:39590] 2026-07-11 03:44:30.783 10 WARNING keystone.common.password_hashing [None req-d2caec74-3a89-47ef-873e-ca8a09e99953 - - - - - -] Truncating password to algorithm specific maximum length 72 characters. 10.0.0.80 - - [11/Jul/2026:03:44:30 +0000] "GET / HTTP/1.1" 300 295
[Sat Jul 11 03:44:30.822328 2026] [wsgi:error] [pid 12:tid 140076393932480] [remote 10.0.0.80:39576] 2026-07-11 03:44:30.822 12 WARNING keystone.common.fernet_utils [None req-39ba6327-a7e4-4fa6-a936-5cd578494777 - - - - - -] key_repository is world readable: /etc/keystone/fernet-keys/
[Sat Jul 11 03:44:30.835392 2026] [wsgi:error] [pid 11:tid 140076393932480] [remote 10.0.0.80:39592] 2026-07-11 03:44:30.835 11 WARNING keystone.common.password_hashing [None req-b2564607-c223-4b05-9c06-8f536ea632df - - - - - -] Truncating password to algorithm specific maximum length 72 characters. 10.0.0.80 - - [11/Jul/2026:03:44:30 +0000] "POST /v3/auth/tokens HTTP/1.1" 201 1464 10.0.0.80 - - [11/Jul/2026:03:44:30 +0000] "GET /v3/services HTTP/1.1" 200 639
[Sat Jul 11 03:44:31.074294 2026] [wsgi:error] [pid 10:tid 140076393932480] [remote 10.0.0.80:39590] 2026-07-11 03:44:31.074 10 WARNING keystone.common.fernet_utils [None req-d2caec74-3a89-47ef-873e-ca8a09e99953 - - - - - -] key_repository is world readable: /etc/keystone/fernet-keys/ 10.0.0.80 - - [11/Jul/2026:03:44:30 +0000] "POST /v3/auth/tokens HTTP/1.1" 201 1464
[Sat Jul 11 03:44:31.113339 2026] [wsgi:error] [pid 11:tid 140076393932480] [remote 10.0.0.80:39592] 2026-07-11 03:44:31.113 11 WARNING keystone.common.fernet_utils [None req-b2564607-c223-4b05-9c06-8f536ea632df - - - - - -] key_repository is world readable: /etc/keystone/fernet-keys/ 10.0.0.80 - - [11/Jul/2026:03:44:30 +0000] "POST /v3/auth/tokens HTTP/1.1" 201 1464 10.0.0.80 - - [11/Jul/2026:03:44:31 +0000] "GET /v3/services HTTP/1.1" 200 639 10.0.0.80 - - [11/Jul/2026:03:44:31 +0000] "GET /v3/services HTTP/1.1" 200 639 10.0.0.80 - - [11/Jul/2026:03:44:32 +0000] "GET / HTTP/1.1" 300 295
[Sat Jul 11 03:44:32.671464 2026] [wsgi:error] [pid 10:tid 140076393932480] [remote 10.0.0.80:45802] 2026-07-11 03:44:32.671 10 WARNING keystone.common.password_hashing [None req-843ff383-45c5-46fb-b3b7-83d53fb4be83 - - - - - -] Truncating password to algorithm specific maximum length 72 characters. 10.0.0.80 - - [11/Jul/2026:03:44:32 +0000] "GET / HTTP/1.1" 300 295
[Sat Jul 11 03:44:32.810944 2026] [wsgi:error] [pid 12:tid 140076393932480] [remote 10.0.0.80:45808] 2026-07-11 03:44:32.810 12 WARNING keystone.common.password_hashing [None req-9f1e5d04-82c8-4ca2-b55a-35fc4ab5545e - - - - - -] Truncating password to algorithm specific maximum length 72 characters.
[Sat Jul 11 03:44:32.937907 2026] [wsgi:error] [pid 10:tid 140076393932480] [remote 10.0.0.80:45802] 2026-07-11 03:44:32.937 10 WARNING keystone.common.fernet_utils [None req-843ff383-45c5-46fb-b3b7-83d53fb4be83 - - - - - -] key_repository is world readable: /etc/keystone/fernet-keys/ 10.0.0.80 - - [11/Jul/2026:03:44:32 +0000] "POST /v3/auth/tokens HTTP/1.1" 201 1464 10.0.0.80 - - [11/Jul/2026:03:44:32 +0000] "GET / HTTP/1.1" 300 295
[Sat Jul 11 03:44:32.997952 2026] [wsgi:error] [pid 11:tid 140076393932480] [remote 10.0.0.80:45814] 2026-07-11 03:44:32.997 11 WARNING keystone.common.password_hashing [None req-02ad0926-51e4-4347-835d-479049eb8093 - - - - - -] Truncating password to algorithm specific maximum length 72 characters. 10.0.0.80 - - [11/Jul/2026:03:44:33 +0000] "GET /v3/endpoints HTTP/1.1" 200 1227 10.0.0.80 - - [11/Jul/2026:03:44:33 +0000] "GET /v3/services/d720bb73c6ba41fc8e6b80f16d9334ab HTTP/1.1" 200 233
[Sat Jul 11 03:44:33.092584 2026] [wsgi:error] [pid 12:tid 140076393932480] [remote 10.0.0.80:45808] 2026-07-11 03:44:33.092 12 WARNING keystone.common.fernet_utils [None req-9f1e5d04-82c8-4ca2-b55a-35fc4ab5545e - - - - - -] key_repository is world readable: /etc/keystone/fernet-keys/ 10.0.0.80 - - [11/Jul/2026:03:44:32 +0000] "POST /v3/auth/tokens HTTP/1.1" 201 1464 10.0.0.80 - - [11/Jul/2026:03:44:33 +0000] "GET /v3/services/d720bb73c6ba41fc8e6b80f16d9334ab HTTP/1.1" 200 233 10.0.0.80 - - [11/Jul/2026:03:44:33 +0000] "GET /v3/services/d720bb73c6ba41fc8e6b80f16d9334ab HTTP/1.1" 200 233 10.0.0.80 - - [11/Jul/2026:03:44:33 +0000] "GET /v3/endpoints HTTP/1.1" 200 1227 10.0.0.80 - - [11/Jul/2026:03:44:33 +0000] "GET /v3/services/d720bb73c6ba41fc8e6b80f16d9334ab HTTP/1.1" 200 233 10.0.0.80 - - [11/Jul/2026:03:44:33 +0000] "GET /v3/services/d720bb73c6ba41fc8e6b80f16d9334ab HTTP/1.1" 200 233
[Sat Jul 11 03:44:33.273728 2026] [wsgi:error] [pid 11:tid 140076393932480] [remote 10.0.0.80:45814] 2026-07-11 03:44:33.273 11 WARNING keystone.common.fernet_utils [None req-02ad0926-51e4-4347-835d-479049eb8093 - - - - - -] key_repository is world readable: /etc/keystone/fernet-keys/ 10.0.0.80 - - [11/Jul/2026:03:44:32 +0000] "POST /v3/auth/tokens HTTP/1.1" 201 1464 10.0.0.80 - - [11/Jul/2026:03:44:33 +0000] "GET /v3/services/d720bb73c6ba41fc8e6b80f16d9334ab HTTP/1.1" 200 233 10.0.0.80 - - [11/Jul/2026:03:44:33 +0000] "GET /v3/endpoints HTTP/1.1" 200 1227 10.0.0.80 - - [11/Jul/2026:03:44:33 +0000] "GET /v3/services/d720bb73c6ba41fc8e6b80f16d9334ab HTTP/1.1" 200 233 10.0.0.80 - - [11/Jul/2026:03:44:33 +0000] "GET /v3/services/d720bb73c6ba41fc8e6b80f16d9334ab HTTP/1.1" 200 233 10.0.0.80 - - [11/Jul/2026:03:44:33 +0000] "GET /v3/services/d720bb73c6ba41fc8e6b80f16d9334ab HTTP/1.1" 200 233 10.0.0.80 - - [11/Jul/2026:03:44:34 +0000] "GET / HTTP/1.1" 300 295
[Sat Jul 11 03:44:34.763679 2026] [wsgi:error] [pid 9:tid 140076393932480] [remote 10.0.0.80:45824] 2026-07-11 03:44:34.763 9 WARNING keystone.common.password_hashing [None req-a974d838-bea1-4303-b9a6-9a199245ae0c - - - - - -] Truncating password to algorithm specific maximum length 72 characters. 10.0.0.80 - - [11/Jul/2026:03:44:34 +0000] "GET / HTTP/1.1" 300 295
[Sat Jul 11 03:44:34.899996 2026] [wsgi:error] [pid 12:tid 140076393932480] [remote 10.0.0.80:45838] 2026-07-11 03:44:34.899 12 WARNING keystone.common.password_hashing [None req-41dd77db-ccaa-4f69-add8-049b37a74ba8 - - - - - -] Truncating password to algorithm specific maximum length 72 characters. 10.0.0.80 - - [11/Jul/2026:03:44:34 +0000] "GET / HTTP/1.1" 300 295
[Sat Jul 11 03:44:34.985538 2026] [wsgi:error] [pid 11:tid 140076393932480] [remote 10.0.0.80:45844] 2026-07-11 03:44:34.985 11 WARNING keystone.common.password_hashing [None req-b67b443e-e83e-48f5-8f1b-cd3dd60a2967 - - - - - -] Truncating password to algorithm specific maximum length 72 characters.
[Sat Jul 11 03:44:35.034190 2026] [wsgi:error] [pid 9:tid 140076393932480] [remote 10.0.0.80:45824] 2026-07-11 03:44:35.034 9 WARNING keystone.common.fernet_utils [None req-a974d838-bea1-4303-b9a6-9a199245ae0c - - - - - -] key_repository is world readable: /etc/keystone/fernet-keys/ 10.0.0.80 - - [11/Jul/2026:03:44:34 +0000] "POST /v3/auth/tokens HTTP/1.1" 201 1464 10.0.0.80 - - [11/Jul/2026:03:44:35 +0000] "GET /v3/services/a9f0ce5040e147fba99d672a43411c7d HTTP/1.1" 200 296
[Sat Jul 11 03:44:35.169878 2026] [wsgi:error] [pid 12:tid 140076393932480] [remote 10.0.0.80:45838] 2026-07-11 03:44:35.169 12 WARNING keystone.common.fernet_utils [None req-41dd77db-ccaa-4f69-add8-049b37a74ba8 - - - - - -] key_repository is world readable: /etc/keystone/fernet-keys/ 10.0.0.80 - - [11/Jul/2026:03:44:34 +0000] "POST /v3/auth/tokens HTTP/1.1" 201 1464 10.0.0.80 - - [11/Jul/2026:03:44:35 +0000] "GET /v3/regions/RegionOne HTTP/1.1" 200 173 10.0.0.80 - - [11/Jul/2026:03:44:35 +0000] "POST /v3/endpoints HTTP/1.1" 201 380
[Sat Jul 11 03:44:35.295047 2026] [wsgi:error] [pid 11:tid 140076393932480] [remote 10.0.0.80:45844] 2026-07-11 03:44:35.294 11 WARNING keystone.common.fernet_utils [None req-b67b443e-e83e-48f5-8f1b-cd3dd60a2967 - - - - - -] key_repository is world readable: /etc/keystone/fernet-keys/ 10.0.0.80 - - [11/Jul/2026:03:44:35 +0000] "GET /v3/services/a9f0ce5040e147fba99d672a43411c7d HTTP/1.1" 200 296 10.0.0.80 - - [11/Jul/2026:03:44:34 +0000] "POST /v3/auth/tokens HTTP/1.1" 201 1641 10.0.0.80 - - [11/Jul/2026:03:44:35 +0000] "GET /v3/regions/RegionOne HTTP/1.1" 200 173 10.0.0.80 - - [11/Jul/2026:03:44:35 +0000] "POST /v3/endpoints HTTP/1.1" 201 383 10.0.0.80 - - [11/Jul/2026:03:44:35 +0000] "GET /v3/services/a9f0ce5040e147fba99d672a43411c7d HTTP/1.1" 200 296 10.0.0.80 - - [11/Jul/2026:03:44:35 +0000] "GET /v3/regions/RegionOne HTTP/1.1" 200 173 10.0.0.80 - - [11/Jul/2026:03:44:35 +0000] "POST /v3/endpoints HTTP/1.1" 201 370 10.0.0.80 - - [11/Jul/2026:03:44:36 +0000] "GET / HTTP/1.1" 300 295
[Sat Jul 11 03:44:36.801118 2026] [wsgi:error] [pid 12:tid 140076393932480] [remote 10.0.0.80:45860] 2026-07-11 03:44:36.800 12 WARNING keystone.common.password_hashing [None req-819dab2f-d817-434f-9453-6b7ced457c70 - - - - - -] Truncating password to algorithm specific maximum length 72 characters. 10.0.0.80 - - [11/Jul/2026:03:44:37 +0000] "GET / HTTP/1.1" 300 295
[Sat Jul 11 03:44:37.073083 2026] [wsgi:error] [pid 12:tid 140076393932480] [remote 10.0.0.80:45860] 2026-07-11 03:44:37.072 12 WARNING keystone.common.fernet_utils [None req-819dab2f-d817-434f-9453-6b7ced457c70 - - - - - -] key_repository is world readable: /etc/keystone/fernet-keys/
[Sat Jul 11 03:44:37.074440 2026] [wsgi:error] [pid 9:tid 140076393932480] [remote 10.0.0.80:45868] 2026-07-11 03:44:37.074 9 WARNING keystone.common.password_hashing [None req-3a39a2fa-577d-4a55-9ba3-e7c5a3fef1ae - - - - - -] Truncating password to algorithm specific maximum length 72 characters. 10.0.0.80 - - [11/Jul/2026:03:44:36 +0000] "POST /v3/auth/tokens HTTP/1.1" 201 1992 10.0.0.80 - - [11/Jul/2026:03:44:37 +0000] "GET / HTTP/1.1" 300 295
[Sat Jul 11 03:44:37.192655 2026] [wsgi:error] [pid 11:tid 140076393932480] [remote 10.0.0.80:45878] 2026-07-11 03:44:37.192 11 WARNING keystone.common.password_hashing [None req-7fec5334-badd-4319-8d8d-686982946c69 - - - - - -] Truncating password to algorithm specific maximum length 72 characters. 10.0.0.80 - - [11/Jul/2026:03:44:37 +0000] "GET /v3/endpoints/b283fbde454849c18ee7fb90427a7acf HTTP/1.1" 200 380 10.0.0.80 - - [11/Jul/2026:03:44:37 +0000] "GET /v3/services/a9f0ce5040e147fba99d672a43411c7d HTTP/1.1" 200 296
[Sat Jul 11 03:44:37.359673 2026] [wsgi:error] [pid 9:tid 140076393932480] [remote 10.0.0.80:45868] 2026-07-11 03:44:37.359 9 WARNING keystone.common.fernet_utils [None req-3a39a2fa-577d-4a55-9ba3-e7c5a3fef1ae - - - - - -] key_repository is world readable: /etc/keystone/fernet-keys/ 10.0.0.80 - - [11/Jul/2026:03:44:37 +0000] "POST /v3/auth/tokens HTTP/1.1" 201 1992
[Sat Jul 11 03:44:37.469375 2026] [wsgi:error] [pid 11:tid 140076393932480] [remote 10.0.0.80:45878] 2026-07-11 03:44:37.469 11 WARNING keystone.common.fernet_utils [None req-7fec5334-badd-4319-8d8d-686982946c69 - - - - - -] key_repository is world readable: /etc/keystone/fernet-keys/ 10.0.0.80 - - [11/Jul/2026:03:44:37 +0000] "POST /v3/auth/tokens HTTP/1.1" 201 1992 10.0.0.80 - - [11/Jul/2026:03:44:37 +0000] "GET /v3/endpoints/53180279669d45219397426f29da8c18 HTTP/1.1" 200 383 10.0.0.80 - - [11/Jul/2026:03:44:37 +0000] "GET /v3/services/a9f0ce5040e147fba99d672a43411c7d HTTP/1.1" 200 296 10.0.0.80 - - [11/Jul/2026:03:44:37 +0000] "GET /v3/endpoints/2b6adfc3c14e49ce9ae8f8e3de135954 HTTP/1.1" 200 370 10.0.0.80 - - [11/Jul/2026:03:44:37 +0000] "GET /v3/services/a9f0ce5040e147fba99d672a43411c7d HTTP/1.1" 200 296 10.0.0.12 - - [11/Jul/2026:03:44:47 +0000] "GET /v3/ HTTP/1.1" 200 250 10.0.0.12 - - [11/Jul/2026:03:44:47 +0000] "GET /v3/ HTTP/1.1" 200 250 10.0.0.70 - - [11/Jul/2026:03:44:48 +0000] "GET / HTTP/1.1" 300 295
[Sat Jul 11 03:44:48.730361 2026] [wsgi:error] [pid 11:tid 140076393932480] [remote 10.0.0.70:53104] 2026-07-11 03:44:48.730 11 WARNING keystone.common.password_hashing [None req-1fbe13a8-4cf3-44ec-89ee-232a4e4c3af7 - - - - - -] Truncating password to algorithm specific maximum length 72 characters.
[Sat Jul 11 03:44:49.002331 2026] [wsgi:error] [pid 11:tid 140076393932480] [remote 10.0.0.70:53104] 2026-07-11 03:44:49.002 11 WARNING keystone.common.fernet_utils [None req-1fbe13a8-4cf3-44ec-89ee-232a4e4c3af7 - - - - - -] key_repository is world readable: /etc/keystone/fernet-keys/ 10.0.0.70 - - [11/Jul/2026:03:44:48 +0000] "POST /v3/auth/tokens HTTP/1.1" 201 1992 10.0.0.70 - - [11/Jul/2026:03:44:49 +0000] "POST /v3/domains HTTP/1.1" 201 284 10.0.0.70 - - [11/Jul/2026:03:44:50 +0000] "GET / HTTP/1.1" 300 295
[Sat Jul 11 03:44:50.790163 2026] [wsgi:error] [pid 9:tid 140076393932480] [remote 10.0.0.70:53106] 2026-07-11 03:44:50.789 9 WARNING keystone.common.password_hashing [None req-607b3727-a7ef-488f-a49e-8d5de4299dcc - - - - - -] Truncating password to algorithm specific maximum length 72 characters.
[Sat Jul 11 03:44:51.061541 2026] [wsgi:error] [pid 9:tid 140076393932480] [remote 10.0.0.70:53106] 2026-07-11 03:44:51.061 9 WARNING keystone.common.fernet_utils [None req-607b3727-a7ef-488f-a49e-8d5de4299dcc - - - - - -] key_repository is world readable: /etc/keystone/fernet-keys/ 10.0.0.70 - - [11/Jul/2026:03:44:50 +0000] "POST /v3/auth/tokens HTTP/1.1" 201 1992
[Sat Jul 11 03:44:51.228799 2026] [wsgi:error] [pid 11:tid 140076393932480] [remote 10.0.0.70:53106] 2026-07-11 03:44:51.216 11 ERROR keystone.server.flask.application [None req-6ca62706-29c3-4de2-9c86-7de4f4c7b0d9 e7913585148e4a2da1b6e5ea81781b85 9fb250a8046a4939b8c56a39eda87869 - - default default] Conflict occurred attempting to store project - it is not permitted to have two projects acting as domains with the same name: service.: keystone.exception.Conflict: Conflict occurred attempting to store project - it is not permitted to have two projects acting as domains with the same name: service.
[Sat Jul 11 03:44:51.228828 2026] [wsgi:error] [pid 11:tid 140076393932480] [remote 10.0.0.70:53106] 2026-07-11 03:44:51.216 11 ERROR keystone.server.flask.application
Traceback (most recent call last):
[Sat Jul 11 03:44:51.228830 2026] [wsgi:error] [pid 11:tid 140076393932480] [remote 10.0.0.70:53106] 2026-07-11 03:44:51.216 11 ERROR keystone.server.flask.application
File "/var/lib/openstack/lib/python3.12/site-packages/sqlalchemy/engine/base.py", line 1969, in _exec_single_context
[Sat Jul 11 03:44:51.228832 2026] [wsgi:error] [pid 11:tid 140076393932480] [remote 10.0.0.70:53106] 2026-07-11 03:44:51.216 11 ERROR keystone.server.flask.application self.dialect.do_execute(
[Sat Jul 11 03:44:51.228833 2026] [wsgi:error] [pid 11:tid 140076393932480] [remote 10.0.0.70:53106] 2026-07-11 03:44:51.216 11 ERROR keystone.server.flask.application
File "/var/lib/openstack/lib/python3.12/site-packages/sqlalchemy/engine/default.py", line 952, in do_execute
[Sat Jul 11 03:44:51.228835 2026] [wsgi:error] [pid 11:tid 140076393932480] [remote 10.0.0.70:53106] 2026-07-11 03:44:51.216 11 ERROR keystone.server.flask.application cursor.execute(statement, parameters)
[Sat Jul 11 03:44:51.228836 2026] [wsgi:error] [pid 11:tid 140076393932480] [remote 10.0.0.70:53106] 2026-07-11 03:44:51.216 11 ERROR keystone.server.flask.application
File "/var/lib/openstack/lib/python3.12/site-packages/pymysql/cursors.py", line 159, in execute
[Sat Jul 11 03:44:51.228837 2026] [wsgi:error] [pid 11:tid 140076393932480] [remote 10.0.0.70:53106] 2026-07-11 03:44:51.216 11 ERROR keystone.server.flask.application result = self._query(query)
[Sat Jul 11 03:44:51.228839 2026] [wsgi:error] [pid 11:tid 140076393932480] [remote 10.0.0.70:53106] 2026-07-11 03:44:51.216 11 ERROR keystone.server.flask.application ^^^^^^^^^^^^^^^^^^
[Sat Jul 11 03:44:51.228840 2026] [wsgi:error] [pid 11:tid 140076393932480] [remote 10.0.0.70:53106] 2026-07-11 03:44:51.216 11 ERROR keystone.server.flask.application
File "/var/lib/openstack/lib/python3.12/site-packages/pymysql/cursors.py", line 330, in _query
[Sat Jul 11 03:44:51.228842 2026] [wsgi:error] [pid 11:tid 140076393932480] [remote 10.0.0.70:53106] 2026-07-11 03:44:51.216 11 ERROR keystone.server.flask.application conn.query(q)
[Sat Jul 11 03:44:51.228843 2026] [wsgi:error] [pid 11:tid 140076393932480] [remote 10.0.0.70:53106] 2026-07-11 03:44:51.216 11 ERROR keystone.server.flask.application
File "/var/lib/openstack/lib/python3.12/site-packages/pymysql/connections.py", line 582, in query
[Sat Jul 11 03:44:51.228845 2026] [wsgi:error] [pid 11:tid 140076393932480] [remote 10.0.0.70:53106] 2026-07-11 03:44:51.216 11 ERROR keystone.server.flask.application self._affected_rows = self._read_query_result(unbuffered=unbuffered)
[Sat Jul 11 03:44:51.228846 2026] [wsgi:error] [pid 11:tid 140076393932480] [remote 10.0.0.70:53106] 2026-07-11 03:44:51.216 11 ERROR keystone.server.flask.application ^^^^^^^^^^^^^^^^^^^^^^^^^^^^^^^^^^^^^^^^^^^^^^
[Sat Jul 11 03:44:51.228847 2026] [wsgi:error] [pid 11:tid 140076393932480] [remote 10.0.0.70:53106] 2026-07-11 03:44:51.216 11 ERROR keystone.server.flask.application
File "/var/lib/openstack/lib/python3.12/site-packages/pymysql/connections.py", line 847, in _read_query_result
[Sat Jul 11 03:44:51.228849 2026] [wsgi:error] [pid 11:tid 140076393932480] [remote 10.0.0.70:53106] 2026-07-11 03:44:51.216 11 ERROR keystone.server.flask.application result.read()
[Sat Jul 11 03:44:51.228852 2026] [wsgi:error] [pid 11:tid 140076393932480] [remote 10.0.0.70:53106] 2026-07-11 03:44:51.216 11 ERROR keystone.server.flask.application
File "/var/lib/openstack/lib/python3.12/site-packages/pymysql/connections.py", line 1245, in read
[Sat Jul 11 03:44:51.228853 2026] [wsgi:error] [pid 11:tid 140076393932480] [remote 10.0.0.70:53106] 2026-07-11 03:44:51.216 11 ERROR keystone.server.flask.application first_packet = self.connection._read_packet()
[Sat Jul 11 03:44:51.228854 2026] [wsgi:error] [pid 11:tid 140076393932480] [remote 10.0.0.70:53106] 2026-07-11 03:44:51.216 11 ERROR keystone.server.flask.application ^^^^^^^^^^^^^^^^^^^^^^^^^^^^^^
[Sat Jul 11 03:44:51.228856 2026] [wsgi:error] [pid 11:tid 140076393932480] [remote 10.0.0.70:53106] 2026-07-11 03:44:51.216 11 ERROR keystone.server.flask.application
File "/var/lib/openstack/lib/python3.12/site-packages/pymysql/connections.py", line 803, in _read_packet
[Sat Jul 11 03:44:51.228857 2026] [wsgi:error] [pid 11:tid 140076393932480] [remote 10.0.0.70:53106] 2026-07-11 03:44:51.216 11 ERROR keystone.server.flask.application packet.raise_for_error()
[Sat Jul 11 03:44:51.228858 2026] [wsgi:error] [pid 11:tid 140076393932480] [remote 10.0.0.70:53106] 2026-07-11 03:44:51.216 11 ERROR keystone.server.flask.application
File "/var/lib/openstack/lib/python3.12/site-packages/pymysql/protocol.py", line 219, in raise_for_error
[Sat Jul 11 03:44:51.228860 2026] [wsgi:error] [pid 11:tid 140076393932480] [remote 10.0.0.70:53106] 2026-07-11 03:44:51.216 11 ERROR keystone.server.flask.application err.raise_mysql_exception(self._data)
[Sat Jul 11 03:44:51.228861 2026] [wsgi:error] [pid 11:tid 140076393932480] [remote 10.0.0.70:53106] 2026-07-11 03:44:51.216 11 ERROR keystone.server.flask.application
File "/var/lib/openstack/lib/python3.12/site-packages/pymysql/err.py", line 154, in raise_mysql_exception
[Sat Jul 11 03:44:51.228863 2026] [wsgi:error] [pid 11:tid 140076393932480] [remote 10.0.0.70:53106] 2026-07-11 03:44:51.216 11 ERROR keystone.server.flask.application raise errorclass(errno, errval, sqlstate=sqlstate)
[Sat Jul 11 03:44:51.228864 2026] [wsgi:error] [pid 11:tid 140076393932480] [remote 10.0.0.70:53106] 2026-07-11 03:44:51.216 11 ERROR keystone.server.flask.application pymysql.err.IntegrityError: (1062, "Duplicate entry '<>-service' for key 'project.ixu_project_name_domain_id'")
[Sat Jul 11 03:44:51.228866 2026] [wsgi:error] [pid 11:tid 140076393932480] [remote 10.0.0.70:53106] 2026-07-11 03:44:51.216 11 ERROR keystone.server.flask.application
[Sat Jul 11 03:44:51.228867 2026] [wsgi:error] [pid 11:tid 140076393932480] [remote 10.0.0.70:53106] 2026-07-11 03:44:51.216 11 ERROR keystone.server.flask.application The above exception was the direct cause of the following exception:
[Sat Jul 11 03:44:51.228868 2026] [wsgi:error] [pid 11:tid 140076393932480] [remote 10.0.0.70:53106] 2026-07-11 03:44:51.216 11 ERROR keystone.server.flask.application
[Sat Jul 11 03:44:51.228870 2026] [wsgi:error] [pid 11:tid 140076393932480] [remote 10.0.0.70:53106] 2026-07-11 03:44:51.216 11 ERROR keystone.server.flask.application
Traceback (most recent call last):
[Sat Jul 11 03:44:51.228871 2026] [wsgi:error] [pid 11:tid 140076393932480] [remote 10.0.0.70:53106] 2026-07-11 03:44:51.216 11 ERROR keystone.server.flask.application
File "/var/lib/openstack/lib/python3.12/site-packages/keystone/common/sql/core.py", line 575, in wrapper
[Sat Jul 11 03:44:51.228873 2026] [wsgi:error] [pid 11:tid 140076393932480] [remote 10.0.0.70:53106] 2026-07-11 03:44:51.216 11 ERROR keystone.server.flask.application return method(*args, **kwargs)
[Sat Jul 11 03:44:51.228874 2026] [wsgi:error] [pid 11:tid 140076393932480] [remote 10.0.0.70:53106] 2026-07-11 03:44:51.216 11 ERROR keystone.server.flask.application ^^^^^^^^^^^^^^^^^^^^^^^
[Sat Jul 11 03:44:51.228876 2026] [wsgi:error] [pid 11:tid 140076393932480] [remote 10.0.0.70:53106] 2026-07-11 03:44:51.216 11 ERROR keystone.server.flask.application
File "/var/lib/openstack/lib/python3.12/site-packages/keystone/resource/backends/sql.py", line 278, in create_project
[Sat Jul 11 03:44:51.228878 2026] [wsgi:error] [pid 11:tid 140076393932480] [remote 10.0.0.70:53106] 2026-07-11 03:44:51.216 11 ERROR keystone.server.flask.application with sql.session_for_write() as session:
[Sat Jul 11 03:44:51.228879 2026] [wsgi:error] [pid 11:tid 140076393932480] [remote 10.0.0.70:53106] 2026-07-11 03:44:51.216 11 ERROR keystone.server.flask.application
File "/usr/lib/python3.12/contextlib.py", line 144, in __exit__
[Sat Jul 11 03:44:51.228881 2026] [wsgi:error] [pid 11:tid 140076393932480] [remote 10.0.0.70:53106] 2026-07-11 03:44:51.216 11 ERROR keystone.server.flask.application next(self.gen)
[Sat Jul 11 03:44:51.228882 2026] [wsgi:error] [pid 11:tid 140076393932480] [remote 10.0.0.70:53106] 2026-07-11 03:44:51.216 11 ERROR keystone.server.flask.application
File "/var/lib/openstack/lib/python3.12/site-packages/oslo_db/sqlalchemy/enginefacade.py", line 1175, in _transaction_scope
[Sat Jul 11 03:44:51.228883 2026] [wsgi:error] [pid 11:tid 140076393932480] [remote 10.0.0.70:53106] 2026-07-11 03:44:51.216 11 ERROR keystone.server.flask.application with current._produce_block(
[Sat Jul 11 03:44:51.228885 2026] [wsgi:error] [pid 11:tid 140076393932480] [remote 10.0.0.70:53106] 2026-07-11 03:44:51.216 11 ERROR keystone.server.flask.application
File "/usr/lib/python3.12/contextlib.py", line 144, in __exit__
[Sat Jul 11 03:44:51.228886 2026] [wsgi:error] [pid 11:tid 140076393932480] [remote 10.0.0.70:53106] 2026-07-11 03:44:51.216 11 ERROR keystone.server.flask.application next(self.gen)
[Sat Jul 11 03:44:51.228887 2026] [wsgi:error] [pid 11:tid 140076393932480] [remote 10.0.0.70:53106] 2026-07-11 03:44:51.216 11 ERROR keystone.server.flask.application
File "/var/lib/openstack/lib/python3.12/site-packages/oslo_db/sqlalchemy/enginefacade.py", line 837, in _session
[Sat Jul 11 03:44:51.228889 2026] [wsgi:error] [pid 11:tid 140076393932480] [remote 10.0.0.70:53106] 2026-07-11 03:44:51.216 11 ERROR keystone.server.flask.application with excutils.save_and_reraise_exception():
[Sat Jul 11 03:44:51.228890 2026] [wsgi:error] [pid 11:tid 140076393932480] [remote 10.0.0.70:53106] 2026-07-11 03:44:51.216 11 ERROR keystone.server.flask.application
File "/var/lib/openstack/lib/python3.12/site-packages/oslo_utils/excutils.py", line 266, in __exit__
[Sat Jul 11 03:44:51.228892 2026] [wsgi:error] [pid 11:tid 140076393932480] [remote 10.0.0.70:53106] 2026-07-11 03:44:51.216 11 ERROR keystone.server.flask.application self.force_reraise()
[Sat Jul 11 03:44:51.228893 2026] [wsgi:error] [pid 11:tid 140076393932480] [remote 10.0.0.70:53106] 2026-07-11 03:44:51.216 11 ERROR keystone.server.flask.application
File "/var/lib/openstack/lib/python3.12/site-packages/oslo_utils/excutils.py", line 232, in force_reraise
[Sat Jul 11 03:44:51.228894 2026] [wsgi:error] [pid 11:tid 140076393932480] [remote 10.0.0.70:53106] 2026-07-11 03:44:51.216 11 ERROR keystone.server.flask.application raise self.value
[Sat Jul 11 03:44:51.228896 2026] [wsgi:error] [pid 11:tid 140076393932480] [remote 10.0.0.70:53106] 2026-07-11 03:44:51.216 11 ERROR keystone.server.flask.application
File "/var/lib/openstack/lib/python3.12/site-packages/oslo_db/sqlalchemy/enginefacade.py", line 835, in _session
[Sat Jul 11 03:44:51.228897 2026] [wsgi:error] [pid 11:tid 140076393932480] [remote 10.0.0.70:53106] 2026-07-11 03:44:51.216 11 ERROR keystone.server.flask.application self._end_session_transaction(self.session)
[Sat Jul 11 03:44:51.228898 2026] [wsgi:error] [pid 11:tid 140076393932480] [remote 10.0.0.70:53106] 2026-07-11 03:44:51.216 11 ERROR keystone.server.flask.application
File "/var/lib/openstack/lib/python3.12/site-packages/oslo_db/sqlalchemy/enginefacade.py", line 748, in _end_session_transaction
[Sat Jul 11 03:44:51.228901 2026] [wsgi:error] [pid 11:tid 140076393932480] [remote 10.0.0.70:53106] 2026-07-11 03:44:51.216 11 ERROR keystone.server.flask.application session.commit()
[Sat Jul 11 03:44:51.228902 2026] [wsgi:error] [pid 11:tid 140076393932480] [remote 10.0.0.70:53106] 2026-07-11 03:44:51.216 11 ERROR keystone.server.flask.application
File "/var/lib/openstack/lib/python3.12/site-packages/sqlalchemy/orm/session.py", line 2034, in commit
[Sat Jul 11 03:44:51.228904 2026] [wsgi:error] [pid 11:tid 140076393932480] [remote 10.0.0.70:53106] 2026-07-11 03:44:51.216 11 ERROR keystone.server.flask.application trans.commit(_to_root=True)
[Sat Jul 11 03:44:51.228905 2026] [wsgi:error] [pid 11:tid 140076393932480] [remote 10.0.0.70:53106] 2026-07-11 03:44:51.216 11 ERROR keystone.server.flask.application File "", line 2, in commit
[Sat Jul 11 03:44:51.228906 2026] [wsgi:error] [pid 11:tid 140076393932480] [remote 10.0.0.70:53106] 2026-07-11 03:44:51.216 11 ERROR keystone.server.flask.application
File "/var/lib/openstack/lib/python3.12/site-packages/sqlalchemy/orm/state_changes.py", line 137, in _go
[Sat Jul 11 03:44:51.228908 2026] [wsgi:error] [pid 11:tid 140076393932480] [remote 10.0.0.70:53106] 2026-07-11 03:44:51.216 11 ERROR keystone.server.flask.application ret_value = fn(self, *arg, **kw)
[Sat Jul 11 03:44:51.228909 2026] [wsgi:error] [pid 11:tid 140076393932480] [remote 10.0.0.70:53106] 2026-07-11 03:44:51.216 11 ERROR keystone.server.flask.application ^^^^^^^^^^^^^^^^^^^^
[Sat Jul 11 03:44:51.228910 2026] [wsgi:error] [pid 11:tid 140076393932480] [remote 10.0.0.70:53106] 2026-07-11 03:44:51.216 11 ERROR keystone.server.flask.application
File "/var/lib/openstack/lib/python3.12/site-packages/sqlalchemy/orm/session.py", line 1315, in commit
[Sat Jul 11 03:44:51.228912 2026] [wsgi:error] [pid 11:tid 140076393932480] [remote 10.0.0.70:53106] 2026-07-11 03:44:51.216 11 ERROR keystone.server.flask.application self._prepare_impl()
[Sat Jul 11 03:44:51.228913 2026] [wsgi:error] [pid 11:tid 140076393932480] [remote 10.0.0.70:53106] 2026-07-11 03:44:51.216 11 ERROR keystone.server.flask.application File "", line 2, in _prepare_impl
[Sat Jul 11 03:44:51.228949 2026] [wsgi:error] [pid 11:tid 140076393932480] [remote 10.0.0.70:53106] 2026-07-11 03:44:51.216 11 ERROR keystone.server.flask.application
File "/var/lib/openstack/lib/python3.12/site-packages/sqlalchemy/orm/state_changes.py", line 137, in _go
[Sat Jul 11 03:44:51.228950 2026] [wsgi:error] [pid 11:tid 140076393932480] [remote 10.0.0.70:53106] 2026-07-11 03:44:51.216 11 ERROR keystone.server.flask.application ret_value = fn(self, *arg, **kw)
[Sat Jul 11 03:44:51.228952 2026] [wsgi:error] [pid 11:tid 140076393932480] [remote 10.0.0.70:53106] 2026-07-11 03:44:51.216 11 ERROR keystone.server.flask.application ^^^^^^^^^^^^^^^^^^^^
[Sat Jul 11 03:44:51.228953 2026] [wsgi:error] [pid 11:tid 140076393932480] [remote 10.0.0.70:53106] 2026-07-11 03:44:51.216 11 ERROR keystone.server.flask.application
File "/var/lib/openstack/lib/python3.12/site-packages/sqlalchemy/orm/session.py", line 1290, in _prepare_impl
[Sat Jul 11 03:44:51.228955 2026] [wsgi:error] [pid 11:tid 140076393932480] [remote 10.0.0.70:53106] 2026-07-11 03:44:51.216 11 ERROR keystone.server.flask.application self.session.flush()
[Sat Jul 11 03:44:51.228956 2026] [wsgi:error] [pid 11:tid 140076393932480] [remote 10.0.0.70:53106] 2026-07-11 03:44:51.216 11 ERROR keystone.server.flask.application
File "/var/lib/openstack/lib/python3.12/site-packages/sqlalchemy/orm/session.py", line 4352, in flush
[Sat Jul 11 03:44:51.228958 2026] [wsgi:error] [pid 11:tid 140076393932480] [remote 10.0.0.70:53106] 2026-07-11 03:44:51.216 11 ERROR keystone.server.flask.application self._flush(objects)
[Sat Jul 11 03:44:51.228959 2026] [wsgi:error] [pid 11:tid 140076393932480] [remote 10.0.0.70:53106] 2026-07-11 03:44:51.216 11 ERROR keystone.server.flask.application
File "/var/lib/openstack/lib/python3.12/site-packages/sqlalchemy/orm/session.py", line 4487, in _flush
[Sat Jul 11 03:44:51.228961 2026] [wsgi:error] [pid 11:tid 140076393932480] [remote 10.0.0.70:53106] 2026-07-11 03:44:51.216 11 ERROR keystone.server.flask.application with util.safe_reraise():
[Sat Jul 11 03:44:51.228962 2026] [wsgi:error] [pid 11:tid 140076393932480] [remote 10.0.0.70:53106] 2026-07-11 03:44:51.216 11 ERROR keystone.server.flask.application
File "/var/lib/openstack/lib/python3.12/site-packages/sqlalchemy/util/langhelpers.py", line 122, in __exit__
[Sat Jul 11 03:44:51.228964 2026] [wsgi:error] [pid 11:tid 140076393932480] [remote 10.0.0.70:53106] 2026-07-11 03:44:51.216 11 ERROR keystone.server.flask.application raise exc_value.with_traceback(exc_tb)
[Sat Jul 11 03:44:51.228965 2026] [wsgi:error] [pid 11:tid 140076393932480] [remote 10.0.0.70:53106] 2026-07-11 03:44:51.216 11 ERROR keystone.server.flask.application
File "/var/lib/openstack/lib/python3.12/site-packages/sqlalchemy/orm/session.py", line 4448, in _flush
[Sat Jul 11 03:44:51.228967 2026] [wsgi:error] [pid 11:tid 140076393932480] [remote 10.0.0.70:53106] 2026-07-11 03:44:51.216 11 ERROR keystone.server.flask.application flush_context.execute()
[Sat Jul 11 03:44:51.228968 2026] [wsgi:error] [pid 11:tid 140076393932480] [remote 10.0.0.70:53106] 2026-07-11 03:44:51.216 11 ERROR keystone.server.flask.application
File "/var/lib/openstack/lib/python3.12/site-packages/sqlalchemy/orm/unitofwork.py", line 465, in execute
