2026-06-15 20:35:23.058 8 INFO neutron.quota.resource_registry [None req-883670f9-8fa9-46b2-911e-7c041efbc9c1 - - - - - -] Creating instance of TrackedResource for resource:network
2026-06-15 20:35:23.058 8 INFO neutron.quota.resource_registry [None req-883670f9-8fa9-46b2-911e-7c041efbc9c1 - - - - - -] Creating instance of TrackedResource for resource:subnet
2026-06-15 20:35:23.058 7 INFO neutron.api.extensions [None req-82470285-ae8c-4366-a138-7bd79a1be9c6 - - - - - -] Loaded extension: binding
2026-06-15 20:35:23.059 8 INFO neutron.quota.resource_registry [None req-883670f9-8fa9-46b2-911e-7c041efbc9c1 - - - - - -] Creating instance of TrackedResource for resource:subnetpool
2026-06-15 20:35:23.059 8 INFO neutron.quota.resource_registry [None req-883670f9-8fa9-46b2-911e-7c041efbc9c1 - - - - - -] Creating instance of TrackedResource for resource:port
2026-06-15 20:35:23.060 7 INFO neutron.api.extensions [None req-82470285-ae8c-4366-a138-7bd79a1be9c6 - - - - - -] Loaded extension: binding-extended
2026-06-15 20:35:23.060 7 INFO neutron.api.extensions [None req-82470285-ae8c-4366-a138-7bd79a1be9c6 - - - - - -] Loaded extension: port-security
2026-06-15 20:35:23.061 7 INFO neutron.api.extensions [None req-82470285-ae8c-4366-a138-7bd79a1be9c6 - - - - - -] Loaded extension: project-id
2026-06-15 20:35:23.061 7 INFO neutron.api.extensions [None req-82470285-ae8c-4366-a138-7bd79a1be9c6 - - - - - -] Loaded extension: provider
2026-06-15 20:35:23.063 8 INFO neutron.quota.resource_registry [None req-883670f9-8fa9-46b2-911e-7c041efbc9c1 - - - - - -] Creating instance of TrackedResource for resource:router
2026-06-15 20:35:23.064 7 INFO neutron.api.extensions [None req-82470285-ae8c-4366-a138-7bd79a1be9c6 - - - - - -] Loaded extension: qos
2026-06-15 20:35:23.064 8 INFO neutron.quota.resource_registry [None req-883670f9-8fa9-46b2-911e-7c041efbc9c1 - - - - - -] Creating instance of TrackedResource for resource:floatingip
2026-06-15 20:35:23.065 7 INFO neutron.api.extensions [None req-82470285-ae8c-4366-a138-7bd79a1be9c6 - - - - - -] Loaded extension: qos-bw-limit-direction
2026-06-15 20:35:23.065 7 INFO neutron.api.extensions [None req-82470285-ae8c-4366-a138-7bd79a1be9c6 - - - - - -] Loaded extension: qos-bw-minimum-ingress
2026-06-15 20:35:23.066 7 INFO neutron.api.extensions [None req-82470285-ae8c-4366-a138-7bd79a1be9c6 - - - - - -] Loaded extension: qos-default
2026-06-15 20:35:23.067 7 INFO neutron.api.extensions [None req-82470285-ae8c-4366-a138-7bd79a1be9c6 - - - - - -] Loaded extension: qos-fip
2026-06-15 20:35:23.067 7 INFO neutron.api.extensions [None req-82470285-ae8c-4366-a138-7bd79a1be9c6 - - - - - -] Extension qos-fip-network-policy not supported by any of loaded plugins
2026-06-15 20:35:23.068 7 INFO neutron.api.extensions [None req-82470285-ae8c-4366-a138-7bd79a1be9c6 - - - - - -] Loaded extension: qos-gateway-ip
2026-06-15 20:35:23.068 7 INFO neutron.api.extensions [None req-82470285-ae8c-4366-a138-7bd79a1be9c6 - - - - - -] Loaded extension: qos-port-network-policy
2026-06-15 20:35:23.069 7 INFO neutron.api.extensions [None req-82470285-ae8c-4366-a138-7bd79a1be9c6 - - - - - -] Loaded extension: qos-pps-minimum
2026-06-15 20:35:23.070 7 INFO neutron.api.extensions [None req-82470285-ae8c-4366-a138-7bd79a1be9c6 - - - - - -] Loaded extension: qos-pps-minimum-rule-alias
2026-06-15 20:35:23.070 7 INFO neutron.api.extensions [None req-82470285-ae8c-4366-a138-7bd79a1be9c6 - - - - - -] Loaded extension: qos-pps
2026-06-15 20:35:23.070 8 INFO neutron.quota.resource_registry [None req-883670f9-8fa9-46b2-911e-7c041efbc9c1 - - - - - -] Creating instance of CountableResource for resource:rbac_policy
2026-06-15 20:35:23.071 7 INFO neutron.api.extensions [None req-82470285-ae8c-4366-a138-7bd79a1be9c6 - - - - - -] Loaded extension: qos-rule-type-details
2026-06-15 20:35:23.071 8 INFO neutron.quota.resource_registry [None req-883670f9-8fa9-46b2-911e-7c041efbc9c1 - - - - - -] Creating instance of TrackedResource for resource:security_group
2026-06-15 20:35:23.072 7 INFO neutron.api.extensions [None req-82470285-ae8c-4366-a138-7bd79a1be9c6 - - - - - -] Loaded extension: qos-rule-type-filter
2026-06-15 20:35:23.072 8 INFO neutron.quota.resource_registry [None req-883670f9-8fa9-46b2-911e-7c041efbc9c1 - - - - - -] Creating instance of TrackedResource for resource:security_group_rule
2026-06-15 20:35:23.072 7 INFO neutron.api.extensions [None req-82470285-ae8c-4366-a138-7bd79a1be9c6 - - - - - -] Loaded extension: qos-rules-alias
2026-06-15 20:35:23.073 7 INFO neutron.api.extensions [None req-82470285-ae8c-4366-a138-7bd79a1be9c6 - - - - - -] Loaded extension: quota-check-limit
2026-06-15 20:35:23.073 8 INFO neutron.quota.resource_registry [None req-883670f9-8fa9-46b2-911e-7c041efbc9c1 - - - - - -] Creating instance of TrackedResource for resource:subnetpool
2026-06-15 20:35:23.073 8 WARNING neutron.quota.resource_registry [None req-883670f9-8fa9-46b2-911e-7c041efbc9c1 - - - - - -] subnetpool is already registered
2026-06-15 20:35:23.074 8 INFO neutron.quota.resource_registry [None req-883670f9-8fa9-46b2-911e-7c041efbc9c1 - - - - - -] Creating instance of TrackedResource for resource:subnetpool
2026-06-15 20:35:23.074 8 WARNING neutron.quota.resource_registry [None req-883670f9-8fa9-46b2-911e-7c041efbc9c1 - - - - - -] subnetpool is already registered
2026-06-15 20:35:23.075 8 INFO neutron.quota.resource_registry [None req-883670f9-8fa9-46b2-911e-7c041efbc9c1 - - - - - -] Creating instance of CountableResource for resource:trunk
2026-06-15 20:35:23.075 7 INFO neutron.api.extensions [None req-82470285-ae8c-4366-a138-7bd79a1be9c6 - - - - - -] Loaded extension: quotas
2026-06-15 20:35:23.075 8 INFO neutron.quota.resource_registry [None req-883670f9-8fa9-46b2-911e-7c041efbc9c1 - - - - - -] Creating instance of CountableResource for resource:endpoint_group
2026-06-15 20:35:23.076 8 INFO neutron.quota.resource_registry [None req-883670f9-8fa9-46b2-911e-7c041efbc9c1 - - - - - -] Creating instance of CountableResource for resource:vpnservice
2026-06-15 20:35:23.076 7 INFO neutron.api.extensions [None req-82470285-ae8c-4366-a138-7bd79a1be9c6 - - - - - -] Loaded extension: quota_details
2026-06-15 20:35:23.076 8 INFO neutron.quota.resource_registry [None req-883670f9-8fa9-46b2-911e-7c041efbc9c1 - - - - - -] Creating instance of CountableResource for resource:ipsec_site_connection
2026-06-15 20:35:23.077 8 INFO neutron.quota.resource_registry [None req-883670f9-8fa9-46b2-911e-7c041efbc9c1 - - - - - -] Creating instance of CountableResource for resource:ipsecpolicy
2026-06-15 20:35:23.077 8 INFO neutron.quota.resource_registry [None req-883670f9-8fa9-46b2-911e-7c041efbc9c1 - - - - - -] Creating instance of CountableResource for resource:ikepolicy
2026-06-15 20:35:23.077 7 INFO neutron.api.extensions [None req-82470285-ae8c-4366-a138-7bd79a1be9c6 - - - - - -] Loaded extension: rbac-policies
2026-06-15 20:35:23.078 7 INFO neutron.api.extensions [None req-82470285-ae8c-4366-a138-7bd79a1be9c6 - - - - - -] Loaded extension: rbac-address-group
2026-06-15 20:35:23.079 7 INFO neutron.api.extensions [None req-82470285-ae8c-4366-a138-7bd79a1be9c6 - - - - - -] Loaded extension: rbac-address-scope
2026-06-15 20:35:23.080 7 INFO neutron.api.extensions [None req-82470285-ae8c-4366-a138-7bd79a1be9c6 - - - - - -] Loaded extension: rbac-security-groups
2026-06-15 20:35:23.080 7 INFO neutron.api.extensions [None req-82470285-ae8c-4366-a138-7bd79a1be9c6 - - - - - -] Loaded extension: rbac-subnetpool
2026-06-15 20:35:23.081 7 INFO neutron.api.extensions [None req-82470285-ae8c-4366-a138-7bd79a1be9c6 - - - - - -] Loaded extension: revision-if-match
2026-06-15 20:35:23.082 7 INFO neutron.api.extensions [None req-82470285-ae8c-4366-a138-7bd79a1be9c6 - - - - - -] Loaded extension: standard-attr-revisions
2026-06-15 20:35:23.082 7 INFO neutron.api.extensions [None req-82470285-ae8c-4366-a138-7bd79a1be9c6 - - - - - -] Loaded extension: router_availability_zone
2026-06-15 20:35:23.083 7 INFO neutron.api.extensions [None req-82470285-ae8c-4366-a138-7bd79a1be9c6 - - - - - -] Extension router-service-type not supported by any of loaded plugins
2026-06-15 20:35:23.083 8 INFO neutron.quota.resource_registry [None req-883670f9-8fa9-46b2-911e-7c041efbc9c1 - - - - - -] Creating instance of TrackedResource for resource:router
2026-06-15 20:35:23.084 8 WARNING neutron.quota.resource_registry [None req-883670f9-8fa9-46b2-911e-7c041efbc9c1 - - - - - -] router is already registered
2026-06-15 20:35:23.084 8 INFO neutron.quota.resource_registry [None req-883670f9-8fa9-46b2-911e-7c041efbc9c1 - - - - - -] Creating instance of TrackedResource for resource:floatingip
2026-06-15 20:35:23.084 8 WARNING neutron.quota.resource_registry [None req-883670f9-8fa9-46b2-911e-7c041efbc9c1 - - - - - -] floatingip is already registered
2026-06-15 20:35:23.085 7 INFO neutron.api.extensions [None req-82470285-ae8c-4366-a138-7bd79a1be9c6 - - - - - -] Loaded extension: security-groups-default-rules
2026-06-15 20:35:23.085 7 INFO neutron.api.extensions [None req-82470285-ae8c-4366-a138-7bd79a1be9c6 - - - - - -] Loaded extension: security-groups-normalized-cidr
2026-06-15 20:35:23.086 7 INFO neutron.api.extensions [None req-82470285-ae8c-4366-a138-7bd79a1be9c6 - - - - - -] Loaded extension: port-security-groups-filtering
2026-06-15 20:35:23.087 7 INFO neutron.api.extensions [None req-82470285-ae8c-4366-a138-7bd79a1be9c6 - - - - - -] Loaded extension: security-groups-remote-address-group
2026-06-15 20:35:23.087 7 INFO neutron.api.extensions [None req-82470285-ae8c-4366-a138-7bd79a1be9c6 - - - - - -] Loaded extension: security-groups-rules-belongs-to-default-sg
2026-06-15 20:35:23.088 7 INFO neutron.api.extensions [None req-82470285-ae8c-4366-a138-7bd79a1be9c6 - - - - - -] Loaded extension: security-groups-shared-filtering
2026-06-15 20:35:23.090 8 INFO neutron.quota.resource_registry [None req-883670f9-8fa9-46b2-911e-7c041efbc9c1 - - - - - -] Creating instance of CountableResource for resource:rbac_policy
2026-06-15 20:35:23.091 8 WARNING neutron.quota.resource_registry [None req-883670f9-8fa9-46b2-911e-7c041efbc9c1 - - - - - -] rbac_policy is already registered
2026-06-15 20:35:23.091 8 INFO neutron.quota.resource_registry [None req-883670f9-8fa9-46b2-911e-7c041efbc9c1 - - - - - -] Creating instance of TrackedResource for resource:security_group
2026-06-15 20:35:23.092 8 WARNING neutron.quota.resource_registry [None req-883670f9-8fa9-46b2-911e-7c041efbc9c1 - - - - - -] security_group is already registered
2026-06-15 20:35:23.092 8 INFO neutron.quota.resource_registry [None req-883670f9-8fa9-46b2-911e-7c041efbc9c1 - - - - - -] Creating instance of TrackedResource for resource:security_group_rule
2026-06-15 20:35:23.092 8 WARNING neutron.quota.resource_registry [None req-883670f9-8fa9-46b2-911e-7c041efbc9c1 - - - - - -] security_group_rule is already registered
2026-06-15 20:35:23.093 8 INFO neutron.quota.resource_registry [None req-883670f9-8fa9-46b2-911e-7c041efbc9c1 - - - - - -] Creating instance of TrackedResource for resource:subnetpool
2026-06-15 20:35:23.094 8 WARNING neutron.quota.resource_registry [None req-883670f9-8fa9-46b2-911e-7c041efbc9c1 - - - - - -] subnetpool is already registered
2026-06-15 20:35:23.094 8 INFO neutron.quota.resource_registry [None req-883670f9-8fa9-46b2-911e-7c041efbc9c1 - - - - - -] Creating instance of TrackedResource for resource:subnetpool
2026-06-15 20:35:23.095 8 WARNING neutron.quota.resource_registry [None req-883670f9-8fa9-46b2-911e-7c041efbc9c1 - - - - - -] subnetpool is already registered
2026-06-15 20:35:23.095 8 INFO neutron.quota.resource_registry [None req-883670f9-8fa9-46b2-911e-7c041efbc9c1 - - - - - -] Creating instance of CountableResource for resource:trunk
2026-06-15 20:35:23.095 8 WARNING neutron.quota.resource_registry [None req-883670f9-8fa9-46b2-911e-7c041efbc9c1 - - - - - -] trunk is already registered
2026-06-15 20:35:23.096 8 INFO neutron.quota.resource_registry [None req-883670f9-8fa9-46b2-911e-7c041efbc9c1 - - - - - -] Creating instance of CountableResource for resource:endpoint_group
2026-06-15 20:35:23.096 8 WARNING neutron.quota.resource_registry [None req-883670f9-8fa9-46b2-911e-7c041efbc9c1 - - - - - -] endpoint_group is already registered
2026-06-15 20:35:23.097 8 INFO neutron.quota.resource_registry [None req-883670f9-8fa9-46b2-911e-7c041efbc9c1 - - - - - -] Creating instance of CountableResource for resource:vpnservice
2026-06-15 20:35:23.097 8 WARNING neutron.quota.resource_registry [None req-883670f9-8fa9-46b2-911e-7c041efbc9c1 - - - - - -] vpnservice is already registered
2026-06-15 20:35:23.097 8 INFO neutron.quota.resource_registry [None req-883670f9-8fa9-46b2-911e-7c041efbc9c1 - - - - - -] Creating instance of CountableResource for resource:ipsec_site_connection
2026-06-15 20:35:23.098 8 WARNING neutron.quota.resource_registry [None req-883670f9-8fa9-46b2-911e-7c041efbc9c1 - - - - - -] ipsec_site_connection is already registered
2026-06-15 20:35:23.098 7 INFO neutron.api.extensions [None req-82470285-ae8c-4366-a138-7bd79a1be9c6 - - - - - -] Loaded extension: security-group
2026-06-15 20:35:23.098 8 INFO neutron.quota.resource_registry [None req-883670f9-8fa9-46b2-911e-7c041efbc9c1 - - - - - -] Creating instance of CountableResource for resource:ipsecpolicy
2026-06-15 20:35:23.098 8 WARNING neutron.quota.resource_registry [None req-883670f9-8fa9-46b2-911e-7c041efbc9c1 - - - - - -] ipsecpolicy is already registered
2026-06-15 20:35:23.099 8 INFO neutron.quota.resource_registry [None req-883670f9-8fa9-46b2-911e-7c041efbc9c1 - - - - - -] Creating instance of CountableResource for resource:ikepolicy
2026-06-15 20:35:23.099 7 INFO neutron.api.extensions [None req-82470285-ae8c-4366-a138-7bd79a1be9c6 - - - - - -] Loaded extension: segment
2026-06-15 20:35:23.099 8 WARNING neutron.quota.resource_registry [None req-883670f9-8fa9-46b2-911e-7c041efbc9c1 - - - - - -] ikepolicy is already registered
2026-06-15 20:35:23.100 7 INFO neutron.api.extensions [None req-82470285-ae8c-4366-a138-7bd79a1be9c6 - - - - - -] Loaded extension: segments-peer-subnet-host-routes
2026-06-15 20:35:23.100 7 INFO neutron.api.extensions [None req-82470285-ae8c-4366-a138-7bd79a1be9c6 - - - - - -] Loaded extension: service-type
2026-06-15 20:35:23.101 7 INFO neutron.api.extensions [None req-82470285-ae8c-4366-a138-7bd79a1be9c6 - - - - - -] Loaded extension: sorting
2026-06-15 20:35:23.101 7 INFO neutron.api.extensions [None req-82470285-ae8c-4366-a138-7bd79a1be9c6 - - - - - -] Loaded extension: standard-attr-segment
2026-06-15 20:35:23.102 7 INFO neutron.api.extensions [None req-82470285-ae8c-4366-a138-7bd79a1be9c6 - - - - - -] Loaded extension: standard-attr-description
2026-06-15 20:35:23.103 7 INFO neutron.api.extensions [None req-82470285-ae8c-4366-a138-7bd79a1be9c6 - - - - - -] Loaded extension: stateful-security-group
2026-06-15 20:35:23.103 7 WARNING neutron.api.extensions [None req-82470285-ae8c-4366-a138-7bd79a1be9c6 - - - - - -] Did not find expected name "Stdattrs_common" in /var/lib/openstack/lib/python3.10/site-packages/neutron/extensions/stdattrs_common.py
2026-06-15 20:35:23.104 7 INFO neutron.api.extensions [None req-82470285-ae8c-4366-a138-7bd79a1be9c6 - - - - - -] Extension subnet-dns-publish-fixed-ip not supported by any of loaded plugins
2026-06-15 20:35:23.105 7 INFO neutron.api.extensions [None req-82470285-ae8c-4366-a138-7bd79a1be9c6 - - - - - -] Loaded extension: subnet_onboard
2026-06-15 20:35:23.105 7 INFO neutron.api.extensions [None req-82470285-ae8c-4366-a138-7bd79a1be9c6 - - - - - -] Loaded extension: subnet-segmentid-writable
2026-06-15 20:35:23.106 7 INFO neutron.api.extensions [None req-82470285-ae8c-4366-a138-7bd79a1be9c6 - - - - - -] Loaded extension: subnet-service-types
2026-06-15 20:35:23.107 7 INFO neutron.api.extensions [None req-82470285-ae8c-4366-a138-7bd79a1be9c6 - - - - - -] Loaded extension: subnet_allocation
2026-06-15 20:35:23.107 7 INFO neutron.api.extensions [None req-82470285-ae8c-4366-a138-7bd79a1be9c6 - - - - - -] Loaded extension: subnetpool-prefix-ops
2026-06-15 20:35:23.108 7 INFO neutron.api.extensions [None req-82470285-ae8c-4366-a138-7bd79a1be9c6 - - - - - -] Extension tag-ports-during-bulk-creation not supported by any of loaded plugins
2026-06-15 20:35:23.111 7 INFO neutron.api.extensions [None req-82470285-ae8c-4366-a138-7bd79a1be9c6 - - - - - -] Loaded extension: standard-attr-tag
2026-06-15 20:35:23.112 7 INFO neutron.api.extensions [None req-82470285-ae8c-4366-a138-7bd79a1be9c6 - - - - - -] Loaded extension: standard-attr-timestamp
2026-06-15 20:35:23.112 7 INFO neutron.api.extensions [None req-82470285-ae8c-4366-a138-7bd79a1be9c6 - - - - - -] Loaded extension: trunk
2026-06-15 20:35:23.113 7 INFO neutron.api.extensions [None req-82470285-ae8c-4366-a138-7bd79a1be9c6 - - - - - -] Loaded extension: trunk-details
2026-06-15 20:35:23.113 7 INFO neutron.api.extensions [None req-82470285-ae8c-4366-a138-7bd79a1be9c6 - - - - - -] Extension uplink-status-propagation not supported by any of loaded plugins
2026-06-15 20:35:23.114 7 INFO neutron.api.extensions [None req-82470285-ae8c-4366-a138-7bd79a1be9c6 - - - - - -] Extension vlan-transparent not supported by any of loaded plugins
2026-06-15 20:35:23.116 7 INFO neutron.api.extensions [None req-82470285-ae8c-4366-a138-7bd79a1be9c6 - - - - - -] Extension vpn-agent-scheduler not supported by any of loaded plugins
2026-06-15 20:35:23.117 7 INFO neutron.api.extensions [None req-82470285-ae8c-4366-a138-7bd79a1be9c6 - - - - - -] Loaded extension: vpn-endpoint-groups
2026-06-15 20:35:23.117 7 INFO neutron.api.extensions [None req-82470285-ae8c-4366-a138-7bd79a1be9c6 - - - - - -] Loaded extension: vpn-flavors
2026-06-15 20:35:23.119 7 INFO neutron.api.extensions [None req-82470285-ae8c-4366-a138-7bd79a1be9c6 - - - - - -] Loaded extension: vpnaas
2026-06-15 20:35:23.121 7 INFO neutron.quota.resource_registry [None req-82470285-ae8c-4366-a138-7bd79a1be9c6 - - - - - -] Creating instance of TrackedResource for resource:network
2026-06-15 20:35:23.122 7 INFO neutron.quota.resource_registry [None req-82470285-ae8c-4366-a138-7bd79a1be9c6 - - - - - -] Creating instance of TrackedResource for resource:subnet
2026-06-15 20:35:23.122 7 INFO neutron.quota.resource_registry [None req-82470285-ae8c-4366-a138-7bd79a1be9c6 - - - - - -] Creating instance of TrackedResource for resource:subnetpool
2026-06-15 20:35:23.122 7 INFO neutron.quota.resource_registry [None req-82470285-ae8c-4366-a138-7bd79a1be9c6 - - - - - -] Creating instance of TrackedResource for resource:port
2026-06-15 20:35:23.126 7 INFO neutron.quota.resource_registry [None req-82470285-ae8c-4366-a138-7bd79a1be9c6 - - - - - -] Creating instance of TrackedResource for resource:router
2026-06-15 20:35:23.127 7 INFO neutron.quota.resource_registry [None req-82470285-ae8c-4366-a138-7bd79a1be9c6 - - - - - -] Creating instance of TrackedResource for resource:floatingip
2026-06-15 20:35:23.134 7 INFO neutron.quota.resource_registry [None req-82470285-ae8c-4366-a138-7bd79a1be9c6 - - - - - -] Creating instance of CountableResource for resource:rbac_policy
2026-06-15 20:35:23.135 7 INFO neutron.quota.resource_registry [None req-82470285-ae8c-4366-a138-7bd79a1be9c6 - - - - - -] Creating instance of TrackedResource for resource:security_group
2026-06-15 20:35:23.136 7 INFO neutron.quota.resource_registry [None req-82470285-ae8c-4366-a138-7bd79a1be9c6 - - - - - -] Creating instance of TrackedResource for resource:security_group_rule
2026-06-15 20:35:23.138 7 INFO neutron.quota.resource_registry [None req-82470285-ae8c-4366-a138-7bd79a1be9c6 - - - - - -] Creating instance of TrackedResource for resource:subnetpool
2026-06-15 20:35:23.138 7 WARNING neutron.quota.resource_registry [None req-82470285-ae8c-4366-a138-7bd79a1be9c6 - - - - - -] subnetpool is already registered
2026-06-15 20:35:23.139 7 INFO neutron.quota.resource_registry [None req-82470285-ae8c-4366-a138-7bd79a1be9c6 - - - - - -] Creating instance of TrackedResource for resource:subnetpool
2026-06-15 20:35:23.140 7 WARNING neutron.quota.resource_registry [None req-82470285-ae8c-4366-a138-7bd79a1be9c6 - - - - - -] subnetpool is already registered
2026-06-15 20:35:23.141 7 INFO neutron.quota.resource_registry [None req-82470285-ae8c-4366-a138-7bd79a1be9c6 - - - - - -] Creating instance of CountableResource for resource:trunk
2026-06-15 20:35:23.141 7 INFO neutron.quota.resource_registry [None req-82470285-ae8c-4366-a138-7bd79a1be9c6 - - - - - -] Creating instance of CountableResource for resource:endpoint_group
2026-06-15 20:35:23.142 7 INFO neutron.quota.resource_registry [None req-82470285-ae8c-4366-a138-7bd79a1be9c6 - - - - - -] Creating instance of CountableResource for resource:vpnservice
2026-06-15 20:35:23.142 8 WARNING keystonemiddleware._common.config [None req-883670f9-8fa9-46b2-911e-7c041efbc9c1 - - - - - -] The option "audit_map_file" is not known to keystonemiddleware
2026-06-15 20:35:23.143 7 INFO neutron.quota.resource_registry [None req-82470285-ae8c-4366-a138-7bd79a1be9c6 - - - - - -] Creating instance of CountableResource for resource:ipsec_site_connection
2026-06-15 20:35:23.144 7 INFO neutron.quota.resource_registry [None req-82470285-ae8c-4366-a138-7bd79a1be9c6 - - - - - -] Creating instance of CountableResource for resource:ipsecpolicy
2026-06-15 20:35:23.144 7 INFO neutron.quota.resource_registry [None req-82470285-ae8c-4366-a138-7bd79a1be9c6 - - - - - -] Creating instance of CountableResource for resource:ikepolicy
2026-06-15 20:35:23.149 7 INFO neutron.quota.resource_registry [None req-82470285-ae8c-4366-a138-7bd79a1be9c6 - - - - - -] Creating instance of TrackedResource for resource:router
2026-06-15 20:35:23.149 7 WARNING neutron.quota.resource_registry [None req-82470285-ae8c-4366-a138-7bd79a1be9c6 - - - - - -] router is already registered
2026-06-15 20:35:23.150 8 WARNING oslo_config.cfg [None req-883670f9-8fa9-46b2-911e-7c041efbc9c1 - - - - - -] Deprecated: Option "auth_uri" from group "keystone_authtoken" is deprecated. Use option "www_authenticate_uri" from group "keystone_authtoken".
2026-06-15 20:35:23.150 7 INFO neutron.quota.resource_registry [None req-82470285-ae8c-4366-a138-7bd79a1be9c6 - - - - - -] Creating instance of TrackedResource for resource:floatingip
2026-06-15 20:35:23.150 7 WARNING neutron.quota.resource_registry [None req-82470285-ae8c-4366-a138-7bd79a1be9c6 - - - - - -] floatingip is already registered WSGI app 0 (mountpoint='') ready in 7 seconds on interpreter 0x560ddd94e130 pid: 8 (default app)
2026-06-15 20:35:23.156 7 INFO neutron.quota.resource_registry [None req-82470285-ae8c-4366-a138-7bd79a1be9c6 - - - - - -] Creating instance of CountableResource for resource:rbac_policy
2026-06-15 20:35:23.156 7 WARNING neutron.quota.resource_registry [None req-82470285-ae8c-4366-a138-7bd79a1be9c6 - - - - - -] rbac_policy is already registered
2026-06-15 20:35:23.157 7 INFO neutron.quota.resource_registry [None req-82470285-ae8c-4366-a138-7bd79a1be9c6 - - - - - -] Creating instance of TrackedResource for resource:security_group
2026-06-15 20:35:23.158 7 WARNING neutron.quota.resource_registry [None req-82470285-ae8c-4366-a138-7bd79a1be9c6 - - - - - -] security_group is already registered
2026-06-15 20:35:23.158 7 INFO neutron.quota.resource_registry [None req-82470285-ae8c-4366-a138-7bd79a1be9c6 - - - - - -] Creating instance of TrackedResource for resource:security_group_rule
2026-06-15 20:35:23.159 7 WARNING neutron.quota.resource_registry [None req-82470285-ae8c-4366-a138-7bd79a1be9c6 - - - - - -] security_group_rule is already registered
2026-06-15 20:35:23.160 7 INFO neutron.quota.resource_registry [None req-82470285-ae8c-4366-a138-7bd79a1be9c6 - - - - - -] Creating instance of TrackedResource for resource:subnetpool
2026-06-15 20:35:23.160 7 WARNING neutron.quota.resource_registry [None req-82470285-ae8c-4366-a138-7bd79a1be9c6 - - - - - -] subnetpool is already registered
2026-06-15 20:35:23.161 7 INFO neutron.quota.resource_registry [None req-82470285-ae8c-4366-a138-7bd79a1be9c6 - - - - - -] Creating instance of TrackedResource for resource:subnetpool
2026-06-15 20:35:23.161 7 WARNING neutron.quota.resource_registry [None req-82470285-ae8c-4366-a138-7bd79a1be9c6 - - - - - -] subnetpool is already registered
2026-06-15 20:35:23.162 7 INFO neutron.quota.resource_registry [None req-82470285-ae8c-4366-a138-7bd79a1be9c6 - - - - - -] Creating instance of CountableResource for resource:trunk
2026-06-15 20:35:23.162 7 WARNING neutron.quota.resource_registry [None req-82470285-ae8c-4366-a138-7bd79a1be9c6 - - - - - -] trunk is already registered
2026-06-15 20:35:23.163 7 INFO neutron.quota.resource_registry [None req-82470285-ae8c-4366-a138-7bd79a1be9c6 - - - - - -] Creating instance of CountableResource for resource:endpoint_group
2026-06-15 20:35:23.163 7 WARNING neutron.quota.resource_registry [None req-82470285-ae8c-4366-a138-7bd79a1be9c6 - - - - - -] endpoint_group is already registered
2026-06-15 20:35:23.163 7 INFO neutron.quota.resource_registry [None req-82470285-ae8c-4366-a138-7bd79a1be9c6 - - - - - -] Creating instance of CountableResource for resource:vpnservice
2026-06-15 20:35:23.164 7 WARNING neutron.quota.resource_registry [None req-82470285-ae8c-4366-a138-7bd79a1be9c6 - - - - - -] vpnservice is already registered
2026-06-15 20:35:23.164 7 INFO neutron.quota.resource_registry [None req-82470285-ae8c-4366-a138-7bd79a1be9c6 - - - - - -] Creating instance of CountableResource for resource:ipsec_site_connection
2026-06-15 20:35:23.164 7 WARNING neutron.quota.resource_registry [None req-82470285-ae8c-4366-a138-7bd79a1be9c6 - - - - - -] ipsec_site_connection is already registered
2026-06-15 20:35:23.165 7 INFO neutron.quota.resource_registry [None req-82470285-ae8c-4366-a138-7bd79a1be9c6 - - - - - -] Creating instance of CountableResource for resource:ipsecpolicy
2026-06-15 20:35:23.165 7 WARNING neutron.quota.resource_registry [None req-82470285-ae8c-4366-a138-7bd79a1be9c6 - - - - - -] ipsecpolicy is already registered
2026-06-15 20:35:23.166 7 INFO neutron.quota.resource_registry [None req-82470285-ae8c-4366-a138-7bd79a1be9c6 - - - - - -] Creating instance of CountableResource for resource:ikepolicy
2026-06-15 20:35:23.166 7 WARNING neutron.quota.resource_registry [None req-82470285-ae8c-4366-a138-7bd79a1be9c6 - - - - - -] ikepolicy is already registered
2026-06-15 20:35:23.218 7 WARNING keystonemiddleware._common.config [None req-82470285-ae8c-4366-a138-7bd79a1be9c6 - - - - - -] The option "audit_map_file" is not known to keystonemiddleware
2026-06-15 20:35:23.226 7 WARNING oslo_config.cfg [None req-82470285-ae8c-4366-a138-7bd79a1be9c6 - - - - - -] Deprecated: Option "auth_uri" from group "keystone_authtoken" is deprecated. Use option "www_authenticate_uri" from group "keystone_authtoken". WSGI app 0 (mountpoint='') ready in 7 seconds on interpreter 0x560ddd94e130 pid: 7 (default app) /var/lib/openstack/lib/python3.10/site-packages/pycadf/identifier.py:71: UserWarning: Invalid uuid: unknown. To ensure interoperability, identifiers should be a valid uuid. warnings.warn(('Invalid uuid: %s. To ensure interoperability, '
2026-06-15 20:35:29.104 8 INFO neutron.pecan_wsgi.hooks.translation [None req-d92a90fa-a50e-4256-91cd-12050e4eb6c9 2c2b2c47352c499087d5f362a29301a0 7582adb249044cbe96560e61856709fa - - default default] GET failed (client error): The resource could not be found. [pid: 8|app: 0|req: 4/4] 199.19.213.180 () {44 vars in 928 bytes} [Mon Jun 15 20:35:28 2026] GET /v2.0/networks/public => generated 108 bytes in 952 msecs (HTTP/1.1 404) 4 headers in 164 bytes (1 switches on core 0) /var/lib/openstack/lib/python3.10/site-packages/pycadf/identifier.py:71: UserWarning: Invalid uuid: unknown. To ensure interoperability, identifiers should be a valid uuid. warnings.warn(('Invalid uuid: %s. To ensure interoperability, ' [pid: 7|app: 0|req: 1/5] 199.19.213.180 () {44 vars in 950 bytes} [Mon Jun 15 20:35:29 2026] GET /v2.0/networks?name=public => generated 15 bytes in 472 msecs (HTTP/1.1 200) 4 headers in 156 bytes (1 switches on core 0)
2026-06-15 20:35:29.749 8 WARNING oslo_policy.policy [None req-eff5281f-1708-4eff-8b38-922a6ff6bbef 2c2b2c47352c499087d5f362a29301a0 7582adb249044cbe96560e61856709fa - - default default] Policies ['get_subnets_tags'] reference a rule that is not defined.
2026-06-15 20:35:29.945 8 WARNING neutron.services.revisions.revision_plugin [None req-eff5281f-1708-4eff-8b38-922a6ff6bbef 2c2b2c47352c499087d5f362a29301a0 7582adb249044cbe96560e61856709fa - - default default] Could not find related network for resource to bump revision.
2026-06-15 20:35:29.982 8 INFO neutron.db.segments_db [None req-eff5281f-1708-4eff-8b38-922a6ff6bbef 2c2b2c47352c499087d5f362a29301a0 7582adb249044cbe96560e61856709fa - - default default] Added segment 18fdaa9a-f48b-4229-87e6-86addd54074a of type flat for network 32cff403-bbb7-473b-bd9d-1994534d6af2
2026-06-15 20:35:30.045 8 INFO neutron.pecan_wsgi.hooks.translation [None req-eff5281f-1708-4eff-8b38-922a6ff6bbef 2c2b2c47352c499087d5f362a29301a0 7582adb249044cbe96560e61856709fa - - default default] POST failed (client error): The resource could not be found. [pid: 8|app: 0|req: 5/6] 199.19.213.180 () {48 vars in 968 bytes} [Mon Jun 15 20:35:29 2026] POST /v2.0/networks => generated 124 bytes in 476 msecs (HTTP/1.1 404) 4 headers in 164 bytes (1 switches on core 0)
2026-06-15 20:35:35.999 8 INFO neutron.pecan_wsgi.hooks.translation [None req-c39ec941-f115-4b69-87f6-b239a95637af 2c2b2c47352c499087d5f362a29301a0 7582adb249044cbe96560e61856709fa - - default default] GET failed (client error): The resource could not be found. [pid: 8|app: 0|req: 6/8] 199.19.213.180 () {44 vars in 928 bytes} [Mon Jun 15 20:35:35 2026] GET /v2.0/networks/public => generated 108 bytes in 58 msecs (HTTP/1.1 404) 4 headers in 164 bytes (1 switches on core 0) [pid: 7|app: 0|req: 3/9] 199.19.213.180 () {44 vars in 950 bytes} [Mon Jun 15 20:35:36 2026] GET /v2.0/networks?name=public => generated 15 bytes in 21 msecs (HTTP/1.1 200) 4 headers in 156 bytes (1 switches on core 0)
2026-06-15 20:35:36.090 8 WARNING neutron.services.revisions.revision_plugin [None req-35cc5fe3-9075-498a-bfd9-b9366a8c2af4 2c2b2c47352c499087d5f362a29301a0 7582adb249044cbe96560e61856709fa - - default default] Could not find related network for resource to bump revision.
2026-06-15 20:35:36.105 8 INFO neutron.db.segments_db [None req-35cc5fe3-9075-498a-bfd9-b9366a8c2af4 2c2b2c47352c499087d5f362a29301a0 7582adb249044cbe96560e61856709fa - - default default] Added segment 9d29ac73-45a8-4e4e-9f93-9d83a9a21289 of type flat for network fa239daf-7fad-49fe-80d9-8babd04447eb
2026-06-15 20:35:36.142 8 INFO neutron.pecan_wsgi.hooks.translation [None req-35cc5fe3-9075-498a-bfd9-b9366a8c2af4 2c2b2c47352c499087d5f362a29301a0 7582adb249044cbe96560e61856709fa - - default default] POST failed (client error): The resource could not be found. [pid: 8|app: 0|req: 7/10] 199.19.213.180 () {48 vars in 968 bytes} [Mon Jun 15 20:35:36 2026] POST /v2.0/networks => generated 124 bytes in 151 msecs (HTTP/1.1 404) 4 headers in 164 bytes (1 switches on core 0)
2026-06-15 20:35:42.480 7 INFO neutron.pecan_wsgi.hooks.translation [None req-14f003ad-3a58-4978-92c2-1dd4d991ab66 2c2b2c47352c499087d5f362a29301a0 7582adb249044cbe96560e61856709fa - - default default] GET failed (client error): The resource could not be found. [pid: 7|app: 0|req: 4/11] 199.19.213.180 () {44 vars in 928 bytes} [Mon Jun 15 20:35:42 2026] GET /v2.0/networks/public => generated 108 bytes in 420 msecs (HTTP/1.1 404) 4 headers in 164 bytes (1 switches on core 0) [pid: 8|app: 0|req: 8/12] 199.19.213.180 () {44 vars in 950 bytes} [Mon Jun 15 20:35:42 2026] GET /v2.0/networks?name=public => generated 15 bytes in 24 msecs (HTTP/1.1 200) 4 headers in 156 bytes (1 switches on core 0)
2026-06-15 20:35:42.685 7 WARNING oslo_policy.policy [None req-b49c5052-a885-4a8c-99fa-e59ac961ea12 2c2b2c47352c499087d5f362a29301a0 7582adb249044cbe96560e61856709fa - - default default] Policies ['get_subnets_tags'] reference a rule that is not defined.
2026-06-15 20:35:42.742 7 WARNING neutron.services.revisions.revision_plugin [None req-b49c5052-a885-4a8c-99fa-e59ac961ea12 2c2b2c47352c499087d5f362a29301a0 7582adb249044cbe96560e61856709fa - - default default] Could not find related network for resource to bump revision.
2026-06-15 20:35:42.767 7 INFO neutron.db.segments_db [None req-b49c5052-a885-4a8c-99fa-e59ac961ea12 2c2b2c47352c499087d5f362a29301a0 7582adb249044cbe96560e61856709fa - - default default] Added segment 6c653665-72e8-472c-8a3c-90b0efeb45ba of type flat for network b94d3021-6729-4f9f-9d32-82ea610e7f28
2026-06-15 20:35:42.836 7 INFO neutron.pecan_wsgi.hooks.translation [None req-b49c5052-a885-4a8c-99fa-e59ac961ea12 2c2b2c47352c499087d5f362a29301a0 7582adb249044cbe96560e61856709fa - - default default] POST failed (client error): The resource could not be found. [pid: 7|app: 0|req: 5/13] 199.19.213.180 () {48 vars in 968 bytes} [Mon Jun 15 20:35:42 2026] POST /v2.0/networks => generated 124 bytes in 334 msecs (HTTP/1.1 404) 4 headers in 164 bytes (1 switches on core 0)
2026-06-15 20:35:48.843 8 INFO neutron.pecan_wsgi.hooks.translation [None req-92b4c146-2295-4858-aaa9-3f073c0773a2 2c2b2c47352c499087d5f362a29301a0 7582adb249044cbe96560e61856709fa - - default default] GET failed (client error): The resource could not be found. [pid: 8|app: 0|req: 9/14] 199.19.213.180 () {44 vars in 928 bytes} [Mon Jun 15 20:35:48 2026] GET /v2.0/networks/public => generated 108 bytes in 67 msecs (HTTP/1.1 404) 4 headers in 164 bytes (1 switches on core 0) [pid: 7|app: 0|req: 6/15] 199.19.213.180 () {44 vars in 950 bytes} [Mon Jun 15 20:35:48 2026] GET /v2.0/networks?name=public => generated 15 bytes in 28 msecs (HTTP/1.1 200) 4 headers in 156 bytes (1 switches on core 0)
2026-06-15 20:35:48.966 8 WARNING neutron.services.revisions.revision_plugin [None req-bc36edbd-c389-469e-b99f-8d7b78cca19e 2c2b2c47352c499087d5f362a29301a0 7582adb249044cbe96560e61856709fa - - default default] Could not find related network for resource to bump revision.
2026-06-15 20:35:48.990 8 INFO neutron.db.segments_db [None req-bc36edbd-c389-469e-b99f-8d7b78cca19e 2c2b2c47352c499087d5f362a29301a0 7582adb249044cbe96560e61856709fa - - default default] Added segment e7bf502c-ef5b-4ee8-a7ca-cae999f56e01 of type flat for network 427864c1-edf4-480e-bb69-3b17acc65b5e
2026-06-15 20:35:49.022 8 INFO neutron.pecan_wsgi.hooks.translation [None req-bc36edbd-c389-469e-b99f-8d7b78cca19e 2c2b2c47352c499087d5f362a29301a0 7582adb249044cbe96560e61856709fa - - default default] POST failed (client error): The resource could not be found. [pid: 8|app: 0|req: 10/16] 199.19.213.180 () {48 vars in 968 bytes} [Mon Jun 15 20:35:48 2026] POST /v2.0/networks => generated 124 bytes in 147 msecs (HTTP/1.1 404) 4 headers in 164 bytes (1 switches on core 0)
2026-06-15 20:35:54.928 8 INFO neutron.pecan_wsgi.hooks.translation [None req-5a98cf44-ad9e-42b8-a9ee-5530a6812853 2c2b2c47352c499087d5f362a29301a0 7582adb249044cbe96560e61856709fa - - default default] GET failed (client error): The resource could not be found. [pid: 8|app: 0|req: 11/18] 199.19.213.180 () {44 vars in 928 bytes} [Mon Jun 15 20:35:54 2026] GET /v2.0/networks/public => generated 108 bytes in 63 msecs (HTTP/1.1 404) 4 headers in 164 bytes (1 switches on core 0) [pid: 7|app: 0|req: 8/19] 199.19.213.180 () {44 vars in 950 bytes} [Mon Jun 15 20:35:54 2026] GET /v2.0/networks?name=public => generated 15 bytes in 23 msecs (HTTP/1.1 200) 4 headers in 156 bytes (1 switches on core 0)
2026-06-15 20:35:55.062 8 WARNING neutron.services.revisions.revision_plugin [None req-5f9421e6-807e-4a25-8f88-5975080dfd1f 2c2b2c47352c499087d5f362a29301a0 7582adb249044cbe96560e61856709fa - - default default] Could not find related network for resource to bump revision.
2026-06-15 20:35:55.086 8 INFO neutron.db.segments_db [None req-5f9421e6-807e-4a25-8f88-5975080dfd1f 2c2b2c47352c499087d5f362a29301a0 7582adb249044cbe96560e61856709fa - - default default] Added segment 26bbc466-1100-43f3-9578-079f25bcecab of type flat for network 080778f5-f22b-4171-8da6-3d2f1b62c02f [pid: 8|app: 0|req: 12/20] 199.19.213.180 () {48 vars in 968 bytes} [Mon Jun 15 20:35:54 2026] POST /v2.0/networks => generated 706 bytes in 277 msecs (HTTP/1.1 201) 4 headers in 162 bytes (1 switches on core 0)
2026-06-15 20:35:56.509 7 INFO neutron.pecan_wsgi.hooks.translation [None req-4e95cc4c-27d6-4726-ba08-98e1aef56dc0 2c2b2c47352c499087d5f362a29301a0 7582adb249044cbe96560e61856709fa - - default default] GET failed (client error): The resource could not be found. [pid: 7|app: 0|req: 9/21] 199.19.213.180 () {44 vars in 928 bytes} [Mon Jun 15 20:35:56 2026] GET /v2.0/networks/public => generated 108 bytes in 57 msecs (HTTP/1.1 404) 4 headers in 164 bytes (1 switches on core 0) [pid: 8|app: 0|req: 13/22] 199.19.213.180 () {44 vars in 950 bytes} [Mon Jun 15 20:35:56 2026] GET /v2.0/networks?name=public => generated 709 bytes in 78 msecs (HTTP/1.1 200) 4 headers in 157 bytes (1 switches on core 0)
2026-06-15 20:35:56.632 7 INFO neutron.pecan_wsgi.hooks.translation [None req-deb76e98-f4a6-4b60-ae43-b6cee58f8aff 2c2b2c47352c499087d5f362a29301a0 7582adb249044cbe96560e61856709fa - - default default] GET failed (client error): The resource could not be found. [pid: 7|app: 0|req: 10/23] 199.19.213.180 () {44 vars in 1035 bytes} [Mon Jun 15 20:35:56 2026] GET /v2.0/subnets/public-subnet?network_id=080778f5-f22b-4171-8da6-3d2f1b62c02f => generated 113 bytes in 27 msecs (HTTP/1.1 404) 4 headers in 164 bytes (1 switches on core 0) [pid: 8|app: 0|req: 14/24] 199.19.213.180 () {44 vars in 1058 bytes} [Mon Jun 15 20:35:56 2026] GET /v2.0/subnets?name=public-subnet&network_id=080778f5-f22b-4171-8da6-3d2f1b62c02f => generated 14 bytes in 40 msecs (HTTP/1.1 200) 4 headers in 156 bytes (1 switches on core 0) [pid: 7|app: 0|req: 11/25] 199.19.213.180 () {48 vars in 966 bytes} [Mon Jun 15 20:35:56 2026] POST /v2.0/subnets => generated 641 bytes in 442 msecs (HTTP/1.1 201) 4 headers in 162 bytes (1 switches on core 0)
2026-06-15 20:40:38.527 7 ERROR oslo.messaging._drivers.impl_rabbit [-] [2f69074a-c860-41dd-9a3e-9b98fc761acf] AMQP server on rabbitmq-neutron.openstack.svc.cluster.local:5672 is unreachable: . Trying again in 1 seconds.: amqp.exceptions.RecoverableConnectionError: 
2026-06-15 20:40:38.532 7 ERROR oslo.messaging._drivers.impl_rabbit [-] [01b724d4-7df5-4703-b711-15f480152c8b] AMQP server on rabbitmq-neutron.openstack.svc.cluster.local:5672 is unreachable: . Trying again in 1 seconds.: amqp.exceptions.RecoverableConnectionError: 
2026-06-15 20:40:38.533 7 INFO oslo.messaging._drivers.impl_rabbit [-] A recoverable connection/channel error occurred, trying to reconnect: Server unexpectedly closed connection Mon Jun 15 20:40:38 2026 - SIGPIPE: writing to a closed pipe/socket/fd (probably the client disconnected) on request /v2.0/networks/lb-mgmt-net (ip 199.19.213.180) !!!
2026-06-15 20:40:38.670 7 INFO neutron.pecan_wsgi.hooks.translation [None req-af45fd49-8c4b-4b0c-a32f-c74377d2fb1a 2c2b2c47352c499087d5f362a29301a0 7582adb249044cbe96560e61856709fa - - default default] GET failed (client error): The resource could not be found. [pid: 7|app: 0|req: 30/63] 199.19.213.180 () {44 vars in 938 bytes} [Mon Jun 15 20:40:38 2026] GET /v2.0/networks/lb-mgmt-net => generated 113 bytes in 152 msecs (HTTP/1.1 404) 4 headers in 164 bytes (1 switches on core 0)
2026-06-15 20:40:38.684 8 ERROR oslo.messaging._drivers.impl_rabbit [-] [e8e61d89-f222-476d-a94c-5e735484eb3a] AMQP server on rabbitmq-neutron.openstack.svc.cluster.local:5672 is unreachable: . Trying again in 1 seconds.: amqp.exceptions.RecoverableConnectionError: 
2026-06-15 20:40:38.686 8 ERROR oslo.messaging._drivers.impl_rabbit [-] [8b888470-14ec-49da-817f-2facf9b2db7b] AMQP server on rabbitmq-neutron.openstack.svc.cluster.local:5672 is unreachable: . Trying again in 1 seconds.: amqp.exceptions.RecoverableConnectionError: 
2026-06-15 20:40:38.689 8 INFO oslo.messaging._drivers.impl_rabbit [-] A recoverable connection/channel error occurred, trying to reconnect: Server unexpectedly closed connection Mon Jun 15 20:40:38 2026 - SIGPIPE: writing to a closed pipe/socket/fd (probably the client disconnected) on request /v2.0/networks?name=lb-mgmt-net (ip 199.19.213.180) !!! [pid: 8|app: 0|req: 34/64] 199.19.213.180 () {44 vars in 960 bytes} [Mon Jun 15 20:40:38 2026] GET /v2.0/networks?name=lb-mgmt-net => generated 15 bytes in 30 msecs (HTTP/1.1 200) 4 headers in 156 bytes (1 switches on core 0)
2026-06-15 20:40:38.813 7 INFO neutron.db.segments_db [None req-cf0c0240-fcc3-4443-aca8-1fcad2ec4092 2c2b2c47352c499087d5f362a29301a0 7582adb249044cbe96560e61856709fa - - default default] Added segment 2b8b789c-5264-4f92-ab8f-5e4c3817a303 of type vxlan for network bcc84391-075a-4b60-bbfd-6b6accfb1847 [pid: 7|app: 0|req: 31/65] 199.19.213.180 () {48 vars in 967 bytes} [Mon Jun 15 20:40:38 2026] POST /v2.0/networks => generated 707 bytes in 255 msecs (HTTP/1.1 201) 4 headers in 162 bytes (1 switches on core 0)
2026-06-15 20:40:39.931 8 INFO oslo.messaging._drivers.impl_rabbit [-] [8b888470-14ec-49da-817f-2facf9b2db7b] Reconnected to AMQP server on rabbitmq-neutron.openstack.svc.cluster.local:5672 via [amqp] client with port 49218.
2026-06-15 20:40:39.931 8 INFO oslo.messaging._drivers.impl_rabbit [-] [e8e61d89-f222-476d-a94c-5e735484eb3a] Reconnected to AMQP server on rabbitmq-neutron.openstack.svc.cluster.local:5672 via [amqp] client with port 49202.
2026-06-15 20:40:39.978 8 INFO neutron.pecan_wsgi.hooks.translation [None req-d1c5c539-20ac-43bf-8bee-c95c5bc5f62b 2c2b2c47352c499087d5f362a29301a0 7582adb249044cbe96560e61856709fa - - default default] GET failed (client error): The resource could not be found. [pid: 8|app: 0|req: 35/66] 199.19.213.180 () {44 vars in 938 bytes} [Mon Jun 15 20:40:39 2026] GET /v2.0/networks/lb-mgmt-net => generated 113 bytes in 78 msecs (HTTP/1.1 404) 4 headers in 164 bytes (1 switches on core 0)
2026-06-15 20:40:40.073 7 INFO oslo.messaging._drivers.impl_rabbit [-] [01b724d4-7df5-4703-b711-15f480152c8b] Reconnected to AMQP server on rabbitmq-neutron.openstack.svc.cluster.local:5672 via [amqp] client with port 49244.
2026-06-15 20:40:40.074 7 INFO oslo.messaging._drivers.impl_rabbit [-] [2f69074a-c860-41dd-9a3e-9b98fc761acf] Reconnected to AMQP server on rabbitmq-neutron.openstack.svc.cluster.local:5672 via [amqp] client with port 49228. [pid: 7|app: 0|req: 32/67] 199.19.213.180 () {44 vars in 960 bytes} [Mon Jun 15 20:40:39 2026] GET /v2.0/networks?name=lb-mgmt-net => generated 691 bytes in 100 msecs (HTTP/1.1 200) 4 headers in 157 bytes (1 switches on core 0)
2026-06-15 20:40:40.120 8 INFO neutron.pecan_wsgi.hooks.translation [None req-4d80a324-6c66-4ed7-9d54-757848627b9b 2c2b2c47352c499087d5f362a29301a0 7582adb249044cbe96560e61856709fa - - default default] GET failed (client error): The resource could not be found. [pid: 8|app: 0|req: 36/68] 199.19.213.180 () {44 vars in 1037 bytes} [Mon Jun 15 20:40:40 2026] GET /v2.0/subnets/lb-mgmt-subnet?network_id=bcc84391-075a-4b60-bbfd-6b6accfb1847 => generated 114 bytes in 26 msecs (HTTP/1.1 404) 4 headers in 164 bytes (1 switches on core 0) [pid: 7|app: 0|req: 33/69] 199.19.213.180 () {44 vars in 1060 bytes} [Mon Jun 15 20:40:40 2026] GET /v2.0/subnets?name=lb-mgmt-subnet&network_id=bcc84391-075a-4b60-bbfd-6b6accfb1847 => generated 14 bytes in 30 msecs (HTTP/1.1 200) 4 headers in 156 bytes (1 switches on core 0) [pid: 8|app: 0|req: 37/70] 199.19.213.180 () {48 vars in 966 bytes} [Mon Jun 15 20:40:40 2026] POST /v2.0/subnets => generated 627 bytes in 554 msecs (HTTP/1.1 201) 4 headers in 162 bytes (1 switches on core 0)
2026-06-15 20:40:41.970 7 INFO neutron.api.v2.resource [None req-8ba81355-7bed-4015-bb8b-8001ad7c47d9 2c2b2c47352c499087d5f362a29301a0 7582adb249044cbe96560e61856709fa - - default default] show failed (client error): The resource could not be found. [pid: 7|app: 0|req: 34/71] 199.19.213.180 () {44 vars in 972 bytes} [Mon Jun 15 20:40:41 2026] GET /v2.0/security-groups/lb-health-mgr-sec-grp => generated 131 bytes in 54 msecs (HTTP/1.1 404) 4 headers in 164 bytes (1 switches on core 0) [pid: 8|app: 0|req: 38/72] 199.19.213.180 () {44 vars in 994 bytes} [Mon Jun 15 20:40:41 2026] GET /v2.0/security-groups?name=lb-health-mgr-sec-grp => generated 23 bytes in 38 msecs (HTTP/1.1 200) 4 headers in 156 bytes (1 switches on core 0) [pid: 7|app: 0|req: 35/73] 199.19.213.180 () {48 vars in 981 bytes} [Mon Jun 15 20:40:42 2026] POST /v2.0/security-groups => generated 1616 bytes in 433 msecs (HTTP/1.1 201) 4 headers in 163 bytes (1 switches on core 0) [pid: 8|app: 0|req: 39/74] 199.19.213.180 () {44 vars in 1002 bytes} [Mon Jun 15 20:40:43 2026] GET /v2.0/security-groups/8d6dca41-460e-4669-8240-8cb7cd95937a => generated 1616 bytes in 70 msecs (HTTP/1.1 200) 4 headers in 158 bytes (1 switches on core 0) [pid: 7|app: 0|req: 36/75] 199.19.213.180 () {44 vars in 1002 bytes} [Mon Jun 15 20:40:43 2026] GET /v2.0/security-groups/8d6dca41-460e-4669-8240-8cb7cd95937a => generated 1616 bytes in 50 msecs (HTTP/1.1 200) 4 headers in 158 bytes (1 switches on core 0) [pid: 8|app: 0|req: 40/76] 199.19.213.180 () {44 vars in 1002 bytes} [Mon Jun 15 20:40:43 2026] GET /v2.0/security-groups/8d6dca41-460e-4669-8240-8cb7cd95937a => generated 1616 bytes in 38 msecs (HTTP/1.1 200) 4 headers in 158 bytes (1 switches on core 0) [pid: 7|app: 0|req: 37/77] 199.19.213.180 () {48 vars in 992 bytes} [Mon Jun 15 20:40:43 2026] POST /v2.0/security-group-rules => generated 601 bytes in 151 msecs (HTTP/1.1 201) 4 headers in 162 bytes (1 switches on core 0) [pid: 8|app: 0|req: 41/78] 199.19.213.180 () {44 vars in 1002 bytes} [Mon Jun 15 20:40:44 2026] GET /v2.0/security-groups/8d6dca41-460e-4669-8240-8cb7cd95937a => generated 2230 bytes in 66 msecs (HTTP/1.1 200) 4 headers in 158 bytes (1 switches on core 0) [pid: 7|app: 0|req: 38/79] 199.19.213.180 () {44 vars in 1002 bytes} [Mon Jun 15 20:40:44 2026] GET /v2.0/security-groups/8d6dca41-460e-4669-8240-8cb7cd95937a => generated 2230 bytes in 33 msecs (HTTP/1.1 200) 4 headers in 158 bytes (1 switches on core 0) [pid: 8|app: 0|req: 42/80] 199.19.213.180 () {44 vars in 1002 bytes} [Mon Jun 15 20:40:45 2026] GET /v2.0/security-groups/8d6dca41-460e-4669-8240-8cb7cd95937a => generated 2230 bytes in 25 msecs (HTTP/1.1 200) 4 headers in 158 bytes (1 switches on core 0) [pid: 7|app: 0|req: 39/81] 199.19.213.180 () {48 vars in 992 bytes} [Mon Jun 15 20:40:45 2026] POST /v2.0/security-group-rules => generated 603 bytes in 120 msecs (HTTP/1.1 201) 4 headers in 162 bytes (1 switches on core 0) [pid: 8|app: 0|req: 43/82] 199.19.213.180 () {44 vars in 1002 bytes} [Mon Jun 15 20:40:46 2026] GET /v2.0/security-groups/8d6dca41-460e-4669-8240-8cb7cd95937a => generated 2846 bytes in 66 msecs (HTTP/1.1 200) 4 headers in 158 bytes (1 switches on core 0) [pid: 7|app: 0|req: 40/83] 199.19.213.180 () {44 vars in 1002 bytes} [Mon Jun 15 20:40:46 2026] GET /v2.0/security-groups/8d6dca41-460e-4669-8240-8cb7cd95937a => generated 2846 bytes in 48 msecs (HTTP/1.1 200) 4 headers in 158 bytes (1 switches on core 0) [pid: 8|app: 0|req: 44/84] 199.19.213.180 () {44 vars in 1002 bytes} [Mon Jun 15 20:40:46 2026] GET /v2.0/security-groups/8d6dca41-460e-4669-8240-8cb7cd95937a => generated 2846 bytes in 31 msecs (HTTP/1.1 200) 4 headers in 158 bytes (1 switches on core 0) [pid: 7|app: 0|req: 41/85] 199.19.213.180 () {48 vars in 992 bytes} [Mon Jun 15 20:40:46 2026] POST /v2.0/security-group-rules => generated 603 bytes in 144 msecs (HTTP/1.1 201) 4 headers in 162 bytes (1 switches on core 0) [pid: 8|app: 0|req: 45/86] 199.19.213.180 () {44 vars in 1002 bytes} [Mon Jun 15 20:40:47 2026] GET /v2.0/security-groups/8d6dca41-460e-4669-8240-8cb7cd95937a => generated 3462 bytes in 76 msecs (HTTP/1.1 200) 4 headers in 158 bytes (1 switches on core 0) [pid: 7|app: 0|req: 42/87] 199.19.213.180 () {44 vars in 1002 bytes} [Mon Jun 15 20:40:47 2026] GET /v2.0/security-groups/8d6dca41-460e-4669-8240-8cb7cd95937a => generated 3462 bytes in 38 msecs (HTTP/1.1 200) 4 headers in 158 bytes (1 switches on core 0) [pid: 8|app: 0|req: 46/88] 199.19.213.180 () {44 vars in 1002 bytes} [Mon Jun 15 20:40:47 2026] GET /v2.0/security-groups/8d6dca41-460e-4669-8240-8cb7cd95937a => generated 3462 bytes in 47 msecs (HTTP/1.1 200) 4 headers in 158 bytes (1 switches on core 0) [pid: 7|app: 0|req: 43/89] 199.19.213.180 () {48 vars in 992 bytes} [Mon Jun 15 20:40:47 2026] POST /v2.0/security-group-rules => generated 603 bytes in 120 msecs (HTTP/1.1 201) 4 headers in 162 bytes (1 switches on core 0) [pid: 8|app: 0|req: 47/90] 199.19.213.180 () {44 vars in 1002 bytes} [Mon Jun 15 20:40:48 2026] GET /v2.0/security-groups/8d6dca41-460e-4669-8240-8cb7cd95937a => generated 4078 bytes in 98 msecs (HTTP/1.1 200) 4 headers in 158 bytes (1 switches on core 0) [pid: 7|app: 0|req: 44/91] 199.19.213.180 () {44 vars in 1002 bytes} [Mon Jun 15 20:40:48 2026] GET /v2.0/security-groups/8d6dca41-460e-4669-8240-8cb7cd95937a => generated 4078 bytes in 52 msecs (HTTP/1.1 200) 4 headers in 158 bytes (1 switches on core 0) [pid: 8|app: 0|req: 48/92] 199.19.213.180 () {44 vars in 1002 bytes} [Mon Jun 15 20:40:48 2026] GET /v2.0/security-groups/8d6dca41-460e-4669-8240-8cb7cd95937a => generated 4078 bytes in 46 msecs (HTTP/1.1 200) 4 headers in 158 bytes (1 switches on core 0) [pid: 7|app: 0|req: 45/93] 199.19.213.180 () {48 vars in 992 bytes} [Mon Jun 15 20:40:48 2026] POST /v2.0/security-group-rules => generated 603 bytes in 139 msecs (HTTP/1.1 201) 4 headers in 162 bytes (1 switches on core 0) [pid: 8|app: 0|req: 50/96] 199.19.213.180 () {44 vars in 988 bytes} [Mon Jun 15 20:40:50 2026] GET /v2.0/networks/bcc84391-075a-4b60-bbfd-6b6accfb1847 => generated 732 bytes in 117 msecs (HTTP/1.1 200) 4 headers in 157 bytes (1 switches on core 0)
