Jun 14 22:00:00.063620 np0000179990 devstack@neutron-api.service[103070]: DEBUG neutron_lib.callbacks.manager [None req-21e272db-11ab-4131-be2e-c1e19ef3850d None None] Subscribe: > router after_update 55550000, False {{(pid=103070) subscribe /opt/stack/data/venv/lib/python3.12/site-packages/neutron_lib/callbacks/manager.py:52}}
Jun 14 22:00:00.063766 np0000179990 devstack@neutron-api.service[103070]: DEBUG neutron.services.service_base [None req-21e272db-11ab-4131-be2e-c1e19ef3850d None None] Loaded 'neutron.services.ovn_l3.service_providers.ovn.OvnDriver' provider for service L3_ROUTER_NAT {{(pid=103070) load_drivers /opt/stack/neutron/neutron/services/service_base.py:49}}
Jun 14 22:00:00.063937 np0000179990 devstack@neutron-api.service[103070]: DEBUG neutron_lib.callbacks.manager [None req-21e272db-11ab-4131-be2e-c1e19ef3850d None None] Subscribe: > process after_init 55550001, True {{(pid=103070) subscribe /opt/stack/data/venv/lib/python3.12/site-packages/neutron_lib/callbacks/manager.py:52}}
Jun 14 22:00:00.063993 np0000179990 devstack@neutron-api.service[103070]: DEBUG neutron.manager [None req-21e272db-11ab-4131-be2e-c1e19ef3850d None None] Successfully loaded L3_ROUTER_NAT plugin. Description: L3 Router Service Plugin for basic L3 forwarding using OVN {{(pid=103070) _create_and_add_service_plugin /opt/stack/neutron/neutron/manager.py:239}}
Jun 14 22:00:00.064090 np0000179990 devstack@neutron-api.service[103070]: INFO neutron.manager [None req-21e272db-11ab-4131-be2e-c1e19ef3850d None None] Loading Plugin: auto_allocate
Jun 14 22:00:00.065084 np0000179990 devstack@neutron-api.service[103070]: DEBUG neutron_lib.callbacks.manager [None req-21e272db-11ab-4131-be2e-c1e19ef3850d None None] Subscribe: network precommit_update 55550000, False {{(pid=103070) subscribe /opt/stack/data/venv/lib/python3.12/site-packages/neutron_lib/callbacks/manager.py:52}}
Jun 14 22:00:00.065180 np0000179990 devstack@neutron-api.service[103070]: DEBUG neutron_lib.callbacks.manager [None req-21e272db-11ab-4131-be2e-c1e19ef3850d None None] Subscribe: network precommit_create 55550000, False {{(pid=103070) subscribe /opt/stack/data/venv/lib/python3.12/site-packages/neutron_lib/callbacks/manager.py:52}}
Jun 14 22:00:00.065400 np0000179990 devstack@neutron-api.service[103070]: DEBUG neutron.manager [None req-21e272db-11ab-4131-be2e-c1e19ef3850d None None] Successfully loaded auto-allocated-topology plugin. Description: Auto Allocated Topology - aka get me a network. {{(pid=103070) _create_and_add_service_plugin /opt/stack/neutron/neutron/manager.py:239}}
Jun 14 22:00:00.065551 np0000179990 devstack@neutron-api.service[103070]: INFO neutron.manager [None req-21e272db-11ab-4131-be2e-c1e19ef3850d None None] Loading Plugin: tag
Jun 14 22:00:00.068348 np0000179990 devstack@neutron-api.service[103070]: DEBUG neutron.manager [None req-21e272db-11ab-4131-be2e-c1e19ef3850d None None] Successfully loaded TAG plugin. Description: Tag support {{(pid=103070) _create_and_add_service_plugin /opt/stack/neutron/neutron/manager.py:239}}
Jun 14 22:00:00.068452 np0000179990 devstack@neutron-api.service[103070]: INFO neutron.manager [None req-21e272db-11ab-4131-be2e-c1e19ef3850d None None] Loading Plugin: timestamp
Jun 14 22:00:00.068544 np0000179990 devstack@neutron-api.service[103073]: INFO neutron.plugins.ml2.drivers.type_vlan [None req-65368f81-3794-42b5-b23b-0b6191480f11 None None] VlanTypeDriver initialization complete
Jun 14 22:00:00.068849 np0000179990 devstack@neutron-api.service[103073]: INFO neutron.plugins.ml2.managers [None req-65368f81-3794-42b5-b23b-0b6191480f11 None None] Initializing extension driver 'port_security'
Jun 14 22:00:00.068849 np0000179990 devstack@neutron-api.service[103073]: INFO neutron.plugins.ml2.extensions.port_security [None req-65368f81-3794-42b5-b23b-0b6191480f11 None None] PortSecurityExtensionDriver initialization complete
Jun 14 22:00:00.069002 np0000179990 devstack@neutron-api.service[103073]: INFO neutron.plugins.ml2.managers [None req-65368f81-3794-42b5-b23b-0b6191480f11 None None] Initializing extension driver 'qos'
Jun 14 22:00:00.069002 np0000179990 devstack@neutron-api.service[103073]: DEBUG neutron.plugins.ml2.extensions.qos [None req-65368f81-3794-42b5-b23b-0b6191480f11 None None] QosExtensionDriver initialization complete {{(pid=103073) initialize /opt/stack/neutron/neutron/plugins/ml2/extensions/qos.py:31}}
Jun 14 22:00:00.069206 np0000179990 devstack@neutron-api.service[103073]: INFO neutron.plugins.ml2.managers [None req-65368f81-3794-42b5-b23b-0b6191480f11 None None] Initializing mechanism driver 'ovn'
Jun 14 22:00:00.069206 np0000179990 devstack@neutron-api.service[103073]: INFO neutron.plugins.ml2.drivers.ovn.mech_driver.mech_driver [None req-65368f81-3794-42b5-b23b-0b6191480f11 None None] Starting OVNMechanismDriver
Jun 14 22:00:00.069735 np0000179990 devstack@neutron-api.service[103070]: DEBUG neutron.manager [None req-21e272db-11ab-4131-be2e-c1e19ef3850d None None] Successfully loaded timestamp plugin. Description: Adds timestamps to Neutron resources with standard attributes {{(pid=103070) _create_and_add_service_plugin /opt/stack/neutron/neutron/manager.py:239}}
Jun 14 22:00:00.069820 np0000179990 devstack@neutron-api.service[103070]: INFO neutron.manager [None req-21e272db-11ab-4131-be2e-c1e19ef3850d None None] Loading Plugin: network_ip_availability
Jun 14 22:00:00.071056 np0000179990 devstack@neutron-api.service[103073]: DEBUG neutron_lib.callbacks.manager [None req-65368f81-3794-42b5-b23b-0b6191480f11 None None] Subscribe: > process before_spawn 55550000, False {{(pid=103073) subscribe /opt/stack/data/venv/lib/python3.12/site-packages/neutron_lib/callbacks/manager.py:52}}
Jun 14 22:00:00.071204 np0000179990 devstack@neutron-api.service[103073]: DEBUG neutron_lib.callbacks.manager [None req-65368f81-3794-42b5-b23b-0b6191480f11 None None] Subscribe: > process after_init 55550000, True {{(pid=103073) subscribe /opt/stack/data/venv/lib/python3.12/site-packages/neutron_lib/callbacks/manager.py:52}}
Jun 14 22:00:00.071308 np0000179990 devstack@neutron-api.service[103073]: DEBUG neutron_lib.callbacks.manager [None req-65368f81-3794-42b5-b23b-0b6191480f11 None None] Subscribe: > segment after_create 55550000, False {{(pid=103073) subscribe /opt/stack/data/venv/lib/python3.12/site-packages/neutron_lib/callbacks/manager.py:52}}
Jun 14 22:00:00.071420 np0000179990 devstack@neutron-api.service[103070]: DEBUG neutron.manager [None req-21e272db-11ab-4131-be2e-c1e19ef3850d None None] Successfully loaded network-ip-availability plugin. Description: Provides IP availability data for each network and subnet. {{(pid=103070) _create_and_add_service_plugin /opt/stack/neutron/neutron/manager.py:239}}
Jun 14 22:00:00.071463 np0000179990 devstack@neutron-api.service[103073]: DEBUG neutron_lib.callbacks.manager [None req-65368f81-3794-42b5-b23b-0b6191480f11 None None] Subscribe: > segment after_create 55550000, False {{(pid=103073) subscribe /opt/stack/data/venv/lib/python3.12/site-packages/neutron_lib/callbacks/manager.py:52}}
Jun 14 22:00:00.071518 np0000179990 devstack@neutron-api.service[103070]: INFO neutron.manager [None req-21e272db-11ab-4131-be2e-c1e19ef3850d None None] Loading Plugin: flavors
Jun 14 22:00:00.071613 np0000179990 devstack@neutron-api.service[103073]: DEBUG neutron_lib.callbacks.manager [None req-65368f81-3794-42b5-b23b-0b6191480f11 None None] Subscribe: > segment after_delete 55550000, False {{(pid=103073) subscribe /opt/stack/data/venv/lib/python3.12/site-packages/neutron_lib/callbacks/manager.py:52}}
Jun 14 22:00:00.071613 np0000179990 devstack@neutron-api.service[103073]: DEBUG neutron_lib.callbacks.manager [None req-65368f81-3794-42b5-b23b-0b6191480f11 None None] Subscribe: > allowed_address_pair before_create 55550000, False {{(pid=103073) subscribe /opt/stack/data/venv/lib/python3.12/site-packages/neutron_lib/callbacks/manager.py:52}}
Jun 14 22:00:00.071809 np0000179990 devstack@neutron-api.service[103073]: DEBUG neutron_lib.callbacks.manager [None req-65368f81-3794-42b5-b23b-0b6191480f11 None None] Subscribe: > security_group precommit_create 55550000, False {{(pid=103073) subscribe /opt/stack/data/venv/lib/python3.12/site-packages/neutron_lib/callbacks/manager.py:52}}
Jun 14 22:00:00.071877 np0000179990 devstack@neutron-api.service[103073]: DEBUG neutron_lib.callbacks.manager [None req-65368f81-3794-42b5-b23b-0b6191480f11 None None] Subscribe: > security_group after_update 55550000, False {{(pid=103073) subscribe /opt/stack/data/venv/lib/python3.12/site-packages/neutron_lib/callbacks/manager.py:52}}
Jun 14 22:00:00.072050 np0000179990 devstack@neutron-api.service[103073]: DEBUG neutron_lib.callbacks.manager [None req-65368f81-3794-42b5-b23b-0b6191480f11 None None] Subscribe: > security_group after_create 55550000, False {{(pid=103073) subscribe /opt/stack/data/venv/lib/python3.12/site-packages/neutron_lib/callbacks/manager.py:52}}
Jun 14 22:00:00.072050 np0000179990 devstack@neutron-api.service[103073]: DEBUG neutron_lib.callbacks.manager [None req-65368f81-3794-42b5-b23b-0b6191480f11 None None] Subscribe: > security_group precommit_delete 55550000, False {{(pid=103073) subscribe /opt/stack/data/venv/lib/python3.12/site-packages/neutron_lib/callbacks/manager.py:52}}
Jun 14 22:00:00.072248 np0000179990 devstack@neutron-api.service[103073]: DEBUG neutron_lib.callbacks.manager [None req-65368f81-3794-42b5-b23b-0b6191480f11 None None] Subscribe: > security_group after_delete 55550000, False {{(pid=103073) subscribe /opt/stack/data/venv/lib/python3.12/site-packages/neutron_lib/callbacks/manager.py:52}}
Jun 14 22:00:00.072361 np0000179990 devstack@neutron-api.service[103073]: DEBUG neutron_lib.callbacks.manager [None req-65368f81-3794-42b5-b23b-0b6191480f11 None None] Subscribe: > security_group_rule precommit_create 55550000, False {{(pid=103073) subscribe /opt/stack/data/venv/lib/python3.12/site-packages/neutron_lib/callbacks/manager.py:52}}
Jun 14 22:00:00.072445 np0000179990 devstack@neutron-api.service[103070]: DEBUG neutron.manager [None req-21e272db-11ab-4131-be2e-c1e19ef3850d None None] Successfully loaded FLAVORS plugin. Description: Neutron Flavors and Service Profiles manager plugin {{(pid=103070) _create_and_add_service_plugin /opt/stack/neutron/neutron/manager.py:239}}
Jun 14 22:00:00.072610 np0000179990 devstack@neutron-api.service[103073]: DEBUG neutron_lib.callbacks.manager [None req-65368f81-3794-42b5-b23b-0b6191480f11 None None] Subscribe: > security_group_rule after_create 55550000, False {{(pid=103073) subscribe /opt/stack/data/venv/lib/python3.12/site-packages/neutron_lib/callbacks/manager.py:52}}
Jun 14 22:00:00.072657 np0000179990 devstack@neutron-api.service[103070]: INFO neutron.manager [None req-21e272db-11ab-4131-be2e-c1e19ef3850d None None] Loading Plugin: revisions
Jun 14 22:00:00.072726 np0000179990 devstack@neutron-api.service[103073]: DEBUG neutron_lib.callbacks.manager [None req-65368f81-3794-42b5-b23b-0b6191480f11 None None] Subscribe: > security_group_rule before_delete 55550000, False {{(pid=103073) subscribe /opt/stack/data/venv/lib/python3.12/site-packages/neutron_lib/callbacks/manager.py:52}}
Jun 14 22:00:00.072726 np0000179990 devstack@neutron-api.service[103073]: DEBUG neutron_lib.callbacks.manager [None req-65368f81-3794-42b5-b23b-0b6191480f11 None None] Subscribe: > address_group after_create 55550000, False {{(pid=103073) subscribe /opt/stack/data/venv/lib/python3.12/site-packages/neutron_lib/callbacks/manager.py:52}}
Jun 14 22:00:00.072726 np0000179990 devstack@neutron-api.service[103073]: DEBUG neutron_lib.callbacks.manager [None req-65368f81-3794-42b5-b23b-0b6191480f11 None None] Subscribe: > address_group after_update 55550000, False {{(pid=103073) subscribe /opt/stack/data/venv/lib/python3.12/site-packages/neutron_lib/callbacks/manager.py:52}}
Jun 14 22:00:00.072886 np0000179990 devstack@neutron-api.service[103073]: DEBUG neutron_lib.callbacks.manager [None req-65368f81-3794-42b5-b23b-0b6191480f11 None None] Subscribe: > address_group after_delete 55550000, False {{(pid=103073) subscribe /opt/stack/data/venv/lib/python3.12/site-packages/neutron_lib/callbacks/manager.py:52}}
Jun 14 22:00:00.073000 np0000179990 devstack@neutron-api.service[103073]: DEBUG neutron_lib.callbacks.manager [None req-65368f81-3794-42b5-b23b-0b6191480f11 None None] Subscribe: > qos_plugin after_init 55550000, False {{(pid=103073) subscribe /opt/stack/data/venv/lib/python3.12/site-packages/neutron_lib/callbacks/manager.py:52}}
Jun 14 22:00:00.073226 np0000179990 devstack@neutron-api.service[103073]: DEBUG neutron_lib.callbacks.manager [None req-65368f81-3794-42b5-b23b-0b6191480f11 None None] Subscribe: > trunk_plugin after_init 55550000, False {{(pid=103073) subscribe /opt/stack/data/venv/lib/python3.12/site-packages/neutron_lib/callbacks/manager.py:52}}
Jun 14 22:00:00.073439 np0000179990 devstack@neutron-api.service[103073]: DEBUG neutron_lib.callbacks.manager [None req-65368f81-3794-42b5-b23b-0b6191480f11 None None] Subscribe: > logging-plugin after_init 55550000, False {{(pid=103073) subscribe /opt/stack/data/venv/lib/python3.12/site-packages/neutron_lib/callbacks/manager.py:52}}
Jun 14 22:00:00.073517 np0000179990 devstack@neutron-api.service[103070]: DEBUG neutron.manager [None req-21e272db-11ab-4131-be2e-c1e19ef3850d None None] Successfully loaded revision_plugin plugin. Description: Adds revision numbers to resources. {{(pid=103070) _create_and_add_service_plugin /opt/stack/neutron/neutron/manager.py:239}}
Jun 14 22:00:00.073666 np0000179990 devstack@neutron-api.service[103070]: DEBUG oslo_concurrency.lockutils [None req-21e272db-11ab-4131-be2e-c1e19ef3850d None None] Lock "manager" "released" by "neutron.manager.NeutronManager._create_instance" :: held 4.821s {{(pid=103070) inner /opt/stack/data/venv/lib/python3.12/site-packages/oslo_concurrency/lockutils.py:543}}
Jun 14 22:00:00.073878 np0000179990 devstack@neutron-api.service[103070]: DEBUG neutron.api.extensions [None req-21e272db-11ab-4131-be2e-c1e19ef3850d None None] get_extension_paths = OrderedDict({'/opt/stack/neutron/neutron/extensions': 1}) {{(pid=103070) get_extensions_path /opt/stack/neutron/neutron/api/extensions.py:640}}
Jun 14 22:00:00.073955 np0000179990 devstack@neutron-api.service[103073]: INFO neutron.services.logapi.drivers.ovn.driver [None req-65368f81-3794-42b5-b23b-0b6191480f11 None None] OVN logging driver registered
Jun 14 22:00:00.074011 np0000179990 devstack@neutron-api.service[103070]: INFO neutron.api.extensions [None req-21e272db-11ab-4131-be2e-c1e19ef3850d None None] Initializing extension manager.
Jun 14 22:00:00.074074 np0000179990 devstack@neutron-api.service[103073]: DEBUG neutron_lib.callbacks.manager [None req-65368f81-3794-42b5-b23b-0b6191480f11 None None] Subscribe: ._register_pvlan_driver at 0x720daf2e6340> pvlan_plugin before_spawn 55550000, False {{(pid=103073) subscribe /opt/stack/data/venv/lib/python3.12/site-packages/neutron_lib/callbacks/manager.py:52}}
Jun 14 22:00:00.074215 np0000179990 devstack@neutron-api.service[103073]: DEBUG neutron_lib.callbacks.manager [None req-65368f81-3794-42b5-b23b-0b6191480f11 None None] Subscribe: process after_init 55550000, False {{(pid=103073) subscribe /opt/stack/data/venv/lib/python3.12/site-packages/neutron_lib/callbacks/manager.py:52}}
Jun 14 22:00:00.074324 np0000179990 devstack@neutron-api.service[103070]: DEBUG neutron.api.extensions [None req-21e272db-11ab-4131-be2e-c1e19ef3850d None None] Loading extension file: __init__.py {{(pid=103070) _load_all_extensions_from_path /opt/stack/neutron/neutron/api/extensions.py:449}}
Jun 14 22:00:00.074324 np0000179990 devstack@neutron-api.service[103070]: DEBUG neutron.api.extensions [None req-21e272db-11ab-4131-be2e-c1e19ef3850d None None] Loading extension file: __pycache__ {{(pid=103070) _load_all_extensions_from_path /opt/stack/neutron/neutron/api/extensions.py:449}}
Jun 14 22:00:00.074448 np0000179990 devstack@neutron-api.service[103070]: DEBUG neutron.api.extensions [None req-21e272db-11ab-4131-be2e-c1e19ef3850d None None] Loading extension file: aap_reject_multicast.py {{(pid=103070) _load_all_extensions_from_path /opt/stack/neutron/neutron/api/extensions.py:449}}
Jun 14 22:00:00.074693 np0000179990 devstack@neutron-api.service[103070]: DEBUG neutron.api.extensions [None req-21e272db-11ab-4131-be2e-c1e19ef3850d None None] Ext name="Allowed address pairs reject multicast extension" alias="aap-reject-multicast" description="Reject multicast addresses in Allowed Address Pairs" updated="2026-04-01T00:00:00-00:00" {{(pid=103070) _check_extension /opt/stack/neutron/neutron/api/extensions.py:415}}
Jun 14 22:00:00.074952 np0000179990 devstack@neutron-api.service[103070]: INFO neutron.api.extensions [None req-21e272db-11ab-4131-be2e-c1e19ef3850d None None] Extension aap-reject-multicast not supported by any of loaded plugins
Jun 14 22:00:00.075049 np0000179990 devstack@neutron-api.service[103070]: DEBUG neutron.api.extensions [None req-21e272db-11ab-4131-be2e-c1e19ef3850d None None] Loading extension file: address_group.py {{(pid=103070) _load_all_extensions_from_path /opt/stack/neutron/neutron/api/extensions.py:449}}
Jun 14 22:00:00.075389 np0000179990 devstack@neutron-api.service[103070]: DEBUG neutron.api.extensions [None req-21e272db-11ab-4131-be2e-c1e19ef3850d None None] Ext name="Address group" alias="address-group" description="Support address group" updated="2020-07-15T10:00:00-00:00" {{(pid=103070) _check_extension /opt/stack/neutron/neutron/api/extensions.py:415}}
Jun 14 22:00:00.075594 np0000179990 devstack@neutron-api.service[103070]: INFO neutron.api.extensions [None req-21e272db-11ab-4131-be2e-c1e19ef3850d None None] Loaded extension: address-group
Jun 14 22:00:00.075664 np0000179990 devstack@neutron-api.service[103070]: DEBUG neutron.api.extensions [None req-21e272db-11ab-4131-be2e-c1e19ef3850d None None] Loading extension file: address_scope.py {{(pid=103070) _load_all_extensions_from_path /opt/stack/neutron/neutron/api/extensions.py:449}}
Jun 14 22:00:00.075743 np0000179990 devstack@neutron-api.service[103073]: DEBUG neutron.plugins.ml2.plugin [None req-65368f81-3794-42b5-b23b-0b6191480f11 None None] neutron.plugins.ml2.plugin.Ml2Plugin method _start_rpc_notifiers called with arguments () {} {{(pid=103073) wrapper /opt/stack/data/venv/lib/python3.12/site-packages/oslo_log/helpers.py:77}}
Jun 14 22:00:00.076007 np0000179990 devstack@neutron-api.service[103070]: DEBUG neutron.api.extensions [None req-21e272db-11ab-4131-be2e-c1e19ef3850d None None] Ext name="Address scope" alias="address-scope" description="Address scopes extension." updated="2015-07-26T10:00:00-00:00" {{(pid=103070) _check_extension /opt/stack/neutron/neutron/api/extensions.py:415}}
Jun 14 22:00:00.076044 np0000179990 devstack@neutron-api.service[103073]: DEBUG neutron_lib.callbacks.manager [None req-65368f81-3794-42b5-b23b-0b6191480f11 None None] Subscribe: > port after_create 55550000, False {{(pid=103073) subscribe /opt/stack/data/venv/lib/python3.12/site-packages/neutron_lib/callbacks/manager.py:52}}
Jun 14 22:00:00.076156 np0000179990 devstack@neutron-api.service[103073]: DEBUG neutron_lib.callbacks.manager [None req-65368f81-3794-42b5-b23b-0b6191480f11 None None] Subscribe: > port after_update 55550000, False {{(pid=103073) subscribe /opt/stack/data/venv/lib/python3.12/site-packages/neutron_lib/callbacks/manager.py:52}}
Jun 14 22:00:00.076238 np0000179990 devstack@neutron-api.service[103070]: INFO neutron.api.extensions [None req-21e272db-11ab-4131-be2e-c1e19ef3850d None None] Loaded extension: address-scope
Jun 14 22:00:00.076294 np0000179990 devstack@neutron-api.service[103073]: DEBUG neutron_lib.callbacks.manager [None req-65368f81-3794-42b5-b23b-0b6191480f11 None None] Subscribe: > port after_delete 55550000, False {{(pid=103073) subscribe /opt/stack/data/venv/lib/python3.12/site-packages/neutron_lib/callbacks/manager.py:52}}
Jun 14 22:00:00.076324 np0000179990 devstack@neutron-api.service[103070]: DEBUG neutron.api.extensions [None req-21e272db-11ab-4131-be2e-c1e19ef3850d None None] Loading extension file: admin_state_down_before_update.py {{(pid=103070) _load_all_extensions_from_path /opt/stack/neutron/neutron/api/extensions.py:449}}
Jun 14 22:00:00.076355 np0000179990 devstack@neutron-api.service[103073]: DEBUG neutron_lib.callbacks.manager [None req-65368f81-3794-42b5-b23b-0b6191480f11 None None] Subscribe: > subnet after_create 55550000, False {{(pid=103073) subscribe /opt/stack/data/venv/lib/python3.12/site-packages/neutron_lib/callbacks/manager.py:52}}
Jun 14 22:00:00.076459 np0000179990 devstack@neutron-api.service[103073]: DEBUG neutron_lib.callbacks.manager [None req-65368f81-3794-42b5-b23b-0b6191480f11 None None] Subscribe: > subnet after_update 55550000, False {{(pid=103073) subscribe /opt/stack/data/venv/lib/python3.12/site-packages/neutron_lib/callbacks/manager.py:52}}
Jun 14 22:00:00.076569 np0000179990 devstack@neutron-api.service[103070]: DEBUG neutron.api.extensions [None req-21e272db-11ab-4131-be2e-c1e19ef3850d None None] Ext name="Enforce Router's Admin State Down Before Update Extension" alias="router-admin-state-down-before-update" description="Ensure that the admin state of a router is DOWN (admin_state_up=False) before updating the distributed attribute" updated="2019-07-02T15:56:00" {{(pid=103070) _check_extension /opt/stack/neutron/neutron/api/extensions.py:415}}
Jun 14 22:00:00.076604 np0000179990 devstack@neutron-api.service[103073]: DEBUG neutron_lib.callbacks.manager [None req-65368f81-3794-42b5-b23b-0b6191480f11 None None] Subscribe: > subnet after_delete 55550000, False {{(pid=103073) subscribe /opt/stack/data/venv/lib/python3.12/site-packages/neutron_lib/callbacks/manager.py:52}}
Jun 14 22:00:00.076682 np0000179990 devstack@neutron-api.service[103073]: DEBUG neutron_lib.callbacks.manager [None req-65368f81-3794-42b5-b23b-0b6191480f11 None None] Subscribe: > network after_create 55550000, False {{(pid=103073) subscribe /opt/stack/data/venv/lib/python3.12/site-packages/neutron_lib/callbacks/manager.py:52}}
Jun 14 22:00:00.076760 np0000179990 devstack@neutron-api.service[103070]: INFO neutron.api.extensions [None req-21e272db-11ab-4131-be2e-c1e19ef3850d None None] Extension router-admin-state-down-before-update not supported by any of loaded plugins
Jun 14 22:00:00.076827 np0000179990 devstack@neutron-api.service[103073]: DEBUG neutron_lib.callbacks.manager [None req-65368f81-3794-42b5-b23b-0b6191480f11 None None] Subscribe: > network after_update 55550000, False {{(pid=103073) subscribe /opt/stack/data/venv/lib/python3.12/site-packages/neutron_lib/callbacks/manager.py:52}}
Jun 14 22:00:00.076874 np0000179990 devstack@neutron-api.service[103070]: DEBUG neutron.api.extensions [None req-21e272db-11ab-4131-be2e-c1e19ef3850d None None] Loading extension file: agent.py {{(pid=103070) _load_all_extensions_from_path /opt/stack/neutron/neutron/api/extensions.py:449}}
Jun 14 22:00:00.076932 np0000179990 devstack@neutron-api.service[103073]: DEBUG neutron_lib.callbacks.manager [None req-65368f81-3794-42b5-b23b-0b6191480f11 None None] Subscribe: > network after_delete 55550000, False {{(pid=103073) subscribe /opt/stack/data/venv/lib/python3.12/site-packages/neutron_lib/callbacks/manager.py:52}}
Jun 14 22:00:00.076968 np0000179990 devstack@neutron-api.service[103073]: DEBUG neutron_lib.callbacks.manager [None req-65368f81-3794-42b5-b23b-0b6191480f11 None None] Subscribe: > security_group after_create 55550000, False {{(pid=103073) subscribe /opt/stack/data/venv/lib/python3.12/site-packages/neutron_lib/callbacks/manager.py:52}}
Jun 14 22:00:00.077068 np0000179990 devstack@neutron-api.service[103073]: DEBUG neutron_lib.callbacks.manager [None req-65368f81-3794-42b5-b23b-0b6191480f11 None None] Subscribe: > security_group after_update 55550000, False {{(pid=103073) subscribe /opt/stack/data/venv/lib/python3.12/site-packages/neutron_lib/callbacks/manager.py:52}}
Jun 14 22:00:00.077154 np0000179990 devstack@neutron-api.service[103070]: DEBUG neutron.api.extensions [None req-21e272db-11ab-4131-be2e-c1e19ef3850d None None] Ext name="agent" alias="agent" description="The agent management extension." updated="2013-02-03T10:00:00-00:00" {{(pid=103070) _check_extension /opt/stack/neutron/neutron/api/extensions.py:415}}
Jun 14 22:00:00.077189 np0000179990 devstack@neutron-api.service[103073]: DEBUG neutron_lib.callbacks.manager [None req-65368f81-3794-42b5-b23b-0b6191480f11 None None] Subscribe: > security_group after_delete 55550000, False {{(pid=103073) subscribe /opt/stack/data/venv/lib/python3.12/site-packages/neutron_lib/callbacks/manager.py:52}}
Jun 14 22:00:00.077263 np0000179990 devstack@neutron-api.service[103073]: DEBUG neutron_lib.callbacks.manager [None req-65368f81-3794-42b5-b23b-0b6191480f11 None None] Subscribe: > security_group_rule after_create 55550000, False {{(pid=103073) subscribe /opt/stack/data/venv/lib/python3.12/site-packages/neutron_lib/callbacks/manager.py:52}}
Jun 14 22:00:00.077325 np0000179990 devstack@neutron-api.service[103070]: INFO neutron.api.extensions [None req-21e272db-11ab-4131-be2e-c1e19ef3850d None None] Loaded extension: agent
Jun 14 22:00:00.077381 np0000179990 devstack@neutron-api.service[103073]: DEBUG neutron_lib.callbacks.manager [None req-65368f81-3794-42b5-b23b-0b6191480f11 None None] Subscribe: > security_group_rule after_update 55550000, False {{(pid=103073) subscribe /opt/stack/data/venv/lib/python3.12/site-packages/neutron_lib/callbacks/manager.py:52}}
Jun 14 22:00:00.077438 np0000179990 devstack@neutron-api.service[103070]: DEBUG neutron.api.extensions [None req-21e272db-11ab-4131-be2e-c1e19ef3850d None None] Loading extension file: agent_resources_synced.py {{(pid=103070) _load_all_extensions_from_path /opt/stack/neutron/neutron/api/extensions.py:449}}
Jun 14 22:00:00.077562 np0000179990 devstack@neutron-api.service[103073]: DEBUG neutron_lib.callbacks.manager [None req-65368f81-3794-42b5-b23b-0b6191480f11 None None] Subscribe: > security_group_rule after_delete 55550000, False {{(pid=103073) subscribe /opt/stack/data/venv/lib/python3.12/site-packages/neutron_lib/callbacks/manager.py:52}}
Jun 14 22:00:00.077562 np0000179990 devstack@neutron-api.service[103073]: DEBUG neutron_lib.callbacks.manager [None req-65368f81-3794-42b5-b23b-0b6191480f11 None None] Subscribe: > address_group after_create 55550000, False {{(pid=103073) subscribe /opt/stack/data/venv/lib/python3.12/site-packages/neutron_lib/callbacks/manager.py:52}}
Jun 14 22:00:00.077665 np0000179990 devstack@neutron-api.service[103073]: DEBUG neutron_lib.callbacks.manager [None req-65368f81-3794-42b5-b23b-0b6191480f11 None None] Subscribe: > address_group after_update 55550000, False {{(pid=103073) subscribe /opt/stack/data/venv/lib/python3.12/site-packages/neutron_lib/callbacks/manager.py:52}}
Jun 14 22:00:00.077746 np0000179990 devstack@neutron-api.service[103070]: DEBUG neutron.api.extensions [None req-21e272db-11ab-4131-be2e-c1e19ef3850d None None] Ext name="Agent's Resource View Synced to Placement" alias="agent-resources-synced" description="Stores success/failure of last sync to Placement" updated="2018-12-19T00:00:00-00:00" {{(pid=103070) _check_extension /opt/stack/neutron/neutron/api/extensions.py:415}}
Jun 14 22:00:00.077779 np0000179990 devstack@neutron-api.service[103073]: DEBUG neutron_lib.callbacks.manager [None req-65368f81-3794-42b5-b23b-0b6191480f11 None None] Subscribe: > address_group after_delete 55550000, False {{(pid=103073) subscribe /opt/stack/data/venv/lib/python3.12/site-packages/neutron_lib/callbacks/manager.py:52}}
Jun 14 22:00:00.077852 np0000179990 devstack@neutron-api.service[103073]: DEBUG neutron.plugins.ml2.ovo_rpc [None req-65368f81-3794-42b5-b23b-0b6191480f11 None None] ML2 OVO RPC backend initialized. {{(pid=103073) __init__ /opt/stack/neutron/neutron/plugins/ml2/ovo_rpc.py:117}}
Jun 14 22:00:00.077899 np0000179990 devstack@neutron-api.service[103070]: INFO neutron.api.extensions [None req-21e272db-11ab-4131-be2e-c1e19ef3850d None None] Extension agent-resources-synced not supported by any of loaded plugins
Jun 14 22:00:00.077969 np0000179990 devstack@neutron-api.service[103070]: DEBUG neutron.api.extensions [None req-21e272db-11ab-4131-be2e-c1e19ef3850d None None] Loading extension file: agent_sort_key.py {{(pid=103070) _load_all_extensions_from_path /opt/stack/neutron/neutron/api/extensions.py:449}}
Jun 14 22:00:00.078169 np0000179990 devstack@neutron-api.service[103070]: DEBUG neutron.api.extensions [None req-21e272db-11ab-4131-be2e-c1e19ef3850d None None] Ext name="Agents Sort Key" alias="agent_sort_key" description="Enabling the keyword sort_key for sorting in agents." updated="2013-02-03T10:00:00-00:00" {{(pid=103070) _check_extension /opt/stack/neutron/neutron/api/extensions.py:415}}
Jun 14 22:00:00.078345 np0000179990 devstack@neutron-api.service[103070]: INFO neutron.api.extensions [None req-21e272db-11ab-4131-be2e-c1e19ef3850d None None] Extension agent_sort_key not supported by any of loaded plugins
Jun 14 22:00:00.078439 np0000179990 devstack@neutron-api.service[103070]: DEBUG neutron.api.extensions [None req-21e272db-11ab-4131-be2e-c1e19ef3850d None None] Loading extension file: allowedaddresspairs.py {{(pid=103070) _load_all_extensions_from_path /opt/stack/neutron/neutron/api/extensions.py:449}}
Jun 14 22:00:00.078745 np0000179990 devstack@neutron-api.service[103073]: INFO neutron.quota [None req-65368f81-3794-42b5-b23b-0b6191480f11 None None] Loaded quota_driver: .
Jun 14 22:00:00.078857 np0000179990 devstack@neutron-api.service[103073]: INFO neutron.plugins.ml2.plugin [None req-65368f81-3794-42b5-b23b-0b6191480f11 None None] Modular L2 Plugin initialization complete
Jun 14 22:00:00.079039 np0000179990 devstack@neutron-api.service[103073]: DEBUG neutron.manager [None req-65368f81-3794-42b5-b23b-0b6191480f11 None None] Loading services supported by the core plugin {{(pid=103073) _load_services_from_core_plugin /opt/stack/neutron/neutron/manager.py:170}}
Jun 14 22:00:00.079172 np0000179990 devstack@neutron-api.service[103073]: INFO neutron.plugins.ml2.managers [None req-65368f81-3794-42b5-b23b-0b6191480f11 None None] Got port-security extension from driver 'port_security'
Jun 14 22:00:00.079253 np0000179990 devstack@neutron-api.service[103070]: DEBUG neutron.api.extensions [None req-21e272db-11ab-4131-be2e-c1e19ef3850d None None] Ext name="Allowed Address Pairs" alias="allowed-address-pairs" description="Provides allowed address pairs" updated="2013-07-23T10:00:00-00:00" {{(pid=103070) _check_extension /opt/stack/neutron/neutron/api/extensions.py:415}}
Jun 14 22:00:00.079307 np0000179990 devstack@neutron-api.service[103070]: INFO neutron.api.extensions [None req-21e272db-11ab-4131-be2e-c1e19ef3850d None None] Loaded extension: allowed-address-pairs
Jun 14 22:00:00.079461 np0000179990 devstack@neutron-api.service[103070]: DEBUG neutron.api.extensions [None req-21e272db-11ab-4131-be2e-c1e19ef3850d None None] Loading extension file: auto_allocated_topology.py {{(pid=103070) _load_all_extensions_from_path /opt/stack/neutron/neutron/api/extensions.py:449}}
Jun 14 22:00:00.079490 np0000179990 devstack@neutron-api.service[103073]: DEBUG neutron.manager [None req-65368f81-3794-42b5-b23b-0b6191480f11 None None] Loading service plugins: ['ovn-router', 'auto_allocate', 'tag', 'timestamp', 'network_ip_availability', 'flavors', 'revisions'] {{(pid=103073) _load_service_plugins /opt/stack/neutron/neutron/manager.py:195}}
Jun 14 22:00:00.079490 np0000179990 devstack@neutron-api.service[103073]: INFO neutron.manager [None req-65368f81-3794-42b5-b23b-0b6191480f11 None None] Loading Plugin: ovn-router
Jun 14 22:00:00.079913 np0000179990 devstack@neutron-api.service[103070]: DEBUG neutron.api.extensions [None req-21e272db-11ab-4131-be2e-c1e19ef3850d None None] Ext name="Auto Allocated Topology Services" alias="auto-allocated-topology" description="Auto Allocated Topology Services." updated="2016-01-01T00:00:00-00:00" {{(pid=103070) _check_extension /opt/stack/neutron/neutron/api/extensions.py:415}}
Jun 14 22:00:00.079913 np0000179990 devstack@neutron-api.service[103070]: INFO neutron.api.extensions [None req-21e272db-11ab-4131-be2e-c1e19ef3850d None None] Loaded extension: auto-allocated-topology
Jun 14 22:00:00.079913 np0000179990 devstack@neutron-api.service[103070]: DEBUG neutron.api.extensions [None req-21e272db-11ab-4131-be2e-c1e19ef3850d None None] Loading extension file: availability_zone.py {{(pid=103070) _load_all_extensions_from_path /opt/stack/neutron/neutron/api/extensions.py:449}}
Jun 14 22:00:00.081066 np0000179990 devstack@neutron-api.service[103070]: DEBUG neutron.api.extensions [None req-21e272db-11ab-4131-be2e-c1e19ef3850d None None] Ext name="Availability Zone" alias="availability_zone" description="The availability zone extension." updated="2015-01-01T10:00:00-00:00" {{(pid=103070) _check_extension /opt/stack/neutron/neutron/api/extensions.py:415}}
Jun 14 22:00:00.081265 np0000179990 devstack@neutron-api.service[103070]: INFO neutron.api.extensions [None req-21e272db-11ab-4131-be2e-c1e19ef3850d None None] Loaded extension: availability_zone
Jun 14 22:00:00.081346 np0000179990 devstack@neutron-api.service[103070]: DEBUG neutron.api.extensions [None req-21e272db-11ab-4131-be2e-c1e19ef3850d None None] Loading extension file: availability_zone_filter.py {{(pid=103070) _load_all_extensions_from_path /opt/stack/neutron/neutron/api/extensions.py:449}}
Jun 14 22:00:00.081594 np0000179990 devstack@neutron-api.service[103070]: DEBUG neutron.api.extensions [None req-21e272db-11ab-4131-be2e-c1e19ef3850d None None] Ext name="Availability Zone Filter Extension" alias="availability_zone_filter" description="Add filter parameters to AvailabilityZone resource" updated="2018-06-22T10:00:00-00:00" {{(pid=103070) _check_extension /opt/stack/neutron/neutron/api/extensions.py:415}}
Jun 14 22:00:00.081815 np0000179990 devstack@neutron-api.service[103070]: INFO neutron.api.extensions [None req-21e272db-11ab-4131-be2e-c1e19ef3850d None None] Extension availability_zone_filter not supported by any of loaded plugins
Jun 14 22:00:00.081911 np0000179990 devstack@neutron-api.service[103070]: DEBUG neutron.api.extensions [None req-21e272db-11ab-4131-be2e-c1e19ef3850d None None] Loading extension file: data_plane_status.py {{(pid=103070) _load_all_extensions_from_path /opt/stack/neutron/neutron/api/extensions.py:449}}
Jun 14 22:00:00.082161 np0000179990 devstack@neutron-api.service[103070]: DEBUG neutron.api.extensions [None req-21e272db-11ab-4131-be2e-c1e19ef3850d None None] Ext name="Port data plane status extension" alias="data-plane-status" description="Expose status of underlying data plane" updated="2017-01-24T10:00:00-00:00" {{(pid=103070) _check_extension /opt/stack/neutron/neutron/api/extensions.py:415}}
Jun 14 22:00:00.082330 np0000179990 devstack@neutron-api.service[103070]: INFO neutron.api.extensions [None req-21e272db-11ab-4131-be2e-c1e19ef3850d None None] Extension data-plane-status not supported by any of loaded plugins
Jun 14 22:00:00.082463 np0000179990 devstack@neutron-api.service[103070]: DEBUG neutron.api.extensions [None req-21e272db-11ab-4131-be2e-c1e19ef3850d None None] Loading extension file: default_subnetpools.py {{(pid=103070) _load_all_extensions_from_path /opt/stack/neutron/neutron/api/extensions.py:449}}
Jun 14 22:00:00.082695 np0000179990 devstack@neutron-api.service[103070]: DEBUG neutron.api.extensions [None req-21e272db-11ab-4131-be2e-c1e19ef3850d None None] Ext name="Default Subnetpools" alias="default-subnetpools" description="Provides ability to mark and use a subnetpool as the default." updated="2016-02-18T18:00:00-00:00" {{(pid=103070) _check_extension /opt/stack/neutron/neutron/api/extensions.py:415}}
Jun 14 22:00:00.082867 np0000179990 devstack@neutron-api.service[103070]: INFO neutron.api.extensions [None req-21e272db-11ab-4131-be2e-c1e19ef3850d None None] Loaded extension: default-subnetpools
Jun 14 22:00:00.082965 np0000179990 devstack@neutron-api.service[103070]: DEBUG neutron.api.extensions [None req-21e272db-11ab-4131-be2e-c1e19ef3850d None None] Loading extension file: dhcpagentscheduler.py {{(pid=103070) _load_all_extensions_from_path /opt/stack/neutron/neutron/api/extensions.py:449}}
Jun 14 22:00:00.083334 np0000179990 devstack@neutron-api.service[103070]: DEBUG neutron.api.extensions [None req-21e272db-11ab-4131-be2e-c1e19ef3850d None None] Ext name="DHCP Agent Scheduler" alias="dhcp_agent_scheduler" description="Schedule networks among dhcp agents" updated="2013-02-07T10:00:00-00:00" {{(pid=103070) _check_extension /opt/stack/neutron/neutron/api/extensions.py:415}}
Jun 14 22:00:00.083508 np0000179990 devstack@neutron-api.service[103070]: INFO neutron.api.extensions [None req-21e272db-11ab-4131-be2e-c1e19ef3850d None None] Loaded extension: dhcp_agent_scheduler
Jun 14 22:00:00.083625 np0000179990 devstack@neutron-api.service[103070]: DEBUG neutron.api.extensions [None req-21e272db-11ab-4131-be2e-c1e19ef3850d None None] Loading extension file: dns.py {{(pid=103070) _load_all_extensions_from_path /opt/stack/neutron/neutron/api/extensions.py:449}}
Jun 14 22:00:00.083921 np0000179990 devstack@neutron-api.service[103070]: DEBUG neutron.api.extensions [None req-21e272db-11ab-4131-be2e-c1e19ef3850d None None] Ext name="DNS Integration" alias="dns-integration" description="Provides integration with DNS." updated="2015-08-15T18:00:00-00:00" {{(pid=103070) _check_extension /opt/stack/neutron/neutron/api/extensions.py:415}}
Jun 14 22:00:00.084240 np0000179990 devstack@neutron-api.service[103070]: INFO neutron.api.extensions [None req-21e272db-11ab-4131-be2e-c1e19ef3850d None None] Loaded extension: dns-integration
Jun 14 22:00:00.084240 np0000179990 devstack@neutron-api.service[103070]: DEBUG neutron.api.extensions [None req-21e272db-11ab-4131-be2e-c1e19ef3850d None None] Loading extension file: dns_domain_ports.py {{(pid=103070) _load_all_extensions_from_path /opt/stack/neutron/neutron/api/extensions.py:449}}
Jun 14 22:00:00.086651 np0000179990 devstack@neutron-api.service[103070]: DEBUG neutron.api.extensions [None req-21e272db-11ab-4131-be2e-c1e19ef3850d None None] Ext name="dns_domain for ports" alias="dns-domain-ports" description="Allows the DNS domain to be specified for a network port." updated="2017-04-24T10:00:00-00:00" {{(pid=103070) _check_extension /opt/stack/neutron/neutron/api/extensions.py:415}}
Jun 14 22:00:00.086651 np0000179990 devstack@neutron-api.service[103070]: INFO neutron.api.extensions [None req-21e272db-11ab-4131-be2e-c1e19ef3850d None None] Loaded extension: dns-domain-ports
Jun 14 22:00:00.086651 np0000179990 devstack@neutron-api.service[103070]: DEBUG neutron.api.extensions [None req-21e272db-11ab-4131-be2e-c1e19ef3850d None None] Loading extension file: dns_integration_domain_keywords.py {{(pid=103070) _load_all_extensions_from_path /opt/stack/neutron/neutron/api/extensions.py:449}}
Jun 14 22:00:00.086651 np0000179990 devstack@neutron-api.service[103070]: DEBUG neutron.api.extensions [None req-21e272db-11ab-4131-be2e-c1e19ef3850d None None] Ext name="DNS domain names with keywords allowed" alias="dns-integration-domain-keywords" description="Allows to use keywords like , , and as DNS domain name" updated="2020-06-15T18:00:00-00:00" {{(pid=103070) _check_extension /opt/stack/neutron/neutron/api/extensions.py:415}}
Jun 14 22:00:00.086651 np0000179990 devstack@neutron-api.service[103070]: INFO neutron.api.extensions [None req-21e272db-11ab-4131-be2e-c1e19ef3850d None None] Loaded extension: dns-integration-domain-keywords
Jun 14 22:00:00.086651 np0000179990 devstack@neutron-api.service[103070]: DEBUG neutron.api.extensions [None req-21e272db-11ab-4131-be2e-c1e19ef3850d None None] Loading extension file: dvr.py {{(pid=103070) _load_all_extensions_from_path /opt/stack/neutron/neutron/api/extensions.py:449}}
Jun 14 22:00:00.086651 np0000179990 devstack@neutron-api.service[103070]: DEBUG neutron.api.extensions [None req-21e272db-11ab-4131-be2e-c1e19ef3850d None None] Ext name="Distributed Virtual Router" alias="dvr" description="Enables configuration of Distributed Virtual Routers." updated="2014-06-1T10:00:00-00:00" {{(pid=103070) _check_extension /opt/stack/neutron/neutron/api/extensions.py:415}}
Jun 14 22:00:00.087159 np0000179990 devstack@neutron-api.service[103070]: INFO neutron.api.extensions [None req-21e272db-11ab-4131-be2e-c1e19ef3850d None None] Extension dvr not supported by any of loaded plugins
Jun 14 22:00:00.087159 np0000179990 devstack@neutron-api.service[103070]: DEBUG neutron.api.extensions [None req-21e272db-11ab-4131-be2e-c1e19ef3850d None None] Loading extension file: ecmp_routes.py {{(pid=103070) _load_all_extensions_from_path /opt/stack/neutron/neutron/api/extensions.py:449}}
Jun 14 22:00:00.087159 np0000179990 devstack@neutron-api.service[103070]: DEBUG neutron.api.extensions [None req-21e272db-11ab-4131-be2e-c1e19ef3850d None None] Ext name="Equal Cost Multipath Routing" alias="ecmp_routes" description="Allows traffic to reach thesame destination via multiple different links " updated="2020-11-26T18:00:00-00:00" {{(pid=103070) _check_extension /opt/stack/neutron/neutron/api/extensions.py:415}}
Jun 14 22:00:00.087159 np0000179990 devstack@neutron-api.service[103070]: INFO neutron.api.extensions [None req-21e272db-11ab-4131-be2e-c1e19ef3850d None None] Extension ecmp_routes not supported by any of loaded plugins
Jun 14 22:00:00.087159 np0000179990 devstack@neutron-api.service[103070]: DEBUG neutron.api.extensions [None req-21e272db-11ab-4131-be2e-c1e19ef3850d None None] Loading extension file: empty_string_filtering.py {{(pid=103070) _load_all_extensions_from_path /opt/stack/neutron/neutron/api/extensions.py:449}}
Jun 14 22:00:00.087159 np0000179990 devstack@neutron-api.service[103070]: DEBUG neutron.api.extensions [None req-21e272db-11ab-4131-be2e-c1e19ef3850d None None] Ext name="Empty String Filtering Extension" alias="empty-string-filtering" description="Allow filtering by attributes with empty string value" updated="2018-05-01T10:00:00-00:00" {{(pid=103070) _check_extension /opt/stack/neutron/neutron/api/extensions.py:415}}
Jun 14 22:00:00.087159 np0000179990 devstack@neutron-api.service[103070]: INFO neutron.api.extensions [None req-21e272db-11ab-4131-be2e-c1e19ef3850d None None] Loaded extension: empty-string-filtering
Jun 14 22:00:00.087467 np0000179990 devstack@neutron-api.service[103070]: DEBUG neutron.api.extensions [None req-21e272db-11ab-4131-be2e-c1e19ef3850d None None] Loading extension file: evpn.py {{(pid=103070) _load_all_extensions_from_path /opt/stack/neutron/neutron/api/extensions.py:449}}
Jun 14 22:00:00.087467 np0000179990 devstack@neutron-api.service[103070]: DEBUG neutron.api.extensions [None req-21e272db-11ab-4131-be2e-c1e19ef3850d None None] Ext name="EVPN" alias="evpn" description="Router extension to support EVPN Type-5 route advertisement" updated="2026-04-28T00:00:00-00:00" {{(pid=103070) _check_extension /opt/stack/neutron/neutron/api/extensions.py:415}}
Jun 14 22:00:00.087467 np0000179990 devstack@neutron-api.service[103070]: INFO neutron.api.extensions [None req-21e272db-11ab-4131-be2e-c1e19ef3850d None None] Extension evpn not supported by any of loaded plugins
Jun 14 22:00:00.087467 np0000179990 devstack@neutron-api.service[103070]: DEBUG neutron.api.extensions [None req-21e272db-11ab-4131-be2e-c1e19ef3850d None None] Loading extension file: expose_l3_conntrack_helper.py {{(pid=103070) _load_all_extensions_from_path /opt/stack/neutron/neutron/api/extensions.py:449}}
Jun 14 22:00:00.087724 np0000179990 devstack@neutron-api.service[103070]: DEBUG neutron.api.extensions [None req-21e272db-11ab-4131-be2e-c1e19ef3850d None None] Ext name="Expose CT target rules for conntrack helper" alias="expose-l3-conntrack-helper" description="Expose allow adding CT target rules for conntrack helper" updated="2019-04-04T10:00:00-00:00" {{(pid=103070) _check_extension /opt/stack/neutron/neutron/api/extensions.py:415}}
Jun 14 22:00:00.087915 np0000179990 devstack@neutron-api.service[103070]: INFO neutron.api.extensions [None req-21e272db-11ab-4131-be2e-c1e19ef3850d None None] Extension expose-l3-conntrack-helper not supported by any of loaded plugins
Jun 14 22:00:00.087915 np0000179990 devstack@neutron-api.service[103070]: DEBUG neutron.api.extensions [None req-21e272db-11ab-4131-be2e-c1e19ef3850d None None] Loading extension file: expose_port_forwarding_in_fip.py {{(pid=103070) _load_all_extensions_from_path /opt/stack/neutron/neutron/api/extensions.py:449}}
Jun 14 22:00:00.088106 np0000179990 devstack@neutron-api.service[103070]: DEBUG neutron.api.extensions [None req-21e272db-11ab-4131-be2e-c1e19ef3850d None None] Ext name="Expose Floating IP port forwardings" alias="expose-port-forwarding-in-fip" description="Expose port forwarding fields in floating IP response" updated="2018-06-28T16:00:00-00:00" {{(pid=103070) _check_extension /opt/stack/neutron/neutron/api/extensions.py:415}}
Jun 14 22:00:00.088652 np0000179990 devstack@neutron-api.service[103070]: INFO neutron.api.extensions [None req-21e272db-11ab-4131-be2e-c1e19ef3850d None None] Extension expose-port-forwarding-in-fip not supported by any of loaded plugins
Jun 14 22:00:00.088652 np0000179990 devstack@neutron-api.service[103070]: DEBUG neutron.api.extensions [None req-21e272db-11ab-4131-be2e-c1e19ef3850d None None] Loading extension file: external_net.py {{(pid=103070) _load_all_extensions_from_path /opt/stack/neutron/neutron/api/extensions.py:449}}
Jun 14 22:00:00.088652 np0000179990 devstack@neutron-api.service[103070]: DEBUG neutron.api.extensions [None req-21e272db-11ab-4131-be2e-c1e19ef3850d None None] Ext name="Neutron external network" alias="external-net" description="Adds external network attribute to network resource." updated="2013-01-14T10:00:00-00:00" {{(pid=103070) _check_extension /opt/stack/neutron/neutron/api/extensions.py:415}}
Jun 14 22:00:00.088800 np0000179990 devstack@neutron-api.service[103070]: INFO neutron.api.extensions [None req-21e272db-11ab-4131-be2e-c1e19ef3850d None None] Loaded extension: external-net
Jun 14 22:00:00.089159 np0000179990 devstack@neutron-api.service[103070]: DEBUG neutron.api.extensions [None req-21e272db-11ab-4131-be2e-c1e19ef3850d None None] Loading extension file: extra_dhcp_opt.py {{(pid=103070) _load_all_extensions_from_path /opt/stack/neutron/neutron/api/extensions.py:449}}
Jun 14 22:00:00.089159 np0000179990 devstack@neutron-api.service[103070]: DEBUG neutron.api.extensions [None req-21e272db-11ab-4131-be2e-c1e19ef3850d None None] Ext name="Neutron Extra DHCP options" alias="extra_dhcp_opt" description="Extra options configuration for DHCP. For example PXE boot options to DHCP clients can be specified (e.g. tftp-server, server-ip-address, bootfile-name)" updated="2013-03-17T12:00:00-00:00" {{(pid=103070) _check_extension /opt/stack/neutron/neutron/api/extensions.py:415}}
Jun 14 22:00:00.089363 np0000179990 devstack@neutron-api.service[103070]: INFO neutron.api.extensions [None req-21e272db-11ab-4131-be2e-c1e19ef3850d None None] Loaded extension: extra_dhcp_opt
Jun 14 22:00:00.089417 np0000179990 devstack@neutron-api.service[103070]: DEBUG neutron.api.extensions [None req-21e272db-11ab-4131-be2e-c1e19ef3850d None None] Loading extension file: extraroute.py {{(pid=103070) _load_all_extensions_from_path /opt/stack/neutron/neutron/api/extensions.py:449}}
Jun 14 22:00:00.089762 np0000179990 devstack@neutron-api.service[103070]: DEBUG neutron.api.extensions [None req-21e272db-11ab-4131-be2e-c1e19ef3850d None None] Ext name="Neutron Extra Route" alias="extraroute" description="Extra routes configuration for L3 router" updated="2013-02-01T10:00:00-00:00" {{(pid=103070) _check_extension /opt/stack/neutron/neutron/api/extensions.py:415}}
Jun 14 22:00:00.089931 np0000179990 devstack@neutron-api.service[103070]: INFO neutron.api.extensions [None req-21e272db-11ab-4131-be2e-c1e19ef3850d None None] Loaded extension: extraroute
Jun 14 22:00:00.089931 np0000179990 devstack@neutron-api.service[103070]: DEBUG neutron.api.extensions [None req-21e272db-11ab-4131-be2e-c1e19ef3850d None None] Loading extension file: extraroute_atomic.py {{(pid=103070) _load_all_extensions_from_path /opt/stack/neutron/neutron/api/extensions.py:449}}
Jun 14 22:00:00.091388 np0000179990 devstack@neutron-api.service[103073]: DEBUG neutron_lib.callbacks.manager [None req-65368f81-3794-42b5-b23b-0b6191480f11 None None] Subscribe: > router before_delete 55550000, False {{(pid=103073) subscribe /opt/stack/data/venv/lib/python3.12/site-packages/neutron_lib/callbacks/manager.py:52}}
Jun 14 22:00:00.091915 np0000179990 devstack@neutron-api.service[103070]: DEBUG neutron.api.extensions [None req-21e272db-11ab-4131-be2e-c1e19ef3850d None None] Ext name="Atomically add/remove extra routes" alias="extraroute-atomic" description="Edit extra routes of a router on server side by atomically adding/removing extra routes" updated="2019-07-10T00:00:00+00:00" {{(pid=103070) _check_extension /opt/stack/neutron/neutron/api/extensions.py:415}}
Jun 14 22:00:00.092323 np0000179990 devstack@neutron-api.service[103073]: DEBUG neutron_lib.callbacks.manager [None req-65368f81-3794-42b5-b23b-0b6191480f11 None None] Subscribe: port before_update 55550000, False {{(pid=103073) subscribe /opt/stack/data/venv/lib/python3.12/site-packages/neutron_lib/callbacks/manager.py:52}}
Jun 14 22:00:00.092323 np0000179990 devstack@neutron-api.service[103073]: DEBUG neutron_lib.callbacks.manager [None req-65368f81-3794-42b5-b23b-0b6191480f11 None None] Subscribe: port after_update 55550000, False {{(pid=103073) subscribe /opt/stack/data/venv/lib/python3.12/site-packages/neutron_lib/callbacks/manager.py:52}}
Jun 14 22:00:00.092743 np0000179990 devstack@neutron-api.service[103070]: INFO neutron.api.extensions [None req-21e272db-11ab-4131-be2e-c1e19ef3850d None None] Loaded extension: extraroute-atomic
