2026-06-15 17:01:35.907 8 INFO placement.requestlog [None req-3479d326-61a1-494f-abea-ce590b18eb78 3d414030ce1546388c60a57a2f2c2014 cd44206e5378426fa8529973ae089c1f - - b2cf8817a5b24805a8291b5887c3a5c1 b2cf8817a5b24805a8291b5887c3a5c1] 10.0.0.86 "GET /resource_providers/18260323-a703-4099-8341-4fbf826af06e/aggregates" status: 404 len: 235 microversion: 1.1 [pid: 8|app: 0|req: 512/1018] 10.0.0.86 () {32 vars in 815 bytes} [Mon Jun 15 17:01:35 2026] GET /resource_providers/18260323-a703-4099-8341-4fbf826af06e/aggregates => generated 235 bytes in 9 msecs (HTTP/1.1 404) 5 headers in 202 bytes (1 switches on core 0)
2026-06-15 17:01:35.909 7 INFO placement.requestlog [None req-27aa5117-830d-41af-b924-7f577dfce774 3d414030ce1546388c60a57a2f2c2014 cd44206e5378426fa8529973ae089c1f - - b2cf8817a5b24805a8291b5887c3a5c1 b2cf8817a5b24805a8291b5887c3a5c1] 10.0.0.86 "GET /resource_providers/18260323-a703-4099-8341-4fbf826af06e/aggregates" status: 404 len: 235 microversion: 1.1 [pid: 7|app: 0|req: 507/1019] 10.0.0.86 () {32 vars in 815 bytes} [Mon Jun 15 17:01:35 2026] GET /resource_providers/18260323-a703-4099-8341-4fbf826af06e/aggregates => generated 235 bytes in 8 msecs (HTTP/1.1 404) 5 headers in 202 bytes (1 switches on core 0)
2026-06-15 17:01:35.930 7 INFO placement.requestlog [None req-f80f04ad-bcb4-4a36-b01d-08b00d234c39 3d414030ce1546388c60a57a2f2c2014 cd44206e5378426fa8529973ae089c1f - - b2cf8817a5b24805a8291b5887c3a5c1 b2cf8817a5b24805a8291b5887c3a5c1] 10.0.0.86 "DELETE /resource_providers/18260323-a703-4099-8341-4fbf826af06e" status: 404 len: 246 microversion: 1.1 [pid: 7|app: 0|req: 508/1020] 10.0.0.86 () {34 vars in 815 bytes} [Mon Jun 15 17:01:35 2026] DELETE /resource_providers/18260323-a703-4099-8341-4fbf826af06e => generated 246 bytes in 10 msecs (HTTP/1.1 404) 6 headers in 231 bytes (1 switches on core 0)
2026-06-15 17:01:35.931 8 INFO placement.requestlog [None req-2e2c8e19-8bb2-4b19-8c9b-ac8546820439 3d414030ce1546388c60a57a2f2c2014 cd44206e5378426fa8529973ae089c1f - - b2cf8817a5b24805a8291b5887c3a5c1 b2cf8817a5b24805a8291b5887c3a5c1] 10.0.0.86 "DELETE /resource_providers/18260323-a703-4099-8341-4fbf826af06e" status: 404 len: 246 microversion: 1.1 [pid: 8|app: 0|req: 513/1021] 10.0.0.86 () {34 vars in 815 bytes} [Mon Jun 15 17:01:35 2026] DELETE /resource_providers/18260323-a703-4099-8341-4fbf826af06e => generated 246 bytes in 13 msecs (HTTP/1.1 404) 6 headers in 231 bytes (1 switches on core 0)
2026-06-15 17:01:37.548 7 INFO placement.requestlog [None req-1f6640fc-6ce0-4409-9dde-c70ea245dbfa 3d414030ce1546388c60a57a2f2c2014 cd44206e5378426fa8529973ae089c1f - - b2cf8817a5b24805a8291b5887c3a5c1 b2cf8817a5b24805a8291b5887c3a5c1] 10.0.0.86 "GET /resource_providers/7850699d-bc84-4719-92d6-004087c93fa9/aggregates" status: 404 len: 235 microversion: 1.1 [pid: 7|app: 0|req: 509/1022] 10.0.0.86 () {32 vars in 815 bytes} [Mon Jun 15 17:01:37 2026] GET /resource_providers/7850699d-bc84-4719-92d6-004087c93fa9/aggregates => generated 235 bytes in 16 msecs (HTTP/1.1 404) 5 headers in 202 bytes (1 switches on core 0)
2026-06-15 17:01:37.554 8 INFO placement.requestlog [None req-31705f50-9030-400d-9707-31539e27b630 3d414030ce1546388c60a57a2f2c2014 cd44206e5378426fa8529973ae089c1f - - b2cf8817a5b24805a8291b5887c3a5c1 b2cf8817a5b24805a8291b5887c3a5c1] 10.0.0.86 "GET /resource_providers/7850699d-bc84-4719-92d6-004087c93fa9/aggregates" status: 404 len: 235 microversion: 1.1 [pid: 8|app: 0|req: 514/1023] 10.0.0.86 () {32 vars in 815 bytes} [Mon Jun 15 17:01:37 2026] GET /resource_providers/7850699d-bc84-4719-92d6-004087c93fa9/aggregates => generated 235 bytes in 12 msecs (HTTP/1.1 404) 5 headers in 202 bytes (1 switches on core 0)
2026-06-15 17:01:37.567 7 INFO placement.requestlog [None req-72fee1b7-1e0b-4787-b08e-12cfa65e7c71 3d414030ce1546388c60a57a2f2c2014 cd44206e5378426fa8529973ae089c1f - - b2cf8817a5b24805a8291b5887c3a5c1 b2cf8817a5b24805a8291b5887c3a5c1] 10.0.0.86 "DELETE /resource_providers/7850699d-bc84-4719-92d6-004087c93fa9" status: 404 len: 246 microversion: 1.1 [pid: 7|app: 0|req: 510/1024] 10.0.0.86 () {34 vars in 815 bytes} [Mon Jun 15 17:01:37 2026] DELETE /resource_providers/7850699d-bc84-4719-92d6-004087c93fa9 => generated 246 bytes in 7 msecs (HTTP/1.1 404) 6 headers in 231 bytes (1 switches on core 0)
2026-06-15 17:01:37.574 8 INFO placement.requestlog [None req-af55b9fa-8eb6-4a5e-808c-3f77226dd27c 3d414030ce1546388c60a57a2f2c2014 cd44206e5378426fa8529973ae089c1f - - b2cf8817a5b24805a8291b5887c3a5c1 b2cf8817a5b24805a8291b5887c3a5c1] 10.0.0.86 "DELETE /resource_providers/7850699d-bc84-4719-92d6-004087c93fa9" status: 404 len: 246 microversion: 1.1 [pid: 8|app: 0|req: 515/1025] 10.0.0.86 () {34 vars in 815 bytes} [Mon Jun 15 17:01:37 2026] DELETE /resource_providers/7850699d-bc84-4719-92d6-004087c93fa9 => generated 246 bytes in 10 msecs (HTTP/1.1 404) 6 headers in 231 bytes (1 switches on core 0)
2026-06-15 17:01:38.764 7 INFO placement.requestlog [None req-7b6b1ba4-cfd8-4db8-8729-ba225554a3c5 3d414030ce1546388c60a57a2f2c2014 cd44206e5378426fa8529973ae089c1f - - b2cf8817a5b24805a8291b5887c3a5c1 b2cf8817a5b24805a8291b5887c3a5c1] 10.0.0.86 "GET /resource_providers/0e255aa7-ea54-47a4-9f28-389edb6980f2/aggregates" status: 404 len: 235 microversion: 1.1 [pid: 7|app: 0|req: 511/1026] 10.0.0.86 () {32 vars in 815 bytes} [Mon Jun 15 17:01:38 2026] GET /resource_providers/0e255aa7-ea54-47a4-9f28-389edb6980f2/aggregates => generated 235 bytes in 13 msecs (HTTP/1.1 404) 5 headers in 202 bytes (1 switches on core 0)
2026-06-15 17:01:38.766 8 INFO placement.requestlog [None req-a33d2f55-0abb-4554-add2-3d8682e27ad6 3d414030ce1546388c60a57a2f2c2014 cd44206e5378426fa8529973ae089c1f - - b2cf8817a5b24805a8291b5887c3a5c1 b2cf8817a5b24805a8291b5887c3a5c1] 10.0.0.86 "GET /resource_providers/0e255aa7-ea54-47a4-9f28-389edb6980f2/aggregates" status: 404 len: 235 microversion: 1.1 [pid: 8|app: 0|req: 516/1027] 10.0.0.86 () {32 vars in 815 bytes} [Mon Jun 15 17:01:38 2026] GET /resource_providers/0e255aa7-ea54-47a4-9f28-389edb6980f2/aggregates => generated 235 bytes in 13 msecs (HTTP/1.1 404) 5 headers in 202 bytes (1 switches on core 0)
2026-06-15 17:01:38.780 7 INFO placement.requestlog [None req-ecc54d7c-b37a-4a8d-868b-c23b724e94d5 3d414030ce1546388c60a57a2f2c2014 cd44206e5378426fa8529973ae089c1f - - b2cf8817a5b24805a8291b5887c3a5c1 b2cf8817a5b24805a8291b5887c3a5c1] 10.0.0.86 "DELETE /resource_providers/0e255aa7-ea54-47a4-9f28-389edb6980f2" status: 404 len: 246 microversion: 1.1 [pid: 7|app: 0|req: 512/1028] 10.0.0.86 () {34 vars in 815 bytes} [Mon Jun 15 17:01:38 2026] DELETE /resource_providers/0e255aa7-ea54-47a4-9f28-389edb6980f2 => generated 246 bytes in 8 msecs (HTTP/1.1 404) 6 headers in 231 bytes (1 switches on core 0)
2026-06-15 17:01:38.784 8 INFO placement.requestlog [None req-d2f7d147-05e4-4fe5-a347-cfe194f6901b 3d414030ce1546388c60a57a2f2c2014 cd44206e5378426fa8529973ae089c1f - - b2cf8817a5b24805a8291b5887c3a5c1 b2cf8817a5b24805a8291b5887c3a5c1] 10.0.0.86 "DELETE /resource_providers/0e255aa7-ea54-47a4-9f28-389edb6980f2" status: 404 len: 246 microversion: 1.1 [pid: 8|app: 0|req: 517/1029] 10.0.0.86 () {34 vars in 815 bytes} [Mon Jun 15 17:01:38 2026] DELETE /resource_providers/0e255aa7-ea54-47a4-9f28-389edb6980f2 => generated 246 bytes in 9 msecs (HTTP/1.1 404) 6 headers in 231 bytes (1 switches on core 0)
2026-06-15 17:01:40.050 8 INFO placement.requestlog [None req-6619bdd3-d6b7-47ed-8fe1-6ec55d0c2d4c - - - - - -] 10.0.0.169 "GET /" status: 200 len: 136 microversion: 1.0
2026-06-15 17:01:40.050 7 INFO placement.requestlog [None req-bffdd12b-df8d-46b9-892a-ca28645a9ab0 - - - - - -] 10.0.0.169 "GET /" status: 200 len: 136 microversion: 1.0
2026-06-15 17:01:41.302 8 INFO placement.requestlog [None req-4a37001c-335e-4d00-a3ca-1e9d81422429 3d414030ce1546388c60a57a2f2c2014 cd44206e5378426fa8529973ae089c1f - - b2cf8817a5b24805a8291b5887c3a5c1 b2cf8817a5b24805a8291b5887c3a5c1] 10.0.0.86 "GET /resource_providers/582fcc78-89f5-4fdf-93db-ade0e825e8ae/aggregates" status: 404 len: 235 microversion: 1.1
2026-06-15 17:01:41.302 7 INFO placement.requestlog [None req-bebc5388-1846-4e97-b5c4-82edd8960b8d 3d414030ce1546388c60a57a2f2c2014 cd44206e5378426fa8529973ae089c1f - - b2cf8817a5b24805a8291b5887c3a5c1 b2cf8817a5b24805a8291b5887c3a5c1] 10.0.0.86 "GET /resource_providers/582fcc78-89f5-4fdf-93db-ade0e825e8ae/aggregates" status: 404 len: 235 microversion: 1.1 [pid: 7|app: 0|req: 514/1032] 10.0.0.86 () {32 vars in 815 bytes} [Mon Jun 15 17:01:41 2026] GET /resource_providers/582fcc78-89f5-4fdf-93db-ade0e825e8ae/aggregates => generated 235 bytes in 7 msecs (HTTP/1.1 404) 5 headers in 202 bytes (1 switches on core 0) [pid: 8|app: 0|req: 519/1033] 10.0.0.86 () {32 vars in 815 bytes} [Mon Jun 15 17:01:41 2026] GET /resource_providers/582fcc78-89f5-4fdf-93db-ade0e825e8ae/aggregates => generated 235 bytes in 9 msecs (HTTP/1.1 404) 5 headers in 202 bytes (1 switches on core 0)
2026-06-15 17:01:41.323 8 INFO placement.requestlog [None req-a9aa5755-096e-40cf-927c-e4714124a42d 3d414030ce1546388c60a57a2f2c2014 cd44206e5378426fa8529973ae089c1f - - b2cf8817a5b24805a8291b5887c3a5c1 b2cf8817a5b24805a8291b5887c3a5c1] 10.0.0.86 "DELETE /resource_providers/582fcc78-89f5-4fdf-93db-ade0e825e8ae" status: 404 len: 246 microversion: 1.1 [pid: 8|app: 0|req: 520/1034] 10.0.0.86 () {34 vars in 815 bytes} [Mon Jun 15 17:01:41 2026] DELETE /resource_providers/582fcc78-89f5-4fdf-93db-ade0e825e8ae => generated 246 bytes in 10 msecs (HTTP/1.1 404) 6 headers in 231 bytes (1 switches on core 0)
2026-06-15 17:01:41.324 7 INFO placement.requestlog [None req-6137f8c1-41d6-47e9-adaa-42b6b0e6f911 3d414030ce1546388c60a57a2f2c2014 cd44206e5378426fa8529973ae089c1f - - b2cf8817a5b24805a8291b5887c3a5c1 b2cf8817a5b24805a8291b5887c3a5c1] 10.0.0.86 "DELETE /resource_providers/582fcc78-89f5-4fdf-93db-ade0e825e8ae" status: 404 len: 246 microversion: 1.1 [pid: 7|app: 0|req: 515/1035] 10.0.0.86 () {34 vars in 815 bytes} [Mon Jun 15 17:01:41 2026] DELETE /resource_providers/582fcc78-89f5-4fdf-93db-ade0e825e8ae => generated 246 bytes in 12 msecs (HTTP/1.1 404) 6 headers in 231 bytes (1 switches on core 0)
2026-06-15 17:01:41.440 8 INFO placement.requestlog [None req-6e6e210d-52e4-465d-8f67-092a6e97d316 3d414030ce1546388c60a57a2f2c2014 cd44206e5378426fa8529973ae089c1f - - b2cf8817a5b24805a8291b5887c3a5c1 b2cf8817a5b24805a8291b5887c3a5c1] 10.0.0.86 "GET /resource_providers/4ff17e45-96aa-4902-b382-db7b7009e50d/aggregates" status: 404 len: 235 microversion: 1.1 [pid: 8|app: 0|req: 521/1036] 10.0.0.86 () {32 vars in 815 bytes} [Mon Jun 15 17:01:41 2026] GET /resource_providers/4ff17e45-96aa-4902-b382-db7b7009e50d/aggregates => generated 235 bytes in 7 msecs (HTTP/1.1 404) 5 headers in 202 bytes (1 switches on core 0)
2026-06-15 17:01:41.441 7 INFO placement.requestlog [None req-d61fcffc-3bb0-4135-aead-9e764d8d8d34 3d414030ce1546388c60a57a2f2c2014 cd44206e5378426fa8529973ae089c1f - - b2cf8817a5b24805a8291b5887c3a5c1 b2cf8817a5b24805a8291b5887c3a5c1] 10.0.0.86 "GET /resource_providers/4ff17e45-96aa-4902-b382-db7b7009e50d/aggregates" status: 404 len: 235 microversion: 1.1 [pid: 7|app: 0|req: 516/1037] 10.0.0.86 () {32 vars in 815 bytes} [Mon Jun 15 17:01:41 2026] GET /resource_providers/4ff17e45-96aa-4902-b382-db7b7009e50d/aggregates => generated 235 bytes in 9 msecs (HTTP/1.1 404) 5 headers in 202 bytes (1 switches on core 0)
2026-06-15 17:01:41.462 8 INFO placement.requestlog [None req-eeac4a2c-8313-46b3-bfe7-12f070954a4d 3d414030ce1546388c60a57a2f2c2014 cd44206e5378426fa8529973ae089c1f - - b2cf8817a5b24805a8291b5887c3a5c1 b2cf8817a5b24805a8291b5887c3a5c1] 10.0.0.86 "DELETE /resource_providers/4ff17e45-96aa-4902-b382-db7b7009e50d" status: 404 len: 246 microversion: 1.1 [pid: 8|app: 0|req: 522/1038] 10.0.0.86 () {34 vars in 815 bytes} [Mon Jun 15 17:01:41 2026] DELETE /resource_providers/4ff17e45-96aa-4902-b382-db7b7009e50d => generated 246 bytes in 9 msecs (HTTP/1.1 404) 6 headers in 231 bytes (1 switches on core 0)
2026-06-15 17:01:41.464 7 INFO placement.requestlog [None req-f1238f2d-dd67-4f1a-9f70-d28180cc86cc 3d414030ce1546388c60a57a2f2c2014 cd44206e5378426fa8529973ae089c1f - - b2cf8817a5b24805a8291b5887c3a5c1 b2cf8817a5b24805a8291b5887c3a5c1] 10.0.0.86 "DELETE /resource_providers/4ff17e45-96aa-4902-b382-db7b7009e50d" status: 404 len: 246 microversion: 1.1 [pid: 7|app: 0|req: 517/1039] 10.0.0.86 () {34 vars in 815 bytes} [Mon Jun 15 17:01:41 2026] DELETE /resource_providers/4ff17e45-96aa-4902-b382-db7b7009e50d => generated 246 bytes in 9 msecs (HTTP/1.1 404) 6 headers in 231 bytes (1 switches on core 0)
2026-06-15 17:01:44.453 7 INFO placement.requestlog [None req-537f5f45-ed2a-4449-91e5-e82f26e16a1f 3d414030ce1546388c60a57a2f2c2014 cd44206e5378426fa8529973ae089c1f - - b2cf8817a5b24805a8291b5887c3a5c1 b2cf8817a5b24805a8291b5887c3a5c1] 10.0.0.86 "GET /resource_providers/992e40d2-8c5b-4174-ad6c-4683c8410842/aggregates" status: 404 len: 235 microversion: 1.1 [pid: 7|app: 0|req: 518/1040] 10.0.0.86 () {32 vars in 815 bytes} [Mon Jun 15 17:01:44 2026] GET /resource_providers/992e40d2-8c5b-4174-ad6c-4683c8410842/aggregates => generated 235 bytes in 9 msecs (HTTP/1.1 404) 5 headers in 202 bytes (1 switches on core 0)
2026-06-15 17:01:44.456 8 INFO placement.requestlog [None req-98b45918-b5c2-4b34-9c30-8fae5c3ec009 3d414030ce1546388c60a57a2f2c2014 cd44206e5378426fa8529973ae089c1f - - b2cf8817a5b24805a8291b5887c3a5c1 b2cf8817a5b24805a8291b5887c3a5c1] 10.0.0.86 "GET /resource_providers/992e40d2-8c5b-4174-ad6c-4683c8410842/aggregates" status: 404 len: 235 microversion: 1.1 [pid: 8|app: 0|req: 523/1041] 10.0.0.86 () {32 vars in 815 bytes} [Mon Jun 15 17:01:44 2026] GET /resource_providers/992e40d2-8c5b-4174-ad6c-4683c8410842/aggregates => generated 235 bytes in 13 msecs (HTTP/1.1 404) 5 headers in 202 bytes (1 switches on core 0)
2026-06-15 17:01:44.476 7 INFO placement.requestlog [None req-975f4330-68ac-4fc3-8512-6661226d5fa1 3d414030ce1546388c60a57a2f2c2014 cd44206e5378426fa8529973ae089c1f - - b2cf8817a5b24805a8291b5887c3a5c1 b2cf8817a5b24805a8291b5887c3a5c1] 10.0.0.86 "DELETE /resource_providers/992e40d2-8c5b-4174-ad6c-4683c8410842" status: 404 len: 246 microversion: 1.1 [pid: 7|app: 0|req: 519/1042] 10.0.0.86 () {34 vars in 815 bytes} [Mon Jun 15 17:01:44 2026] DELETE /resource_providers/992e40d2-8c5b-4174-ad6c-4683c8410842 => generated 246 bytes in 8 msecs (HTTP/1.1 404) 6 headers in 231 bytes (1 switches on core 0)
2026-06-15 17:01:44.478 8 INFO placement.requestlog [None req-d3225df1-4981-47f8-a528-131500871924 3d414030ce1546388c60a57a2f2c2014 cd44206e5378426fa8529973ae089c1f - - b2cf8817a5b24805a8291b5887c3a5c1 b2cf8817a5b24805a8291b5887c3a5c1] 10.0.0.86 "DELETE /resource_providers/992e40d2-8c5b-4174-ad6c-4683c8410842" status: 404 len: 246 microversion: 1.1 [pid: 8|app: 0|req: 524/1043] 10.0.0.86 () {34 vars in 815 bytes} [Mon Jun 15 17:01:44 2026] DELETE /resource_providers/992e40d2-8c5b-4174-ad6c-4683c8410842 => generated 246 bytes in 10 msecs (HTTP/1.1 404) 6 headers in 231 bytes (1 switches on core 0)
2026-06-15 17:01:44.604 7 INFO placement.requestlog [None req-88c1bdff-c2d6-451c-92a7-4678091fe638 3d414030ce1546388c60a57a2f2c2014 cd44206e5378426fa8529973ae089c1f - - b2cf8817a5b24805a8291b5887c3a5c1 b2cf8817a5b24805a8291b5887c3a5c1] 10.0.0.86 "GET /resource_providers/a3bb66d5-85b0-4292-9c29-eb3fa2deab81/aggregates" status: 404 len: 235 microversion: 1.1 [pid: 7|app: 0|req: 520/1044] 10.0.0.86 () {32 vars in 815 bytes} [Mon Jun 15 17:01:44 2026] GET /resource_providers/a3bb66d5-85b0-4292-9c29-eb3fa2deab81/aggregates => generated 235 bytes in 9 msecs (HTTP/1.1 404) 5 headers in 202 bytes (1 switches on core 0)
2026-06-15 17:01:44.605 8 INFO placement.requestlog [None req-57bb4d5d-c903-4e57-9a72-27b00b5b54ae 3d414030ce1546388c60a57a2f2c2014 cd44206e5378426fa8529973ae089c1f - - b2cf8817a5b24805a8291b5887c3a5c1 b2cf8817a5b24805a8291b5887c3a5c1] 10.0.0.86 "GET /resource_providers/a3bb66d5-85b0-4292-9c29-eb3fa2deab81/aggregates" status: 404 len: 235 microversion: 1.1 [pid: 8|app: 0|req: 525/1045] 10.0.0.86 () {32 vars in 815 bytes} [Mon Jun 15 17:01:44 2026] GET /resource_providers/a3bb66d5-85b0-4292-9c29-eb3fa2deab81/aggregates => generated 235 bytes in 9 msecs (HTTP/1.1 404) 5 headers in 202 bytes (1 switches on core 0)
2026-06-15 17:01:44.623 7 INFO placement.requestlog [None req-c94314fa-e6cb-41db-8256-fb54dfa669d8 3d414030ce1546388c60a57a2f2c2014 cd44206e5378426fa8529973ae089c1f - - b2cf8817a5b24805a8291b5887c3a5c1 b2cf8817a5b24805a8291b5887c3a5c1] 10.0.0.86 "DELETE /resource_providers/a3bb66d5-85b0-4292-9c29-eb3fa2deab81" status: 404 len: 246 microversion: 1.1 [pid: 7|app: 0|req: 521/1046] 10.0.0.86 () {34 vars in 815 bytes} [Mon Jun 15 17:01:44 2026] DELETE /resource_providers/a3bb66d5-85b0-4292-9c29-eb3fa2deab81 => generated 246 bytes in 8 msecs (HTTP/1.1 404) 6 headers in 231 bytes (1 switches on core 0)
2026-06-15 17:01:44.629 8 INFO placement.requestlog [None req-91151438-4e24-40b2-a16e-608e85e895a8 3d414030ce1546388c60a57a2f2c2014 cd44206e5378426fa8529973ae089c1f - - b2cf8817a5b24805a8291b5887c3a5c1 b2cf8817a5b24805a8291b5887c3a5c1] 10.0.0.86 "DELETE /resource_providers/a3bb66d5-85b0-4292-9c29-eb3fa2deab81" status: 404 len: 246 microversion: 1.1 [pid: 8|app: 0|req: 526/1047] 10.0.0.86 () {34 vars in 815 bytes} [Mon Jun 15 17:01:44 2026] DELETE /resource_providers/a3bb66d5-85b0-4292-9c29-eb3fa2deab81 => generated 246 bytes in 9 msecs (HTTP/1.1 404) 6 headers in 231 bytes (1 switches on core 0)
2026-06-15 17:01:46.496 8 INFO placement.requestlog [None req-74d00cb3-bd51-4744-a235-34103d35dee3 3d414030ce1546388c60a57a2f2c2014 cd44206e5378426fa8529973ae089c1f - - b2cf8817a5b24805a8291b5887c3a5c1 b2cf8817a5b24805a8291b5887c3a5c1] 10.0.0.86 "GET /resource_providers/ea5a876c-d5c2-4d37-92e7-3f0e26519088/aggregates" status: 404 len: 235 microversion: 1.1 [pid: 8|app: 0|req: 527/1048] 10.0.0.86 () {32 vars in 815 bytes} [Mon Jun 15 17:01:46 2026] GET /resource_providers/ea5a876c-d5c2-4d37-92e7-3f0e26519088/aggregates => generated 235 bytes in 8 msecs (HTTP/1.1 404) 5 headers in 202 bytes (1 switches on core 0)
2026-06-15 17:01:46.497 7 INFO placement.requestlog [None req-9b20048c-aa5f-48d1-93e4-30c133374779 3d414030ce1546388c60a57a2f2c2014 cd44206e5378426fa8529973ae089c1f - - b2cf8817a5b24805a8291b5887c3a5c1 b2cf8817a5b24805a8291b5887c3a5c1] 10.0.0.86 "GET /resource_providers/ea5a876c-d5c2-4d37-92e7-3f0e26519088/aggregates" status: 404 len: 235 microversion: 1.1 [pid: 7|app: 0|req: 522/1049] 10.0.0.86 () {32 vars in 815 bytes} [Mon Jun 15 17:01:46 2026] GET /resource_providers/ea5a876c-d5c2-4d37-92e7-3f0e26519088/aggregates => generated 235 bytes in 10 msecs (HTTP/1.1 404) 5 headers in 202 bytes (1 switches on core 0)
2026-06-15 17:01:46.523 8 INFO placement.requestlog [None req-7f6f39eb-2cd8-4e95-8394-d756c4d1ff43 3d414030ce1546388c60a57a2f2c2014 cd44206e5378426fa8529973ae089c1f - - b2cf8817a5b24805a8291b5887c3a5c1 b2cf8817a5b24805a8291b5887c3a5c1] 10.0.0.86 "DELETE /resource_providers/ea5a876c-d5c2-4d37-92e7-3f0e26519088" status: 404 len: 246 microversion: 1.1
2026-06-15 17:01:46.523 7 INFO placement.requestlog [None req-c0ef7692-a1e9-4d7b-bddc-75b74bc54ef3 3d414030ce1546388c60a57a2f2c2014 cd44206e5378426fa8529973ae089c1f - - b2cf8817a5b24805a8291b5887c3a5c1 b2cf8817a5b24805a8291b5887c3a5c1] 10.0.0.86 "DELETE /resource_providers/ea5a876c-d5c2-4d37-92e7-3f0e26519088" status: 404 len: 246 microversion: 1.1 [pid: 8|app: 0|req: 528/1050] 10.0.0.86 () {34 vars in 815 bytes} [Mon Jun 15 17:01:46 2026] DELETE /resource_providers/ea5a876c-d5c2-4d37-92e7-3f0e26519088 => generated 246 bytes in 13 msecs (HTTP/1.1 404) 6 headers in 231 bytes (1 switches on core 0) [pid: 7|app: 0|req: 523/1051] 10.0.0.86 () {34 vars in 815 bytes} [Mon Jun 15 17:01:46 2026] DELETE /resource_providers/ea5a876c-d5c2-4d37-92e7-3f0e26519088 => generated 246 bytes in 11 msecs (HTTP/1.1 404) 6 headers in 231 bytes (1 switches on core 0)
2026-06-15 17:01:46.642 8 INFO placement.requestlog [None req-8a5d635f-e5b3-4515-badb-7acc715e9af8 3d414030ce1546388c60a57a2f2c2014 cd44206e5378426fa8529973ae089c1f - - b2cf8817a5b24805a8291b5887c3a5c1 b2cf8817a5b24805a8291b5887c3a5c1] 10.0.0.86 "GET /resource_providers/9e86814f-3882-4791-8acf-d4f8b0dab773/aggregates" status: 404 len: 235 microversion: 1.1 [pid: 8|app: 0|req: 529/1052] 10.0.0.86 () {32 vars in 815 bytes} [Mon Jun 15 17:01:46 2026] GET /resource_providers/9e86814f-3882-4791-8acf-d4f8b0dab773/aggregates => generated 235 bytes in 13 msecs (HTTP/1.1 404) 5 headers in 202 bytes (1 switches on core 0)
2026-06-15 17:01:46.645 7 INFO placement.requestlog [None req-dcd0ef49-c646-445f-9f78-b28568785cde 3d414030ce1546388c60a57a2f2c2014 cd44206e5378426fa8529973ae089c1f - - b2cf8817a5b24805a8291b5887c3a5c1 b2cf8817a5b24805a8291b5887c3a5c1] 10.0.0.86 "GET /resource_providers/9e86814f-3882-4791-8acf-d4f8b0dab773/aggregates" status: 404 len: 235 microversion: 1.1 [pid: 7|app: 0|req: 524/1053] 10.0.0.86 () {32 vars in 815 bytes} [Mon Jun 15 17:01:46 2026] GET /resource_providers/9e86814f-3882-4791-8acf-d4f8b0dab773/aggregates => generated 235 bytes in 12 msecs (HTTP/1.1 404) 5 headers in 202 bytes (1 switches on core 0)
2026-06-15 17:01:46.662 8 INFO placement.requestlog [None req-a8c4684f-5839-48b4-9569-7174a27bff44 3d414030ce1546388c60a57a2f2c2014 cd44206e5378426fa8529973ae089c1f - - b2cf8817a5b24805a8291b5887c3a5c1 b2cf8817a5b24805a8291b5887c3a5c1] 10.0.0.86 "DELETE /resource_providers/9e86814f-3882-4791-8acf-d4f8b0dab773" status: 404 len: 246 microversion: 1.1 [pid: 8|app: 0|req: 530/1054] 10.0.0.86 () {34 vars in 815 bytes} [Mon Jun 15 17:01:46 2026] DELETE /resource_providers/9e86814f-3882-4791-8acf-d4f8b0dab773 => generated 246 bytes in 10 msecs (HTTP/1.1 404) 6 headers in 231 bytes (1 switches on core 0)
2026-06-15 17:01:46.667 7 INFO placement.requestlog [None req-a8975dc1-c3e1-4abf-97d8-900579c77eaa 3d414030ce1546388c60a57a2f2c2014 cd44206e5378426fa8529973ae089c1f - - b2cf8817a5b24805a8291b5887c3a5c1 b2cf8817a5b24805a8291b5887c3a5c1] 10.0.0.86 "DELETE /resource_providers/9e86814f-3882-4791-8acf-d4f8b0dab773" status: 404 len: 246 microversion: 1.1 [pid: 7|app: 0|req: 525/1055] 10.0.0.86 () {34 vars in 815 bytes} [Mon Jun 15 17:01:46 2026] DELETE /resource_providers/9e86814f-3882-4791-8acf-d4f8b0dab773 => generated 246 bytes in 11 msecs (HTTP/1.1 404) 6 headers in 231 bytes (1 switches on core 0)
2026-06-15 17:01:50.050 7 INFO placement.requestlog [None req-07fcba70-dc6c-46ef-af4f-2a1e7c104395 - - - - - -] 10.0.0.169 "GET /" status: 200 len: 136 microversion: 1.0
2026-06-15 17:01:50.050 8 INFO placement.requestlog [None req-44271096-369c-4f2d-8f3a-1ce1240f2c5d - - - - - -] 10.0.0.169 "GET /" status: 200 len: 136 microversion: 1.0
2026-06-15 17:02:00.002 7 INFO placement.requestlog [req-5c48fe46-9b10-42aa-9932-75c33180b0f0 req-1da9a7e0-4c71-43a9-9b55-a66cf87eb893 84fea1db01ec41c595930a91e9b88980 cd44206e5378426fa8529973ae089c1f - - b2cf8817a5b24805a8291b5887c3a5c1 b2cf8817a5b24805a8291b5887c3a5c1] 10.0.0.182 "GET /allocation_candidates?limit=1000&resources=DISK_GB%3A1%2CMEMORY_MB%3A512%2CVCPU%3A1&root_required=%21COMPUTE_STATUS_DISABLED" status: 200 len: 2781 microversion: 1.36 [pid: 7|app: 0|req: 527/1058] 10.0.0.182 () {34 vars in 1012 bytes} [Mon Jun 15 17:01:59 2026] GET /allocation_candidates?limit=1000&resources=DISK_GB%3A1%2CMEMORY_MB%3A512%2CVCPU%3A1&root_required=%21COMPUTE_STATUS_DISABLED => generated 2781 bytes in 59 msecs (HTTP/1.1 200) 8 headers in 297 bytes (1 switches on core 0)
2026-06-15 17:02:00.036 8 INFO placement.requestlog [req-5c48fe46-9b10-42aa-9932-75c33180b0f0 req-772be0eb-ef26-4912-b383-95d8e367b101 84fea1db01ec41c595930a91e9b88980 cd44206e5378426fa8529973ae089c1f - - b2cf8817a5b24805a8291b5887c3a5c1 b2cf8817a5b24805a8291b5887c3a5c1] 10.0.0.182 "GET /allocations/2c0eded6-0f5c-4f12-96b4-6f30840ec566" status: 200 len: 19 microversion: 1.28 [pid: 8|app: 0|req: 532/1059] 10.0.0.182 () {34 vars in 861 bytes} [Mon Jun 15 17:02:00 2026] GET /allocations/2c0eded6-0f5c-4f12-96b4-6f30840ec566 => generated 19 bytes in 9 msecs (HTTP/1.1 200) 8 headers in 295 bytes (1 switches on core 0)
2026-06-15 17:02:00.049 8 INFO placement.requestlog [None req-1a747e2c-4a55-44b1-ab36-97263c5f6b38 - - - - - -] 10.0.0.169 "GET /" status: 200 len: 136 microversion: 1.0
2026-06-15 17:02:00.051 8 INFO placement.requestlog [None req-508829f3-aad2-4bdc-aa42-27a077953729 - - - - - -] 10.0.0.169 "GET /" status: 200 len: 136 microversion: 1.0
2026-06-15 17:02:00.109 7 INFO placement.requestlog [req-5c48fe46-9b10-42aa-9932-75c33180b0f0 req-f6e99ede-64ac-453e-ac2a-4f87c7212280 84fea1db01ec41c595930a91e9b88980 cd44206e5378426fa8529973ae089c1f - - b2cf8817a5b24805a8291b5887c3a5c1 b2cf8817a5b24805a8291b5887c3a5c1] 10.0.0.182 "PUT /allocations/2c0eded6-0f5c-4f12-96b4-6f30840ec566" status: 204 len: 0 microversion: 1.36 [pid: 7|app: 0|req: 528/1062] 10.0.0.182 () {38 vars in 914 bytes} [Mon Jun 15 17:02:00 2026] PUT /allocations/2c0eded6-0f5c-4f12-96b4-6f30840ec566 => generated 0 bytes in 66 msecs (HTTP/1.1 204) 5 headers in 199 bytes (1 switches on core 0)
2026-06-15 17:02:01.596 8 INFO placement.requestlog [req-5c48fe46-9b10-42aa-9932-75c33180b0f0 req-00577c79-e771-4205-9783-66f5a91e9430 84fea1db01ec41c595930a91e9b88980 cd44206e5378426fa8529973ae089c1f - - b2cf8817a5b24805a8291b5887c3a5c1 b2cf8817a5b24805a8291b5887c3a5c1] 199.204.45.235 "GET /allocations/2c0eded6-0f5c-4f12-96b4-6f30840ec566" status: 200 len: 258 microversion: 1.28 [pid: 8|app: 0|req: 535/1063] 199.204.45.235 () {34 vars in 863 bytes} [Mon Jun 15 17:02:01 2026] GET /allocations/2c0eded6-0f5c-4f12-96b4-6f30840ec566 => generated 258 bytes in 12 msecs (HTTP/1.1 200) 8 headers in 296 bytes (1 switches on core 0)
2026-06-15 17:02:02.738 7 INFO placement.requestlog [req-5c48fe46-9b10-42aa-9932-75c33180b0f0 req-ed3e402e-b320-4bf2-9aa9-6a3f28eea95d 84fea1db01ec41c595930a91e9b88980 cd44206e5378426fa8529973ae089c1f - - b2cf8817a5b24805a8291b5887c3a5c1 b2cf8817a5b24805a8291b5887c3a5c1] 199.204.45.235 "GET /resource_providers/896cce61-0607-4849-8d33-1a44f07fa74d/allocations" status: 200 len: 153 microversion: 1.0 [pid: 7|app: 0|req: 529/1064] 199.204.45.235 () {32 vars in 857 bytes} [Mon Jun 15 17:02:02 2026] GET /resource_providers/896cce61-0607-4849-8d33-1a44f07fa74d/allocations => generated 153 bytes in 120 msecs (HTTP/1.1 200) 6 headers in 224 bytes (1 switches on core 0)
2026-06-15 17:02:02.760 8 INFO placement.requestlog [req-5c48fe46-9b10-42aa-9932-75c33180b0f0 req-def4302f-4be0-4055-9f6a-d2856ee5a04e 84fea1db01ec41c595930a91e9b88980 cd44206e5378426fa8529973ae089c1f - - b2cf8817a5b24805a8291b5887c3a5c1 b2cf8817a5b24805a8291b5887c3a5c1] 199.204.45.235 "GET /allocations/2c0eded6-0f5c-4f12-96b4-6f30840ec566" status: 200 len: 258 microversion: 1.28 [pid: 8|app: 0|req: 536/1065] 199.204.45.235 () {34 vars in 863 bytes} [Mon Jun 15 17:02:02 2026] GET /allocations/2c0eded6-0f5c-4f12-96b4-6f30840ec566 => generated 258 bytes in 14 msecs (HTTP/1.1 200) 8 headers in 296 bytes (1 switches on core 0)
2026-06-15 17:02:05.807 7 INFO placement.requestlog [req-0ba6af9d-e34f-4b9e-8527-bd84e14b99d9 req-f141dcb9-7f26-4021-a1a7-ac8058bf0ac8 84fea1db01ec41c595930a91e9b88980 cd44206e5378426fa8529973ae089c1f - - b2cf8817a5b24805a8291b5887c3a5c1 b2cf8817a5b24805a8291b5887c3a5c1] 10.0.0.182 "GET /allocation_candidates?limit=1000&resources=DISK_GB%3A1%2CMEMORY_MB%3A512%2CVCPU%3A1&root_required=%21COMPUTE_STATUS_DISABLED" status: 200 len: 2783 microversion: 1.36 [pid: 7|app: 0|req: 530/1066] 10.0.0.182 () {34 vars in 1012 bytes} [Mon Jun 15 17:02:05 2026] GET /allocation_candidates?limit=1000&resources=DISK_GB%3A1%2CMEMORY_MB%3A512%2CVCPU%3A1&root_required=%21COMPUTE_STATUS_DISABLED => generated 2783 bytes in 45 msecs (HTTP/1.1 200) 8 headers in 297 bytes (1 switches on core 0)
2026-06-15 17:02:05.838 8 INFO placement.requestlog [req-0ba6af9d-e34f-4b9e-8527-bd84e14b99d9 req-ccff8649-8355-4783-af58-2793730d5a7a 84fea1db01ec41c595930a91e9b88980 cd44206e5378426fa8529973ae089c1f - - b2cf8817a5b24805a8291b5887c3a5c1 b2cf8817a5b24805a8291b5887c3a5c1] 10.0.0.182 "GET /allocations/509b54e9-8745-4d12-82f4-f46117ddb429" status: 200 len: 19 microversion: 1.28 [pid: 8|app: 0|req: 537/1067] 10.0.0.182 () {34 vars in 861 bytes} [Mon Jun 15 17:02:05 2026] GET /allocations/509b54e9-8745-4d12-82f4-f46117ddb429 => generated 19 bytes in 12 msecs (HTTP/1.1 200) 8 headers in 295 bytes (1 switches on core 0)
2026-06-15 17:02:05.913 7 INFO placement.requestlog [req-0ba6af9d-e34f-4b9e-8527-bd84e14b99d9 req-95f9f265-c9a1-46ed-8c56-1ace14870e52 84fea1db01ec41c595930a91e9b88980 cd44206e5378426fa8529973ae089c1f - - b2cf8817a5b24805a8291b5887c3a5c1 b2cf8817a5b24805a8291b5887c3a5c1] 10.0.0.182 "PUT /allocations/509b54e9-8745-4d12-82f4-f46117ddb429" status: 204 len: 0 microversion: 1.36 [pid: 7|app: 0|req: 531/1068] 10.0.0.182 () {38 vars in 914 bytes} [Mon Jun 15 17:02:05 2026] PUT /allocations/509b54e9-8745-4d12-82f4-f46117ddb429 => generated 0 bytes in 70 msecs (HTTP/1.1 204) 5 headers in 199 bytes (1 switches on core 0)
2026-06-15 17:02:07.416 8 INFO placement.requestlog [req-0ba6af9d-e34f-4b9e-8527-bd84e14b99d9 req-a006faee-9f5b-412a-bf7d-5a7a59230890 84fea1db01ec41c595930a91e9b88980 cd44206e5378426fa8529973ae089c1f - - b2cf8817a5b24805a8291b5887c3a5c1 b2cf8817a5b24805a8291b5887c3a5c1] 199.204.45.235 "GET /allocations/509b54e9-8745-4d12-82f4-f46117ddb429" status: 200 len: 258 microversion: 1.28 [pid: 8|app: 0|req: 538/1069] 199.204.45.235 () {34 vars in 863 bytes} [Mon Jun 15 17:02:07 2026] GET /allocations/509b54e9-8745-4d12-82f4-f46117ddb429 => generated 258 bytes in 12 msecs (HTTP/1.1 200) 8 headers in 296 bytes (1 switches on core 0)
2026-06-15 17:02:08.320 7 INFO placement.requestlog [req-eeb84ef0-a9a0-4723-a7e6-d692396cfc31 req-da0f8bba-cd44-4978-a797-d5bae84b9a62 84fea1db01ec41c595930a91e9b88980 cd44206e5378426fa8529973ae089c1f - - b2cf8817a5b24805a8291b5887c3a5c1 b2cf8817a5b24805a8291b5887c3a5c1] 199.204.45.235 "GET /resource_providers/896cce61-0607-4849-8d33-1a44f07fa74d/allocations" status: 200 len: 253 microversion: 1.0 [pid: 7|app: 0|req: 532/1070] 199.204.45.235 () {32 vars in 857 bytes} [Mon Jun 15 17:02:08 2026] GET /resource_providers/896cce61-0607-4849-8d33-1a44f07fa74d/allocations => generated 253 bytes in 28 msecs (HTTP/1.1 200) 6 headers in 224 bytes (1 switches on core 0)
2026-06-15 17:02:08.851 8 INFO placement.requestlog [req-eeb84ef0-a9a0-4723-a7e6-d692396cfc31 req-597136f2-ba3f-4d73-b62a-62579d9cfcc9 84fea1db01ec41c595930a91e9b88980 cd44206e5378426fa8529973ae089c1f - - b2cf8817a5b24805a8291b5887c3a5c1 b2cf8817a5b24805a8291b5887c3a5c1] 199.204.45.235 "GET /resource_providers?in_tree=896cce61-0607-4849-8d33-1a44f07fa74d" status: 200 len: 798 microversion: 1.14 [pid: 8|app: 0|req: 539/1071] 199.204.45.235 () {34 vars in 892 bytes} [Mon Jun 15 17:02:08 2026] GET /resource_providers?in_tree=896cce61-0607-4849-8d33-1a44f07fa74d => generated 798 bytes in 17 msecs (HTTP/1.1 200) 6 headers in 225 bytes (1 switches on core 0)
2026-06-15 17:02:08.870 7 INFO placement.requestlog [req-eeb84ef0-a9a0-4723-a7e6-d692396cfc31 req-40ac9310-43f1-4247-b7f1-01dde0a61df1 84fea1db01ec41c595930a91e9b88980 cd44206e5378426fa8529973ae089c1f - - b2cf8817a5b24805a8291b5887c3a5c1 b2cf8817a5b24805a8291b5887c3a5c1] 199.204.45.235 "GET /resource_providers/896cce61-0607-4849-8d33-1a44f07fa74d/inventories" status: 200 len: 401 microversion: 1.0 [pid: 7|app: 0|req: 533/1072] 199.204.45.235 () {32 vars in 857 bytes} [Mon Jun 15 17:02:08 2026] GET /resource_providers/896cce61-0607-4849-8d33-1a44f07fa74d/inventories => generated 401 bytes in 11 msecs (HTTP/1.1 200) 6 headers in 224 bytes (1 switches on core 0)
2026-06-15 17:02:08.883 8 INFO placement.requestlog [req-eeb84ef0-a9a0-4723-a7e6-d692396cfc31 req-c51d3c27-0b29-4154-895b-0c238cb5ba3f 84fea1db01ec41c595930a91e9b88980 cd44206e5378426fa8529973ae089c1f - - b2cf8817a5b24805a8291b5887c3a5c1 b2cf8817a5b24805a8291b5887c3a5c1] 199.204.45.235 "GET /resource_providers/896cce61-0607-4849-8d33-1a44f07fa74d/aggregates" status: 200 len: 54 microversion: 1.19 [pid: 8|app: 0|req: 540/1073] 199.204.45.235 () {34 vars in 899 bytes} [Mon Jun 15 17:02:08 2026] GET /resource_providers/896cce61-0607-4849-8d33-1a44f07fa74d/aggregates => generated 54 bytes in 8 msecs (HTTP/1.1 200) 8 headers in 295 bytes (1 switches on core 0)
2026-06-15 17:02:08.909 7 INFO placement.requestlog [req-eeb84ef0-a9a0-4723-a7e6-d692396cfc31 req-ed40fd24-d763-4e58-9474-b4e0b7a76998 84fea1db01ec41c595930a91e9b88980 cd44206e5378426fa8529973ae089c1f - - b2cf8817a5b24805a8291b5887c3a5c1 b2cf8817a5b24805a8291b5887c3a5c1] 199.204.45.235 "GET /resource_providers/896cce61-0607-4849-8d33-1a44f07fa74d/traits" status: 200 len: 2317 microversion: 1.6 [pid: 7|app: 0|req: 534/1074] 199.204.45.235 () {34 vars in 890 bytes} [Mon Jun 15 17:02:08 2026] GET /resource_providers/896cce61-0607-4849-8d33-1a44f07fa74d/traits => generated 2317 bytes in 21 msecs (HTTP/1.1 200) 6 headers in 225 bytes (1 switches on core 0)
2026-06-15 17:02:08.926 8 INFO placement.requestlog [req-eeb84ef0-a9a0-4723-a7e6-d692396cfc31 req-a784e37a-a44e-417a-a543-69dd38a4e571 84fea1db01ec41c595930a91e9b88980 cd44206e5378426fa8529973ae089c1f - - b2cf8817a5b24805a8291b5887c3a5c1 b2cf8817a5b24805a8291b5887c3a5c1] 199.204.45.235 "GET /resource_providers/896cce61-0607-4849-8d33-1a44f07fa74d/allocations" status: 200 len: 253 microversion: 1.0 [pid: 8|app: 0|req: 541/1075] 199.204.45.235 () {32 vars in 857 bytes} [Mon Jun 15 17:02:08 2026] GET /resource_providers/896cce61-0607-4849-8d33-1a44f07fa74d/allocations => generated 253 bytes in 10 msecs (HTTP/1.1 200) 6 headers in 224 bytes (1 switches on core 0)
2026-06-15 17:02:08.944 7 INFO placement.requestlog [req-eeb84ef0-a9a0-4723-a7e6-d692396cfc31 req-7e0fef2b-43fe-41d3-acbe-34fc4fe726e4 84fea1db01ec41c595930a91e9b88980 cd44206e5378426fa8529973ae089c1f - - b2cf8817a5b24805a8291b5887c3a5c1 b2cf8817a5b24805a8291b5887c3a5c1] 199.204.45.235 "GET /allocations/509b54e9-8745-4d12-82f4-f46117ddb429" status: 200 len: 258 microversion: 1.28 [pid: 7|app: 0|req: 535/1076] 199.204.45.235 () {34 vars in 863 bytes} [Mon Jun 15 17:02:08 2026] GET /allocations/509b54e9-8745-4d12-82f4-f46117ddb429 => generated 258 bytes in 13 msecs (HTTP/1.1 200) 8 headers in 296 bytes (1 switches on core 0)
2026-06-15 17:02:08.962 8 INFO placement.requestlog [req-eeb84ef0-a9a0-4723-a7e6-d692396cfc31 req-9e932477-e11b-411f-9e77-1f57aae1d1d0 84fea1db01ec41c595930a91e9b88980 cd44206e5378426fa8529973ae089c1f - - b2cf8817a5b24805a8291b5887c3a5c1 b2cf8817a5b24805a8291b5887c3a5c1] 199.204.45.235 "GET /allocations/2c0eded6-0f5c-4f12-96b4-6f30840ec566" status: 200 len: 258 microversion: 1.28 [pid: 8|app: 0|req: 542/1077] 199.204.45.235 () {34 vars in 863 bytes} [Mon Jun 15 17:02:08 2026] GET /allocations/2c0eded6-0f5c-4f12-96b4-6f30840ec566 => generated 258 bytes in 12 msecs (HTTP/1.1 200) 8 headers in 296 bytes (1 switches on core 0)
2026-06-15 17:02:10.050 8 INFO placement.requestlog [None req-20cef685-26d9-4192-9c8e-e0650e5f5330 - - - - - -] 10.0.0.169 "GET /" status: 200 len: 136 microversion: 1.0
2026-06-15 17:02:10.050 7 INFO placement.requestlog [None req-4239a43e-9260-493b-90ea-5e901f7be669 - - - - - -] 10.0.0.169 "GET /" status: 200 len: 136 microversion: 1.0
2026-06-15 17:02:11.025 7 INFO placement.requestlog [req-0ba6af9d-e34f-4b9e-8527-bd84e14b99d9 req-7ec7cc23-72e8-46b4-a572-98eea3c85aef 84fea1db01ec41c595930a91e9b88980 cd44206e5378426fa8529973ae089c1f - - b2cf8817a5b24805a8291b5887c3a5c1 b2cf8817a5b24805a8291b5887c3a5c1] 199.204.45.235 "GET /resource_providers/896cce61-0607-4849-8d33-1a44f07fa74d/allocations" status: 200 len: 253 microversion: 1.0 [pid: 7|app: 0|req: 537/1080] 199.204.45.235 () {32 vars in 857 bytes} [Mon Jun 15 17:02:11 2026] GET /resource_providers/896cce61-0607-4849-8d33-1a44f07fa74d/allocations => generated 253 bytes in 21 msecs (HTTP/1.1 200) 6 headers in 224 bytes (1 switches on core 0)
2026-06-15 17:02:11.053 8 INFO placement.requestlog [req-0ba6af9d-e34f-4b9e-8527-bd84e14b99d9 req-ce3656d4-2434-4bf8-9577-9033c420ec98 84fea1db01ec41c595930a91e9b88980 cd44206e5378426fa8529973ae089c1f - - b2cf8817a5b24805a8291b5887c3a5c1 b2cf8817a5b24805a8291b5887c3a5c1] 199.204.45.235 "GET /allocations/509b54e9-8745-4d12-82f4-f46117ddb429" status: 200 len: 258 microversion: 1.28 [pid: 8|app: 0|req: 544/1081] 199.204.45.235 () {34 vars in 863 bytes} [Mon Jun 15 17:02:11 2026] GET /allocations/509b54e9-8745-4d12-82f4-f46117ddb429 => generated 258 bytes in 20 msecs (HTTP/1.1 200) 8 headers in 296 bytes (1 switches on core 0)
2026-06-15 17:02:11.073 7 INFO placement.requestlog [req-0ba6af9d-e34f-4b9e-8527-bd84e14b99d9 req-f2d113cb-9814-4336-9242-6905d31cdd94 84fea1db01ec41c595930a91e9b88980 cd44206e5378426fa8529973ae089c1f - - b2cf8817a5b24805a8291b5887c3a5c1 b2cf8817a5b24805a8291b5887c3a5c1] 199.204.45.235 "GET /allocations/2c0eded6-0f5c-4f12-96b4-6f30840ec566" status: 200 len: 258 microversion: 1.28 [pid: 7|app: 0|req: 538/1082] 199.204.45.235 () {34 vars in 863 bytes} [Mon Jun 15 17:02:11 2026] GET /allocations/2c0eded6-0f5c-4f12-96b4-6f30840ec566 => generated 258 bytes in 14 msecs (HTTP/1.1 200) 8 headers in 296 bytes (1 switches on core 0)
2026-06-15 17:02:20.050 8 INFO placement.requestlog [None req-cd82e6a0-3fe5-4190-9205-d2e995093e5b - - - - - -] 10.0.0.169 "GET /" status: 200 len: 136 microversion: 1.0
2026-06-15 17:02:20.050 7 INFO placement.requestlog [None req-4b1bb92c-0d61-4fd7-9119-8c912b35469c - - - - - -] 10.0.0.169 "GET /" status: 200 len: 136 microversion: 1.0
2026-06-15 17:02:27.774 8 INFO placement.requestlog [req-16c4fda0-2f59-4576-982e-239d99063848 req-02d4d25d-71e1-4e82-939e-c9f7ab3d9f18 84fea1db01ec41c595930a91e9b88980 cd44206e5378426fa8529973ae089c1f - - b2cf8817a5b24805a8291b5887c3a5c1 b2cf8817a5b24805a8291b5887c3a5c1] 199.204.45.235 "GET /resource_providers/896cce61-0607-4849-8d33-1a44f07fa74d/allocations" status: 200 len: 253 microversion: 1.0 [pid: 8|app: 0|req: 546/1085] 199.204.45.235 () {32 vars in 857 bytes} [Mon Jun 15 17:02:27 2026] GET /resource_providers/896cce61-0607-4849-8d33-1a44f07fa74d/allocations => generated 253 bytes in 16 msecs (HTTP/1.1 200) 6 headers in 224 bytes (1 switches on core 0)
2026-06-15 17:02:27.794 7 INFO placement.requestlog [req-16c4fda0-2f59-4576-982e-239d99063848 req-bfdd7fae-9281-4924-a77e-97b2e6b8dde9 84fea1db01ec41c595930a91e9b88980 cd44206e5378426fa8529973ae089c1f - - b2cf8817a5b24805a8291b5887c3a5c1 b2cf8817a5b24805a8291b5887c3a5c1] 199.204.45.235 "GET /allocations/509b54e9-8745-4d12-82f4-f46117ddb429" status: 200 len: 258 microversion: 1.28 [pid: 7|app: 0|req: 540/1086] 199.204.45.235 () {34 vars in 863 bytes} [Mon Jun 15 17:02:27 2026] GET /allocations/509b54e9-8745-4d12-82f4-f46117ddb429 => generated 258 bytes in 12 msecs (HTTP/1.1 200) 8 headers in 296 bytes (1 switches on core 0)
2026-06-15 17:02:27.814 8 INFO placement.requestlog [req-16c4fda0-2f59-4576-982e-239d99063848 req-09e9d154-34e4-46a8-a7e9-2a06df247b4d 84fea1db01ec41c595930a91e9b88980 cd44206e5378426fa8529973ae089c1f - - b2cf8817a5b24805a8291b5887c3a5c1 b2cf8817a5b24805a8291b5887c3a5c1] 199.204.45.235 "GET /allocations/2c0eded6-0f5c-4f12-96b4-6f30840ec566" status: 200 len: 258 microversion: 1.28 [pid: 8|app: 0|req: 547/1087] 199.204.45.235 () {34 vars in 863 bytes} [Mon Jun 15 17:02:27 2026] GET /allocations/2c0eded6-0f5c-4f12-96b4-6f30840ec566 => generated 258 bytes in 13 msecs (HTTP/1.1 200) 8 headers in 296 bytes (1 switches on core 0)
2026-06-15 17:02:28.862 7 INFO placement.requestlog [req-16c4fda0-2f59-4576-982e-239d99063848 req-9aba63d9-ddd3-46d3-bd8c-0e69257a054f 84fea1db01ec41c595930a91e9b88980 cd44206e5378426fa8529973ae089c1f - - b2cf8817a5b24805a8291b5887c3a5c1 b2cf8817a5b24805a8291b5887c3a5c1] 199.204.45.235 "DELETE /allocations/509b54e9-8745-4d12-82f4-f46117ddb429" status: 204 len: 0 microversion: 1.0 [pid: 7|app: 0|req: 541/1088] 199.204.45.235 () {34 vars in 841 bytes} [Mon Jun 15 17:02:28 2026] DELETE /allocations/509b54e9-8745-4d12-82f4-f46117ddb429 => generated 0 bytes in 21 msecs (HTTP/1.1 204) 5 headers in 198 bytes (1 switches on core 0)
2026-06-15 17:02:30.050 8 INFO placement.requestlog [None req-3fe0ca1c-866c-4113-adca-6bb456ada02c - - - - - -] 10.0.0.169 "GET /" status: 200 len: 136 microversion: 1.0
2026-06-15 17:02:30.050 7 INFO placement.requestlog [None req-4dc4b1ec-989f-4f2f-bc96-4d2c83c9661a - - - - - -] 10.0.0.169 "GET /" status: 200 len: 136 microversion: 1.0
2026-06-15 17:02:32.975 8 INFO placement.requestlog [None req-c77412c6-b7b3-4995-8353-f9145686444d 3d414030ce1546388c60a57a2f2c2014 cd44206e5378426fa8529973ae089c1f - - b2cf8817a5b24805a8291b5887c3a5c1 b2cf8817a5b24805a8291b5887c3a5c1] 10.0.0.86 "GET /resource_providers/e0be0b54-cdf8-4149-9168-dd1172c62be2/aggregates" status: 404 len: 235 microversion: 1.1 [pid: 8|app: 0|req: 549/1091] 10.0.0.86 () {32 vars in 815 bytes} [Mon Jun 15 17:02:32 2026] GET /resource_providers/e0be0b54-cdf8-4149-9168-dd1172c62be2/aggregates => generated 235 bytes in 10 msecs (HTTP/1.1 404) 5 headers in 202 bytes (1 switches on core 0)
2026-06-15 17:02:32.981 7 INFO placement.requestlog [None req-309d4cb5-b06a-443c-8c7a-da515eb40b62 3d414030ce1546388c60a57a2f2c2014 cd44206e5378426fa8529973ae089c1f - - b2cf8817a5b24805a8291b5887c3a5c1 b2cf8817a5b24805a8291b5887c3a5c1] 10.0.0.86 "GET /resource_providers/e0be0b54-cdf8-4149-9168-dd1172c62be2/aggregates" status: 404 len: 235 microversion: 1.1 [pid: 7|app: 0|req: 543/1092] 10.0.0.86 () {32 vars in 815 bytes} [Mon Jun 15 17:02:32 2026] GET /resource_providers/e0be0b54-cdf8-4149-9168-dd1172c62be2/aggregates => generated 235 bytes in 10 msecs (HTTP/1.1 404) 5 headers in 202 bytes (1 switches on core 0)
2026-06-15 17:02:33.001 8 INFO placement.requestlog [None req-c077c678-05d7-4b11-a13a-3514301ad22b 3d414030ce1546388c60a57a2f2c2014 cd44206e5378426fa8529973ae089c1f - - b2cf8817a5b24805a8291b5887c3a5c1 b2cf8817a5b24805a8291b5887c3a5c1] 10.0.0.86 "DELETE /resource_providers/e0be0b54-cdf8-4149-9168-dd1172c62be2" status: 404 len: 246 microversion: 1.1
2026-06-15 17:02:33.001 7 INFO placement.requestlog [None req-0ed362ad-71d7-4656-a3d3-d5d4f52bd8f7 3d414030ce1546388c60a57a2f2c2014 cd44206e5378426fa8529973ae089c1f - - b2cf8817a5b24805a8291b5887c3a5c1 b2cf8817a5b24805a8291b5887c3a5c1] 10.0.0.86 "DELETE /resource_providers/e0be0b54-cdf8-4149-9168-dd1172c62be2" status: 404 len: 246 microversion: 1.1 [pid: 8|app: 0|req: 550/1094] 10.0.0.86 () {34 vars in 815 bytes} [Mon Jun 15 17:02:32 2026] DELETE /resource_providers/e0be0b54-cdf8-4149-9168-dd1172c62be2 => generated 246 bytes in 10 msecs (HTTP/1.1 404) 6 headers in 231 bytes (1 switches on core 0) [pid: 7|app: 0|req: 544/1094] 10.0.0.86 () {34 vars in 815 bytes} [Mon Jun 15 17:02:32 2026] DELETE /resource_providers/e0be0b54-cdf8-4149-9168-dd1172c62be2 => generated 246 bytes in 8 msecs (HTTP/1.1 404) 6 headers in 231 bytes (1 switches on core 0)
2026-06-15 17:02:33.486 8 INFO placement.requestlog [None req-4b72e81f-a5ae-4ced-80b1-98ea26918b96 3d414030ce1546388c60a57a2f2c2014 cd44206e5378426fa8529973ae089c1f - - b2cf8817a5b24805a8291b5887c3a5c1 b2cf8817a5b24805a8291b5887c3a5c1] 10.0.0.86 "GET /resource_providers/37ef0eb0-5bd3-444d-a6cc-b3b8185e591e/aggregates" status: 404 len: 235 microversion: 1.1 [pid: 8|app: 0|req: 551/1095] 10.0.0.86 () {32 vars in 815 bytes} [Mon Jun 15 17:02:33 2026] GET /resource_providers/37ef0eb0-5bd3-444d-a6cc-b3b8185e591e/aggregates => generated 235 bytes in 11 msecs (HTTP/1.1 404) 5 headers in 202 bytes (1 switches on core 0)
2026-06-15 17:02:33.490 7 INFO placement.requestlog [None req-44343834-6db2-4708-a12b-b5cbd0efb0c5 3d414030ce1546388c60a57a2f2c2014 cd44206e5378426fa8529973ae089c1f - - b2cf8817a5b24805a8291b5887c3a5c1 b2cf8817a5b24805a8291b5887c3a5c1] 10.0.0.86 "GET /resource_providers/37ef0eb0-5bd3-444d-a6cc-b3b8185e591e/aggregates" status: 404 len: 235 microversion: 1.1 [pid: 7|app: 0|req: 545/1096] 10.0.0.86 () {32 vars in 815 bytes} [Mon Jun 15 17:02:33 2026] GET /resource_providers/37ef0eb0-5bd3-444d-a6cc-b3b8185e591e/aggregates => generated 235 bytes in 10 msecs (HTTP/1.1 404) 5 headers in 202 bytes (1 switches on core 0)
2026-06-15 17:02:33.510 8 INFO placement.requestlog [None req-0e45799e-2e5a-4afa-a208-caaf4074a8f0 3d414030ce1546388c60a57a2f2c2014 cd44206e5378426fa8529973ae089c1f - - b2cf8817a5b24805a8291b5887c3a5c1 b2cf8817a5b24805a8291b5887c3a5c1] 10.0.0.86 "DELETE /resource_providers/37ef0eb0-5bd3-444d-a6cc-b3b8185e591e" status: 404 len: 246 microversion: 1.1 [pid: 8|app: 0|req: 552/1097] 10.0.0.86 () {34 vars in 815 bytes} [Mon Jun 15 17:02:33 2026] DELETE /resource_providers/37ef0eb0-5bd3-444d-a6cc-b3b8185e591e => generated 246 bytes in 12 msecs (HTTP/1.1 404) 6 headers in 231 bytes (1 switches on core 0)
2026-06-15 17:02:33.514 7 INFO placement.requestlog [None req-b0b99e53-7629-4542-be37-6b7f38152c93 3d414030ce1546388c60a57a2f2c2014 cd44206e5378426fa8529973ae089c1f - - b2cf8817a5b24805a8291b5887c3a5c1 b2cf8817a5b24805a8291b5887c3a5c1] 10.0.0.86 "DELETE /resource_providers/37ef0eb0-5bd3-444d-a6cc-b3b8185e591e" status: 404 len: 246 microversion: 1.1 [pid: 7|app: 0|req: 546/1098] 10.0.0.86 () {34 vars in 815 bytes} [Mon Jun 15 17:02:33 2026] DELETE /resource_providers/37ef0eb0-5bd3-444d-a6cc-b3b8185e591e => generated 246 bytes in 11 msecs (HTTP/1.1 404) 6 headers in 231 bytes (1 switches on core 0)
2026-06-15 17:02:38.283 8 INFO placement.requestlog [req-fcb3d4a9-642c-441b-8bca-580537fc4687 req-3e1b016d-c725-48c3-8d0e-6748ee598baf 84fea1db01ec41c595930a91e9b88980 cd44206e5378426fa8529973ae089c1f - - b2cf8817a5b24805a8291b5887c3a5c1 b2cf8817a5b24805a8291b5887c3a5c1] 10.0.0.182 "GET /allocation_candidates?limit=1000&resources=DISK_GB%3A1%2CMEMORY_MB%3A512%2CVCPU%3A1&root_required=%21COMPUTE_STATUS_DISABLED" status: 200 len: 2783 microversion: 1.36 [pid: 8|app: 0|req: 553/1099] 10.0.0.182 () {34 vars in 1012 bytes} [Mon Jun 15 17:02:38 2026] GET /allocation_candidates?limit=1000&resources=DISK_GB%3A1%2CMEMORY_MB%3A512%2CVCPU%3A1&root_required=%21COMPUTE_STATUS_DISABLED => generated 2783 bytes in 58 msecs (HTTP/1.1 200) 8 headers in 297 bytes (1 switches on core 0)
2026-06-15 17:02:38.316 7 INFO placement.requestlog [req-fcb3d4a9-642c-441b-8bca-580537fc4687 req-9c2ac87d-8c82-468c-ab38-f881e44f3ee7 84fea1db01ec41c595930a91e9b88980 cd44206e5378426fa8529973ae089c1f - - b2cf8817a5b24805a8291b5887c3a5c1 b2cf8817a5b24805a8291b5887c3a5c1] 10.0.0.182 "GET /allocations/2cf49d8a-876f-4490-937b-310591f70bc5" status: 200 len: 19 microversion: 1.28 [pid: 7|app: 0|req: 547/1100] 10.0.0.182 () {34 vars in 861 bytes} [Mon Jun 15 17:02:38 2026] GET /allocations/2cf49d8a-876f-4490-937b-310591f70bc5 => generated 19 bytes in 11 msecs (HTTP/1.1 200) 8 headers in 295 bytes (1 switches on core 0)
2026-06-15 17:02:38.370 8 INFO placement.requestlog [req-fcb3d4a9-642c-441b-8bca-580537fc4687 req-ee47ae28-fe17-4fdc-b220-9f267e516dc1 84fea1db01ec41c595930a91e9b88980 cd44206e5378426fa8529973ae089c1f - - b2cf8817a5b24805a8291b5887c3a5c1 b2cf8817a5b24805a8291b5887c3a5c1] 10.0.0.182 "PUT /allocations/2cf49d8a-876f-4490-937b-310591f70bc5" status: 204 len: 0 microversion: 1.36 [pid: 8|app: 0|req: 554/1101] 10.0.0.182 () {38 vars in 914 bytes} [Mon Jun 15 17:02:38 2026] PUT /allocations/2cf49d8a-876f-4490-937b-310591f70bc5 => generated 0 bytes in 49 msecs (HTTP/1.1 204) 5 headers in 199 bytes (1 switches on core 0)
2026-06-15 17:02:39.870 7 INFO placement.requestlog [req-fcb3d4a9-642c-441b-8bca-580537fc4687 req-cc4162d9-aa59-48aa-a6b5-0b67d96b613f 84fea1db01ec41c595930a91e9b88980 cd44206e5378426fa8529973ae089c1f - - b2cf8817a5b24805a8291b5887c3a5c1 b2cf8817a5b24805a8291b5887c3a5c1] 199.204.45.235 "GET /allocations/2cf49d8a-876f-4490-937b-310591f70bc5" status: 200 len: 258 microversion: 1.28 [pid: 7|app: 0|req: 548/1102] 199.204.45.235 () {34 vars in 863 bytes} [Mon Jun 15 17:02:39 2026] GET /allocations/2cf49d8a-876f-4490-937b-310591f70bc5 => generated 258 bytes in 10 msecs (HTTP/1.1 200) 8 headers in 296 bytes (1 switches on core 0)
2026-06-15 17:02:40.050 7 INFO placement.requestlog [None req-e2e74da7-6272-4a82-acaa-a9ff22fda61d - - - - - -] 10.0.0.169 "GET /" status: 200 len: 136 microversion: 1.0
2026-06-15 17:02:40.050 8 INFO placement.requestlog [None req-e9688c9e-b229-44c5-9666-29670785d646 - - - - - -] 10.0.0.169 "GET /" status: 200 len: 136 microversion: 1.0
2026-06-15 17:02:40.909 7 INFO placement.requestlog [req-fcb3d4a9-642c-441b-8bca-580537fc4687 req-9cb74410-5e16-42b6-831c-ccb7033171fd 84fea1db01ec41c595930a91e9b88980 cd44206e5378426fa8529973ae089c1f - - b2cf8817a5b24805a8291b5887c3a5c1 b2cf8817a5b24805a8291b5887c3a5c1] 199.204.45.235 "GET /resource_providers/896cce61-0607-4849-8d33-1a44f07fa74d/allocations" status: 200 len: 253 microversion: 1.0 [pid: 7|app: 0|req: 550/1105] 199.204.45.235 () {32 vars in 857 bytes} [Mon Jun 15 17:02:40 2026] GET /resource_providers/896cce61-0607-4849-8d33-1a44f07fa74d/allocations => generated 253 bytes in 20 msecs (HTTP/1.1 200) 6 headers in 224 bytes (1 switches on core 0)
2026-06-15 17:02:40.933 8 INFO placement.requestlog [req-fcb3d4a9-642c-441b-8bca-580537fc4687 req-c84e1cdf-d5f1-4e4c-882c-eef5f375b70d 84fea1db01ec41c595930a91e9b88980 cd44206e5378426fa8529973ae089c1f - - b2cf8817a5b24805a8291b5887c3a5c1 b2cf8817a5b24805a8291b5887c3a5c1] 199.204.45.235 "GET /allocations/2cf49d8a-876f-4490-937b-310591f70bc5" status: 200 len: 258 microversion: 1.28 [pid: 8|app: 0|req: 556/1106] 199.204.45.235 () {34 vars in 863 bytes} [Mon Jun 15 17:02:40 2026] GET /allocations/2cf49d8a-876f-4490-937b-310591f70bc5 => generated 258 bytes in 15 msecs (HTTP/1.1 200) 8 headers in 296 bytes (1 switches on core 0)
