2026-06-15 16:24:07.680 7 INFO neutron.api.extensions [None req-7669a084-96dc-47d9-8cc3-8d1c9c73664c - - - - - -] Extension uplink-status-propagation not supported by any of loaded plugins
2026-06-15 16:24:07.680 8 INFO neutron.api.extensions [None req-497ab405-5b00-4f94-a51c-7303d5a865e0 - - - - - -] Loaded extension: port-device-profile
2026-06-15 16:24:07.680 7 INFO neutron.api.extensions [None req-7669a084-96dc-47d9-8cc3-8d1c9c73664c - - - - - -] Extension uplink-status-propagation-updatable not supported by any of loaded plugins
2026-06-15 16:24:07.680 8 INFO neutron.api.extensions [None req-497ab405-5b00-4f94-a51c-7303d5a865e0 - - - - - -] Extension port-hardware-offload-type not supported by any of loaded plugins
2026-06-15 16:24:07.681 7 INFO neutron.api.extensions [None req-7669a084-96dc-47d9-8cc3-8d1c9c73664c - - - - - -] Extension vlan-transparent not supported by any of loaded plugins
2026-06-15 16:24:07.681 8 INFO neutron.api.extensions [None req-497ab405-5b00-4f94-a51c-7303d5a865e0 - - - - - -] Extension port-hint-ovs-tx-steering not supported by any of loaded plugins
2026-06-15 16:24:07.681 7 INFO neutron.api.extensions [None req-7669a084-96dc-47d9-8cc3-8d1c9c73664c - - - - - -] Loaded extension: vpn-aes-ctr
2026-06-15 16:24:07.682 8 INFO neutron.api.extensions [None req-497ab405-5b00-4f94-a51c-7303d5a865e0 - - - - - -] Extension port-hints not supported by any of loaded plugins
2026-06-15 16:24:07.682 8 INFO neutron.api.extensions [None req-497ab405-5b00-4f94-a51c-7303d5a865e0 - - - - - -] Loaded extension: port-mac-override
2026-06-15 16:24:07.683 8 INFO neutron.api.extensions [None req-497ab405-5b00-4f94-a51c-7303d5a865e0 - - - - - -] Loaded extension: port-mac-address-regenerate
2026-06-15 16:24:07.683 7 INFO neutron.api.extensions [None req-7669a084-96dc-47d9-8cc3-8d1c9c73664c - - - - - -] Extension vpn-agent-scheduler not supported by any of loaded plugins
2026-06-15 16:24:07.683 8 INFO neutron.api.extensions [None req-497ab405-5b00-4f94-a51c-7303d5a865e0 - - - - - -] Loaded extension: port-numa-affinity-policy
2026-06-15 16:24:07.684 7 INFO neutron.api.extensions [None req-7669a084-96dc-47d9-8cc3-8d1c9c73664c - - - - - -] Loaded extension: vpn-endpoint-groups
2026-06-15 16:24:07.684 8 INFO neutron.api.extensions [None req-497ab405-5b00-4f94-a51c-7303d5a865e0 - - - - - -] Loaded extension: port-numa-affinity-policy-socket
2026-06-15 16:24:07.685 7 INFO neutron.api.extensions [None req-7669a084-96dc-47d9-8cc3-8d1c9c73664c - - - - - -] Loaded extension: vpn-flavors
2026-06-15 16:24:07.685 8 INFO neutron.api.extensions [None req-497ab405-5b00-4f94-a51c-7303d5a865e0 - - - - - -] Loaded extension: port-resource-request
2026-06-15 16:24:07.686 7 INFO neutron.api.extensions [None req-7669a084-96dc-47d9-8cc3-8d1c9c73664c - - - - - -] Loaded extension: vpnaas
2026-06-15 16:24:07.686 8 INFO neutron.api.extensions [None req-497ab405-5b00-4f94-a51c-7303d5a865e0 - - - - - -] Loaded extension: port-resource-request-groups
2026-06-15 16:24:07.687 7 INFO neutron.api.extensions [None req-7669a084-96dc-47d9-8cc3-8d1c9c73664c - - - - - -] Loaded extension: taas
2026-06-15 16:24:07.688 8 INFO neutron.api.extensions [None req-497ab405-5b00-4f94-a51c-7303d5a865e0 - - - - - -] Extension port-trusted-vif not supported by any of loaded plugins
2026-06-15 16:24:07.688 7 INFO neutron.api.extensions [None req-7669a084-96dc-47d9-8cc3-8d1c9c73664c - - - - - -] Loaded extension: tap-mirror
2026-06-15 16:24:07.689 7 INFO neutron.api.extensions [None req-7669a084-96dc-47d9-8cc3-8d1c9c73664c - - - - - -] Loaded extension: taas-vlan-filter
2026-06-15 16:24:07.689 8 INFO neutron.api.extensions [None req-497ab405-5b00-4f94-a51c-7303d5a865e0 - - - - - -] Loaded extension: binding
2026-06-15 16:24:07.691 8 INFO neutron.api.extensions [None req-497ab405-5b00-4f94-a51c-7303d5a865e0 - - - - - -] Loaded extension: binding-extended
2026-06-15 16:24:07.691 7 INFO neutron.quota.resource_registry [None req-7669a084-96dc-47d9-8cc3-8d1c9c73664c - - - - - -] Creating instance of TrackedResource for resource:network
2026-06-15 16:24:07.691 7 INFO neutron.quota.resource_registry [None req-7669a084-96dc-47d9-8cc3-8d1c9c73664c - - - - - -] Creating instance of TrackedResource for resource:subnet
2026-06-15 16:24:07.692 7 INFO neutron.quota.resource_registry [None req-7669a084-96dc-47d9-8cc3-8d1c9c73664c - - - - - -] Creating instance of TrackedResource for resource:subnetpool
2026-06-15 16:24:07.692 7 INFO neutron.quota.resource_registry [None req-7669a084-96dc-47d9-8cc3-8d1c9c73664c - - - - - -] Creating instance of TrackedResource for resource:port
2026-06-15 16:24:07.692 8 INFO neutron.api.extensions [None req-497ab405-5b00-4f94-a51c-7303d5a865e0 - - - - - -] Loaded extension: port-security
2026-06-15 16:24:07.693 8 INFO neutron.api.extensions [None req-497ab405-5b00-4f94-a51c-7303d5a865e0 - - - - - -] Loaded extension: project-id
2026-06-15 16:24:07.694 8 INFO neutron.api.extensions [None req-497ab405-5b00-4f94-a51c-7303d5a865e0 - - - - - -] Loaded extension: provider
2026-06-15 16:24:07.695 8 INFO neutron.api.extensions [None req-497ab405-5b00-4f94-a51c-7303d5a865e0 - - - - - -] Extension qinq not supported by any of loaded plugins
2026-06-15 16:24:07.696 7 INFO neutron.quota.resource_registry [None req-7669a084-96dc-47d9-8cc3-8d1c9c73664c - - - - - -] Creating instance of TrackedResource for resource:router
2026-06-15 16:24:07.697 7 INFO neutron.quota.resource_registry [None req-7669a084-96dc-47d9-8cc3-8d1c9c73664c - - - - - -] Creating instance of TrackedResource for resource:floatingip
2026-06-15 16:24:07.697 8 INFO neutron.api.extensions [None req-497ab405-5b00-4f94-a51c-7303d5a865e0 - - - - - -] Loaded extension: qos
2026-06-15 16:24:07.698 8 INFO neutron.api.extensions [None req-497ab405-5b00-4f94-a51c-7303d5a865e0 - - - - - -] Loaded extension: qos-bw-limit-direction
2026-06-15 16:24:07.698 8 INFO neutron.api.extensions [None req-497ab405-5b00-4f94-a51c-7303d5a865e0 - - - - - -] Loaded extension: qos-bw-minimum-ingress
2026-06-15 16:24:07.699 8 INFO neutron.api.extensions [None req-497ab405-5b00-4f94-a51c-7303d5a865e0 - - - - - -] Loaded extension: qos-default
2026-06-15 16:24:07.699 8 INFO neutron.api.extensions [None req-497ab405-5b00-4f94-a51c-7303d5a865e0 - - - - - -] Loaded extension: qos-fip
2026-06-15 16:24:07.700 8 INFO neutron.api.extensions [None req-497ab405-5b00-4f94-a51c-7303d5a865e0 - - - - - -] Extension qos-fip-network-policy not supported by any of loaded plugins
2026-06-15 16:24:07.700 8 INFO neutron.api.extensions [None req-497ab405-5b00-4f94-a51c-7303d5a865e0 - - - - - -] Loaded extension: qos-gateway-ip
2026-06-15 16:24:07.701 8 INFO neutron.api.extensions [None req-497ab405-5b00-4f94-a51c-7303d5a865e0 - - - - - -] Loaded extension: qos-port-network-policy
2026-06-15 16:24:07.701 8 INFO neutron.api.extensions [None req-497ab405-5b00-4f94-a51c-7303d5a865e0 - - - - - -] Loaded extension: qos-pps-minimum
2026-06-15 16:24:07.701 7 INFO neutron.quota.resource_registry [None req-7669a084-96dc-47d9-8cc3-8d1c9c73664c - - - - - -] Creating instance of CountableResource for resource:rbac_policy
2026-06-15 16:24:07.702 8 INFO neutron.api.extensions [None req-497ab405-5b00-4f94-a51c-7303d5a865e0 - - - - - -] Loaded extension: qos-pps-minimum-rule-alias
2026-06-15 16:24:07.702 7 INFO neutron.quota.resource_registry [None req-7669a084-96dc-47d9-8cc3-8d1c9c73664c - - - - - -] Creating instance of TrackedResource for resource:security_group
2026-06-15 16:24:07.702 7 INFO neutron.quota.resource_registry [None req-7669a084-96dc-47d9-8cc3-8d1c9c73664c - - - - - -] Creating instance of TrackedResource for resource:security_group_rule
2026-06-15 16:24:07.702 8 INFO neutron.api.extensions [None req-497ab405-5b00-4f94-a51c-7303d5a865e0 - - - - - -] Loaded extension: qos-pps
2026-06-15 16:24:07.703 8 INFO neutron.api.extensions [None req-497ab405-5b00-4f94-a51c-7303d5a865e0 - - - - - -] Loaded extension: qos-rule-type-details
2026-06-15 16:24:07.703 7 INFO neutron.quota.resource_registry [None req-7669a084-96dc-47d9-8cc3-8d1c9c73664c - - - - - -] Creating instance of TrackedResource for resource:subnetpool
2026-06-15 16:24:07.703 7 WARNING neutron.quota.resource_registry [None req-7669a084-96dc-47d9-8cc3-8d1c9c73664c - - - - - -] subnetpool is already registered
2026-06-15 16:24:07.703 8 INFO neutron.api.extensions [None req-497ab405-5b00-4f94-a51c-7303d5a865e0 - - - - - -] Loaded extension: qos-rule-type-filter
2026-06-15 16:24:07.704 7 INFO neutron.quota.resource_registry [None req-7669a084-96dc-47d9-8cc3-8d1c9c73664c - - - - - -] Creating instance of TrackedResource for resource:subnetpool
2026-06-15 16:24:07.704 7 WARNING neutron.quota.resource_registry [None req-7669a084-96dc-47d9-8cc3-8d1c9c73664c - - - - - -] subnetpool is already registered
2026-06-15 16:24:07.704 8 INFO neutron.api.extensions [None req-497ab405-5b00-4f94-a51c-7303d5a865e0 - - - - - -] Loaded extension: qos-rules-alias
2026-06-15 16:24:07.704 7 INFO neutron.quota.resource_registry [None req-7669a084-96dc-47d9-8cc3-8d1c9c73664c - - - - - -] Creating instance of CountableResource for resource:trunk
2026-06-15 16:24:07.705 8 INFO neutron.api.extensions [None req-497ab405-5b00-4f94-a51c-7303d5a865e0 - - - - - -] Loaded extension: quota-check-limit
2026-06-15 16:24:07.705 7 INFO neutron.quota.resource_registry [None req-7669a084-96dc-47d9-8cc3-8d1c9c73664c - - - - - -] Creating instance of CountableResource for resource:ikepolicy
2026-06-15 16:24:07.705 7 INFO neutron.quota.resource_registry [None req-7669a084-96dc-47d9-8cc3-8d1c9c73664c - - - - - -] Creating instance of CountableResource for resource:ipsecpolicy
2026-06-15 16:24:07.705 8 INFO neutron.api.extensions [None req-497ab405-5b00-4f94-a51c-7303d5a865e0 - - - - - -] Loaded extension: quota-check-limit-default
2026-06-15 16:24:07.706 7 INFO neutron.quota.resource_registry [None req-7669a084-96dc-47d9-8cc3-8d1c9c73664c - - - - - -] Creating instance of CountableResource for resource:endpoint_group
2026-06-15 16:24:07.706 7 INFO neutron.quota.resource_registry [None req-7669a084-96dc-47d9-8cc3-8d1c9c73664c - - - - - -] Creating instance of CountableResource for resource:vpnservice
2026-06-15 16:24:07.706 7 INFO neutron.quota.resource_registry [None req-7669a084-96dc-47d9-8cc3-8d1c9c73664c - - - - - -] Creating instance of CountableResource for resource:ipsec_site_connection
2026-06-15 16:24:07.707 7 INFO neutron.quota.resource_registry [None req-7669a084-96dc-47d9-8cc3-8d1c9c73664c - - - - - -] Creating instance of CountableResource for resource:ipsecpolicy
2026-06-15 16:24:07.707 7 WARNING neutron.quota.resource_registry [None req-7669a084-96dc-47d9-8cc3-8d1c9c73664c - - - - - -] ipsecpolicy is already registered
2026-06-15 16:24:07.707 7 INFO neutron.quota.resource_registry [None req-7669a084-96dc-47d9-8cc3-8d1c9c73664c - - - - - -] Creating instance of CountableResource for resource:ikepolicy
2026-06-15 16:24:07.707 7 WARNING neutron.quota.resource_registry [None req-7669a084-96dc-47d9-8cc3-8d1c9c73664c - - - - - -] ikepolicy is already registered
2026-06-15 16:24:07.708 8 INFO neutron.api.extensions [None req-497ab405-5b00-4f94-a51c-7303d5a865e0 - - - - - -] Loaded extension: quotas
2026-06-15 16:24:07.709 8 INFO neutron.api.extensions [None req-497ab405-5b00-4f94-a51c-7303d5a865e0 - - - - - -] Loaded extension: quota_details
2026-06-15 16:24:07.711 8 INFO neutron.api.extensions [None req-497ab405-5b00-4f94-a51c-7303d5a865e0 - - - - - -] Loaded extension: rbac-policies
2026-06-15 16:24:07.711 8 INFO neutron.api.extensions [None req-497ab405-5b00-4f94-a51c-7303d5a865e0 - - - - - -] Loaded extension: rbac-address-group
2026-06-15 16:24:07.712 8 INFO neutron.api.extensions [None req-497ab405-5b00-4f94-a51c-7303d5a865e0 - - - - - -] Loaded extension: rbac-address-scope
2026-06-15 16:24:07.712 7 INFO neutron.quota.resource_registry [None req-7669a084-96dc-47d9-8cc3-8d1c9c73664c - - - - - -] Creating instance of TrackedResource for resource:router
2026-06-15 16:24:07.712 7 WARNING neutron.quota.resource_registry [None req-7669a084-96dc-47d9-8cc3-8d1c9c73664c - - - - - -] router is already registered
2026-06-15 16:24:07.712 8 INFO neutron.api.extensions [None req-497ab405-5b00-4f94-a51c-7303d5a865e0 - - - - - -] Loaded extension: rbac-security-groups
2026-06-15 16:24:07.713 7 INFO neutron.quota.resource_registry [None req-7669a084-96dc-47d9-8cc3-8d1c9c73664c - - - - - -] Creating instance of TrackedResource for resource:floatingip
2026-06-15 16:24:07.713 8 INFO neutron.api.extensions [None req-497ab405-5b00-4f94-a51c-7303d5a865e0 - - - - - -] Loaded extension: rbac-subnetpool
2026-06-15 16:24:07.713 7 WARNING neutron.quota.resource_registry [None req-7669a084-96dc-47d9-8cc3-8d1c9c73664c - - - - - -] floatingip is already registered
2026-06-15 16:24:07.713 8 INFO neutron.api.extensions [None req-497ab405-5b00-4f94-a51c-7303d5a865e0 - - - - - -] Loaded extension: revision-if-match
2026-06-15 16:24:07.714 8 INFO neutron.api.extensions [None req-497ab405-5b00-4f94-a51c-7303d5a865e0 - - - - - -] Loaded extension: standard-attr-revisions
2026-06-15 16:24:07.715 8 INFO neutron.api.extensions [None req-497ab405-5b00-4f94-a51c-7303d5a865e0 - - - - - -] Loaded extension: router_availability_zone
2026-06-15 16:24:07.715 8 INFO neutron.api.extensions [None req-497ab405-5b00-4f94-a51c-7303d5a865e0 - - - - - -] Extension router-service-type not supported by any of loaded plugins
2026-06-15 16:24:07.716 7 INFO neutron.quota.resource_registry [None req-7669a084-96dc-47d9-8cc3-8d1c9c73664c - - - - - -] Creating instance of CountableResource for resource:rbac_policy
2026-06-15 16:24:07.717 7 WARNING neutron.quota.resource_registry [None req-7669a084-96dc-47d9-8cc3-8d1c9c73664c - - - - - -] rbac_policy is already registered
2026-06-15 16:24:07.717 8 INFO neutron.api.extensions [None req-497ab405-5b00-4f94-a51c-7303d5a865e0 - - - - - -] Loaded extension: security-groups-default-rules
2026-06-15 16:24:07.717 7 INFO neutron.quota.resource_registry [None req-7669a084-96dc-47d9-8cc3-8d1c9c73664c - - - - - -] Creating instance of TrackedResource for resource:security_group
2026-06-15 16:24:07.717 7 WARNING neutron.quota.resource_registry [None req-7669a084-96dc-47d9-8cc3-8d1c9c73664c - - - - - -] security_group is already registered
2026-06-15 16:24:07.717 8 INFO neutron.api.extensions [None req-497ab405-5b00-4f94-a51c-7303d5a865e0 - - - - - -] Loaded extension: security-groups-normalized-cidr
2026-06-15 16:24:07.718 7 INFO neutron.quota.resource_registry [None req-7669a084-96dc-47d9-8cc3-8d1c9c73664c - - - - - -] Creating instance of TrackedResource for resource:security_group_rule
2026-06-15 16:24:07.718 7 WARNING neutron.quota.resource_registry [None req-7669a084-96dc-47d9-8cc3-8d1c9c73664c - - - - - -] security_group_rule is already registered
2026-06-15 16:24:07.718 8 INFO neutron.api.extensions [None req-497ab405-5b00-4f94-a51c-7303d5a865e0 - - - - - -] Loaded extension: port-security-groups-filtering
2026-06-15 16:24:07.718 8 INFO neutron.api.extensions [None req-497ab405-5b00-4f94-a51c-7303d5a865e0 - - - - - -] Loaded extension: security-groups-remote-address-group
2026-06-15 16:24:07.719 7 INFO neutron.quota.resource_registry [None req-7669a084-96dc-47d9-8cc3-8d1c9c73664c - - - - - -] Creating instance of TrackedResource for resource:subnetpool
2026-06-15 16:24:07.719 7 WARNING neutron.quota.resource_registry [None req-7669a084-96dc-47d9-8cc3-8d1c9c73664c - - - - - -] subnetpool is already registered
2026-06-15 16:24:07.719 8 INFO neutron.api.extensions [None req-497ab405-5b00-4f94-a51c-7303d5a865e0 - - - - - -] Loaded extension: security-groups-rules-belongs-to-default-sg
2026-06-15 16:24:07.719 7 INFO neutron.quota.resource_registry [None req-7669a084-96dc-47d9-8cc3-8d1c9c73664c - - - - - -] Creating instance of TrackedResource for resource:subnetpool
2026-06-15 16:24:07.719 7 WARNING neutron.quota.resource_registry [None req-7669a084-96dc-47d9-8cc3-8d1c9c73664c - - - - - -] subnetpool is already registered
2026-06-15 16:24:07.720 8 INFO neutron.api.extensions [None req-497ab405-5b00-4f94-a51c-7303d5a865e0 - - - - - -] Loaded extension: security-groups-shared-filtering
2026-06-15 16:24:07.720 7 INFO neutron.quota.resource_registry [None req-7669a084-96dc-47d9-8cc3-8d1c9c73664c - - - - - -] Creating instance of CountableResource for resource:trunk
2026-06-15 16:24:07.720 7 WARNING neutron.quota.resource_registry [None req-7669a084-96dc-47d9-8cc3-8d1c9c73664c - - - - - -] trunk is already registered
2026-06-15 16:24:07.720 7 INFO neutron.quota.resource_registry [None req-7669a084-96dc-47d9-8cc3-8d1c9c73664c - - - - - -] Creating instance of CountableResource for resource:ikepolicy
2026-06-15 16:24:07.720 7 WARNING neutron.quota.resource_registry [None req-7669a084-96dc-47d9-8cc3-8d1c9c73664c - - - - - -] ikepolicy is already registered
2026-06-15 16:24:07.721 7 INFO neutron.quota.resource_registry [None req-7669a084-96dc-47d9-8cc3-8d1c9c73664c - - - - - -] Creating instance of CountableResource for resource:ipsecpolicy
2026-06-15 16:24:07.721 7 WARNING neutron.quota.resource_registry [None req-7669a084-96dc-47d9-8cc3-8d1c9c73664c - - - - - -] ipsecpolicy is already registered
2026-06-15 16:24:07.721 7 INFO neutron.quota.resource_registry [None req-7669a084-96dc-47d9-8cc3-8d1c9c73664c - - - - - -] Creating instance of CountableResource for resource:endpoint_group
2026-06-15 16:24:07.721 7 WARNING neutron.quota.resource_registry [None req-7669a084-96dc-47d9-8cc3-8d1c9c73664c - - - - - -] endpoint_group is already registered
2026-06-15 16:24:07.722 7 INFO neutron.quota.resource_registry [None req-7669a084-96dc-47d9-8cc3-8d1c9c73664c - - - - - -] Creating instance of CountableResource for resource:vpnservice
2026-06-15 16:24:07.722 7 WARNING neutron.quota.resource_registry [None req-7669a084-96dc-47d9-8cc3-8d1c9c73664c - - - - - -] vpnservice is already registered
2026-06-15 16:24:07.722 7 INFO neutron.quota.resource_registry [None req-7669a084-96dc-47d9-8cc3-8d1c9c73664c - - - - - -] Creating instance of CountableResource for resource:ipsec_site_connection
2026-06-15 16:24:07.722 7 WARNING neutron.quota.resource_registry [None req-7669a084-96dc-47d9-8cc3-8d1c9c73664c - - - - - -] ipsec_site_connection is already registered
2026-06-15 16:24:07.723 7 INFO neutron.quota.resource_registry [None req-7669a084-96dc-47d9-8cc3-8d1c9c73664c - - - - - -] Creating instance of CountableResource for resource:ipsecpolicy
2026-06-15 16:24:07.723 7 WARNING neutron.quota.resource_registry [None req-7669a084-96dc-47d9-8cc3-8d1c9c73664c - - - - - -] ipsecpolicy is already registered
2026-06-15 16:24:07.723 7 INFO neutron.quota.resource_registry [None req-7669a084-96dc-47d9-8cc3-8d1c9c73664c - - - - - -] Creating instance of CountableResource for resource:ikepolicy
2026-06-15 16:24:07.723 7 WARNING neutron.quota.resource_registry [None req-7669a084-96dc-47d9-8cc3-8d1c9c73664c - - - - - -] ikepolicy is already registered
2026-06-15 16:24:07.726 8 INFO neutron.api.extensions [None req-497ab405-5b00-4f94-a51c-7303d5a865e0 - - - - - -] Loaded extension: security-group
2026-06-15 16:24:07.728 8 INFO neutron.api.extensions [None req-497ab405-5b00-4f94-a51c-7303d5a865e0 - - - - - -] Loaded extension: segment
2026-06-15 16:24:07.728 8 INFO neutron.api.extensions [None req-497ab405-5b00-4f94-a51c-7303d5a865e0 - - - - - -] Loaded extension: segments-peer-subnet-host-routes
2026-06-15 16:24:07.729 8 INFO neutron.api.extensions [None req-497ab405-5b00-4f94-a51c-7303d5a865e0 - - - - - -] Loaded extension: service-type
2026-06-15 16:24:07.729 8 INFO neutron.api.extensions [None req-497ab405-5b00-4f94-a51c-7303d5a865e0 - - - - - -] Loaded extension: sorting
2026-06-15 16:24:07.730 8 INFO neutron.api.extensions [None req-497ab405-5b00-4f94-a51c-7303d5a865e0 - - - - - -] Loaded extension: standard-attr-segment
2026-06-15 16:24:07.730 8 INFO neutron.api.extensions [None req-497ab405-5b00-4f94-a51c-7303d5a865e0 - - - - - -] Loaded extension: standard-attr-description
2026-06-15 16:24:07.731 8 INFO neutron.api.extensions [None req-497ab405-5b00-4f94-a51c-7303d5a865e0 - - - - - -] Loaded extension: stateful-security-group
2026-06-15 16:24:07.731 8 WARNING neutron.api.extensions [None req-497ab405-5b00-4f94-a51c-7303d5a865e0 - - - - - -] Did not find expected name "Stdattrs_common" in /var/lib/openstack/lib/python3.12/site-packages/neutron/extensions/stdattrs_common.py
2026-06-15 16:24:07.732 8 INFO neutron.api.extensions [None req-497ab405-5b00-4f94-a51c-7303d5a865e0 - - - - - -] Extension subnet-dns-publish-fixed-ip not supported by any of loaded plugins
2026-06-15 16:24:07.733 8 INFO neutron.api.extensions [None req-497ab405-5b00-4f94-a51c-7303d5a865e0 - - - - - -] Loaded extension: subnet-external-network
2026-06-15 16:24:07.733 8 INFO neutron.api.extensions [None req-497ab405-5b00-4f94-a51c-7303d5a865e0 - - - - - -] Loaded extension: subnet_onboard
2026-06-15 16:24:07.734 8 INFO neutron.api.extensions [None req-497ab405-5b00-4f94-a51c-7303d5a865e0 - - - - - -] Loaded extension: subnet-segmentid-writable
2026-06-15 16:24:07.734 8 INFO neutron.api.extensions [None req-497ab405-5b00-4f94-a51c-7303d5a865e0 - - - - - -] Loaded extension: subnet-service-types
2026-06-15 16:24:07.735 8 INFO neutron.api.extensions [None req-497ab405-5b00-4f94-a51c-7303d5a865e0 - - - - - -] Loaded extension: subnet_allocation
2026-06-15 16:24:07.735 8 INFO neutron.api.extensions [None req-497ab405-5b00-4f94-a51c-7303d5a865e0 - - - - - -] Loaded extension: subnetpool-prefix-ops
2026-06-15 16:24:07.736 8 INFO neutron.api.extensions [None req-497ab405-5b00-4f94-a51c-7303d5a865e0 - - - - - -] Loaded extension: tag-creation
2026-06-15 16:24:07.736 8 INFO neutron.api.extensions [None req-497ab405-5b00-4f94-a51c-7303d5a865e0 - - - - - -] Extension tag-ports-during-bulk-creation not supported by any of loaded plugins
2026-06-15 16:24:07.740 8 INFO neutron.api.extensions [None req-497ab405-5b00-4f94-a51c-7303d5a865e0 - - - - - -] Loaded extension: standard-attr-tag
2026-06-15 16:24:07.742 8 INFO neutron.api.extensions [None req-497ab405-5b00-4f94-a51c-7303d5a865e0 - - - - - -] Loaded extension: standard-attr-timestamp
2026-06-15 16:24:07.743 8 INFO neutron.api.extensions [None req-497ab405-5b00-4f94-a51c-7303d5a865e0 - - - - - -] Loaded extension: trunk
2026-06-15 16:24:07.743 8 INFO neutron.api.extensions [None req-497ab405-5b00-4f94-a51c-7303d5a865e0 - - - - - -] Loaded extension: trunk-details
2026-06-15 16:24:07.744 8 INFO neutron.api.extensions [None req-497ab405-5b00-4f94-a51c-7303d5a865e0 - - - - - -] Extension uplink-status-propagation not supported by any of loaded plugins
2026-06-15 16:24:07.744 8 INFO neutron.api.extensions [None req-497ab405-5b00-4f94-a51c-7303d5a865e0 - - - - - -] Extension uplink-status-propagation-updatable not supported by any of loaded plugins
2026-06-15 16:24:07.745 8 INFO neutron.api.extensions [None req-497ab405-5b00-4f94-a51c-7303d5a865e0 - - - - - -] Extension vlan-transparent not supported by any of loaded plugins
2026-06-15 16:24:07.745 8 INFO neutron.api.extensions [None req-497ab405-5b00-4f94-a51c-7303d5a865e0 - - - - - -] Loaded extension: vpn-aes-ctr
2026-06-15 16:24:07.747 8 INFO neutron.api.extensions [None req-497ab405-5b00-4f94-a51c-7303d5a865e0 - - - - - -] Extension vpn-agent-scheduler not supported by any of loaded plugins
2026-06-15 16:24:07.748 8 INFO neutron.api.extensions [None req-497ab405-5b00-4f94-a51c-7303d5a865e0 - - - - - -] Loaded extension: vpn-endpoint-groups
2026-06-15 16:24:07.749 8 INFO neutron.api.extensions [None req-497ab405-5b00-4f94-a51c-7303d5a865e0 - - - - - -] Loaded extension: vpn-flavors
2026-06-15 16:24:07.750 8 INFO neutron.api.extensions [None req-497ab405-5b00-4f94-a51c-7303d5a865e0 - - - - - -] Loaded extension: vpnaas
2026-06-15 16:24:07.752 8 INFO neutron.api.extensions [None req-497ab405-5b00-4f94-a51c-7303d5a865e0 - - - - - -] Loaded extension: taas
2026-06-15 16:24:07.753 8 INFO neutron.api.extensions [None req-497ab405-5b00-4f94-a51c-7303d5a865e0 - - - - - -] Loaded extension: tap-mirror
2026-06-15 16:24:07.753 8 INFO neutron.api.extensions [None req-497ab405-5b00-4f94-a51c-7303d5a865e0 - - - - - -] Loaded extension: taas-vlan-filter
2026-06-15 16:24:07.756 8 INFO neutron.quota.resource_registry [None req-497ab405-5b00-4f94-a51c-7303d5a865e0 - - - - - -] Creating instance of TrackedResource for resource:network
2026-06-15 16:24:07.756 8 INFO neutron.quota.resource_registry [None req-497ab405-5b00-4f94-a51c-7303d5a865e0 - - - - - -] Creating instance of TrackedResource for resource:subnet
2026-06-15 16:24:07.756 8 INFO neutron.quota.resource_registry [None req-497ab405-5b00-4f94-a51c-7303d5a865e0 - - - - - -] Creating instance of TrackedResource for resource:subnetpool
2026-06-15 16:24:07.756 8 INFO neutron.quota.resource_registry [None req-497ab405-5b00-4f94-a51c-7303d5a865e0 - - - - - -] Creating instance of TrackedResource for resource:port
2026-06-15 16:24:07.759 8 INFO neutron.quota.resource_registry [None req-497ab405-5b00-4f94-a51c-7303d5a865e0 - - - - - -] Creating instance of TrackedResource for resource:router
2026-06-15 16:24:07.760 7 WARNING keystonemiddleware._common.config [None req-7669a084-96dc-47d9-8cc3-8d1c9c73664c - - - - - -] The option "audit_map_file" is not known to keystonemiddleware
2026-06-15 16:24:07.760 8 INFO neutron.quota.resource_registry [None req-497ab405-5b00-4f94-a51c-7303d5a865e0 - - - - - -] Creating instance of TrackedResource for resource:floatingip
2026-06-15 16:24:07.766 8 INFO neutron.quota.resource_registry [None req-497ab405-5b00-4f94-a51c-7303d5a865e0 - - - - - -] Creating instance of CountableResource for resource:rbac_policy
2026-06-15 16:24:07.766 7 WARNING oslo_config.cfg [None req-7669a084-96dc-47d9-8cc3-8d1c9c73664c - - - - - -] Deprecated: Option "auth_uri" from group "keystone_authtoken" is deprecated. Use option "www_authenticate_uri" from group "keystone_authtoken".
2026-06-15 16:24:07.767 8 INFO neutron.quota.resource_registry [None req-497ab405-5b00-4f94-a51c-7303d5a865e0 - - - - - -] Creating instance of TrackedResource for resource:security_group
2026-06-15 16:24:07.767 8 INFO neutron.quota.resource_registry [None req-497ab405-5b00-4f94-a51c-7303d5a865e0 - - - - - -] Creating instance of TrackedResource for resource:security_group_rule
2026-06-15 16:24:07.768 8 INFO neutron.quota.resource_registry [None req-497ab405-5b00-4f94-a51c-7303d5a865e0 - - - - - -] Creating instance of TrackedResource for resource:subnetpool
2026-06-15 16:24:07.768 8 WARNING neutron.quota.resource_registry [None req-497ab405-5b00-4f94-a51c-7303d5a865e0 - - - - - -] subnetpool is already registered WSGI app 0 (mountpoint='') ready in 8 seconds on interpreter 0x7f02d0b8d668 pid: 7 (default app)
2026-06-15 16:24:07.768 8 INFO neutron.quota.resource_registry [None req-497ab405-5b00-4f94-a51c-7303d5a865e0 - - - - - -] Creating instance of TrackedResource for resource:subnetpool
2026-06-15 16:24:07.769 8 WARNING neutron.quota.resource_registry [None req-497ab405-5b00-4f94-a51c-7303d5a865e0 - - - - - -] subnetpool is already registered
2026-06-15 16:24:07.769 8 INFO neutron.quota.resource_registry [None req-497ab405-5b00-4f94-a51c-7303d5a865e0 - - - - - -] Creating instance of CountableResource for resource:trunk
2026-06-15 16:24:07.769 8 INFO neutron.quota.resource_registry [None req-497ab405-5b00-4f94-a51c-7303d5a865e0 - - - - - -] Creating instance of CountableResource for resource:ikepolicy
2026-06-15 16:24:07.770 8 INFO neutron.quota.resource_registry [None req-497ab405-5b00-4f94-a51c-7303d5a865e0 - - - - - -] Creating instance of CountableResource for resource:ipsecpolicy
2026-06-15 16:24:07.770 8 INFO neutron.quota.resource_registry [None req-497ab405-5b00-4f94-a51c-7303d5a865e0 - - - - - -] Creating instance of CountableResource for resource:endpoint_group
2026-06-15 16:24:07.771 8 INFO neutron.quota.resource_registry [None req-497ab405-5b00-4f94-a51c-7303d5a865e0 - - - - - -] Creating instance of CountableResource for resource:vpnservice
2026-06-15 16:24:07.771 8 INFO neutron.quota.resource_registry [None req-497ab405-5b00-4f94-a51c-7303d5a865e0 - - - - - -] Creating instance of CountableResource for resource:ipsec_site_connection
2026-06-15 16:24:07.772 8 INFO neutron.quota.resource_registry [None req-497ab405-5b00-4f94-a51c-7303d5a865e0 - - - - - -] Creating instance of CountableResource for resource:ipsecpolicy
2026-06-15 16:24:07.772 8 WARNING neutron.quota.resource_registry [None req-497ab405-5b00-4f94-a51c-7303d5a865e0 - - - - - -] ipsecpolicy is already registered
2026-06-15 16:24:07.772 8 INFO neutron.quota.resource_registry [None req-497ab405-5b00-4f94-a51c-7303d5a865e0 - - - - - -] Creating instance of CountableResource for resource:ikepolicy
2026-06-15 16:24:07.772 8 WARNING neutron.quota.resource_registry [None req-497ab405-5b00-4f94-a51c-7303d5a865e0 - - - - - -] ikepolicy is already registered
2026-06-15 16:24:07.777 8 INFO neutron.quota.resource_registry [None req-497ab405-5b00-4f94-a51c-7303d5a865e0 - - - - - -] Creating instance of TrackedResource for resource:router
2026-06-15 16:24:07.777 8 WARNING neutron.quota.resource_registry [None req-497ab405-5b00-4f94-a51c-7303d5a865e0 - - - - - -] router is already registered
2026-06-15 16:24:07.778 8 INFO neutron.quota.resource_registry [None req-497ab405-5b00-4f94-a51c-7303d5a865e0 - - - - - -] Creating instance of TrackedResource for resource:floatingip
2026-06-15 16:24:07.778 8 WARNING neutron.quota.resource_registry [None req-497ab405-5b00-4f94-a51c-7303d5a865e0 - - - - - -] floatingip is already registered
2026-06-15 16:24:07.781 8 INFO neutron.quota.resource_registry [None req-497ab405-5b00-4f94-a51c-7303d5a865e0 - - - - - -] Creating instance of CountableResource for resource:rbac_policy
2026-06-15 16:24:07.782 8 WARNING neutron.quota.resource_registry [None req-497ab405-5b00-4f94-a51c-7303d5a865e0 - - - - - -] rbac_policy is already registered
2026-06-15 16:24:07.782 8 INFO neutron.quota.resource_registry [None req-497ab405-5b00-4f94-a51c-7303d5a865e0 - - - - - -] Creating instance of TrackedResource for resource:security_group
2026-06-15 16:24:07.782 8 WARNING neutron.quota.resource_registry [None req-497ab405-5b00-4f94-a51c-7303d5a865e0 - - - - - -] security_group is already registered
2026-06-15 16:24:07.783 8 INFO neutron.quota.resource_registry [None req-497ab405-5b00-4f94-a51c-7303d5a865e0 - - - - - -] Creating instance of TrackedResource for resource:security_group_rule
2026-06-15 16:24:07.783 8 WARNING neutron.quota.resource_registry [None req-497ab405-5b00-4f94-a51c-7303d5a865e0 - - - - - -] security_group_rule is already registered
2026-06-15 16:24:07.784 8 INFO neutron.quota.resource_registry [None req-497ab405-5b00-4f94-a51c-7303d5a865e0 - - - - - -] Creating instance of TrackedResource for resource:subnetpool
2026-06-15 16:24:07.784 8 WARNING neutron.quota.resource_registry [None req-497ab405-5b00-4f94-a51c-7303d5a865e0 - - - - - -] subnetpool is already registered
2026-06-15 16:24:07.784 8 INFO neutron.quota.resource_registry [None req-497ab405-5b00-4f94-a51c-7303d5a865e0 - - - - - -] Creating instance of TrackedResource for resource:subnetpool
2026-06-15 16:24:07.784 8 WARNING neutron.quota.resource_registry [None req-497ab405-5b00-4f94-a51c-7303d5a865e0 - - - - - -] subnetpool is already registered
2026-06-15 16:24:07.785 8 INFO neutron.quota.resource_registry [None req-497ab405-5b00-4f94-a51c-7303d5a865e0 - - - - - -] Creating instance of CountableResource for resource:trunk
2026-06-15 16:24:07.785 8 WARNING neutron.quota.resource_registry [None req-497ab405-5b00-4f94-a51c-7303d5a865e0 - - - - - -] trunk is already registered
2026-06-15 16:24:07.785 8 INFO neutron.quota.resource_registry [None req-497ab405-5b00-4f94-a51c-7303d5a865e0 - - - - - -] Creating instance of CountableResource for resource:ikepolicy
2026-06-15 16:24:07.786 8 WARNING neutron.quota.resource_registry [None req-497ab405-5b00-4f94-a51c-7303d5a865e0 - - - - - -] ikepolicy is already registered
2026-06-15 16:24:07.786 8 INFO neutron.quota.resource_registry [None req-497ab405-5b00-4f94-a51c-7303d5a865e0 - - - - - -] Creating instance of CountableResource for resource:ipsecpolicy
2026-06-15 16:24:07.786 8 WARNING neutron.quota.resource_registry [None req-497ab405-5b00-4f94-a51c-7303d5a865e0 - - - - - -] ipsecpolicy is already registered
2026-06-15 16:24:07.786 8 INFO neutron.quota.resource_registry [None req-497ab405-5b00-4f94-a51c-7303d5a865e0 - - - - - -] Creating instance of CountableResource for resource:endpoint_group
2026-06-15 16:24:07.787 8 WARNING neutron.quota.resource_registry [None req-497ab405-5b00-4f94-a51c-7303d5a865e0 - - - - - -] endpoint_group is already registered
2026-06-15 16:24:07.787 8 INFO neutron.quota.resource_registry [None req-497ab405-5b00-4f94-a51c-7303d5a865e0 - - - - - -] Creating instance of CountableResource for resource:vpnservice
2026-06-15 16:24:07.787 8 WARNING neutron.quota.resource_registry [None req-497ab405-5b00-4f94-a51c-7303d5a865e0 - - - - - -] vpnservice is already registered
2026-06-15 16:24:07.787 8 INFO neutron.quota.resource_registry [None req-497ab405-5b00-4f94-a51c-7303d5a865e0 - - - - - -] Creating instance of CountableResource for resource:ipsec_site_connection
2026-06-15 16:24:07.788 8 WARNING neutron.quota.resource_registry [None req-497ab405-5b00-4f94-a51c-7303d5a865e0 - - - - - -] ipsec_site_connection is already registered
2026-06-15 16:24:07.788 8 INFO neutron.quota.resource_registry [None req-497ab405-5b00-4f94-a51c-7303d5a865e0 - - - - - -] Creating instance of CountableResource for resource:ipsecpolicy
2026-06-15 16:24:07.788 8 WARNING neutron.quota.resource_registry [None req-497ab405-5b00-4f94-a51c-7303d5a865e0 - - - - - -] ipsecpolicy is already registered
2026-06-15 16:24:07.789 8 INFO neutron.quota.resource_registry [None req-497ab405-5b00-4f94-a51c-7303d5a865e0 - - - - - -] Creating instance of CountableResource for resource:ikepolicy
2026-06-15 16:24:07.789 8 WARNING neutron.quota.resource_registry [None req-497ab405-5b00-4f94-a51c-7303d5a865e0 - - - - - -] ikepolicy is already registered
2026-06-15 16:24:07.829 8 WARNING keystonemiddleware._common.config [None req-497ab405-5b00-4f94-a51c-7303d5a865e0 - - - - - -] The option "audit_map_file" is not known to keystonemiddleware
2026-06-15 16:24:07.837 8 WARNING oslo_config.cfg [None req-497ab405-5b00-4f94-a51c-7303d5a865e0 - - - - - -] Deprecated: Option "auth_uri" from group "keystone_authtoken" is deprecated. Use option "www_authenticate_uri" from group "keystone_authtoken". WSGI app 0 (mountpoint='') ready in 8 seconds on interpreter 0x7f02d0b8d668 pid: 8 (default app) /var/lib/openstack/lib/python3.12/site-packages/pycadf/identifier.py:70: UserWarning: Invalid uuid: unknown. To ensure interoperability, identifiers should be a valid uuid. warnings.warn(('Invalid uuid: %s. To ensure interoperability, '
2026-06-15 16:24:13.295 7 INFO neutron.pecan_wsgi.hooks.translation [None req-41bb8475-b164-43b2-9300-5a16eab65cac 0595586fc9ba4e84b3de57c50c180434 6876c7a068414279b0a32c646eca17ad - - default default] GET failed (client error): The resource could not be found. [pid: 7|app: 0|req: 2/3] 199.204.45.235 () {44 vars in 927 bytes} [Mon Jun 15 16:24:12 2026] GET /v2.0/networks/public => generated 108 bytes in 822 msecs (HTTP/1.1 404) 4 headers in 164 bytes (1 switches on core 0) /var/lib/openstack/lib/python3.12/site-packages/pycadf/identifier.py:70: UserWarning: Invalid uuid: unknown. To ensure interoperability, identifiers should be a valid uuid. warnings.warn(('Invalid uuid: %s. To ensure interoperability, ' [pid: 8|app: 0|req: 2/4] 199.204.45.235 () {44 vars in 949 bytes} [Mon Jun 15 16:24:13 2026] GET /v2.0/networks?name=public => generated 15 bytes in 351 msecs (HTTP/1.1 200) 4 headers in 156 bytes (1 switches on core 0)
2026-06-15 16:24:14.010 7 WARNING neutron.services.revisions.revision_plugin [None req-2d8f819d-3f3d-4e91-ba71-bb95ed36f6b7 0595586fc9ba4e84b3de57c50c180434 6876c7a068414279b0a32c646eca17ad - - default default] Could not find related network for resource to bump revision.
2026-06-15 16:24:14.026 7 INFO neutron.db.segments_db [None req-2d8f819d-3f3d-4e91-ba71-bb95ed36f6b7 0595586fc9ba4e84b3de57c50c180434 6876c7a068414279b0a32c646eca17ad - - default default] Added segment 051ce681-2d15-4fd6-8eef-de0edf900d0f of type flat for network 11f3d0fa-47a1-4689-9782-2cb380af679b
2026-06-15 16:24:14.063 7 INFO neutron.pecan_wsgi.hooks.translation [None req-2d8f819d-3f3d-4e91-ba71-bb95ed36f6b7 0595586fc9ba4e84b3de57c50c180434 6876c7a068414279b0a32c646eca17ad - - default default] POST failed (client error): The resource could not be found. [pid: 7|app: 0|req: 3/5] 199.204.45.235 () {48 vars in 967 bytes} [Mon Jun 15 16:24:13 2026] POST /v2.0/networks => generated 124 bytes in 456 msecs (HTTP/1.1 404) 4 headers in 164 bytes (1 switches on core 0)
2026-06-15 16:24:20.312 8 INFO neutron.pecan_wsgi.hooks.translation [None req-7cf6a0ae-58d9-4052-8070-1fff931c33fb 0595586fc9ba4e84b3de57c50c180434 6876c7a068414279b0a32c646eca17ad - - default default] GET failed (client error): The resource could not be found. [pid: 8|app: 0|req: 3/6] 199.204.45.235 () {44 vars in 927 bytes} [Mon Jun 15 16:24:19 2026] GET /v2.0/networks/public => generated 108 bytes in 392 msecs (HTTP/1.1 404) 4 headers in 164 bytes (1 switches on core 0) [pid: 7|app: 0|req: 4/7] 199.204.45.235 () {44 vars in 949 bytes} [Mon Jun 15 16:24:20 2026] GET /v2.0/networks?name=public => generated 15 bytes in 22 msecs (HTTP/1.1 200) 4 headers in 156 bytes (1 switches on core 0)
2026-06-15 16:24:20.587 8 WARNING neutron.services.revisions.revision_plugin [None req-7224bf53-2cf0-456c-9074-48c66f1221e2 0595586fc9ba4e84b3de57c50c180434 6876c7a068414279b0a32c646eca17ad - - default default] Could not find related network for resource to bump revision.
2026-06-15 16:24:20.608 8 INFO neutron.db.segments_db [None req-7224bf53-2cf0-456c-9074-48c66f1221e2 0595586fc9ba4e84b3de57c50c180434 6876c7a068414279b0a32c646eca17ad - - default default] Added segment c5043b4a-9aa0-44ac-907f-e395336f76d3 of type flat for network d0e1ebaa-1ad3-43da-9e50-dca5344df681
2026-06-15 16:24:20.659 8 INFO neutron.pecan_wsgi.hooks.translation [None req-7224bf53-2cf0-456c-9074-48c66f1221e2 0595586fc9ba4e84b3de57c50c180434 6876c7a068414279b0a32c646eca17ad - - default default] POST failed (client error): The resource could not be found. [pid: 8|app: 0|req: 4/8] 199.204.45.235 () {48 vars in 967 bytes} [Mon Jun 15 16:24:20 2026] POST /v2.0/networks => generated 124 bytes in 329 msecs (HTTP/1.1 404) 4 headers in 164 bytes (1 switches on core 0)
2026-06-15 16:24:26.555 8 INFO neutron.pecan_wsgi.hooks.translation [None req-ad506d9e-18c0-454a-968c-01d3b2d55638 0595586fc9ba4e84b3de57c50c180434 6876c7a068414279b0a32c646eca17ad - - default default] GET failed (client error): The resource could not be found. [pid: 8|app: 0|req: 5/10] 199.204.45.235 () {44 vars in 927 bytes} [Mon Jun 15 16:24:26 2026] GET /v2.0/networks/public => generated 108 bytes in 39 msecs (HTTP/1.1 404) 4 headers in 164 bytes (1 switches on core 0) [pid: 7|app: 0|req: 6/11] 199.204.45.235 () {44 vars in 949 bytes} [Mon Jun 15 16:24:26 2026] GET /v2.0/networks?name=public => generated 15 bytes in 13 msecs (HTTP/1.1 200) 4 headers in 156 bytes (1 switches on core 0)
2026-06-15 16:24:26.640 8 WARNING neutron.services.revisions.revision_plugin [None req-a0461bda-144b-43d5-a0b4-aebe224149b4 0595586fc9ba4e84b3de57c50c180434 6876c7a068414279b0a32c646eca17ad - - default default] Could not find related network for resource to bump revision.
2026-06-15 16:24:26.656 8 INFO neutron.db.segments_db [None req-a0461bda-144b-43d5-a0b4-aebe224149b4 0595586fc9ba4e84b3de57c50c180434 6876c7a068414279b0a32c646eca17ad - - default default] Added segment f461f676-5e21-4642-a7a8-b1bcd9561af0 of type flat for network b9f0b440-068a-45f1-97c1-56b2fbd67000
2026-06-15 16:24:26.685 8 INFO neutron.pecan_wsgi.hooks.translation [None req-a0461bda-144b-43d5-a0b4-aebe224149b4 0595586fc9ba4e84b3de57c50c180434 6876c7a068414279b0a32c646eca17ad - - default default] POST failed (client error): The resource could not be found. [pid: 8|app: 0|req: 6/12] 199.204.45.235 () {48 vars in 967 bytes} [Mon Jun 15 16:24:26 2026] POST /v2.0/networks => generated 124 bytes in 120 msecs (HTTP/1.1 404) 4 headers in 164 bytes (1 switches on core 0)
2026-06-15 16:24:32.603 7 INFO neutron.pecan_wsgi.hooks.translation [None req-45eb19e8-b342-4188-90d0-28057382cac4 0595586fc9ba4e84b3de57c50c180434 6876c7a068414279b0a32c646eca17ad - - default default] GET failed (client error): The resource could not be found. [pid: 7|app: 0|req: 7/13] 199.204.45.235 () {44 vars in 927 bytes} [Mon Jun 15 16:24:32 2026] GET /v2.0/networks/public => generated 108 bytes in 57 msecs (HTTP/1.1 404) 4 headers in 164 bytes (1 switches on core 0) [pid: 8|app: 0|req: 7/14] 199.204.45.235 () {44 vars in 949 bytes} [Mon Jun 15 16:24:32 2026] GET /v2.0/networks?name=public => generated 15 bytes in 13 msecs (HTTP/1.1 200) 4 headers in 156 bytes (1 switches on core 0)
2026-06-15 16:24:32.676 7 WARNING neutron.services.revisions.revision_plugin [None req-ab571bf5-cbaa-4da2-acca-4611cf05488e 0595586fc9ba4e84b3de57c50c180434 6876c7a068414279b0a32c646eca17ad - - default default] Could not find related network for resource to bump revision.
2026-06-15 16:24:32.695 7 INFO neutron.db.segments_db [None req-ab571bf5-cbaa-4da2-acca-4611cf05488e 0595586fc9ba4e84b3de57c50c180434 6876c7a068414279b0a32c646eca17ad - - default default] Added segment 7e948877-9f7f-4e9b-a9b1-a5e52ddc74eb of type flat for network 49bb93b4-2946-473a-8c68-38356767eda2
2026-06-15 16:24:32.718 7 INFO neutron.pecan_wsgi.hooks.translation [None req-ab571bf5-cbaa-4da2-acca-4611cf05488e 0595586fc9ba4e84b3de57c50c180434 6876c7a068414279b0a32c646eca17ad - - default default] POST failed (client error): The resource could not be found. [pid: 7|app: 0|req: 8/15] 199.204.45.235 () {48 vars in 967 bytes} [Mon Jun 15 16:24:32 2026] POST /v2.0/networks => generated 124 bytes in 102 msecs (HTTP/1.1 404) 4 headers in 164 bytes (1 switches on core 0)
2026-06-15 16:24:38.615 7 INFO neutron.pecan_wsgi.hooks.translation [None req-59908121-b095-4271-962a-18d2e3358953 0595586fc9ba4e84b3de57c50c180434 6876c7a068414279b0a32c646eca17ad - - default default] GET failed (client error): The resource could not be found. [pid: 7|app: 0|req: 9/17] 199.204.45.235 () {44 vars in 927 bytes} [Mon Jun 15 16:24:38 2026] GET /v2.0/networks/public => generated 108 bytes in 55 msecs (HTTP/1.1 404) 4 headers in 164 bytes (1 switches on core 0) [pid: 8|app: 0|req: 9/18] 199.204.45.235 () {44 vars in 949 bytes} [Mon Jun 15 16:24:38 2026] GET /v2.0/networks?name=public => generated 15 bytes in 42 msecs (HTTP/1.1 200) 4 headers in 156 bytes (1 switches on core 0)
2026-06-15 16:24:38.723 7 WARNING neutron.services.revisions.revision_plugin [None req-992c70c2-9ea2-4907-986b-4cccfdc08f88 0595586fc9ba4e84b3de57c50c180434 6876c7a068414279b0a32c646eca17ad - - default default] Could not find related network for resource to bump revision.
2026-06-15 16:24:38.750 7 INFO neutron.db.segments_db [None req-992c70c2-9ea2-4907-986b-4cccfdc08f88 0595586fc9ba4e84b3de57c50c180434 6876c7a068414279b0a32c646eca17ad - - default default] Added segment 9880800b-f769-4c9d-8751-bdde34bb9ac6 of type flat for network 186c4645-d8bc-457d-92f2-6d3d7ede1392 [pid: 7|app: 0|req: 10/19] 199.204.45.235 () {48 vars in 967 bytes} [Mon Jun 15 16:24:38 2026] POST /v2.0/networks => generated 706 bytes in 207 msecs (HTTP/1.1 201) 4 headers in 162 bytes (1 switches on core 0)
2026-06-15 16:24:39.986 8 INFO neutron.pecan_wsgi.hooks.translation [None req-a0ccef36-78fb-446e-86e5-e3f56032a80e 0595586fc9ba4e84b3de57c50c180434 6876c7a068414279b0a32c646eca17ad - - default default] GET failed (client error): The resource could not be found. [pid: 8|app: 0|req: 10/20] 199.204.45.235 () {44 vars in 927 bytes} [Mon Jun 15 16:24:39 2026] GET /v2.0/networks/public => generated 108 bytes in 44 msecs (HTTP/1.1 404) 4 headers in 164 bytes (1 switches on core 0) [pid: 7|app: 0|req: 11/21] 199.204.45.235 () {44 vars in 949 bytes} [Mon Jun 15 16:24:39 2026] GET /v2.0/networks?name=public => generated 709 bytes in 38 msecs (HTTP/1.1 200) 4 headers in 157 bytes (1 switches on core 0)
2026-06-15 16:24:40.069 8 INFO neutron.pecan_wsgi.hooks.translation [None req-bd14792c-e26e-4a32-a13e-4f4550182a6a 0595586fc9ba4e84b3de57c50c180434 6876c7a068414279b0a32c646eca17ad - - default default] GET failed (client error): The resource could not be found. [pid: 8|app: 0|req: 11/22] 199.204.45.235 () {44 vars in 1034 bytes} [Mon Jun 15 16:24:40 2026] GET /v2.0/subnets/public-subnet?network_id=186c4645-d8bc-457d-92f2-6d3d7ede1392 => generated 113 bytes in 31 msecs (HTTP/1.1 404) 4 headers in 164 bytes (1 switches on core 0) [pid: 7|app: 0|req: 12/23] 199.204.45.235 () {44 vars in 1057 bytes} [Mon Jun 15 16:24:40 2026] GET /v2.0/subnets?name=public-subnet&network_id=186c4645-d8bc-457d-92f2-6d3d7ede1392 => generated 14 bytes in 27 msecs (HTTP/1.1 200) 4 headers in 156 bytes (1 switches on core 0) [pid: 8|app: 0|req: 12/24] 199.204.45.235 () {48 vars in 965 bytes} [Mon Jun 15 16:24:40 2026] POST /v2.0/subnets => generated 664 bytes in 737 msecs (HTTP/1.1 201) 4 headers in 162 bytes (1 switches on core 0)
2026-06-15 16:29:38.559 7 INFO neutron.pecan_wsgi.hooks.translation [None req-e45ee937-4cda-4192-bdfc-88af6740ace6 0595586fc9ba4e84b3de57c50c180434 6876c7a068414279b0a32c646eca17ad - - default default] GET failed (client error): The resource could not be found. [pid: 7|app: 0|req: 33/64] 199.204.45.235 () {44 vars in 937 bytes} [Mon Jun 15 16:29:38 2026] GET /v2.0/networks/lb-mgmt-net => generated 113 bytes in 115 msecs (HTTP/1.1 404) 4 headers in 164 bytes (1 switches on core 0) [pid: 8|app: 0|req: 32/65] 199.204.45.235 () {44 vars in 959 bytes} [Mon Jun 15 16:29:38 2026] GET /v2.0/networks?name=lb-mgmt-net => generated 15 bytes in 17 msecs (HTTP/1.1 200) 4 headers in 156 bytes (1 switches on core 0)
2026-06-15 16:29:38.645 7 INFO neutron.db.segments_db [None req-1eb5c875-9476-4c17-933b-2936db727b48 0595586fc9ba4e84b3de57c50c180434 6876c7a068414279b0a32c646eca17ad - - default default] Added segment 508c02ff-a98a-4475-a365-982a994c499b of type vxlan for network ea1120f8-d447-411d-837d-3942302adc58 [pid: 7|app: 0|req: 34/66] 199.204.45.235 () {48 vars in 966 bytes} [Mon Jun 15 16:29:38 2026] POST /v2.0/networks => generated 688 bytes in 139 msecs (HTTP/1.1 201) 4 headers in 162 bytes (1 switches on core 0)
2026-06-15 16:29:39.704 8 INFO neutron.pecan_wsgi.hooks.translation [None req-4d225aba-26b2-403e-8be7-05ba044e0767 0595586fc9ba4e84b3de57c50c180434 6876c7a068414279b0a32c646eca17ad - - default default] GET failed (client error): The resource could not be found. [pid: 8|app: 0|req: 33/67] 199.204.45.235 () {44 vars in 937 bytes} [Mon Jun 15 16:29:39 2026] GET /v2.0/networks/lb-mgmt-net => generated 113 bytes in 50 msecs (HTTP/1.1 404) 4 headers in 164 bytes (1 switches on core 0) [pid: 7|app: 0|req: 35/68] 199.204.45.235 () {44 vars in 959 bytes} [Mon Jun 15 16:29:39 2026] GET /v2.0/networks?name=lb-mgmt-net => generated 691 bytes in 33 msecs (HTTP/1.1 200) 4 headers in 157 bytes (1 switches on core 0)
2026-06-15 16:29:39.766 8 INFO neutron.pecan_wsgi.hooks.translation [None req-8d593cd2-585d-4287-bd7c-8be565f378bd 0595586fc9ba4e84b3de57c50c180434 6876c7a068414279b0a32c646eca17ad - - default default] GET failed (client error): The resource could not be found. [pid: 8|app: 0|req: 34/69] 199.204.45.235 () {44 vars in 1036 bytes} [Mon Jun 15 16:29:39 2026] GET /v2.0/subnets/lb-mgmt-subnet?network_id=ea1120f8-d447-411d-837d-3942302adc58 => generated 114 bytes in 14 msecs (HTTP/1.1 404) 4 headers in 164 bytes (1 switches on core 0) [pid: 7|app: 0|req: 36/70] 199.204.45.235 () {44 vars in 1059 bytes} [Mon Jun 15 16:29:39 2026] GET /v2.0/subnets?name=lb-mgmt-subnet&network_id=ea1120f8-d447-411d-837d-3942302adc58 => generated 14 bytes in 12 msecs (HTTP/1.1 200) 4 headers in 156 bytes (1 switches on core 0) [pid: 8|app: 0|req: 35/71] 199.204.45.235 () {48 vars in 965 bytes} [Mon Jun 15 16:29:39 2026] POST /v2.0/subnets => generated 651 bytes in 206 msecs (HTTP/1.1 201) 4 headers in 162 bytes (1 switches on core 0)
