2026-03-05 08:33:16.753 8 INFO placement.requestlog [None req-369d2c2b-e187-4a49-a6e7-0b72b7da6cc0 - - - - - -] 10.0.0.75 "GET /" status: 200 len: 136 microversion: 1.0
2026-03-05 08:33:26.752 7 INFO placement.requestlog [None req-b25b6f53-d93c-4cdc-8912-6698c205afe8 - - - - - -] 10.0.0.75 "GET /" status: 200 len: 136 microversion: 1.0
2026-03-05 08:33:26.752 8 INFO placement.requestlog [None req-d09349e1-e88c-4c28-9131-56f0f3619f79 - - - - - -] 10.0.0.75 "GET /" status: 200 len: 136 microversion: 1.0
2026-03-05 08:33:30.956 7 INFO placement.requestlog [req-95a5e7b1-3340-4a70-94e2-9c70f2ebf5a5 req-40ef11ab-8397-4b94-96be-3547f7ab754b ad9fc8668d684fbf979bbd6a757f4cd5 e660558113e74bb59aac639058988403 - - 8a5b50dd4ff8433a96fb3a7232e686ea 8a5b50dd4ff8433a96fb3a7232e686ea] 199.204.45.222 "GET /resource_providers/f7e54195-0586-4420-9957-7b49038de1ae/allocations" status: 200 len: 54 microversion: 1.0 [pid: 7|app: 0|req: 279/552] 199.204.45.222 () {32 vars in 857 bytes} [Thu Mar 5 08:33:30 2026] GET /resource_providers/f7e54195-0586-4420-9957-7b49038de1ae/allocations => generated 54 bytes in 10 msecs (HTTP/1.1 200) 6 headers in 223 bytes (1 switches on core 0)
2026-03-05 08:33:30.973 8 INFO placement.requestlog [req-95a5e7b1-3340-4a70-94e2-9c70f2ebf5a5 req-65ae5891-5ffd-4de2-a1eb-aabd47124c71 ad9fc8668d684fbf979bbd6a757f4cd5 e660558113e74bb59aac639058988403 - - 8a5b50dd4ff8433a96fb3a7232e686ea 8a5b50dd4ff8433a96fb3a7232e686ea] 199.204.45.222 "GET /resource_providers/f7e54195-0586-4420-9957-7b49038de1ae/allocations" status: 200 len: 54 microversion: 1.0 [pid: 8|app: 0|req: 274/553] 199.204.45.222 () {32 vars in 857 bytes} [Thu Mar 5 08:33:30 2026] GET /resource_providers/f7e54195-0586-4420-9957-7b49038de1ae/allocations => generated 54 bytes in 10 msecs (HTTP/1.1 200) 6 headers in 223 bytes (1 switches on core 0)
2026-03-05 08:33:36.751 7 INFO placement.requestlog [None req-14c9d69d-4684-407a-a70f-11017bf33554 - - - - - -] 10.0.0.75 "GET /" status: 200 len: 136 microversion: 1.0
2026-03-05 08:33:36.752 8 INFO placement.requestlog [None req-b44f89b1-7ac7-4d7c-ae94-a8d4a11ffcf3 - - - - - -] 10.0.0.75 "GET /" status: 200 len: 136 microversion: 1.0
2026-03-05 08:33:46.751 8 INFO placement.requestlog [None req-abb2354c-3946-43de-82c3-ba2cc9709f9b - - - - - -] 10.0.0.75 "GET /" status: 200 len: 136 microversion: 1.0
2026-03-05 08:33:46.751 7 INFO placement.requestlog [None req-a27108e4-0033-418b-8837-3cc089d0271e - - - - - -] 10.0.0.75 "GET /" status: 200 len: 136 microversion: 1.0
2026-03-05 08:33:56.752 7 INFO placement.requestlog [None req-80dd263c-4cde-4fe9-ae57-c35fc2ae8f86 - - - - - -] 10.0.0.75 "GET /" status: 200 len: 136 microversion: 1.0
2026-03-05 08:33:56.752 8 INFO placement.requestlog [None req-5139cb2d-f09e-4ead-be5f-23ae9d7bbf63 - - - - - -] 10.0.0.75 "GET /" status: 200 len: 136 microversion: 1.0
2026-03-05 08:34:06.752 8 INFO placement.requestlog [None req-4673fac9-2f61-47bd-825e-ce014aa3235f - - - - - -] 10.0.0.75 "GET /" status: 200 len: 136 microversion: 1.0
2026-03-05 08:34:06.753 8 INFO placement.requestlog [None req-4ffda1ae-239d-40c0-ab6e-fc92623068ee - - - - - -] 10.0.0.75 "GET /" status: 200 len: 136 microversion: 1.0
2026-03-05 08:34:06.782 7 INFO placement.requestlog [None req-7281b190-7ee0-4db4-a7e9-ec8d3e28ccb8 8ed3ef3252d64b1cbabc8f3398cb9225 3c4bfe57e2f247b79e3bdce035937432 - - default default] 10.0.0.179 "GET /resource_providers" status: 200 len: 405 microversion: 1.0 [pid: 7|app: 0|req: 283/562] 10.0.0.179 () {28 vars in 593 bytes} [Thu Mar 5 08:34:06 2026] GET /resource_providers => generated 405 bytes in 59 msecs (HTTP/1.1 200) 6 headers in 224 bytes (1 switches on core 0)
2026-03-05 08:34:06.824 8 INFO placement.requestlog [None req-bf0bd29d-86d9-4918-9b71-18e98ba2a7dd 8ed3ef3252d64b1cbabc8f3398cb9225 3c4bfe57e2f247b79e3bdce035937432 - - default default] 10.0.0.179 "GET /resource_providers/f7e54195-0586-4420-9957-7b49038de1ae/inventories" status: 200 len: 400 microversion: 1.0 [pid: 8|app: 0|req: 280/563] 10.0.0.179 () {28 vars in 691 bytes} [Thu Mar 5 08:34:06 2026] GET /resource_providers/f7e54195-0586-4420-9957-7b49038de1ae/inventories => generated 400 bytes in 35 msecs (HTTP/1.1 200) 6 headers in 224 bytes (1 switches on core 0)
2026-03-05 08:34:06.844 7 INFO placement.requestlog [None req-72760e9a-4c7e-4f9d-8bd6-348eb0143ec2 8ed3ef3252d64b1cbabc8f3398cb9225 3c4bfe57e2f247b79e3bdce035937432 - - default default] 10.0.0.179 "GET /resource_providers/f7e54195-0586-4420-9957-7b49038de1ae/usages" status: 200 len: 88 microversion: 1.0 [pid: 7|app: 0|req: 284/564] 10.0.0.179 () {28 vars in 681 bytes} [Thu Mar 5 08:34:06 2026] GET /resource_providers/f7e54195-0586-4420-9957-7b49038de1ae/usages => generated 88 bytes in 13 msecs (HTTP/1.1 200) 6 headers in 223 bytes (1 switches on core 0)
2026-03-05 08:34:16.752 8 INFO placement.requestlog [None req-cd11b36b-718e-4609-89d6-43e7012f722f - - - - - -] 10.0.0.75 "GET /" status: 200 len: 136 microversion: 1.0
2026-03-05 08:34:16.752 7 INFO placement.requestlog [None req-accbae5a-1dcf-4120-a685-4c4ae49fbbce - - - - - -] 10.0.0.75 "GET /" status: 200 len: 136 microversion: 1.0
2026-03-05 08:34:26.752 8 INFO placement.requestlog [None req-4ed09887-b738-47ce-86e2-5f245cdb345e - - - - - -] 10.0.0.75 "GET /" status: 200 len: 136 microversion: 1.0
2026-03-05 08:34:26.753 7 INFO placement.requestlog [None req-96c0fb03-0ab8-4289-92b3-462afcbe0488 - - - - - -] 10.0.0.75 "GET /" status: 200 len: 136 microversion: 1.0
2026-03-05 08:34:32.090 8 INFO placement.requestlog [req-36324194-82a0-46f3-bae4-1177864ba993 req-5ec581a4-452a-4650-89ac-341524c05f09 ad9fc8668d684fbf979bbd6a757f4cd5 e660558113e74bb59aac639058988403 - - 8a5b50dd4ff8433a96fb3a7232e686ea 8a5b50dd4ff8433a96fb3a7232e686ea] 199.204.45.222 "GET /resource_providers/f7e54195-0586-4420-9957-7b49038de1ae/allocations" status: 200 len: 54 microversion: 1.0 [pid: 8|app: 0|req: 283/569] 199.204.45.222 () {32 vars in 857 bytes} [Thu Mar 5 08:34:32 2026] GET /resource_providers/f7e54195-0586-4420-9957-7b49038de1ae/allocations => generated 54 bytes in 13 msecs (HTTP/1.1 200) 6 headers in 223 bytes (1 switches on core 0)
2026-03-05 08:34:32.113 7 INFO placement.requestlog [req-36324194-82a0-46f3-bae4-1177864ba993 req-62a33f3d-9001-4ab3-ae7e-55910ba876dd ad9fc8668d684fbf979bbd6a757f4cd5 e660558113e74bb59aac639058988403 - - 8a5b50dd4ff8433a96fb3a7232e686ea 8a5b50dd4ff8433a96fb3a7232e686ea] 199.204.45.222 "GET /resource_providers/f7e54195-0586-4420-9957-7b49038de1ae/allocations" status: 200 len: 54 microversion: 1.0 [pid: 7|app: 0|req: 287/570] 199.204.45.222 () {32 vars in 857 bytes} [Thu Mar 5 08:34:32 2026] GET /resource_providers/f7e54195-0586-4420-9957-7b49038de1ae/allocations => generated 54 bytes in 15 msecs (HTTP/1.1 200) 6 headers in 223 bytes (1 switches on core 0)
2026-03-05 08:34:36.752 7 INFO placement.requestlog [None req-4bff0631-b5ba-42c1-aeae-60ff6da2f298 - - - - - -] 10.0.0.75 "GET /" status: 200 len: 136 microversion: 1.0
2026-03-05 08:34:36.752 8 INFO placement.requestlog [None req-45d97397-2b6e-4e7b-9150-fb12c918d144 - - - - - -] 10.0.0.75 "GET /" status: 200 len: 136 microversion: 1.0
2026-03-05 08:34:46.752 7 INFO placement.requestlog [None req-81e4f241-dc18-456f-885c-50d987578bd2 - - - - - -] 10.0.0.75 "GET /" status: 200 len: 136 microversion: 1.0
2026-03-05 08:34:46.753 8 INFO placement.requestlog [None req-d5ffd653-857e-4099-bc05-567903661e5b - - - - - -] 10.0.0.75 "GET /" status: 200 len: 136 microversion: 1.0
2026-03-05 08:34:56.752 8 INFO placement.requestlog [None req-50244b61-19c6-476d-a445-610895fbd491 - - - - - -] 10.0.0.75 "GET /" status: 200 len: 136 microversion: 1.0
2026-03-05 08:34:56.752 7 INFO placement.requestlog [None req-6b59b8f8-53b5-4c67-aceb-dc59a07a1949 - - - - - -] 10.0.0.75 "GET /" status: 200 len: 136 microversion: 1.0
2026-03-05 08:35:06.752 7 INFO placement.requestlog [None req-a6434a9f-db6a-461d-a1f7-6bba150fc8ce - - - - - -] 10.0.0.75 "GET /" status: 200 len: 136 microversion: 1.0
2026-03-05 08:35:06.753 8 INFO placement.requestlog [None req-6e66941f-8cf7-45b0-908c-b5c15ac20a24 - - - - - -] 10.0.0.75 "GET /" status: 200 len: 136 microversion: 1.0
2026-03-05 08:35:06.941 7 INFO placement.requestlog [None req-b85f7986-ede7-4747-a989-619fc09702f6 8ed3ef3252d64b1cbabc8f3398cb9225 3c4bfe57e2f247b79e3bdce035937432 - - default default] 10.0.0.179 "GET /resource_providers" status: 200 len: 405 microversion: 1.0 [pid: 7|app: 0|req: 292/579] 10.0.0.179 () {28 vars in 593 bytes} [Thu Mar 5 08:35:06 2026] GET /resource_providers => generated 405 bytes in 48 msecs (HTTP/1.1 200) 6 headers in 224 bytes (1 switches on core 0)
2026-03-05 08:35:06.964 8 INFO placement.requestlog [None req-2d97078a-383b-4c3d-8f64-c474fc7161a7 8ed3ef3252d64b1cbabc8f3398cb9225 3c4bfe57e2f247b79e3bdce035937432 - - default default] 10.0.0.179 "GET /resource_providers/f7e54195-0586-4420-9957-7b49038de1ae/inventories" status: 200 len: 400 microversion: 1.0 [pid: 8|app: 0|req: 288/580] 10.0.0.179 () {28 vars in 691 bytes} [Thu Mar 5 08:35:06 2026] GET /resource_providers/f7e54195-0586-4420-9957-7b49038de1ae/inventories => generated 400 bytes in 14 msecs (HTTP/1.1 200) 6 headers in 224 bytes (1 switches on core 0)
2026-03-05 08:35:06.989 7 INFO placement.requestlog [None req-d6552b55-545b-4e4f-9649-99d35eb92d6c 8ed3ef3252d64b1cbabc8f3398cb9225 3c4bfe57e2f247b79e3bdce035937432 - - default default] 10.0.0.179 "GET /resource_providers/f7e54195-0586-4420-9957-7b49038de1ae/usages" status: 200 len: 88 microversion: 1.0 [pid: 7|app: 0|req: 293/581] 10.0.0.179 () {28 vars in 681 bytes} [Thu Mar 5 08:35:06 2026] GET /resource_providers/f7e54195-0586-4420-9957-7b49038de1ae/usages => generated 88 bytes in 21 msecs (HTTP/1.1 200) 6 headers in 223 bytes (1 switches on core 0)
2026-03-05 08:35:16.752 8 INFO placement.requestlog [None req-e7ebad6a-0e39-4405-b12f-bfa2f4dee80a - - - - - -] 10.0.0.75 "GET /" status: 200 len: 136 microversion: 1.0
2026-03-05 08:35:16.754 7 INFO placement.requestlog [None req-e92cb0ef-f74d-440e-803a-d30155de10e7 - - - - - -] 10.0.0.75 "GET /" status: 200 len: 136 microversion: 1.0
2026-03-05 08:35:26.752 8 INFO placement.requestlog [None req-57d1c4e1-2131-45f6-bca4-24fefa21aa36 - - - - - -] 10.0.0.75 "GET /" status: 200 len: 136 microversion: 1.0
2026-03-05 08:35:26.754 7 INFO placement.requestlog [None req-254130c3-5439-4232-ad8b-74660c4538d0 - - - - - -] 10.0.0.75 "GET /" status: 200 len: 136 microversion: 1.0
2026-03-05 08:35:32.996 8 INFO placement.requestlog [req-0749035c-3eaf-4ae7-8721-ab0ec9eab331 req-52a0662c-7e0e-4856-baa7-46a092348b95 ad9fc8668d684fbf979bbd6a757f4cd5 e660558113e74bb59aac639058988403 - - 8a5b50dd4ff8433a96fb3a7232e686ea 8a5b50dd4ff8433a96fb3a7232e686ea] 199.204.45.222 "GET /resource_providers/f7e54195-0586-4420-9957-7b49038de1ae/allocations" status: 200 len: 54 microversion: 1.0 [pid: 8|app: 0|req: 291/586] 199.204.45.222 () {32 vars in 857 bytes} [Thu Mar 5 08:35:32 2026] GET /resource_providers/f7e54195-0586-4420-9957-7b49038de1ae/allocations => generated 54 bytes in 15 msecs (HTTP/1.1 200) 6 headers in 223 bytes (1 switches on core 0)
2026-03-05 08:35:33.020 7 INFO placement.requestlog [req-0749035c-3eaf-4ae7-8721-ab0ec9eab331 req-1250fd23-182c-450c-8f5b-522438bf15fe ad9fc8668d684fbf979bbd6a757f4cd5 e660558113e74bb59aac639058988403 - - 8a5b50dd4ff8433a96fb3a7232e686ea 8a5b50dd4ff8433a96fb3a7232e686ea] 199.204.45.222 "GET /resource_providers/f7e54195-0586-4420-9957-7b49038de1ae/allocations" status: 200 len: 54 microversion: 1.0 [pid: 7|app: 0|req: 296/587] 199.204.45.222 () {32 vars in 857 bytes} [Thu Mar 5 08:35:33 2026] GET /resource_providers/f7e54195-0586-4420-9957-7b49038de1ae/allocations => generated 54 bytes in 17 msecs (HTTP/1.1 200) 6 headers in 223 bytes (1 switches on core 0)
2026-03-05 08:35:36.753 7 INFO placement.requestlog [None req-6fe7c830-fd14-4d05-822a-905c5d4eb9a7 - - - - - -] 10.0.0.75 "GET /" status: 200 len: 136 microversion: 1.0
2026-03-05 08:35:36.753 8 INFO placement.requestlog [None req-30fa746c-61c9-4a85-96a0-af52f3b46dbd - - - - - -] 10.0.0.75 "GET /" status: 200 len: 136 microversion: 1.0
2026-03-05 08:35:46.752 7 INFO placement.requestlog [None req-a2d5517f-3f60-41e7-9d9f-6b7c92e8d156 - - - - - -] 10.0.0.75 "GET /" status: 200 len: 136 microversion: 1.0
2026-03-05 08:35:46.752 8 INFO placement.requestlog [None req-6229a26e-d96f-44ea-9ead-09c650822179 - - - - - -] 10.0.0.75 "GET /" status: 200 len: 136 microversion: 1.0
2026-03-05 08:35:56.753 7 INFO placement.requestlog [None req-97b6ac11-65fa-464f-a21a-366766281e22 - - - - - -] 10.0.0.75 "GET /" status: 200 len: 136 microversion: 1.0
2026-03-05 08:35:56.753 8 INFO placement.requestlog [None req-292430bb-b89c-4c74-a2c6-768a4bcd1704 - - - - - -] 10.0.0.75 "GET /" status: 200 len: 136 microversion: 1.0
2026-03-05 08:36:06.752 7 INFO placement.requestlog [None req-c8b9b7ad-0c2d-495d-bc21-31cca6b70e89 - - - - - -] 10.0.0.75 "GET /" status: 200 len: 136 microversion: 1.0
2026-03-05 08:36:06.752 8 INFO placement.requestlog [None req-6f63c64c-3f9a-4afe-a0c7-80f9756136aa - - - - - -] 10.0.0.75 "GET /" status: 200 len: 136 microversion: 1.0
2026-03-05 08:36:06.849 7 INFO placement.requestlog [None req-b84ab557-1524-487c-badd-648f09e38e9f 8ed3ef3252d64b1cbabc8f3398cb9225 3c4bfe57e2f247b79e3bdce035937432 - - default default] 10.0.0.179 "GET /resource_providers" status: 200 len: 405 microversion: 1.0 [pid: 7|app: 0|req: 301/596] 10.0.0.179 () {28 vars in 593 bytes} [Thu Mar 5 08:36:06 2026] GET /resource_providers => generated 405 bytes in 70 msecs (HTTP/1.1 200) 6 headers in 224 bytes (1 switches on core 0)
2026-03-05 08:36:06.873 8 INFO placement.requestlog [None req-4b8b1ec3-113a-41b1-83ca-c2ffaac649d0 8ed3ef3252d64b1cbabc8f3398cb9225 3c4bfe57e2f247b79e3bdce035937432 - - default default] 10.0.0.179 "GET /resource_providers/f7e54195-0586-4420-9957-7b49038de1ae/inventories" status: 200 len: 400 microversion: 1.0 [pid: 8|app: 0|req: 296/597] 10.0.0.179 () {28 vars in 691 bytes} [Thu Mar 5 08:36:06 2026] GET /resource_providers/f7e54195-0586-4420-9957-7b49038de1ae/inventories => generated 400 bytes in 15 msecs (HTTP/1.1 200) 6 headers in 224 bytes (1 switches on core 0)
2026-03-05 08:36:06.893 7 INFO placement.requestlog [None req-2dff1d32-72d2-4f71-946d-900c0ea1f4cb 8ed3ef3252d64b1cbabc8f3398cb9225 3c4bfe57e2f247b79e3bdce035937432 - - default default] 10.0.0.179 "GET /resource_providers/f7e54195-0586-4420-9957-7b49038de1ae/usages" status: 200 len: 88 microversion: 1.0 [pid: 7|app: 0|req: 302/598] 10.0.0.179 () {28 vars in 681 bytes} [Thu Mar 5 08:36:06 2026] GET /resource_providers/f7e54195-0586-4420-9957-7b49038de1ae/usages => generated 88 bytes in 14 msecs (HTTP/1.1 200) 6 headers in 223 bytes (1 switches on core 0)
2026-03-05 08:36:16.753 7 INFO placement.requestlog [None req-e1a84e85-dcfb-4fb9-8d37-3e1d688ffee7 - - - - - -] 10.0.0.75 "GET /" status: 200 len: 136 microversion: 1.0
2026-03-05 08:36:16.754 8 INFO placement.requestlog [None req-71d515ba-c9c1-41c7-a6df-47a63f2d0145 - - - - - -] 10.0.0.75 "GET /" status: 200 len: 136 microversion: 1.0
2026-03-05 08:36:26.752 8 INFO placement.requestlog [None req-18446266-7975-4267-a20f-5c99b4fa100e - - - - - -] 10.0.0.75 "GET /" status: 200 len: 136 microversion: 1.0
2026-03-05 08:36:26.753 7 INFO placement.requestlog [None req-86993a84-494c-4a4d-ac12-4920487582e3 - - - - - -] 10.0.0.75 "GET /" status: 200 len: 136 microversion: 1.0
2026-03-05 08:36:32.951 8 INFO placement.requestlog [req-84d4f14a-a9b3-4a26-889f-805e8a23334e req-7ca3a485-3e8a-4ee2-834e-725e1a92b509 ad9fc8668d684fbf979bbd6a757f4cd5 e660558113e74bb59aac639058988403 - - 8a5b50dd4ff8433a96fb3a7232e686ea 8a5b50dd4ff8433a96fb3a7232e686ea] 199.204.45.222 "GET /resource_providers/f7e54195-0586-4420-9957-7b49038de1ae/allocations" status: 200 len: 54 microversion: 1.0 [pid: 8|app: 0|req: 299/603] 199.204.45.222 () {32 vars in 857 bytes} [Thu Mar 5 08:36:32 2026] GET /resource_providers/f7e54195-0586-4420-9957-7b49038de1ae/allocations => generated 54 bytes in 14 msecs (HTTP/1.1 200) 6 headers in 223 bytes (1 switches on core 0)
2026-03-05 08:36:32.971 7 INFO placement.requestlog [req-84d4f14a-a9b3-4a26-889f-805e8a23334e req-22f3358d-65a6-4ff6-b317-68dda34e02ca ad9fc8668d684fbf979bbd6a757f4cd5 e660558113e74bb59aac639058988403 - - 8a5b50dd4ff8433a96fb3a7232e686ea 8a5b50dd4ff8433a96fb3a7232e686ea] 199.204.45.222 "GET /resource_providers/f7e54195-0586-4420-9957-7b49038de1ae/allocations" status: 200 len: 54 microversion: 1.0 [pid: 7|app: 0|req: 305/604] 199.204.45.222 () {32 vars in 857 bytes} [Thu Mar 5 08:36:32 2026] GET /resource_providers/f7e54195-0586-4420-9957-7b49038de1ae/allocations => generated 54 bytes in 13 msecs (HTTP/1.1 200) 6 headers in 223 bytes (1 switches on core 0)
2026-03-05 08:36:36.752 7 INFO placement.requestlog [None req-6d981ace-587d-4142-acbe-c641d7ed72a4 - - - - - -] 10.0.0.75 "GET /" status: 200 len: 136 microversion: 1.0
2026-03-05 08:36:36.752 8 INFO placement.requestlog [None req-c7287c98-edc8-42de-bc9c-71de3116c358 - - - - - -] 10.0.0.75 "GET /" status: 200 len: 136 microversion: 1.0
2026-03-05 08:36:46.752 7 INFO placement.requestlog [None req-4ac2384e-5381-4c7f-8c52-068719dca3dd - - - - - -] 10.0.0.75 "GET /" status: 200 len: 136 microversion: 1.0
2026-03-05 08:36:46.752 8 INFO placement.requestlog [None req-43e90bac-5d3b-4b7a-8c0e-35a7abc86c38 - - - - - -] 10.0.0.75 "GET /" status: 200 len: 136 microversion: 1.0
2026-03-05 08:36:56.752 7 INFO placement.requestlog [None req-f95f0a2a-7d1e-4c3d-8a15-336da1a00875 - - - - - -] 10.0.0.75 "GET /" status: 200 len: 136 microversion: 1.0
2026-03-05 08:36:56.752 8 INFO placement.requestlog [None req-ba55c735-db19-4cc1-8b59-285391ef404d - - - - - -] 10.0.0.75 "GET /" status: 200 len: 136 microversion: 1.0
2026-03-05 08:37:06.753 8 INFO placement.requestlog [None req-32582327-86dc-47fc-b591-52a338ef87f5 - - - - - -] 10.0.0.75 "GET /" status: 200 len: 136 microversion: 1.0
2026-03-05 08:37:06.753 7 INFO placement.requestlog [None req-85b23125-3efd-4229-bd60-857f3c853160 - - - - - -] 10.0.0.75 "GET /" status: 200 len: 136 microversion: 1.0
2026-03-05 08:37:06.839 7 INFO placement.requestlog [None req-7c67d55e-c540-4b77-8975-94f4bfba7c13 8ed3ef3252d64b1cbabc8f3398cb9225 3c4bfe57e2f247b79e3bdce035937432 - - default default] 10.0.0.179 "GET /resource_providers" status: 200 len: 405 microversion: 1.0 [pid: 7|app: 0|req: 310/613] 10.0.0.179 () {28 vars in 593 bytes} [Thu Mar 5 08:37:06 2026] GET /resource_providers => generated 405 bytes in 61 msecs (HTTP/1.1 200) 6 headers in 224 bytes (1 switches on core 0)
2026-03-05 08:37:06.866 8 INFO placement.requestlog [None req-312995cc-801a-4582-baa9-a18d9414dc3e 8ed3ef3252d64b1cbabc8f3398cb9225 3c4bfe57e2f247b79e3bdce035937432 - - default default] 10.0.0.179 "GET /resource_providers/f7e54195-0586-4420-9957-7b49038de1ae/inventories" status: 200 len: 400 microversion: 1.0 [pid: 8|app: 0|req: 304/614] 10.0.0.179 () {28 vars in 691 bytes} [Thu Mar 5 08:37:06 2026] GET /resource_providers/f7e54195-0586-4420-9957-7b49038de1ae/inventories => generated 400 bytes in 20 msecs (HTTP/1.1 200) 6 headers in 224 bytes (1 switches on core 0)
2026-03-05 08:37:06.881 7 INFO placement.requestlog [None req-85d14289-d7b3-42af-81c3-33c306435bda 8ed3ef3252d64b1cbabc8f3398cb9225 3c4bfe57e2f247b79e3bdce035937432 - - default default] 10.0.0.179 "GET /resource_providers/f7e54195-0586-4420-9957-7b49038de1ae/usages" status: 200 len: 88 microversion: 1.0 [pid: 7|app: 0|req: 311/615] 10.0.0.179 () {28 vars in 681 bytes} [Thu Mar 5 08:37:06 2026] GET /resource_providers/f7e54195-0586-4420-9957-7b49038de1ae/usages => generated 88 bytes in 13 msecs (HTTP/1.1 200) 6 headers in 223 bytes (1 switches on core 0)
2026-03-05 08:37:16.753 8 INFO placement.requestlog [None req-78c8210a-b84b-46d9-9310-26e8ccfcdc5a - - - - - -] 10.0.0.75 "GET /" status: 200 len: 136 microversion: 1.0
2026-03-05 08:37:16.753 7 INFO placement.requestlog [None req-8c414197-e914-47e8-aa80-3c3e1f7c3d08 - - - - - -] 10.0.0.75 "GET /" status: 200 len: 136 microversion: 1.0
2026-03-05 08:37:26.752 7 INFO placement.requestlog [None req-8c793962-146f-4421-be5e-5046ccc5b1ce - - - - - -] 10.0.0.75 "GET /" status: 200 len: 136 microversion: 1.0
2026-03-05 08:37:26.753 8 INFO placement.requestlog [None req-e75179de-5091-42fc-be76-b13b69cd0993 - - - - - -] 10.0.0.75 "GET /" status: 200 len: 136 microversion: 1.0
2026-03-05 08:37:34.102 7 INFO placement.requestlog [req-29f8f42a-47f2-49a2-93c9-aa5049378da8 req-060137ae-02e5-41b4-83fa-11759176d229 ad9fc8668d684fbf979bbd6a757f4cd5 e660558113e74bb59aac639058988403 - - 8a5b50dd4ff8433a96fb3a7232e686ea 8a5b50dd4ff8433a96fb3a7232e686ea] 199.204.45.222 "GET /resource_providers/f7e54195-0586-4420-9957-7b49038de1ae/allocations" status: 200 len: 54 microversion: 1.0 [pid: 7|app: 0|req: 314/620] 199.204.45.222 () {32 vars in 857 bytes} [Thu Mar 5 08:37:34 2026] GET /resource_providers/f7e54195-0586-4420-9957-7b49038de1ae/allocations => generated 54 bytes in 83 msecs (HTTP/1.1 200) 6 headers in 223 bytes (1 switches on core 0)
2026-03-05 08:37:34.129 8 INFO placement.requestlog [req-29f8f42a-47f2-49a2-93c9-aa5049378da8 req-8976019e-22f6-41a6-b836-c6cc2a43f750 ad9fc8668d684fbf979bbd6a757f4cd5 e660558113e74bb59aac639058988403 - - 8a5b50dd4ff8433a96fb3a7232e686ea 8a5b50dd4ff8433a96fb3a7232e686ea] 199.204.45.222 "GET /resource_providers?in_tree=f7e54195-0586-4420-9957-7b49038de1ae" status: 200 len: 797 microversion: 1.14 [pid: 8|app: 0|req: 307/621] 199.204.45.222 () {34 vars in 892 bytes} [Thu Mar 5 08:37:34 2026] GET /resource_providers?in_tree=f7e54195-0586-4420-9957-7b49038de1ae => generated 797 bytes in 19 msecs (HTTP/1.1 200) 6 headers in 225 bytes (1 switches on core 0)
2026-03-05 08:37:34.148 7 INFO placement.requestlog [req-29f8f42a-47f2-49a2-93c9-aa5049378da8 req-c365fa95-23c6-4a47-b01a-4b2d4ae63f9c ad9fc8668d684fbf979bbd6a757f4cd5 e660558113e74bb59aac639058988403 - - 8a5b50dd4ff8433a96fb3a7232e686ea 8a5b50dd4ff8433a96fb3a7232e686ea] 199.204.45.222 "GET /resource_providers/f7e54195-0586-4420-9957-7b49038de1ae/inventories" status: 200 len: 400 microversion: 1.0 [pid: 7|app: 0|req: 315/622] 199.204.45.222 () {32 vars in 857 bytes} [Thu Mar 5 08:37:34 2026] GET /resource_providers/f7e54195-0586-4420-9957-7b49038de1ae/inventories => generated 400 bytes in 14 msecs (HTTP/1.1 200) 6 headers in 224 bytes (1 switches on core 0)
2026-03-05 08:37:34.169 8 INFO placement.requestlog [req-29f8f42a-47f2-49a2-93c9-aa5049378da8 req-0483185d-9193-4956-8fb4-6f002589d3f1 ad9fc8668d684fbf979bbd6a757f4cd5 e660558113e74bb59aac639058988403 - - 8a5b50dd4ff8433a96fb3a7232e686ea 8a5b50dd4ff8433a96fb3a7232e686ea] 199.204.45.222 "GET /resource_providers/f7e54195-0586-4420-9957-7b49038de1ae/aggregates" status: 200 len: 53 microversion: 1.19 [pid: 8|app: 0|req: 308/623] 199.204.45.222 () {34 vars in 899 bytes} [Thu Mar 5 08:37:34 2026] GET /resource_providers/f7e54195-0586-4420-9957-7b49038de1ae/aggregates => generated 53 bytes in 14 msecs (HTTP/1.1 200) 8 headers in 295 bytes (1 switches on core 0)
2026-03-05 08:37:34.190 7 INFO placement.requestlog [req-29f8f42a-47f2-49a2-93c9-aa5049378da8 req-9f0adbbc-e010-4b01-bc43-9ac74daa03b6 ad9fc8668d684fbf979bbd6a757f4cd5 e660558113e74bb59aac639058988403 - - 8a5b50dd4ff8433a96fb3a7232e686ea 8a5b50dd4ff8433a96fb3a7232e686ea] 199.204.45.222 "GET /resource_providers/f7e54195-0586-4420-9957-7b49038de1ae/traits" status: 200 len: 2316 microversion: 1.6 [pid: 7|app: 0|req: 316/624] 199.204.45.222 () {34 vars in 890 bytes} [Thu Mar 5 08:37:34 2026] GET /resource_providers/f7e54195-0586-4420-9957-7b49038de1ae/traits => generated 2316 bytes in 15 msecs (HTTP/1.1 200) 6 headers in 225 bytes (1 switches on core 0)
2026-03-05 08:37:34.208 8 INFO placement.requestlog [req-29f8f42a-47f2-49a2-93c9-aa5049378da8 req-0db459fc-a1ed-491b-a3db-3e3171abd558 ad9fc8668d684fbf979bbd6a757f4cd5 e660558113e74bb59aac639058988403 - - 8a5b50dd4ff8433a96fb3a7232e686ea 8a5b50dd4ff8433a96fb3a7232e686ea] 199.204.45.222 "GET /resource_providers/f7e54195-0586-4420-9957-7b49038de1ae/allocations" status: 200 len: 54 microversion: 1.0 [pid: 8|app: 0|req: 309/625] 199.204.45.222 () {32 vars in 857 bytes} [Thu Mar 5 08:37:34 2026] GET /resource_providers/f7e54195-0586-4420-9957-7b49038de1ae/allocations => generated 54 bytes in 12 msecs (HTTP/1.1 200) 6 headers in 223 bytes (1 switches on core 0)
2026-03-05 08:37:36.752 7 INFO placement.requestlog [None req-faf9ada9-7895-4f86-8e23-3ff482566eb9 - - - - - -] 10.0.0.75 "GET /" status: 200 len: 136 microversion: 1.0
2026-03-05 08:37:36.752 8 INFO placement.requestlog [None req-0bdf26a3-af46-4631-9020-0ac737c76739 - - - - - -] 10.0.0.75 "GET /" status: 200 len: 136 microversion: 1.0
2026-03-05 08:37:46.752 8 INFO placement.requestlog [None req-60c0ba8c-25de-4595-a60d-a3a974ed79bc - - - - - -] 10.0.0.75 "GET /" status: 200 len: 136 microversion: 1.0
2026-03-05 08:37:46.753 7 INFO placement.requestlog [None req-618503d4-241e-4822-8d41-b05deb329f5b - - - - - -] 10.0.0.75 "GET /" status: 200 len: 136 microversion: 1.0
2026-03-05 08:37:56.752 8 INFO placement.requestlog [None req-042df7d6-9b94-45b1-9c51-21adfa711ef8 - - - - - -] 10.0.0.75 "GET /" status: 200 len: 136 microversion: 1.0
2026-03-05 08:37:56.752 7 INFO placement.requestlog [None req-0a88820b-61c3-4d88-acda-9f2009b2c373 - - - - - -] 10.0.0.75 "GET /" status: 200 len: 136 microversion: 1.0
2026-03-05 08:38:06.752 8 INFO placement.requestlog [None req-cb9dc54c-09a3-499a-b42b-b1a980ac0fa2 - - - - - -] 10.0.0.75 "GET /" status: 200 len: 136 microversion: 1.0
2026-03-05 08:38:06.752 7 INFO placement.requestlog [None req-b2bb9b66-d046-42f3-a640-cee0f8eba129 - - - - - -] 10.0.0.75 "GET /" status: 200 len: 136 microversion: 1.0
2026-03-05 08:38:06.938 8 INFO placement.requestlog [None req-5c04abd0-828b-4940-8dfc-c58b30c23df7 8ed3ef3252d64b1cbabc8f3398cb9225 3c4bfe57e2f247b79e3bdce035937432 - - default default] 10.0.0.179 "GET /resource_providers" status: 200 len: 405 microversion: 1.0 [pid: 8|app: 0|req: 314/634] 10.0.0.179 () {28 vars in 593 bytes} [Thu Mar 5 08:38:06 2026] GET /resource_providers => generated 405 bytes in 124 msecs (HTTP/1.1 200) 6 headers in 224 bytes (1 switches on core 0)
2026-03-05 08:38:06.964 7 INFO placement.requestlog [None req-52f89410-05c1-46a3-bd38-285d20212990 8ed3ef3252d64b1cbabc8f3398cb9225 3c4bfe57e2f247b79e3bdce035937432 - - default default] 10.0.0.179 "GET /resource_providers/f7e54195-0586-4420-9957-7b49038de1ae/inventories" status: 200 len: 400 microversion: 1.0 [pid: 7|app: 0|req: 321/635] 10.0.0.179 () {28 vars in 691 bytes} [Thu Mar 5 08:38:06 2026] GET /resource_providers/f7e54195-0586-4420-9957-7b49038de1ae/inventories => generated 400 bytes in 14 msecs (HTTP/1.1 200) 6 headers in 224 bytes (1 switches on core 0)
2026-03-05 08:38:06.983 8 INFO placement.requestlog [None req-a5671e66-0d1f-4943-8fba-30066ff3df86 8ed3ef3252d64b1cbabc8f3398cb9225 3c4bfe57e2f247b79e3bdce035937432 - - default default] 10.0.0.179 "GET /resource_providers/f7e54195-0586-4420-9957-7b49038de1ae/usages" status: 200 len: 88 microversion: 1.0 [pid: 8|app: 0|req: 315/636] 10.0.0.179 () {28 vars in 681 bytes} [Thu Mar 5 08:38:06 2026] GET /resource_providers/f7e54195-0586-4420-9957-7b49038de1ae/usages => generated 88 bytes in 14 msecs (HTTP/1.1 200) 6 headers in 223 bytes (1 switches on core 0)
2026-03-05 08:38:16.752 7 INFO placement.requestlog [None req-841ed23c-11c4-4b60-9da5-24916e9ae521 - - - - - -] 10.0.0.75 "GET /" status: 200 len: 136 microversion: 1.0
2026-03-05 08:38:16.753 8 INFO placement.requestlog [None req-a2291704-6f51-4afe-9f6c-d825a5f4f972 - - - - - -] 10.0.0.75 "GET /" status: 200 len: 136 microversion: 1.0
2026-03-05 08:38:25.264 7 INFO placement.requestlog [req-0f504a7e-4a66-47a6-8ffa-28d03edde5cf req-79e8be2d-0539-4783-a27a-bfb54cecd922 ad9fc8668d684fbf979bbd6a757f4cd5 e660558113e74bb59aac639058988403 - - 8a5b50dd4ff8433a96fb3a7232e686ea 8a5b50dd4ff8433a96fb3a7232e686ea] 10.0.0.70 "GET /allocation_candidates?limit=1000&resources=DISK_GB%3A1%2CMEMORY_MB%3A512%2CVCPU%3A1&root_required=%21COMPUTE_STATUS_DISABLED" status: 200 len: 2781 microversion: 1.36 [pid: 7|app: 0|req: 323/639] 10.0.0.70 () {34 vars in 1011 bytes} [Thu Mar 5 08:38:25 2026] GET /allocation_candidates?limit=1000&resources=DISK_GB%3A1%2CMEMORY_MB%3A512%2CVCPU%3A1&root_required=%21COMPUTE_STATUS_DISABLED => generated 2781 bytes in 136 msecs (HTTP/1.1 200) 8 headers in 297 bytes (1 switches on core 0)
2026-03-05 08:38:25.310 8 INFO placement.requestlog [req-0f504a7e-4a66-47a6-8ffa-28d03edde5cf req-c2d249be-b367-4bed-bd5a-6cbc455f444a ad9fc8668d684fbf979bbd6a757f4cd5 e660558113e74bb59aac639058988403 - - 8a5b50dd4ff8433a96fb3a7232e686ea 8a5b50dd4ff8433a96fb3a7232e686ea] 10.0.0.70 "GET /allocations/07852161-57b3-40a0-b0b4-45fc6af7cc64" status: 200 len: 19 microversion: 1.28 [pid: 8|app: 0|req: 317/640] 10.0.0.70 () {34 vars in 860 bytes} [Thu Mar 5 08:38:25 2026] GET /allocations/07852161-57b3-40a0-b0b4-45fc6af7cc64 => generated 19 bytes in 13 msecs (HTTP/1.1 200) 8 headers in 295 bytes (1 switches on core 0)
2026-03-05 08:38:25.391 7 INFO placement.requestlog [req-0f504a7e-4a66-47a6-8ffa-28d03edde5cf req-4a523457-d40b-4bd5-bdd4-1d220eefd9e9 ad9fc8668d684fbf979bbd6a757f4cd5 e660558113e74bb59aac639058988403 - - 8a5b50dd4ff8433a96fb3a7232e686ea 8a5b50dd4ff8433a96fb3a7232e686ea] 10.0.0.70 "PUT /allocations/07852161-57b3-40a0-b0b4-45fc6af7cc64" status: 204 len: 0 microversion: 1.36 [pid: 7|app: 0|req: 324/641] 10.0.0.70 () {38 vars in 913 bytes} [Thu Mar 5 08:38:25 2026] PUT /allocations/07852161-57b3-40a0-b0b4-45fc6af7cc64 => generated 0 bytes in 74 msecs (HTTP/1.1 204) 5 headers in 199 bytes (1 switches on core 0)
2026-03-05 08:38:26.752 7 INFO placement.requestlog [None req-aabb2be5-e569-4f26-bc9b-cbb8d56f43b8 - - - - - -] 10.0.0.75 "GET /" status: 200 len: 136 microversion: 1.0
2026-03-05 08:38:26.753 8 INFO placement.requestlog [None req-01e15ec1-74bc-4894-b410-4d313a30ff43 - - - - - -] 10.0.0.75 "GET /" status: 200 len: 136 microversion: 1.0
2026-03-05 08:38:26.959 7 INFO placement.requestlog [req-0f504a7e-4a66-47a6-8ffa-28d03edde5cf req-59a5d1aa-d9ac-4f8b-978a-21f0f1036d19 ad9fc8668d684fbf979bbd6a757f4cd5 e660558113e74bb59aac639058988403 - - 8a5b50dd4ff8433a96fb3a7232e686ea 8a5b50dd4ff8433a96fb3a7232e686ea] 199.204.45.222 "GET /allocations/07852161-57b3-40a0-b0b4-45fc6af7cc64" status: 200 len: 257 microversion: 1.28 [pid: 7|app: 0|req: 326/644] 199.204.45.222 () {34 vars in 863 bytes} [Thu Mar 5 08:38:26 2026] GET /allocations/07852161-57b3-40a0-b0b4-45fc6af7cc64 => generated 257 bytes in 13 msecs (HTTP/1.1 200) 8 headers in 296 bytes (1 switches on core 0)
2026-03-05 08:38:28.006 8 INFO placement.requestlog [req-0f504a7e-4a66-47a6-8ffa-28d03edde5cf req-40553523-3b53-4a65-aa05-2f098fd0dcc8 ad9fc8668d684fbf979bbd6a757f4cd5 e660558113e74bb59aac639058988403 - - 8a5b50dd4ff8433a96fb3a7232e686ea 8a5b50dd4ff8433a96fb3a7232e686ea] 199.204.45.222 "GET /resource_providers/f7e54195-0586-4420-9957-7b49038de1ae/allocations" status: 200 len: 152 microversion: 1.0 [pid: 8|app: 0|req: 319/645] 199.204.45.222 () {32 vars in 857 bytes} [Thu Mar 5 08:38:27 2026] GET /resource_providers/f7e54195-0586-4420-9957-7b49038de1ae/allocations => generated 152 bytes in 18 msecs (HTTP/1.1 200) 6 headers in 224 bytes (1 switches on core 0)
2026-03-05 08:38:28.029 7 INFO placement.requestlog [req-0f504a7e-4a66-47a6-8ffa-28d03edde5cf req-dd87ea05-16e9-4eee-9c6a-4dae96d29ead ad9fc8668d684fbf979bbd6a757f4cd5 e660558113e74bb59aac639058988403 - - 8a5b50dd4ff8433a96fb3a7232e686ea 8a5b50dd4ff8433a96fb3a7232e686ea] 199.204.45.222 "GET /allocations/07852161-57b3-40a0-b0b4-45fc6af7cc64" status: 200 len: 257 microversion: 1.28 [pid: 7|app: 0|req: 327/646] 199.204.45.222 () {34 vars in 863 bytes} [Thu Mar 5 08:38:28 2026] GET /allocations/07852161-57b3-40a0-b0b4-45fc6af7cc64 => generated 257 bytes in 18 msecs (HTTP/1.1 200) 8 headers in 296 bytes (1 switches on core 0)
2026-03-05 08:38:29.646 8 INFO placement.requestlog [None req-4f094fbb-27c0-44cf-ab23-9786b5d5b87f fe5f05cb21654bdf8d8beaff457a1618 e660558113e74bb59aac639058988403 - - 8a5b50dd4ff8433a96fb3a7232e686ea 8a5b50dd4ff8433a96fb3a7232e686ea] 10.0.0.172 "GET /resource_providers/4da275cc-3c40-45c9-b3c4-265ef9ac45df/aggregates" status: 404 len: 235 microversion: 1.1 [pid: 8|app: 0|req: 320/647] 10.0.0.172 () {32 vars in 816 bytes} [Thu Mar 5 08:38:29 2026] GET /resource_providers/4da275cc-3c40-45c9-b3c4-265ef9ac45df/aggregates => generated 235 bytes in 46 msecs (HTTP/1.1 404) 5 headers in 202 bytes (1 switches on core 0)
2026-03-05 08:38:29.656 7 INFO placement.requestlog [None req-8c23d853-250d-400d-84dc-86785a60e8d2 fe5f05cb21654bdf8d8beaff457a1618 e660558113e74bb59aac639058988403 - - 8a5b50dd4ff8433a96fb3a7232e686ea 8a5b50dd4ff8433a96fb3a7232e686ea] 10.0.0.172 "GET /resource_providers/4da275cc-3c40-45c9-b3c4-265ef9ac45df/aggregates" status: 404 len: 235 microversion: 1.1 [pid: 7|app: 0|req: 328/648] 10.0.0.172 () {32 vars in 816 bytes} [Thu Mar 5 08:38:29 2026] GET /resource_providers/4da275cc-3c40-45c9-b3c4-265ef9ac45df/aggregates => generated 235 bytes in 49 msecs (HTTP/1.1 404) 5 headers in 202 bytes (1 switches on core 0)
2026-03-05 08:38:29.798 8 INFO placement.requestlog [None req-3e752a7c-a8a2-452f-bcbd-6d5c703926ff fe5f05cb21654bdf8d8beaff457a1618 e660558113e74bb59aac639058988403 - - 8a5b50dd4ff8433a96fb3a7232e686ea 8a5b50dd4ff8433a96fb3a7232e686ea] 10.0.0.172 "GET /resource_providers/9c79f2d2-8a8d-401b-be04-59f997df5001/aggregates" status: 404 len: 235 microversion: 1.1 [pid: 8|app: 0|req: 321/649] 10.0.0.172 () {32 vars in 816 bytes} [Thu Mar 5 08:38:29 2026] GET /resource_providers/9c79f2d2-8a8d-401b-be04-59f997df5001/aggregates => generated 235 bytes in 151 msecs (HTTP/1.1 404) 5 headers in 202 bytes (1 switches on core 0)
2026-03-05 08:38:29.806 8 INFO placement.requestlog [None req-d792b79e-28b5-4b39-b73c-9ac0d1c36c2e fe5f05cb21654bdf8d8beaff457a1618 e660558113e74bb59aac639058988403 - - 8a5b50dd4ff8433a96fb3a7232e686ea 8a5b50dd4ff8433a96fb3a7232e686ea] 10.0.0.172 "DELETE /resource_providers/4da275cc-3c40-45c9-b3c4-265ef9ac45df" status: 404 len: 246 microversion: 1.1 [pid: 8|app: 0|req: 322/650] 10.0.0.172 () {34 vars in 816 bytes} [Thu Mar 5 08:38:29 2026] DELETE /resource_providers/4da275cc-3c40-45c9-b3c4-265ef9ac45df => generated 246 bytes in 7 msecs (HTTP/1.1 404) 6 headers in 231 bytes (1 switches on core 0)
2026-03-05 08:38:29.815 8 INFO placement.requestlog [None req-d1cbc950-36f8-459b-aca5-fee1a2bacbf7 fe5f05cb21654bdf8d8beaff457a1618 e660558113e74bb59aac639058988403 - - 8a5b50dd4ff8433a96fb3a7232e686ea 8a5b50dd4ff8433a96fb3a7232e686ea] 10.0.0.172 "DELETE /resource_providers/4da275cc-3c40-45c9-b3c4-265ef9ac45df" status: 404 len: 246 microversion: 1.1 [pid: 8|app: 0|req: 323/651] 10.0.0.172 () {34 vars in 816 bytes} [Thu Mar 5 08:38:29 2026] DELETE /resource_providers/4da275cc-3c40-45c9-b3c4-265ef9ac45df => generated 246 bytes in 9 msecs (HTTP/1.1 404) 6 headers in 231 bytes (1 switches on core 0)
2026-03-05 08:38:29.820 8 INFO placement.requestlog [None req-48367bfb-90e9-47ab-a028-ab02ea8d40d5 fe5f05cb21654bdf8d8beaff457a1618 e660558113e74bb59aac639058988403 - - 8a5b50dd4ff8433a96fb3a7232e686ea 8a5b50dd4ff8433a96fb3a7232e686ea] 10.0.0.172 "DELETE /resource_providers/9c79f2d2-8a8d-401b-be04-59f997df5001" status: 404 len: 246 microversion: 1.1 [pid: 8|app: 0|req: 324/652] 10.0.0.172 () {34 vars in 816 bytes} [Thu Mar 5 08:38:29 2026] DELETE /resource_providers/9c79f2d2-8a8d-401b-be04-59f997df5001 => generated 246 bytes in 5 msecs (HTTP/1.1 404) 6 headers in 231 bytes (1 switches on core 0)
2026-03-05 08:38:29.951 7 INFO placement.requestlog [None req-94aab3a7-3c0c-48f3-9ff2-438e83938612 fe5f05cb21654bdf8d8beaff457a1618 e660558113e74bb59aac639058988403 - - 8a5b50dd4ff8433a96fb3a7232e686ea 8a5b50dd4ff8433a96fb3a7232e686ea] 10.0.0.172 "GET /resource_providers/9c79f2d2-8a8d-401b-be04-59f997df5001/aggregates" status: 404 len: 235 microversion: 1.1 [pid: 7|app: 0|req: 329/653] 10.0.0.172 () {32 vars in 816 bytes} [Thu Mar 5 08:38:29 2026] GET /resource_providers/9c79f2d2-8a8d-401b-be04-59f997df5001/aggregates => generated 235 bytes in 295 msecs (HTTP/1.1 404) 5 headers in 202 bytes (1 switches on core 0)
2026-03-05 08:38:29.973 8 INFO placement.requestlog [None req-ce97ec62-5830-45fa-bdfb-fd7fc67ba2fb fe5f05cb21654bdf8d8beaff457a1618 e660558113e74bb59aac639058988403 - - 8a5b50dd4ff8433a96fb3a7232e686ea 8a5b50dd4ff8433a96fb3a7232e686ea] 10.0.0.172 "DELETE /resource_providers/9c79f2d2-8a8d-401b-be04-59f997df5001" status: 404 len: 246 microversion: 1.1 [pid: 8|app: 0|req: 325/654] 10.0.0.172 () {34 vars in 816 bytes} [Thu Mar 5 08:38:29 2026] DELETE /resource_providers/9c79f2d2-8a8d-401b-be04-59f997df5001 => generated 246 bytes in 12 msecs (HTTP/1.1 404) 6 headers in 231 bytes (1 switches on core 0)
2026-03-05 08:38:31.533 7 INFO placement.requestlog [req-ac018ac2-719d-4ad8-9df0-4466f3c73ff7 req-adb38215-2e73-4028-9e56-51c02d4190f5 ad9fc8668d684fbf979bbd6a757f4cd5 e660558113e74bb59aac639058988403 - - 8a5b50dd4ff8433a96fb3a7232e686ea 8a5b50dd4ff8433a96fb3a7232e686ea] 10.0.0.70 "GET /allocation_candidates?limit=1000&resources=MEMORY_MB%3A512%2CVCPU%3A1&root_required=%21COMPUTE_STATUS_DISABLED" status: 200 len: 2769 microversion: 1.36 [pid: 7|app: 0|req: 330/655] 10.0.0.70 () {34 vars in 983 bytes} [Thu Mar 5 08:38:31 2026] GET /allocation_candidates?limit=1000&resources=MEMORY_MB%3A512%2CVCPU%3A1&root_required=%21COMPUTE_STATUS_DISABLED => generated 2769 bytes in 48 msecs (HTTP/1.1 200) 8 headers in 297 bytes (1 switches on core 0)
2026-03-05 08:38:31.580 8 INFO placement.requestlog [req-ac018ac2-719d-4ad8-9df0-4466f3c73ff7 req-912027b7-69c2-413f-a9ed-a6f373cccf7b ad9fc8668d684fbf979bbd6a757f4cd5 e660558113e74bb59aac639058988403 - - 8a5b50dd4ff8433a96fb3a7232e686ea 8a5b50dd4ff8433a96fb3a7232e686ea] 10.0.0.70 "GET /allocations/96368a40-5fa4-4c03-9228-c63b7a28db5e" status: 200 len: 19 microversion: 1.28 [pid: 8|app: 0|req: 326/656] 10.0.0.70 () {34 vars in 860 bytes} [Thu Mar 5 08:38:31 2026] GET /allocations/96368a40-5fa4-4c03-9228-c63b7a28db5e => generated 19 bytes in 10 msecs (HTTP/1.1 200) 8 headers in 295 bytes (1 switches on core 0)
2026-03-05 08:38:31.649 7 INFO placement.requestlog [req-ac018ac2-719d-4ad8-9df0-4466f3c73ff7 req-dcedd153-8fce-43ca-92b4-3a78c7254996 ad9fc8668d684fbf979bbd6a757f4cd5 e660558113e74bb59aac639058988403 - - 8a5b50dd4ff8433a96fb3a7232e686ea 8a5b50dd4ff8433a96fb3a7232e686ea] 10.0.0.70 "PUT /allocations/96368a40-5fa4-4c03-9228-c63b7a28db5e" status: 204 len: 0 microversion: 1.36 [pid: 7|app: 0|req: 331/657] 10.0.0.70 () {38 vars in 913 bytes} [Thu Mar 5 08:38:31 2026] PUT /allocations/96368a40-5fa4-4c03-9228-c63b7a28db5e => generated 0 bytes in 62 msecs (HTTP/1.1 204) 5 headers in 199 bytes (1 switches on core 0)
2026-03-05 08:38:33.151 8 INFO placement.requestlog [req-ac018ac2-719d-4ad8-9df0-4466f3c73ff7 req-5ad687b9-1aad-40e2-b229-d2de58c620c3 ad9fc8668d684fbf979bbd6a757f4cd5 e660558113e74bb59aac639058988403 - - 8a5b50dd4ff8433a96fb3a7232e686ea 8a5b50dd4ff8433a96fb3a7232e686ea] 199.204.45.222 "GET /allocations/96368a40-5fa4-4c03-9228-c63b7a28db5e" status: 200 len: 243 microversion: 1.28 [pid: 8|app: 0|req: 327/658] 199.204.45.222 () {34 vars in 863 bytes} [Thu Mar 5 08:38:33 2026] GET /allocations/96368a40-5fa4-4c03-9228-c63b7a28db5e => generated 243 bytes in 24 msecs (HTTP/1.1 200) 8 headers in 296 bytes (1 switches on core 0)
2026-03-05 08:38:34.188 7 INFO placement.requestlog [req-ac018ac2-719d-4ad8-9df0-4466f3c73ff7 req-de6bc051-1e65-4c2d-a6dc-23979d48a079 ad9fc8668d684fbf979bbd6a757f4cd5 e660558113e74bb59aac639058988403 - - 8a5b50dd4ff8433a96fb3a7232e686ea 8a5b50dd4ff8433a96fb3a7232e686ea] 199.204.45.222 "GET /resource_providers/f7e54195-0586-4420-9957-7b49038de1ae/allocations" status: 200 len: 238 microversion: 1.0 [pid: 7|app: 0|req: 332/659] 199.204.45.222 () {32 vars in 857 bytes} [Thu Mar 5 08:38:34 2026] GET /resource_providers/f7e54195-0586-4420-9957-7b49038de1ae/allocations => generated 238 bytes in 14 msecs (HTTP/1.1 200) 6 headers in 224 bytes (1 switches on core 0)
2026-03-05 08:38:34.206 8 INFO placement.requestlog [req-ac018ac2-719d-4ad8-9df0-4466f3c73ff7 req-e6976bcf-86a0-49c5-8b19-bb2adab64179 ad9fc8668d684fbf979bbd6a757f4cd5 e660558113e74bb59aac639058988403 - - 8a5b50dd4ff8433a96fb3a7232e686ea 8a5b50dd4ff8433a96fb3a7232e686ea] 199.204.45.222 "GET /allocations/96368a40-5fa4-4c03-9228-c63b7a28db5e" status: 200 len: 243 microversion: 1.28 [pid: 8|app: 0|req: 328/660] 199.204.45.222 () {34 vars in 863 bytes} [Thu Mar 5 08:38:34 2026] GET /allocations/96368a40-5fa4-4c03-9228-c63b7a28db5e => generated 243 bytes in 12 msecs (HTTP/1.1 200) 8 headers in 296 bytes (1 switches on core 0)
2026-03-05 08:38:34.227 7 INFO placement.requestlog [req-ac018ac2-719d-4ad8-9df0-4466f3c73ff7 req-0a11183b-81e3-47c4-9ea8-0573dc272405 ad9fc8668d684fbf979bbd6a757f4cd5 e660558113e74bb59aac639058988403 - - 8a5b50dd4ff8433a96fb3a7232e686ea 8a5b50dd4ff8433a96fb3a7232e686ea] 199.204.45.222 "GET /allocations/07852161-57b3-40a0-b0b4-45fc6af7cc64" status: 200 len: 257 microversion: 1.28 [pid: 7|app: 0|req: 333/661] 199.204.45.222 () {34 vars in 863 bytes} [Thu Mar 5 08:38:34 2026] GET /allocations/07852161-57b3-40a0-b0b4-45fc6af7cc64 => generated 257 bytes in 15 msecs (HTTP/1.1 200) 8 headers in 296 bytes (1 switches on core 0)
2026-03-05 08:38:36.752 8 INFO placement.requestlog [None req-f2a81593-276e-4484-8f31-681e3ef1efb2 - - - - - -] 10.0.0.75 "GET /" status: 200 len: 136 microversion: 1.0
2026-03-05 08:38:36.754 7 INFO placement.requestlog [None req-2353b8d4-e704-4cbd-8035-0d9e1fc88b3b - - - - - -] 10.0.0.75 "GET /" status: 200 len: 136 microversion: 1.0
2026-03-05 08:38:37.432 8 INFO placement.requestlog [req-888658de-331f-4572-a7b4-66e876d7c918 req-cf08b6a8-312c-4e9d-a8d5-0165b23de947 ad9fc8668d684fbf979bbd6a757f4cd5 e660558113e74bb59aac639058988403 - - 8a5b50dd4ff8433a96fb3a7232e686ea 8a5b50dd4ff8433a96fb3a7232e686ea] 199.204.45.222 "GET /resource_providers/f7e54195-0586-4420-9957-7b49038de1ae/allocations" status: 200 len: 238 microversion: 1.0 [pid: 8|app: 0|req: 330/664] 199.204.45.222 () {32 vars in 857 bytes} [Thu Mar 5 08:38:37 2026] GET /resource_providers/f7e54195-0586-4420-9957-7b49038de1ae/allocations => generated 238 bytes in 28 msecs (HTTP/1.1 200) 6 headers in 224 bytes (1 switches on core 0)
2026-03-05 08:38:37.455 7 INFO placement.requestlog [req-888658de-331f-4572-a7b4-66e876d7c918 req-4ddbc9b2-9dfc-4c84-86dc-2eebb2e7f437 ad9fc8668d684fbf979bbd6a757f4cd5 e660558113e74bb59aac639058988403 - - 8a5b50dd4ff8433a96fb3a7232e686ea 8a5b50dd4ff8433a96fb3a7232e686ea] 199.204.45.222 "GET /resource_providers/f7e54195-0586-4420-9957-7b49038de1ae/allocations" status: 200 len: 238 microversion: 1.0 [pid: 7|app: 0|req: 335/665] 199.204.45.222 () {32 vars in 857 bytes} [Thu Mar 5 08:38:37 2026] GET /resource_providers/f7e54195-0586-4420-9957-7b49038de1ae/allocations => generated 238 bytes in 16 msecs (HTTP/1.1 200) 6 headers in 224 bytes (1 switches on core 0)
2026-03-05 08:38:37.474 8 INFO placement.requestlog [req-888658de-331f-4572-a7b4-66e876d7c918 req-74ef8759-c28d-486e-91b5-701f0213c87f ad9fc8668d684fbf979bbd6a757f4cd5 e660558113e74bb59aac639058988403 - - 8a5b50dd4ff8433a96fb3a7232e686ea 8a5b50dd4ff8433a96fb3a7232e686ea] 199.204.45.222 "GET /allocations/96368a40-5fa4-4c03-9228-c63b7a28db5e" status: 200 len: 243 microversion: 1.28 [pid: 8|app: 0|req: 331/666] 199.204.45.222 () {34 vars in 863 bytes} [Thu Mar 5 08:38:37 2026] GET /allocations/96368a40-5fa4-4c03-9228-c63b7a28db5e => generated 243 bytes in 12 msecs (HTTP/1.1 200) 8 headers in 296 bytes (1 switches on core 0)
2026-03-05 08:38:37.502 7 INFO placement.requestlog [req-888658de-331f-4572-a7b4-66e876d7c918 req-8ad7c390-502c-43b2-9e9c-aa13501eeb8b ad9fc8668d684fbf979bbd6a757f4cd5 e660558113e74bb59aac639058988403 - - 8a5b50dd4ff8433a96fb3a7232e686ea 8a5b50dd4ff8433a96fb3a7232e686ea] 199.204.45.222 "GET /allocations/07852161-57b3-40a0-b0b4-45fc6af7cc64" status: 200 len: 257 microversion: 1.28 [pid: 7|app: 0|req: 336/667] 199.204.45.222 () {34 vars in 863 bytes} [Thu Mar 5 08:38:37 2026] GET /allocations/07852161-57b3-40a0-b0b4-45fc6af7cc64 => generated 257 bytes in 23 msecs (HTTP/1.1 200) 8 headers in 296 bytes (1 switches on core 0)
2026-03-05 08:38:39.554 8 INFO placement.requestlog [req-0f2b492c-88e0-4173-aceb-47f62f2eeb84 req-9f0b4584-cc0b-483c-a8b7-a545f7105f4b ad9fc8668d684fbf979bbd6a757f4cd5 e660558113e74bb59aac639058988403 - - 8a5b50dd4ff8433a96fb3a7232e686ea 8a5b50dd4ff8433a96fb3a7232e686ea] 10.0.0.70 "GET /allocation_candidates?limit=1000&resources=DISK_GB%3A1%2CMEMORY_MB%3A512%2CVCPU%3A1&root_required=%21COMPUTE_STATUS_DISABLED" status: 200 len: 2784 microversion: 1.36 [pid: 8|app: 0|req: 332/668] 10.0.0.70 () {34 vars in 1011 bytes} [Thu Mar 5 08:38:39 2026] GET /allocation_candidates?limit=1000&resources=DISK_GB%3A1%2CMEMORY_MB%3A512%2CVCPU%3A1&root_required=%21COMPUTE_STATUS_DISABLED => generated 2784 bytes in 45 msecs (HTTP/1.1 200) 8 headers in 297 bytes (1 switches on core 0)
2026-03-05 08:38:39.604 7 INFO placement.requestlog [req-0f2b492c-88e0-4173-aceb-47f62f2eeb84 req-84c1f311-2127-4212-b87e-80371d77b5a0 ad9fc8668d684fbf979bbd6a757f4cd5 e660558113e74bb59aac639058988403 - - 8a5b50dd4ff8433a96fb3a7232e686ea 8a5b50dd4ff8433a96fb3a7232e686ea] 10.0.0.70 "GET /allocations/5da13525-ab04-4afd-972b-ab1c5d12a419" status: 200 len: 19 microversion: 1.28 [pid: 7|app: 0|req: 337/669] 10.0.0.70 () {34 vars in 860 bytes} [Thu Mar 5 08:38:39 2026] GET /allocations/5da13525-ab04-4afd-972b-ab1c5d12a419 => generated 19 bytes in 9 msecs (HTTP/1.1 200) 8 headers in 295 bytes (1 switches on core 0)
2026-03-05 08:38:39.682 8 INFO placement.requestlog [req-0f2b492c-88e0-4173-aceb-47f62f2eeb84 req-2dbf7af5-b604-4e6a-8a78-3674211e0af8 ad9fc8668d684fbf979bbd6a757f4cd5 e660558113e74bb59aac639058988403 - - 8a5b50dd4ff8433a96fb3a7232e686ea 8a5b50dd4ff8433a96fb3a7232e686ea] 10.0.0.70 "PUT /allocations/5da13525-ab04-4afd-972b-ab1c5d12a419" status: 204 len: 0 microversion: 1.36 [pid: 8|app: 0|req: 333/670] 10.0.0.70 () {38 vars in 913 bytes} [Thu Mar 5 08:38:39 2026] PUT /allocations/5da13525-ab04-4afd-972b-ab1c5d12a419 => generated 0 bytes in 67 msecs (HTTP/1.1 204) 5 headers in 199 bytes (1 switches on core 0)
2026-03-05 08:38:41.312 7 INFO placement.requestlog [req-0f2b492c-88e0-4173-aceb-47f62f2eeb84 req-a3357394-324f-4c6a-abd7-1a7f944ccb3b ad9fc8668d684fbf979bbd6a757f4cd5 e660558113e74bb59aac639058988403 - - 8a5b50dd4ff8433a96fb3a7232e686ea 8a5b50dd4ff8433a96fb3a7232e686ea] 199.204.45.222 "GET /allocations/5da13525-ab04-4afd-972b-ab1c5d12a419" status: 200 len: 257 microversion: 1.28 [pid: 7|app: 0|req: 338/671] 199.204.45.222 () {34 vars in 863 bytes} [Thu Mar 5 08:38:41 2026] GET /allocations/5da13525-ab04-4afd-972b-ab1c5d12a419 => generated 257 bytes in 12 msecs (HTTP/1.1 200) 8 headers in 296 bytes (1 switches on core 0)
2026-03-05 08:38:42.345 8 INFO placement.requestlog [req-0f2b492c-88e0-4173-aceb-47f62f2eeb84 req-7caa1f51-9d02-47e3-a6da-dc87a247e779 ad9fc8668d684fbf979bbd6a757f4cd5 e660558113e74bb59aac639058988403 - - 8a5b50dd4ff8433a96fb3a7232e686ea 8a5b50dd4ff8433a96fb3a7232e686ea] 199.204.45.222 "GET /resource_providers/f7e54195-0586-4420-9957-7b49038de1ae/allocations" status: 200 len: 338 microversion: 1.0 [pid: 8|app: 0|req: 334/672] 199.204.45.222 () {32 vars in 857 bytes} [Thu Mar 5 08:38:42 2026] GET /resource_providers/f7e54195-0586-4420-9957-7b49038de1ae/allocations => generated 338 bytes in 13 msecs (HTTP/1.1 200) 6 headers in 224 bytes (1 switches on core 0)
2026-03-05 08:38:42.363 7 INFO placement.requestlog [req-0f2b492c-88e0-4173-aceb-47f62f2eeb84 req-60cea13a-6204-44ea-b54d-e8deded7899a ad9fc8668d684fbf979bbd6a757f4cd5 e660558113e74bb59aac639058988403 - - 8a5b50dd4ff8433a96fb3a7232e686ea 8a5b50dd4ff8433a96fb3a7232e686ea] 199.204.45.222 "GET /allocations/96368a40-5fa4-4c03-9228-c63b7a28db5e" status: 200 len: 243 microversion: 1.28 [pid: 7|app: 0|req: 339/673] 199.204.45.222 () {34 vars in 863 bytes} [Thu Mar 5 08:38:42 2026] GET /allocations/96368a40-5fa4-4c03-9228-c63b7a28db5e => generated 243 bytes in 12 msecs (HTTP/1.1 200) 8 headers in 296 bytes (1 switches on core 0)
2026-03-05 08:38:42.382 8 INFO placement.requestlog [req-0f2b492c-88e0-4173-aceb-47f62f2eeb84 req-9c718f96-4d67-4e93-9c04-38cad5c15f47 ad9fc8668d684fbf979bbd6a757f4cd5 e660558113e74bb59aac639058988403 - - 8a5b50dd4ff8433a96fb3a7232e686ea 8a5b50dd4ff8433a96fb3a7232e686ea] 199.204.45.222 "GET /allocations/07852161-57b3-40a0-b0b4-45fc6af7cc64" status: 200 len: 257 microversion: 1.28 [pid: 8|app: 0|req: 335/674] 199.204.45.222 () {34 vars in 863 bytes} [Thu Mar 5 08:38:42 2026] GET /allocations/07852161-57b3-40a0-b0b4-45fc6af7cc64 => generated 257 bytes in 14 msecs (HTTP/1.1 200) 8 headers in 296 bytes (1 switches on core 0)
2026-03-05 08:38:42.400 7 INFO placement.requestlog [req-0f2b492c-88e0-4173-aceb-47f62f2eeb84 req-24520c3a-342b-42fa-b34d-d39c9c34a7ec ad9fc8668d684fbf979bbd6a757f4cd5 e660558113e74bb59aac639058988403 - - 8a5b50dd4ff8433a96fb3a7232e686ea 8a5b50dd4ff8433a96fb3a7232e686ea] 199.204.45.222 "GET /allocations/5da13525-ab04-4afd-972b-ab1c5d12a419" status: 200 len: 257 microversion: 1.28 [pid: 7|app: 0|req: 340/675] 199.204.45.222 () {34 vars in 863 bytes} [Thu Mar 5 08:38:42 2026] GET /allocations/5da13525-ab04-4afd-972b-ab1c5d12a419 => generated 257 bytes in 14 msecs (HTTP/1.1 200) 8 headers in 296 bytes (1 switches on core 0)
2026-03-05 08:38:46.753 7 INFO placement.requestlog [None req-0c61d2f5-7de2-4504-bb38-10e704adb764 - - - - - -] 10.0.0.75 "GET /" status: 200 len: 136 microversion: 1.0
2026-03-05 08:38:46.753 8 INFO placement.requestlog [None req-8b44b6bc-dd5d-431b-ac12-3fe3fa2be983 - - - - - -] 10.0.0.75 "GET /" status: 200 len: 136 microversion: 1.0
