2026-03-05 08:43:32.972 8 INFO neutron.services.segments.plugin [-] Segment ca7e7ba0-2811-40eb-8969-6d1bfc4b9145 resource provider not found; error: Placement Client Error (4xx): {"errors": [{"status": 404, "title": "Not Found", "detail": "The resource could not be found.\n\n No resource provider with uuid ca7e7ba0-2811-40eb-8969-6d1bfc4b9145 found for delete ", "request_id": "req-01af71d6-291f-45f6-84f8-df93138ca584"}]}
2026-03-05 08:43:33.497 7 INFO neutron.db.ovn_revision_numbers_db [None req-b36f913f-16b6-4c31-9b74-74f76b3bbd0d d6f5b939e64342d5851954f60fd1375e 93f538bcdf694295ac7758ccabfdc8ee - - default default] Successfully bumped revision number for resource ab4b0e64-96ea-451f-b901-9459b44644da (type: routers) to 11 [pid: 7|app: 0|req: 1436/2883] 10.0.0.251 () {34 vars in 742 bytes} [Thu Mar 5 08:43:32 2026] PUT /v2.0/routers/ab4b0e64-96ea-451f-b901-9459b44644da => generated 943 bytes in 661 msecs (HTTP/1.1 200) 4 headers in 157 bytes (1 switches on core 0) [pid: 8|app: 0|req: 1448/2884] 10.0.0.251 () {32 vars in 736 bytes} [Thu Mar 5 08:43:33 2026] GET /v2.0/ports?device_id=ab4b0e64-96ea-451f-b901-9459b44644da => generated 946 bytes in 68 msecs (HTTP/1.1 200) 4 headers in 157 bytes (1 switches on core 0)
2026-03-05 08:43:33.830 8 INFO neutron.db.ovn_revision_numbers_db [None req-71c68a79-c436-486d-8ddc-55f58139fc51 8ed3ef3252d64b1cbabc8f3398cb9225 3c4bfe57e2f247b79e3bdce035937432 - - default default] Successfully bumped revision number for resource 42d741f9-56b2-4e08-9f85-3115cc9effbb (type: security_groups) to 1
2026-03-05 08:43:33.833 7 INFO neutron_taas.services.taas.taas_plugin [None req-67e45685-21e3-4af6-bf2f-9a10a3fbdd59 d6f5b939e64342d5851954f60fd1375e 93f538bcdf694295ac7758ccabfdc8ee - - default default] TaaS: Handle Delete Port: 68f70042-6d18-4f54-9256-cbbd746a8977
2026-03-05 08:43:33.837 7 INFO neutron_taas.services.taas.tap_mirror_plugin [None req-67e45685-21e3-4af6-bf2f-9a10a3fbdd59 d6f5b939e64342d5851954f60fd1375e 93f538bcdf694295ac7758ccabfdc8ee - - default default] Tap Mirror: Handle Delete Port: 68f70042-6d18-4f54-9256-cbbd746a8977
2026-03-05 08:43:33.841 8 INFO neutron.db.ovn_revision_numbers_db [None req-71c68a79-c436-486d-8ddc-55f58139fc51 8ed3ef3252d64b1cbabc8f3398cb9225 3c4bfe57e2f247b79e3bdce035937432 - - default default] Successfully bumped revision number for resource 333d473c-c243-479b-99df-5c9493caec1e (type: security_group_rules) to 0
2026-03-05 08:43:33.852 8 INFO neutron.db.ovn_revision_numbers_db [None req-71c68a79-c436-486d-8ddc-55f58139fc51 8ed3ef3252d64b1cbabc8f3398cb9225 3c4bfe57e2f247b79e3bdce035937432 - - default default] Successfully bumped revision number for resource 4195edc5-ce4d-4c2d-8e4f-ade5c292bcd2 (type: security_group_rules) to 0
2026-03-05 08:43:33.863 8 INFO neutron.db.ovn_revision_numbers_db [None req-71c68a79-c436-486d-8ddc-55f58139fc51 8ed3ef3252d64b1cbabc8f3398cb9225 3c4bfe57e2f247b79e3bdce035937432 - - default default] Successfully bumped revision number for resource 7458094c-4189-407b-b8d6-90964329ad55 (type: security_group_rules) to 0
2026-03-05 08:43:33.873 8 INFO neutron.db.ovn_revision_numbers_db [None req-71c68a79-c436-486d-8ddc-55f58139fc51 8ed3ef3252d64b1cbabc8f3398cb9225 3c4bfe57e2f247b79e3bdce035937432 - - default default] Successfully bumped revision number for resource cd06e9f9-5979-4d35-9db6-7b3270e75a29 (type: security_group_rules) to 0 [pid: 8|app: 0|req: 1449/2885] 10.0.0.251 () {32 vars in 774 bytes} [Thu Mar 5 08:43:33 2026] GET /v2.0/security-groups?tenant_id=c366c239b6464e20972c4491beb38af9&name=default => generated 2929 bytes in 293 msecs (HTTP/1.1 200) 4 headers in 158 bytes (1 switches on core 0) [pid: 8|app: 0|req: 1450/2886] 10.0.0.251 () {32 vars in 740 bytes} [Thu Mar 5 08:43:33 2026] DELETE /v2.0/security-groups/42d741f9-56b2-4e08-9f85-3115cc9effbb => generated 0 bytes in 231 msecs (HTTP/1.1 204) 2 headers in 112 bytes (1 switches on core 0) [pid: 8|app: 0|req: 1451/2887] 10.0.0.251 () {32 vars in 774 bytes} [Thu Mar 5 08:43:34 2026] GET /v2.0/security-groups?tenant_id=8b6956fc5f8149ccadbf648ea236bb00&name=default => generated 2929 bytes in 38 msecs (HTTP/1.1 200) 4 headers in 158 bytes (1 switches on core 0) [pid: 7|app: 0|req: 1437/2888] 10.0.0.251 () {34 vars in 789 bytes} [Thu Mar 5 08:43:33 2026] PUT /v2.0/routers/ab4b0e64-96ea-451f-b901-9459b44644da/remove_router_interface => generated 309 bytes in 743 msecs (HTTP/1.1 200) 4 headers in 157 bytes (1 switches on core 0) /var/lib/openstack/lib/python3.12/site-packages/pycadf/identifier.py:70: UserWarning: Invalid uuid: neutron. To ensure interoperability, identifiers should be a valid uuid. warnings.warn(('Invalid uuid: %s. To ensure interoperability, ' [pid: 8|app: 0|req: 1452/2889] 10.0.0.251 () {32 vars in 740 bytes} [Thu Mar 5 08:43:34 2026] DELETE /v2.0/security-groups/5fd1e69e-6ddd-4e6e-af3b-84e133120c6b => generated 0 bytes in 220 msecs (HTTP/1.1 204) 2 headers in 112 bytes (1 switches on core 0)
2026-03-05 08:43:35.090 7 INFO neutron_taas.services.taas.taas_plugin [None req-60a7da89-e7dc-4f83-98b4-36313b22193e d6f5b939e64342d5851954f60fd1375e 93f538bcdf694295ac7758ccabfdc8ee - - default default] TaaS: Handle Delete Port: 842c3d91-d93f-454f-bdc8-08e22be7769f
2026-03-05 08:43:35.093 7 INFO neutron_taas.services.taas.tap_mirror_plugin [None req-60a7da89-e7dc-4f83-98b4-36313b22193e d6f5b939e64342d5851954f60fd1375e 93f538bcdf694295ac7758ccabfdc8ee - - default default] Tap Mirror: Handle Delete Port: 842c3d91-d93f-454f-bdc8-08e22be7769f [pid: 7|app: 0|req: 1438/2890] 10.0.0.251 () {32 vars in 724 bytes} [Thu Mar 5 08:43:34 2026] DELETE /v2.0/routers/ab4b0e64-96ea-451f-b901-9459b44644da => generated 0 bytes in 1100 msecs (HTTP/1.1 204) 2 headers in 112 bytes (1 switches on core 0) [pid: 8|app: 0|req: 1453/2891] 10.0.0.251 () {32 vars in 721 bytes} [Thu Mar 5 08:43:35 2026] GET /v2.0/routers/045e9842-e56a-43b8-8551-6b92549a3bcd => generated 942 bytes in 60 msecs (HTTP/1.1 200) 4 headers in 157 bytes (1 switches on core 0)
2026-03-05 08:43:36.166 7 INFO neutron.db.ovn_revision_numbers_db [None req-619345b0-7c46-4cef-8f59-c2721e31184e d6f5b939e64342d5851954f60fd1375e 93f538bcdf694295ac7758ccabfdc8ee - - default default] Successfully bumped revision number for resource 045e9842-e56a-43b8-8551-6b92549a3bcd (type: routers) to 5 [pid: 7|app: 0|req: 1439/2892] 10.0.0.251 () {34 vars in 742 bytes} [Thu Mar 5 08:43:35 2026] PUT /v2.0/routers/045e9842-e56a-43b8-8551-6b92549a3bcd => generated 942 bytes in 664 msecs (HTTP/1.1 200) 4 headers in 157 bytes (1 switches on core 0) [pid: 8|app: 0|req: 1454/2895] 10.0.0.251 () {32 vars in 736 bytes} [Thu Mar 5 08:43:36 2026] GET /v2.0/ports?device_id=045e9842-e56a-43b8-8551-6b92549a3bcd => generated 950 bytes in 71 msecs (HTTP/1.1 200) 4 headers in 157 bytes (1 switches on core 0)
2026-03-05 08:43:36.560 7 INFO neutron_taas.services.taas.taas_plugin [None req-93129ae5-4cc6-4b15-8c33-68c48e6b2ab2 d6f5b939e64342d5851954f60fd1375e 93f538bcdf694295ac7758ccabfdc8ee - - default default] TaaS: Handle Delete Port: eeeff161-b5ec-438d-ab4b-de3bc750d6a5
2026-03-05 08:43:36.563 7 INFO neutron_taas.services.taas.tap_mirror_plugin [None req-93129ae5-4cc6-4b15-8c33-68c48e6b2ab2 d6f5b939e64342d5851954f60fd1375e 93f538bcdf694295ac7758ccabfdc8ee - - default default] Tap Mirror: Handle Delete Port: eeeff161-b5ec-438d-ab4b-de3bc750d6a5 [pid: 7|app: 0|req: 1442/2896] 10.0.0.251 () {34 vars in 789 bytes} [Thu Mar 5 08:43:36 2026] PUT /v2.0/routers/045e9842-e56a-43b8-8551-6b92549a3bcd/remove_router_interface => generated 309 bytes in 812 msecs (HTTP/1.1 200) 4 headers in 157 bytes (1 switches on core 0)
2026-03-05 08:43:37.365 8 INFO neutron_taas.services.taas.taas_plugin [None req-b7a606f0-6a49-49a3-8805-35974549ac58 d6f5b939e64342d5851954f60fd1375e 93f538bcdf694295ac7758ccabfdc8ee - - default default] TaaS: Handle Delete Port: 42a3d4f6-3c56-4103-b21d-493e79a2577e
2026-03-05 08:43:37.367 8 INFO neutron_taas.services.taas.tap_mirror_plugin [None req-b7a606f0-6a49-49a3-8805-35974549ac58 d6f5b939e64342d5851954f60fd1375e 93f538bcdf694295ac7758ccabfdc8ee - - default default] Tap Mirror: Handle Delete Port: 42a3d4f6-3c56-4103-b21d-493e79a2577e [pid: 8|app: 0|req: 1455/2897] 10.0.0.251 () {32 vars in 724 bytes} [Thu Mar 5 08:43:37 2026] DELETE /v2.0/routers/045e9842-e56a-43b8-8551-6b92549a3bcd => generated 0 bytes in 645 msecs (HTTP/1.1 204) 2 headers in 112 bytes (1 switches on core 0) /var/lib/openstack/lib/python3.12/site-packages/pycadf/identifier.py:70: UserWarning: Invalid uuid: neutron. To ensure interoperability, identifiers should be a valid uuid. warnings.warn(('Invalid uuid: %s. To ensure interoperability, ' [pid: 7|app: 0|req: 1443/2898] 10.0.0.251 () {32 vars in 721 bytes} [Thu Mar 5 08:43:37 2026] GET /v2.0/routers/5821e2d7-40b0-4881-bd8d-49062adc0df5 => generated 943 bytes in 77 msecs (HTTP/1.1 200) 4 headers in 157 bytes (1 switches on core 0)
2026-03-05 08:43:38.445 8 INFO neutron.db.ovn_revision_numbers_db [None req-da9f9e30-a9af-42b2-9378-33bb65257e22 d6f5b939e64342d5851954f60fd1375e 93f538bcdf694295ac7758ccabfdc8ee - - default default] Successfully bumped revision number for resource 5821e2d7-40b0-4881-bd8d-49062adc0df5 (type: routers) to 5 [pid: 8|app: 0|req: 1456/2899] 10.0.0.251 () {34 vars in 742 bytes} [Thu Mar 5 08:43:37 2026] PUT /v2.0/routers/5821e2d7-40b0-4881-bd8d-49062adc0df5 => generated 943 bytes in 651 msecs (HTTP/1.1 200) 4 headers in 157 bytes (1 switches on core 0) [pid: 7|app: 0|req: 1444/2900] 10.0.0.251 () {32 vars in 736 bytes} [Thu Mar 5 08:43:38 2026] GET /v2.0/ports?device_id=5821e2d7-40b0-4881-bd8d-49062adc0df5 => generated 950 bytes in 85 msecs (HTTP/1.1 200) 4 headers in 157 bytes (1 switches on core 0)
2026-03-05 08:43:38.811 8 INFO neutron_taas.services.taas.taas_plugin [None req-7c1da4da-a71f-45bd-ab42-80c322d775bd d6f5b939e64342d5851954f60fd1375e 93f538bcdf694295ac7758ccabfdc8ee - - default default] TaaS: Handle Delete Port: 8e5adf8f-e549-40a9-ac33-1fc1d55578b1
2026-03-05 08:43:38.813 8 INFO neutron_taas.services.taas.tap_mirror_plugin [None req-7c1da4da-a71f-45bd-ab42-80c322d775bd d6f5b939e64342d5851954f60fd1375e 93f538bcdf694295ac7758ccabfdc8ee - - default default] Tap Mirror: Handle Delete Port: 8e5adf8f-e549-40a9-ac33-1fc1d55578b1 [pid: 8|app: 0|req: 1457/2901] 10.0.0.251 () {34 vars in 789 bytes} [Thu Mar 5 08:43:38 2026] PUT /v2.0/routers/5821e2d7-40b0-4881-bd8d-49062adc0df5/remove_router_interface => generated 309 bytes in 752 msecs (HTTP/1.1 200) 4 headers in 157 bytes (1 switches on core 0)
2026-03-05 08:43:39.567 7 INFO neutron_taas.services.taas.taas_plugin [None req-954b3824-2cf4-4eaf-a381-e1eb6d4337ab d6f5b939e64342d5851954f60fd1375e 93f538bcdf694295ac7758ccabfdc8ee - - default default] TaaS: Handle Delete Port: f3bee8fd-d6ef-489d-9a03-6d7955726551
2026-03-05 08:43:39.570 7 INFO neutron_taas.services.taas.tap_mirror_plugin [None req-954b3824-2cf4-4eaf-a381-e1eb6d4337ab d6f5b939e64342d5851954f60fd1375e 93f538bcdf694295ac7758ccabfdc8ee - - default default] Tap Mirror: Handle Delete Port: f3bee8fd-d6ef-489d-9a03-6d7955726551 [pid: 7|app: 0|req: 1445/2902] 10.0.0.251 () {32 vars in 724 bytes} [Thu Mar 5 08:43:39 2026] DELETE /v2.0/routers/5821e2d7-40b0-4881-bd8d-49062adc0df5 => generated 0 bytes in 605 msecs (HTTP/1.1 204) 2 headers in 112 bytes (1 switches on core 0) /var/lib/openstack/lib/python3.12/site-packages/pycadf/identifier.py:70: UserWarning: Invalid uuid: neutron. To ensure interoperability, identifiers should be a valid uuid. warnings.warn(('Invalid uuid: %s. To ensure interoperability, '
2026-03-05 08:43:39.946 8 INFO neutron.api.v2.resource [None req-a40739b8-7bf2-42f4-9b3a-6fa74d67ff9b d6f5b939e64342d5851954f60fd1375e 93f538bcdf694295ac7758ccabfdc8ee - - default default] show failed (client error): The resource could not be found. [pid: 8|app: 0|req: 1458/2903] 10.0.0.251 () {32 vars in 721 bytes} [Thu Mar 5 08:43:39 2026] GET /v2.0/routers/dcb2b106-1de1-4841-8561-1b2d94a4fdef => generated 135 bytes in 22 msecs (HTTP/1.1 404) 4 headers in 164 bytes (1 switches on core 0) [pid: 7|app: 0|req: 1446/2904] 10.0.0.251 () {32 vars in 724 bytes} [Thu Mar 5 08:43:39 2026] DELETE /v2.0/subnets/080c9f3a-cc06-47b3-a0a9-2a3678cb1c74 => generated 0 bytes in 180 msecs (HTTP/1.1 204) 3 headers in 131 bytes (1 switches on core 0) [pid: 8|app: 0|req: 1459/2905] 10.0.0.251 () {32 vars in 724 bytes} [Thu Mar 5 08:43:40 2026] DELETE /v2.0/subnets/6d3b5670-049c-4d10-b2d1-7dff3714d072 => generated 0 bytes in 169 msecs (HTTP/1.1 204) 3 headers in 131 bytes (1 switches on core 0) [pid: 7|app: 0|req: 1447/2906] 10.0.0.251 () {32 vars in 724 bytes} [Thu Mar 5 08:43:40 2026] DELETE /v2.0/subnets/d51efbd2-5f13-4444-819a-c7a42738f3a8 => generated 0 bytes in 152 msecs (HTTP/1.1 204) 3 headers in 131 bytes (1 switches on core 0)
2026-03-05 08:43:40.482 8 INFO neutron.pecan_wsgi.hooks.translation [None req-5f135117-ba73-4fcd-91d2-2ba2b851784b d6f5b939e64342d5851954f60fd1375e 93f538bcdf694295ac7758ccabfdc8ee - - default default] DELETE failed (client error): The resource could not be found. [pid: 8|app: 0|req: 1460/2907] 10.0.0.251 () {32 vars in 724 bytes} [Thu Mar 5 08:43:40 2026] DELETE /v2.0/subnets/6b570faf-0e5b-44cd-ac0e-9b593cad9ae2 => generated 136 bytes in 19 msecs (HTTP/1.1 404) 4 headers in 164 bytes (1 switches on core 0)
2026-03-05 08:43:40.595 7 INFO neutron_taas.services.taas.taas_plugin [None req-ba31febd-c88d-479b-a465-a756e80280d9 d6f5b939e64342d5851954f60fd1375e 93f538bcdf694295ac7758ccabfdc8ee - - default default] TaaS: Handle Delete Port: d9031a61-d1df-4c6c-adcb-743dc0fe6332
2026-03-05 08:43:40.602 7 INFO neutron_taas.services.taas.tap_mirror_plugin [None req-ba31febd-c88d-479b-a465-a756e80280d9 d6f5b939e64342d5851954f60fd1375e 93f538bcdf694295ac7758ccabfdc8ee - - default default] Tap Mirror: Handle Delete Port: d9031a61-d1df-4c6c-adcb-743dc0fe6332
2026-03-05 08:43:40.799 7 INFO neutron.services.segments.plugin [-] Segment 15081d86-a512-4f83-a451-362cdb29c30e resource provider aggregate not found
2026-03-05 08:43:40.813 7 INFO neutron.services.segments.plugin [-] Segment 15081d86-a512-4f83-a451-362cdb29c30e resource provider not found; error: Placement Client Error (4xx): {"errors": [{"status": 404, "title": "Not Found", "detail": "The resource could not be found.\n\n No resource provider with uuid 15081d86-a512-4f83-a451-362cdb29c30e found for delete ", "request_id": "req-78d529ee-af31-4938-a2c7-60dc1fc95dc2"}]}
2026-03-05 08:43:40.814 7 INFO neutron.services.segments.plugin [-] Segment 15081d86-a512-4f83-a451-362cdb29c30e resource provider aggregate not found
2026-03-05 08:43:40.836 7 INFO neutron.services.segments.plugin [-] Segment 15081d86-a512-4f83-a451-362cdb29c30e resource provider not found; error: Placement Client Error (4xx): {"errors": [{"status": 404, "title": "Not Found", "detail": "The resource could not be found.\n\n No resource provider with uuid 15081d86-a512-4f83-a451-362cdb29c30e found for delete ", "request_id": "req-8e9e98b9-9e76-4d4d-b366-fd96ca953f08"}]} [pid: 7|app: 0|req: 1448/2908] 10.0.0.251 () {32 vars in 726 bytes} [Thu Mar 5 08:43:40 2026] DELETE /v2.0/networks/5f13eebb-6476-43d8-8750-00a10f46ee2b => generated 0 bytes in 368 msecs (HTTP/1.1 204) 3 headers in 131 bytes (1 switches on core 0)
2026-03-05 08:43:40.983 8 INFO neutron_taas.services.taas.taas_plugin [None req-635eeb82-2787-4d31-9fa8-0588facb7c3c d6f5b939e64342d5851954f60fd1375e 93f538bcdf694295ac7758ccabfdc8ee - - default default] TaaS: Handle Delete Port: 2c10d89f-af5b-45e8-af4c-ec10298b9d40
2026-03-05 08:43:40.989 8 INFO neutron_taas.services.taas.tap_mirror_plugin [None req-635eeb82-2787-4d31-9fa8-0588facb7c3c d6f5b939e64342d5851954f60fd1375e 93f538bcdf694295ac7758ccabfdc8ee - - default default] Tap Mirror: Handle Delete Port: 2c10d89f-af5b-45e8-af4c-ec10298b9d40
2026-03-05 08:43:41.129 8 INFO neutron.services.segments.plugin [-] Segment fff4aefe-05a8-4633-8104-4974bdc556ea resource provider aggregate not found
2026-03-05 08:43:41.133 8 INFO neutron.services.segments.plugin [-] Segment fff4aefe-05a8-4633-8104-4974bdc556ea resource provider aggregate not found
2026-03-05 08:43:41.149 8 INFO neutron.services.segments.plugin [-] Segment fff4aefe-05a8-4633-8104-4974bdc556ea resource provider not found; error: Placement Client Error (4xx): {"errors": [{"status": 404, "title": "Not Found", "detail": "The resource could not be found.\n\n No resource provider with uuid fff4aefe-05a8-4633-8104-4974bdc556ea found for delete ", "request_id": "req-77d83092-aa0a-4bf7-97e4-7dcd06298602"}]}
2026-03-05 08:43:41.155 8 INFO neutron.services.segments.plugin [-] Segment fff4aefe-05a8-4633-8104-4974bdc556ea resource provider not found; error: Placement Client Error (4xx): {"errors": [{"status": 404, "title": "Not Found", "detail": "The resource could not be found.\n\n No resource provider with uuid fff4aefe-05a8-4633-8104-4974bdc556ea found for delete ", "request_id": "req-44ba9e61-38db-40d0-9e18-f31dd98e4a28"}]} [pid: 8|app: 0|req: 1461/2909] 10.0.0.251 () {32 vars in 726 bytes} [Thu Mar 5 08:43:40 2026] DELETE /v2.0/networks/733191d7-1977-4c3d-bcdc-87895adc4f37 => generated 0 bytes in 299 msecs (HTTP/1.1 204) 3 headers in 131 bytes (1 switches on core 0)
2026-03-05 08:43:41.261 7 INFO neutron_taas.services.taas.taas_plugin [None req-19e8fe99-ccab-463a-987a-b91ed4c07601 d6f5b939e64342d5851954f60fd1375e 93f538bcdf694295ac7758ccabfdc8ee - - default default] TaaS: Handle Delete Port: 1bc288b5-2645-4e09-97ab-60111e8832d8
2026-03-05 08:43:41.264 7 INFO neutron_taas.services.taas.tap_mirror_plugin [None req-19e8fe99-ccab-463a-987a-b91ed4c07601 d6f5b939e64342d5851954f60fd1375e 93f538bcdf694295ac7758ccabfdc8ee - - default default] Tap Mirror: Handle Delete Port: 1bc288b5-2645-4e09-97ab-60111e8832d8 [pid: 7|app: 0|req: 1449/2910] 10.0.0.251 () {32 vars in 726 bytes} [Thu Mar 5 08:43:41 2026] DELETE /v2.0/networks/3469e1a8-8e27-401b-8cf0-a96afebec0ad => generated 0 bytes in 296 msecs (HTTP/1.1 204) 3 headers in 131 bytes (1 switches on core 0)
2026-03-05 08:43:41.480 8 INFO neutron.pecan_wsgi.hooks.translation [None req-471476bc-334c-4626-8f2a-5406f99a489d d6f5b939e64342d5851954f60fd1375e 93f538bcdf694295ac7758ccabfdc8ee - - default default] DELETE failed (client error): The resource could not be found. [pid: 8|app: 0|req: 1462/2911] 10.0.0.251 () {32 vars in 726 bytes} [Thu Mar 5 08:43:41 2026] DELETE /v2.0/networks/a244cc52-5a4f-43a0-8497-dcb00dad6608 => generated 138 bytes in 16 msecs (HTTP/1.1 404) 4 headers in 164 bytes (1 switches on core 0) [pid: 7|app: 0|req: 1450/2912] 10.0.0.251 () {32 vars in 774 bytes} [Thu Mar 5 08:43:42 2026] GET /v2.0/security-groups?tenant_id=93f538bcdf694295ac7758ccabfdc8ee&name=default => generated 2929 bytes in 122 msecs (HTTP/1.1 200) 4 headers in 158 bytes (1 switches on core 0) [pid: 8|app: 0|req: 1463/2913] 10.0.0.251 () {32 vars in 740 bytes} [Thu Mar 5 08:43:42 2026] DELETE /v2.0/security-groups/70410b75-9d11-4cff-bad1-523b27c32353 => generated 0 bytes in 223 msecs (HTTP/1.1 204) 2 headers in 112 bytes (1 switches on core 0)
2026-03-05 08:43:42.631 7 INFO neutron.db.ovn_revision_numbers_db [None req-9e86ac84-1338-43b4-821d-996fd7b41542 8ed3ef3252d64b1cbabc8f3398cb9225 3c4bfe57e2f247b79e3bdce035937432 - - default default] Successfully bumped revision number for resource 5b3c377d-6702-4eb9-a522-012919b4ec7c (type: security_groups) to 1
2026-03-05 08:43:42.643 7 INFO neutron.db.ovn_revision_numbers_db [None req-9e86ac84-1338-43b4-821d-996fd7b41542 8ed3ef3252d64b1cbabc8f3398cb9225 3c4bfe57e2f247b79e3bdce035937432 - - default default] Successfully bumped revision number for resource 0d9024ad-accc-4d7e-ab26-ea803c88bf87 (type: security_group_rules) to 0
2026-03-05 08:43:42.656 7 INFO neutron.db.ovn_revision_numbers_db [None req-9e86ac84-1338-43b4-821d-996fd7b41542 8ed3ef3252d64b1cbabc8f3398cb9225 3c4bfe57e2f247b79e3bdce035937432 - - default default] Successfully bumped revision number for resource 1113686c-9841-411d-a93d-d0b2d14688bd (type: security_group_rules) to 0
2026-03-05 08:43:42.668 7 INFO neutron.db.ovn_revision_numbers_db [None req-9e86ac84-1338-43b4-821d-996fd7b41542 8ed3ef3252d64b1cbabc8f3398cb9225 3c4bfe57e2f247b79e3bdce035937432 - - default default] Successfully bumped revision number for resource b33f986f-2994-459d-b58c-6951d40e48ee (type: security_group_rules) to 0
2026-03-05 08:43:42.678 7 INFO neutron.db.ovn_revision_numbers_db [None req-9e86ac84-1338-43b4-821d-996fd7b41542 8ed3ef3252d64b1cbabc8f3398cb9225 3c4bfe57e2f247b79e3bdce035937432 - - default default] Successfully bumped revision number for resource e2be535d-58ce-4d1f-94ae-a0a80fc3a5e0 (type: security_group_rules) to 0 [pid: 7|app: 0|req: 1451/2914] 10.0.0.251 () {32 vars in 774 bytes} [Thu Mar 5 08:43:42 2026] GET /v2.0/security-groups?tenant_id=3c65602cb14d49dfbdaffcae2cf8ab71&name=default => generated 2929 bytes in 203 msecs (HTTP/1.1 200) 4 headers in 158 bytes (1 switches on core 0)
2026-03-05 08:43:42.831 7 INFO neutron.services.segments.plugin [-] Segment 2bb342fd-8c97-48c4-a253-a7a6dde92d96 resource provider aggregate not found
2026-03-05 08:43:42.854 7 INFO neutron.services.segments.plugin [-] Segment 2bb342fd-8c97-48c4-a253-a7a6dde92d96 resource provider not found; error: Placement Client Error (4xx): {"errors": [{"status": 404, "title": "Not Found", "detail": "The resource could not be found.\n\n No resource provider with uuid 2bb342fd-8c97-48c4-a253-a7a6dde92d96 found for delete ", "request_id": "req-2ff1b742-1003-440c-9f79-aa6bf35c67a6"}]}
2026-03-05 08:43:42.856 7 INFO neutron.services.segments.plugin [-] Segment 2bb342fd-8c97-48c4-a253-a7a6dde92d96 resource provider aggregate not found
2026-03-05 08:43:42.869 7 INFO neutron.services.segments.plugin [-] Segment 2bb342fd-8c97-48c4-a253-a7a6dde92d96 resource provider not found; error: Placement Client Error (4xx): {"errors": [{"status": 404, "title": "Not Found", "detail": "The resource could not be found.\n\n No resource provider with uuid 2bb342fd-8c97-48c4-a253-a7a6dde92d96 found for delete ", "request_id": "req-7a3142a4-59e1-4b6a-8620-31fda10c464f"}]} [pid: 8|app: 0|req: 1464/2915] 10.0.0.251 () {32 vars in 740 bytes} [Thu Mar 5 08:43:42 2026] DELETE /v2.0/security-groups/5b3c377d-6702-4eb9-a522-012919b4ec7c => generated 0 bytes in 227 msecs (HTTP/1.1 204) 2 headers in 112 bytes (1 switches on core 0)
2026-03-05 08:43:51.529 7 INFO neutron.db.ovn_revision_numbers_db [None req-931afebc-8da2-4c7f-8db8-e14d9ec1b6da de6a8ea2e53d4c6bb938c87b6d515075 93a4cd5a5c85434690c640acae4ed7d1 - - default default] Successfully bumped revision number for resource 6d28b08b-afc6-4d2d-a2f2-ba8966b2262c (type: security_groups) to 1
2026-03-05 08:43:51.541 7 INFO neutron.db.ovn_revision_numbers_db [None req-931afebc-8da2-4c7f-8db8-e14d9ec1b6da de6a8ea2e53d4c6bb938c87b6d515075 93a4cd5a5c85434690c640acae4ed7d1 - - default default] Successfully bumped revision number for resource 46a8e309-9f05-4919-b31b-01b34cb83a26 (type: security_group_rules) to 0
2026-03-05 08:43:51.555 7 INFO neutron.db.ovn_revision_numbers_db [None req-931afebc-8da2-4c7f-8db8-e14d9ec1b6da de6a8ea2e53d4c6bb938c87b6d515075 93a4cd5a5c85434690c640acae4ed7d1 - - default default] Successfully bumped revision number for resource 75f9ccfb-c9f2-47f6-8a6f-550f49a19b85 (type: security_group_rules) to 0
2026-03-05 08:43:51.566 7 INFO neutron.db.ovn_revision_numbers_db [None req-931afebc-8da2-4c7f-8db8-e14d9ec1b6da de6a8ea2e53d4c6bb938c87b6d515075 93a4cd5a5c85434690c640acae4ed7d1 - - default default] Successfully bumped revision number for resource 92ec55ba-87f1-43b7-870b-47e746e9e8a6 (type: security_group_rules) to 0
2026-03-05 08:43:51.581 7 INFO neutron.db.ovn_revision_numbers_db [None req-931afebc-8da2-4c7f-8db8-e14d9ec1b6da de6a8ea2e53d4c6bb938c87b6d515075 93a4cd5a5c85434690c640acae4ed7d1 - - default default] Successfully bumped revision number for resource fb51b91c-bbcc-4431-8237-a5e54478b8d5 (type: security_group_rules) to 0
2026-03-05 08:43:51.658 7 INFO neutron.db.segments_db [None req-931afebc-8da2-4c7f-8db8-e14d9ec1b6da de6a8ea2e53d4c6bb938c87b6d515075 93a4cd5a5c85434690c640acae4ed7d1 - - default default] Added segment 7ce7bef9-6d74-4fbf-8f56-b450cad354e5 of type geneve for network e14c67ae-2822-43e9-86e6-2fb0ba5b6b56
2026-03-05 08:43:51.768 7 INFO neutron.db.ovn_revision_numbers_db [None req-931afebc-8da2-4c7f-8db8-e14d9ec1b6da de6a8ea2e53d4c6bb938c87b6d515075 93a4cd5a5c85434690c640acae4ed7d1 - - default default] Successfully bumped revision number for resource e14c67ae-2822-43e9-86e6-2fb0ba5b6b56 (type: networks) to 1
2026-03-05 08:43:51.924 7 WARNING neutron.scheduler.dhcp_agent_scheduler [None req-931afebc-8da2-4c7f-8db8-e14d9ec1b6da de6a8ea2e53d4c6bb938c87b6d515075 93a4cd5a5c85434690c640acae4ed7d1 - - default default] No more DHCP agents
2026-03-05 08:43:51.925 7 WARNING neutron.api.rpc.agentnotifiers.dhcp_rpc_agent_api [None req-931afebc-8da2-4c7f-8db8-e14d9ec1b6da de6a8ea2e53d4c6bb938c87b6d515075 93a4cd5a5c85434690c640acae4ed7d1 - - default default] Unable to schedule network e14c67ae-2822-43e9-86e6-2fb0ba5b6b56: no agents available; will retry on subsequent port and subnet creation events.
2026-03-05 08:43:51.979 7 INFO neutron.plugins.ml2.drivers.ovn.mech_driver.mech_driver [None req-4465cd31-f97b-42ac-98e2-69da62de727c - - - - - -] OVN reports status down for port: b0dc12df-16e3-4aad-9ced-5bba20c7ce19
2026-03-05 08:43:52.043 7 INFO neutron.db.ovn_revision_numbers_db [None req-931afebc-8da2-4c7f-8db8-e14d9ec1b6da de6a8ea2e53d4c6bb938c87b6d515075 93a4cd5a5c85434690c640acae4ed7d1 - - default default] Successfully bumped revision number for resource b0dc12df-16e3-4aad-9ced-5bba20c7ce19 (type: ports) to 1 [pid: 7|app: 0|req: 1453/2918] 10.0.0.251 () {34 vars in 670 bytes} [Thu Mar 5 08:43:51 2026] POST /v2.0/networks => generated 657 bytes in 827 msecs (HTTP/1.1 201) 4 headers in 162 bytes (1 switches on core 0)
2026-03-05 08:43:52.276 8 WARNING neutron.scheduler.dhcp_agent_scheduler [None req-e2dca194-0950-4a42-81c0-a71a015c4f8e de6a8ea2e53d4c6bb938c87b6d515075 93a4cd5a5c85434690c640acae4ed7d1 - - default default] No more DHCP agents
2026-03-05 08:43:52.277 8 WARNING neutron.api.rpc.agentnotifiers.dhcp_rpc_agent_api [None req-e2dca194-0950-4a42-81c0-a71a015c4f8e de6a8ea2e53d4c6bb938c87b6d515075 93a4cd5a5c85434690c640acae4ed7d1 - - default default] Unable to schedule network e14c67ae-2822-43e9-86e6-2fb0ba5b6b56: no agents available; will retry on subsequent port and subnet creation events.
2026-03-05 08:43:52.683 8 INFO neutron.db.ovn_revision_numbers_db [None req-67157357-7392-4e37-936e-f442b4e6f94c - - - - - -] Successfully bumped revision number for resource b0dc12df-16e3-4aad-9ced-5bba20c7ce19 (type: ports) to 2
2026-03-05 08:43:52.709 8 INFO neutron.db.ovn_revision_numbers_db [None req-67157357-7392-4e37-936e-f442b4e6f94c - - - - - -] Successfully bumped revision number for resource 20b434c2-69cc-4911-b4e6-7ff77e8cd6b8 (type: subnets) to 0 [pid: 8|app: 0|req: 1466/2919] 10.0.0.251 () {34 vars in 669 bytes} [Thu Mar 5 08:43:52 2026] POST /v2.0/subnets => generated 658 bytes in 629 msecs (HTTP/1.1 201) 4 headers in 162 bytes (1 switches on core 0) [pid: 7|app: 0|req: 1454/2920] 10.0.0.251 () {32 vars in 722 bytes} [Thu Mar 5 08:43:52 2026] GET /v2.0/subnetpools?name=shared-default-subnetpool-v6 => generated 19 bytes in 38 msecs (HTTP/1.1 200) 4 headers in 156 bytes (1 switches on core 0)
2026-03-05 08:43:52.957 8 WARNING neutron.scheduler.dhcp_agent_scheduler [None req-f4947c69-1b49-42f9-be6b-df0927627dd7 de6a8ea2e53d4c6bb938c87b6d515075 93a4cd5a5c85434690c640acae4ed7d1 - - default default] No more DHCP agents
2026-03-05 08:43:52.958 8 WARNING neutron.api.rpc.agentnotifiers.dhcp_rpc_agent_api [None req-f4947c69-1b49-42f9-be6b-df0927627dd7 de6a8ea2e53d4c6bb938c87b6d515075 93a4cd5a5c85434690c640acae4ed7d1 - - default default] Unable to schedule network e14c67ae-2822-43e9-86e6-2fb0ba5b6b56: no agents available; will retry on subsequent port and subnet creation events.
2026-03-05 08:43:52.982 8 INFO neutron.db.ovn_revision_numbers_db [None req-f4947c69-1b49-42f9-be6b-df0927627dd7 de6a8ea2e53d4c6bb938c87b6d515075 93a4cd5a5c85434690c640acae4ed7d1 - - default default] Successfully bumped revision number for resource ff7af532-713d-442c-9d20-26e1e65f196a (type: subnets) to 0 [pid: 8|app: 0|req: 1467/2921] 10.0.0.251 () {34 vars in 669 bytes} [Thu Mar 5 08:43:52 2026] POST /v2.0/subnets => generated 731 bytes in 227 msecs (HTTP/1.1 201) 4 headers in 162 bytes (1 switches on core 0)
2026-03-05 08:43:53.106 7 INFO neutron.db.segments_db [None req-eeeb52be-3961-4635-b1d9-262950e439fa de6a8ea2e53d4c6bb938c87b6d515075 93a4cd5a5c85434690c640acae4ed7d1 - - default default] Added segment 449ffddd-856c-4a2b-9b47-cdfe6f275dbd of type geneve for network ff6afe59-f369-4993-8e95-778969637d90
2026-03-05 08:43:53.217 7 INFO neutron.db.ovn_revision_numbers_db [None req-eeeb52be-3961-4635-b1d9-262950e439fa de6a8ea2e53d4c6bb938c87b6d515075 93a4cd5a5c85434690c640acae4ed7d1 - - default default] Successfully bumped revision number for resource ff6afe59-f369-4993-8e95-778969637d90 (type: networks) to 1
2026-03-05 08:43:53.375 7 WARNING neutron.scheduler.dhcp_agent_scheduler [None req-eeeb52be-3961-4635-b1d9-262950e439fa de6a8ea2e53d4c6bb938c87b6d515075 93a4cd5a5c85434690c640acae4ed7d1 - - default default] No more DHCP agents
2026-03-05 08:43:53.377 7 WARNING neutron.api.rpc.agentnotifiers.dhcp_rpc_agent_api [None req-eeeb52be-3961-4635-b1d9-262950e439fa de6a8ea2e53d4c6bb938c87b6d515075 93a4cd5a5c85434690c640acae4ed7d1 - - default default] Unable to schedule network ff6afe59-f369-4993-8e95-778969637d90: no agents available; will retry on subsequent port and subnet creation events.
2026-03-05 08:43:53.424 8 INFO neutron.plugins.ml2.drivers.ovn.mech_driver.mech_driver [None req-7092f1de-95a2-4cd0-b296-235b250b3dbe - - - - - -] OVN reports status down for port: c60ba7a2-d264-4bb5-9663-78a3f7db7816
2026-03-05 08:43:53.460 7 INFO neutron.db.ovn_revision_numbers_db [None req-eeeb52be-3961-4635-b1d9-262950e439fa de6a8ea2e53d4c6bb938c87b6d515075 93a4cd5a5c85434690c640acae4ed7d1 - - default default] Successfully bumped revision number for resource c60ba7a2-d264-4bb5-9663-78a3f7db7816 (type: ports) to 1 [pid: 7|app: 0|req: 1455/2922] 10.0.0.251 () {34 vars in 670 bytes} [Thu Mar 5 08:43:53 2026] POST /v2.0/networks => generated 657 bytes in 479 msecs (HTTP/1.1 201) 4 headers in 162 bytes (1 switches on core 0)
2026-03-05 08:43:53.663 8 WARNING neutron.scheduler.dhcp_agent_scheduler [None req-1cacb0e3-eb27-4fe1-b278-d11adf8b9048 de6a8ea2e53d4c6bb938c87b6d515075 93a4cd5a5c85434690c640acae4ed7d1 - - default default] No more DHCP agents
2026-03-05 08:43:53.664 8 WARNING neutron.api.rpc.agentnotifiers.dhcp_rpc_agent_api [None req-1cacb0e3-eb27-4fe1-b278-d11adf8b9048 de6a8ea2e53d4c6bb938c87b6d515075 93a4cd5a5c85434690c640acae4ed7d1 - - default default] Unable to schedule network ff6afe59-f369-4993-8e95-778969637d90: no agents available; will retry on subsequent port and subnet creation events.
2026-03-05 08:43:54.063 8 INFO neutron.db.ovn_revision_numbers_db [None req-959c868e-87a2-48c2-98ef-1b0054808a85 - - - - - -] Successfully bumped revision number for resource c60ba7a2-d264-4bb5-9663-78a3f7db7816 (type: ports) to 2
2026-03-05 08:43:54.091 8 INFO neutron.db.ovn_revision_numbers_db [None req-959c868e-87a2-48c2-98ef-1b0054808a85 - - - - - -] Successfully bumped revision number for resource b2fac35f-b428-44b4-b0fd-57007f2b09e5 (type: subnets) to 0 [pid: 8|app: 0|req: 1468/2923] 10.0.0.251 () {34 vars in 669 bytes} [Thu Mar 5 08:43:53 2026] POST /v2.0/subnets => generated 656 bytes in 618 msecs (HTTP/1.1 201) 4 headers in 162 bytes (1 switches on core 0)
2026-03-05 08:43:54.325 7 WARNING neutron.scheduler.dhcp_agent_scheduler [None req-60e6a670-6b37-4071-8a5c-1b9c985561cb de6a8ea2e53d4c6bb938c87b6d515075 93a4cd5a5c85434690c640acae4ed7d1 - - default default] No more DHCP agents
2026-03-05 08:43:54.326 7 WARNING neutron.api.rpc.agentnotifiers.dhcp_rpc_agent_api [None req-60e6a670-6b37-4071-8a5c-1b9c985561cb de6a8ea2e53d4c6bb938c87b6d515075 93a4cd5a5c85434690c640acae4ed7d1 - - default default] Unable to schedule network ff6afe59-f369-4993-8e95-778969637d90: no agents available; will retry on subsequent port and subnet creation events.
2026-03-05 08:43:54.349 7 INFO neutron.db.ovn_revision_numbers_db [None req-60e6a670-6b37-4071-8a5c-1b9c985561cb de6a8ea2e53d4c6bb938c87b6d515075 93a4cd5a5c85434690c640acae4ed7d1 - - default default] Successfully bumped revision number for resource f18e53bf-5e43-4675-ab00-b82d2c2c930b (type: subnets) to 0 [pid: 7|app: 0|req: 1456/2924] 10.0.0.251 () {34 vars in 669 bytes} [Thu Mar 5 08:43:54 2026] POST /v2.0/subnets => generated 725 bytes in 252 msecs (HTTP/1.1 201) 4 headers in 162 bytes (1 switches on core 0)
2026-03-05 08:43:54.453 8 INFO neutron.db.segments_db [None req-224fd5ee-a34a-4e00-b38f-76eeddb62829 de6a8ea2e53d4c6bb938c87b6d515075 93a4cd5a5c85434690c640acae4ed7d1 - - default default] Added segment 7ce40342-0110-4324-b585-b7462b8e2011 of type geneve for network e68f7159-e954-4ceb-baa8-f14eedb41839
2026-03-05 08:43:54.552 8 INFO neutron.db.ovn_revision_numbers_db [None req-224fd5ee-a34a-4e00-b38f-76eeddb62829 de6a8ea2e53d4c6bb938c87b6d515075 93a4cd5a5c85434690c640acae4ed7d1 - - default default] Successfully bumped revision number for resource e68f7159-e954-4ceb-baa8-f14eedb41839 (type: networks) to 1
2026-03-05 08:43:54.690 8 WARNING neutron.scheduler.dhcp_agent_scheduler [None req-224fd5ee-a34a-4e00-b38f-76eeddb62829 de6a8ea2e53d4c6bb938c87b6d515075 93a4cd5a5c85434690c640acae4ed7d1 - - default default] No more DHCP agents
2026-03-05 08:43:54.692 8 WARNING neutron.api.rpc.agentnotifiers.dhcp_rpc_agent_api [None req-224fd5ee-a34a-4e00-b38f-76eeddb62829 de6a8ea2e53d4c6bb938c87b6d515075 93a4cd5a5c85434690c640acae4ed7d1 - - default default] Unable to schedule network e68f7159-e954-4ceb-baa8-f14eedb41839: no agents available; will retry on subsequent port and subnet creation events.
2026-03-05 08:43:54.744 7 INFO neutron.plugins.ml2.drivers.ovn.mech_driver.mech_driver [None req-4465cd31-f97b-42ac-98e2-69da62de727c - - - - - -] OVN reports status down for port: c31b0cf6-608b-49a0-ae9a-47946f534a3b
2026-03-05 08:43:54.765 8 INFO neutron.db.ovn_revision_numbers_db [None req-224fd5ee-a34a-4e00-b38f-76eeddb62829 de6a8ea2e53d4c6bb938c87b6d515075 93a4cd5a5c85434690c640acae4ed7d1 - - default default] Successfully bumped revision number for resource c31b0cf6-608b-49a0-ae9a-47946f534a3b (type: ports) to 1 [pid: 8|app: 0|req: 1469/2925] 10.0.0.251 () {34 vars in 670 bytes} [Thu Mar 5 08:43:54 2026] POST /v2.0/networks => generated 656 bytes in 422 msecs (HTTP/1.1 201) 4 headers in 162 bytes (1 switches on core 0)
2026-03-05 08:43:54.971 7 WARNING neutron.scheduler.dhcp_agent_scheduler [None req-1184136e-d14f-49fb-af9a-d19d96a3dfc7 de6a8ea2e53d4c6bb938c87b6d515075 93a4cd5a5c85434690c640acae4ed7d1 - - default default] No more DHCP agents
2026-03-05 08:43:54.973 7 WARNING neutron.api.rpc.agentnotifiers.dhcp_rpc_agent_api [None req-1184136e-d14f-49fb-af9a-d19d96a3dfc7 de6a8ea2e53d4c6bb938c87b6d515075 93a4cd5a5c85434690c640acae4ed7d1 - - default default] Unable to schedule network e68f7159-e954-4ceb-baa8-f14eedb41839: no agents available; will retry on subsequent port and subnet creation events.
2026-03-05 08:43:55.431 7 INFO neutron.db.ovn_revision_numbers_db [None req-240b6a10-a090-43af-a4bd-b40df21efb32 - - - - - -] Successfully bumped revision number for resource c31b0cf6-608b-49a0-ae9a-47946f534a3b (type: ports) to 2
2026-03-05 08:43:55.463 7 INFO neutron.db.ovn_revision_numbers_db [None req-240b6a10-a090-43af-a4bd-b40df21efb32 - - - - - -] Successfully bumped revision number for resource 5e2d9352-a3c8-4662-ae86-a261bb516bbe (type: subnets) to 0 [pid: 7|app: 0|req: 1457/2926] 10.0.0.251 () {34 vars in 669 bytes} [Thu Mar 5 08:43:54 2026] POST /v2.0/subnets => generated 655 bytes in 681 msecs (HTTP/1.1 201) 4 headers in 162 bytes (1 switches on core 0)
2026-03-05 08:43:55.709 8 WARNING neutron.scheduler.dhcp_agent_scheduler [None req-df8367c4-155c-4d26-b2a6-4a7f2e69dd6f de6a8ea2e53d4c6bb938c87b6d515075 93a4cd5a5c85434690c640acae4ed7d1 - - default default] No more DHCP agents
2026-03-05 08:43:55.710 8 WARNING neutron.api.rpc.agentnotifiers.dhcp_rpc_agent_api [None req-df8367c4-155c-4d26-b2a6-4a7f2e69dd6f de6a8ea2e53d4c6bb938c87b6d515075 93a4cd5a5c85434690c640acae4ed7d1 - - default default] Unable to schedule network e68f7159-e954-4ceb-baa8-f14eedb41839: no agents available; will retry on subsequent port and subnet creation events.
2026-03-05 08:43:55.742 8 INFO neutron.db.ovn_revision_numbers_db [None req-df8367c4-155c-4d26-b2a6-4a7f2e69dd6f de6a8ea2e53d4c6bb938c87b6d515075 93a4cd5a5c85434690c640acae4ed7d1 - - default default] Successfully bumped revision number for resource 5cd90dd6-78aa-4066-af4b-af6b7a923188 (type: subnets) to 0 [pid: 8|app: 0|req: 1470/2927] 10.0.0.251 () {34 vars in 669 bytes} [Thu Mar 5 08:43:55 2026] POST /v2.0/subnets => generated 730 bytes in 277 msecs (HTTP/1.1 201) 4 headers in 162 bytes (1 switches on core 0)
2026-03-05 08:43:56.127 7 WARNING neutron.scheduler.dhcp_agent_scheduler [None req-7258870e-7c63-4de2-9c5f-b80942a05ce9 de6a8ea2e53d4c6bb938c87b6d515075 93a4cd5a5c85434690c640acae4ed7d1 - - default default] No more DHCP agents
2026-03-05 08:43:56.128 7 WARNING neutron.api.rpc.agentnotifiers.dhcp_rpc_agent_api [None req-7258870e-7c63-4de2-9c5f-b80942a05ce9 de6a8ea2e53d4c6bb938c87b6d515075 93a4cd5a5c85434690c640acae4ed7d1 - - default default] Unable to schedule network 726fee0a-2833-4e3b-b5fa-f4311b9db764: no agents available; will retry on subsequent port and subnet creation events.
2026-03-05 08:43:56.231 7 INFO neutron.plugins.ml2.drivers.ovn.mech_driver.mech_driver [None req-4465cd31-f97b-42ac-98e2-69da62de727c - - - - - -] OVN reports status down for port: 025e292e-79d2-4352-8cc6-3359ef2f2ae9
2026-03-05 08:43:56.296 7 INFO neutron.db.ovn_revision_numbers_db [None req-7258870e-7c63-4de2-9c5f-b80942a05ce9 de6a8ea2e53d4c6bb938c87b6d515075 93a4cd5a5c85434690c640acae4ed7d1 - - default default] Successfully bumped revision number for resource 025e292e-79d2-4352-8cc6-3359ef2f2ae9 (type: ports) to 1
2026-03-05 08:43:56.901 7 INFO neutron.plugins.ml2.drivers.ovn.mech_driver.ovsdb.commands [None req-90bbcc92-38ec-4993-8917-73352f5a730c - - - - - -] Schedule LRP lrp-025e292e-79d2-4352-8cc6-3359ef2f2ae9 on gateway b26dad7a-19fb-45f7-8ae3-408cec4651a4 with priority 1
2026-03-05 08:43:56.941 7 INFO neutron.plugins.ml2.drivers.ovn.mech_driver.mech_driver [None req-4465cd31-f97b-42ac-98e2-69da62de727c - - - - - -] OVN reports status up for port: 025e292e-79d2-4352-8cc6-3359ef2f2ae9
2026-03-05 08:43:56.945 8 INFO neutron.plugins.ml2.drivers.ovn.mech_driver.ovsdb.ovsdb_monitor [None req-cb4e9484-a681-4df6-bf73-f785be658d91 - - - - - -] Router 63cd84dd-e4bd-4694-afdf-6caf8422bc87 is bound to host instance
2026-03-05 08:43:56.966 7 INFO neutron.plugins.ml2.plugin [None req-4465cd31-f97b-42ac-98e2-69da62de727c - - - - - -] Attempt 1 to provision port 025e292e-79d2-4352-8cc6-3359ef2f2ae9
2026-03-05 08:43:56.998 7 INFO neutron.db.ovn_revision_numbers_db [None req-7258870e-7c63-4de2-9c5f-b80942a05ce9 de6a8ea2e53d4c6bb938c87b6d515075 93a4cd5a5c85434690c640acae4ed7d1 - - default default] Successfully bumped revision number for resource 025e292e-79d2-4352-8cc6-3359ef2f2ae9 (type: router_ports) to 1
2026-03-05 08:43:57.110 7 INFO neutron.db.ovn_revision_numbers_db [None req-7258870e-7c63-4de2-9c5f-b80942a05ce9 de6a8ea2e53d4c6bb938c87b6d515075 93a4cd5a5c85434690c640acae4ed7d1 - - default default] Successfully bumped revision number for resource 63cd84dd-e4bd-4694-afdf-6caf8422bc87 (type: routers) to 2 [pid: 7|app: 0|req: 1458/2928] 10.0.0.251 () {34 vars in 669 bytes} [Thu Mar 5 08:43:55 2026] POST /v2.0/routers => generated 943 bytes in 1364 msecs (HTTP/1.1 201) 4 headers in 162 bytes (1 switches on core 0)
2026-03-05 08:43:58.001 8 WARNING neutron.scheduler.dhcp_agent_scheduler [None req-ab429c40-f26b-472b-a41e-4df96f80565c de6a8ea2e53d4c6bb938c87b6d515075 93a4cd5a5c85434690c640acae4ed7d1 - - default default] No more DHCP agents
2026-03-05 08:43:58.003 8 WARNING neutron.api.rpc.agentnotifiers.dhcp_rpc_agent_api [None req-ab429c40-f26b-472b-a41e-4df96f80565c de6a8ea2e53d4c6bb938c87b6d515075 93a4cd5a5c85434690c640acae4ed7d1 - - default default] Unable to schedule network e14c67ae-2822-43e9-86e6-2fb0ba5b6b56: no agents available; will retry on subsequent port and subnet creation events.
2026-03-05 08:43:58.207 8 INFO neutron.plugins.ml2.drivers.ovn.mech_driver.mech_driver [None req-7092f1de-95a2-4cd0-b296-235b250b3dbe - - - - - -] OVN reports status down for port: 11b32ad9-a4a5-4d32-8e86-d2ba5195f52f
2026-03-05 08:43:58.297 8 INFO neutron.db.ovn_revision_numbers_db [None req-ab429c40-f26b-472b-a41e-4df96f80565c de6a8ea2e53d4c6bb938c87b6d515075 93a4cd5a5c85434690c640acae4ed7d1 - - default default] Successfully bumped revision number for resource 11b32ad9-a4a5-4d32-8e86-d2ba5195f52f (type: ports) to 1
2026-03-05 08:43:58.300 8 INFO neutron.db.ovn_revision_numbers_db [None req-bb86f3c9-0a4d-421c-a4cf-f6496b5efb04 - - - - - -] Successfully bumped revision number for resource 025e292e-79d2-4352-8cc6-3359ef2f2ae9 (type: ports) to 4
2026-03-05 08:43:59.325 8 INFO neutron.db.ovn_revision_numbers_db [None req-bb86f3c9-0a4d-421c-a4cf-f6496b5efb04 - - - - - -] Successfully bumped revision number for resource 025e292e-79d2-4352-8cc6-3359ef2f2ae9 (type: ports) to 5
2026-03-05 08:43:59.672 8 INFO neutron.plugins.ml2.drivers.ovn.mech_driver.mech_driver [None req-7092f1de-95a2-4cd0-b296-235b250b3dbe - - - - - -] OVN reports status up for port: 11b32ad9-a4a5-4d32-8e86-d2ba5195f52f
2026-03-05 08:43:59.695 8 INFO neutron.plugins.ml2.plugin [None req-7092f1de-95a2-4cd0-b296-235b250b3dbe - - - - - -] Attempt 1 to provision port 11b32ad9-a4a5-4d32-8e86-d2ba5195f52f
2026-03-05 08:43:59.792 8 WARNING neutron.scheduler.dhcp_agent_scheduler [None req-ab429c40-f26b-472b-a41e-4df96f80565c de6a8ea2e53d4c6bb938c87b6d515075 93a4cd5a5c85434690c640acae4ed7d1 - - default default] No more DHCP agents
2026-03-05 08:43:59.794 8 WARNING neutron.api.rpc.agentnotifiers.dhcp_rpc_agent_api [None req-ab429c40-f26b-472b-a41e-4df96f80565c de6a8ea2e53d4c6bb938c87b6d515075 93a4cd5a5c85434690c640acae4ed7d1 - - default default] Unable to schedule network e14c67ae-2822-43e9-86e6-2fb0ba5b6b56: no agents available; will retry on subsequent port and subnet creation events.
2026-03-05 08:44:00.297 8 INFO neutron.db.ovn_revision_numbers_db [None req-7092f1de-95a2-4cd0-b296-235b250b3dbe - - - - - -] Successfully bumped revision number for resource 11b32ad9-a4a5-4d32-8e86-d2ba5195f52f (type: ports) to 2
2026-03-05 08:44:00.484 8 INFO neutron.db.ovn_revision_numbers_db [None req-ab429c40-f26b-472b-a41e-4df96f80565c de6a8ea2e53d4c6bb938c87b6d515075 93a4cd5a5c85434690c640acae4ed7d1 - - default default] Successfully bumped revision number for resource 11b32ad9-a4a5-4d32-8e86-d2ba5195f52f (type: router_ports) to 1 [pid: 8|app: 0|req: 1471/2929] 10.0.0.251 () {34 vars in 783 bytes} [Thu Mar 5 08:43:57 2026] PUT /v2.0/routers/63cd84dd-e4bd-4694-afdf-6caf8422bc87/add_router_interface => generated 309 bytes in 3359 msecs (HTTP/1.1 200) 4 headers in 157 bytes (1 switches on core 0)
2026-03-05 08:44:01.025 7 WARNING neutron.scheduler.dhcp_agent_scheduler [None req-fc26a481-14aa-4f21-be83-fa769471b9b0 de6a8ea2e53d4c6bb938c87b6d515075 93a4cd5a5c85434690c640acae4ed7d1 - - default default] No more DHCP agents
2026-03-05 08:44:01.026 7 WARNING neutron.api.rpc.agentnotifiers.dhcp_rpc_agent_api [None req-fc26a481-14aa-4f21-be83-fa769471b9b0 de6a8ea2e53d4c6bb938c87b6d515075 93a4cd5a5c85434690c640acae4ed7d1 - - default default] Unable to schedule network ff6afe59-f369-4993-8e95-778969637d90: no agents available; will retry on subsequent port and subnet creation events.
2026-03-05 08:44:01.158 7 INFO neutron.db.ovn_revision_numbers_db [None req-fc26a481-14aa-4f21-be83-fa769471b9b0 de6a8ea2e53d4c6bb938c87b6d515075 93a4cd5a5c85434690c640acae4ed7d1 - - default default] Successfully bumped revision number for resource 268d6e25-8ca3-4c7b-8e27-0c9cc0ca11d3 (type: ports) to 1
2026-03-05 08:44:01.854 7 WARNING neutron.scheduler.dhcp_agent_scheduler [None req-fc26a481-14aa-4f21-be83-fa769471b9b0 de6a8ea2e53d4c6bb938c87b6d515075 93a4cd5a5c85434690c640acae4ed7d1 - - default default] No more DHCP agents
2026-03-05 08:44:01.855 7 WARNING neutron.api.rpc.agentnotifiers.dhcp_rpc_agent_api [None req-fc26a481-14aa-4f21-be83-fa769471b9b0 de6a8ea2e53d4c6bb938c87b6d515075 93a4cd5a5c85434690c640acae4ed7d1 - - default default] Unable to schedule network ff6afe59-f369-4993-8e95-778969637d90: no agents available; will retry on subsequent port and subnet creation events.
2026-03-05 08:44:02.153 7 INFO neutron.db.ovn_revision_numbers_db [None req-fc26a481-14aa-4f21-be83-fa769471b9b0 de6a8ea2e53d4c6bb938c87b6d515075 93a4cd5a5c85434690c640acae4ed7d1 - - default default] Successfully bumped revision number for resource 268d6e25-8ca3-4c7b-8e27-0c9cc0ca11d3 (type: router_ports) to 1 [pid: 7|app: 0|req: 1459/2930] 10.0.0.251 () {34 vars in 783 bytes} [Thu Mar 5 08:44:00 2026] PUT /v2.0/routers/63cd84dd-e4bd-4694-afdf-6caf8422bc87/add_router_interface => generated 309 bytes in 1663 msecs (HTTP/1.1 200) 4 headers in 157 bytes (1 switches on core 0)
2026-03-05 08:44:02.664 8 WARNING neutron.scheduler.dhcp_agent_scheduler [None req-073a0d7b-91b6-43a0-b769-0a7ac5f81da5 de6a8ea2e53d4c6bb938c87b6d515075 93a4cd5a5c85434690c640acae4ed7d1 - - default default] No more DHCP agents
2026-03-05 08:44:02.666 8 WARNING neutron.api.rpc.agentnotifiers.dhcp_rpc_agent_api [None req-073a0d7b-91b6-43a0-b769-0a7ac5f81da5 de6a8ea2e53d4c6bb938c87b6d515075 93a4cd5a5c85434690c640acae4ed7d1 - - default default] Unable to schedule network e68f7159-e954-4ceb-baa8-f14eedb41839: no agents available; will retry on subsequent port and subnet creation events.
2026-03-05 08:44:02.779 7 INFO neutron.plugins.ml2.drivers.ovn.mech_driver.mech_driver [None req-4465cd31-f97b-42ac-98e2-69da62de727c - - - - - -] OVN reports status down for port: 7e3874bb-6f89-4517-a871-9cce210ad429
2026-03-05 08:44:02.793 8 INFO neutron.db.ovn_revision_numbers_db [None req-073a0d7b-91b6-43a0-b769-0a7ac5f81da5 de6a8ea2e53d4c6bb938c87b6d515075 93a4cd5a5c85434690c640acae4ed7d1 - - default default] Successfully bumped revision number for resource 7e3874bb-6f89-4517-a871-9cce210ad429 (type: ports) to 1
2026-03-05 08:44:03.486 7 INFO neutron.plugins.ml2.drivers.ovn.mech_driver.mech_driver [None req-4465cd31-f97b-42ac-98e2-69da62de727c - - - - - -] OVN reports status up for port: 7e3874bb-6f89-4517-a871-9cce210ad429
2026-03-05 08:44:03.501 7 INFO neutron.plugins.ml2.plugin [None req-4465cd31-f97b-42ac-98e2-69da62de727c - - - - - -] Attempt 1 to provision port 7e3874bb-6f89-4517-a871-9cce210ad429
2026-03-05 08:44:03.505 8 INFO neutron.plugins.ml2.plugin [None req-073a0d7b-91b6-43a0-b769-0a7ac5f81da5 de6a8ea2e53d4c6bb938c87b6d515075 93a4cd5a5c85434690c640acae4ed7d1 - - default default] Attempt 1 to provision port 7e3874bb-6f89-4517-a871-9cce210ad429
2026-03-05 08:44:03.572 8 WARNING neutron.scheduler.dhcp_agent_scheduler [None req-073a0d7b-91b6-43a0-b769-0a7ac5f81da5 de6a8ea2e53d4c6bb938c87b6d515075 93a4cd5a5c85434690c640acae4ed7d1 - - default default] No more DHCP agents
2026-03-05 08:44:03.573 8 WARNING neutron.api.rpc.agentnotifiers.dhcp_rpc_agent_api [None req-073a0d7b-91b6-43a0-b769-0a7ac5f81da5 de6a8ea2e53d4c6bb938c87b6d515075 93a4cd5a5c85434690c640acae4ed7d1 - - default default] Unable to schedule network e68f7159-e954-4ceb-baa8-f14eedb41839: no agents available; will retry on subsequent port and subnet creation events.
2026-03-05 08:44:03.844 7 INFO neutron.db.ovn_revision_numbers_db [None req-4465cd31-f97b-42ac-98e2-69da62de727c - - - - - -] Successfully bumped revision number for resource 7e3874bb-6f89-4517-a871-9cce210ad429 (type: ports) to 2
2026-03-05 08:44:03.897 8 INFO neutron.db.ovn_revision_numbers_db [None req-073a0d7b-91b6-43a0-b769-0a7ac5f81da5 de6a8ea2e53d4c6bb938c87b6d515075 93a4cd5a5c85434690c640acae4ed7d1 - - default default] Successfully bumped revision number for resource 7e3874bb-6f89-4517-a871-9cce210ad429 (type: router_ports) to 1 [pid: 8|app: 0|req: 1472/2931] 10.0.0.251 () {34 vars in 783 bytes} [Thu Mar 5 08:44:02 2026] PUT /v2.0/routers/63cd84dd-e4bd-4694-afdf-6caf8422bc87/add_router_interface => generated 309 bytes in 1741 msecs (HTTP/1.1 200) 4 headers in 157 bytes (1 switches on core 0)
2026-03-05 08:44:04.152 7 INFO neutron.db.ovn_revision_numbers_db [None req-01d815ee-4f4f-43ce-a260-0d6a1a12662c de6a8ea2e53d4c6bb938c87b6d515075 93a4cd5a5c85434690c640acae4ed7d1 - - default default] Successfully bumped revision number for resource c1cac309-4c34-451b-96eb-0067e39528fb (type: security_groups) to 1
2026-03-05 08:44:04.166 7 INFO neutron.db.ovn_revision_numbers_db [None req-01d815ee-4f4f-43ce-a260-0d6a1a12662c de6a8ea2e53d4c6bb938c87b6d515075 93a4cd5a5c85434690c640acae4ed7d1 - - default default] Successfully bumped revision number for resource 1933d40f-8152-4dfb-9f16-c4653f8e0b8e (type: security_group_rules) to 0
2026-03-05 08:44:04.176 7 INFO neutron.db.ovn_revision_numbers_db [None req-01d815ee-4f4f-43ce-a260-0d6a1a12662c de6a8ea2e53d4c6bb938c87b6d515075 93a4cd5a5c85434690c640acae4ed7d1 - - default default] Successfully bumped revision number for resource 96689c84-b520-41a9-8256-dd0cf0697150 (type: security_group_rules) to 0 [pid: 7|app: 0|req: 1460/2932] 10.0.0.251 () {34 vars in 684 bytes} [Thu Mar 5 08:44:03 2026] POST /v2.0/security-groups => generated 1629 bytes in 218 msecs (HTTP/1.1 201) 4 headers in 163 bytes (1 switches on core 0)
