2026-03-05 08:44:07.490 8 INFO cinder.api.openstack.wsgi [None req-49d1274a-828a-40ba-a168-dff700e23b2e 8ed3ef3252d64b1cbabc8f3398cb9225 3c4bfe57e2f247b79e3bdce035937432 - - default default] http://cinder-api.openstack.svc.cluster.local:8776/v3/3c4bfe57e2f247b79e3bdce035937432/os-quota-sets/e660558113e74bb59aac639058988403?usage=true returned with HTTP 200 [pid: 8|app: 0|req: 452/908] 10.0.0.179 () {28 vars in 735 bytes} [Thu Mar 5 08:44:07 2026] GET /v3/3c4bfe57e2f247b79e3bdce035937432/os-quota-sets/e660558113e74bb59aac639058988403?usage=true => generated 845 bytes in 30 msecs (HTTP/1.1 200) 7 headers in 285 bytes (1 switches on core 0)
2026-03-05 08:44:07.501 7 INFO cinder.api.openstack.wsgi [None req-d21e4e9f-c01a-476a-b73b-058817532413 8ed3ef3252d64b1cbabc8f3398cb9225 3c4bfe57e2f247b79e3bdce035937432 - - default default] GET http://cinder-api.openstack.svc.cluster.local:8776/v3/3c4bfe57e2f247b79e3bdce035937432/os-quota-sets/ff6a6276846e40a5aca6523732e19351?usage=true
2026-03-05 08:44:07.522 7 INFO cinder.api.openstack.wsgi [None req-d21e4e9f-c01a-476a-b73b-058817532413 8ed3ef3252d64b1cbabc8f3398cb9225 3c4bfe57e2f247b79e3bdce035937432 - - default default] http://cinder-api.openstack.svc.cluster.local:8776/v3/3c4bfe57e2f247b79e3bdce035937432/os-quota-sets/ff6a6276846e40a5aca6523732e19351?usage=true returned with HTTP 200 [pid: 7|app: 0|req: 457/909] 10.0.0.179 () {28 vars in 735 bytes} [Thu Mar 5 08:44:07 2026] GET /v3/3c4bfe57e2f247b79e3bdce035937432/os-quota-sets/ff6a6276846e40a5aca6523732e19351?usage=true => generated 847 bytes in 29 msecs (HTTP/1.1 200) 7 headers in 285 bytes (1 switches on core 0)
2026-03-05 08:44:07.532 8 INFO cinder.api.openstack.wsgi [None req-20923abf-bc39-44d0-9929-c602c5e2b285 8ed3ef3252d64b1cbabc8f3398cb9225 3c4bfe57e2f247b79e3bdce035937432 - - default default] GET http://cinder-api.openstack.svc.cluster.local:8776/v3/3c4bfe57e2f247b79e3bdce035937432/snapshots?all_tenants=true
2026-03-05 08:44:07.538 8 INFO cinder.volume.api [None req-20923abf-bc39-44d0-9929-c602c5e2b285 8ed3ef3252d64b1cbabc8f3398cb9225 3c4bfe57e2f247b79e3bdce035937432 - - default default] Get all snapshots completed successfully.
2026-03-05 08:44:07.539 8 INFO cinder.api.openstack.wsgi [None req-20923abf-bc39-44d0-9929-c602c5e2b285 8ed3ef3252d64b1cbabc8f3398cb9225 3c4bfe57e2f247b79e3bdce035937432 - - default default] http://cinder-api.openstack.svc.cluster.local:8776/v3/3c4bfe57e2f247b79e3bdce035937432/snapshots?all_tenants=true returned with HTTP 200 [pid: 8|app: 0|req: 453/910] 10.0.0.179 () {28 vars in 673 bytes} [Thu Mar 5 08:44:07 2026] GET /v3/3c4bfe57e2f247b79e3bdce035937432/snapshots?all_tenants=true => generated 17 bytes in 13 msecs (HTTP/1.1 200) 7 headers in 284 bytes (1 switches on core 0)
2026-03-05 08:44:07.549 7 INFO cinder.api.openstack.wsgi [None req-2e21d54a-a169-451a-aafe-40e96895c61f 8ed3ef3252d64b1cbabc8f3398cb9225 3c4bfe57e2f247b79e3bdce035937432 - - default default] GET http://cinder-api.openstack.svc.cluster.local:8776/v3/3c4bfe57e2f247b79e3bdce035937432/os-services
2026-03-05 08:44:07.556 7 INFO cinder.api.openstack.wsgi [None req-2e21d54a-a169-451a-aafe-40e96895c61f 8ed3ef3252d64b1cbabc8f3398cb9225 3c4bfe57e2f247b79e3bdce035937432 - - default default] http://cinder-api.openstack.svc.cluster.local:8776/v3/3c4bfe57e2f247b79e3bdce035937432/os-services returned with HTTP 200 [pid: 7|app: 0|req: 458/911] 10.0.0.179 () {28 vars in 644 bytes} [Thu Mar 5 08:44:07 2026] GET /v3/3c4bfe57e2f247b79e3bdce035937432/os-services => generated 646 bytes in 12 msecs (HTTP/1.1 200) 7 headers in 285 bytes (1 switches on core 0)
2026-03-05 08:44:07.572 8 INFO cinder.api.openstack.wsgi [None req-6a00bbaf-f3ae-4456-82b8-592c57294435 8ed3ef3252d64b1cbabc8f3398cb9225 3c4bfe57e2f247b79e3bdce035937432 - - default default] GET http://cinder-api.openstack.svc.cluster.local:8776/v3/3c4bfe57e2f247b79e3bdce035937432/scheduler-stats/get_pools?detail=true
2026-03-05 08:44:08.078 8 INFO cinder.api.openstack.wsgi [None req-6a00bbaf-f3ae-4456-82b8-592c57294435 8ed3ef3252d64b1cbabc8f3398cb9225 3c4bfe57e2f247b79e3bdce035937432 - - default default] http://cinder-api.openstack.svc.cluster.local:8776/v3/3c4bfe57e2f247b79e3bdce035937432/scheduler-stats/get_pools?detail=true returned with HTTP 200 [pid: 8|app: 0|req: 454/912] 10.0.0.179 () {28 vars in 695 bytes} [Thu Mar 5 08:44:07 2026] GET /v3/3c4bfe57e2f247b79e3bdce035937432/scheduler-stats/get_pools?detail=true => generated 670 bytes in 517 msecs (HTTP/1.1 200) 7 headers in 285 bytes (1 switches on core 0)
2026-03-05 08:44:08.949 7 INFO cinder.api.openstack.wsgi [None req-2e21d54a-a169-451a-aafe-40e96895c61f 8ed3ef3252d64b1cbabc8f3398cb9225 3c4bfe57e2f247b79e3bdce035937432 - - default default] GET http://10.0.0.229:8776/
2026-03-05 08:44:08.949 8 INFO cinder.api.openstack.wsgi [None req-6a00bbaf-f3ae-4456-82b8-592c57294435 8ed3ef3252d64b1cbabc8f3398cb9225 3c4bfe57e2f247b79e3bdce035937432 - - default default] GET http://10.0.0.229:8776/
2026-03-05 08:44:08.950 7 INFO cinder.api.openstack.wsgi [None req-2e21d54a-a169-451a-aafe-40e96895c61f 8ed3ef3252d64b1cbabc8f3398cb9225 3c4bfe57e2f247b79e3bdce035937432 - - default default] http://10.0.0.229:8776/ returned with HTTP 300
2026-03-05 08:44:08.951 8 INFO cinder.api.openstack.wsgi [None req-6a00bbaf-f3ae-4456-82b8-592c57294435 8ed3ef3252d64b1cbabc8f3398cb9225 3c4bfe57e2f247b79e3bdce035937432 - - default default] http://10.0.0.229:8776/ returned with HTTP 300
2026-03-05 08:44:18.949 7 INFO cinder.api.openstack.wsgi [None req-2e21d54a-a169-451a-aafe-40e96895c61f 8ed3ef3252d64b1cbabc8f3398cb9225 3c4bfe57e2f247b79e3bdce035937432 - - default default] GET http://10.0.0.229:8776/
2026-03-05 08:44:18.949 8 INFO cinder.api.openstack.wsgi [None req-6a00bbaf-f3ae-4456-82b8-592c57294435 8ed3ef3252d64b1cbabc8f3398cb9225 3c4bfe57e2f247b79e3bdce035937432 - - default default] GET http://10.0.0.229:8776/
2026-03-05 08:44:18.950 7 INFO cinder.api.openstack.wsgi [None req-2e21d54a-a169-451a-aafe-40e96895c61f 8ed3ef3252d64b1cbabc8f3398cb9225 3c4bfe57e2f247b79e3bdce035937432 - - default default] http://10.0.0.229:8776/ returned with HTTP 300
2026-03-05 08:44:18.950 8 INFO cinder.api.openstack.wsgi [None req-6a00bbaf-f3ae-4456-82b8-592c57294435 8ed3ef3252d64b1cbabc8f3398cb9225 3c4bfe57e2f247b79e3bdce035937432 - - default default] http://10.0.0.229:8776/ returned with HTTP 300
2026-03-05 08:44:28.948 8 INFO cinder.api.openstack.wsgi [None req-6a00bbaf-f3ae-4456-82b8-592c57294435 8ed3ef3252d64b1cbabc8f3398cb9225 3c4bfe57e2f247b79e3bdce035937432 - - default default] GET http://10.0.0.229:8776/
2026-03-05 08:44:28.948 7 INFO cinder.api.openstack.wsgi [None req-2e21d54a-a169-451a-aafe-40e96895c61f 8ed3ef3252d64b1cbabc8f3398cb9225 3c4bfe57e2f247b79e3bdce035937432 - - default default] GET http://10.0.0.229:8776/
2026-03-05 08:44:28.949 8 INFO cinder.api.openstack.wsgi [None req-6a00bbaf-f3ae-4456-82b8-592c57294435 8ed3ef3252d64b1cbabc8f3398cb9225 3c4bfe57e2f247b79e3bdce035937432 - - default default] http://10.0.0.229:8776/ returned with HTTP 300
2026-03-05 08:44:28.949 7 INFO cinder.api.openstack.wsgi [None req-2e21d54a-a169-451a-aafe-40e96895c61f 8ed3ef3252d64b1cbabc8f3398cb9225 3c4bfe57e2f247b79e3bdce035937432 - - default default] http://10.0.0.229:8776/ returned with HTTP 300
2026-03-05 08:44:38.949 7 INFO cinder.api.openstack.wsgi [None req-2e21d54a-a169-451a-aafe-40e96895c61f 8ed3ef3252d64b1cbabc8f3398cb9225 3c4bfe57e2f247b79e3bdce035937432 - - default default] GET http://10.0.0.229:8776/
2026-03-05 08:44:38.949 8 INFO cinder.api.openstack.wsgi [None req-6a00bbaf-f3ae-4456-82b8-592c57294435 8ed3ef3252d64b1cbabc8f3398cb9225 3c4bfe57e2f247b79e3bdce035937432 - - default default] GET http://10.0.0.229:8776/
2026-03-05 08:44:38.950 7 INFO cinder.api.openstack.wsgi [None req-2e21d54a-a169-451a-aafe-40e96895c61f 8ed3ef3252d64b1cbabc8f3398cb9225 3c4bfe57e2f247b79e3bdce035937432 - - default default] http://10.0.0.229:8776/ returned with HTTP 300
2026-03-05 08:44:38.950 8 INFO cinder.api.openstack.wsgi [None req-6a00bbaf-f3ae-4456-82b8-592c57294435 8ed3ef3252d64b1cbabc8f3398cb9225 3c4bfe57e2f247b79e3bdce035937432 - - default default] http://10.0.0.229:8776/ returned with HTTP 300
2026-03-05 08:44:48.949 7 INFO cinder.api.openstack.wsgi [None req-2e21d54a-a169-451a-aafe-40e96895c61f 8ed3ef3252d64b1cbabc8f3398cb9225 3c4bfe57e2f247b79e3bdce035937432 - - default default] GET http://10.0.0.229:8776/
2026-03-05 08:44:48.949 8 INFO cinder.api.openstack.wsgi [None req-6a00bbaf-f3ae-4456-82b8-592c57294435 8ed3ef3252d64b1cbabc8f3398cb9225 3c4bfe57e2f247b79e3bdce035937432 - - default default] GET http://10.0.0.229:8776/
2026-03-05 08:44:48.950 7 INFO cinder.api.openstack.wsgi [None req-2e21d54a-a169-451a-aafe-40e96895c61f 8ed3ef3252d64b1cbabc8f3398cb9225 3c4bfe57e2f247b79e3bdce035937432 - - default default] http://10.0.0.229:8776/ returned with HTTP 300
2026-03-05 08:44:48.950 8 INFO cinder.api.openstack.wsgi [None req-6a00bbaf-f3ae-4456-82b8-592c57294435 8ed3ef3252d64b1cbabc8f3398cb9225 3c4bfe57e2f247b79e3bdce035937432 - - default default] http://10.0.0.229:8776/ returned with HTTP 300
2026-03-05 08:44:58.048 8 INFO cinder.api.openstack.wsgi [None req-cfcca260-7f15-422e-9637-ae5e0acd3cc0 8ed3ef3252d64b1cbabc8f3398cb9225 3c4bfe57e2f247b79e3bdce035937432 - - default default] POST http://cinder-api.openstack.svc.cluster.local:8776/v3/3c4bfe57e2f247b79e3bdce035937432/volumes
2026-03-05 08:44:58.162 8 INFO cinder.api.v3.volumes [None req-cfcca260-7f15-422e-9637-ae5e0acd3cc0 8ed3ef3252d64b1cbabc8f3398cb9225 3c4bfe57e2f247b79e3bdce035937432 - - default default] Create volume of 16 GB
2026-03-05 08:44:58.167 8 INFO cinder.volume.api [None req-cfcca260-7f15-422e-9637-ae5e0acd3cc0 8ed3ef3252d64b1cbabc8f3398cb9225 3c4bfe57e2f247b79e3bdce035937432 - - default default] Availability Zones retrieved successfully.
2026-03-05 08:44:58.355 8 INFO cinder.volume.api [None req-cfcca260-7f15-422e-9637-ae5e0acd3cc0 8ed3ef3252d64b1cbabc8f3398cb9225 3c4bfe57e2f247b79e3bdce035937432 - - default default] Create volume request issued successfully.
2026-03-05 08:44:58.356 8 INFO cinder.api.openstack.wsgi [None req-cfcca260-7f15-422e-9637-ae5e0acd3cc0 8ed3ef3252d64b1cbabc8f3398cb9225 3c4bfe57e2f247b79e3bdce035937432 - - default default] http://cinder-api.openstack.svc.cluster.local:8776/v3/3c4bfe57e2f247b79e3bdce035937432/volumes returned with HTTP 202 [pid: 8|app: 0|req: 460/923] 199.204.45.222 () {34 vars in 733 bytes} [Thu Mar 5 08:44:57 2026] POST /v3/3c4bfe57e2f247b79e3bdce035937432/volumes => generated 846 bytes in 363 msecs (HTTP/1.1 202) 7 headers in 291 bytes (1 switches on core 0)
2026-03-05 08:44:58.369 7 INFO cinder.api.openstack.wsgi [req-cfcca260-7f15-422e-9637-ae5e0acd3cc0 req-7f592254-3038-437c-87cb-b7e6845629d3 8ed3ef3252d64b1cbabc8f3398cb9225 3c4bfe57e2f247b79e3bdce035937432 - - default default] GET http://cinder-api.openstack.svc.cluster.local:8776/v3/3c4bfe57e2f247b79e3bdce035937432/volumes/bf9b084e-ee1b-4c72-a291-9c18abaef09f /var/lib/openstack/lib/python3.12/site-packages/oslo_context/context.py:101: DeprecationWarning: Policy enforcement is depending on the value of is_admin. This key is deprecated. Please update your policy file to use the standard policy values. warnings.warn(
2026-03-05 08:44:58.433 7 INFO cinder.volume.api [req-cfcca260-7f15-422e-9637-ae5e0acd3cc0 req-7f592254-3038-437c-87cb-b7e6845629d3 8ed3ef3252d64b1cbabc8f3398cb9225 3c4bfe57e2f247b79e3bdce035937432 - - default default] Volume info retrieved successfully.
2026-03-05 08:44:58.439 7 INFO cinder.api.openstack.wsgi [req-cfcca260-7f15-422e-9637-ae5e0acd3cc0 req-7f592254-3038-437c-87cb-b7e6845629d3 8ed3ef3252d64b1cbabc8f3398cb9225 3c4bfe57e2f247b79e3bdce035937432 - - default default] http://cinder-api.openstack.svc.cluster.local:8776/v3/3c4bfe57e2f247b79e3bdce035937432/volumes/bf9b084e-ee1b-4c72-a291-9c18abaef09f returned with HTTP 200 [pid: 7|app: 0|req: 464/924] 199.204.45.222 () {32 vars in 824 bytes} [Thu Mar 5 08:44:58 2026] GET /v3/3c4bfe57e2f247b79e3bdce035937432/volumes/bf9b084e-ee1b-4c72-a291-9c18abaef09f => generated 1025 bytes in 75 msecs (HTTP/1.1 200) 7 headers in 286 bytes (1 switches on core 0)
2026-03-05 08:44:58.948 8 INFO cinder.api.openstack.wsgi [None req-cfcca260-7f15-422e-9637-ae5e0acd3cc0 8ed3ef3252d64b1cbabc8f3398cb9225 3c4bfe57e2f247b79e3bdce035937432 - - default default] GET http://10.0.0.229:8776/
2026-03-05 08:44:58.948 7 INFO cinder.api.openstack.wsgi [req-cfcca260-7f15-422e-9637-ae5e0acd3cc0 req-7f592254-3038-437c-87cb-b7e6845629d3 8ed3ef3252d64b1cbabc8f3398cb9225 3c4bfe57e2f247b79e3bdce035937432 - - default default] GET http://10.0.0.229:8776/
2026-03-05 08:44:58.949 8 INFO cinder.api.openstack.wsgi [None req-cfcca260-7f15-422e-9637-ae5e0acd3cc0 8ed3ef3252d64b1cbabc8f3398cb9225 3c4bfe57e2f247b79e3bdce035937432 - - default default] http://10.0.0.229:8776/ returned with HTTP 300
2026-03-05 08:44:58.949 7 INFO cinder.api.openstack.wsgi [req-cfcca260-7f15-422e-9637-ae5e0acd3cc0 req-7f592254-3038-437c-87cb-b7e6845629d3 8ed3ef3252d64b1cbabc8f3398cb9225 3c4bfe57e2f247b79e3bdce035937432 - - default default] http://10.0.0.229:8776/ returned with HTTP 300 /var/lib/openstack/lib/python3.12/site-packages/pycadf/identifier.py:70: UserWarning: Invalid uuid: cinderv3. To ensure interoperability, identifiers should be a valid uuid. warnings.warn(('Invalid uuid: %s. To ensure interoperability, '
2026-03-05 08:45:03.455 8 INFO cinder.api.openstack.wsgi [req-cfcca260-7f15-422e-9637-ae5e0acd3cc0 req-3712904d-d346-4b4a-9213-332458876ebe 8ed3ef3252d64b1cbabc8f3398cb9225 3c4bfe57e2f247b79e3bdce035937432 - - default default] GET http://cinder-api.openstack.svc.cluster.local:8776/v3/3c4bfe57e2f247b79e3bdce035937432/volumes/bf9b084e-ee1b-4c72-a291-9c18abaef09f /var/lib/openstack/lib/python3.12/site-packages/oslo_context/context.py:101: DeprecationWarning: Policy enforcement is depending on the value of is_admin. This key is deprecated. Please update your policy file to use the standard policy values. warnings.warn(
2026-03-05 08:45:03.471 8 INFO cinder.volume.api [req-cfcca260-7f15-422e-9637-ae5e0acd3cc0 req-3712904d-d346-4b4a-9213-332458876ebe 8ed3ef3252d64b1cbabc8f3398cb9225 3c4bfe57e2f247b79e3bdce035937432 - - default default] Volume info retrieved successfully.
2026-03-05 08:45:03.478 8 INFO cinder.api.openstack.wsgi [req-cfcca260-7f15-422e-9637-ae5e0acd3cc0 req-3712904d-d346-4b4a-9213-332458876ebe 8ed3ef3252d64b1cbabc8f3398cb9225 3c4bfe57e2f247b79e3bdce035937432 - - default default] http://cinder-api.openstack.svc.cluster.local:8776/v3/3c4bfe57e2f247b79e3bdce035937432/volumes/bf9b084e-ee1b-4c72-a291-9c18abaef09f returned with HTTP 200 [pid: 8|app: 0|req: 462/927] 199.204.45.222 () {32 vars in 824 bytes} [Thu Mar 5 08:45:03 2026] GET /v3/3c4bfe57e2f247b79e3bdce035937432/volumes/bf9b084e-ee1b-4c72-a291-9c18abaef09f => generated 1489 bytes in 30 msecs (HTTP/1.1 200) 7 headers in 286 bytes (1 switches on core 0) /var/lib/openstack/lib/python3.12/site-packages/pycadf/identifier.py:70: UserWarning: Invalid uuid: cinderv3. To ensure interoperability, identifiers should be a valid uuid. warnings.warn(('Invalid uuid: %s. To ensure interoperability, '
2026-03-05 08:45:03.889 7 INFO cinder.api.openstack.wsgi [req-3c77038a-62b9-442f-a22b-456475a64588 req-c2dbcb3b-f615-42de-92a3-827ae3690eb4 8ed3ef3252d64b1cbabc8f3398cb9225 3c4bfe57e2f247b79e3bdce035937432 - - default default] GET http://cinder-api.openstack.svc.cluster.local:8776/v3/3c4bfe57e2f247b79e3bdce035937432/volumes/bf9b084e-ee1b-4c72-a291-9c18abaef09f /var/lib/openstack/lib/python3.12/site-packages/oslo_context/context.py:101: DeprecationWarning: Policy enforcement is depending on the value of is_admin. This key is deprecated. Please update your policy file to use the standard policy values. warnings.warn(
2026-03-05 08:45:03.907 7 INFO cinder.volume.api [req-3c77038a-62b9-442f-a22b-456475a64588 req-c2dbcb3b-f615-42de-92a3-827ae3690eb4 8ed3ef3252d64b1cbabc8f3398cb9225 3c4bfe57e2f247b79e3bdce035937432 - - default default] Volume info retrieved successfully.
2026-03-05 08:45:03.913 7 INFO cinder.api.openstack.wsgi [req-3c77038a-62b9-442f-a22b-456475a64588 req-c2dbcb3b-f615-42de-92a3-827ae3690eb4 8ed3ef3252d64b1cbabc8f3398cb9225 3c4bfe57e2f247b79e3bdce035937432 - - default default] http://cinder-api.openstack.svc.cluster.local:8776/v3/3c4bfe57e2f247b79e3bdce035937432/volumes/bf9b084e-ee1b-4c72-a291-9c18abaef09f returned with HTTP 200 [pid: 7|app: 0|req: 466/928] 10.0.0.235 () {34 vars in 1027 bytes} [Thu Mar 5 08:45:03 2026] GET /v3/3c4bfe57e2f247b79e3bdce035937432/volumes/bf9b084e-ee1b-4c72-a291-9c18abaef09f => generated 1489 bytes in 38 msecs (HTTP/1.1 200) 7 headers in 286 bytes (1 switches on core 0) /var/lib/openstack/lib/python3.12/site-packages/pycadf/identifier.py:70: UserWarning: Invalid uuid: cinderv3. To ensure interoperability, identifiers should be a valid uuid. warnings.warn(('Invalid uuid: %s. To ensure interoperability, '
2026-03-05 08:45:04.284 8 INFO cinder.api.openstack.wsgi [req-3c77038a-62b9-442f-a22b-456475a64588 req-15861beb-592a-4bb1-8e66-0a5c38f4267b 8ed3ef3252d64b1cbabc8f3398cb9225 3c4bfe57e2f247b79e3bdce035937432 - - default default] GET http://cinder-api.openstack.svc.cluster.local:8776/v3/3c4bfe57e2f247b79e3bdce035937432/volumes/bf9b084e-ee1b-4c72-a291-9c18abaef09f /var/lib/openstack/lib/python3.12/site-packages/oslo_context/context.py:101: DeprecationWarning: Policy enforcement is depending on the value of is_admin. This key is deprecated. Please update your policy file to use the standard policy values. warnings.warn(
2026-03-05 08:45:04.298 8 INFO cinder.volume.api [req-3c77038a-62b9-442f-a22b-456475a64588 req-15861beb-592a-4bb1-8e66-0a5c38f4267b 8ed3ef3252d64b1cbabc8f3398cb9225 3c4bfe57e2f247b79e3bdce035937432 - - default default] Volume info retrieved successfully.
2026-03-05 08:45:04.305 8 INFO cinder.api.openstack.wsgi [req-3c77038a-62b9-442f-a22b-456475a64588 req-15861beb-592a-4bb1-8e66-0a5c38f4267b 8ed3ef3252d64b1cbabc8f3398cb9225 3c4bfe57e2f247b79e3bdce035937432 - - default default] http://cinder-api.openstack.svc.cluster.local:8776/v3/3c4bfe57e2f247b79e3bdce035937432/volumes/bf9b084e-ee1b-4c72-a291-9c18abaef09f returned with HTTP 200 [pid: 8|app: 0|req: 463/929] 10.0.0.235 () {34 vars in 1027 bytes} [Thu Mar 5 08:45:04 2026] GET /v3/3c4bfe57e2f247b79e3bdce035937432/volumes/bf9b084e-ee1b-4c72-a291-9c18abaef09f => generated 1489 bytes in 28 msecs (HTTP/1.1 200) 7 headers in 286 bytes (1 switches on core 0)
2026-03-05 08:45:04.315 7 INFO cinder.api.openstack.wsgi [req-3c77038a-62b9-442f-a22b-456475a64588 req-c2dbcb3b-f615-42de-92a3-827ae3690eb4 8ed3ef3252d64b1cbabc8f3398cb9225 3c4bfe57e2f247b79e3bdce035937432 - - default default] GET http://cinder-api.openstack.svc.cluster.local:8776/
2026-03-05 08:45:04.316 7 INFO cinder.api.openstack.wsgi [req-3c77038a-62b9-442f-a22b-456475a64588 req-c2dbcb3b-f615-42de-92a3-827ae3690eb4 8ed3ef3252d64b1cbabc8f3398cb9225 3c4bfe57e2f247b79e3bdce035937432 - - default default] http://cinder-api.openstack.svc.cluster.local:8776/ returned with HTTP 300 [pid: 7|app: 0|req: 467/930] 10.0.0.235 () {32 vars in 828 bytes} [Thu Mar 5 08:45:04 2026] GET / => generated 411 bytes in 3 msecs (HTTP/1.1 300) 5 headers in 169 bytes (1 switches on core 0) /var/lib/openstack/lib/python3.12/site-packages/pycadf/identifier.py:70: UserWarning: Invalid uuid: cinderv3. To ensure interoperability, identifiers should be a valid uuid. warnings.warn(('Invalid uuid: %s. To ensure interoperability, '
2026-03-05 08:45:04.326 8 INFO cinder.api.openstack.wsgi [req-3c77038a-62b9-442f-a22b-456475a64588 req-48a94ef2-9f8d-4dfc-bba4-a07740084339 8ed3ef3252d64b1cbabc8f3398cb9225 3c4bfe57e2f247b79e3bdce035937432 - - default default] POST http://cinder-api.openstack.svc.cluster.local:8776/v3/3c4bfe57e2f247b79e3bdce035937432/attachments /var/lib/openstack/lib/python3.12/site-packages/oslo_context/context.py:101: DeprecationWarning: Policy enforcement is depending on the value of is_admin. This key is deprecated. Please update your policy file to use the standard policy values. warnings.warn(
2026-03-05 08:45:04.368 8 INFO cinder.api.openstack.wsgi [req-3c77038a-62b9-442f-a22b-456475a64588 req-48a94ef2-9f8d-4dfc-bba4-a07740084339 8ed3ef3252d64b1cbabc8f3398cb9225 3c4bfe57e2f247b79e3bdce035937432 - - default default] http://cinder-api.openstack.svc.cluster.local:8776/v3/3c4bfe57e2f247b79e3bdce035937432/attachments returned with HTTP 200 [pid: 8|app: 0|req: 464/931] 10.0.0.235 () {40 vars in 1056 bytes} [Thu Mar 5 08:45:04 2026] POST /v3/3c4bfe57e2f247b79e3bdce035937432/attachments => generated 273 bytes in 49 msecs (HTTP/1.1 200) 7 headers in 286 bytes (1 switches on core 0) /var/lib/openstack/lib/python3.12/site-packages/pycadf/identifier.py:70: UserWarning: Invalid uuid: cinderv3. To ensure interoperability, identifiers should be a valid uuid. warnings.warn(('Invalid uuid: %s. To ensure interoperability, '
2026-03-05 08:45:06.850 7 INFO cinder.api.openstack.wsgi [None req-87986627-a37f-4c57-884e-effdb0cebb3a 8ed3ef3252d64b1cbabc8f3398cb9225 3c4bfe57e2f247b79e3bdce035937432 - - default default] GET http://cinder-api.openstack.svc.cluster.local:8776/v3/3c4bfe57e2f247b79e3bdce035937432/volumes/detail?all_tenants=true
2026-03-05 08:45:06.863 7 INFO cinder.volume.api [None req-87986627-a37f-4c57-884e-effdb0cebb3a 8ed3ef3252d64b1cbabc8f3398cb9225 3c4bfe57e2f247b79e3bdce035937432 - - default default] Get all volumes completed successfully. /var/lib/openstack/lib/python3.12/site-packages/oslo_context/context.py:101: DeprecationWarning: Policy enforcement is depending on the value of is_admin. This key is deprecated. Please update your policy file to use the standard policy values. warnings.warn(
2026-03-05 08:45:06.868 7 INFO cinder.api.openstack.wsgi [None req-87986627-a37f-4c57-884e-effdb0cebb3a 8ed3ef3252d64b1cbabc8f3398cb9225 3c4bfe57e2f247b79e3bdce035937432 - - default default] http://cinder-api.openstack.svc.cluster.local:8776/v3/3c4bfe57e2f247b79e3bdce035937432/volumes/detail?all_tenants=true returned with HTTP 200 [pid: 7|app: 0|req: 468/932] 10.0.0.179 () {28 vars in 683 bytes} [Thu Mar 5 08:45:06 2026] GET /v3/3c4bfe57e2f247b79e3bdce035937432/volumes/detail?all_tenants=true => generated 1491 bytes in 51 msecs (HTTP/1.1 200) 7 headers in 286 bytes (1 switches on core 0) /var/lib/openstack/lib/python3.12/site-packages/pycadf/identifier.py:70: UserWarning: Invalid uuid: cinderv3. To ensure interoperability, identifiers should be a valid uuid. warnings.warn(('Invalid uuid: %s. To ensure interoperability, '
2026-03-05 08:45:06.877 8 INFO cinder.api.openstack.wsgi [None req-bd123680-8b0f-4972-b884-78f8162fa7ed 8ed3ef3252d64b1cbabc8f3398cb9225 3c4bfe57e2f247b79e3bdce035937432 - - default default] GET http://cinder-api.openstack.svc.cluster.local:8776/v3/3c4bfe57e2f247b79e3bdce035937432/scheduler-stats/get_pools?detail=true /var/lib/openstack/lib/python3.12/site-packages/oslo_context/context.py:101: DeprecationWarning: Policy enforcement is depending on the value of is_admin. This key is deprecated. Please update your policy file to use the standard policy values. warnings.warn(
2026-03-05 08:45:07.380 8 INFO cinder.api.openstack.wsgi [None req-bd123680-8b0f-4972-b884-78f8162fa7ed 8ed3ef3252d64b1cbabc8f3398cb9225 3c4bfe57e2f247b79e3bdce035937432 - - default default] http://cinder-api.openstack.svc.cluster.local:8776/v3/3c4bfe57e2f247b79e3bdce035937432/scheduler-stats/get_pools?detail=true returned with HTTP 200 [pid: 8|app: 0|req: 465/933] 10.0.0.179 () {28 vars in 695 bytes} [Thu Mar 5 08:45:06 2026] GET /v3/3c4bfe57e2f247b79e3bdce035937432/scheduler-stats/get_pools?detail=true => generated 671 bytes in 508 msecs (HTTP/1.1 200) 7 headers in 285 bytes (1 switches on core 0) /var/lib/openstack/lib/python3.12/site-packages/pycadf/identifier.py:70: UserWarning: Invalid uuid: cinderv3. To ensure interoperability, identifiers should be a valid uuid. warnings.warn(('Invalid uuid: %s. To ensure interoperability, '
2026-03-05 08:45:07.393 7 INFO cinder.api.openstack.wsgi [None req-94f715d3-9acb-473d-a32b-fd55b75ad5f7 8ed3ef3252d64b1cbabc8f3398cb9225 3c4bfe57e2f247b79e3bdce035937432 - - default default] GET http://cinder-api.openstack.svc.cluster.local:8776/v3/3c4bfe57e2f247b79e3bdce035937432/os-services
2026-03-05 08:45:07.404 7 INFO cinder.api.openstack.wsgi [None req-94f715d3-9acb-473d-a32b-fd55b75ad5f7 8ed3ef3252d64b1cbabc8f3398cb9225 3c4bfe57e2f247b79e3bdce035937432 - - default default] http://cinder-api.openstack.svc.cluster.local:8776/v3/3c4bfe57e2f247b79e3bdce035937432/os-services returned with HTTP 200 [pid: 7|app: 0|req: 469/934] 10.0.0.179 () {28 vars in 644 bytes} [Thu Mar 5 08:45:07 2026] GET /v3/3c4bfe57e2f247b79e3bdce035937432/os-services => generated 646 bytes in 20 msecs (HTTP/1.1 200) 7 headers in 285 bytes (1 switches on core 0)
2026-03-05 08:45:07.416 8 INFO cinder.api.openstack.wsgi [None req-ea57f4e1-f5e7-4fb4-afcf-0a0e7e00394f 8ed3ef3252d64b1cbabc8f3398cb9225 3c4bfe57e2f247b79e3bdce035937432 - - default default] GET http://cinder-api.openstack.svc.cluster.local:8776/v3/3c4bfe57e2f247b79e3bdce035937432/snapshots?all_tenants=true
2026-03-05 08:45:07.432 8 INFO cinder.volume.api [None req-ea57f4e1-f5e7-4fb4-afcf-0a0e7e00394f 8ed3ef3252d64b1cbabc8f3398cb9225 3c4bfe57e2f247b79e3bdce035937432 - - default default] Get all snapshots completed successfully.
2026-03-05 08:45:07.432 8 INFO cinder.api.openstack.wsgi [None req-ea57f4e1-f5e7-4fb4-afcf-0a0e7e00394f 8ed3ef3252d64b1cbabc8f3398cb9225 3c4bfe57e2f247b79e3bdce035937432 - - default default] http://cinder-api.openstack.svc.cluster.local:8776/v3/3c4bfe57e2f247b79e3bdce035937432/snapshots?all_tenants=true returned with HTTP 200 [pid: 8|app: 0|req: 466/935] 10.0.0.179 () {28 vars in 673 bytes} [Thu Mar 5 08:45:07 2026] GET /v3/3c4bfe57e2f247b79e3bdce035937432/snapshots?all_tenants=true => generated 17 bytes in 25 msecs (HTTP/1.1 200) 7 headers in 284 bytes (1 switches on core 0)
2026-03-05 08:45:07.440 7 INFO cinder.api.openstack.wsgi [None req-de10cecd-d700-4dae-a000-d52b25fdc7a8 8ed3ef3252d64b1cbabc8f3398cb9225 3c4bfe57e2f247b79e3bdce035937432 - - default default] GET http://cinder-api.openstack.svc.cluster.local:8776/v3/3c4bfe57e2f247b79e3bdce035937432/volumes/detail?all_tenants=true
2026-03-05 08:45:07.453 7 INFO cinder.volume.api [None req-de10cecd-d700-4dae-a000-d52b25fdc7a8 8ed3ef3252d64b1cbabc8f3398cb9225 3c4bfe57e2f247b79e3bdce035937432 - - default default] Get all volumes completed successfully. /var/lib/openstack/lib/python3.12/site-packages/oslo_context/context.py:101: DeprecationWarning: Policy enforcement is depending on the value of is_admin. This key is deprecated. Please update your policy file to use the standard policy values. warnings.warn(
2026-03-05 08:45:07.459 7 INFO cinder.api.openstack.wsgi [None req-de10cecd-d700-4dae-a000-d52b25fdc7a8 8ed3ef3252d64b1cbabc8f3398cb9225 3c4bfe57e2f247b79e3bdce035937432 - - default default] http://cinder-api.openstack.svc.cluster.local:8776/v3/3c4bfe57e2f247b79e3bdce035937432/volumes/detail?all_tenants=true returned with HTTP 200 [pid: 7|app: 0|req: 470/936] 10.0.0.179 () {28 vars in 683 bytes} [Thu Mar 5 08:45:07 2026] GET /v3/3c4bfe57e2f247b79e3bdce035937432/volumes/detail?all_tenants=true => generated 1491 bytes in 23 msecs (HTTP/1.1 200) 7 headers in 286 bytes (1 switches on core 0)
2026-03-05 08:45:07.504 8 INFO cinder.api.openstack.wsgi [None req-239fa5d9-c614-49d6-b160-5cc571ae1079 8ed3ef3252d64b1cbabc8f3398cb9225 3c4bfe57e2f247b79e3bdce035937432 - - default default] GET http://cinder-api.openstack.svc.cluster.local:8776/v3/3c4bfe57e2f247b79e3bdce035937432/os-quota-sets/19f9dee4cb0c4f049020be8bd7076604?usage=true
2026-03-05 08:45:07.528 8 INFO cinder.api.openstack.wsgi [None req-239fa5d9-c614-49d6-b160-5cc571ae1079 8ed3ef3252d64b1cbabc8f3398cb9225 3c4bfe57e2f247b79e3bdce035937432 - - default default] http://cinder-api.openstack.svc.cluster.local:8776/v3/3c4bfe57e2f247b79e3bdce035937432/os-quota-sets/19f9dee4cb0c4f049020be8bd7076604?usage=true returned with HTTP 200 [pid: 8|app: 0|req: 467/937] 10.0.0.179 () {28 vars in 735 bytes} [Thu Mar 5 08:45:07 2026] GET /v3/3c4bfe57e2f247b79e3bdce035937432/os-quota-sets/19f9dee4cb0c4f049020be8bd7076604?usage=true => generated 847 bytes in 36 msecs (HTTP/1.1 200) 7 headers in 285 bytes (1 switches on core 0) /var/lib/openstack/lib/python3.12/site-packages/pycadf/identifier.py:70: UserWarning: Invalid uuid: cinderv3. To ensure interoperability, identifiers should be a valid uuid. warnings.warn(('Invalid uuid: %s. To ensure interoperability, '
2026-03-05 08:45:07.538 7 INFO cinder.api.openstack.wsgi [None req-569edce2-6e7f-42c2-848a-639810331727 8ed3ef3252d64b1cbabc8f3398cb9225 3c4bfe57e2f247b79e3bdce035937432 - - default default] GET http://cinder-api.openstack.svc.cluster.local:8776/v3/3c4bfe57e2f247b79e3bdce035937432/os-quota-sets/1e5f3f2202224f5bb0937eed4dab61ac?usage=true
2026-03-05 08:45:07.553 7 INFO cinder.api.openstack.wsgi [None req-569edce2-6e7f-42c2-848a-639810331727 8ed3ef3252d64b1cbabc8f3398cb9225 3c4bfe57e2f247b79e3bdce035937432 - - default default] http://cinder-api.openstack.svc.cluster.local:8776/v3/3c4bfe57e2f247b79e3bdce035937432/os-quota-sets/1e5f3f2202224f5bb0937eed4dab61ac?usage=true returned with HTTP 200 [pid: 7|app: 0|req: 471/938] 10.0.0.179 () {28 vars in 735 bytes} [Thu Mar 5 08:45:07 2026] GET /v3/3c4bfe57e2f247b79e3bdce035937432/os-quota-sets/1e5f3f2202224f5bb0937eed4dab61ac?usage=true => generated 847 bytes in 20 msecs (HTTP/1.1 200) 7 headers in 285 bytes (1 switches on core 0)
2026-03-05 08:45:07.563 8 INFO cinder.api.openstack.wsgi [None req-e209c4c0-2b62-4fc2-95b8-d0dd655d7689 8ed3ef3252d64b1cbabc8f3398cb9225 3c4bfe57e2f247b79e3bdce035937432 - - default default] GET http://cinder-api.openstack.svc.cluster.local:8776/v3/3c4bfe57e2f247b79e3bdce035937432/os-quota-sets/242b91495ca7457488ef987d4d5ba851?usage=true
2026-03-05 08:45:07.590 8 INFO cinder.api.openstack.wsgi [None req-e209c4c0-2b62-4fc2-95b8-d0dd655d7689 8ed3ef3252d64b1cbabc8f3398cb9225 3c4bfe57e2f247b79e3bdce035937432 - - default default] http://cinder-api.openstack.svc.cluster.local:8776/v3/3c4bfe57e2f247b79e3bdce035937432/os-quota-sets/242b91495ca7457488ef987d4d5ba851?usage=true returned with HTTP 200 [pid: 8|app: 0|req: 468/939] 10.0.0.179 () {28 vars in 735 bytes} [Thu Mar 5 08:45:07 2026] GET /v3/3c4bfe57e2f247b79e3bdce035937432/os-quota-sets/242b91495ca7457488ef987d4d5ba851?usage=true => generated 847 bytes in 35 msecs (HTTP/1.1 200) 7 headers in 285 bytes (1 switches on core 0)
2026-03-05 08:45:07.599 7 INFO cinder.api.openstack.wsgi [None req-b68bad5d-9900-432a-a78c-36a4fd915e00 8ed3ef3252d64b1cbabc8f3398cb9225 3c4bfe57e2f247b79e3bdce035937432 - - default default] GET http://cinder-api.openstack.svc.cluster.local:8776/v3/3c4bfe57e2f247b79e3bdce035937432/os-quota-sets/3c4bfe57e2f247b79e3bdce035937432?usage=true
2026-03-05 08:45:07.638 7 INFO cinder.api.openstack.wsgi [None req-b68bad5d-9900-432a-a78c-36a4fd915e00 8ed3ef3252d64b1cbabc8f3398cb9225 3c4bfe57e2f247b79e3bdce035937432 - - default default] http://cinder-api.openstack.svc.cluster.local:8776/v3/3c4bfe57e2f247b79e3bdce035937432/os-quota-sets/3c4bfe57e2f247b79e3bdce035937432?usage=true returned with HTTP 200 [pid: 7|app: 0|req: 472/940] 10.0.0.179 () {28 vars in 735 bytes} [Thu Mar 5 08:45:07 2026] GET /v3/3c4bfe57e2f247b79e3bdce035937432/os-quota-sets/3c4bfe57e2f247b79e3bdce035937432?usage=true => generated 847 bytes in 45 msecs (HTTP/1.1 200) 7 headers in 285 bytes (1 switches on core 0)
2026-03-05 08:45:07.647 8 INFO cinder.api.openstack.wsgi [None req-ea8adce5-7305-4134-9c69-42aeac187a82 8ed3ef3252d64b1cbabc8f3398cb9225 3c4bfe57e2f247b79e3bdce035937432 - - default default] GET http://cinder-api.openstack.svc.cluster.local:8776/v3/3c4bfe57e2f247b79e3bdce035937432/os-quota-sets/42fb95b0697e432480af17c35b7d4a2a?usage=true
2026-03-05 08:45:07.667 8 INFO cinder.api.openstack.wsgi [None req-ea8adce5-7305-4134-9c69-42aeac187a82 8ed3ef3252d64b1cbabc8f3398cb9225 3c4bfe57e2f247b79e3bdce035937432 - - default default] http://cinder-api.openstack.svc.cluster.local:8776/v3/3c4bfe57e2f247b79e3bdce035937432/os-quota-sets/42fb95b0697e432480af17c35b7d4a2a?usage=true returned with HTTP 200 [pid: 8|app: 0|req: 469/941] 10.0.0.179 () {28 vars in 735 bytes} [Thu Mar 5 08:45:07 2026] GET /v3/3c4bfe57e2f247b79e3bdce035937432/os-quota-sets/42fb95b0697e432480af17c35b7d4a2a?usage=true => generated 847 bytes in 28 msecs (HTTP/1.1 200) 7 headers in 285 bytes (1 switches on core 0)
2026-03-05 08:45:07.677 7 INFO cinder.api.openstack.wsgi [None req-5fd96774-bb83-4b7e-9aaa-899ff05d17e9 8ed3ef3252d64b1cbabc8f3398cb9225 3c4bfe57e2f247b79e3bdce035937432 - - default default] GET http://cinder-api.openstack.svc.cluster.local:8776/v3/3c4bfe57e2f247b79e3bdce035937432/os-quota-sets/6b544b78636042eba04ee8b37a955228?usage=true
2026-03-05 08:45:07.701 7 INFO cinder.api.openstack.wsgi [None req-5fd96774-bb83-4b7e-9aaa-899ff05d17e9 8ed3ef3252d64b1cbabc8f3398cb9225 3c4bfe57e2f247b79e3bdce035937432 - - default default] http://cinder-api.openstack.svc.cluster.local:8776/v3/3c4bfe57e2f247b79e3bdce035937432/os-quota-sets/6b544b78636042eba04ee8b37a955228?usage=true returned with HTTP 200 [pid: 7|app: 0|req: 473/942] 10.0.0.179 () {28 vars in 735 bytes} [Thu Mar 5 08:45:07 2026] GET /v3/3c4bfe57e2f247b79e3bdce035937432/os-quota-sets/6b544b78636042eba04ee8b37a955228?usage=true => generated 847 bytes in 30 msecs (HTTP/1.1 200) 7 headers in 285 bytes (1 switches on core 0)
2026-03-05 08:45:07.713 8 INFO cinder.api.openstack.wsgi [None req-e0ae4003-d353-4139-904e-58781a54a772 8ed3ef3252d64b1cbabc8f3398cb9225 3c4bfe57e2f247b79e3bdce035937432 - - default default] GET http://cinder-api.openstack.svc.cluster.local:8776/v3/3c4bfe57e2f247b79e3bdce035937432/os-quota-sets/93a4cd5a5c85434690c640acae4ed7d1?usage=true
2026-03-05 08:45:07.741 8 INFO cinder.api.openstack.wsgi [None req-e0ae4003-d353-4139-904e-58781a54a772 8ed3ef3252d64b1cbabc8f3398cb9225 3c4bfe57e2f247b79e3bdce035937432 - - default default] http://cinder-api.openstack.svc.cluster.local:8776/v3/3c4bfe57e2f247b79e3bdce035937432/os-quota-sets/93a4cd5a5c85434690c640acae4ed7d1?usage=true returned with HTTP 200 [pid: 8|app: 0|req: 470/943] 10.0.0.179 () {28 vars in 735 bytes} [Thu Mar 5 08:45:07 2026] GET /v3/3c4bfe57e2f247b79e3bdce035937432/os-quota-sets/93a4cd5a5c85434690c640acae4ed7d1?usage=true => generated 847 bytes in 39 msecs (HTTP/1.1 200) 7 headers in 285 bytes (1 switches on core 0)
2026-03-05 08:45:07.754 7 INFO cinder.api.openstack.wsgi [None req-4aef66aa-5ca3-4528-8d38-854cc8f9885c 8ed3ef3252d64b1cbabc8f3398cb9225 3c4bfe57e2f247b79e3bdce035937432 - - default default] GET http://cinder-api.openstack.svc.cluster.local:8776/v3/3c4bfe57e2f247b79e3bdce035937432/os-quota-sets/abd3e01a19884f0cb2c5a5ba291592fa?usage=true
2026-03-05 08:45:07.760 8 INFO cinder.api.openstack.wsgi [req-cfcca260-7f15-422e-9637-ae5e0acd3cc0 req-35911a28-05ae-4d69-b10e-a62348804851 8ed3ef3252d64b1cbabc8f3398cb9225 3c4bfe57e2f247b79e3bdce035937432 - - default default] GET http://cinder-api.openstack.svc.cluster.local:8776/v3/3c4bfe57e2f247b79e3bdce035937432/volumes/bf9b084e-ee1b-4c72-a291-9c18abaef09f
2026-03-05 08:45:07.772 7 INFO cinder.api.openstack.wsgi [None req-4aef66aa-5ca3-4528-8d38-854cc8f9885c 8ed3ef3252d64b1cbabc8f3398cb9225 3c4bfe57e2f247b79e3bdce035937432 - - default default] http://cinder-api.openstack.svc.cluster.local:8776/v3/3c4bfe57e2f247b79e3bdce035937432/os-quota-sets/abd3e01a19884f0cb2c5a5ba291592fa?usage=true returned with HTTP 200 /var/lib/openstack/lib/python3.12/site-packages/oslo_context/context.py:101: DeprecationWarning: Policy enforcement is depending on the value of is_admin. This key is deprecated. Please update your policy file to use the standard policy values. warnings.warn( [pid: 7|app: 0|req: 474/944] 10.0.0.179 () {28 vars in 735 bytes} [Thu Mar 5 08:45:07 2026] GET /v3/3c4bfe57e2f247b79e3bdce035937432/os-quota-sets/abd3e01a19884f0cb2c5a5ba291592fa?usage=true => generated 847 bytes in 26 msecs (HTTP/1.1 200) 7 headers in 285 bytes (1 switches on core 0)
2026-03-05 08:45:07.777 8 INFO cinder.volume.api [req-cfcca260-7f15-422e-9637-ae5e0acd3cc0 req-35911a28-05ae-4d69-b10e-a62348804851 8ed3ef3252d64b1cbabc8f3398cb9225 3c4bfe57e2f247b79e3bdce035937432 - - default default] Volume info retrieved successfully.
2026-03-05 08:45:07.779 7 INFO cinder.api.openstack.wsgi [None req-a012d2e7-51f2-411c-a09d-01aea6b33edf 8ed3ef3252d64b1cbabc8f3398cb9225 3c4bfe57e2f247b79e3bdce035937432 - - default default] GET http://cinder-api.openstack.svc.cluster.local:8776/v3/3c4bfe57e2f247b79e3bdce035937432/os-quota-sets/cdfed56e8e284c4383330ca64e6c0d16?usage=true
2026-03-05 08:45:07.781 8 INFO cinder.api.openstack.wsgi [req-cfcca260-7f15-422e-9637-ae5e0acd3cc0 req-35911a28-05ae-4d69-b10e-a62348804851 8ed3ef3252d64b1cbabc8f3398cb9225 3c4bfe57e2f247b79e3bdce035937432 - - default default] http://cinder-api.openstack.svc.cluster.local:8776/v3/3c4bfe57e2f247b79e3bdce035937432/volumes/bf9b084e-ee1b-4c72-a291-9c18abaef09f returned with HTTP 200 [pid: 8|app: 0|req: 471/945] 199.204.45.222 () {32 vars in 824 bytes} [Thu Mar 5 08:45:07 2026] GET /v3/3c4bfe57e2f247b79e3bdce035937432/volumes/bf9b084e-ee1b-4c72-a291-9c18abaef09f => generated 1488 bytes in 25 msecs (HTTP/1.1 200) 7 headers in 286 bytes (1 switches on core 0)
2026-03-05 08:45:07.796 7 INFO cinder.api.openstack.wsgi [None req-a012d2e7-51f2-411c-a09d-01aea6b33edf 8ed3ef3252d64b1cbabc8f3398cb9225 3c4bfe57e2f247b79e3bdce035937432 - - default default] http://cinder-api.openstack.svc.cluster.local:8776/v3/3c4bfe57e2f247b79e3bdce035937432/os-quota-sets/cdfed56e8e284c4383330ca64e6c0d16?usage=true returned with HTTP 200 [pid: 7|app: 0|req: 475/946] 10.0.0.179 () {28 vars in 735 bytes} [Thu Mar 5 08:45:07 2026] GET /v3/3c4bfe57e2f247b79e3bdce035937432/os-quota-sets/cdfed56e8e284c4383330ca64e6c0d16?usage=true => generated 847 bytes in 21 msecs (HTTP/1.1 200) 7 headers in 285 bytes (1 switches on core 0) /var/lib/openstack/lib/python3.12/site-packages/pycadf/identifier.py:70: UserWarning: Invalid uuid: cinderv3. To ensure interoperability, identifiers should be a valid uuid. warnings.warn(('Invalid uuid: %s. To ensure interoperability, '
2026-03-05 08:45:07.807 8 INFO cinder.api.openstack.wsgi [None req-643ebdec-cccd-4a62-9774-6d90a1db5947 8ed3ef3252d64b1cbabc8f3398cb9225 3c4bfe57e2f247b79e3bdce035937432 - - default default] GET http://cinder-api.openstack.svc.cluster.local:8776/v3/3c4bfe57e2f247b79e3bdce035937432/os-quota-sets/e660558113e74bb59aac639058988403?usage=true
2026-03-05 08:45:07.825 8 INFO cinder.api.openstack.wsgi [None req-643ebdec-cccd-4a62-9774-6d90a1db5947 8ed3ef3252d64b1cbabc8f3398cb9225 3c4bfe57e2f247b79e3bdce035937432 - - default default] http://cinder-api.openstack.svc.cluster.local:8776/v3/3c4bfe57e2f247b79e3bdce035937432/os-quota-sets/e660558113e74bb59aac639058988403?usage=true returned with HTTP 200 [pid: 8|app: 0|req: 472/947] 10.0.0.179 () {28 vars in 735 bytes} [Thu Mar 5 08:45:07 2026] GET /v3/3c4bfe57e2f247b79e3bdce035937432/os-quota-sets/e660558113e74bb59aac639058988403?usage=true => generated 845 bytes in 26 msecs (HTTP/1.1 200) 7 headers in 285 bytes (1 switches on core 0)
2026-03-05 08:45:07.833 7 INFO cinder.api.openstack.wsgi [None req-80c774dc-40d2-46c7-854c-6b2d12420f11 8ed3ef3252d64b1cbabc8f3398cb9225 3c4bfe57e2f247b79e3bdce035937432 - - default default] GET http://cinder-api.openstack.svc.cluster.local:8776/v3/3c4bfe57e2f247b79e3bdce035937432/os-quota-sets/ff6a6276846e40a5aca6523732e19351?usage=true
2026-03-05 08:45:07.850 7 INFO cinder.api.openstack.wsgi [None req-80c774dc-40d2-46c7-854c-6b2d12420f11 8ed3ef3252d64b1cbabc8f3398cb9225 3c4bfe57e2f247b79e3bdce035937432 - - default default] http://cinder-api.openstack.svc.cluster.local:8776/v3/3c4bfe57e2f247b79e3bdce035937432/os-quota-sets/ff6a6276846e40a5aca6523732e19351?usage=true returned with HTTP 200 [pid: 7|app: 0|req: 476/948] 10.0.0.179 () {28 vars in 735 bytes} [Thu Mar 5 08:45:07 2026] GET /v3/3c4bfe57e2f247b79e3bdce035937432/os-quota-sets/ff6a6276846e40a5aca6523732e19351?usage=true => generated 847 bytes in 22 msecs (HTTP/1.1 200) 7 headers in 285 bytes (1 switches on core 0)
2026-03-05 08:45:08.948 8 INFO cinder.api.openstack.wsgi [None req-643ebdec-cccd-4a62-9774-6d90a1db5947 8ed3ef3252d64b1cbabc8f3398cb9225 3c4bfe57e2f247b79e3bdce035937432 - - default default] GET http://10.0.0.229:8776/
2026-03-05 08:45:08.949 8 INFO cinder.api.openstack.wsgi [None req-643ebdec-cccd-4a62-9774-6d90a1db5947 8ed3ef3252d64b1cbabc8f3398cb9225 3c4bfe57e2f247b79e3bdce035937432 - - default default] http://10.0.0.229:8776/ returned with HTTP 300
2026-03-05 08:45:08.949 7 INFO cinder.api.openstack.wsgi [None req-80c774dc-40d2-46c7-854c-6b2d12420f11 8ed3ef3252d64b1cbabc8f3398cb9225 3c4bfe57e2f247b79e3bdce035937432 - - default default] GET http://10.0.0.229:8776/
2026-03-05 08:45:08.950 7 INFO cinder.api.openstack.wsgi [None req-80c774dc-40d2-46c7-854c-6b2d12420f11 8ed3ef3252d64b1cbabc8f3398cb9225 3c4bfe57e2f247b79e3bdce035937432 - - default default] http://10.0.0.229:8776/ returned with HTTP 300
2026-03-05 08:45:09.763 8 INFO cinder.api.openstack.wsgi [None req-643ebdec-cccd-4a62-9774-6d90a1db5947 8ed3ef3252d64b1cbabc8f3398cb9225 3c4bfe57e2f247b79e3bdce035937432 - - default default] GET http://cinder-api.openstack.svc.cluster.local:8776/
2026-03-05 08:45:09.764 8 INFO cinder.api.openstack.wsgi [None req-643ebdec-cccd-4a62-9774-6d90a1db5947 8ed3ef3252d64b1cbabc8f3398cb9225 3c4bfe57e2f247b79e3bdce035937432 - - default default] http://cinder-api.openstack.svc.cluster.local:8776/ returned with HTTP 300 [pid: 8|app: 0|req: 474/951] 199.204.45.222 () {32 vars in 839 bytes} [Thu Mar 5 08:45:09 2026] GET / => generated 411 bytes in 3 msecs (HTTP/1.1 300) 5 headers in 169 bytes (1 switches on core 0)
2026-03-05 08:45:09.776 7 INFO cinder.api.openstack.wsgi [req-3c77038a-62b9-442f-a22b-456475a64588 req-d064926c-8895-452b-ada3-5c006882e301 8ed3ef3252d64b1cbabc8f3398cb9225 3c4bfe57e2f247b79e3bdce035937432 - - default default] GET http://cinder-api.openstack.svc.cluster.local:8776/v3/3c4bfe57e2f247b79e3bdce035937432/volumes/bf9b084e-ee1b-4c72-a291-9c18abaef09f /var/lib/openstack/lib/python3.12/site-packages/oslo_context/context.py:101: DeprecationWarning: Policy enforcement is depending on the value of is_admin. This key is deprecated. Please update your policy file to use the standard policy values. warnings.warn(
2026-03-05 08:45:09.796 7 INFO cinder.volume.api [req-3c77038a-62b9-442f-a22b-456475a64588 req-d064926c-8895-452b-ada3-5c006882e301 8ed3ef3252d64b1cbabc8f3398cb9225 3c4bfe57e2f247b79e3bdce035937432 - - default default] Volume info retrieved successfully.
2026-03-05 08:45:09.805 7 INFO cinder.api.openstack.wsgi [req-3c77038a-62b9-442f-a22b-456475a64588 req-d064926c-8895-452b-ada3-5c006882e301 8ed3ef3252d64b1cbabc8f3398cb9225 3c4bfe57e2f247b79e3bdce035937432 - - default default] http://cinder-api.openstack.svc.cluster.local:8776/v3/3c4bfe57e2f247b79e3bdce035937432/volumes/bf9b084e-ee1b-4c72-a291-9c18abaef09f returned with HTTP 200 [pid: 7|app: 0|req: 478/952] 199.204.45.222 () {36 vars in 1072 bytes} [Thu Mar 5 08:45:09 2026] GET /v3/3c4bfe57e2f247b79e3bdce035937432/volumes/bf9b084e-ee1b-4c72-a291-9c18abaef09f => generated 1712 bytes in 37 msecs (HTTP/1.1 200) 7 headers in 287 bytes (1 switches on core 0)
2026-03-05 08:45:09.871 8 INFO cinder.api.openstack.wsgi [req-3c77038a-62b9-442f-a22b-456475a64588 req-488129e8-07dd-486f-b92a-38cd9eee6724 8ed3ef3252d64b1cbabc8f3398cb9225 3c4bfe57e2f247b79e3bdce035937432 - - default default] PUT http://cinder-api.openstack.svc.cluster.local:8776/v3/3c4bfe57e2f247b79e3bdce035937432/attachments/721a32d6-4c19-4db7-86ca-9323fcd9a63c /var/lib/openstack/lib/python3.12/site-packages/oslo_context/context.py:101: DeprecationWarning: Policy enforcement is depending on the value of is_admin. This key is deprecated. Please update your policy file to use the standard policy values. warnings.warn(
2026-03-05 08:45:10.418 8 INFO cinder.api.openstack.wsgi [req-3c77038a-62b9-442f-a22b-456475a64588 req-488129e8-07dd-486f-b92a-38cd9eee6724 8ed3ef3252d64b1cbabc8f3398cb9225 3c4bfe57e2f247b79e3bdce035937432 - - default default] http://cinder-api.openstack.svc.cluster.local:8776/v3/3c4bfe57e2f247b79e3bdce035937432/attachments/721a32d6-4c19-4db7-86ca-9323fcd9a63c returned with HTTP 200 [pid: 8|app: 0|req: 475/953] 199.204.45.222 () {40 vars in 1134 bytes} [Thu Mar 5 08:45:09 2026] PUT /v3/3c4bfe57e2f247b79e3bdce035937432/attachments/721a32d6-4c19-4db7-86ca-9323fcd9a63c => generated 802 bytes in 555 msecs (HTTP/1.1 200) 7 headers in 286 bytes (1 switches on core 0) /var/lib/openstack/lib/python3.12/site-packages/pycadf/identifier.py:70: UserWarning: Invalid uuid: cinderv3. To ensure interoperability, identifiers should be a valid uuid. warnings.warn(('Invalid uuid: %s. To ensure interoperability, '
2026-03-05 08:45:10.710 7 INFO cinder.api.openstack.wsgi [req-cfcca260-7f15-422e-9637-ae5e0acd3cc0 req-0c8bd07e-7433-46b8-ab30-94327322e8d9 8ed3ef3252d64b1cbabc8f3398cb9225 3c4bfe57e2f247b79e3bdce035937432 - - default default] GET http://cinder-api.openstack.svc.cluster.local:8776/v3/3c4bfe57e2f247b79e3bdce035937432/volumes/bf9b084e-ee1b-4c72-a291-9c18abaef09f /var/lib/openstack/lib/python3.12/site-packages/oslo_context/context.py:101: DeprecationWarning: Policy enforcement is depending on the value of is_admin. This key is deprecated. Please update your policy file to use the standard policy values. warnings.warn(
2026-03-05 08:45:10.726 7 INFO cinder.volume.api [req-cfcca260-7f15-422e-9637-ae5e0acd3cc0 req-0c8bd07e-7433-46b8-ab30-94327322e8d9 8ed3ef3252d64b1cbabc8f3398cb9225 3c4bfe57e2f247b79e3bdce035937432 - - default default] Volume info retrieved successfully.
2026-03-05 08:45:10.731 7 INFO cinder.api.openstack.wsgi [req-cfcca260-7f15-422e-9637-ae5e0acd3cc0 req-0c8bd07e-7433-46b8-ab30-94327322e8d9 8ed3ef3252d64b1cbabc8f3398cb9225 3c4bfe57e2f247b79e3bdce035937432 - - default default] http://cinder-api.openstack.svc.cluster.local:8776/v3/3c4bfe57e2f247b79e3bdce035937432/volumes/bf9b084e-ee1b-4c72-a291-9c18abaef09f returned with HTTP 200 [pid: 7|app: 0|req: 479/954] 199.204.45.222 () {32 vars in 824 bytes} [Thu Mar 5 08:45:10 2026] GET /v3/3c4bfe57e2f247b79e3bdce035937432/volumes/bf9b084e-ee1b-4c72-a291-9c18abaef09f => generated 1489 bytes in 29 msecs (HTTP/1.1 200) 7 headers in 286 bytes (1 switches on core 0) /var/lib/openstack/lib/python3.12/site-packages/pycadf/identifier.py:70: UserWarning: Invalid uuid: cinderv3. To ensure interoperability, identifiers should be a valid uuid. warnings.warn(('Invalid uuid: %s. To ensure interoperability, '
2026-03-05 08:45:10.933 8 INFO cinder.api.openstack.wsgi [req-3c77038a-62b9-442f-a22b-456475a64588 req-aa440ebf-e6ee-40ae-aa46-3ad950c14ffe 8ed3ef3252d64b1cbabc8f3398cb9225 3c4bfe57e2f247b79e3bdce035937432 - - default default] POST http://cinder-api.openstack.svc.cluster.local:8776/v3/3c4bfe57e2f247b79e3bdce035937432/attachments/721a32d6-4c19-4db7-86ca-9323fcd9a63c/action /var/lib/openstack/lib/python3.12/site-packages/oslo_context/context.py:101: DeprecationWarning: Policy enforcement is depending on the value of is_admin. This key is deprecated. Please update your policy file to use the standard policy values. warnings.warn(
2026-03-05 08:45:10.974 8 INFO cinder.api.openstack.wsgi [req-3c77038a-62b9-442f-a22b-456475a64588 req-aa440ebf-e6ee-40ae-aa46-3ad950c14ffe 8ed3ef3252d64b1cbabc8f3398cb9225 3c4bfe57e2f247b79e3bdce035937432 - - default default] http://cinder-api.openstack.svc.cluster.local:8776/v3/3c4bfe57e2f247b79e3bdce035937432/attachments/721a32d6-4c19-4db7-86ca-9323fcd9a63c/action returned with HTTP 204 [pid: 8|app: 0|req: 476/955] 199.204.45.222 () {40 vars in 1147 bytes} [Thu Mar 5 08:45:10 2026] POST /v3/3c4bfe57e2f247b79e3bdce035937432/attachments/721a32d6-4c19-4db7-86ca-9323fcd9a63c/action => generated 0 bytes in 49 msecs (HTTP/1.1 204) 7 headers in 292 bytes (1 switches on core 0) /var/lib/openstack/lib/python3.12/site-packages/pycadf/identifier.py:70: UserWarning: Invalid uuid: cinderv3. To ensure interoperability, identifiers should be a valid uuid. warnings.warn(('Invalid uuid: %s. To ensure interoperability, '
2026-03-05 08:45:13.484 7 INFO cinder.api.openstack.wsgi [req-cfcca260-7f15-422e-9637-ae5e0acd3cc0 req-746bf79b-efde-4150-b29a-e5df0ebb4ba1 8ed3ef3252d64b1cbabc8f3398cb9225 3c4bfe57e2f247b79e3bdce035937432 - - default default] GET http://cinder-api.openstack.svc.cluster.local:8776/v3/3c4bfe57e2f247b79e3bdce035937432/volumes/bf9b084e-ee1b-4c72-a291-9c18abaef09f /var/lib/openstack/lib/python3.12/site-packages/oslo_context/context.py:101: DeprecationWarning: Policy enforcement is depending on the value of is_admin. This key is deprecated. Please update your policy file to use the standard policy values. warnings.warn(
2026-03-05 08:45:13.500 7 INFO cinder.volume.api [req-cfcca260-7f15-422e-9637-ae5e0acd3cc0 req-746bf79b-efde-4150-b29a-e5df0ebb4ba1 8ed3ef3252d64b1cbabc8f3398cb9225 3c4bfe57e2f247b79e3bdce035937432 - - default default] Volume info retrieved successfully.
2026-03-05 08:45:13.506 7 INFO cinder.api.openstack.wsgi [req-cfcca260-7f15-422e-9637-ae5e0acd3cc0 req-746bf79b-efde-4150-b29a-e5df0ebb4ba1 8ed3ef3252d64b1cbabc8f3398cb9225 3c4bfe57e2f247b79e3bdce035937432 - - default default] http://cinder-api.openstack.svc.cluster.local:8776/v3/3c4bfe57e2f247b79e3bdce035937432/volumes/bf9b084e-ee1b-4c72-a291-9c18abaef09f returned with HTTP 200 [pid: 7|app: 0|req: 480/956] 199.204.45.222 () {32 vars in 824 bytes} [Thu Mar 5 08:45:13 2026] GET /v3/3c4bfe57e2f247b79e3bdce035937432/volumes/bf9b084e-ee1b-4c72-a291-9c18abaef09f => generated 1787 bytes in 27 msecs (HTTP/1.1 200) 7 headers in 286 bytes (1 switches on core 0) /var/lib/openstack/lib/python3.12/site-packages/pycadf/identifier.py:70: UserWarning: Invalid uuid: cinderv3. To ensure interoperability, identifiers should be a valid uuid. warnings.warn(('Invalid uuid: %s. To ensure interoperability, '
