Jun 17 17:11:42.333260 np0000181248 devstack@neutron-api.service[107505]: DEBUG neutron_lib.callbacks.manager [None req-ecb1c0e1-661d-4a8b-b2b8-268615000443 None None] Publish callbacks ['neutron.plugins.ml2.drivers.ovn.mech_driver.mech_driver.OVNMechanismDriver.post_fork_initialize-460648', 'neutron.services.pvlan.drivers.ovn.driver._initialize_pvlan_pg_drop-8755811622582', 'neutron.services.ovn_l3.plugin.OVNL3RouterPlugin._post_fork_initialize-725675'] for process (None), after_init {{(pid=107505) _notify_loop /opt/stack/data/venv/lib/python3.12/site-packages/neutron_lib/callbacks/manager.py:184}}
Jun 17 17:11:42.333565 np0000181248 devstack@neutron-api.service[107506]: DEBUG neutron.api.extensions [None req-fc13c446-a348-4035-9f6a-5527b1927853 None None] Ext name="standard-attr-description" alias="standard-attr-description" description="Extension to add descriptions to standard attributes" updated="2016-02-10T10:00:00-00:00" {{(pid=107506) _check_extension /opt/stack/neutron/neutron/api/extensions.py:415}}
Jun 17 17:11:42.333697 np0000181248 devstack@neutron-api.service[107505]: DEBUG oslo_concurrency.lockutils [None req-ecb1c0e1-661d-4a8b-b2b8-268615000443 None None] Acquiring lock "singleton_lock" {{(pid=107505) lock /opt/stack/data/venv/lib/python3.12/site-packages/oslo_concurrency/lockutils.py:395}}
Jun 17 17:11:42.333795 np0000181248 devstack@neutron-api.service[107506]: INFO neutron.api.extensions [None req-fc13c446-a348-4035-9f6a-5527b1927853 None None] Loaded extension: standard-attr-description
Jun 17 17:11:42.333894 np0000181248 devstack@neutron-api.service[107506]: DEBUG neutron.api.extensions [None req-fc13c446-a348-4035-9f6a-5527b1927853 None None] Loading extension file: stateful_security_group.py {{(pid=107506) _load_all_extensions_from_path /opt/stack/neutron/neutron/api/extensions.py:449}}
Jun 17 17:11:42.333995 np0000181248 devstack@neutron-api.service[107505]: DEBUG oslo_concurrency.lockutils [None req-ecb1c0e1-661d-4a8b-b2b8-268615000443 None None] Acquired lock "singleton_lock" {{(pid=107505) lock /opt/stack/data/venv/lib/python3.12/site-packages/oslo_concurrency/lockutils.py:398}}
Jun 17 17:11:42.334281 np0000181248 devstack@neutron-api.service[107506]: DEBUG neutron.api.extensions [None req-fc13c446-a348-4035-9f6a-5527b1927853 None None] Ext name="Stateful security group" alias="stateful-security-group" description="Indicates if the security group is stateful or not" updated="2019-11-26T09:00:00-00:00" {{(pid=107506) _check_extension /opt/stack/neutron/neutron/api/extensions.py:415}}
Jun 17 17:11:42.334414 np0000181248 devstack@neutron-api.service[107505]: DEBUG oslo_concurrency.lockutils [None req-ecb1c0e1-661d-4a8b-b2b8-268615000443 None None] Releasing lock "singleton_lock" {{(pid=107505) lock /opt/stack/data/venv/lib/python3.12/site-packages/oslo_concurrency/lockutils.py:418}}
Jun 17 17:11:42.334525 np0000181248 devstack@neutron-api.service[107506]: INFO neutron.api.extensions [None req-fc13c446-a348-4035-9f6a-5527b1927853 None None] Loaded extension: stateful-security-group
Jun 17 17:11:42.334615 np0000181248 devstack@neutron-api.service[107506]: DEBUG neutron.api.extensions [None req-fc13c446-a348-4035-9f6a-5527b1927853 None None] Loading extension file: stdattrs_common.py {{(pid=107506) _load_all_extensions_from_path /opt/stack/neutron/neutron/api/extensions.py:449}}
Jun 17 17:11:42.334943 np0000181248 devstack@neutron-api.service[107506]: WARNING neutron.api.extensions [None req-fc13c446-a348-4035-9f6a-5527b1927853 None None] Did not find expected name "Stdattrs_common" in /opt/stack/neutron/neutron/extensions/stdattrs_common.py
Jun 17 17:11:42.335079 np0000181248 devstack@neutron-api.service[107506]: DEBUG neutron.api.extensions [None req-fc13c446-a348-4035-9f6a-5527b1927853 None None] Loading extension file: subnet_dns_publish_fixed_ip.py {{(pid=107506) _load_all_extensions_from_path /opt/stack/neutron/neutron/api/extensions.py:449}}
Jun 17 17:11:42.335408 np0000181248 devstack@neutron-api.service[107506]: DEBUG neutron.api.extensions [None req-fc13c446-a348-4035-9f6a-5527b1927853 None None] Ext name="Subnet DNS publish fixed IP" alias="subnet-dns-publish-fixed-ip" description="Support choosing to publish DNS records for IPs from a subnet" updated="2019-05-24T10:00:00-00:00" {{(pid=107506) _check_extension /opt/stack/neutron/neutron/api/extensions.py:415}}
Jun 17 17:11:42.335708 np0000181248 devstack@neutron-api.service[107506]: INFO neutron.api.extensions [None req-fc13c446-a348-4035-9f6a-5527b1927853 None None] Loaded extension: subnet-dns-publish-fixed-ip
Jun 17 17:11:42.335906 np0000181248 devstack@neutron-api.service[107506]: DEBUG neutron.api.extensions [None req-fc13c446-a348-4035-9f6a-5527b1927853 None None] Loading extension file: subnet_external_network.py {{(pid=107506) _load_all_extensions_from_path /opt/stack/neutron/neutron/api/extensions.py:449}}
Jun 17 17:11:42.336308 np0000181248 devstack@neutron-api.service[107506]: DEBUG neutron.api.extensions [None req-fc13c446-a348-4035-9f6a-5527b1927853 None None] Ext name="Subnet belongs to an external network" alias="subnet-external-network" description="Informs if the subnet belongs to an external network" updated="2024-02-05T18:00:00-00:00" {{(pid=107506) _check_extension /opt/stack/neutron/neutron/api/extensions.py:415}}
Jun 17 17:11:42.336405 np0000181248 devstack@neutron-api.service[107505]: DEBUG neutron.plugins.ml2.drivers.ovn.mech_driver.mech_driver [None req-ecb1c0e1-661d-4a8b-b2b8-268615000443 None None] Hash Ring setup using WSGI start time 2026-06-17 17:11:34+00:00 {{(pid=107505) _init_hash_ring /opt/stack/neutron/neutron/plugins/ml2/drivers/ovn/mech_driver/mech_driver.py:404}}
Jun 17 17:11:42.336585 np0000181248 devstack@neutron-api.service[107506]: INFO neutron.api.extensions [None req-fc13c446-a348-4035-9f6a-5527b1927853 None None] Loaded extension: subnet-external-network
Jun 17 17:11:42.336806 np0000181248 devstack@neutron-api.service[107506]: DEBUG neutron.api.extensions [None req-fc13c446-a348-4035-9f6a-5527b1927853 None None] Loading extension file: subnet_onboard.py {{(pid=107506) _load_all_extensions_from_path /opt/stack/neutron/neutron/api/extensions.py:449}}
Jun 17 17:11:42.337277 np0000181248 devstack@neutron-api.service[107506]: DEBUG neutron.api.extensions [None req-fc13c446-a348-4035-9f6a-5527b1927853 None None] Ext name="Subnet Onboard" alias="subnet_onboard" description="Provides support for onboarding subnets into subnet pools" updated="2018-12-18T09:00:00-00:00" {{(pid=107506) _check_extension /opt/stack/neutron/neutron/api/extensions.py:415}}
Jun 17 17:11:42.337540 np0000181248 devstack@neutron-api.service[107506]: INFO neutron.api.extensions [None req-fc13c446-a348-4035-9f6a-5527b1927853 None None] Loaded extension: subnet_onboard
Jun 17 17:11:42.337727 np0000181248 devstack@neutron-api.service[107506]: DEBUG neutron.api.extensions [None req-fc13c446-a348-4035-9f6a-5527b1927853 None None] Loading extension file: subnet_segmentid_writable.py {{(pid=107506) _load_all_extensions_from_path /opt/stack/neutron/neutron/api/extensions.py:449}}
Jun 17 17:11:42.337977 np0000181248 devstack@neutron-api.service[107506]: DEBUG neutron.api.extensions [None req-fc13c446-a348-4035-9f6a-5527b1927853 None None] Ext name="Subnet SegmentID (writable)" alias="subnet-segmentid-writable" description="Provides a writable segment_id attribute for a subnet resource." updated="2018-03-12T00:00:00-00:00" {{(pid=107506) _check_extension /opt/stack/neutron/neutron/api/extensions.py:415}}
Jun 17 17:11:42.338213 np0000181248 devstack@neutron-api.service[107506]: INFO neutron.api.extensions [None req-fc13c446-a348-4035-9f6a-5527b1927853 None None] Extension subnet-segmentid-writable not supported by any of loaded plugins
Jun 17 17:11:42.338316 np0000181248 devstack@neutron-api.service[107506]: DEBUG neutron.api.extensions [None req-fc13c446-a348-4035-9f6a-5527b1927853 None None] Loading extension file: subnet_service_types.py {{(pid=107506) _load_all_extensions_from_path /opt/stack/neutron/neutron/api/extensions.py:449}}
Jun 17 17:11:42.338676 np0000181248 devstack@neutron-api.service[107506]: DEBUG neutron.api.extensions [None req-fc13c446-a348-4035-9f6a-5527b1927853 None None] Ext name="Subnet service types" alias="subnet-service-types" description="Provides ability to set the subnet service_types field" updated="2016-03-15T18:00:00-00:00" {{(pid=107506) _check_extension /opt/stack/neutron/neutron/api/extensions.py:415}}
Jun 17 17:11:42.338970 np0000181248 devstack@neutron-api.service[107506]: INFO neutron.api.extensions [None req-fc13c446-a348-4035-9f6a-5527b1927853 None None] Loaded extension: subnet-service-types
Jun 17 17:11:42.339069 np0000181248 devstack@neutron-api.service[107506]: DEBUG neutron.api.extensions [None req-fc13c446-a348-4035-9f6a-5527b1927853 None None] Loading extension file: subnetallocation.py {{(pid=107506) _load_all_extensions_from_path /opt/stack/neutron/neutron/api/extensions.py:449}}
Jun 17 17:11:42.339521 np0000181248 devstack@neutron-api.service[107506]: DEBUG neutron.api.extensions [None req-fc13c446-a348-4035-9f6a-5527b1927853 None None] Ext name="Subnet Allocation" alias="subnet_allocation" description="Enables allocation of subnets from a subnet pool" updated="2015-03-30T10:00:00-00:00" {{(pid=107506) _check_extension /opt/stack/neutron/neutron/api/extensions.py:415}}
Jun 17 17:11:42.339807 np0000181248 devstack@neutron-api.service[107506]: INFO neutron.api.extensions [None req-fc13c446-a348-4035-9f6a-5527b1927853 None None] Loaded extension: subnet_allocation
Jun 17 17:11:42.339807 np0000181248 devstack@neutron-api.service[107506]: DEBUG neutron.api.extensions [None req-fc13c446-a348-4035-9f6a-5527b1927853 None None] Loading extension file: subnetpool_prefix_ops.py {{(pid=107506) _load_all_extensions_from_path /opt/stack/neutron/neutron/api/extensions.py:449}}
Jun 17 17:11:42.340126 np0000181248 devstack@neutron-api.service[107506]: DEBUG neutron.api.extensions [None req-fc13c446-a348-4035-9f6a-5527b1927853 None None] Ext name="Subnet Pool Prefix Operations" alias="subnetpool-prefix-ops" description="Provides support for adjusting the prefix list of subnet pools" updated="2019-02-08T10:00:00-00:00" {{(pid=107506) _check_extension /opt/stack/neutron/neutron/api/extensions.py:415}}
Jun 17 17:11:42.340368 np0000181248 devstack@neutron-api.service[107506]: INFO neutron.api.extensions [None req-fc13c446-a348-4035-9f6a-5527b1927853 None None] Loaded extension: subnetpool-prefix-ops
Jun 17 17:11:42.340518 np0000181248 devstack@neutron-api.service[107506]: DEBUG neutron.api.extensions [None req-fc13c446-a348-4035-9f6a-5527b1927853 None None] Loading extension file: tag_creation.py {{(pid=107506) _load_all_extensions_from_path /opt/stack/neutron/neutron/api/extensions.py:449}}
Jun 17 17:11:42.340845 np0000181248 devstack@neutron-api.service[107506]: DEBUG neutron.api.extensions [None req-fc13c446-a348-4035-9f6a-5527b1927853 None None] Ext name="Tag creation extension" alias="tag-creation" description="Allow to create multiple tags for a resource" updated="2024-23-07T10:00:00-00:00" {{(pid=107506) _check_extension /opt/stack/neutron/neutron/api/extensions.py:415}}
Jun 17 17:11:42.341090 np0000181248 devstack@neutron-api.service[107506]: INFO neutron.api.extensions [None req-fc13c446-a348-4035-9f6a-5527b1927853 None None] Loaded extension: tag-creation
Jun 17 17:11:42.341230 np0000181248 devstack@neutron-api.service[107506]: DEBUG neutron.api.extensions [None req-fc13c446-a348-4035-9f6a-5527b1927853 None None] Loading extension file: tag_ports_during_bulk_creation.py {{(pid=107506) _load_all_extensions_from_path /opt/stack/neutron/neutron/api/extensions.py:449}}
Jun 17 17:11:42.341555 np0000181248 devstack@neutron-api.service[107506]: DEBUG neutron.api.extensions [None req-fc13c446-a348-4035-9f6a-5527b1927853 None None] Ext name="Tag Ports During Bulk Creation" alias="tag-ports-during-bulk-creation" description="Allow to tag ports during bulk creation" updated="2019-12-29T19:00:00-00:00" {{(pid=107506) _check_extension /opt/stack/neutron/neutron/api/extensions.py:415}}
Jun 17 17:11:42.341791 np0000181248 devstack@neutron-api.service[107506]: INFO neutron.api.extensions [None req-fc13c446-a348-4035-9f6a-5527b1927853 None None] Extension tag-ports-during-bulk-creation not supported by any of loaded plugins
Jun 17 17:11:42.342004 np0000181248 devstack@neutron-api.service[107506]: DEBUG neutron.api.extensions [None req-fc13c446-a348-4035-9f6a-5527b1927853 None None] Loading extension file: tagging.py {{(pid=107506) _load_all_extensions_from_path /opt/stack/neutron/neutron/api/extensions.py:449}}
Jun 17 17:11:42.343513 np0000181248 devstack@neutron-api.service[107506]: DEBUG neutron.api.extensions [None req-fc13c446-a348-4035-9f6a-5527b1927853 None None] Ext name="Tag support for resources with standard attribute: port, subnet, subnetpool, network, security_group, router, floatingip, policy, trunk, network_segment_range" alias="standard-attr-tag" description="Enables to set tag on resources with standard attribute." updated="2017-01-01T00:00:00-00:00" {{(pid=107506) _check_extension /opt/stack/neutron/neutron/api/extensions.py:415}}
Jun 17 17:11:42.343751 np0000181248 devstack@neutron-api.service[107506]: INFO neutron.api.extensions [None req-fc13c446-a348-4035-9f6a-5527b1927853 None None] Loaded extension: standard-attr-tag
Jun 17 17:11:42.344291 np0000181248 devstack@neutron-api.service[107506]: DEBUG neutron.api.extensions [None req-fc13c446-a348-4035-9f6a-5527b1927853 None None] Loading extension file: timestamp.py {{(pid=107506) _load_all_extensions_from_path /opt/stack/neutron/neutron/api/extensions.py:449}}
Jun 17 17:11:42.344291 np0000181248 devstack@neutron-api.service[107506]: DEBUG neutron.api.extensions [None req-fc13c446-a348-4035-9f6a-5527b1927853 None None] Ext name="Resource timestamps" alias="standard-attr-timestamp" description="Adds created_at and updated_at fields to all Neutron resources that have Neutron standard attributes." updated="2016-09-12T10:00:00-00:00" {{(pid=107506) _check_extension /opt/stack/neutron/neutron/api/extensions.py:415}}
Jun 17 17:11:42.344514 np0000181248 devstack@neutron-api.service[107506]: INFO neutron.api.extensions [None req-fc13c446-a348-4035-9f6a-5527b1927853 None None] Loaded extension: standard-attr-timestamp
Jun 17 17:11:42.344670 np0000181248 devstack@neutron-api.service[107506]: DEBUG neutron.api.extensions [None req-fc13c446-a348-4035-9f6a-5527b1927853 None None] Loading extension file: trunk.py {{(pid=107506) _load_all_extensions_from_path /opt/stack/neutron/neutron/api/extensions.py:449}}
Jun 17 17:11:42.344978 np0000181248 devstack@neutron-api.service[107506]: DEBUG neutron.api.extensions [None req-fc13c446-a348-4035-9f6a-5527b1927853 None None] Ext name="Trunk Extension" alias="trunk" description="Provides support for trunk ports" updated="2016-01-01T10:00:00-00:00" {{(pid=107506) _check_extension /opt/stack/neutron/neutron/api/extensions.py:415}}
Jun 17 17:11:42.345227 np0000181248 devstack@neutron-api.service[107506]: INFO neutron.api.extensions [None req-fc13c446-a348-4035-9f6a-5527b1927853 None None] Extension trunk not supported by any of loaded plugins
Jun 17 17:11:42.345321 np0000181248 devstack@neutron-api.service[107506]: DEBUG neutron.api.extensions [None req-fc13c446-a348-4035-9f6a-5527b1927853 None None] Loading extension file: trunk_details.py {{(pid=107506) _load_all_extensions_from_path /opt/stack/neutron/neutron/api/extensions.py:449}}
Jun 17 17:11:42.345698 np0000181248 devstack@neutron-api.service[107506]: DEBUG neutron.api.extensions [None req-fc13c446-a348-4035-9f6a-5527b1927853 None None] Ext name="Trunk port details" alias="trunk-details" description="Expose trunk port details" updated="2016-01-01T10:00:00-00:00" {{(pid=107506) _check_extension /opt/stack/neutron/neutron/api/extensions.py:415}}
Jun 17 17:11:42.345903 np0000181248 devstack@neutron-api.service[107506]: INFO neutron.api.extensions [None req-fc13c446-a348-4035-9f6a-5527b1927853 None None] Extension trunk-details not supported by any of loaded plugins
Jun 17 17:11:42.346034 np0000181248 devstack@neutron-api.service[107506]: DEBUG neutron.api.extensions [None req-fc13c446-a348-4035-9f6a-5527b1927853 None None] Loading extension file: uplink_status_propagation.py {{(pid=107506) _load_all_extensions_from_path /opt/stack/neutron/neutron/api/extensions.py:449}}
Jun 17 17:11:42.346383 np0000181248 devstack@neutron-api.service[107506]: DEBUG neutron.api.extensions [None req-fc13c446-a348-4035-9f6a-5527b1927853 None None] Ext name="Uplink status propagation extension" alias="uplink-status-propagation" description="Provides ability to propagate port uplink status." updated="2018-05-31T18:00:00-00:00" {{(pid=107506) _check_extension /opt/stack/neutron/neutron/api/extensions.py:415}}
Jun 17 17:11:42.346596 np0000181248 devstack@neutron-api.service[107506]: INFO neutron.api.extensions [None req-fc13c446-a348-4035-9f6a-5527b1927853 None None] Extension uplink-status-propagation not supported by any of loaded plugins
Jun 17 17:11:42.346732 np0000181248 devstack@neutron-api.service[107506]: DEBUG neutron.api.extensions [None req-fc13c446-a348-4035-9f6a-5527b1927853 None None] Loading extension file: uplink_status_propagation_updatable.py {{(pid=107506) _load_all_extensions_from_path /opt/stack/neutron/neutron/api/extensions.py:449}}
Jun 17 17:11:42.347071 np0000181248 devstack@neutron-api.service[107506]: DEBUG neutron.api.extensions [None req-fc13c446-a348-4035-9f6a-5527b1927853 None None] Ext name="Uplink status propagation updatable extension" alias="uplink-status-propagation-updatable" description="Provides ability to update the port uplink status." updated="2024-09-03T18:00:00-00:00" {{(pid=107506) _check_extension /opt/stack/neutron/neutron/api/extensions.py:415}}
Jun 17 17:11:42.347712 np0000181248 devstack@neutron-api.service[107506]: INFO neutron.api.extensions [None req-fc13c446-a348-4035-9f6a-5527b1927853 None None] Extension uplink-status-propagation-updatable not supported by any of loaded plugins
Jun 17 17:11:42.347712 np0000181248 devstack@neutron-api.service[107506]: DEBUG neutron.api.extensions [None req-fc13c446-a348-4035-9f6a-5527b1927853 None None] Loading extension file: vlantransparent.py {{(pid=107506) _load_all_extensions_from_path /opt/stack/neutron/neutron/api/extensions.py:449}}
Jun 17 17:11:42.348310 np0000181248 devstack@neutron-api.service[107505]: INFO neutron.db.ovn_hash_ring_db [None req-ecb1c0e1-661d-4a8b-b2b8-268615000443 None None] Nodes from host "np0000181248" and group "mechanism_driver" removed from the Hash Ring created at 2026-06-17 17:11:34+00:00
Jun 17 17:11:42.348870 np0000181248 devstack@neutron-api.service[107506]: DEBUG neutron.api.extensions [None req-fc13c446-a348-4035-9f6a-5527b1927853 None None] Ext name="Vlantransparent" alias="vlan-transparent" description="Provides Vlan Transparent Networks" updated="2015-03-23T09:00:00-00:00" {{(pid=107506) _check_extension /opt/stack/neutron/neutron/api/extensions.py:415}}
Jun 17 17:11:42.348870 np0000181248 devstack@neutron-api.service[107506]: INFO neutron.api.extensions [None req-fc13c446-a348-4035-9f6a-5527b1927853 None None] Loaded extension: vlan-transparent
Jun 17 17:11:42.349514 np0000181248 devstack@neutron-api.service[107503]: DEBUG oslo_concurrency.processutils [None req-d0dc94b2-6733-43f8-a3f5-53089c34397e None None] CMD "ovsdb-client transact ssl:199.19.213.249:6641 --timeout 180 -p /opt/stack/data/CA/int-ca/private/devstack-cert.key -c /opt/stack/data/CA/int-ca/devstack-cert.crt -C /opt/stack/data/CA/int-ca/ca-chain.pem ["OVN_Northbound", {"op": "wait", "timeout": 0, "table": "Port_Group", "where": [["name", "==", "neutron_pg_drop"]], "until": "==", "rows": []}, {"op": "insert", "table": "ACL", "row": {"action": "drop", "direction": "to-lport", "match": "outport == @neutron_pg_drop && ip", "priority": 1001}, "uuid-name": "droptoport"}, {"op": "insert", "table": "ACL", "row": {"action": "drop", "direction": "from-lport", "match": "inport == @neutron_pg_drop && ip", "priority": 1001}, "uuid-name": "dropfromport"}, {"op": "insert", "table": "Port_Group", "row": {"name": "neutron_pg_drop", "acls": ["set", [["named-uuid", "droptoport"], ["named-uuid", "dropfromport"]]]}}]" returned: 0 in 0.036s {{(pid=107503) execute /opt/stack/data/venv/lib/python3.12/site-packages/oslo_concurrency/processutils.py:468}}
Jun 17 17:11:42.351511 np0000181248 devstack@neutron-api.service[107506]: INFO neutron.quota.resource_registry [None req-fc13c446-a348-4035-9f6a-5527b1927853 None None] Creating instance of TrackedResource for resource:network
Jun 17 17:11:42.351844 np0000181248 devstack@neutron-api.service[107506]: INFO neutron.quota.resource_registry [None req-fc13c446-a348-4035-9f6a-5527b1927853 None None] Creating instance of TrackedResource for resource:subnet
Jun 17 17:11:42.352030 np0000181248 devstack@neutron-api.service[107505]: INFO neutron.db.ovn_hash_ring_db [None req-ecb1c0e1-661d-4a8b-b2b8-268615000443 None None] Node a06ea7c281105598a2dc38386b15c121 from host "np0000181248" and group "mechanism_driver" added to the Hash Ring
Jun 17 17:11:42.352143 np0000181248 devstack@neutron-api.service[107506]: INFO neutron.quota.resource_registry [None req-fc13c446-a348-4035-9f6a-5527b1927853 None None] Creating instance of TrackedResource for resource:subnetpool
Jun 17 17:11:42.352143 np0000181248 devstack@neutron-api.service[107506]: INFO neutron.quota.resource_registry [None req-fc13c446-a348-4035-9f6a-5527b1927853 None None] Creating instance of TrackedResource for resource:port
Jun 17 17:11:42.352866 np0000181248 devstack@neutron-api.service[107503]: DEBUG neutron_lib.callbacks.manager [None req-d0dc94b2-6733-43f8-a3f5-53089c34397e None None] Publish callbacks ['neutron.plugins.ml2.drivers.ovn.mech_driver.mech_driver.OVNMechanismDriver.post_fork_initialize-461367', 'neutron.services.pvlan.drivers.ovn.driver._initialize_pvlan_pg_drop-8755811635724', 'neutron.services.ovn_l3.plugin.OVNL3RouterPlugin._post_fork_initialize-124267'] for process (None), after_init {{(pid=107503) _notify_loop /opt/stack/data/venv/lib/python3.12/site-packages/neutron_lib/callbacks/manager.py:184}}
Jun 17 17:11:42.353232 np0000181248 devstack@neutron-api.service[107503]: DEBUG oslo_concurrency.lockutils [None req-d0dc94b2-6733-43f8-a3f5-53089c34397e None None] Acquiring lock "singleton_lock" {{(pid=107503) lock /opt/stack/data/venv/lib/python3.12/site-packages/oslo_concurrency/lockutils.py:395}}
Jun 17 17:11:42.353333 np0000181248 devstack@neutron-api.service[107503]: DEBUG oslo_concurrency.lockutils [None req-d0dc94b2-6733-43f8-a3f5-53089c34397e None None] Acquired lock "singleton_lock" {{(pid=107503) lock /opt/stack/data/venv/lib/python3.12/site-packages/oslo_concurrency/lockutils.py:398}}
Jun 17 17:11:42.353563 np0000181248 devstack@neutron-api.service[107503]: DEBUG oslo_concurrency.lockutils [None req-d0dc94b2-6733-43f8-a3f5-53089c34397e None None] Releasing lock "singleton_lock" {{(pid=107503) lock /opt/stack/data/venv/lib/python3.12/site-packages/oslo_concurrency/lockutils.py:418}}
Jun 17 17:11:42.354837 np0000181248 devstack@neutron-api.service[107506]: DEBUG neutron.api.v2.resource_helper [None req-fc13c446-a348-4035-9f6a-5527b1927853 None None] Service L3_ROUTER_NAT assigned prefix: {{(pid=107506) build_resource_info /opt/stack/neutron/neutron/api/v2/resource_helper.py:77}}
Jun 17 17:11:42.355388 np0000181248 devstack@neutron-api.service[107506]: DEBUG neutron.api.v2.resource_helper [None req-fc13c446-a348-4035-9f6a-5527b1927853 None None] Service FLAVORS assigned prefix: {{(pid=107506) build_resource_info /opt/stack/neutron/neutron/api/v2/resource_helper.py:77}}
Jun 17 17:11:42.355925 np0000181248 devstack@neutron-api.service[107503]: DEBUG neutron.plugins.ml2.drivers.ovn.mech_driver.mech_driver [None req-d0dc94b2-6733-43f8-a3f5-53089c34397e None None] Hash Ring setup using WSGI start time 2026-06-17 17:11:34+00:00 {{(pid=107503) _init_hash_ring /opt/stack/neutron/neutron/plugins/ml2/drivers/ovn/mech_driver/mech_driver.py:404}}
Jun 17 17:11:42.356432 np0000181248 devstack@neutron-api.service[107506]: DEBUG neutron.api.v2.resource_helper [None req-fc13c446-a348-4035-9f6a-5527b1927853 None None] Service L3_ROUTER_NAT assigned prefix: {{(pid=107506) build_resource_info /opt/stack/neutron/neutron/api/v2/resource_helper.py:77}}
Jun 17 17:11:42.357122 np0000181248 devstack@neutron-api.service[107506]: DEBUG neutron.api.v2.resource_helper [None req-fc13c446-a348-4035-9f6a-5527b1927853 None None] Service L3_ROUTER_NAT assigned prefix: {{(pid=107506) build_resource_info /opt/stack/neutron/neutron/api/v2/resource_helper.py:77}}
Jun 17 17:11:42.357311 np0000181248 devstack@neutron-api.service[107506]: INFO neutron.quota.resource_registry [None req-fc13c446-a348-4035-9f6a-5527b1927853 None None] Creating instance of TrackedResource for resource:router
Jun 17 17:11:42.357414 np0000181248 devstack@neutron-api.service[107505]: DEBUG neutron.plugins.ml2.drivers.ovn.mech_driver.mech_driver [None req-ecb1c0e1-661d-4a8b-b2b8-268615000443 None None] Hash Ring setup, this worker has detected 2 OVN hash ring registers in the database {{(pid=107505) _init_hash_ring /opt/stack/neutron/neutron/plugins/ml2/drivers/ovn/mech_driver/mech_driver.py:414}}
Jun 17 17:11:42.358065 np0000181248 devstack@neutron-api.service[107506]: INFO neutron.quota.resource_registry [None req-fc13c446-a348-4035-9f6a-5527b1927853 None None] Creating instance of TrackedResource for resource:floatingip
Jun 17 17:11:42.359773 np0000181248 devstack@neutron-api.service[107506]: INFO neutron.quota.resource_registry [None req-fc13c446-a348-4035-9f6a-5527b1927853 None None] Creating instance of CountableResource for resource:rbac_policy
Jun 17 17:11:42.361076 np0000181248 devstack@neutron-api.service[107506]: INFO neutron.quota.resource_registry [None req-fc13c446-a348-4035-9f6a-5527b1927853 None None] Creating instance of TrackedResource for resource:security_group
Jun 17 17:11:42.361656 np0000181248 devstack@neutron-api.service[107506]: INFO neutron.quota.resource_registry [None req-fc13c446-a348-4035-9f6a-5527b1927853 None None] Creating instance of TrackedResource for resource:security_group_rule
Jun 17 17:11:42.361918 np0000181248 devstack@neutron-api.service[107503]: INFO neutron.db.ovn_hash_ring_db [None req-d0dc94b2-6733-43f8-a3f5-53089c34397e None None] Nodes from host "np0000181248" and group "mechanism_driver" removed from the Hash Ring created at 2026-06-17 17:11:34+00:00
Jun 17 17:11:42.362457 np0000181248 devstack@neutron-api.service[107506]: DEBUG neutron.api.v2.resource_helper [None req-fc13c446-a348-4035-9f6a-5527b1927853 None None] Service CORE assigned prefix: {{(pid=107506) build_resource_info /opt/stack/neutron/neutron/api/v2/resource_helper.py:77}}
Jun 17 17:11:42.362667 np0000181248 devstack@neutron-api.service[107506]: INFO neutron.quota.resource_registry [None req-fc13c446-a348-4035-9f6a-5527b1927853 None None] Creating instance of TrackedResource for resource:subnetpool
Jun 17 17:11:42.362928 np0000181248 devstack@neutron-api.service[107506]: WARNING neutron.quota.resource_registry [None req-fc13c446-a348-4035-9f6a-5527b1927853 None None] subnetpool is already registered
Jun 17 17:11:42.363609 np0000181248 devstack@neutron-api.service[107506]: DEBUG neutron.api.v2.resource_helper [None req-fc13c446-a348-4035-9f6a-5527b1927853 None None] Service CORE assigned prefix: {{(pid=107506) build_resource_info /opt/stack/neutron/neutron/api/v2/resource_helper.py:77}}
Jun 17 17:11:42.363726 np0000181248 devstack@neutron-api.service[107505]: DEBUG neutron.plugins.ml2.drivers.ovn.mech_driver.ovsdb.maintenance [None req-ecb1c0e1-661d-4a8b-b2b8-268615000443 None None] Periodic task found: HashRingHealthCheckPeriodics.touch_hash_ring_node {{(pid=107505) add_periodics /opt/stack/neutron/neutron/plugins/ml2/drivers/ovn/mech_driver/ovsdb/maintenance.py:146}}
Jun 17 17:11:42.363818 np0000181248 devstack@neutron-api.service[107506]: INFO neutron.quota.resource_registry [None req-fc13c446-a348-4035-9f6a-5527b1927853 None None] Creating instance of TrackedResource for resource:subnetpool
Jun 17 17:11:42.364047 np0000181248 devstack@neutron-api.service[107506]: WARNING neutron.quota.resource_registry [None req-fc13c446-a348-4035-9f6a-5527b1927853 None None] subnetpool is already registered
Jun 17 17:11:42.364860 np0000181248 devstack@neutron-api.service[107505]: INFO neutron.plugins.ml2.drivers.ovn.mech_driver.mech_driver [None req-ecb1c0e1-661d-4a8b-b2b8-268615000443 None None] Hash Ring probing thread for node a06ea7c281105598a2dc38386b15c121 has started
Jun 17 17:11:42.365206 np0000181248 devstack@neutron-api.service[107503]: INFO neutron.db.ovn_hash_ring_db [None req-d0dc94b2-6733-43f8-a3f5-53089c34397e None None] Node 6e94c0a21129564eab9bcd13160d41c6 from host "np0000181248" and group "mechanism_driver" added to the Hash Ring
Jun 17 17:11:42.366222 np0000181248 devstack@neutron-api.service[107505]: INFO neutron.plugins.ml2.drivers.ovn.mech_driver.ovsdb.impl_idl_ovn [None req-ecb1c0e1-661d-4a8b-b2b8-268615000443 None None] Getting OvsdbNbOvnIdl for WorkerService with retry
Jun 17 17:11:42.368441 np0000181248 devstack@neutron-api.service[107506]: DEBUG neutron.api.v2.resource_helper [None req-fc13c446-a348-4035-9f6a-5527b1927853 None None] Service L3_ROUTER_NAT assigned prefix: {{(pid=107506) build_resource_info /opt/stack/neutron/neutron/api/v2/resource_helper.py:77}}
Jun 17 17:11:42.368916 np0000181248 devstack@neutron-api.service[107503]: DEBUG neutron.plugins.ml2.drivers.ovn.mech_driver.mech_driver [None req-d0dc94b2-6733-43f8-a3f5-53089c34397e None None] Hash Ring setup, this worker has detected 3 OVN hash ring registers in the database {{(pid=107503) _init_hash_ring /opt/stack/neutron/neutron/plugins/ml2/drivers/ovn/mech_driver/mech_driver.py:414}}
Jun 17 17:11:42.369029 np0000181248 devstack@neutron-api.service[107506]: DEBUG neutron.api.v2.resource_helper [None req-fc13c446-a348-4035-9f6a-5527b1927853 None None] Service FLAVORS assigned prefix: {{(pid=107506) build_resource_info /opt/stack/neutron/neutron/api/v2/resource_helper.py:77}}
Jun 17 17:11:42.370559 np0000181248 devstack@neutron-api.service[107506]: DEBUG neutron.api.v2.resource_helper [None req-fc13c446-a348-4035-9f6a-5527b1927853 None None] Service L3_ROUTER_NAT assigned prefix: {{(pid=107506) build_resource_info /opt/stack/neutron/neutron/api/v2/resource_helper.py:77}}
Jun 17 17:11:42.371182 np0000181248 devstack@neutron-api.service[107506]: DEBUG neutron.api.v2.resource_helper [None req-fc13c446-a348-4035-9f6a-5527b1927853 None None] Service L3_ROUTER_NAT assigned prefix: {{(pid=107506) build_resource_info /opt/stack/neutron/neutron/api/v2/resource_helper.py:77}}
Jun 17 17:11:42.371617 np0000181248 devstack@neutron-api.service[107506]: INFO neutron.quota.resource_registry [None req-fc13c446-a348-4035-9f6a-5527b1927853 None None] Creating instance of TrackedResource for resource:router
Jun 17 17:11:42.372141 np0000181248 devstack@neutron-api.service[107506]: WARNING neutron.quota.resource_registry [None req-fc13c446-a348-4035-9f6a-5527b1927853 None None] router is already registered
Jun 17 17:11:42.372373 np0000181248 devstack@neutron-api.service[107506]: INFO neutron.quota.resource_registry [None req-fc13c446-a348-4035-9f6a-5527b1927853 None None] Creating instance of TrackedResource for resource:floatingip
Jun 17 17:11:42.372622 np0000181248 devstack@neutron-api.service[107506]: WARNING neutron.quota.resource_registry [None req-fc13c446-a348-4035-9f6a-5527b1927853 None None] floatingip is already registered
Jun 17 17:11:42.374317 np0000181248 devstack@neutron-api.service[107506]: INFO neutron.quota.resource_registry [None req-fc13c446-a348-4035-9f6a-5527b1927853 None None] Creating instance of CountableResource for resource:rbac_policy
Jun 17 17:11:42.374478 np0000181248 devstack@neutron-api.service[107506]: WARNING neutron.quota.resource_registry [None req-fc13c446-a348-4035-9f6a-5527b1927853 None None] rbac_policy is already registered
Jun 17 17:11:42.375738 np0000181248 devstack@neutron-api.service[107506]: INFO neutron.quota.resource_registry [None req-fc13c446-a348-4035-9f6a-5527b1927853 None None] Creating instance of TrackedResource for resource:security_group
Jun 17 17:11:42.375950 np0000181248 devstack@neutron-api.service[107506]: WARNING neutron.quota.resource_registry [None req-fc13c446-a348-4035-9f6a-5527b1927853 None None] security_group is already registered
Jun 17 17:11:42.376357 np0000181248 devstack@neutron-api.service[107503]: DEBUG neutron.plugins.ml2.drivers.ovn.mech_driver.ovsdb.maintenance [None req-d0dc94b2-6733-43f8-a3f5-53089c34397e None None] Periodic task found: HashRingHealthCheckPeriodics.touch_hash_ring_node {{(pid=107503) add_periodics /opt/stack/neutron/neutron/plugins/ml2/drivers/ovn/mech_driver/ovsdb/maintenance.py:146}}
Jun 17 17:11:42.377165 np0000181248 devstack@neutron-api.service[107506]: INFO neutron.quota.resource_registry [None req-fc13c446-a348-4035-9f6a-5527b1927853 None None] Creating instance of TrackedResource for resource:security_group_rule
Jun 17 17:11:42.377165 np0000181248 devstack@neutron-api.service[107506]: WARNING neutron.quota.resource_registry [None req-fc13c446-a348-4035-9f6a-5527b1927853 None None] security_group_rule is already registered
Jun 17 17:11:42.377451 np0000181248 devstack@neutron-api.service[107503]: INFO neutron.plugins.ml2.drivers.ovn.mech_driver.mech_driver [None req-d0dc94b2-6733-43f8-a3f5-53089c34397e None None] Hash Ring probing thread for node 6e94c0a21129564eab9bcd13160d41c6 has started
Jun 17 17:11:42.377588 np0000181248 devstack@neutron-api.service[107506]: DEBUG neutron.api.v2.resource_helper [None req-fc13c446-a348-4035-9f6a-5527b1927853 None None] Service CORE assigned prefix: {{(pid=107506) build_resource_info /opt/stack/neutron/neutron/api/v2/resource_helper.py:77}}
Jun 17 17:11:42.377748 np0000181248 devstack@neutron-api.service[107506]: INFO neutron.quota.resource_registry [None req-fc13c446-a348-4035-9f6a-5527b1927853 None None] Creating instance of TrackedResource for resource:subnetpool
Jun 17 17:11:42.377994 np0000181248 devstack@neutron-api.service[107506]: WARNING neutron.quota.resource_registry [None req-fc13c446-a348-4035-9f6a-5527b1927853 None None] subnetpool is already registered
Jun 17 17:11:42.378173 np0000181248 devstack@neutron-api.service[107503]: INFO neutron.plugins.ml2.drivers.ovn.mech_driver.ovsdb.impl_idl_ovn [None req-d0dc94b2-6733-43f8-a3f5-53089c34397e None None] Getting OvsdbNbOvnIdl for WorkerService with retry
Jun 17 17:11:42.378754 np0000181248 devstack@neutron-api.service[107506]: DEBUG neutron.api.v2.resource_helper [None req-fc13c446-a348-4035-9f6a-5527b1927853 None None] Service CORE assigned prefix: {{(pid=107506) build_resource_info /opt/stack/neutron/neutron/api/v2/resource_helper.py:77}}
Jun 17 17:11:42.378926 np0000181248 devstack@neutron-api.service[107506]: INFO neutron.quota.resource_registry [None req-fc13c446-a348-4035-9f6a-5527b1927853 None None] Creating instance of TrackedResource for resource:subnetpool
Jun 17 17:11:42.379092 np0000181248 devstack@neutron-api.service[107506]: WARNING neutron.quota.resource_registry [None req-fc13c446-a348-4035-9f6a-5527b1927853 None None] subnetpool is already registered
Jun 17 17:11:42.379669 np0000181248 devstack@neutron-api.service[107506]: DEBUG neutron.api.extensions [None req-fc13c446-a348-4035-9f6a-5527b1927853 None None] Extended resource: extensions {{(pid=107506) __init__ /opt/stack/neutron/neutron/api/extensions.py:156}}
Jun 17 17:11:42.380937 np0000181248 devstack@neutron-api.service[107506]: DEBUG neutron.api.extensions [None req-fc13c446-a348-4035-9f6a-5527b1927853 None None] Extended resource: address-groups {{(pid=107506) __init__ /opt/stack/neutron/neutron/api/extensions.py:156}}
Jun 17 17:11:42.383056 np0000181248 devstack@neutron-api.service[107506]: DEBUG neutron.api.extensions [None req-fc13c446-a348-4035-9f6a-5527b1927853 None None] Extended resource: address-scopes {{(pid=107506) __init__ /opt/stack/neutron/neutron/api/extensions.py:156}}
Jun 17 17:11:42.383829 np0000181248 devstack@neutron-api.service[107506]: DEBUG neutron.api.extensions [None req-fc13c446-a348-4035-9f6a-5527b1927853 None None] Extended resource: agents {{(pid=107506) __init__ /opt/stack/neutron/neutron/api/extensions.py:156}}
Jun 17 17:11:42.384527 np0000181248 devstack@neutron-api.service[107506]: DEBUG neutron.api.extensions [None req-fc13c446-a348-4035-9f6a-5527b1927853 None None] Extended resource: auto-allocated-topology {{(pid=107506) __init__ /opt/stack/neutron/neutron/api/extensions.py:156}}
Jun 17 17:11:42.385399 np0000181248 devstack@neutron-api.service[107506]: DEBUG neutron.api.extensions [None req-fc13c446-a348-4035-9f6a-5527b1927853 None None] Extended resource: availability_zones {{(pid=107506) __init__ /opt/stack/neutron/neutron/api/extensions.py:156}}
Jun 17 17:11:42.386169 np0000181248 devstack@neutron-api.service[107506]: DEBUG neutron.api.extensions [None req-fc13c446-a348-4035-9f6a-5527b1927853 None None] Extended resource: dhcp-networks {{(pid=107506) __init__ /opt/stack/neutron/neutron/api/extensions.py:156}}
Jun 17 17:11:42.387173 np0000181248 devstack@neutron-api.service[107506]: DEBUG neutron.api.extensions [None req-fc13c446-a348-4035-9f6a-5527b1927853 None None] Extended resource: dhcp-agents {{(pid=107506) __init__ /opt/stack/neutron/neutron/api/extensions.py:156}}
Jun 17 17:11:42.388269 np0000181248 devstack@neutron-api.service[107506]: DEBUG neutron.api.extensions [None req-fc13c446-a348-4035-9f6a-5527b1927853 None None] Extended resource: routers {{(pid=107506) __init__ /opt/stack/neutron/neutron/api/extensions.py:156}}
Jun 17 17:11:42.389811 np0000181248 devstack@neutron-api.service[107506]: DEBUG neutron.api.extensions [None req-fc13c446-a348-4035-9f6a-5527b1927853 None None] Extended resource: flavors {{(pid=107506) __init__ /opt/stack/neutron/neutron/api/extensions.py:156}}
Jun 17 17:11:42.390643 np0000181248 devstack@neutron-api.service[107506]: DEBUG neutron.api.extensions [None req-fc13c446-a348-4035-9f6a-5527b1927853 None None] Extended resource: service_profiles {{(pid=107506) __init__ /opt/stack/neutron/neutron/api/extensions.py:156}}
Jun 17 17:11:42.391501 np0000181248 devstack@neutron-api.service[107506]: DEBUG neutron.api.extensions [None req-fc13c446-a348-4035-9f6a-5527b1927853 None None] Extended resource: next_providers {{(pid=107506) __init__ /opt/stack/neutron/neutron/api/extensions.py:156}}
Jun 17 17:11:42.392524 np0000181248 devstack@neutron-api.service[107506]: DEBUG neutron.api.extensions [None req-fc13c446-a348-4035-9f6a-5527b1927853 None None] Extended resource: service_profiles {{(pid=107506) __init__ /opt/stack/neutron/neutron/api/extensions.py:156}}
Jun 17 17:11:42.393474 np0000181248 devstack@neutron-api.service[107506]: DEBUG neutron.api.extensions [None req-fc13c446-a348-4035-9f6a-5527b1927853 None None] Extended resource: floatingip-pools {{(pid=107506) __init__ /opt/stack/neutron/neutron/api/extensions.py:156}}
Jun 17 17:11:42.394283 np0000181248 devstack@neutron-api.service[107506]: DEBUG neutron.api.extensions [None req-fc13c446-a348-4035-9f6a-5527b1927853 None None] Extended resource: routers {{(pid=107506) __init__ /opt/stack/neutron/neutron/api/extensions.py:156}}
Jun 17 17:11:42.395844 np0000181248 devstack@neutron-api.service[107506]: DEBUG neutron.api.extensions [None req-fc13c446-a348-4035-9f6a-5527b1927853 None None] Extended resource: floatingips {{(pid=107506) __init__ /opt/stack/neutron/neutron/api/extensions.py:156}}
Jun 17 17:11:42.396692 np0000181248 devstack@neutron-api.service[107506]: DEBUG neutron.api.extensions [None req-fc13c446-a348-4035-9f6a-5527b1927853 None None] Extended resource: l3-routers {{(pid=107506) __init__ /opt/stack/neutron/neutron/api/extensions.py:156}}
Jun 17 17:11:42.397909 np0000181248 devstack@neutron-api.service[107506]: DEBUG neutron.api.extensions [None req-fc13c446-a348-4035-9f6a-5527b1927853 None None] Extended resource: l3-agents {{(pid=107506) __init__ /opt/stack/neutron/neutron/api/extensions.py:156}}
Jun 17 17:11:42.398986 np0000181248 devstack@neutron-api.service[107506]: DEBUG neutron.api.extensions [None req-fc13c446-a348-4035-9f6a-5527b1927853 None None] Extended resource: network-ip-availabilities {{(pid=107506) __init__ /opt/stack/neutron/neutron/api/extensions.py:156}}
Jun 17 17:11:42.400039 np0000181248 devstack@neutron-api.service[107506]: DEBUG neutron.api.extensions [None req-fc13c446-a348-4035-9f6a-5527b1927853 None None] Extended resource: network-ip-availabilities {{(pid=107506) __init__ /opt/stack/neutron/neutron/api/extensions.py:156}}
Jun 17 17:11:42.400925 np0000181248 devstack@neutron-api.service[107506]: DEBUG neutron.api.extensions [None req-fc13c446-a348-4035-9f6a-5527b1927853 None None] Extended resource: bindings {{(pid=107506) __init__ /opt/stack/neutron/neutron/api/extensions.py:156}}
Jun 17 17:11:42.402042 np0000181248 devstack@neutron-api.service[107506]: DEBUG neutron.api.extensions [None req-fc13c446-a348-4035-9f6a-5527b1927853 None None] Extended resource: quotas {{(pid=107506) __init__ /opt/stack/neutron/neutron/api/extensions.py:156}}
Jun 17 17:11:42.403258 np0000181248 devstack@neutron-api.service[107506]: DEBUG neutron.api.extensions [None req-fc13c446-a348-4035-9f6a-5527b1927853 None None] Extended resource: quotas {{(pid=107506) __init__ /opt/stack/neutron/neutron/api/extensions.py:156}}
Jun 17 17:11:42.404557 np0000181248 devstack@neutron-api.service[107506]: DEBUG neutron.api.extensions [None req-fc13c446-a348-4035-9f6a-5527b1927853 None None] Extended resource: rbac-policies {{(pid=107506) __init__ /opt/stack/neutron/neutron/api/extensions.py:156}}
Jun 17 17:11:42.405666 np0000181248 devstack@neutron-api.service[107506]: DEBUG neutron.api.extensions [None req-fc13c446-a348-4035-9f6a-5527b1927853 None None] Extended resource: default-security-group-rules {{(pid=107506) __init__ /opt/stack/neutron/neutron/api/extensions.py:156}}
Jun 17 17:11:42.406831 np0000181248 devstack@neutron-api.service[107506]: DEBUG neutron.api.extensions [None req-fc13c446-a348-4035-9f6a-5527b1927853 None None] Extended resource: security-groups {{(pid=107506) __init__ /opt/stack/neutron/neutron/api/extensions.py:156}}
Jun 17 17:11:42.407363 np0000181248 devstack@neutron-api.service[107506]: DEBUG neutron.api.extensions [None req-fc13c446-a348-4035-9f6a-5527b1927853 None None] Extended resource: security-group-rules {{(pid=107506) __init__ /opt/stack/neutron/neutron/api/extensions.py:156}}
Jun 17 17:11:42.408310 np0000181248 devstack@neutron-api.service[107506]: DEBUG neutron.api.extensions [None req-fc13c446-a348-4035-9f6a-5527b1927853 None None] Extended resource: service-providers {{(pid=107506) __init__ /opt/stack/neutron/neutron/api/extensions.py:156}}
Jun 17 17:11:42.409648 np0000181248 devstack@neutron-api.service[107506]: DEBUG neutron.api.extensions [None req-fc13c446-a348-4035-9f6a-5527b1927853 None None] Extended resource: subnetpools {{(pid=107506) __init__ /opt/stack/neutron/neutron/api/extensions.py:156}}
Jun 17 17:11:42.410528 np0000181248 devstack@neutron-api.service[107506]: DEBUG neutron.api.extensions [None req-fc13c446-a348-4035-9f6a-5527b1927853 None None] Extended resource: subnetpools {{(pid=107506) __init__ /opt/stack/neutron/neutron/api/extensions.py:156}}
Jun 17 17:11:42.411579 np0000181248 devstack@neutron-api.service[107506]: DEBUG neutron.api.extensions [None req-fc13c446-a348-4035-9f6a-5527b1927853 None None] Extended resource: tags {{(pid=107506) __init__ /opt/stack/neutron/neutron/api/extensions.py:156}}
Jun 17 17:11:42.412588 np0000181248 devstack@neutron-api.service[107506]: DEBUG neutron.api.extensions [None req-fc13c446-a348-4035-9f6a-5527b1927853 None None] Extended resource: tags {{(pid=107506) __init__ /opt/stack/neutron/neutron/api/extensions.py:156}}
Jun 17 17:11:42.413689 np0000181248 devstack@neutron-api.service[107506]: DEBUG neutron.api.extensions [None req-fc13c446-a348-4035-9f6a-5527b1927853 None None] Extended resource: tags {{(pid=107506) __init__ /opt/stack/neutron/neutron/api/extensions.py:156}}
Jun 17 17:11:42.414859 np0000181248 devstack@neutron-api.service[107506]: DEBUG neutron.api.extensions [None req-fc13c446-a348-4035-9f6a-5527b1927853 None None] Extended resource: tags {{(pid=107506) __init__ /opt/stack/neutron/neutron/api/extensions.py:156}}
Jun 17 17:11:42.415982 np0000181248 devstack@neutron-api.service[107506]: DEBUG neutron.api.extensions [None req-fc13c446-a348-4035-9f6a-5527b1927853 None None] Extended resource: tags {{(pid=107506) __init__ /opt/stack/neutron/neutron/api/extensions.py:156}}
Jun 17 17:11:42.417251 np0000181248 devstack@neutron-api.service[107506]: DEBUG neutron.api.extensions [None req-fc13c446-a348-4035-9f6a-5527b1927853 None None] Extended resource: tags {{(pid=107506) __init__ /opt/stack/neutron/neutron/api/extensions.py:156}}
Jun 17 17:11:42.418874 np0000181248 devstack@neutron-api.service[107506]: DEBUG neutron.api.extensions [None req-fc13c446-a348-4035-9f6a-5527b1927853 None None] Extended resource: tags {{(pid=107506) __init__ /opt/stack/neutron/neutron/api/extensions.py:156}}
Jun 17 17:11:42.418980 np0000181248 devstack@neutron-api.service[107503]: DEBUG ovsdbapp.backend.ovs_idl [None req-d0dc94b2-6733-43f8-a3f5-53089c34397e None None] Created lookup_table index Logical_Switch.name {{(pid=107503) autocreate_indices /opt/stack/data/venv/lib/python3.12/site-packages/ovsdbapp/backend/ovs_idl/__init__.py:87}}
Jun 17 17:11:42.419110 np0000181248 devstack@neutron-api.service[107503]: DEBUG ovsdbapp.backend.ovs_idl [None req-d0dc94b2-6733-43f8-a3f5-53089c34397e None None] Created lookup_table index Logical_Router.name {{(pid=107503) autocreate_indices /opt/stack/data/venv/lib/python3.12/site-packages/ovsdbapp/backend/ovs_idl/__init__.py:87}}
Jun 17 17:11:42.419184 np0000181248 devstack@neutron-api.service[107503]: DEBUG ovsdbapp.backend.ovs_idl [None req-d0dc94b2-6733-43f8-a3f5-53089c34397e None None] Created lookup_table index Load_Balancer.name {{(pid=107503) autocreate_indices /opt/stack/data/venv/lib/python3.12/site-packages/ovsdbapp/backend/ovs_idl/__init__.py:87}}
Jun 17 17:11:42.419291 np0000181248 devstack@neutron-api.service[107503]: DEBUG ovsdbapp.backend.ovs_idl [None req-d0dc94b2-6733-43f8-a3f5-53089c34397e None None] Created schema index Copp.name {{(pid=107503) autocreate_indices /opt/stack/data/venv/lib/python3.12/site-packages/ovsdbapp/backend/ovs_idl/__init__.py:106}}
Jun 17 17:11:42.419436 np0000181248 devstack@neutron-api.service[107503]: DEBUG ovsdbapp.backend.ovs_idl [None req-d0dc94b2-6733-43f8-a3f5-53089c34397e None None] Created schema index Meter.name {{(pid=107503) autocreate_indices /opt/stack/data/venv/lib/python3.12/site-packages/ovsdbapp/backend/ovs_idl/__init__.py:106}}
Jun 17 17:11:42.419535 np0000181248 devstack@neutron-api.service[107503]: DEBUG ovsdbapp.backend.ovs_idl [None req-d0dc94b2-6733-43f8-a3f5-53089c34397e None None] Created schema index Load_Balancer_Group.name {{(pid=107503) autocreate_indices /opt/stack/data/venv/lib/python3.12/site-packages/ovsdbapp/backend/ovs_idl/__init__.py:106}}
Jun 17 17:11:42.419617 np0000181248 devstack@neutron-api.service[107503]: DEBUG ovsdbapp.backend.ovs_idl [None req-d0dc94b2-6733-43f8-a3f5-53089c34397e None None] Created schema index HA_Chassis_Group.name {{(pid=107503) autocreate_indices /opt/stack/data/venv/lib/python3.12/site-packages/ovsdbapp/backend/ovs_idl/__init__.py:106}}
Jun 17 17:11:42.419984 np0000181248 devstack@neutron-api.service[107503]: DEBUG ovsdbapp.backend.ovs_idl [None req-d0dc94b2-6733-43f8-a3f5-53089c34397e None None] Created schema index Address_Set.name {{(pid=107503) autocreate_indices /opt/stack/data/venv/lib/python3.12/site-packages/ovsdbapp/backend/ovs_idl/__init__.py:106}}
Jun 17 17:11:42.419984 np0000181248 devstack@neutron-api.service[107503]: DEBUG ovsdbapp.backend.ovs_idl [None req-d0dc94b2-6733-43f8-a3f5-53089c34397e None None] Created schema index Connection.target {{(pid=107503) autocreate_indices /opt/stack/data/venv/lib/python3.12/site-packages/ovsdbapp/backend/ovs_idl/__init__.py:106}}
Jun 17 17:11:42.420117 np0000181248 devstack@neutron-api.service[107506]: DEBUG neutron.api.extensions [None req-fc13c446-a348-4035-9f6a-5527b1927853 None None] Extended resource: tags {{(pid=107506) __init__ /opt/stack/neutron/neutron/api/extensions.py:156}}
Jun 17 17:11:42.420198 np0000181248 devstack@neutron-api.service[107503]: DEBUG ovsdbapp.backend.ovs_idl [None req-d0dc94b2-6733-43f8-a3f5-53089c34397e None None] Created schema index Gateway_Chassis.name {{(pid=107503) autocreate_indices /opt/stack/data/venv/lib/python3.12/site-packages/ovsdbapp/backend/ovs_idl/__init__.py:106}}
Jun 17 17:11:42.420198 np0000181248 devstack@neutron-api.service[107503]: DEBUG ovsdbapp.backend.ovs_idl [None req-d0dc94b2-6733-43f8-a3f5-53089c34397e None None] Created schema index Mirror.name {{(pid=107503) autocreate_indices /opt/stack/data/venv/lib/python3.12/site-packages/ovsdbapp/backend/ovs_idl/__init__.py:106}}
Jun 17 17:11:42.420198 np0000181248 devstack@neutron-api.service[107503]: DEBUG ovsdbapp.backend.ovs_idl [None req-d0dc94b2-6733-43f8-a3f5-53089c34397e None None] Created schema index Chassis_Template_Var.chassis {{(pid=107503) autocreate_indices /opt/stack/data/venv/lib/python3.12/site-packages/ovsdbapp/backend/ovs_idl/__init__.py:106}}
Jun 17 17:11:42.420198 np0000181248 devstack@neutron-api.service[107503]: DEBUG ovsdbapp.backend.ovs_idl [None req-d0dc94b2-6733-43f8-a3f5-53089c34397e None None] Created schema index Logical_Router_Port.name {{(pid=107503) autocreate_indices /opt/stack/data/venv/lib/python3.12/site-packages/ovsdbapp/backend/ovs_idl/__init__.py:106}}
