2026-06-15 21:26:07.611 8 INFO cinder.api.openstack.wsgi [None req-933a6125-9e85-4ba7-bcab-e15fb07d62f6 8f25b79d790446a78ecaecef1ee8b51a 20b9d52672e24dffaf0a70dd9fe142bf - - default default] GET http://10.0.0.118:8776/
2026-06-15 21:26:07.612 8 INFO cinder.api.openstack.wsgi [None req-933a6125-9e85-4ba7-bcab-e15fb07d62f6 8f25b79d790446a78ecaecef1ee8b51a 20b9d52672e24dffaf0a70dd9fe142bf - - default default] http://10.0.0.118:8776/ returned with HTTP 300
2026-06-15 21:26:07.613 7 INFO cinder.api.openstack.wsgi [None req-241ab36b-15ae-4cc8-8bd8-a99496a16790 8f25b79d790446a78ecaecef1ee8b51a 20b9d52672e24dffaf0a70dd9fe142bf - - default default] GET http://10.0.0.118:8776/
2026-06-15 21:26:07.614 7 INFO cinder.api.openstack.wsgi [None req-241ab36b-15ae-4cc8-8bd8-a99496a16790 8f25b79d790446a78ecaecef1ee8b51a 20b9d52672e24dffaf0a70dd9fe142bf - - default default] http://10.0.0.118:8776/ returned with HTTP 300
2026-06-15 21:26:17.610 8 INFO cinder.api.openstack.wsgi [None req-933a6125-9e85-4ba7-bcab-e15fb07d62f6 8f25b79d790446a78ecaecef1ee8b51a 20b9d52672e24dffaf0a70dd9fe142bf - - default default] GET http://10.0.0.118:8776/
2026-06-15 21:26:17.611 8 INFO cinder.api.openstack.wsgi [None req-933a6125-9e85-4ba7-bcab-e15fb07d62f6 8f25b79d790446a78ecaecef1ee8b51a 20b9d52672e24dffaf0a70dd9fe142bf - - default default] http://10.0.0.118:8776/ returned with HTTP 300
2026-06-15 21:26:17.612 7 INFO cinder.api.openstack.wsgi [None req-241ab36b-15ae-4cc8-8bd8-a99496a16790 8f25b79d790446a78ecaecef1ee8b51a 20b9d52672e24dffaf0a70dd9fe142bf - - default default] GET http://10.0.0.118:8776/
2026-06-15 21:26:17.613 7 INFO cinder.api.openstack.wsgi [None req-241ab36b-15ae-4cc8-8bd8-a99496a16790 8f25b79d790446a78ecaecef1ee8b51a 20b9d52672e24dffaf0a70dd9fe142bf - - default default] http://10.0.0.118:8776/ returned with HTTP 300
2026-06-15 21:26:27.610 8 INFO cinder.api.openstack.wsgi [None req-933a6125-9e85-4ba7-bcab-e15fb07d62f6 8f25b79d790446a78ecaecef1ee8b51a 20b9d52672e24dffaf0a70dd9fe142bf - - default default] GET http://10.0.0.118:8776/
2026-06-15 21:26:27.611 7 INFO cinder.api.openstack.wsgi [None req-241ab36b-15ae-4cc8-8bd8-a99496a16790 8f25b79d790446a78ecaecef1ee8b51a 20b9d52672e24dffaf0a70dd9fe142bf - - default default] GET http://10.0.0.118:8776/
2026-06-15 21:26:27.611 8 INFO cinder.api.openstack.wsgi [None req-933a6125-9e85-4ba7-bcab-e15fb07d62f6 8f25b79d790446a78ecaecef1ee8b51a 20b9d52672e24dffaf0a70dd9fe142bf - - default default] http://10.0.0.118:8776/ returned with HTTP 300
2026-06-15 21:26:27.612 7 INFO cinder.api.openstack.wsgi [None req-241ab36b-15ae-4cc8-8bd8-a99496a16790 8f25b79d790446a78ecaecef1ee8b51a 20b9d52672e24dffaf0a70dd9fe142bf - - default default] http://10.0.0.118:8776/ returned with HTTP 300
2026-06-15 21:26:37.610 7 INFO cinder.api.openstack.wsgi [None req-241ab36b-15ae-4cc8-8bd8-a99496a16790 8f25b79d790446a78ecaecef1ee8b51a 20b9d52672e24dffaf0a70dd9fe142bf - - default default] GET http://10.0.0.118:8776/
2026-06-15 21:26:37.611 8 INFO cinder.api.openstack.wsgi [None req-933a6125-9e85-4ba7-bcab-e15fb07d62f6 8f25b79d790446a78ecaecef1ee8b51a 20b9d52672e24dffaf0a70dd9fe142bf - - default default] GET http://10.0.0.118:8776/
2026-06-15 21:26:37.611 7 INFO cinder.api.openstack.wsgi [None req-241ab36b-15ae-4cc8-8bd8-a99496a16790 8f25b79d790446a78ecaecef1ee8b51a 20b9d52672e24dffaf0a70dd9fe142bf - - default default] http://10.0.0.118:8776/ returned with HTTP 300
2026-06-15 21:26:37.612 8 INFO cinder.api.openstack.wsgi [None req-933a6125-9e85-4ba7-bcab-e15fb07d62f6 8f25b79d790446a78ecaecef1ee8b51a 20b9d52672e24dffaf0a70dd9fe142bf - - default default] http://10.0.0.118:8776/ returned with HTTP 300
2026-06-15 21:26:47.610 7 INFO cinder.api.openstack.wsgi [None req-241ab36b-15ae-4cc8-8bd8-a99496a16790 8f25b79d790446a78ecaecef1ee8b51a 20b9d52672e24dffaf0a70dd9fe142bf - - default default] GET http://10.0.0.118:8776/
2026-06-15 21:26:47.611 8 INFO cinder.api.openstack.wsgi [None req-933a6125-9e85-4ba7-bcab-e15fb07d62f6 8f25b79d790446a78ecaecef1ee8b51a 20b9d52672e24dffaf0a70dd9fe142bf - - default default] GET http://10.0.0.118:8776/
2026-06-15 21:26:47.611 7 INFO cinder.api.openstack.wsgi [None req-241ab36b-15ae-4cc8-8bd8-a99496a16790 8f25b79d790446a78ecaecef1ee8b51a 20b9d52672e24dffaf0a70dd9fe142bf - - default default] http://10.0.0.118:8776/ returned with HTTP 300
2026-06-15 21:26:47.612 8 INFO cinder.api.openstack.wsgi [None req-933a6125-9e85-4ba7-bcab-e15fb07d62f6 8f25b79d790446a78ecaecef1ee8b51a 20b9d52672e24dffaf0a70dd9fe142bf - - default default] http://10.0.0.118:8776/ returned with HTTP 300
2026-06-15 21:26:57.611 8 INFO cinder.api.openstack.wsgi [None req-933a6125-9e85-4ba7-bcab-e15fb07d62f6 8f25b79d790446a78ecaecef1ee8b51a 20b9d52672e24dffaf0a70dd9fe142bf - - default default] GET http://10.0.0.118:8776/
2026-06-15 21:26:57.611 7 INFO cinder.api.openstack.wsgi [None req-241ab36b-15ae-4cc8-8bd8-a99496a16790 8f25b79d790446a78ecaecef1ee8b51a 20b9d52672e24dffaf0a70dd9fe142bf - - default default] GET http://10.0.0.118:8776/
2026-06-15 21:26:57.612 8 INFO cinder.api.openstack.wsgi [None req-933a6125-9e85-4ba7-bcab-e15fb07d62f6 8f25b79d790446a78ecaecef1ee8b51a 20b9d52672e24dffaf0a70dd9fe142bf - - default default] http://10.0.0.118:8776/ returned with HTTP 300
2026-06-15 21:26:57.612 7 INFO cinder.api.openstack.wsgi [None req-241ab36b-15ae-4cc8-8bd8-a99496a16790 8f25b79d790446a78ecaecef1ee8b51a 20b9d52672e24dffaf0a70dd9fe142bf - - default default] http://10.0.0.118:8776/ returned with HTTP 300 /var/lib/openstack/lib/python3.12/site-packages/pycadf/identifier.py:70: UserWarning: Invalid uuid: cinderv3. To ensure interoperability, identifiers should be a valid uuid. warnings.warn(('Invalid uuid: %s. To ensure interoperability, '
2026-06-15 21:26:57.943 7 INFO cinder.api.openstack.wsgi [None req-c82c2c3f-f9ce-480f-aafa-9c701b25a830 8f25b79d790446a78ecaecef1ee8b51a 20b9d52672e24dffaf0a70dd9fe142bf - - default default] GET http://cinder-api.openstack.svc.cluster.local:8776/v3/20b9d52672e24dffaf0a70dd9fe142bf/snapshots?all_tenants=true
2026-06-15 21:26:57.950 7 INFO cinder.volume.api [None req-c82c2c3f-f9ce-480f-aafa-9c701b25a830 8f25b79d790446a78ecaecef1ee8b51a 20b9d52672e24dffaf0a70dd9fe142bf - - default default] Get all snapshots completed successfully.
2026-06-15 21:26:57.951 7 INFO cinder.api.openstack.wsgi [None req-c82c2c3f-f9ce-480f-aafa-9c701b25a830 8f25b79d790446a78ecaecef1ee8b51a 20b9d52672e24dffaf0a70dd9fe142bf - - default default] http://cinder-api.openstack.svc.cluster.local:8776/v3/20b9d52672e24dffaf0a70dd9fe142bf/snapshots?all_tenants=true returned with HTTP 200 [pid: 7|app: 0|req: 513/1032] 10.0.0.207 () {28 vars in 674 bytes} [Mon Jun 15 21:26:57 2026] GET /v3/20b9d52672e24dffaf0a70dd9fe142bf/snapshots?all_tenants=true => generated 17 bytes in 120 msecs (HTTP/1.1 200) 7 headers in 284 bytes (1 switches on core 0)
2026-06-15 21:26:57.968 8 INFO cinder.api.openstack.wsgi [None req-88c1c18b-fb5e-45f9-b1c3-c4424dff34ac 8f25b79d790446a78ecaecef1ee8b51a 20b9d52672e24dffaf0a70dd9fe142bf - - default default] GET http://cinder-api.openstack.svc.cluster.local:8776/v3/20b9d52672e24dffaf0a70dd9fe142bf/volumes/detail?all_tenants=true
2026-06-15 21:26:57.982 8 INFO cinder.volume.api [None req-88c1c18b-fb5e-45f9-b1c3-c4424dff34ac 8f25b79d790446a78ecaecef1ee8b51a 20b9d52672e24dffaf0a70dd9fe142bf - - default default] Get all volumes completed successfully. /var/lib/openstack/lib/python3.12/site-packages/oslo_context/context.py:101: DeprecationWarning: Policy enforcement is depending on the value of is_admin. This key is deprecated. Please update your policy file to use the standard policy values. warnings.warn(
2026-06-15 21:26:57.989 8 INFO cinder.api.openstack.wsgi [None req-88c1c18b-fb5e-45f9-b1c3-c4424dff34ac 8f25b79d790446a78ecaecef1ee8b51a 20b9d52672e24dffaf0a70dd9fe142bf - - default default] http://cinder-api.openstack.svc.cluster.local:8776/v3/20b9d52672e24dffaf0a70dd9fe142bf/volumes/detail?all_tenants=true returned with HTTP 200 [pid: 8|app: 0|req: 520/1033] 10.0.0.207 () {28 vars in 684 bytes} [Mon Jun 15 21:26:57 2026] GET /v3/20b9d52672e24dffaf0a70dd9fe142bf/volumes/detail?all_tenants=true => generated 1976 bytes in 31 msecs (HTTP/1.1 200) 7 headers in 286 bytes (1 switches on core 0)
2026-06-15 21:26:58.006 7 INFO cinder.api.openstack.wsgi [None req-28a3607a-9509-4bac-81f3-9cac9e9533b3 8f25b79d790446a78ecaecef1ee8b51a 20b9d52672e24dffaf0a70dd9fe142bf - - default default] GET http://cinder-api.openstack.svc.cluster.local:8776/v3/20b9d52672e24dffaf0a70dd9fe142bf/os-services
2026-06-15 21:26:58.011 7 INFO cinder.api.openstack.wsgi [None req-28a3607a-9509-4bac-81f3-9cac9e9533b3 8f25b79d790446a78ecaecef1ee8b51a 20b9d52672e24dffaf0a70dd9fe142bf - - default default] http://cinder-api.openstack.svc.cluster.local:8776/v3/20b9d52672e24dffaf0a70dd9fe142bf/os-services returned with HTTP 200 [pid: 7|app: 0|req: 514/1034] 10.0.0.207 () {28 vars in 645 bytes} [Mon Jun 15 21:26:57 2026] GET /v3/20b9d52672e24dffaf0a70dd9fe142bf/os-services => generated 646 bytes in 14 msecs (HTTP/1.1 200) 7 headers in 285 bytes (1 switches on core 0) /var/lib/openstack/lib/python3.12/site-packages/pycadf/identifier.py:70: UserWarning: Invalid uuid: cinderv3. To ensure interoperability, identifiers should be a valid uuid. warnings.warn(('Invalid uuid: %s. To ensure interoperability, '
2026-06-15 21:26:58.024 8 INFO cinder.api.openstack.wsgi [None req-baff5890-6720-4aa7-9165-6f565d05ad76 8f25b79d790446a78ecaecef1ee8b51a 20b9d52672e24dffaf0a70dd9fe142bf - - default default] GET http://cinder-api.openstack.svc.cluster.local:8776/v3/20b9d52672e24dffaf0a70dd9fe142bf/volumes/detail?all_tenants=true
2026-06-15 21:26:58.048 8 INFO cinder.volume.api [None req-baff5890-6720-4aa7-9165-6f565d05ad76 8f25b79d790446a78ecaecef1ee8b51a 20b9d52672e24dffaf0a70dd9fe142bf - - default default] Get all volumes completed successfully. /var/lib/openstack/lib/python3.12/site-packages/oslo_context/context.py:101: DeprecationWarning: Policy enforcement is depending on the value of is_admin. This key is deprecated. Please update your policy file to use the standard policy values. warnings.warn(
2026-06-15 21:26:58.054 8 INFO cinder.api.openstack.wsgi [None req-baff5890-6720-4aa7-9165-6f565d05ad76 8f25b79d790446a78ecaecef1ee8b51a 20b9d52672e24dffaf0a70dd9fe142bf - - default default] http://cinder-api.openstack.svc.cluster.local:8776/v3/20b9d52672e24dffaf0a70dd9fe142bf/volumes/detail?all_tenants=true returned with HTTP 200 [pid: 8|app: 0|req: 521/1035] 10.0.0.207 () {28 vars in 684 bytes} [Mon Jun 15 21:26:58 2026] GET /v3/20b9d52672e24dffaf0a70dd9fe142bf/volumes/detail?all_tenants=true => generated 1976 bytes in 38 msecs (HTTP/1.1 200) 7 headers in 286 bytes (1 switches on core 0)
2026-06-15 21:26:58.066 7 INFO cinder.api.openstack.wsgi [None req-1b8dd34a-86af-4cb5-a574-c6f69a87b216 8f25b79d790446a78ecaecef1ee8b51a 20b9d52672e24dffaf0a70dd9fe142bf - - default default] GET http://cinder-api.openstack.svc.cluster.local:8776/v3/20b9d52672e24dffaf0a70dd9fe142bf/scheduler-stats/get_pools?detail=true
2026-06-15 21:26:58.571 7 INFO cinder.api.openstack.wsgi [None req-1b8dd34a-86af-4cb5-a574-c6f69a87b216 8f25b79d790446a78ecaecef1ee8b51a 20b9d52672e24dffaf0a70dd9fe142bf - - default default] http://cinder-api.openstack.svc.cluster.local:8776/v3/20b9d52672e24dffaf0a70dd9fe142bf/scheduler-stats/get_pools?detail=true returned with HTTP 200 [pid: 7|app: 0|req: 515/1036] 10.0.0.207 () {28 vars in 696 bytes} [Mon Jun 15 21:26:58 2026] GET /v3/20b9d52672e24dffaf0a70dd9fe142bf/scheduler-stats/get_pools?detail=true => generated 671 bytes in 511 msecs (HTTP/1.1 200) 7 headers in 285 bytes (1 switches on core 0) /var/lib/openstack/lib/python3.12/site-packages/pycadf/identifier.py:70: UserWarning: Invalid uuid: cinderv3. To ensure interoperability, identifiers should be a valid uuid. warnings.warn(('Invalid uuid: %s. To ensure interoperability, '
2026-06-15 21:26:58.609 8 INFO cinder.api.openstack.wsgi [None req-586ddf40-d216-4e22-b4a4-386b37e5707e 8f25b79d790446a78ecaecef1ee8b51a 20b9d52672e24dffaf0a70dd9fe142bf - - default default] GET http://cinder-api.openstack.svc.cluster.local:8776/v3/20b9d52672e24dffaf0a70dd9fe142bf/os-quota-sets/069860bef51342f6918d9873f8a1f965?usage=true
2026-06-15 21:26:58.628 8 INFO cinder.api.openstack.wsgi [None req-586ddf40-d216-4e22-b4a4-386b37e5707e 8f25b79d790446a78ecaecef1ee8b51a 20b9d52672e24dffaf0a70dd9fe142bf - - default default] http://cinder-api.openstack.svc.cluster.local:8776/v3/20b9d52672e24dffaf0a70dd9fe142bf/os-quota-sets/069860bef51342f6918d9873f8a1f965?usage=true returned with HTTP 200 [pid: 8|app: 0|req: 522/1037] 10.0.0.207 () {28 vars in 736 bytes} [Mon Jun 15 21:26:58 2026] GET /v3/20b9d52672e24dffaf0a70dd9fe142bf/os-quota-sets/069860bef51342f6918d9873f8a1f965?usage=true => generated 847 bytes in 25 msecs (HTTP/1.1 200) 7 headers in 285 bytes (1 switches on core 0)
2026-06-15 21:26:58.641 7 INFO cinder.api.openstack.wsgi [None req-831f9158-3ce9-4b43-87e4-bc1e344ff7b9 8f25b79d790446a78ecaecef1ee8b51a 20b9d52672e24dffaf0a70dd9fe142bf - - default default] GET http://cinder-api.openstack.svc.cluster.local:8776/v3/20b9d52672e24dffaf0a70dd9fe142bf/os-quota-sets/07fbf85c816c4e189d6b0df3dca936e7?usage=true
2026-06-15 21:26:58.662 7 INFO cinder.api.openstack.wsgi [None req-831f9158-3ce9-4b43-87e4-bc1e344ff7b9 8f25b79d790446a78ecaecef1ee8b51a 20b9d52672e24dffaf0a70dd9fe142bf - - default default] http://cinder-api.openstack.svc.cluster.local:8776/v3/20b9d52672e24dffaf0a70dd9fe142bf/os-quota-sets/07fbf85c816c4e189d6b0df3dca936e7?usage=true returned with HTTP 200 [pid: 7|app: 0|req: 516/1038] 10.0.0.207 () {28 vars in 736 bytes} [Mon Jun 15 21:26:58 2026] GET /v3/20b9d52672e24dffaf0a70dd9fe142bf/os-quota-sets/07fbf85c816c4e189d6b0df3dca936e7?usage=true => generated 847 bytes in 29 msecs (HTTP/1.1 200) 7 headers in 285 bytes (1 switches on core 0)
2026-06-15 21:26:58.673 8 INFO cinder.api.openstack.wsgi [None req-ebc1e04e-cd10-4316-a978-d0b7ff13148d 8f25b79d790446a78ecaecef1ee8b51a 20b9d52672e24dffaf0a70dd9fe142bf - - default default] GET http://cinder-api.openstack.svc.cluster.local:8776/v3/20b9d52672e24dffaf0a70dd9fe142bf/os-quota-sets/1d33b26a4bcf455984cfcc3cd05b922b?usage=true
2026-06-15 21:26:58.693 8 INFO cinder.api.openstack.wsgi [None req-ebc1e04e-cd10-4316-a978-d0b7ff13148d 8f25b79d790446a78ecaecef1ee8b51a 20b9d52672e24dffaf0a70dd9fe142bf - - default default] http://cinder-api.openstack.svc.cluster.local:8776/v3/20b9d52672e24dffaf0a70dd9fe142bf/os-quota-sets/1d33b26a4bcf455984cfcc3cd05b922b?usage=true returned with HTTP 200 [pid: 8|app: 0|req: 523/1039] 10.0.0.207 () {28 vars in 736 bytes} [Mon Jun 15 21:26:58 2026] GET /v3/20b9d52672e24dffaf0a70dd9fe142bf/os-quota-sets/1d33b26a4bcf455984cfcc3cd05b922b?usage=true => generated 847 bytes in 27 msecs (HTTP/1.1 200) 7 headers in 285 bytes (1 switches on core 0)
2026-06-15 21:26:58.705 7 INFO cinder.api.openstack.wsgi [None req-69098abe-6268-4d6a-93c5-0baf9c193204 8f25b79d790446a78ecaecef1ee8b51a 20b9d52672e24dffaf0a70dd9fe142bf - - default default] GET http://cinder-api.openstack.svc.cluster.local:8776/v3/20b9d52672e24dffaf0a70dd9fe142bf/os-quota-sets/20b9d52672e24dffaf0a70dd9fe142bf?usage=true
2026-06-15 21:26:58.730 7 INFO cinder.api.openstack.wsgi [None req-69098abe-6268-4d6a-93c5-0baf9c193204 8f25b79d790446a78ecaecef1ee8b51a 20b9d52672e24dffaf0a70dd9fe142bf - - default default] http://cinder-api.openstack.svc.cluster.local:8776/v3/20b9d52672e24dffaf0a70dd9fe142bf/os-quota-sets/20b9d52672e24dffaf0a70dd9fe142bf?usage=true returned with HTTP 200 [pid: 7|app: 0|req: 517/1040] 10.0.0.207 () {28 vars in 736 bytes} [Mon Jun 15 21:26:58 2026] GET /v3/20b9d52672e24dffaf0a70dd9fe142bf/os-quota-sets/20b9d52672e24dffaf0a70dd9fe142bf?usage=true => generated 847 bytes in 34 msecs (HTTP/1.1 200) 7 headers in 285 bytes (1 switches on core 0)
2026-06-15 21:26:58.746 8 INFO cinder.api.openstack.wsgi [None req-c31f6e02-1837-4eaa-9543-14899b8d1633 8f25b79d790446a78ecaecef1ee8b51a 20b9d52672e24dffaf0a70dd9fe142bf - - default default] GET http://cinder-api.openstack.svc.cluster.local:8776/v3/20b9d52672e24dffaf0a70dd9fe142bf/os-quota-sets/2cde68ccce72448cb39fbe9069695fbd?usage=true
2026-06-15 21:26:58.766 8 INFO cinder.api.openstack.wsgi [None req-c31f6e02-1837-4eaa-9543-14899b8d1633 8f25b79d790446a78ecaecef1ee8b51a 20b9d52672e24dffaf0a70dd9fe142bf - - default default] http://cinder-api.openstack.svc.cluster.local:8776/v3/20b9d52672e24dffaf0a70dd9fe142bf/os-quota-sets/2cde68ccce72448cb39fbe9069695fbd?usage=true returned with HTTP 200 [pid: 8|app: 0|req: 524/1041] 10.0.0.207 () {28 vars in 736 bytes} [Mon Jun 15 21:26:58 2026] GET /v3/20b9d52672e24dffaf0a70dd9fe142bf/os-quota-sets/2cde68ccce72448cb39fbe9069695fbd?usage=true => generated 847 bytes in 31 msecs (HTTP/1.1 200) 7 headers in 285 bytes (1 switches on core 0)
2026-06-15 21:26:58.778 7 INFO cinder.api.openstack.wsgi [None req-4c3e7aed-9e4b-4115-b1ff-3bb7baf4775f 8f25b79d790446a78ecaecef1ee8b51a 20b9d52672e24dffaf0a70dd9fe142bf - - default default] GET http://cinder-api.openstack.svc.cluster.local:8776/v3/20b9d52672e24dffaf0a70dd9fe142bf/os-quota-sets/4ac3c10151934c7aade2726eacb7ec14?usage=true
2026-06-15 21:26:58.799 7 INFO cinder.api.openstack.wsgi [None req-4c3e7aed-9e4b-4115-b1ff-3bb7baf4775f 8f25b79d790446a78ecaecef1ee8b51a 20b9d52672e24dffaf0a70dd9fe142bf - - default default] http://cinder-api.openstack.svc.cluster.local:8776/v3/20b9d52672e24dffaf0a70dd9fe142bf/os-quota-sets/4ac3c10151934c7aade2726eacb7ec14?usage=true returned with HTTP 200 [pid: 7|app: 0|req: 518/1042] 10.0.0.207 () {28 vars in 736 bytes} [Mon Jun 15 21:26:58 2026] GET /v3/20b9d52672e24dffaf0a70dd9fe142bf/os-quota-sets/4ac3c10151934c7aade2726eacb7ec14?usage=true => generated 847 bytes in 29 msecs (HTTP/1.1 200) 7 headers in 285 bytes (1 switches on core 0)
2026-06-15 21:26:58.809 8 INFO cinder.api.openstack.wsgi [None req-334d30f1-5216-4589-8ff1-363faf492bc8 8f25b79d790446a78ecaecef1ee8b51a 20b9d52672e24dffaf0a70dd9fe142bf - - default default] GET http://cinder-api.openstack.svc.cluster.local:8776/v3/20b9d52672e24dffaf0a70dd9fe142bf/os-quota-sets/5415773afd3749089ed0c07ff6e447ec?usage=true
2026-06-15 21:26:58.834 8 INFO cinder.api.openstack.wsgi [None req-334d30f1-5216-4589-8ff1-363faf492bc8 8f25b79d790446a78ecaecef1ee8b51a 20b9d52672e24dffaf0a70dd9fe142bf - - default default] http://cinder-api.openstack.svc.cluster.local:8776/v3/20b9d52672e24dffaf0a70dd9fe142bf/os-quota-sets/5415773afd3749089ed0c07ff6e447ec?usage=true returned with HTTP 200 [pid: 8|app: 0|req: 525/1043] 10.0.0.207 () {28 vars in 736 bytes} [Mon Jun 15 21:26:58 2026] GET /v3/20b9d52672e24dffaf0a70dd9fe142bf/os-quota-sets/5415773afd3749089ed0c07ff6e447ec?usage=true => generated 847 bytes in 31 msecs (HTTP/1.1 200) 7 headers in 285 bytes (1 switches on core 0)
2026-06-15 21:26:58.847 7 INFO cinder.api.openstack.wsgi [None req-9993ecdc-68e3-4371-8d47-605f725295df 8f25b79d790446a78ecaecef1ee8b51a 20b9d52672e24dffaf0a70dd9fe142bf - - default default] GET http://cinder-api.openstack.svc.cluster.local:8776/v3/20b9d52672e24dffaf0a70dd9fe142bf/os-quota-sets/5def9b6187554a17857e4a6158df0123?usage=true
2026-06-15 21:26:58.870 7 INFO cinder.api.openstack.wsgi [None req-9993ecdc-68e3-4371-8d47-605f725295df 8f25b79d790446a78ecaecef1ee8b51a 20b9d52672e24dffaf0a70dd9fe142bf - - default default] http://cinder-api.openstack.svc.cluster.local:8776/v3/20b9d52672e24dffaf0a70dd9fe142bf/os-quota-sets/5def9b6187554a17857e4a6158df0123?usage=true returned with HTTP 200 [pid: 7|app: 0|req: 519/1044] 10.0.0.207 () {28 vars in 736 bytes} [Mon Jun 15 21:26:58 2026] GET /v3/20b9d52672e24dffaf0a70dd9fe142bf/os-quota-sets/5def9b6187554a17857e4a6158df0123?usage=true => generated 847 bytes in 31 msecs (HTTP/1.1 200) 7 headers in 285 bytes (1 switches on core 0)
2026-06-15 21:26:58.882 8 INFO cinder.api.openstack.wsgi [None req-61cd487a-4869-4e18-87b4-9df216870fd5 8f25b79d790446a78ecaecef1ee8b51a 20b9d52672e24dffaf0a70dd9fe142bf - - default default] GET http://cinder-api.openstack.svc.cluster.local:8776/v3/20b9d52672e24dffaf0a70dd9fe142bf/os-quota-sets/afeb30de3afa4c2086cdce05914ab7c7?usage=true
2026-06-15 21:26:58.907 8 INFO cinder.api.openstack.wsgi [None req-61cd487a-4869-4e18-87b4-9df216870fd5 8f25b79d790446a78ecaecef1ee8b51a 20b9d52672e24dffaf0a70dd9fe142bf - - default default] http://cinder-api.openstack.svc.cluster.local:8776/v3/20b9d52672e24dffaf0a70dd9fe142bf/os-quota-sets/afeb30de3afa4c2086cdce05914ab7c7?usage=true returned with HTTP 200 [pid: 8|app: 0|req: 526/1045] 10.0.0.207 () {28 vars in 736 bytes} [Mon Jun 15 21:26:58 2026] GET /v3/20b9d52672e24dffaf0a70dd9fe142bf/os-quota-sets/afeb30de3afa4c2086cdce05914ab7c7?usage=true => generated 845 bytes in 33 msecs (HTTP/1.1 200) 7 headers in 285 bytes (1 switches on core 0)
2026-06-15 21:26:58.920 7 INFO cinder.api.openstack.wsgi [None req-3b4e0c94-a640-4155-b7c7-858bda712548 8f25b79d790446a78ecaecef1ee8b51a 20b9d52672e24dffaf0a70dd9fe142bf - - default default] GET http://cinder-api.openstack.svc.cluster.local:8776/v3/20b9d52672e24dffaf0a70dd9fe142bf/os-quota-sets/e2a04fd2c79e436e988c8f61854e8998?usage=true
2026-06-15 21:26:58.949 7 INFO cinder.api.openstack.wsgi [None req-3b4e0c94-a640-4155-b7c7-858bda712548 8f25b79d790446a78ecaecef1ee8b51a 20b9d52672e24dffaf0a70dd9fe142bf - - default default] http://cinder-api.openstack.svc.cluster.local:8776/v3/20b9d52672e24dffaf0a70dd9fe142bf/os-quota-sets/e2a04fd2c79e436e988c8f61854e8998?usage=true returned with HTTP 200 [pid: 7|app: 0|req: 520/1046] 10.0.0.207 () {28 vars in 736 bytes} [Mon Jun 15 21:26:58 2026] GET /v3/20b9d52672e24dffaf0a70dd9fe142bf/os-quota-sets/e2a04fd2c79e436e988c8f61854e8998?usage=true => generated 847 bytes in 36 msecs (HTTP/1.1 200) 7 headers in 285 bytes (1 switches on core 0)
2026-06-15 21:26:58.962 8 INFO cinder.api.openstack.wsgi [None req-08c9aa54-f4b5-4dc5-933b-62ac5541e1f2 8f25b79d790446a78ecaecef1ee8b51a 20b9d52672e24dffaf0a70dd9fe142bf - - default default] GET http://cinder-api.openstack.svc.cluster.local:8776/v3/20b9d52672e24dffaf0a70dd9fe142bf/os-quota-sets/f01a2eaac2104ad3a18b5c5ef758dbcc?usage=true
2026-06-15 21:26:58.992 8 INFO cinder.api.openstack.wsgi [None req-08c9aa54-f4b5-4dc5-933b-62ac5541e1f2 8f25b79d790446a78ecaecef1ee8b51a 20b9d52672e24dffaf0a70dd9fe142bf - - default default] http://cinder-api.openstack.svc.cluster.local:8776/v3/20b9d52672e24dffaf0a70dd9fe142bf/os-quota-sets/f01a2eaac2104ad3a18b5c5ef758dbcc?usage=true returned with HTTP 200 [pid: 8|app: 0|req: 527/1047] 10.0.0.207 () {28 vars in 736 bytes} [Mon Jun 15 21:26:58 2026] GET /v3/20b9d52672e24dffaf0a70dd9fe142bf/os-quota-sets/f01a2eaac2104ad3a18b5c5ef758dbcc?usage=true => generated 847 bytes in 36 msecs (HTTP/1.1 200) 7 headers in 285 bytes (1 switches on core 0)
2026-06-15 21:27:07.610 7 INFO cinder.api.openstack.wsgi [None req-3b4e0c94-a640-4155-b7c7-858bda712548 8f25b79d790446a78ecaecef1ee8b51a 20b9d52672e24dffaf0a70dd9fe142bf - - default default] GET http://10.0.0.118:8776/
2026-06-15 21:27:07.610 8 INFO cinder.api.openstack.wsgi [None req-08c9aa54-f4b5-4dc5-933b-62ac5541e1f2 8f25b79d790446a78ecaecef1ee8b51a 20b9d52672e24dffaf0a70dd9fe142bf - - default default] GET http://10.0.0.118:8776/
2026-06-15 21:27:07.611 7 INFO cinder.api.openstack.wsgi [None req-3b4e0c94-a640-4155-b7c7-858bda712548 8f25b79d790446a78ecaecef1ee8b51a 20b9d52672e24dffaf0a70dd9fe142bf - - default default] http://10.0.0.118:8776/ returned with HTTP 300
2026-06-15 21:27:07.611 8 INFO cinder.api.openstack.wsgi [None req-08c9aa54-f4b5-4dc5-933b-62ac5541e1f2 8f25b79d790446a78ecaecef1ee8b51a 20b9d52672e24dffaf0a70dd9fe142bf - - default default] http://10.0.0.118:8776/ returned with HTTP 300
2026-06-15 21:27:17.610 7 INFO cinder.api.openstack.wsgi [None req-3b4e0c94-a640-4155-b7c7-858bda712548 8f25b79d790446a78ecaecef1ee8b51a 20b9d52672e24dffaf0a70dd9fe142bf - - default default] GET http://10.0.0.118:8776/
2026-06-15 21:27:17.610 8 INFO cinder.api.openstack.wsgi [None req-08c9aa54-f4b5-4dc5-933b-62ac5541e1f2 8f25b79d790446a78ecaecef1ee8b51a 20b9d52672e24dffaf0a70dd9fe142bf - - default default] GET http://10.0.0.118:8776/
2026-06-15 21:27:17.610 7 INFO cinder.api.openstack.wsgi [None req-3b4e0c94-a640-4155-b7c7-858bda712548 8f25b79d790446a78ecaecef1ee8b51a 20b9d52672e24dffaf0a70dd9fe142bf - - default default] http://10.0.0.118:8776/ returned with HTTP 300
2026-06-15 21:27:17.611 8 INFO cinder.api.openstack.wsgi [None req-08c9aa54-f4b5-4dc5-933b-62ac5541e1f2 8f25b79d790446a78ecaecef1ee8b51a 20b9d52672e24dffaf0a70dd9fe142bf - - default default] http://10.0.0.118:8776/ returned with HTTP 300
2026-06-15 21:27:27.610 8 INFO cinder.api.openstack.wsgi [None req-08c9aa54-f4b5-4dc5-933b-62ac5541e1f2 8f25b79d790446a78ecaecef1ee8b51a 20b9d52672e24dffaf0a70dd9fe142bf - - default default] GET http://10.0.0.118:8776/
2026-06-15 21:27:27.610 7 INFO cinder.api.openstack.wsgi [None req-3b4e0c94-a640-4155-b7c7-858bda712548 8f25b79d790446a78ecaecef1ee8b51a 20b9d52672e24dffaf0a70dd9fe142bf - - default default] GET http://10.0.0.118:8776/
2026-06-15 21:27:27.611 8 INFO cinder.api.openstack.wsgi [None req-08c9aa54-f4b5-4dc5-933b-62ac5541e1f2 8f25b79d790446a78ecaecef1ee8b51a 20b9d52672e24dffaf0a70dd9fe142bf - - default default] http://10.0.0.118:8776/ returned with HTTP 300
2026-06-15 21:27:27.612 7 INFO cinder.api.openstack.wsgi [None req-3b4e0c94-a640-4155-b7c7-858bda712548 8f25b79d790446a78ecaecef1ee8b51a 20b9d52672e24dffaf0a70dd9fe142bf - - default default] http://10.0.0.118:8776/ returned with HTTP 300
2026-06-15 21:27:34.598 8 INFO cinder.api.openstack.wsgi [req-a17116e2-495a-4ec5-a3f7-25ebdca9160c req-89113fd1-9485-4a70-adfb-5f2c5eee3103 8f25b79d790446a78ecaecef1ee8b51a 20b9d52672e24dffaf0a70dd9fe142bf - - default default] DELETE http://cinder-api.openstack.svc.cluster.local:8776/v3/20b9d52672e24dffaf0a70dd9fe142bf/attachments/6c4d13c0-ea46-4e05-8ecc-033db4b23f60 /var/lib/openstack/lib/python3.12/site-packages/oslo_context/context.py:101: DeprecationWarning: Policy enforcement is depending on the value of is_admin. This key is deprecated. Please update your policy file to use the standard policy values. warnings.warn(
2026-06-15 21:27:35.189 8 INFO cinder.api.openstack.wsgi [req-a17116e2-495a-4ec5-a3f7-25ebdca9160c req-89113fd1-9485-4a70-adfb-5f2c5eee3103 8f25b79d790446a78ecaecef1ee8b51a 20b9d52672e24dffaf0a70dd9fe142bf - - default default] http://cinder-api.openstack.svc.cluster.local:8776/v3/20b9d52672e24dffaf0a70dd9fe142bf/attachments/6c4d13c0-ea46-4e05-8ecc-033db4b23f60 returned with HTTP 200 [pid: 8|app: 0|req: 531/1054] 199.19.213.107 () {38 vars in 1103 bytes} [Mon Jun 15 21:27:34 2026] DELETE /v3/20b9d52672e24dffaf0a70dd9fe142bf/attachments/6c4d13c0-ea46-4e05-8ecc-033db4b23f60 => generated 19 bytes in 600 msecs (HTTP/1.1 200) 7 headers in 285 bytes (1 switches on core 0)
2026-06-15 21:27:35.207 7 INFO cinder.api.openstack.wsgi [req-a17116e2-495a-4ec5-a3f7-25ebdca9160c req-aa5ee7d0-93d2-4a1a-8b4e-fd2194f3e776 8f25b79d790446a78ecaecef1ee8b51a 20b9d52672e24dffaf0a70dd9fe142bf - - default default] DELETE http://cinder-api.openstack.svc.cluster.local:8776/v3/20b9d52672e24dffaf0a70dd9fe142bf/volumes/b8cc55e0-80b0-4729-a0c8-b6146c39da57
2026-06-15 21:27:35.208 7 INFO cinder.api.v3.volumes [req-a17116e2-495a-4ec5-a3f7-25ebdca9160c req-aa5ee7d0-93d2-4a1a-8b4e-fd2194f3e776 8f25b79d790446a78ecaecef1ee8b51a 20b9d52672e24dffaf0a70dd9fe142bf - - default default] Delete volume with id: b8cc55e0-80b0-4729-a0c8-b6146c39da57 /var/lib/openstack/lib/python3.12/site-packages/oslo_context/context.py:101: DeprecationWarning: Policy enforcement is depending on the value of is_admin. This key is deprecated. Please update your policy file to use the standard policy values. warnings.warn(
2026-06-15 21:27:35.216 7 INFO cinder.volume.api [req-a17116e2-495a-4ec5-a3f7-25ebdca9160c req-aa5ee7d0-93d2-4a1a-8b4e-fd2194f3e776 8f25b79d790446a78ecaecef1ee8b51a 20b9d52672e24dffaf0a70dd9fe142bf - - default default] Volume info retrieved successfully.
2026-06-15 21:27:35.237 7 INFO cinder.volume.api [req-a17116e2-495a-4ec5-a3f7-25ebdca9160c req-aa5ee7d0-93d2-4a1a-8b4e-fd2194f3e776 8f25b79d790446a78ecaecef1ee8b51a 20b9d52672e24dffaf0a70dd9fe142bf - - default default] Delete volume request issued successfully.
2026-06-15 21:27:35.237 7 INFO cinder.api.openstack.wsgi [req-a17116e2-495a-4ec5-a3f7-25ebdca9160c req-aa5ee7d0-93d2-4a1a-8b4e-fd2194f3e776 8f25b79d790446a78ecaecef1ee8b51a 20b9d52672e24dffaf0a70dd9fe142bf - - default default] http://cinder-api.openstack.svc.cluster.local:8776/v3/20b9d52672e24dffaf0a70dd9fe142bf/volumes/b8cc55e0-80b0-4729-a0c8-b6146c39da57 returned with HTTP 202 [pid: 7|app: 0|req: 524/1055] 199.19.213.107 () {36 vars in 1054 bytes} [Mon Jun 15 21:27:35 2026] DELETE /v3/20b9d52672e24dffaf0a70dd9fe142bf/volumes/b8cc55e0-80b0-4729-a0c8-b6146c39da57 => generated 0 bytes in 39 msecs (HTTP/1.1 202) 6 headers in 233 bytes (1 switches on core 0)
2026-06-15 21:27:37.610 7 INFO cinder.api.openstack.wsgi [req-a17116e2-495a-4ec5-a3f7-25ebdca9160c req-aa5ee7d0-93d2-4a1a-8b4e-fd2194f3e776 8f25b79d790446a78ecaecef1ee8b51a 20b9d52672e24dffaf0a70dd9fe142bf - - default default] GET http://10.0.0.118:8776/
2026-06-15 21:27:37.610 8 INFO cinder.api.openstack.wsgi [req-a17116e2-495a-4ec5-a3f7-25ebdca9160c req-89113fd1-9485-4a70-adfb-5f2c5eee3103 8f25b79d790446a78ecaecef1ee8b51a 20b9d52672e24dffaf0a70dd9fe142bf - - default default] GET http://10.0.0.118:8776/
2026-06-15 21:27:37.610 7 INFO cinder.api.openstack.wsgi [req-a17116e2-495a-4ec5-a3f7-25ebdca9160c req-aa5ee7d0-93d2-4a1a-8b4e-fd2194f3e776 8f25b79d790446a78ecaecef1ee8b51a 20b9d52672e24dffaf0a70dd9fe142bf - - default default] http://10.0.0.118:8776/ returned with HTTP 300
2026-06-15 21:27:37.611 8 INFO cinder.api.openstack.wsgi [req-a17116e2-495a-4ec5-a3f7-25ebdca9160c req-89113fd1-9485-4a70-adfb-5f2c5eee3103 8f25b79d790446a78ecaecef1ee8b51a 20b9d52672e24dffaf0a70dd9fe142bf - - default default] http://10.0.0.118:8776/ returned with HTTP 300
2026-06-15 21:27:47.610 8 INFO cinder.api.openstack.wsgi [req-a17116e2-495a-4ec5-a3f7-25ebdca9160c req-89113fd1-9485-4a70-adfb-5f2c5eee3103 8f25b79d790446a78ecaecef1ee8b51a 20b9d52672e24dffaf0a70dd9fe142bf - - default default] GET http://10.0.0.118:8776/
2026-06-15 21:27:47.610 7 INFO cinder.api.openstack.wsgi [req-a17116e2-495a-4ec5-a3f7-25ebdca9160c req-aa5ee7d0-93d2-4a1a-8b4e-fd2194f3e776 8f25b79d790446a78ecaecef1ee8b51a 20b9d52672e24dffaf0a70dd9fe142bf - - default default] GET http://10.0.0.118:8776/
2026-06-15 21:27:47.611 8 INFO cinder.api.openstack.wsgi [req-a17116e2-495a-4ec5-a3f7-25ebdca9160c req-89113fd1-9485-4a70-adfb-5f2c5eee3103 8f25b79d790446a78ecaecef1ee8b51a 20b9d52672e24dffaf0a70dd9fe142bf - - default default] http://10.0.0.118:8776/ returned with HTTP 300
2026-06-15 21:27:47.611 7 INFO cinder.api.openstack.wsgi [req-a17116e2-495a-4ec5-a3f7-25ebdca9160c req-aa5ee7d0-93d2-4a1a-8b4e-fd2194f3e776 8f25b79d790446a78ecaecef1ee8b51a 20b9d52672e24dffaf0a70dd9fe142bf - - default default] http://10.0.0.118:8776/ returned with HTTP 300
2026-06-15 21:27:57.611 7 INFO cinder.api.openstack.wsgi [req-a17116e2-495a-4ec5-a3f7-25ebdca9160c req-aa5ee7d0-93d2-4a1a-8b4e-fd2194f3e776 8f25b79d790446a78ecaecef1ee8b51a 20b9d52672e24dffaf0a70dd9fe142bf - - default default] GET http://10.0.0.118:8776/
2026-06-15 21:27:57.611 8 INFO cinder.api.openstack.wsgi [req-a17116e2-495a-4ec5-a3f7-25ebdca9160c req-89113fd1-9485-4a70-adfb-5f2c5eee3103 8f25b79d790446a78ecaecef1ee8b51a 20b9d52672e24dffaf0a70dd9fe142bf - - default default] GET http://10.0.0.118:8776/
2026-06-15 21:27:57.611 7 INFO cinder.api.openstack.wsgi [req-a17116e2-495a-4ec5-a3f7-25ebdca9160c req-aa5ee7d0-93d2-4a1a-8b4e-fd2194f3e776 8f25b79d790446a78ecaecef1ee8b51a 20b9d52672e24dffaf0a70dd9fe142bf - - default default] http://10.0.0.118:8776/ returned with HTTP 300
2026-06-15 21:27:57.612 8 INFO cinder.api.openstack.wsgi [req-a17116e2-495a-4ec5-a3f7-25ebdca9160c req-89113fd1-9485-4a70-adfb-5f2c5eee3103 8f25b79d790446a78ecaecef1ee8b51a 20b9d52672e24dffaf0a70dd9fe142bf - - default default] http://10.0.0.118:8776/ returned with HTTP 300 /var/lib/openstack/lib/python3.12/site-packages/pycadf/identifier.py:70: UserWarning: Invalid uuid: cinderv3. To ensure interoperability, identifiers should be a valid uuid. warnings.warn(('Invalid uuid: %s. To ensure interoperability, '
2026-06-15 21:27:57.862 7 INFO cinder.api.openstack.wsgi [None req-289d301b-f46b-48f7-b4e7-e80398d72864 8f25b79d790446a78ecaecef1ee8b51a 20b9d52672e24dffaf0a70dd9fe142bf - - default default] GET http://cinder-api.openstack.svc.cluster.local:8776/v3/20b9d52672e24dffaf0a70dd9fe142bf/volumes/detail?all_tenants=true
2026-06-15 21:27:57.873 7 INFO cinder.volume.api [None req-289d301b-f46b-48f7-b4e7-e80398d72864 8f25b79d790446a78ecaecef1ee8b51a 20b9d52672e24dffaf0a70dd9fe142bf - - default default] Get all volumes completed successfully.
2026-06-15 21:27:57.874 7 INFO cinder.api.openstack.wsgi [None req-289d301b-f46b-48f7-b4e7-e80398d72864 8f25b79d790446a78ecaecef1ee8b51a 20b9d52672e24dffaf0a70dd9fe142bf - - default default] http://cinder-api.openstack.svc.cluster.local:8776/v3/20b9d52672e24dffaf0a70dd9fe142bf/volumes/detail?all_tenants=true returned with HTTP 200 [pid: 7|app: 0|req: 528/1062] 10.0.0.207 () {28 vars in 684 bytes} [Mon Jun 15 21:27:57 2026] GET /v3/20b9d52672e24dffaf0a70dd9fe142bf/volumes/detail?all_tenants=true => generated 15 bytes in 55 msecs (HTTP/1.1 200) 7 headers in 284 bytes (1 switches on core 0) /var/lib/openstack/lib/python3.12/site-packages/pycadf/identifier.py:70: UserWarning: Invalid uuid: cinderv3. To ensure interoperability, identifiers should be a valid uuid. warnings.warn(('Invalid uuid: %s. To ensure interoperability, '
2026-06-15 21:27:57.886 8 INFO cinder.api.openstack.wsgi [None req-323b3cd7-bd63-45f4-ae97-097b8d949f12 8f25b79d790446a78ecaecef1ee8b51a 20b9d52672e24dffaf0a70dd9fe142bf - - default default] GET http://cinder-api.openstack.svc.cluster.local:8776/v3/20b9d52672e24dffaf0a70dd9fe142bf/snapshots?all_tenants=true /var/lib/openstack/lib/python3.12/site-packages/oslo_context/context.py:101: DeprecationWarning: Policy enforcement is depending on the value of is_admin. This key is deprecated. Please update your policy file to use the standard policy values. warnings.warn(
2026-06-15 21:27:57.891 8 INFO cinder.volume.api [None req-323b3cd7-bd63-45f4-ae97-097b8d949f12 8f25b79d790446a78ecaecef1ee8b51a 20b9d52672e24dffaf0a70dd9fe142bf - - default default] Get all snapshots completed successfully.
2026-06-15 21:27:57.892 8 INFO cinder.api.openstack.wsgi [None req-323b3cd7-bd63-45f4-ae97-097b8d949f12 8f25b79d790446a78ecaecef1ee8b51a 20b9d52672e24dffaf0a70dd9fe142bf - - default default] http://cinder-api.openstack.svc.cluster.local:8776/v3/20b9d52672e24dffaf0a70dd9fe142bf/snapshots?all_tenants=true returned with HTTP 200 [pid: 8|app: 0|req: 535/1063] 10.0.0.207 () {28 vars in 674 bytes} [Mon Jun 15 21:27:57 2026] GET /v3/20b9d52672e24dffaf0a70dd9fe142bf/snapshots?all_tenants=true => generated 17 bytes in 12 msecs (HTTP/1.1 200) 7 headers in 284 bytes (1 switches on core 0)
2026-06-15 21:27:57.904 7 INFO cinder.api.openstack.wsgi [None req-1a7b440a-5a9b-412b-9d6a-28e46a027641 8f25b79d790446a78ecaecef1ee8b51a 20b9d52672e24dffaf0a70dd9fe142bf - - default default] GET http://cinder-api.openstack.svc.cluster.local:8776/v3/20b9d52672e24dffaf0a70dd9fe142bf/os-services
2026-06-15 21:27:57.915 7 INFO cinder.api.openstack.wsgi [None req-1a7b440a-5a9b-412b-9d6a-28e46a027641 8f25b79d790446a78ecaecef1ee8b51a 20b9d52672e24dffaf0a70dd9fe142bf - - default default] http://cinder-api.openstack.svc.cluster.local:8776/v3/20b9d52672e24dffaf0a70dd9fe142bf/os-services returned with HTTP 200 [pid: 7|app: 0|req: 529/1064] 10.0.0.207 () {28 vars in 645 bytes} [Mon Jun 15 21:27:57 2026] GET /v3/20b9d52672e24dffaf0a70dd9fe142bf/os-services => generated 646 bytes in 21 msecs (HTTP/1.1 200) 7 headers in 285 bytes (1 switches on core 0)
2026-06-15 21:27:57.964 8 INFO cinder.api.openstack.wsgi [None req-3f170c71-c223-4821-83bd-88e6db647dc4 8f25b79d790446a78ecaecef1ee8b51a 20b9d52672e24dffaf0a70dd9fe142bf - - default default] GET http://cinder-api.openstack.svc.cluster.local:8776/v3/20b9d52672e24dffaf0a70dd9fe142bf/os-quota-sets/069860bef51342f6918d9873f8a1f965?usage=true
2026-06-15 21:27:57.994 8 INFO cinder.api.openstack.wsgi [None req-3f170c71-c223-4821-83bd-88e6db647dc4 8f25b79d790446a78ecaecef1ee8b51a 20b9d52672e24dffaf0a70dd9fe142bf - - default default] http://cinder-api.openstack.svc.cluster.local:8776/v3/20b9d52672e24dffaf0a70dd9fe142bf/os-quota-sets/069860bef51342f6918d9873f8a1f965?usage=true returned with HTTP 200 [pid: 8|app: 0|req: 536/1065] 10.0.0.207 () {28 vars in 736 bytes} [Mon Jun 15 21:27:57 2026] GET /v3/20b9d52672e24dffaf0a70dd9fe142bf/os-quota-sets/069860bef51342f6918d9873f8a1f965?usage=true => generated 847 bytes in 39 msecs (HTTP/1.1 200) 7 headers in 285 bytes (1 switches on core 0)
2026-06-15 21:27:58.013 7 INFO cinder.api.openstack.wsgi [None req-d5cba6b2-d917-46f8-b87e-603093bccc3a 8f25b79d790446a78ecaecef1ee8b51a 20b9d52672e24dffaf0a70dd9fe142bf - - default default] GET http://cinder-api.openstack.svc.cluster.local:8776/v3/20b9d52672e24dffaf0a70dd9fe142bf/os-quota-sets/07fbf85c816c4e189d6b0df3dca936e7?usage=true
2026-06-15 21:27:58.038 7 INFO cinder.api.openstack.wsgi [None req-d5cba6b2-d917-46f8-b87e-603093bccc3a 8f25b79d790446a78ecaecef1ee8b51a 20b9d52672e24dffaf0a70dd9fe142bf - - default default] http://cinder-api.openstack.svc.cluster.local:8776/v3/20b9d52672e24dffaf0a70dd9fe142bf/os-quota-sets/07fbf85c816c4e189d6b0df3dca936e7?usage=true returned with HTTP 200 [pid: 7|app: 0|req: 530/1066] 10.0.0.207 () {28 vars in 736 bytes} [Mon Jun 15 21:27:58 2026] GET /v3/20b9d52672e24dffaf0a70dd9fe142bf/os-quota-sets/07fbf85c816c4e189d6b0df3dca936e7?usage=true => generated 847 bytes in 35 msecs (HTTP/1.1 200) 7 headers in 285 bytes (1 switches on core 0)
2026-06-15 21:27:58.050 8 INFO cinder.api.openstack.wsgi [None req-7d2adc34-419c-4e6c-9db1-9f8809d6ef34 8f25b79d790446a78ecaecef1ee8b51a 20b9d52672e24dffaf0a70dd9fe142bf - - default default] GET http://cinder-api.openstack.svc.cluster.local:8776/v3/20b9d52672e24dffaf0a70dd9fe142bf/os-quota-sets/1d33b26a4bcf455984cfcc3cd05b922b?usage=true
2026-06-15 21:27:58.071 8 INFO cinder.api.openstack.wsgi [None req-7d2adc34-419c-4e6c-9db1-9f8809d6ef34 8f25b79d790446a78ecaecef1ee8b51a 20b9d52672e24dffaf0a70dd9fe142bf - - default default] http://cinder-api.openstack.svc.cluster.local:8776/v3/20b9d52672e24dffaf0a70dd9fe142bf/os-quota-sets/1d33b26a4bcf455984cfcc3cd05b922b?usage=true returned with HTTP 200 [pid: 8|app: 0|req: 537/1067] 10.0.0.207 () {28 vars in 736 bytes} [Mon Jun 15 21:27:58 2026] GET /v3/20b9d52672e24dffaf0a70dd9fe142bf/os-quota-sets/1d33b26a4bcf455984cfcc3cd05b922b?usage=true => generated 847 bytes in 30 msecs (HTTP/1.1 200) 7 headers in 285 bytes (1 switches on core 0)
2026-06-15 21:27:58.084 7 INFO cinder.api.openstack.wsgi [None req-e1e673b3-abad-4e3d-8b6d-9f363051e0b6 8f25b79d790446a78ecaecef1ee8b51a 20b9d52672e24dffaf0a70dd9fe142bf - - default default] GET http://cinder-api.openstack.svc.cluster.local:8776/v3/20b9d52672e24dffaf0a70dd9fe142bf/os-quota-sets/20b9d52672e24dffaf0a70dd9fe142bf?usage=true
2026-06-15 21:27:58.106 7 INFO cinder.api.openstack.wsgi [None req-e1e673b3-abad-4e3d-8b6d-9f363051e0b6 8f25b79d790446a78ecaecef1ee8b51a 20b9d52672e24dffaf0a70dd9fe142bf - - default default] http://cinder-api.openstack.svc.cluster.local:8776/v3/20b9d52672e24dffaf0a70dd9fe142bf/os-quota-sets/20b9d52672e24dffaf0a70dd9fe142bf?usage=true returned with HTTP 200 [pid: 7|app: 0|req: 531/1068] 10.0.0.207 () {28 vars in 736 bytes} [Mon Jun 15 21:27:58 2026] GET /v3/20b9d52672e24dffaf0a70dd9fe142bf/os-quota-sets/20b9d52672e24dffaf0a70dd9fe142bf?usage=true => generated 845 bytes in 30 msecs (HTTP/1.1 200) 7 headers in 285 bytes (1 switches on core 0)
2026-06-15 21:27:58.116 8 INFO cinder.api.openstack.wsgi [None req-dcacc2f5-8ffd-481e-8c46-1906bd0f0123 8f25b79d790446a78ecaecef1ee8b51a 20b9d52672e24dffaf0a70dd9fe142bf - - default default] GET http://cinder-api.openstack.svc.cluster.local:8776/v3/20b9d52672e24dffaf0a70dd9fe142bf/os-quota-sets/2cde68ccce72448cb39fbe9069695fbd?usage=true
2026-06-15 21:27:58.142 8 INFO cinder.api.openstack.wsgi [None req-dcacc2f5-8ffd-481e-8c46-1906bd0f0123 8f25b79d790446a78ecaecef1ee8b51a 20b9d52672e24dffaf0a70dd9fe142bf - - default default] http://cinder-api.openstack.svc.cluster.local:8776/v3/20b9d52672e24dffaf0a70dd9fe142bf/os-quota-sets/2cde68ccce72448cb39fbe9069695fbd?usage=true returned with HTTP 200 [pid: 8|app: 0|req: 538/1069] 10.0.0.207 () {28 vars in 736 bytes} [Mon Jun 15 21:27:58 2026] GET /v3/20b9d52672e24dffaf0a70dd9fe142bf/os-quota-sets/2cde68ccce72448cb39fbe9069695fbd?usage=true => generated 847 bytes in 32 msecs (HTTP/1.1 200) 7 headers in 285 bytes (1 switches on core 0)
2026-06-15 21:27:58.153 7 INFO cinder.api.openstack.wsgi [None req-41d767d5-c7e8-49b0-a2ef-247c016faf32 8f25b79d790446a78ecaecef1ee8b51a 20b9d52672e24dffaf0a70dd9fe142bf - - default default] GET http://cinder-api.openstack.svc.cluster.local:8776/v3/20b9d52672e24dffaf0a70dd9fe142bf/os-quota-sets/4ac3c10151934c7aade2726eacb7ec14?usage=true
2026-06-15 21:27:58.170 7 INFO cinder.api.openstack.wsgi [None req-41d767d5-c7e8-49b0-a2ef-247c016faf32 8f25b79d790446a78ecaecef1ee8b51a 20b9d52672e24dffaf0a70dd9fe142bf - - default default] http://cinder-api.openstack.svc.cluster.local:8776/v3/20b9d52672e24dffaf0a70dd9fe142bf/os-quota-sets/4ac3c10151934c7aade2726eacb7ec14?usage=true returned with HTTP 200 [pid: 7|app: 0|req: 532/1070] 10.0.0.207 () {28 vars in 736 bytes} [Mon Jun 15 21:27:58 2026] GET /v3/20b9d52672e24dffaf0a70dd9fe142bf/os-quota-sets/4ac3c10151934c7aade2726eacb7ec14?usage=true => generated 847 bytes in 24 msecs (HTTP/1.1 200) 7 headers in 285 bytes (1 switches on core 0)
2026-06-15 21:27:58.181 8 INFO cinder.api.openstack.wsgi [None req-83b4b812-d33a-4b53-b2e8-7212de5844cb 8f25b79d790446a78ecaecef1ee8b51a 20b9d52672e24dffaf0a70dd9fe142bf - - default default] GET http://cinder-api.openstack.svc.cluster.local:8776/v3/20b9d52672e24dffaf0a70dd9fe142bf/os-quota-sets/5415773afd3749089ed0c07ff6e447ec?usage=true
2026-06-15 21:27:58.202 8 INFO cinder.api.openstack.wsgi [None req-83b4b812-d33a-4b53-b2e8-7212de5844cb 8f25b79d790446a78ecaecef1ee8b51a 20b9d52672e24dffaf0a70dd9fe142bf - - default default] http://cinder-api.openstack.svc.cluster.local:8776/v3/20b9d52672e24dffaf0a70dd9fe142bf/os-quota-sets/5415773afd3749089ed0c07ff6e447ec?usage=true returned with HTTP 200 [pid: 8|app: 0|req: 539/1071] 10.0.0.207 () {28 vars in 736 bytes} [Mon Jun 15 21:27:58 2026] GET /v3/20b9d52672e24dffaf0a70dd9fe142bf/os-quota-sets/5415773afd3749089ed0c07ff6e447ec?usage=true => generated 847 bytes in 29 msecs (HTTP/1.1 200) 7 headers in 285 bytes (1 switches on core 0)
2026-06-15 21:27:58.213 7 INFO cinder.api.openstack.wsgi [None req-e2fd33c7-374a-4fdd-b111-51b16b5f2205 8f25b79d790446a78ecaecef1ee8b51a 20b9d52672e24dffaf0a70dd9fe142bf - - default default] GET http://cinder-api.openstack.svc.cluster.local:8776/v3/20b9d52672e24dffaf0a70dd9fe142bf/os-quota-sets/5def9b6187554a17857e4a6158df0123?usage=true
2026-06-15 21:27:58.230 7 INFO cinder.api.openstack.wsgi [None req-e2fd33c7-374a-4fdd-b111-51b16b5f2205 8f25b79d790446a78ecaecef1ee8b51a 20b9d52672e24dffaf0a70dd9fe142bf - - default default] http://cinder-api.openstack.svc.cluster.local:8776/v3/20b9d52672e24dffaf0a70dd9fe142bf/os-quota-sets/5def9b6187554a17857e4a6158df0123?usage=true returned with HTTP 200 [pid: 7|app: 0|req: 533/1072] 10.0.0.207 () {28 vars in 736 bytes} [Mon Jun 15 21:27:58 2026] GET /v3/20b9d52672e24dffaf0a70dd9fe142bf/os-quota-sets/5def9b6187554a17857e4a6158df0123?usage=true => generated 847 bytes in 23 msecs (HTTP/1.1 200) 7 headers in 285 bytes (1 switches on core 0)
2026-06-15 21:27:58.241 8 INFO cinder.api.openstack.wsgi [None req-cbd90096-b7b6-4333-8e11-49b6604751a7 8f25b79d790446a78ecaecef1ee8b51a 20b9d52672e24dffaf0a70dd9fe142bf - - default default] GET http://cinder-api.openstack.svc.cluster.local:8776/v3/20b9d52672e24dffaf0a70dd9fe142bf/os-quota-sets/afeb30de3afa4c2086cdce05914ab7c7?usage=true
2026-06-15 21:27:58.268 8 INFO cinder.api.openstack.wsgi [None req-cbd90096-b7b6-4333-8e11-49b6604751a7 8f25b79d790446a78ecaecef1ee8b51a 20b9d52672e24dffaf0a70dd9fe142bf - - default default] http://cinder-api.openstack.svc.cluster.local:8776/v3/20b9d52672e24dffaf0a70dd9fe142bf/os-quota-sets/afeb30de3afa4c2086cdce05914ab7c7?usage=true returned with HTTP 200 [pid: 8|app: 0|req: 540/1073] 10.0.0.207 () {28 vars in 736 bytes} [Mon Jun 15 21:27:58 2026] GET /v3/20b9d52672e24dffaf0a70dd9fe142bf/os-quota-sets/afeb30de3afa4c2086cdce05914ab7c7?usage=true => generated 845 bytes in 34 msecs (HTTP/1.1 200) 7 headers in 285 bytes (1 switches on core 0)
2026-06-15 21:27:58.281 7 INFO cinder.api.openstack.wsgi [None req-a86e8d70-a21d-40e0-b2f0-9d9315ef6f2a 8f25b79d790446a78ecaecef1ee8b51a 20b9d52672e24dffaf0a70dd9fe142bf - - default default] GET http://cinder-api.openstack.svc.cluster.local:8776/v3/20b9d52672e24dffaf0a70dd9fe142bf/os-quota-sets/e2a04fd2c79e436e988c8f61854e8998?usage=true
2026-06-15 21:27:58.299 7 INFO cinder.api.openstack.wsgi [None req-a86e8d70-a21d-40e0-b2f0-9d9315ef6f2a 8f25b79d790446a78ecaecef1ee8b51a 20b9d52672e24dffaf0a70dd9fe142bf - - default default] http://cinder-api.openstack.svc.cluster.local:8776/v3/20b9d52672e24dffaf0a70dd9fe142bf/os-quota-sets/e2a04fd2c79e436e988c8f61854e8998?usage=true returned with HTTP 200 [pid: 7|app: 0|req: 534/1074] 10.0.0.207 () {28 vars in 736 bytes} [Mon Jun 15 21:27:58 2026] GET /v3/20b9d52672e24dffaf0a70dd9fe142bf/os-quota-sets/e2a04fd2c79e436e988c8f61854e8998?usage=true => generated 847 bytes in 27 msecs (HTTP/1.1 200) 7 headers in 285 bytes (1 switches on core 0)
2026-06-15 21:27:58.314 8 INFO cinder.api.openstack.wsgi [None req-f5b67f36-707a-4fa5-95c5-ba61f846d809 8f25b79d790446a78ecaecef1ee8b51a 20b9d52672e24dffaf0a70dd9fe142bf - - default default] GET http://cinder-api.openstack.svc.cluster.local:8776/v3/20b9d52672e24dffaf0a70dd9fe142bf/os-quota-sets/f01a2eaac2104ad3a18b5c5ef758dbcc?usage=true
2026-06-15 21:27:58.336 8 INFO cinder.api.openstack.wsgi [None req-f5b67f36-707a-4fa5-95c5-ba61f846d809 8f25b79d790446a78ecaecef1ee8b51a 20b9d52672e24dffaf0a70dd9fe142bf - - default default] http://cinder-api.openstack.svc.cluster.local:8776/v3/20b9d52672e24dffaf0a70dd9fe142bf/os-quota-sets/f01a2eaac2104ad3a18b5c5ef758dbcc?usage=true returned with HTTP 200 [pid: 8|app: 0|req: 541/1075] 10.0.0.207 () {28 vars in 736 bytes} [Mon Jun 15 21:27:58 2026] GET /v3/20b9d52672e24dffaf0a70dd9fe142bf/os-quota-sets/f01a2eaac2104ad3a18b5c5ef758dbcc?usage=true => generated 847 bytes in 33 msecs (HTTP/1.1 200) 7 headers in 285 bytes (1 switches on core 0)
2026-06-15 21:27:58.349 7 INFO cinder.api.openstack.wsgi [None req-9747659d-706f-4d7d-9af9-1b83e7dff002 8f25b79d790446a78ecaecef1ee8b51a 20b9d52672e24dffaf0a70dd9fe142bf - - default default] GET http://cinder-api.openstack.svc.cluster.local:8776/v3/20b9d52672e24dffaf0a70dd9fe142bf/scheduler-stats/get_pools?detail=true
2026-06-15 21:27:58.852 7 INFO cinder.api.openstack.wsgi [None req-9747659d-706f-4d7d-9af9-1b83e7dff002 8f25b79d790446a78ecaecef1ee8b51a 20b9d52672e24dffaf0a70dd9fe142bf - - default default] http://cinder-api.openstack.svc.cluster.local:8776/v3/20b9d52672e24dffaf0a70dd9fe142bf/scheduler-stats/get_pools?detail=true returned with HTTP 200 [pid: 7|app: 0|req: 535/1076] 10.0.0.207 () {28 vars in 696 bytes} [Mon Jun 15 21:27:58 2026] GET /v3/20b9d52672e24dffaf0a70dd9fe142bf/scheduler-stats/get_pools?detail=true => generated 670 bytes in 511 msecs (HTTP/1.1 200) 7 headers in 285 bytes (1 switches on core 0)
2026-06-15 21:27:58.864 8 INFO cinder.api.openstack.wsgi [None req-f587695c-23af-4180-82fe-c0f16425f441 8f25b79d790446a78ecaecef1ee8b51a 20b9d52672e24dffaf0a70dd9fe142bf - - default default] GET http://cinder-api.openstack.svc.cluster.local:8776/v3/20b9d52672e24dffaf0a70dd9fe142bf/volumes/detail?all_tenants=true
2026-06-15 21:27:58.874 8 INFO cinder.volume.api [None req-f587695c-23af-4180-82fe-c0f16425f441 8f25b79d790446a78ecaecef1ee8b51a 20b9d52672e24dffaf0a70dd9fe142bf - - default default] Get all volumes completed successfully.
2026-06-15 21:27:58.877 8 INFO cinder.api.openstack.wsgi [None req-f587695c-23af-4180-82fe-c0f16425f441 8f25b79d790446a78ecaecef1ee8b51a 20b9d52672e24dffaf0a70dd9fe142bf - - default default] http://cinder-api.openstack.svc.cluster.local:8776/v3/20b9d52672e24dffaf0a70dd9fe142bf/volumes/detail?all_tenants=true returned with HTTP 200 [pid: 8|app: 0|req: 542/1077] 10.0.0.207 () {28 vars in 684 bytes} [Mon Jun 15 21:27:58 2026] GET /v3/20b9d52672e24dffaf0a70dd9fe142bf/volumes/detail?all_tenants=true => generated 15 bytes in 21 msecs (HTTP/1.1 200) 7 headers in 284 bytes (1 switches on core 0)
2026-06-15 21:28:07.611 7 INFO cinder.api.openstack.wsgi [None req-9747659d-706f-4d7d-9af9-1b83e7dff002 8f25b79d790446a78ecaecef1ee8b51a 20b9d52672e24dffaf0a70dd9fe142bf - - default default] GET http://10.0.0.118:8776/
2026-06-15 21:28:07.611 8 INFO cinder.api.openstack.wsgi [None req-f587695c-23af-4180-82fe-c0f16425f441 8f25b79d790446a78ecaecef1ee8b51a 20b9d52672e24dffaf0a70dd9fe142bf - - default default] GET http://10.0.0.118:8776/
2026-06-15 21:28:07.612 7 INFO cinder.api.openstack.wsgi [None req-9747659d-706f-4d7d-9af9-1b83e7dff002 8f25b79d790446a78ecaecef1ee8b51a 20b9d52672e24dffaf0a70dd9fe142bf - - default default] http://10.0.0.118:8776/ returned with HTTP 300
2026-06-15 21:28:07.612 8 INFO cinder.api.openstack.wsgi [None req-f587695c-23af-4180-82fe-c0f16425f441 8f25b79d790446a78ecaecef1ee8b51a 20b9d52672e24dffaf0a70dd9fe142bf - - default default] http://10.0.0.118:8776/ returned with HTTP 300
