Jun 22 06:16:23.058973 np0000182462 devstack@neutron-api.service[103422]: DEBUG neutron.common.ovn.hash_ring_manager [-] Allow caching, nodes 4>=4 {{(pid=103422) _wait_startup_before_caching /opt/stack/neutron/neutron/common/ovn/hash_ring_manager.py:71}}
Jun 22 06:16:23.058973 np0000182462 devstack@neutron-api.service[103422]: DEBUG neutron.plugins.ml2.drivers.ovn.mech_driver.ovsdb.ovsdb_monitor [-] Hash Ring: Node 387af9f1281c58f0b8f28d243a7b4cce (host: np0000182462) handling event "update" for row 39e260b8-beb3-46bb-963b-c47a74c80e8a (table: Connection) {{(pid=103422) notify /opt/stack/neutron/neutron/plugins/ml2/drivers/ovn/mech_driver/ovsdb/ovsdb_monitor.py:1015}}
Jun 22 06:16:25.552610 np0000182462 devstack@neutron-api.service[103422]: DEBUG neutron.plugins.ml2.drivers.ovn.mech_driver.ovsdb.ovsdb_monitor [-] Hash Ring: Node 387af9f1281c58f0b8f28d243a7b4cce (host: np0000182462) handling event "update" for row 39e260b8-beb3-46bb-963b-c47a74c80e8a (table: Connection) {{(pid=103422) notify /opt/stack/neutron/neutron/plugins/ml2/drivers/ovn/mech_driver/ovsdb/ovsdb_monitor.py:1015}}
Jun 22 06:16:25.554207 np0000182462 devstack@neutron-api.service[103419]: DEBUG neutron.plugins.ml2.drivers.ovn.mech_driver.ovsdb.ovsdb_monitor [-] Hash Ring: Node d2e87b400e48552ab249388ecfd4ed24 (host: np0000182462) handling event "update" for row 39e260b8-beb3-46bb-963b-c47a74c80e8a (table: Connection) {{(pid=103419) notify /opt/stack/neutron/neutron/plugins/ml2/drivers/ovn/mech_driver/ovsdb/ovsdb_monitor.py:1015}}
Jun 22 06:16:28.386249 np0000182462 devstack@neutron-api.service[103422]: DEBUG neutron.api.wsgi [None req-4fe0b946-6d9e-4f38-82b1-cbfea27c5733 admin admin] Missing Content-Type {{(pid=103422) get_content_type /opt/stack/neutron/neutron/api/wsgi.py:80}}
Jun 22 06:16:28.387025 np0000182462 devstack@neutron-api.service[103422]: DEBUG neutron.api.wsgi [None req-4fe0b946-6d9e-4f38-82b1-cbfea27c5733 admin admin] https://199.204.45.240/networking/v2.0/extensions returned with HTTP 200 {{(pid=103422) __call__ /opt/stack/neutron/neutron/api/wsgi.py:540}}
Jun 22 06:16:28.387025 np0000182462 devstack@neutron-api.service[103422]: [pid: 103422|app: 0|req: 2/2] 199.204.45.240 () {64 vars in 1323 bytes} [Mon Jun 22 06:16:27 2026] GET /networking/v2.0/extensions => generated 16171 bytes in 474 msecs (HTTP/1.1 200) 4 headers in 159 bytes (1 switches on core 0)
Jun 22 06:16:28.832075 np0000182462 devstack@neutron-api.service[103419]: DEBUG neutron.api.v2.base [None req-8991f161-babc-458f-b68e-eaab9b6c8f86 admin admin] Request body: {'subnetpool': {'name': 'shared-default-subnetpool-v4', 'shared': True, 'is_default': True, 'default_prefixlen': 26, 'prefixes': ['10.1.0.0/20']}} {{(pid=103419) prepare_request_body /opt/stack/neutron/neutron/api/v2/base.py:727}}
Jun 22 06:16:29.044311 np0000182462 devstack@neutron-api.service[103419]: DEBUG neutron.policy [None req-8991f161-babc-458f-b68e-eaab9b6c8f86 admin admin] Loaded default policies from ['neutron'] under neutron.policies entry points {{(pid=103419) register_rules /opt/stack/neutron/neutron/policy.py:65}}
Jun 22 06:16:29.203865 np0000182462 devstack@neutron-api.service[103419]: DEBUG neutron_lib.callbacks.manager [None req-8991f161-babc-458f-b68e-eaab9b6c8f86 admin admin] Publish callbacks ['neutron.objects.securitygroup.RbacNeutronDbObjectMixin.validate_rbac_policy_change-3137669442983', 'neutron.objects.address_group.RbacNeutronDbObjectMixin.validate_rbac_policy_change-3137669535668', 'neutron.objects.network.RbacNeutronDbObjectMixin.validate_rbac_policy_change-3137669668057', 'neutron.objects.qos.policy.RbacNeutronDbObjectMixin.validate_rbac_policy_change-3137669629065', 'neutron.objects.subnetpool.RbacNeutronDbObjectMixin.validate_rbac_policy_change-3137669650003', 'neutron.objects.address_scope.RbacNeutronDbObjectMixin.validate_rbac_policy_change-3137669634070', 'neutron.plugins.ml2.plugin.External_net_db_mixin._process_ext_policy_create-63981', 'neutron.plugins.ml2.plugin.NeutronDbPluginV2.validate_network_rbac_policy_change-11717'] for rbac-policy (None), before_create {{(pid=103419) _notify_loop /opt/stack/data/venv/lib/python3.12/site-packages/neutron_lib/callbacks/manager.py:184}}
Jun 22 06:16:29.255579 np0000182462 devstack@neutron-api.service[103419]: DEBUG neutron_lib.callbacks.manager [None req-8991f161-babc-458f-b68e-eaab9b6c8f86 admin admin] Publish callbacks [] for subnetpool (None), before_response {{(pid=103419) _notify_loop /opt/stack/data/venv/lib/python3.12/site-packages/neutron_lib/callbacks/manager.py:184}}
Jun 22 06:16:29.256228 np0000182462 devstack@neutron-api.service[103419]: [pid: 103419|app: 0|req: 1/3] 199.204.45.240 () {68 vars in 1367 bytes} [Mon Jun 22 06:16:28 2026] POST /networking/v2.0/subnetpools => generated 533 bytes in 551 msecs (HTTP/1.1 201) 4 headers in 162 bytes (1 switches on core 0)
Jun 22 06:16:29.617032 np0000182462 devstack@neutron-api.service[103421]: DEBUG neutron.api.v2.base [None req-e584d5de-ec21-4189-a882-0c145da63962 admin admin] Request body: {'subnetpool': {'name': 'shared-default-subnetpool-v6', 'shared': True, 'is_default': True, 'default_prefixlen': 64, 'prefixes': ['fdc3:3cca:1928::/56']}} {{(pid=103421) prepare_request_body /opt/stack/neutron/neutron/api/v2/base.py:727}}
Jun 22 06:16:29.797313 np0000182462 devstack@neutron-api.service[103421]: DEBUG neutron.policy [None req-e584d5de-ec21-4189-a882-0c145da63962 admin admin] Loaded default policies from ['neutron'] under neutron.policies entry points {{(pid=103421) register_rules /opt/stack/neutron/neutron/policy.py:65}}
Jun 22 06:16:29.962356 np0000182462 devstack@neutron-api.service[103421]: DEBUG neutron_lib.callbacks.manager [None req-e584d5de-ec21-4189-a882-0c145da63962 admin admin] Publish callbacks ['neutron.objects.securitygroup.RbacNeutronDbObjectMixin.validate_rbac_policy_change-3137669442536', 'neutron.objects.address_group.RbacNeutronDbObjectMixin.validate_rbac_policy_change-3137669534420', 'neutron.objects.network.RbacNeutronDbObjectMixin.validate_rbac_policy_change-3137669668994', 'neutron.objects.qos.policy.RbacNeutronDbObjectMixin.validate_rbac_policy_change-3137669673545', 'neutron.objects.subnetpool.RbacNeutronDbObjectMixin.validate_rbac_policy_change-3137669657715', 'neutron.objects.address_scope.RbacNeutronDbObjectMixin.validate_rbac_policy_change-3137669612118', 'neutron.plugins.ml2.plugin.External_net_db_mixin._process_ext_policy_create-496592', 'neutron.plugins.ml2.plugin.NeutronDbPluginV2.validate_network_rbac_policy_change-488136'] for rbac-policy (None), before_create {{(pid=103421) _notify_loop /opt/stack/data/venv/lib/python3.12/site-packages/neutron_lib/callbacks/manager.py:184}}
Jun 22 06:16:30.007731 np0000182462 devstack@neutron-api.service[103421]: DEBUG neutron_lib.callbacks.manager [None req-e584d5de-ec21-4189-a882-0c145da63962 admin admin] Publish callbacks [] for subnetpool (None), before_response {{(pid=103421) _notify_loop /opt/stack/data/venv/lib/python3.12/site-packages/neutron_lib/callbacks/manager.py:184}}
Jun 22 06:16:30.008384 np0000182462 devstack@neutron-api.service[103421]: [pid: 103421|app: 0|req: 1/4] 199.204.45.240 () {68 vars in 1367 bytes} [Mon Jun 22 06:16:29 2026] POST /networking/v2.0/subnetpools => generated 543 bytes in 514 msecs (HTTP/1.1 201) 4 headers in 162 bytes (1 switches on core 0)
Jun 22 06:16:30.473088 np0000182462 devstack@neutron-api.service[103420]: DEBUG neutron.api.v2.base [None req-3350657e-8a61-44f2-af20-ef854ced0657 admin admin] Request body: {'network': {'name': 'private', 'admin_state_up': True}} {{(pid=103420) prepare_request_body /opt/stack/neutron/neutron/api/v2/base.py:727}}
Jun 22 06:16:30.511973 np0000182462 devstack@neutron-api.service[103420]: DEBUG neutron.pecan_wsgi.hooks.quota_enforcement [None req-3350657e-8a61-44f2-af20-ef854ced0657 admin admin] Made reservation on behalf of cc2e5aa0c1e84ec7b4cad27f93aa4244 for: {'network': 1} {{(pid=103420) before /opt/stack/neutron/neutron/pecan_wsgi/hooks/quota_enforcement.py:66}}
Jun 22 06:16:30.708571 np0000182462 devstack@neutron-api.service[103420]: DEBUG neutron.policy [None req-3350657e-8a61-44f2-af20-ef854ced0657 admin admin] Loaded default policies from ['neutron'] under neutron.policies entry points {{(pid=103420) register_rules /opt/stack/neutron/neutron/policy.py:65}}
Jun 22 06:16:30.818369 np0000182462 devstack@neutron-api.service[103420]: DEBUG neutron_lib.callbacks.manager [None req-3350657e-8a61-44f2-af20-ef854ced0657 admin admin] Publish callbacks ['neutron.plugins.ml2.plugin.SecurityGroupDbMixin._ensure_default_security_group_handler-3381583'] for network (None), before_create {{(pid=103420) _notify_loop /opt/stack/data/venv/lib/python3.12/site-packages/neutron_lib/callbacks/manager.py:184}}
Jun 22 06:16:30.851681 np0000182462 devstack@neutron-api.service[103420]: DEBUG neutron_lib.callbacks.manager [None req-3350657e-8a61-44f2-af20-ef854ced0657 admin admin] Publish callbacks [] for security_group (None), before_create {{(pid=103420) _notify_loop /opt/stack/data/venv/lib/python3.12/site-packages/neutron_lib/callbacks/manager.py:184}}
Jun 22 06:16:30.955670 np0000182462 devstack@neutron-api.service[103420]: DEBUG neutron_lib.callbacks.manager [None req-3350657e-8a61-44f2-af20-ef854ced0657 admin admin] Publish callbacks ['neutron.plugins.ml2.drivers.ovn.mech_driver.mech_driver.OVNMechanismDriver._create_security_group_precommit-1900702'] for security_group (a696cbda-6167-4143-a52d-419297813a61), precommit_create {{(pid=103420) _notify_loop /opt/stack/data/venv/lib/python3.12/site-packages/neutron_lib/callbacks/manager.py:184}}
Jun 22 06:16:30.955925 np0000182462 devstack@neutron-api.service[103420]: DEBUG neutron.db.ovn_revision_numbers_db [None req-3350657e-8a61-44f2-af20-ef854ced0657 admin admin] create_initial_revision uuid=a696cbda-6167-4143-a52d-419297813a61, type=security_groups, rev=-1 {{(pid=103420) create_initial_revision /opt/stack/neutron/neutron/db/ovn_revision_numbers_db.py:98}}
Jun 22 06:16:30.958821 np0000182462 devstack@neutron-api.service[103420]: DEBUG neutron.db.ovn_revision_numbers_db [None req-3350657e-8a61-44f2-af20-ef854ced0657 admin admin] create_initial_revision uuid=2f0dc31e-f1cb-46b5-ae5e-b11697ac9db0, type=security_group_rules, rev=-1 {{(pid=103420) create_initial_revision /opt/stack/neutron/neutron/db/ovn_revision_numbers_db.py:98}}
Jun 22 06:16:30.960001 np0000182462 devstack@neutron-api.service[103420]: DEBUG neutron.db.ovn_revision_numbers_db [None req-3350657e-8a61-44f2-af20-ef854ced0657 admin admin] create_initial_revision uuid=34a15bfd-25e5-47fd-980e-69540eaecda5, type=security_group_rules, rev=-1 {{(pid=103420) create_initial_revision /opt/stack/neutron/neutron/db/ovn_revision_numbers_db.py:98}}
Jun 22 06:16:30.961104 np0000182462 devstack@neutron-api.service[103420]: DEBUG neutron.db.ovn_revision_numbers_db [None req-3350657e-8a61-44f2-af20-ef854ced0657 admin admin] create_initial_revision uuid=53bac364-e87e-4979-a677-685c71bee4e8, type=security_group_rules, rev=-1 {{(pid=103420) create_initial_revision /opt/stack/neutron/neutron/db/ovn_revision_numbers_db.py:98}}
Jun 22 06:16:30.962377 np0000182462 devstack@neutron-api.service[103420]: DEBUG neutron.db.ovn_revision_numbers_db [None req-3350657e-8a61-44f2-af20-ef854ced0657 admin admin] create_initial_revision uuid=a0f3754a-166e-4078-afb9-ebd8c7b5cfce, type=security_group_rules, rev=-1 {{(pid=103420) create_initial_revision /opt/stack/neutron/neutron/db/ovn_revision_numbers_db.py:98}}
Jun 22 06:16:30.969593 np0000182462 devstack@neutron-api.service[103420]: DEBUG neutron_lib.callbacks.manager [None req-3350657e-8a61-44f2-af20-ef854ced0657 admin admin] Publish callbacks ['neutron.plugins.ml2.drivers.ovn.mech_driver.mech_driver.OVNMechanismDriver._create_security_group-1900688', 'neutron.plugins.ml2.ovo_rpc._ObjectChangeHandler.handle_event-15132669'] for security_group (a696cbda-6167-4143-a52d-419297813a61), after_create {{(pid=103420) _notify_loop /opt/stack/data/venv/lib/python3.12/site-packages/neutron_lib/callbacks/manager.py:184}}
Jun 22 06:16:30.971517 np0000182462 devstack@neutron-api.service[103420]: DEBUG ovsdbapp.backend.ovs_idl.transaction [-] Running txn n=1 command(idx=0): PgAddCommand(_result=None, name=pg_a696cbda_6167_4143_a52d_419297813a61, may_exist=False, columns={'acls': [], 'external_ids': {'neutron:security_group_id': 'a696cbda-6167-4143-a52d-419297813a61'}}) {{(pid=103420) do_commit /opt/stack/data/venv/lib/python3.12/site-packages/ovsdbapp/backend/ovs_idl/transaction.py:89}}
Jun 22 06:16:30.974188 np0000182462 devstack@neutron-api.service[103420]: DEBUG ovsdbapp.backend.ovs_idl.transaction [-] Running txn n=1 command(idx=1): PgAclAddCommand(_result=None, entity=pg_a696cbda_6167_4143_a52d_419297813a61, direction=from-lport, priority=1002, match=inport == @pg_a696cbda_6167_4143_a52d_419297813a61 && ip6, action=allow-related, log=False, may_exist=True, severity=[], name=[], meter=[], external_ids={'neutron:security_group_rule_id': '2f0dc31e-f1cb-46b5-ae5e-b11697ac9db0'}) {{(pid=103420) do_commit /opt/stack/data/venv/lib/python3.12/site-packages/ovsdbapp/backend/ovs_idl/transaction.py:89}}
Jun 22 06:16:30.974932 np0000182462 devstack@neutron-api.service[103420]: DEBUG ovsdbapp.backend.ovs_idl.transaction [-] Running txn n=1 command(idx=2): PgAclAddCommand(_result=None, entity=pg_a696cbda_6167_4143_a52d_419297813a61, direction=from-lport, priority=1002, match=inport == @pg_a696cbda_6167_4143_a52d_419297813a61 && ip4, action=allow-related, log=False, may_exist=True, severity=[], name=[], meter=[], external_ids={'neutron:security_group_rule_id': '34a15bfd-25e5-47fd-980e-69540eaecda5'}) {{(pid=103420) do_commit /opt/stack/data/venv/lib/python3.12/site-packages/ovsdbapp/backend/ovs_idl/transaction.py:89}}
Jun 22 06:16:30.975540 np0000182462 devstack@neutron-api.service[103420]: DEBUG ovsdbapp.backend.ovs_idl.transaction [-] Running txn n=1 command(idx=3): PgAclAddCommand(_result=None, entity=pg_a696cbda_6167_4143_a52d_419297813a61, direction=to-lport, priority=1002, match=outport == @pg_a696cbda_6167_4143_a52d_419297813a61 && ip4 && ip4.src == $pg_a696cbda_6167_4143_a52d_419297813a61_ip4, action=allow-related, log=False, may_exist=True, severity=[], name=[], meter=[], external_ids={'neutron:security_group_rule_id': '53bac364-e87e-4979-a677-685c71bee4e8'}) {{(pid=103420) do_commit /opt/stack/data/venv/lib/python3.12/site-packages/ovsdbapp/backend/ovs_idl/transaction.py:89}}
Jun 22 06:16:30.976041 np0000182462 devstack@neutron-api.service[103420]: DEBUG ovsdbapp.backend.ovs_idl.transaction [-] Running txn n=1 command(idx=4): PgAclAddCommand(_result=None, entity=pg_a696cbda_6167_4143_a52d_419297813a61, direction=to-lport, priority=1002, match=outport == @pg_a696cbda_6167_4143_a52d_419297813a61 && ip6 && ip6.src == $pg_a696cbda_6167_4143_a52d_419297813a61_ip6, action=allow-related, log=False, may_exist=True, severity=[], name=[], meter=[], external_ids={'neutron:security_group_rule_id': 'a0f3754a-166e-4078-afb9-ebd8c7b5cfce'}) {{(pid=103420) do_commit /opt/stack/data/venv/lib/python3.12/site-packages/ovsdbapp/backend/ovs_idl/transaction.py:89}}
Jun 22 06:16:30.983120 np0000182462 devstack@neutron-api.service[103420]: DEBUG neutron.plugins.ml2.drivers.ovn.mech_driver.ovsdb.ovsdb_monitor [-] Hash Ring: Node 2a4474166dc05b0e8bd170cacb50e492 (host: np0000182462) handling event "create" for row 039c9395-e055-4f62-9ccb-a18b7d21ac4c (table: ACL) {{(pid=103420) notify /opt/stack/neutron/neutron/plugins/ml2/drivers/ovn/mech_driver/ovsdb/ovsdb_monitor.py:1015}}
Jun 22 06:16:30.985490 np0000182462 devstack@neutron-api.service[103419]: DEBUG neutron.plugins.ml2.drivers.ovn.mech_driver.ovsdb.ovsdb_monitor [-] Hash Ring: Node d2e87b400e48552ab249388ecfd4ed24 (host: np0000182462) handling event "create" for row 30217140-9f23-4ba1-b3bf-1bdc3eb515f4 (table: ACL) {{(pid=103419) notify /opt/stack/neutron/neutron/plugins/ml2/drivers/ovn/mech_driver/ovsdb/ovsdb_monitor.py:1015}}
Jun 22 06:16:30.985490 np0000182462 devstack@neutron-api.service[103419]: DEBUG neutron.plugins.ml2.drivers.ovn.mech_driver.ovsdb.ovsdb_monitor [-] Hash Ring: Node d2e87b400e48552ab249388ecfd4ed24 (host: np0000182462) handling event "create" for row a0394d8f-272e-4857-a4a7-1a101c11ab24 (table: ACL) {{(pid=103419) notify /opt/stack/neutron/neutron/plugins/ml2/drivers/ovn/mech_driver/ovsdb/ovsdb_monitor.py:1015}}
Jun 22 06:16:30.989534 np0000182462 devstack@neutron-api.service[103422]: DEBUG neutron.plugins.ml2.drivers.ovn.mech_driver.ovsdb.ovsdb_monitor [-] Hash Ring: Node 387af9f1281c58f0b8f28d243a7b4cce (host: np0000182462) handling event "create" for row 039c9395-e055-4f62-9ccb-a18b7d21ac4c (table: ACL) {{(pid=103422) notify /opt/stack/neutron/neutron/plugins/ml2/drivers/ovn/mech_driver/ovsdb/ovsdb_monitor.py:1015}}
Jun 22 06:16:30.989534 np0000182462 devstack@neutron-api.service[103422]: DEBUG neutron.plugins.ml2.drivers.ovn.mech_driver.ovsdb.ovsdb_monitor [-] Hash Ring: Node 387af9f1281c58f0b8f28d243a7b4cce (host: np0000182462) handling event "create" for row 30217140-9f23-4ba1-b3bf-1bdc3eb515f4 (table: ACL) {{(pid=103422) notify /opt/stack/neutron/neutron/plugins/ml2/drivers/ovn/mech_driver/ovsdb/ovsdb_monitor.py:1015}}
Jun 22 06:16:30.990113 np0000182462 devstack@neutron-api.service[103422]: DEBUG neutron.plugins.ml2.drivers.ovn.mech_driver.ovsdb.ovsdb_monitor [-] Hash Ring: Node 387af9f1281c58f0b8f28d243a7b4cce (host: np0000182462) handling event "create" for row 875dcde1-a5a4-4fb1-b0e1-e04e69ffa905 (table: ACL) {{(pid=103422) notify /opt/stack/neutron/neutron/plugins/ml2/drivers/ovn/mech_driver/ovsdb/ovsdb_monitor.py:1015}}
Jun 22 06:16:30.990113 np0000182462 devstack@neutron-api.service[103422]: DEBUG neutron.plugins.ml2.drivers.ovn.mech_driver.ovsdb.ovsdb_monitor [-] Hash Ring: Node 387af9f1281c58f0b8f28d243a7b4cce (host: np0000182462) handling event "create" for row a0394d8f-272e-4857-a4a7-1a101c11ab24 (table: ACL) {{(pid=103422) notify /opt/stack/neutron/neutron/plugins/ml2/drivers/ovn/mech_driver/ovsdb/ovsdb_monitor.py:1015}}
Jun 22 06:16:30.990113 np0000182462 devstack@neutron-api.service[103422]: DEBUG neutron.plugins.ml2.drivers.ovn.mech_driver.ovsdb.ovsdb_monitor [-] Hash Ring: Node 387af9f1281c58f0b8f28d243a7b4cce (host: np0000182462) handling event "create" for row 3c5ed178-d49e-4611-828c-6e86c107bd91 (table: Port_Group) {{(pid=103422) notify /opt/stack/neutron/neutron/plugins/ml2/drivers/ovn/mech_driver/ovsdb/ovsdb_monitor.py:1015}}
Jun 22 06:16:30.991478 np0000182462 devstack@neutron-api.service[103421]: DEBUG neutron.plugins.ml2.drivers.ovn.mech_driver.ovsdb.ovsdb_monitor [-] Hash Ring: Node a95faf75f46a5e1db0aeaf459d707a20 (host: np0000182462) handling event "create" for row 875dcde1-a5a4-4fb1-b0e1-e04e69ffa905 (table: ACL) {{(pid=103421) notify /opt/stack/neutron/neutron/plugins/ml2/drivers/ovn/mech_driver/ovsdb/ovsdb_monitor.py:1015}}
Jun 22 06:16:30.992591 np0000182462 devstack@neutron-api.service[103421]: DEBUG neutron.plugins.ml2.drivers.ovn.mech_driver.ovsdb.ovsdb_monitor [-] Hash Ring: Node a95faf75f46a5e1db0aeaf459d707a20 (host: np0000182462) handling event "create" for row 3c5ed178-d49e-4611-828c-6e86c107bd91 (table: Port_Group) {{(pid=103421) notify /opt/stack/neutron/neutron/plugins/ml2/drivers/ovn/mech_driver/ovsdb/ovsdb_monitor.py:1015}}
Jun 22 06:16:31.016923 np0000182462 devstack@neutron-api.service[103420]: INFO neutron.db.ovn_revision_numbers_db [None req-3350657e-8a61-44f2-af20-ef854ced0657 admin admin] Successfully bumped revision number for resource a696cbda-6167-4143-a52d-419297813a61 (type: security_groups) to 1
Jun 22 06:16:31.034109 np0000182462 devstack@neutron-api.service[103420]: INFO neutron.db.ovn_revision_numbers_db [None req-3350657e-8a61-44f2-af20-ef854ced0657 admin admin] Successfully bumped revision number for resource 2f0dc31e-f1cb-46b5-ae5e-b11697ac9db0 (type: security_group_rules) to 0
Jun 22 06:16:31.049528 np0000182462 devstack@neutron-api.service[103420]: INFO neutron.db.ovn_revision_numbers_db [None req-3350657e-8a61-44f2-af20-ef854ced0657 admin admin] Successfully bumped revision number for resource 34a15bfd-25e5-47fd-980e-69540eaecda5 (type: security_group_rules) to 0
Jun 22 06:16:31.062298 np0000182462 devstack@neutron-api.service[103420]: INFO neutron.db.ovn_revision_numbers_db [None req-3350657e-8a61-44f2-af20-ef854ced0657 admin admin] Successfully bumped revision number for resource 53bac364-e87e-4979-a677-685c71bee4e8 (type: security_group_rules) to 0
Jun 22 06:16:31.076148 np0000182462 devstack@neutron-api.service[103420]: INFO neutron.db.ovn_revision_numbers_db [None req-3350657e-8a61-44f2-af20-ef854ced0657 admin admin] Successfully bumped revision number for resource a0f3754a-166e-4078-afb9-ebd8c7b5cfce (type: security_group_rules) to 0
Jun 22 06:16:31.104247 np0000182462 devstack@neutron-api.service[103420]: DEBUG neutron.api.rpc.handlers.resources_rpc [None req-3350657e-8a61-44f2-af20-ef854ced0657 admin admin] Pushing event updated for resources: {'SecurityGroup': ['ID=a696cbda-6167-4143-a52d-419297813a61,revision_number=1']} {{(pid=103420) push /opt/stack/neutron/neutron/api/rpc/handlers/resources_rpc.py:237}}
Jun 22 06:16:31.111836 np0000182462 devstack@neutron-api.service[103420]: DEBUG ovsdbapp.backend.ovs_idl.transaction [-] Running txn n=1 command(idx=0): CheckLivenessCommand(_result=None) {{(pid=103420) do_commit /opt/stack/data/venv/lib/python3.12/site-packages/ovsdbapp/backend/ovs_idl/transaction.py:89}}
Jun 22 06:16:31.113872 np0000182462 devstack@neutron-api.service[103420]: DEBUG neutron.plugins.ml2.drivers.ovn.mech_driver.ovsdb.ovsdb_monitor [-] Hash Ring: Node 2a4474166dc05b0e8bd170cacb50e492 (host: np0000182462) handling event "update" for row 23a5d57e-f010-449a-8a32-cc2f1b5f02b7 (table: NB_Global) {{(pid=103420) notify /opt/stack/neutron/neutron/plugins/ml2/drivers/ovn/mech_driver/ovsdb/ovsdb_monitor.py:1015}}
Jun 22 06:16:31.115809 np0000182462 devstack@neutron-api.service[103422]: DEBUG neutron.plugins.ml2.drivers.ovn.mech_driver.ovsdb.ovsdb_monitor [-] Hash Ring: Node 387af9f1281c58f0b8f28d243a7b4cce (host: np0000182462) handling event "update" for row 23a5d57e-f010-449a-8a32-cc2f1b5f02b7 (table: NB_Global) {{(pid=103422) notify /opt/stack/neutron/neutron/plugins/ml2/drivers/ovn/mech_driver/ovsdb/ovsdb_monitor.py:1015}}
Jun 22 06:16:31.120142 np0000182462 devstack@neutron-api.service[103420]: DEBUG neutron.api.rpc.callbacks.version_manager [None req-3350657e-8a61-44f2-af20-ef854ced0657 admin admin] Tracked resource versions report:
Jun 22 06:16:31.120142 np0000182462 devstack@neutron-api.service[103420]: pushed versions:
Jun 22 06:16:31.120142 np0000182462 devstack@neutron-api.service[103420]: { 'AddressGroup': {'1.2'},
Jun 22 06:16:31.120142 np0000182462 devstack@neutron-api.service[103420]: 'Agent': {'1.1'},
Jun 22 06:16:31.120142 np0000182462 devstack@neutron-api.service[103420]: 'ConntrackHelper': {'1.0'},
Jun 22 06:16:31.120142 np0000182462 devstack@neutron-api.service[103420]: 'LocalIPAssociation': {'1.0'},
Jun 22 06:16:31.120142 np0000182462 devstack@neutron-api.service[103420]: 'Log': {'1.0'},
Jun 22 06:16:31.120142 np0000182462 devstack@neutron-api.service[103420]: 'NDPProxy': {'1.0'},
Jun 22 06:16:31.120142 np0000182462 devstack@neutron-api.service[103420]: 'Network': {'1.3'},
Jun 22 06:16:31.120142 np0000182462 devstack@neutron-api.service[103420]: 'Port': {'1.11'},
Jun 22 06:16:31.120142 np0000182462 devstack@neutron-api.service[103420]: 'PortForwarding': {'1.3'},
Jun 22 06:16:31.120142 np0000182462 devstack@neutron-api.service[103420]: 'QosPolicy': {'1.10'},
Jun 22 06:16:31.120142 np0000182462 devstack@neutron-api.service[103420]: 'SecurityGroup': {'1.6'},
Jun 22 06:16:31.120142 np0000182462 devstack@neutron-api.service[103420]: 'SecurityGroupRule': {'1.3'},
Jun 22 06:16:31.120142 np0000182462 devstack@neutron-api.service[103420]: 'SubPort': {'1.0'},
Jun 22 06:16:31.120142 np0000182462 devstack@neutron-api.service[103420]: 'Subnet': {'1.2'},
Jun 22 06:16:31.120142 np0000182462 devstack@neutron-api.service[103420]: 'Trunk': {'1.1'}}
Jun 22 06:16:31.120142 np0000182462 devstack@neutron-api.service[103420]: consumer versions:
Jun 22 06:16:31.120142 np0000182462 devstack@neutron-api.service[103420]: {}
Jun 22 06:16:31.120142 np0000182462 devstack@neutron-api.service[103420]: {{(pid=103420) report /opt/stack/neutron/neutron/api/rpc/callbacks/version_manager.py:183}}
Jun 22 06:16:31.122460 np0000182462 devstack@neutron-api.service[103421]: DEBUG neutron.plugins.ml2.drivers.ovn.mech_driver.ovsdb.ovsdb_monitor [-] ChassisAgentWriteEvent : Matched Chassis_Private, update, None None {{(pid=103421) matches /opt/stack/neutron/neutron/plugins/ml2/drivers/ovn/mech_driver/ovsdb/ovsdb_monitor.py:64}}
Jun 22 06:16:31.122572 np0000182462 devstack@neutron-api.service[103422]: DEBUG neutron.plugins.ml2.drivers.ovn.mech_driver.ovsdb.ovsdb_monitor [-] Hash Ring: Node 387af9f1281c58f0b8f28d243a7b4cce (host: np0000182462) handling event "update" for row 23a5d57e-f010-449a-8a32-cc2f1b5f02b7 (table: NB_Global) {{(pid=103422) notify /opt/stack/neutron/neutron/plugins/ml2/drivers/ovn/mech_driver/ovsdb/ovsdb_monitor.py:1015}}
Jun 22 06:16:31.122682 np0000182462 devstack@neutron-api.service[103420]: DEBUG neutron.plugins.ml2.drivers.ovn.mech_driver.ovsdb.ovsdb_monitor [-] ChassisAgentWriteEvent : Matched Chassis_Private, update, None None {{(pid=103420) matches /opt/stack/neutron/neutron/plugins/ml2/drivers/ovn/mech_driver/ovsdb/ovsdb_monitor.py:64}}
Jun 22 06:16:31.122789 np0000182462 devstack@neutron-api.service[103422]: DEBUG neutron.plugins.ml2.drivers.ovn.mech_driver.ovsdb.ovsdb_monitor [-] Hash Ring: Node 387af9f1281c58f0b8f28d243a7b4cce (host: np0000182462) handling event "update" for row 23a5d57e-f010-449a-8a32-cc2f1b5f02b7 (table: NB_Global) {{(pid=103422) notify /opt/stack/neutron/neutron/plugins/ml2/drivers/ovn/mech_driver/ovsdb/ovsdb_monitor.py:1015}}
Jun 22 06:16:31.123760 np0000182462 devstack@neutron-api.service[103422]: DEBUG neutron.plugins.ml2.drivers.ovn.mech_driver.ovsdb.ovsdb_monitor [-] ChassisAgentWriteEvent : Matched Chassis_Private, update, None None {{(pid=103422) matches /opt/stack/neutron/neutron/plugins/ml2/drivers/ovn/mech_driver/ovsdb/ovsdb_monitor.py:64}}
Jun 22 06:16:31.124701 np0000182462 devstack@neutron-api.service[103419]: DEBUG neutron.plugins.ml2.drivers.ovn.mech_driver.ovsdb.ovsdb_monitor [-] ChassisAgentWriteEvent : Matched Chassis_Private, update, None None {{(pid=103419) matches /opt/stack/neutron/neutron/plugins/ml2/drivers/ovn/mech_driver/ovsdb/ovsdb_monitor.py:64}}
Jun 22 06:16:31.125160 np0000182462 devstack@neutron-api.service[103419]: DEBUG neutron.plugins.ml2.drivers.ovn.mech_driver.ovsdb.ovsdb_monitor [-] Hash Ring: Node d2e87b400e48552ab249388ecfd4ed24 (host: np0000182462) handling event "update" for row 6b8ae3d7-6eaf-40e5-a785-aca6adcae351 (table: Chassis_Private) {{(pid=103419) notify /opt/stack/neutron/neutron/plugins/ml2/drivers/ovn/mech_driver/ovsdb/ovsdb_monitor.py:1015}}
Jun 22 06:16:31.125537 np0000182462 devstack@neutron-api.service[103420]: DEBUG neutron.plugins.ml2.drivers.ovn.mech_driver.ovsdb.ovsdb_monitor [-] Hash Ring: Node 2a4474166dc05b0e8bd170cacb50e492 (host: np0000182462) handling event "update" for row 23a5d57e-f010-449a-8a32-cc2f1b5f02b7 (table: NB_Global) {{(pid=103420) notify /opt/stack/neutron/neutron/plugins/ml2/drivers/ovn/mech_driver/ovsdb/ovsdb_monitor.py:1015}}
Jun 22 06:16:31.127165 np0000182462 devstack@neutron-api.service[103419]: DEBUG neutron.plugins.ml2.drivers.ovn.mech_driver.ovsdb.ovsdb_monitor [-] ChassisOVNAgentWriteEvent : Matched Chassis_Private, update, None None {{(pid=103419) matches /opt/stack/neutron/neutron/plugins/ml2/drivers/ovn/mech_driver/ovsdb/ovsdb_monitor.py:64}}
Jun 22 06:16:31.127702 np0000182462 devstack@neutron-api.service[103419]: DEBUG neutron.plugins.ml2.drivers.ovn.mech_driver.ovsdb.ovsdb_monitor [-] Hash Ring: Node d2e87b400e48552ab249388ecfd4ed24 (host: np0000182462) handling event "update" for row 6b8ae3d7-6eaf-40e5-a785-aca6adcae351 (table: Chassis_Private) {{(pid=103419) notify /opt/stack/neutron/neutron/plugins/ml2/drivers/ovn/mech_driver/ovsdb/ovsdb_monitor.py:1015}}
Jun 22 06:16:31.127813 np0000182462 devstack@neutron-api.service[103421]: DEBUG neutron.plugins.ml2.drivers.ovn.mech_driver.ovsdb.ovsdb_monitor [-] ChassisOVNAgentWriteEvent : Matched Chassis_Private, update, None None {{(pid=103421) matches /opt/stack/neutron/neutron/plugins/ml2/drivers/ovn/mech_driver/ovsdb/ovsdb_monitor.py:64}}
Jun 22 06:16:31.133365 np0000182462 devstack@neutron-api.service[103420]: DEBUG neutron.plugins.ml2.drivers.ovn.mech_driver.ovsdb.ovsdb_monitor [-] Hash Ring: Node 2a4474166dc05b0e8bd170cacb50e492 (host: np0000182462) handling event "update" for row 23a5d57e-f010-449a-8a32-cc2f1b5f02b7 (table: NB_Global) {{(pid=103420) notify /opt/stack/neutron/neutron/plugins/ml2/drivers/ovn/mech_driver/ovsdb/ovsdb_monitor.py:1015}}
Jun 22 06:16:31.134390 np0000182462 devstack@neutron-api.service[103422]: DEBUG neutron.common.ovn.hash_ring_manager [-] Allow caching, nodes 4>=4 {{(pid=103422) _wait_startup_before_caching /opt/stack/neutron/neutron/common/ovn/hash_ring_manager.py:71}}
Jun 22 06:16:31.134675 np0000182462 devstack@neutron-api.service[103420]: DEBUG neutron.plugins.ml2.drivers.ovn.mech_driver.ovsdb.ovsdb_monitor [-] ChassisOVNAgentWriteEvent : Matched Chassis_Private, update, None None {{(pid=103420) matches /opt/stack/neutron/neutron/plugins/ml2/drivers/ovn/mech_driver/ovsdb/ovsdb_monitor.py:64}}
Jun 22 06:16:31.134888 np0000182462 devstack@neutron-api.service[103422]: DEBUG neutron.plugins.ml2.drivers.ovn.mech_driver.ovsdb.ovsdb_monitor [-] Hash Ring: Node 387af9f1281c58f0b8f28d243a7b4cce (host: np0000182462) handling event "update" for row 6b8ae3d7-6eaf-40e5-a785-aca6adcae351 (table: Chassis_Private) {{(pid=103422) notify /opt/stack/neutron/neutron/plugins/ml2/drivers/ovn/mech_driver/ovsdb/ovsdb_monitor.py:1015}}
Jun 22 06:16:31.134888 np0000182462 devstack@neutron-api.service[103422]: DEBUG neutron.plugins.ml2.drivers.ovn.mech_driver.ovsdb.ovsdb_monitor [-] ChassisOVNAgentWriteEvent : Matched Chassis_Private, update, None None {{(pid=103422) matches /opt/stack/neutron/neutron/plugins/ml2/drivers/ovn/mech_driver/ovsdb/ovsdb_monitor.py:64}}
Jun 22 06:16:31.134888 np0000182462 devstack@neutron-api.service[103422]: DEBUG neutron.plugins.ml2.drivers.ovn.mech_driver.ovsdb.ovsdb_monitor [-] Hash Ring: Node 387af9f1281c58f0b8f28d243a7b4cce (host: np0000182462) handling event "update" for row 6b8ae3d7-6eaf-40e5-a785-aca6adcae351 (table: Chassis_Private) {{(pid=103422) notify /opt/stack/neutron/neutron/plugins/ml2/drivers/ovn/mech_driver/ovsdb/ovsdb_monitor.py:1015}}
Jun 22 06:16:31.207371 np0000182462 devstack@neutron-api.service[103420]: DEBUG neutron.plugins.ml2.drivers.helpers [None req-3350657e-8a61-44f2-af20-ef854ced0657 admin admin] geneve segment allocate from pool success with {'geneve_vni': 31668} {{(pid=103420) allocate_partially_specified_segment /opt/stack/neutron/neutron/plugins/ml2/drivers/helpers.py:142}}
Jun 22 06:16:31.222210 np0000182462 devstack@neutron-api.service[103420]: DEBUG neutron_lib.callbacks.manager [None req-3350657e-8a61-44f2-af20-ef854ced0657 admin admin] Publish callbacks ['neutron.services.segments.db._add_segment_host_mapping_for_segment-7707378819506', 'neutron.plugins.ml2.plugin.Ml2Plugin._handle_segment_change-3669901'] for segment (5b6374a8-4796-4e4c-88de-158485b7097f), precommit_create {{(pid=103420) _notify_loop /opt/stack/data/venv/lib/python3.12/site-packages/neutron_lib/callbacks/manager.py:184}}
Jun 22 06:16:31.222723 np0000182462 devstack@neutron-api.service[103420]: INFO neutron.db.segments_db [None req-3350657e-8a61-44f2-af20-ef854ced0657 admin admin] Added segment 5b6374a8-4796-4e4c-88de-158485b7097f of type geneve for network f7127ea1-fbcd-48ab-a5d1-e2992a1be6c5
Jun 22 06:16:31.272157 np0000182462 devstack@neutron-api.service[103420]: DEBUG neutron_lib.callbacks.manager [None req-3350657e-8a61-44f2-af20-ef854ced0657 admin admin] Publish callbacks ['neutron.services.auto_allocate.db._ensure_external_network_default_value_callback-7707376801996'] for network (f7127ea1-fbcd-48ab-a5d1-e2992a1be6c5), precommit_create {{(pid=103420) _notify_loop /opt/stack/data/venv/lib/python3.12/site-packages/neutron_lib/callbacks/manager.py:184}}
Jun 22 06:16:31.292314 np0000182462 devstack@neutron-api.service[103420]: DEBUG neutron.plugins.ml2.drivers.ovn.mech_driver.mech_driver [None req-3350657e-8a61-44f2-af20-ef854ced0657 admin admin] Validating network segment with type geneve, segmentation ID 31668, physical network None {{(pid=103420) _validate_network_segments /opt/stack/neutron/neutron/plugins/ml2/drivers/ovn/mech_driver/mech_driver.py:646}}
Jun 22 06:16:31.292637 np0000182462 devstack@neutron-api.service[103420]: DEBUG neutron.db.ovn_revision_numbers_db [None req-3350657e-8a61-44f2-af20-ef854ced0657 admin admin] create_initial_revision uuid=f7127ea1-fbcd-48ab-a5d1-e2992a1be6c5, type=networks, rev=-1 {{(pid=103420) create_initial_revision /opt/stack/neutron/neutron/db/ovn_revision_numbers_db.py:98}}
Jun 22 06:16:31.314152 np0000182462 devstack@neutron-api.service[103420]: DEBUG neutron_lib.callbacks.manager [None req-3350657e-8a61-44f2-af20-ef854ced0657 admin admin] Publish callbacks ['neutron.plugins.ml2.ovo_rpc._ObjectChangeHandler.handle_event-15132670'] for network (f7127ea1-fbcd-48ab-a5d1-e2992a1be6c5), after_create {{(pid=103420) _notify_loop /opt/stack/data/venv/lib/python3.12/site-packages/neutron_lib/callbacks/manager.py:184}}
Jun 22 06:16:31.370836 np0000182462 devstack@neutron-api.service[103420]: DEBUG neutron.api.rpc.handlers.resources_rpc [None req-3350657e-8a61-44f2-af20-ef854ced0657 admin admin] Pushing event updated for resources: {'Network': ['ID=f7127ea1-fbcd-48ab-a5d1-e2992a1be6c5,revision_number=1']} {{(pid=103420) push /opt/stack/neutron/neutron/api/rpc/handlers/resources_rpc.py:237}}
Jun 22 06:16:31.381886 np0000182462 devstack@neutron-api.service[103420]: DEBUG ovsdbapp.backend.ovs_idl.transaction [-] Running txn n=1 command(idx=0): AddNetworkCommand(_result=None, network_uuid=f7127ea1-fbcd-48ab-a5d1-e2992a1be6c5, may_exist=True, columns={'external_ids': {'neutron:network_name': 'private', 'neutron:mtu': '1372', 'neutron:revision_number': '1', 'neutron:availability_zone_hints': '', 'neutron:provnet-network-type': 'geneve'}, 'other_config': {'mcast_snoop': 'false', 'mcast_flood_unregistered': 'false', 'vlan-passthru': 'false'}}) {{(pid=103420) do_commit /opt/stack/data/venv/lib/python3.12/site-packages/ovsdbapp/backend/ovs_idl/transaction.py:89}}
Jun 22 06:16:31.382826 np0000182462 devstack@neutron-api.service[103420]: DEBUG neutron.common.ovn.utils [-] OVS persist_uuid supported=True {{(pid=103420) ovs_persist_uuid_supported /opt/stack/neutron/neutron/common/ovn/utils.py:1544}}
Jun 22 06:16:31.390784 np0000182462 devstack@neutron-api.service[103421]: DEBUG neutron.plugins.ml2.drivers.ovn.mech_driver.ovsdb.ovsdb_monitor [-] Hash Ring: Node a95faf75f46a5e1db0aeaf459d707a20 (host: np0000182462) handling event "create" for row f7127ea1-fbcd-48ab-a5d1-e2992a1be6c5 (table: Logical_Switch) {{(pid=103421) notify /opt/stack/neutron/neutron/plugins/ml2/drivers/ovn/mech_driver/ovsdb/ovsdb_monitor.py:1015}}
Jun 22 06:16:31.394257 np0000182462 devstack@neutron-api.service[103422]: DEBUG neutron.plugins.ml2.drivers.ovn.mech_driver.ovsdb.ovsdb_monitor [-] Hash Ring: Node 387af9f1281c58f0b8f28d243a7b4cce (host: np0000182462) handling event "create" for row f7127ea1-fbcd-48ab-a5d1-e2992a1be6c5 (table: Logical_Switch) {{(pid=103422) notify /opt/stack/neutron/neutron/plugins/ml2/drivers/ovn/mech_driver/ovsdb/ovsdb_monitor.py:1015}}
Jun 22 06:16:31.397014 np0000182462 devstack@neutron-api.service[103422]: DEBUG neutron.plugins.ml2.drivers.ovn.mech_driver.ovsdb.ovsdb_monitor [-] Hash Ring: Node 387af9f1281c58f0b8f28d243a7b4cce (host: np0000182462) handling event "create" for row 6ab2f1d3-9983-4079-980e-68fc5ffd5a6f (table: Datapath_Binding) {{(pid=103422) notify /opt/stack/neutron/neutron/plugins/ml2/drivers/ovn/mech_driver/ovsdb/ovsdb_monitor.py:1015}}
Jun 22 06:16:31.412234 np0000182462 devstack@neutron-api.service[103420]: DEBUG neutron.plugins.ml2.drivers.ovn.mech_driver.ovsdb.ovsdb_monitor [-] Hash Ring: Node 2a4474166dc05b0e8bd170cacb50e492 (host: np0000182462) handling event "create" for row 6ab2f1d3-9983-4079-980e-68fc5ffd5a6f (table: Datapath_Binding) {{(pid=103420) notify /opt/stack/neutron/neutron/plugins/ml2/drivers/ovn/mech_driver/ovsdb/ovsdb_monitor.py:1015}}
Jun 22 06:16:31.449371 np0000182462 devstack@neutron-api.service[103420]: INFO neutron.db.ovn_revision_numbers_db [None req-3350657e-8a61-44f2-af20-ef854ced0657 admin admin] Successfully bumped revision number for resource f7127ea1-fbcd-48ab-a5d1-e2992a1be6c5 (type: networks) to 1
Jun 22 06:16:31.527856 np0000182462 devstack@neutron-api.service[103420]: DEBUG neutron_lib.callbacks.manager [None req-3350657e-8a61-44f2-af20-ef854ced0657 admin admin] Publish callbacks ['neutron.plugins.ml2.plugin.SecurityGroupDbMixin._ensure_default_security_group_handler-3381583'] for port (None), before_create {{(pid=103420) _notify_loop /opt/stack/data/venv/lib/python3.12/site-packages/neutron_lib/callbacks/manager.py:184}}
Jun 22 06:16:31.943546 np0000182462 devstack@neutron-api.service[103420]: DEBUG neutron_lib.callbacks.manager [None req-3350657e-8a61-44f2-af20-ef854ced0657 admin admin] Publish callbacks ['neutron.plugins.ml2.drivers.ovn.mech_driver.mech_driver.OVNMechanismDriver._validate_allowed_address_pairs-1900550'] for allowed_address_pair (fc817a58-4cbc-4666-a5e8-d32163d360d9), before_create {{(pid=103420) _notify_loop /opt/stack/data/venv/lib/python3.12/site-packages/neutron_lib/callbacks/manager.py:184}}
Jun 22 06:16:31.944107 np0000182462 devstack@neutron-api.service[103420]: DEBUG neutron_lib.callbacks.manager [None req-3350657e-8a61-44f2-af20-ef854ced0657 admin admin] Publish callbacks [] for port (fc817a58-4cbc-4666-a5e8-d32163d360d9), precommit_create {{(pid=103420) _notify_loop /opt/stack/data/venv/lib/python3.12/site-packages/neutron_lib/callbacks/manager.py:184}}
Jun 22 06:16:31.944326 np0000182462 devstack@neutron-api.service[103420]: DEBUG neutron.plugins.ml2.drivers.ovn.mech_driver.mech_driver [None req-3350657e-8a61-44f2-af20-ef854ced0657 admin admin] No provisioning block for port fc817a58-4cbc-4666-a5e8-d32163d360d9 since it does not have a host {{(pid=103420) _is_port_provisioning_required /opt/stack/neutron/neutron/plugins/ml2/drivers/ovn/mech_driver/mech_driver.py:899}}
Jun 22 06:16:31.944563 np0000182462 devstack@neutron-api.service[103420]: DEBUG neutron.db.ovn_revision_numbers_db [None req-3350657e-8a61-44f2-af20-ef854ced0657 admin admin] create_initial_revision uuid=fc817a58-4cbc-4666-a5e8-d32163d360d9, type=ports, rev=-1 {{(pid=103420) create_initial_revision /opt/stack/neutron/neutron/db/ovn_revision_numbers_db.py:98}}
Jun 22 06:16:32.016229 np0000182462 devstack@neutron-api.service[103420]: DEBUG neutron_lib.callbacks.manager [None req-3350657e-8a61-44f2-af20-ef854ced0657 admin admin] Publish callbacks ['neutron.plugins.ml2.ovo_rpc._ObjectChangeHandler.handle_event-15132161'] for port (fc817a58-4cbc-4666-a5e8-d32163d360d9), after_create {{(pid=103420) _notify_loop /opt/stack/data/venv/lib/python3.12/site-packages/neutron_lib/callbacks/manager.py:184}}
Jun 22 06:16:32.078616 np0000182462 devstack@neutron-api.service[103420]: DEBUG neutron.api.rpc.handlers.resources_rpc [None req-3350657e-8a61-44f2-af20-ef854ced0657 admin admin] Pushing event updated for resources: {'Port': ['ID=fc817a58-4cbc-4666-a5e8-d32163d360d9,revision_number=1']} {{(pid=103420) push /opt/stack/neutron/neutron/api/rpc/handlers/resources_rpc.py:237}}
Jun 22 06:16:32.123494 np0000182462 devstack@neutron-api.service[103420]: DEBUG neutron.plugins.ml2.drivers.ovn.mech_driver.ovsdb.commands [None req-3350657e-8a61-44f2-af20-ef854ced0657 admin admin] Converting tag [] to a tag_request {{(pid=103420) _tag_column_to_tag_request /opt/stack/neutron/neutron/plugins/ml2/drivers/ovn/mech_driver/ovsdb/commands.py:205}}
Jun 22 06:16:32.125010 np0000182462 devstack@neutron-api.service[103420]: DEBUG ovsdbapp.backend.ovs_idl.transaction [-] Running txn n=1 command(idx=0): AddLSwitchPortCommand(_result=None, lport=fc817a58-4cbc-4666-a5e8-d32163d360d9, lswitch=neutron-f7127ea1-fbcd-48ab-a5d1-e2992a1be6c5, may_exist=True, network_uuid=f7127ea1-fbcd-48ab-a5d1-e2992a1be6c5, columns={'addresses': ['fa:16:3e:7f:b5:d4'], 'external_ids': {'neutron:port_name': '', 'neutron:device_id': 'ovnmeta-f7127ea1-fbcd-48ab-a5d1-e2992a1be6c5', 'neutron:project_id': 'cc2e5aa0c1e84ec7b4cad27f93aa4244', 'neutron:cidrs': '', 'neutron:device_owner': 'network:distributed', 'neutron:subnet_pool_addr_scope4': '', 'neutron:subnet_pool_addr_scope6': '', 'neutron:network_name': 'neutron-f7127ea1-fbcd-48ab-a5d1-e2992a1be6c5', 'neutron:security_group_ids': '', 'neutron:revision_number': '1', 'neutron:vnic_type': 'normal', 'neutron:port_capabilities': '', 'neutron:mtu': '1372'}, 'parent_name': [], 'enabled': True, 'options': {}, 'type': 'localport', 'port_security': [], 'dhcpv4_options': [], 'dhcpv6_options': [], 'tag_request': []}) {{(pid=103420) do_commit /opt/stack/data/venv/lib/python3.12/site-packages/ovsdbapp/backend/ovs_idl/transaction.py:89}}
Jun 22 06:16:32.126013 np0000182462 devstack@neutron-api.service[103420]: DEBUG ovsdbapp.backend.ovs_idl.transaction [-] Running txn n=1 command(idx=1): QoSDelCommand(_result=None, switch=neutron-f7127ea1-fbcd-48ab-a5d1-e2992a1be6c5, conditions=[('direction', '=', 'to-lport'), ('priority', '=', 2002), ('match', '=', 'outport == "fc817a58-4cbc-4666-a5e8-d32163d360d9"')], if_exists=True) {{(pid=103420) do_commit /opt/stack/data/venv/lib/python3.12/site-packages/ovsdbapp/backend/ovs_idl/transaction.py:89}}
Jun 22 06:16:32.126374 np0000182462 devstack@neutron-api.service[103420]: DEBUG ovsdbapp.backend.ovs_idl.transaction [-] Running txn n=1 command(idx=2): QoSDelCommand(_result=None, switch=neutron-f7127ea1-fbcd-48ab-a5d1-e2992a1be6c5, conditions=[('direction', '=', 'from-lport'), ('priority', '=', 2002), ('match', '=', 'inport == "fc817a58-4cbc-4666-a5e8-d32163d360d9"')], if_exists=True) {{(pid=103420) do_commit /opt/stack/data/venv/lib/python3.12/site-packages/ovsdbapp/backend/ovs_idl/transaction.py:89}}
Jun 22 06:16:32.132263 np0000182462 devstack@neutron-api.service[103420]: DEBUG neutron.plugins.ml2.drivers.ovn.mech_driver.ovsdb.ovsdb_monitor [-] Hash Ring: Node 2a4474166dc05b0e8bd170cacb50e492 (host: np0000182462) handling event "create" for row 9d4db0bb-c065-4474-8808-e83719bb60fe (table: Logical_Switch_Port) {{(pid=103420) notify /opt/stack/neutron/neutron/plugins/ml2/drivers/ovn/mech_driver/ovsdb/ovsdb_monitor.py:1015}}
Jun 22 06:16:32.135339 np0000182462 devstack@neutron-api.service[103420]: DEBUG ovsdbapp.backend.ovs_idl.event [-] Matched CREATE: LogicalSwitchPortCreateEvent(events=('create',), table='Logical_Switch_Port', conditions=[], old_conditions=None), priority=20 to row=Logical_Switch_Port(uuid=9d4db0bb-c065-4474-8808-e83719bb60fe, addresses=['fa:16:3e:7f:b5:d4'], dhcpv4_options=[], dhcpv6_options=[], dynamic_addresses=[], enabled=True, external_ids={'neutron:cidrs': '', 'neutron:device_id': 'ovnmeta-f7127ea1-fbcd-48ab-a5d1-e2992a1be6c5', 'neutron:device_owner': 'network:distributed', 'neutron:mtu': '1372', 'neutron:network_name': 'neutron-f7127ea1-fbcd-48ab-a5d1-e2992a1be6c5', 'neutron:port_capabilities': '', 'neutron:port_name': '', 'neutron:project_id': 'cc2e5aa0c1e84ec7b4cad27f93aa4244', 'neutron:revision_number': '1', 'neutron:security_group_ids': '', 'neutron:subnet_pool_addr_scope4': '', 'neutron:subnet_pool_addr_scope6': '', 'neutron:vnic_type': 'normal'}, ha_chassis_group=[], mirror_rules=[], name='fc817a58-4cbc-4666-a5e8-d32163d360d9', options={}, parent_name=[], port_security=[], tag=[], tag_request=[], type='localport', up=[]) old= {{(pid=103420) matches /opt/stack/data/venv/lib/python3.12/site-packages/ovsdbapp/backend/ovs_idl/event.py:55}}
Jun 22 06:16:32.137365 np0000182462 devstack@neutron-api.service[103422]: DEBUG neutron.plugins.ml2.drivers.ovn.mech_driver.ovsdb.ovsdb_monitor [-] Hash Ring: Node 387af9f1281c58f0b8f28d243a7b4cce (host: np0000182462) handling event "update" for row f7127ea1-fbcd-48ab-a5d1-e2992a1be6c5 (table: Logical_Switch) {{(pid=103422) notify /opt/stack/neutron/neutron/plugins/ml2/drivers/ovn/mech_driver/ovsdb/ovsdb_monitor.py:1015}}
Jun 22 06:16:32.138220 np0000182462 devstack@neutron-api.service[103421]: DEBUG neutron.plugins.ml2.drivers.ovn.mech_driver.ovsdb.ovsdb_monitor [-] Hash Ring: Node a95faf75f46a5e1db0aeaf459d707a20 (host: np0000182462) handling event "update" for row f7127ea1-fbcd-48ab-a5d1-e2992a1be6c5 (table: Logical_Switch) {{(pid=103421) notify /opt/stack/neutron/neutron/plugins/ml2/drivers/ovn/mech_driver/ovsdb/ovsdb_monitor.py:1015}}
Jun 22 06:16:32.138974 np0000182462 devstack@neutron-api.service[103422]: DEBUG neutron.plugins.ml2.drivers.ovn.mech_driver.ovsdb.ovsdb_monitor [-] Hash Ring: Node 387af9f1281c58f0b8f28d243a7b4cce (host: np0000182462) handling event "create" for row 9d4db0bb-c065-4474-8808-e83719bb60fe (table: Logical_Switch_Port) {{(pid=103422) notify /opt/stack/neutron/neutron/plugins/ml2/drivers/ovn/mech_driver/ovsdb/ovsdb_monitor.py:1015}}
Jun 22 06:16:32.138974 np0000182462 devstack@neutron-api.service[103422]: DEBUG ovsdbapp.backend.ovs_idl.event [-] Matched CREATE: LogicalSwitchPortCreateEvent(events=('create',), table='Logical_Switch_Port', conditions=[], old_conditions=None), priority=20 to row=Logical_Switch_Port(uuid=9d4db0bb-c065-4474-8808-e83719bb60fe, addresses=['fa:16:3e:7f:b5:d4'], dhcpv4_options=[], dhcpv6_options=[], dynamic_addresses=[], enabled=True, external_ids={'neutron:cidrs': '', 'neutron:device_id': 'ovnmeta-f7127ea1-fbcd-48ab-a5d1-e2992a1be6c5', 'neutron:device_owner': 'network:distributed', 'neutron:mtu': '1372', 'neutron:network_name': 'neutron-f7127ea1-fbcd-48ab-a5d1-e2992a1be6c5', 'neutron:port_capabilities': '', 'neutron:port_name': '', 'neutron:project_id': 'cc2e5aa0c1e84ec7b4cad27f93aa4244', 'neutron:revision_number': '1', 'neutron:security_group_ids': '', 'neutron:subnet_pool_addr_scope4': '', 'neutron:subnet_pool_addr_scope6': '', 'neutron:vnic_type': 'normal'}, ha_chassis_group=[], mirror_rules=[], name='fc817a58-4cbc-4666-a5e8-d32163d360d9', options={}, parent_name=[], port_security=[], tag=[], tag_request=[], type='localport', up=[]) old= {{(pid=103422) matches /opt/stack/data/venv/lib/python3.12/site-packages/ovsdbapp/backend/ovs_idl/event.py:55}}
Jun 22 06:16:32.140435 np0000182462 devstack@neutron-api.service[103421]: DEBUG neutron.plugins.ml2.drivers.ovn.mech_driver.ovsdb.ovsdb_monitor [-] Hash Ring: Node a95faf75f46a5e1db0aeaf459d707a20 (host: np0000182462) handling event "create" for row 2c23e901-2510-4c96-9a8c-7bca97bf743b (table: Port_Binding) {{(pid=103421) notify /opt/stack/neutron/neutron/plugins/ml2/drivers/ovn/mech_driver/ovsdb/ovsdb_monitor.py:1015}}
Jun 22 06:16:32.140586 np0000182462 devstack@neutron-api.service[103420]: INFO neutron.plugins.ml2.drivers.ovn.mech_driver.mech_driver [-] OVN reports status down for port: fc817a58-4cbc-4666-a5e8-d32163d360d9
Jun 22 06:16:32.141228 np0000182462 devstack@neutron-api.service[103420]: DEBUG neutron.plugins.ml2.drivers.ovn.mech_driver.ovsdb.ovsdb_monitor [-] Hash Ring: Node 2a4474166dc05b0e8bd170cacb50e492 (host: np0000182462) handling event "update" for row 9d4db0bb-c065-4474-8808-e83719bb60fe (table: Logical_Switch_Port) {{(pid=103420) notify /opt/stack/neutron/neutron/plugins/ml2/drivers/ovn/mech_driver/ovsdb/ovsdb_monitor.py:1015}}
Jun 22 06:16:32.143862 np0000182462 devstack@neutron-api.service[103422]: INFO neutron.plugins.ml2.drivers.ovn.mech_driver.mech_driver [-] OVN reports status down for port: fc817a58-4cbc-4666-a5e8-d32163d360d9
Jun 22 06:16:32.145669 np0000182462 devstack@neutron-api.service[103422]: DEBUG neutron.plugins.ml2.drivers.ovn.mech_driver.ovsdb.ovsdb_monitor [-] Hash Ring: Node 387af9f1281c58f0b8f28d243a7b4cce (host: np0000182462) handling event "update" for row 9d4db0bb-c065-4474-8808-e83719bb60fe (table: Logical_Switch_Port) {{(pid=103422) notify /opt/stack/neutron/neutron/plugins/ml2/drivers/ovn/mech_driver/ovsdb/ovsdb_monitor.py:1015}}
Jun 22 06:16:32.147144 np0000182462 devstack@neutron-api.service[103422]: DEBUG neutron.plugins.ml2.drivers.ovn.mech_driver.ovsdb.ovsdb_monitor [-] Hash Ring: Node 387af9f1281c58f0b8f28d243a7b4cce (host: np0000182462) handling event "create" for row 2c23e901-2510-4c96-9a8c-7bca97bf743b (table: Port_Binding) {{(pid=103422) notify /opt/stack/neutron/neutron/plugins/ml2/drivers/ovn/mech_driver/ovsdb/ovsdb_monitor.py:1015}}
Jun 22 06:16:32.210986 np0000182462 devstack@neutron-api.service[103420]: DEBUG neutron.db.provisioning_blocks [None req-d5f2aeea-e5b4-45f3-a991-9cfb54faa1d7 None None] Transition to ACTIVE for port object fc817a58-4cbc-4666-a5e8-d32163d360d9 will not be triggered until provisioned by entity L2. {{(pid=103420) add_provisioning_component /opt/stack/neutron/neutron/db/provisioning_blocks.py:74}}
Jun 22 06:16:32.220087 np0000182462 devstack@neutron-api.service[103422]: DEBUG neutron_lib.db.api [None req-a17ce3c9-1a5d-48ad-a8c8-3d318501f339 None None] Retry wrapper got retriable exception: Failed to create a duplicate ProvisioningBlock: for attribute(s) ['provisioningblocks.PRIMARY'] with value(s) 14-L2 {{(pid=103422) wrapped /opt/stack/data/venv/lib/python3.12/site-packages/neutron_lib/db/api.py:185}}
Jun 22 06:16:32.220273 np0000182462 devstack@neutron-api.service[103422]: DEBUG oslo_db.api [None req-a17ce3c9-1a5d-48ad-a8c8-3d318501f339 None None] Performing DB retry for function neutron.db.provisioning_blocks.add_provisioning_component {{(pid=103422) wrapper /opt/stack/data/venv/lib/python3.12/site-packages/oslo_db/api.py:155}}
