Apr 16 22:45:45.908593 np0000166790 systemd[1]: Starting devstack@n-api.service - Devstack devstack@n-api.service...
Apr 16 22:45:45.915362 np0000166790 devstack@n-api.service[100701]: [uWSGI] getting INI configuration from /etc/nova/nova-api-uwsgi.ini
Apr 16 22:45:45.916672 np0000166790 devstack@n-api.service[100701]: open("./http_plugin.so"): No such file or directory [core/utils.c line 3709]
Apr 16 22:45:45.916672 np0000166790 devstack@n-api.service[100701]: !!! UNABLE to load uWSGI plugin: ./http_plugin.so: cannot open shared object file: No such file or directory !!!
Apr 16 22:45:45.916672 np0000166790 devstack@n-api.service[100701]: open("./python3_plugin.so"): No such file or directory [core/utils.c line 3709]
Apr 16 22:45:45.916672 np0000166790 devstack@n-api.service[100701]: !!! UNABLE to load uWSGI plugin: ./python3_plugin.so: cannot open shared object file: No such file or directory !!!
Apr 16 22:45:45.916672 np0000166790 devstack@n-api.service[100701]: *** Starting uWSGI 2.0.31 (64bit) on [Thu Apr 16 22:45:45 2026] ***
Apr 16 22:45:45.916672 np0000166790 devstack@n-api.service[100701]: compiled with version: 13.3.0 on 16 April 2026 22:35:59
Apr 16 22:45:45.916672 np0000166790 devstack@n-api.service[100701]: os: Linux-6.8.0-110-generic #110-Ubuntu SMP PREEMPT_DYNAMIC Thu Mar 19 15:09:20 UTC 2026
Apr 16 22:45:45.916672 np0000166790 devstack@n-api.service[100701]: nodename: np0000166790
Apr 16 22:45:45.916672 np0000166790 devstack@n-api.service[100701]: machine: x86_64
Apr 16 22:45:45.916672 np0000166790 devstack@n-api.service[100701]: clock source: unix
Apr 16 22:45:45.916672 np0000166790 devstack@n-api.service[100701]: pcre jit disabled
Apr 16 22:45:45.916672 np0000166790 devstack@n-api.service[100701]: detected number of CPU cores: 16
Apr 16 22:45:45.916672 np0000166790 devstack@n-api.service[100701]: current working directory: /
Apr 16 22:45:45.916672 np0000166790 devstack@n-api.service[100701]: detected binary path: /opt/stack/data/venv/bin/uwsgi
Apr 16 22:45:45.916672 np0000166790 devstack@n-api.service[100701]: your processes number limit is 256917
Apr 16 22:45:45.916672 np0000166790 devstack@n-api.service[100701]: your memory page size is 4096 bytes
Apr 16 22:45:45.916672 np0000166790 devstack@n-api.service[100701]: detected max file descriptor number: 2048
Apr 16 22:45:45.916672 np0000166790 devstack@n-api.service[100701]: lock engine: pthread robust mutexes
Apr 16 22:45:45.916672 np0000166790 devstack@n-api.service[100701]: thunder lock: enabled
Apr 16 22:45:45.916672 np0000166790 devstack@n-api.service[100701]: uwsgi socket 0 bound to UNIX address /var/run/uwsgi/nova-api.socket fd 4
Apr 16 22:45:45.916672 np0000166790 devstack@n-api.service[100701]: Python version: 3.12.3 (main, Mar 3 2026, 12:15:18) [GCC 13.3.0]
Apr 16 22:45:45.916672 np0000166790 devstack@n-api.service[100701]: PEP 405 virtualenv detected: /opt/stack/data/venv
Apr 16 22:45:45.916672 np0000166790 devstack@n-api.service[100701]: Set PythonHome to /opt/stack/data/venv
Apr 16 22:45:45.956374 np0000166790 devstack@n-api.service[100701]: Python main interpreter initialized at 0x7545cfea3668
Apr 16 22:45:45.956374 np0000166790 devstack@n-api.service[100701]: python threads support enabled
Apr 16 22:45:45.956374 np0000166790 devstack@n-api.service[100701]: your server socket listen backlog is limited to 100 connections
Apr 16 22:45:45.956374 np0000166790 devstack@n-api.service[100701]: your mercy for graceful operations on workers is 80 seconds
Apr 16 22:45:45.956945 np0000166790 devstack@n-api.service[100701]: mapped 671795 bytes (656 KB) for 4 cores
Apr 16 22:45:45.957163 np0000166790 devstack@n-api.service[100701]: *** Operational MODE: preforking ***
Apr 16 22:45:45.957461 np0000166790 devstack@n-api.service[100701]: *** uWSGI is running in multiple interpreter mode ***
Apr 16 22:45:45.957461 np0000166790 devstack@n-api.service[100701]: spawned uWSGI master process (pid: 100701)
Apr 16 22:45:45.957616 np0000166790 systemd[1]: Started devstack@n-api.service - Devstack devstack@n-api.service.
Apr 16 22:45:45.958299 np0000166790 devstack@n-api.service[100701]: spawned uWSGI worker 1 (pid: 100702, cores: 1)
Apr 16 22:45:45.959022 np0000166790 devstack@n-api.service[100701]: spawned uWSGI worker 2 (pid: 100703, cores: 1)
Apr 16 22:45:45.959592 np0000166790 devstack@n-api.service[100701]: spawned uWSGI worker 3 (pid: 100704, cores: 1)
Apr 16 22:45:45.960000 np0000166790 devstack@n-api.service[100701]: spawned uWSGI worker 4 (pid: 100705, cores: 1)
Apr 16 22:45:45.960126 np0000166790 devstack@n-api.service[100701]: running "unix_signal:15 gracefully_kill_them_all" (master-start)...
Apr 16 22:45:46.277088 np0000166790 devstack@n-api.service[100705]: /opt/stack/data/venv/lib/python3.12/site-packages/oslo_concurrency/lockutils.py:41: EventletDeprecationWarning:
Apr 16 22:45:46.277088 np0000166790 devstack@n-api.service[100705]: Eventlet is deprecated. It is currently being maintained in bugfix mode, and
Apr 16 22:45:46.277088 np0000166790 devstack@n-api.service[100705]: we strongly recommend against using it for new projects.
Apr 16 22:45:46.277088 np0000166790 devstack@n-api.service[100705]: If you are already using Eventlet, we recommend migrating to a different
Apr 16 22:45:46.277088 np0000166790 devstack@n-api.service[100705]: framework. For more detail see
Apr 16 22:45:46.277088 np0000166790 devstack@n-api.service[100705]: https://eventlet.readthedocs.io/en/latest/asyncio/migration.html
Apr 16 22:45:46.277088 np0000166790 devstack@n-api.service[100705]: import eventlet
Apr 16 22:45:46.278647 np0000166790 devstack@n-api.service[100704]: /opt/stack/data/venv/lib/python3.12/site-packages/oslo_concurrency/lockutils.py:41: EventletDeprecationWarning:
Apr 16 22:45:46.278647 np0000166790 devstack@n-api.service[100704]: Eventlet is deprecated. It is currently being maintained in bugfix mode, and
Apr 16 22:45:46.278647 np0000166790 devstack@n-api.service[100704]: we strongly recommend against using it for new projects.
Apr 16 22:45:46.278647 np0000166790 devstack@n-api.service[100704]: If you are already using Eventlet, we recommend migrating to a different
Apr 16 22:45:46.278647 np0000166790 devstack@n-api.service[100704]: framework. For more detail see
Apr 16 22:45:46.278647 np0000166790 devstack@n-api.service[100704]: https://eventlet.readthedocs.io/en/latest/asyncio/migration.html
Apr 16 22:45:46.278647 np0000166790 devstack@n-api.service[100704]: import eventlet
Apr 16 22:45:46.280079 np0000166790 devstack@n-api.service[100702]: /opt/stack/data/venv/lib/python3.12/site-packages/oslo_concurrency/lockutils.py:41: EventletDeprecationWarning:
Apr 16 22:45:46.280079 np0000166790 devstack@n-api.service[100702]: Eventlet is deprecated. It is currently being maintained in bugfix mode, and
Apr 16 22:45:46.280079 np0000166790 devstack@n-api.service[100702]: we strongly recommend against using it for new projects.
Apr 16 22:45:46.280079 np0000166790 devstack@n-api.service[100702]: If you are already using Eventlet, we recommend migrating to a different
Apr 16 22:45:46.280079 np0000166790 devstack@n-api.service[100702]: framework. For more detail see
Apr 16 22:45:46.280079 np0000166790 devstack@n-api.service[100702]: https://eventlet.readthedocs.io/en/latest/asyncio/migration.html
Apr 16 22:45:46.280079 np0000166790 devstack@n-api.service[100702]: import eventlet
Apr 16 22:45:46.288191 np0000166790 devstack@n-api.service[100703]: /opt/stack/data/venv/lib/python3.12/site-packages/oslo_concurrency/lockutils.py:41: EventletDeprecationWarning:
Apr 16 22:45:46.288191 np0000166790 devstack@n-api.service[100703]: Eventlet is deprecated. It is currently being maintained in bugfix mode, and
Apr 16 22:45:46.288191 np0000166790 devstack@n-api.service[100703]: we strongly recommend against using it for new projects.
Apr 16 22:45:46.288191 np0000166790 devstack@n-api.service[100703]: If you are already using Eventlet, we recommend migrating to a different
Apr 16 22:45:46.288191 np0000166790 devstack@n-api.service[100703]: framework. For more detail see
Apr 16 22:45:46.288191 np0000166790 devstack@n-api.service[100703]: https://eventlet.readthedocs.io/en/latest/asyncio/migration.html
Apr 16 22:45:46.288191 np0000166790 devstack@n-api.service[100703]: import eventlet
Apr 16 22:45:46.324884 np0000166790 devstack@n-api.service[100704]: Service is starting with native threading. This is currently experimental. Do not use it in production without first testing it in pre-production.
Apr 16 22:45:46.325208 np0000166790 devstack@n-api.service[100705]: Service is starting with native threading. This is currently experimental. Do not use it in production without first testing it in pre-production.
Apr 16 22:45:46.328712 np0000166790 devstack@n-api.service[100702]: Service is starting with native threading. This is currently experimental. Do not use it in production without first testing it in pre-production.
Apr 16 22:45:46.336845 np0000166790 devstack@n-api.service[100703]: Service is starting with native threading. This is currently experimental. Do not use it in production without first testing it in pre-production.
Apr 16 22:45:48.369555 np0000166790 devstack@n-api.service[100704]: INFO dbcounter [None req-c65996c8-0b98-4bfd-821c-139d2b9d46cf None None] Registered counter for database nova_api
Apr 16 22:45:48.375480 np0000166790 devstack@n-api.service[100702]: INFO dbcounter [None req-2fa122e3-d4e7-4320-a370-6415a7882042 None None] Registered counter for database nova_api
Apr 16 22:45:48.385375 np0000166790 devstack@n-api.service[100704]: DEBUG oslo_db.sqlalchemy.engines [None req-c65996c8-0b98-4bfd-821c-139d2b9d46cf None None] MySQL server mode set to STRICT_TRANS_TABLES,STRICT_ALL_TABLES,NO_ZERO_IN_DATE,NO_ZERO_DATE,ERROR_FOR_DIVISION_BY_ZERO,TRADITIONAL,NO_ENGINE_SUBSTITUTION {{(pid=100704) _check_effective_sql_mode /opt/stack/data/venv/lib/python3.12/site-packages/oslo_db/sqlalchemy/engines.py:325}}
Apr 16 22:45:48.386253 np0000166790 devstack@n-api.service[100702]: DEBUG oslo_db.sqlalchemy.engines [None req-2fa122e3-d4e7-4320-a370-6415a7882042 None None] MySQL server mode set to STRICT_TRANS_TABLES,STRICT_ALL_TABLES,NO_ZERO_IN_DATE,NO_ZERO_DATE,ERROR_FOR_DIVISION_BY_ZERO,TRADITIONAL,NO_ENGINE_SUBSTITUTION {{(pid=100702) _check_effective_sql_mode /opt/stack/data/venv/lib/python3.12/site-packages/oslo_db/sqlalchemy/engines.py:325}}
Apr 16 22:45:48.397945 np0000166790 devstack@n-api.service[100703]: INFO dbcounter [None req-4dc463f4-f4a4-4269-aa66-2e308e868c69 None None] Registered counter for database nova_api
Apr 16 22:45:48.404898 np0000166790 devstack@n-api.service[100705]: INFO dbcounter [None req-4811e375-3f3e-461f-ad46-ec5dd5979679 None None] Registered counter for database nova_api
Apr 16 22:45:48.411007 np0000166790 devstack@n-api.service[100703]: DEBUG oslo_db.sqlalchemy.engines [None req-4dc463f4-f4a4-4269-aa66-2e308e868c69 None None] MySQL server mode set to STRICT_TRANS_TABLES,STRICT_ALL_TABLES,NO_ZERO_IN_DATE,NO_ZERO_DATE,ERROR_FOR_DIVISION_BY_ZERO,TRADITIONAL,NO_ENGINE_SUBSTITUTION {{(pid=100703) _check_effective_sql_mode /opt/stack/data/venv/lib/python3.12/site-packages/oslo_db/sqlalchemy/engines.py:325}}
Apr 16 22:45:48.421520 np0000166790 devstack@n-api.service[100705]: DEBUG oslo_db.sqlalchemy.engines [None req-4811e375-3f3e-461f-ad46-ec5dd5979679 None None] MySQL server mode set to STRICT_TRANS_TABLES,STRICT_ALL_TABLES,NO_ZERO_IN_DATE,NO_ZERO_DATE,ERROR_FOR_DIVISION_BY_ZERO,TRADITIONAL,NO_ENGINE_SUBSTITUTION {{(pid=100705) _check_effective_sql_mode /opt/stack/data/venv/lib/python3.12/site-packages/oslo_db/sqlalchemy/engines.py:325}}
Apr 16 22:45:48.421966 np0000166790 devstack@n-api.service[100704]: DEBUG dbcounter [-] [100704] Writer thread running {{(pid=100704) stat_writer /opt/stack/data/venv/lib/python3.12/site-packages/dbcounter.py:102}}
Apr 16 22:45:48.424518 np0000166790 devstack@n-api.service[100704]: DEBUG nova.context [None req-c65996c8-0b98-4bfd-821c-139d2b9d46cf None None] Found 2 cells: 00000000-0000-0000-0000-000000000000(cell0),dc9014dd-2997-4f2f-bd0e-b052e9cd1b30(cell1) {{(pid=100704) load_cells /opt/stack/nova/nova/context.py:509}}
Apr 16 22:45:48.424734 np0000166790 devstack@n-api.service[100704]: INFO nova.utils [None req-c65996c8-0b98-4bfd-821c-139d2b9d46cf None None] The cell worker thread pool MainProcess.cell_worker is initialized
Apr 16 22:45:48.424990 np0000166790 devstack@n-api.service[100702]: DEBUG dbcounter [-] [100702] Writer thread running {{(pid=100702) stat_writer /opt/stack/data/venv/lib/python3.12/site-packages/dbcounter.py:102}}
Apr 16 22:45:48.426678 np0000166790 devstack@n-api.service[100704]: DEBUG oslo_concurrency.lockutils [None req-c65996c8-0b98-4bfd-821c-139d2b9d46cf None None] Acquiring lock "00000000-0000-0000-0000-000000000000" by "nova.context.set_target_cell..get_or_set_cached_cell_and_set_connections" {{(pid=100704) inner /opt/stack/data/venv/lib/python3.12/site-packages/oslo_concurrency/lockutils.py:506}}
Apr 16 22:45:48.426814 np0000166790 devstack@n-api.service[100704]: DEBUG oslo_concurrency.lockutils [None req-c65996c8-0b98-4bfd-821c-139d2b9d46cf None None] Lock "00000000-0000-0000-0000-000000000000" acquired by "nova.context.set_target_cell..get_or_set_cached_cell_and_set_connections" :: waited 0.000s {{(pid=100704) inner /opt/stack/data/venv/lib/python3.12/site-packages/oslo_concurrency/lockutils.py:519}}
Apr 16 22:45:48.427169 np0000166790 devstack@n-api.service[100704]: DEBUG oslo_concurrency.lockutils [None req-c65996c8-0b98-4bfd-821c-139d2b9d46cf None None] Lock "00000000-0000-0000-0000-000000000000" "released" by "nova.context.set_target_cell..get_or_set_cached_cell_and_set_connections" :: held 0.000s {{(pid=100704) inner /opt/stack/data/venv/lib/python3.12/site-packages/oslo_concurrency/lockutils.py:538}}
Apr 16 22:45:48.427322 np0000166790 devstack@n-api.service[100702]: DEBUG nova.context [None req-2fa122e3-d4e7-4320-a370-6415a7882042 None None] Found 2 cells: 00000000-0000-0000-0000-000000000000(cell0),dc9014dd-2997-4f2f-bd0e-b052e9cd1b30(cell1) {{(pid=100702) load_cells /opt/stack/nova/nova/context.py:509}}
Apr 16 22:45:48.427566 np0000166790 devstack@n-api.service[100702]: INFO nova.utils [None req-2fa122e3-d4e7-4320-a370-6415a7882042 None None] The cell worker thread pool MainProcess.cell_worker is initialized
Apr 16 22:45:48.427934 np0000166790 devstack@n-api.service[100704]: DEBUG oslo_concurrency.lockutils [None req-c65996c8-0b98-4bfd-821c-139d2b9d46cf None None] Acquiring lock "dc9014dd-2997-4f2f-bd0e-b052e9cd1b30" by "nova.context.set_target_cell..get_or_set_cached_cell_and_set_connections" {{(pid=100704) inner /opt/stack/data/venv/lib/python3.12/site-packages/oslo_concurrency/lockutils.py:506}}
Apr 16 22:45:48.428067 np0000166790 devstack@n-api.service[100704]: DEBUG oslo_concurrency.lockutils [None req-c65996c8-0b98-4bfd-821c-139d2b9d46cf None None] Lock "dc9014dd-2997-4f2f-bd0e-b052e9cd1b30" acquired by "nova.context.set_target_cell..get_or_set_cached_cell_and_set_connections" :: waited 0.000s {{(pid=100704) inner /opt/stack/data/venv/lib/python3.12/site-packages/oslo_concurrency/lockutils.py:519}}
Apr 16 22:45:48.428942 np0000166790 devstack@n-api.service[100704]: DEBUG oslo_concurrency.lockutils [None req-c65996c8-0b98-4bfd-821c-139d2b9d46cf None None] Lock "dc9014dd-2997-4f2f-bd0e-b052e9cd1b30" "released" by "nova.context.set_target_cell..get_or_set_cached_cell_and_set_connections" :: held 0.001s {{(pid=100704) inner /opt/stack/data/venv/lib/python3.12/site-packages/oslo_concurrency/lockutils.py:538}}
Apr 16 22:45:48.429290 np0000166790 devstack@n-api.service[100702]: DEBUG oslo_concurrency.lockutils [None req-2fa122e3-d4e7-4320-a370-6415a7882042 None None] Acquiring lock "00000000-0000-0000-0000-000000000000" by "nova.context.set_target_cell..get_or_set_cached_cell_and_set_connections" {{(pid=100702) inner /opt/stack/data/venv/lib/python3.12/site-packages/oslo_concurrency/lockutils.py:506}}
Apr 16 22:45:48.429480 np0000166790 devstack@n-api.service[100702]: DEBUG oslo_concurrency.lockutils [None req-2fa122e3-d4e7-4320-a370-6415a7882042 None None] Lock "00000000-0000-0000-0000-000000000000" acquired by "nova.context.set_target_cell..get_or_set_cached_cell_and_set_connections" :: waited 0.000s {{(pid=100702) inner /opt/stack/data/venv/lib/python3.12/site-packages/oslo_concurrency/lockutils.py:519}}
Apr 16 22:45:48.429819 np0000166790 devstack@n-api.service[100702]: DEBUG oslo_concurrency.lockutils [None req-2fa122e3-d4e7-4320-a370-6415a7882042 None None] Lock "00000000-0000-0000-0000-000000000000" "released" by "nova.context.set_target_cell..get_or_set_cached_cell_and_set_connections" :: held 0.000s {{(pid=100702) inner /opt/stack/data/venv/lib/python3.12/site-packages/oslo_concurrency/lockutils.py:538}}
Apr 16 22:45:48.430838 np0000166790 devstack@n-api.service[100702]: DEBUG oslo_concurrency.lockutils [None req-2fa122e3-d4e7-4320-a370-6415a7882042 None None] Acquiring lock "dc9014dd-2997-4f2f-bd0e-b052e9cd1b30" by "nova.context.set_target_cell..get_or_set_cached_cell_and_set_connections" {{(pid=100702) inner /opt/stack/data/venv/lib/python3.12/site-packages/oslo_concurrency/lockutils.py:506}}
Apr 16 22:45:48.430980 np0000166790 devstack@n-api.service[100702]: DEBUG oslo_concurrency.lockutils [None req-2fa122e3-d4e7-4320-a370-6415a7882042 None None] Lock "dc9014dd-2997-4f2f-bd0e-b052e9cd1b30" acquired by "nova.context.set_target_cell..get_or_set_cached_cell_and_set_connections" :: waited 0.000s {{(pid=100702) inner /opt/stack/data/venv/lib/python3.12/site-packages/oslo_concurrency/lockutils.py:519}}
Apr 16 22:45:48.431816 np0000166790 devstack@n-api.service[100702]: DEBUG oslo_concurrency.lockutils [None req-2fa122e3-d4e7-4320-a370-6415a7882042 None None] Lock "dc9014dd-2997-4f2f-bd0e-b052e9cd1b30" "released" by "nova.context.set_target_cell..get_or_set_cached_cell_and_set_connections" :: held 0.001s {{(pid=100702) inner /opt/stack/data/venv/lib/python3.12/site-packages/oslo_concurrency/lockutils.py:538}}
Apr 16 22:45:48.432056 np0000166790 devstack@n-api.service[100704]: INFO dbcounter [None req-c65996c8-0b98-4bfd-821c-139d2b9d46cf None None] Registered counter for database nova_cell0
Apr 16 22:45:48.435812 np0000166790 devstack@n-api.service[100702]: INFO dbcounter [None req-2fa122e3-d4e7-4320-a370-6415a7882042 None None] Registered counter for database nova_cell0
Apr 16 22:45:48.439804 np0000166790 devstack@n-api.service[100704]: INFO dbcounter [None req-c65996c8-0b98-4bfd-821c-139d2b9d46cf None None] Registered counter for database nova_cell1
Apr 16 22:45:48.445870 np0000166790 devstack@n-api.service[100702]: INFO dbcounter [None req-2fa122e3-d4e7-4320-a370-6415a7882042 None None] Registered counter for database nova_cell1
Apr 16 22:45:48.447374 np0000166790 devstack@n-api.service[100703]: DEBUG dbcounter [-] [100703] Writer thread running {{(pid=100703) stat_writer /opt/stack/data/venv/lib/python3.12/site-packages/dbcounter.py:102}}
Apr 16 22:45:48.449850 np0000166790 devstack@n-api.service[100704]: DEBUG oslo_db.sqlalchemy.engines [None req-c65996c8-0b98-4bfd-821c-139d2b9d46cf None None] MySQL server mode set to STRICT_TRANS_TABLES,STRICT_ALL_TABLES,NO_ZERO_IN_DATE,NO_ZERO_DATE,ERROR_FOR_DIVISION_BY_ZERO,TRADITIONAL,NO_ENGINE_SUBSTITUTION {{(pid=100704) _check_effective_sql_mode /opt/stack/data/venv/lib/python3.12/site-packages/oslo_db/sqlalchemy/engines.py:325}}
Apr 16 22:45:48.449988 np0000166790 devstack@n-api.service[100705]: DEBUG dbcounter [-] [100705] Writer thread running {{(pid=100705) stat_writer /opt/stack/data/venv/lib/python3.12/site-packages/dbcounter.py:102}}
Apr 16 22:45:48.451231 np0000166790 devstack@n-api.service[100703]: DEBUG nova.context [None req-4dc463f4-f4a4-4269-aa66-2e308e868c69 None None] Found 2 cells: 00000000-0000-0000-0000-000000000000(cell0),dc9014dd-2997-4f2f-bd0e-b052e9cd1b30(cell1) {{(pid=100703) load_cells /opt/stack/nova/nova/context.py:509}}
Apr 16 22:45:48.451477 np0000166790 devstack@n-api.service[100703]: INFO nova.utils [None req-4dc463f4-f4a4-4269-aa66-2e308e868c69 None None] The cell worker thread pool MainProcess.cell_worker is initialized
Apr 16 22:45:48.452211 np0000166790 devstack@n-api.service[100705]: DEBUG nova.context [None req-4811e375-3f3e-461f-ad46-ec5dd5979679 None None] Found 2 cells: 00000000-0000-0000-0000-000000000000(cell0),dc9014dd-2997-4f2f-bd0e-b052e9cd1b30(cell1) {{(pid=100705) load_cells /opt/stack/nova/nova/context.py:509}}
Apr 16 22:45:48.452450 np0000166790 devstack@n-api.service[100705]: INFO nova.utils [None req-4811e375-3f3e-461f-ad46-ec5dd5979679 None None] The cell worker thread pool MainProcess.cell_worker is initialized
Apr 16 22:45:48.453201 np0000166790 devstack@n-api.service[100703]: DEBUG oslo_concurrency.lockutils [None req-4dc463f4-f4a4-4269-aa66-2e308e868c69 None None] Acquiring lock "00000000-0000-0000-0000-000000000000" by "nova.context.set_target_cell..get_or_set_cached_cell_and_set_connections" {{(pid=100703) inner /opt/stack/data/venv/lib/python3.12/site-packages/oslo_concurrency/lockutils.py:506}}
Apr 16 22:45:48.453395 np0000166790 devstack@n-api.service[100703]: DEBUG oslo_concurrency.lockutils [None req-4dc463f4-f4a4-4269-aa66-2e308e868c69 None None] Lock "00000000-0000-0000-0000-000000000000" acquired by "nova.context.set_target_cell..get_or_set_cached_cell_and_set_connections" :: waited 0.000s {{(pid=100703) inner /opt/stack/data/venv/lib/python3.12/site-packages/oslo_concurrency/lockutils.py:519}}
Apr 16 22:45:48.453732 np0000166790 devstack@n-api.service[100703]: DEBUG oslo_concurrency.lockutils [None req-4dc463f4-f4a4-4269-aa66-2e308e868c69 None None] Lock "00000000-0000-0000-0000-000000000000" "released" by "nova.context.set_target_cell..get_or_set_cached_cell_and_set_connections" :: held 0.000s {{(pid=100703) inner /opt/stack/data/venv/lib/python3.12/site-packages/oslo_concurrency/lockutils.py:538}}
Apr 16 22:45:48.454094 np0000166790 devstack@n-api.service[100705]: DEBUG oslo_concurrency.lockutils [None req-4811e375-3f3e-461f-ad46-ec5dd5979679 None None] Acquiring lock "00000000-0000-0000-0000-000000000000" by "nova.context.set_target_cell..get_or_set_cached_cell_and_set_connections" {{(pid=100705) inner /opt/stack/data/venv/lib/python3.12/site-packages/oslo_concurrency/lockutils.py:506}}
Apr 16 22:45:48.454261 np0000166790 devstack@n-api.service[100705]: DEBUG oslo_concurrency.lockutils [None req-4811e375-3f3e-461f-ad46-ec5dd5979679 None None] Lock "00000000-0000-0000-0000-000000000000" acquired by "nova.context.set_target_cell..get_or_set_cached_cell_and_set_connections" :: waited 0.000s {{(pid=100705) inner /opt/stack/data/venv/lib/python3.12/site-packages/oslo_concurrency/lockutils.py:519}}
Apr 16 22:45:48.454589 np0000166790 devstack@n-api.service[100703]: DEBUG oslo_concurrency.lockutils [None req-4dc463f4-f4a4-4269-aa66-2e308e868c69 None None] Acquiring lock "dc9014dd-2997-4f2f-bd0e-b052e9cd1b30" by "nova.context.set_target_cell..get_or_set_cached_cell_and_set_connections" {{(pid=100703) inner /opt/stack/data/venv/lib/python3.12/site-packages/oslo_concurrency/lockutils.py:506}}
Apr 16 22:45:48.454663 np0000166790 devstack@n-api.service[100705]: DEBUG oslo_concurrency.lockutils [None req-4811e375-3f3e-461f-ad46-ec5dd5979679 None None] Lock "00000000-0000-0000-0000-000000000000" "released" by "nova.context.set_target_cell..get_or_set_cached_cell_and_set_connections" :: held 0.000s {{(pid=100705) inner /opt/stack/data/venv/lib/python3.12/site-packages/oslo_concurrency/lockutils.py:538}}
Apr 16 22:45:48.454721 np0000166790 devstack@n-api.service[100703]: DEBUG oslo_concurrency.lockutils [None req-4dc463f4-f4a4-4269-aa66-2e308e868c69 None None] Lock "dc9014dd-2997-4f2f-bd0e-b052e9cd1b30" acquired by "nova.context.set_target_cell..get_or_set_cached_cell_and_set_connections" :: waited 0.000s {{(pid=100703) inner /opt/stack/data/venv/lib/python3.12/site-packages/oslo_concurrency/lockutils.py:519}}
Apr 16 22:45:48.455275 np0000166790 devstack@n-api.service[100705]: DEBUG oslo_concurrency.lockutils [None req-4811e375-3f3e-461f-ad46-ec5dd5979679 None None] Acquiring lock "dc9014dd-2997-4f2f-bd0e-b052e9cd1b30" by "nova.context.set_target_cell..get_or_set_cached_cell_and_set_connections" {{(pid=100705) inner /opt/stack/data/venv/lib/python3.12/site-packages/oslo_concurrency/lockutils.py:506}}
Apr 16 22:45:48.455423 np0000166790 devstack@n-api.service[100705]: DEBUG oslo_concurrency.lockutils [None req-4811e375-3f3e-461f-ad46-ec5dd5979679 None None] Lock "dc9014dd-2997-4f2f-bd0e-b052e9cd1b30" acquired by "nova.context.set_target_cell..get_or_set_cached_cell_and_set_connections" :: waited 0.000s {{(pid=100705) inner /opt/stack/data/venv/lib/python3.12/site-packages/oslo_concurrency/lockutils.py:519}}
Apr 16 22:45:48.455550 np0000166790 devstack@n-api.service[100703]: DEBUG oslo_concurrency.lockutils [None req-4dc463f4-f4a4-4269-aa66-2e308e868c69 None None] Lock "dc9014dd-2997-4f2f-bd0e-b052e9cd1b30" "released" by "nova.context.set_target_cell..get_or_set_cached_cell_and_set_connections" :: held 0.001s {{(pid=100703) inner /opt/stack/data/venv/lib/python3.12/site-packages/oslo_concurrency/lockutils.py:538}}
Apr 16 22:45:48.455658 np0000166790 devstack@n-api.service[100704]: DEBUG oslo_db.sqlalchemy.engines [None req-c65996c8-0b98-4bfd-821c-139d2b9d46cf None None] MySQL server mode set to STRICT_TRANS_TABLES,STRICT_ALL_TABLES,NO_ZERO_IN_DATE,NO_ZERO_DATE,ERROR_FOR_DIVISION_BY_ZERO,TRADITIONAL,NO_ENGINE_SUBSTITUTION {{(pid=100704) _check_effective_sql_mode /opt/stack/data/venv/lib/python3.12/site-packages/oslo_db/sqlalchemy/engines.py:325}}
Apr 16 22:45:48.456233 np0000166790 devstack@n-api.service[100705]: DEBUG oslo_concurrency.lockutils [None req-4811e375-3f3e-461f-ad46-ec5dd5979679 None None] Lock "dc9014dd-2997-4f2f-bd0e-b052e9cd1b30" "released" by "nova.context.set_target_cell..get_or_set_cached_cell_and_set_connections" :: held 0.001s {{(pid=100705) inner /opt/stack/data/venv/lib/python3.12/site-packages/oslo_concurrency/lockutils.py:538}}
Apr 16 22:45:48.458863 np0000166790 devstack@n-api.service[100703]: INFO dbcounter [None req-4dc463f4-f4a4-4269-aa66-2e308e868c69 None None] Registered counter for database nova_cell0
Apr 16 22:45:48.459547 np0000166790 devstack@n-api.service[100702]: DEBUG oslo_db.sqlalchemy.engines [None req-2fa122e3-d4e7-4320-a370-6415a7882042 None None] MySQL server mode set to STRICT_TRANS_TABLES,STRICT_ALL_TABLES,NO_ZERO_IN_DATE,NO_ZERO_DATE,ERROR_FOR_DIVISION_BY_ZERO,TRADITIONAL,NO_ENGINE_SUBSTITUTION {{(pid=100702) _check_effective_sql_mode /opt/stack/data/venv/lib/python3.12/site-packages/oslo_db/sqlalchemy/engines.py:325}}
Apr 16 22:45:48.459688 np0000166790 devstack@n-api.service[100705]: INFO dbcounter [None req-4811e375-3f3e-461f-ad46-ec5dd5979679 None None] Registered counter for database nova_cell0
Apr 16 22:45:48.462675 np0000166790 devstack@n-api.service[100702]: DEBUG oslo_db.sqlalchemy.engines [None req-2fa122e3-d4e7-4320-a370-6415a7882042 None None] MySQL server mode set to STRICT_TRANS_TABLES,STRICT_ALL_TABLES,NO_ZERO_IN_DATE,NO_ZERO_DATE,ERROR_FOR_DIVISION_BY_ZERO,TRADITIONAL,NO_ENGINE_SUBSTITUTION {{(pid=100702) _check_effective_sql_mode /opt/stack/data/venv/lib/python3.12/site-packages/oslo_db/sqlalchemy/engines.py:325}}
Apr 16 22:45:48.466753 np0000166790 devstack@n-api.service[100703]: INFO dbcounter [None req-4dc463f4-f4a4-4269-aa66-2e308e868c69 None None] Registered counter for database nova_cell1
Apr 16 22:45:48.466968 np0000166790 devstack@n-api.service[100705]: INFO dbcounter [None req-4811e375-3f3e-461f-ad46-ec5dd5979679 None None] Registered counter for database nova_cell1
Apr 16 22:45:48.476003 np0000166790 devstack@n-api.service[100705]: DEBUG oslo_db.sqlalchemy.engines [None req-4811e375-3f3e-461f-ad46-ec5dd5979679 None None] MySQL server mode set to STRICT_TRANS_TABLES,STRICT_ALL_TABLES,NO_ZERO_IN_DATE,NO_ZERO_DATE,ERROR_FOR_DIVISION_BY_ZERO,TRADITIONAL,NO_ENGINE_SUBSTITUTION {{(pid=100705) _check_effective_sql_mode /opt/stack/data/venv/lib/python3.12/site-packages/oslo_db/sqlalchemy/engines.py:325}}
Apr 16 22:45:48.482411 np0000166790 devstack@n-api.service[100705]: DEBUG oslo_db.sqlalchemy.engines [None req-4811e375-3f3e-461f-ad46-ec5dd5979679 None None] MySQL server mode set to STRICT_TRANS_TABLES,STRICT_ALL_TABLES,NO_ZERO_IN_DATE,NO_ZERO_DATE,ERROR_FOR_DIVISION_BY_ZERO,TRADITIONAL,NO_ENGINE_SUBSTITUTION {{(pid=100705) _check_effective_sql_mode /opt/stack/data/venv/lib/python3.12/site-packages/oslo_db/sqlalchemy/engines.py:325}}
Apr 16 22:45:48.485391 np0000166790 devstack@n-api.service[100703]: DEBUG oslo_db.sqlalchemy.engines [None req-4dc463f4-f4a4-4269-aa66-2e308e868c69 None None] MySQL server mode set to STRICT_TRANS_TABLES,STRICT_ALL_TABLES,NO_ZERO_IN_DATE,NO_ZERO_DATE,ERROR_FOR_DIVISION_BY_ZERO,TRADITIONAL,NO_ENGINE_SUBSTITUTION {{(pid=100703) _check_effective_sql_mode /opt/stack/data/venv/lib/python3.12/site-packages/oslo_db/sqlalchemy/engines.py:325}}
Apr 16 22:45:48.489171 np0000166790 devstack@n-api.service[100703]: DEBUG oslo_db.sqlalchemy.engines [None req-4dc463f4-f4a4-4269-aa66-2e308e868c69 None None] MySQL server mode set to STRICT_TRANS_TABLES,STRICT_ALL_TABLES,NO_ZERO_IN_DATE,NO_ZERO_DATE,ERROR_FOR_DIVISION_BY_ZERO,TRADITIONAL,NO_ENGINE_SUBSTITUTION {{(pid=100703) _check_effective_sql_mode /opt/stack/data/venv/lib/python3.12/site-packages/oslo_db/sqlalchemy/engines.py:325}}
Apr 16 22:45:48.555174 np0000166790 devstack@n-api.service[100704]: DEBUG dbcounter [-] [100704] Writer thread running {{(pid=100704) stat_writer /opt/stack/data/venv/lib/python3.12/site-packages/dbcounter.py:102}}
Apr 16 22:45:48.555756 np0000166790 devstack@n-api.service[100704]: DEBUG dbcounter [-] [100704] Writer thread running {{(pid=100704) stat_writer /opt/stack/data/venv/lib/python3.12/site-packages/dbcounter.py:102}}
Apr 16 22:45:48.559858 np0000166790 devstack@n-api.service[100704]: INFO dbcounter [None req-c65996c8-0b98-4bfd-821c-139d2b9d46cf None None] Registered counter for database nova_cell0
Apr 16 22:45:48.569830 np0000166790 devstack@n-api.service[100704]: DEBUG oslo_db.sqlalchemy.engines [None req-c65996c8-0b98-4bfd-821c-139d2b9d46cf None None] MySQL server mode set to STRICT_TRANS_TABLES,STRICT_ALL_TABLES,NO_ZERO_IN_DATE,NO_ZERO_DATE,ERROR_FOR_DIVISION_BY_ZERO,TRADITIONAL,NO_ENGINE_SUBSTITUTION {{(pid=100704) _check_effective_sql_mode /opt/stack/data/venv/lib/python3.12/site-packages/oslo_db/sqlalchemy/engines.py:325}}
Apr 16 22:45:48.574126 np0000166790 devstack@n-api.service[100702]: DEBUG dbcounter [-] [100702] Writer thread running {{(pid=100702) stat_writer /opt/stack/data/venv/lib/python3.12/site-packages/dbcounter.py:102}}
Apr 16 22:45:48.574617 np0000166790 devstack@n-api.service[100702]: DEBUG dbcounter [-] [100702] Writer thread running {{(pid=100702) stat_writer /opt/stack/data/venv/lib/python3.12/site-packages/dbcounter.py:102}}
Apr 16 22:45:48.574754 np0000166790 devstack@n-api.service[100703]: DEBUG dbcounter [-] [100703] Writer thread running {{(pid=100703) stat_writer /opt/stack/data/venv/lib/python3.12/site-packages/dbcounter.py:102}}
Apr 16 22:45:48.578819 np0000166790 devstack@n-api.service[100705]: DEBUG dbcounter [-] [100705] Writer thread running {{(pid=100705) stat_writer /opt/stack/data/venv/lib/python3.12/site-packages/dbcounter.py:102}}
Apr 16 22:45:48.579898 np0000166790 devstack@n-api.service[100703]: DEBUG dbcounter [-] [100703] Writer thread running {{(pid=100703) stat_writer /opt/stack/data/venv/lib/python3.12/site-packages/dbcounter.py:102}}
Apr 16 22:45:48.580318 np0000166790 devstack@n-api.service[100705]: DEBUG dbcounter [-] [100705] Writer thread running {{(pid=100705) stat_writer /opt/stack/data/venv/lib/python3.12/site-packages/dbcounter.py:102}}
Apr 16 22:45:48.580631 np0000166790 devstack@n-api.service[100704]: DEBUG dbcounter [-] [100704] Writer thread running {{(pid=100704) stat_writer /opt/stack/data/venv/lib/python3.12/site-packages/dbcounter.py:102}}
Apr 16 22:45:48.630283 np0000166790 devstack@n-api.service[100703]: INFO dbcounter [None req-4dc463f4-f4a4-4269-aa66-2e308e868c69 None None] Registered counter for database nova_cell0
Apr 16 22:45:48.631746 np0000166790 devstack@n-api.service[100702]: INFO dbcounter [None req-2fa122e3-d4e7-4320-a370-6415a7882042 None None] Registered counter for database nova_cell0
Apr 16 22:45:48.632416 np0000166790 devstack@n-api.service[100705]: INFO dbcounter [None req-4811e375-3f3e-461f-ad46-ec5dd5979679 None None] Registered counter for database nova_cell0
Apr 16 22:45:48.639101 np0000166790 devstack@n-api.service[100703]: DEBUG oslo_db.sqlalchemy.engines [None req-4dc463f4-f4a4-4269-aa66-2e308e868c69 None None] MySQL server mode set to STRICT_TRANS_TABLES,STRICT_ALL_TABLES,NO_ZERO_IN_DATE,NO_ZERO_DATE,ERROR_FOR_DIVISION_BY_ZERO,TRADITIONAL,NO_ENGINE_SUBSTITUTION {{(pid=100703) _check_effective_sql_mode /opt/stack/data/venv/lib/python3.12/site-packages/oslo_db/sqlalchemy/engines.py:325}}
Apr 16 22:45:48.643395 np0000166790 devstack@n-api.service[100702]: DEBUG oslo_db.sqlalchemy.engines [None req-2fa122e3-d4e7-4320-a370-6415a7882042 None None] MySQL server mode set to STRICT_TRANS_TABLES,STRICT_ALL_TABLES,NO_ZERO_IN_DATE,NO_ZERO_DATE,ERROR_FOR_DIVISION_BY_ZERO,TRADITIONAL,NO_ENGINE_SUBSTITUTION {{(pid=100702) _check_effective_sql_mode /opt/stack/data/venv/lib/python3.12/site-packages/oslo_db/sqlalchemy/engines.py:325}}
Apr 16 22:45:48.646743 np0000166790 devstack@n-api.service[100703]: DEBUG dbcounter [-] [100703] Writer thread running {{(pid=100703) stat_writer /opt/stack/data/venv/lib/python3.12/site-packages/dbcounter.py:102}}
Apr 16 22:45:48.647563 np0000166790 devstack@n-api.service[100705]: DEBUG oslo_db.sqlalchemy.engines [None req-4811e375-3f3e-461f-ad46-ec5dd5979679 None None] MySQL server mode set to STRICT_TRANS_TABLES,STRICT_ALL_TABLES,NO_ZERO_IN_DATE,NO_ZERO_DATE,ERROR_FOR_DIVISION_BY_ZERO,TRADITIONAL,NO_ENGINE_SUBSTITUTION {{(pid=100705) _check_effective_sql_mode /opt/stack/data/venv/lib/python3.12/site-packages/oslo_db/sqlalchemy/engines.py:325}}
Apr 16 22:45:48.649664 np0000166790 devstack@n-api.service[100702]: DEBUG dbcounter [-] [100702] Writer thread running {{(pid=100702) stat_writer /opt/stack/data/venv/lib/python3.12/site-packages/dbcounter.py:102}}
Apr 16 22:45:48.655774 np0000166790 devstack@n-api.service[100705]: DEBUG dbcounter [-] [100705] Writer thread running {{(pid=100705) stat_writer /opt/stack/data/venv/lib/python3.12/site-packages/dbcounter.py:102}}
Apr 16 22:45:49.099478 np0000166790 devstack@n-api.service[100703]: DEBUG oslo_concurrency.processutils [None req-4dc463f4-f4a4-4269-aa66-2e308e868c69 None None] Running cmd (subprocess): grep -F node.session.scan /sbin/iscsiadm {{(pid=100703) execute /opt/stack/data/venv/lib/python3.12/site-packages/oslo_concurrency/processutils.py:440}}
Apr 16 22:45:49.111282 np0000166790 devstack@n-api.service[100702]: DEBUG oslo_concurrency.processutils [None req-2fa122e3-d4e7-4320-a370-6415a7882042 None None] Running cmd (subprocess): grep -F node.session.scan /sbin/iscsiadm {{(pid=100702) execute /opt/stack/data/venv/lib/python3.12/site-packages/oslo_concurrency/processutils.py:440}}
Apr 16 22:45:49.112467 np0000166790 devstack@n-api.service[100705]: DEBUG oslo_concurrency.processutils [None req-4811e375-3f3e-461f-ad46-ec5dd5979679 None None] Running cmd (subprocess): grep -F node.session.scan /sbin/iscsiadm {{(pid=100705) execute /opt/stack/data/venv/lib/python3.12/site-packages/oslo_concurrency/processutils.py:440}}
Apr 16 22:45:49.121118 np0000166790 devstack@n-api.service[100703]: DEBUG oslo_concurrency.processutils [None req-4dc463f4-f4a4-4269-aa66-2e308e868c69 None None] CMD "grep -F node.session.scan /sbin/iscsiadm" returned: 0 in 0.022s {{(pid=100703) execute /opt/stack/data/venv/lib/python3.12/site-packages/oslo_concurrency/processutils.py:468}}
Apr 16 22:45:49.121272 np0000166790 devstack@n-api.service[100704]: DEBUG oslo_concurrency.processutils [None req-c65996c8-0b98-4bfd-821c-139d2b9d46cf None None] Running cmd (subprocess): grep -F node.session.scan /sbin/iscsiadm {{(pid=100704) execute /opt/stack/data/venv/lib/python3.12/site-packages/oslo_concurrency/processutils.py:440}}
Apr 16 22:45:49.132558 np0000166790 devstack@n-api.service[100705]: DEBUG oslo_concurrency.processutils [None req-4811e375-3f3e-461f-ad46-ec5dd5979679 None None] CMD "grep -F node.session.scan /sbin/iscsiadm" returned: 0 in 0.020s {{(pid=100705) execute /opt/stack/data/venv/lib/python3.12/site-packages/oslo_concurrency/processutils.py:468}}
Apr 16 22:45:49.132933 np0000166790 devstack@n-api.service[100702]: DEBUG oslo_concurrency.processutils [None req-2fa122e3-d4e7-4320-a370-6415a7882042 None None] CMD "grep -F node.session.scan /sbin/iscsiadm" returned: 0 in 0.021s {{(pid=100702) execute /opt/stack/data/venv/lib/python3.12/site-packages/oslo_concurrency/processutils.py:468}}
Apr 16 22:45:49.141095 np0000166790 devstack@n-api.service[100704]: DEBUG oslo_concurrency.processutils [None req-c65996c8-0b98-4bfd-821c-139d2b9d46cf None None] CMD "grep -F node.session.scan /sbin/iscsiadm" returned: 0 in 0.020s {{(pid=100704) execute /opt/stack/data/venv/lib/python3.12/site-packages/oslo_concurrency/processutils.py:468}}
Apr 16 22:45:49.536665 np0000166790 devstack@n-api.service[100704]: WARNING keystonemiddleware.auth_token [None req-c65996c8-0b98-4bfd-821c-139d2b9d46cf None None] AuthToken middleware is set with keystone_authtoken.service_token_roles_required set to False. This is backwards compatible but deprecated behaviour. Please set this to True.
Apr 16 22:45:49.537897 np0000166790 devstack@n-api.service[100702]: WARNING keystonemiddleware.auth_token [None req-2fa122e3-d4e7-4320-a370-6415a7882042 None None] AuthToken middleware is set with keystone_authtoken.service_token_roles_required set to False. This is backwards compatible but deprecated behaviour. Please set this to True.
Apr 16 22:45:49.538673 np0000166790 devstack@n-api.service[100703]: WARNING keystonemiddleware.auth_token [None req-4dc463f4-f4a4-4269-aa66-2e308e868c69 None None] AuthToken middleware is set with keystone_authtoken.service_token_roles_required set to False. This is backwards compatible but deprecated behaviour. Please set this to True.
Apr 16 22:45:49.544571 np0000166790 devstack@n-api.service[100705]: WARNING keystonemiddleware.auth_token [None req-4811e375-3f3e-461f-ad46-ec5dd5979679 None None] AuthToken middleware is set with keystone_authtoken.service_token_roles_required set to False. This is backwards compatible but deprecated behaviour. Please set this to True.
Apr 16 22:45:49.724093 np0000166790 devstack@n-api.service[100704]: WARNING keystonemiddleware.auth_token [None req-c65996c8-0b98-4bfd-821c-139d2b9d46cf None None] AuthToken middleware is set with keystone_authtoken.service_token_roles_required set to False. This is backwards compatible but deprecated behaviour. Please set this to True.
Apr 16 22:45:49.729246 np0000166790 devstack@n-api.service[100704]: DEBUG nova.api.openstack.wsgi_app [None req-c65996c8-0b98-4bfd-821c-139d2b9d46cf None None] ******************************************************************************** {{(pid=100704) log_opt_values /opt/stack/data/venv/lib/python3.12/site-packages/oslo_config/cfg.py:2979}}
Apr 16 22:45:49.729389 np0000166790 devstack@n-api.service[100704]: DEBUG nova.api.openstack.wsgi_app [None req-c65996c8-0b98-4bfd-821c-139d2b9d46cf None None] Configuration options gathered from: {{(pid=100704) log_opt_values /opt/stack/data/venv/lib/python3.12/site-packages/oslo_config/cfg.py:2980}}
Apr 16 22:45:49.729693 np0000166790 devstack@n-api.service[100704]: DEBUG nova.api.openstack.wsgi_app [None req-c65996c8-0b98-4bfd-821c-139d2b9d46cf None None] command line args: [] {{(pid=100704) log_opt_values /opt/stack/data/venv/lib/python3.12/site-packages/oslo_config/cfg.py:2981}}
Apr 16 22:45:49.729846 np0000166790 devstack@n-api.service[100704]: DEBUG nova.api.openstack.wsgi_app [None req-c65996c8-0b98-4bfd-821c-139d2b9d46cf None None] config files: ['/etc/nova/api-paste.ini', '/etc/nova/nova.conf'] {{(pid=100704) log_opt_values /opt/stack/data/venv/lib/python3.12/site-packages/oslo_config/cfg.py:2982}}
Apr 16 22:45:49.729928 np0000166790 devstack@n-api.service[100704]: DEBUG nova.api.openstack.wsgi_app [None req-c65996c8-0b98-4bfd-821c-139d2b9d46cf None None] ================================================================================ {{(pid=100704) log_opt_values /opt/stack/data/venv/lib/python3.12/site-packages/oslo_config/cfg.py:2987}}
Apr 16 22:45:49.730122 np0000166790 devstack@n-api.service[100704]: DEBUG nova.api.openstack.wsgi_app [None req-c65996c8-0b98-4bfd-821c-139d2b9d46cf None None] allow_resize_to_same_host = True {{(pid=100704) log_opt_values /opt/stack/data/venv/lib/python3.12/site-packages/oslo_config/cfg.py:2995}}
Apr 16 22:45:49.730250 np0000166790 devstack@n-api.service[100704]: DEBUG nova.api.openstack.wsgi_app [None req-c65996c8-0b98-4bfd-821c-139d2b9d46cf None None] arq_binding_timeout = 300 {{(pid=100704) log_opt_values /opt/stack/data/venv/lib/python3.12/site-packages/oslo_config/cfg.py:2995}}
Apr 16 22:45:49.730407 np0000166790 devstack@n-api.service[100704]: DEBUG nova.api.openstack.wsgi_app [None req-c65996c8-0b98-4bfd-821c-139d2b9d46cf None None] block_device_allocate_retries = 60 {{(pid=100704) log_opt_values /opt/stack/data/venv/lib/python3.12/site-packages/oslo_config/cfg.py:2995}}
Apr 16 22:45:49.730531 np0000166790 devstack@n-api.service[100704]: DEBUG nova.api.openstack.wsgi_app [None req-c65996c8-0b98-4bfd-821c-139d2b9d46cf None None] block_device_allocate_retries_interval = 3 {{(pid=100704) log_opt_values /opt/stack/data/venv/lib/python3.12/site-packages/oslo_config/cfg.py:2995}}
Apr 16 22:45:49.730665 np0000166790 devstack@n-api.service[100704]: DEBUG nova.api.openstack.wsgi_app [None req-c65996c8-0b98-4bfd-821c-139d2b9d46cf None None] cell_worker_thread_pool_size = 5 {{(pid=100704) log_opt_values /opt/stack/data/venv/lib/python3.12/site-packages/oslo_config/cfg.py:2995}}
Apr 16 22:45:49.730751 np0000166790 devstack@n-api.service[100703]: WARNING keystonemiddleware.auth_token [None req-4dc463f4-f4a4-4269-aa66-2e308e868c69 None None] AuthToken middleware is set with keystone_authtoken.service_token_roles_required set to False. This is backwards compatible but deprecated behaviour. Please set this to True.
Apr 16 22:45:49.730821 np0000166790 devstack@n-api.service[100704]: DEBUG nova.api.openstack.wsgi_app [None req-c65996c8-0b98-4bfd-821c-139d2b9d46cf None None] cert = self.pem {{(pid=100704) log_opt_values /opt/stack/data/venv/lib/python3.12/site-packages/oslo_config/cfg.py:2995}}
Apr 16 22:45:49.730922 np0000166790 devstack@n-api.service[100704]: DEBUG nova.api.openstack.wsgi_app [None req-c65996c8-0b98-4bfd-821c-139d2b9d46cf None None] compute_driver = libvirt.LibvirtDriver {{(pid=100704) log_opt_values /opt/stack/data/venv/lib/python3.12/site-packages/oslo_config/cfg.py:2995}}
Apr 16 22:45:49.731054 np0000166790 devstack@n-api.service[100704]: DEBUG nova.api.openstack.wsgi_app [None req-c65996c8-0b98-4bfd-821c-139d2b9d46cf None None] compute_monitors = [] {{(pid=100704) log_opt_values /opt/stack/data/venv/lib/python3.12/site-packages/oslo_config/cfg.py:2995}}
Apr 16 22:45:49.731185 np0000166790 devstack@n-api.service[100704]: DEBUG nova.api.openstack.wsgi_app [None req-c65996c8-0b98-4bfd-821c-139d2b9d46cf None None] config_dir = [] {{(pid=100704) log_opt_values /opt/stack/data/venv/lib/python3.12/site-packages/oslo_config/cfg.py:2995}}
Apr 16 22:45:49.731326 np0000166790 devstack@n-api.service[100704]: DEBUG nova.api.openstack.wsgi_app [None req-c65996c8-0b98-4bfd-821c-139d2b9d46cf None None] config_drive_format = iso9660 {{(pid=100704) log_opt_values /opt/stack/data/venv/lib/python3.12/site-packages/oslo_config/cfg.py:2995}}
Apr 16 22:45:49.731450 np0000166790 devstack@n-api.service[100704]: DEBUG nova.api.openstack.wsgi_app [None req-c65996c8-0b98-4bfd-821c-139d2b9d46cf None None] config_file = ['/etc/nova/api-paste.ini', '/etc/nova/nova.conf'] {{(pid=100704) log_opt_values /opt/stack/data/venv/lib/python3.12/site-packages/oslo_config/cfg.py:2995}}
Apr 16 22:45:49.731580 np0000166790 devstack@n-api.service[100704]: DEBUG nova.api.openstack.wsgi_app [None req-c65996c8-0b98-4bfd-821c-139d2b9d46cf None None] config_source = [] {{(pid=100704) log_opt_values /opt/stack/data/venv/lib/python3.12/site-packages/oslo_config/cfg.py:2995}}
Apr 16 22:45:49.731719 np0000166790 devstack@n-api.service[100704]: DEBUG nova.api.openstack.wsgi_app [None req-c65996c8-0b98-4bfd-821c-139d2b9d46cf None None] console_host = np0000166790 {{(pid=100704) log_opt_values /opt/stack/data/venv/lib/python3.12/site-packages/oslo_config/cfg.py:2995}}
Apr 16 22:45:49.731801 np0000166790 devstack@n-api.service[100705]: WARNING keystonemiddleware.auth_token [None req-4811e375-3f3e-461f-ad46-ec5dd5979679 None None] AuthToken middleware is set with keystone_authtoken.service_token_roles_required set to False. This is backwards compatible but deprecated behaviour. Please set this to True.
Apr 16 22:45:49.731860 np0000166790 devstack@n-api.service[100704]: DEBUG nova.api.openstack.wsgi_app [None req-c65996c8-0b98-4bfd-821c-139d2b9d46cf None None] control_exchange = nova {{(pid=100704) log_opt_values /opt/stack/data/venv/lib/python3.12/site-packages/oslo_config/cfg.py:2995}}
Apr 16 22:45:49.731977 np0000166790 devstack@n-api.service[100704]: DEBUG nova.api.openstack.wsgi_app [None req-c65996c8-0b98-4bfd-821c-139d2b9d46cf None None] cpu_allocation_ratio = None {{(pid=100704) log_opt_values /opt/stack/data/venv/lib/python3.12/site-packages/oslo_config/cfg.py:2995}}
Apr 16 22:45:49.732104 np0000166790 devstack@n-api.service[100704]: DEBUG nova.api.openstack.wsgi_app [None req-c65996c8-0b98-4bfd-821c-139d2b9d46cf None None] daemon = False {{(pid=100704) log_opt_values /opt/stack/data/venv/lib/python3.12/site-packages/oslo_config/cfg.py:2995}}
Apr 16 22:45:49.732243 np0000166790 devstack@n-api.service[100704]: DEBUG nova.api.openstack.wsgi_app [None req-c65996c8-0b98-4bfd-821c-139d2b9d46cf None None] debug = True {{(pid=100704) log_opt_values /opt/stack/data/venv/lib/python3.12/site-packages/oslo_config/cfg.py:2995}}
Apr 16 22:45:49.732387 np0000166790 devstack@n-api.service[100704]: DEBUG nova.api.openstack.wsgi_app [None req-c65996c8-0b98-4bfd-821c-139d2b9d46cf None None] default_access_ip_network_name = None {{(pid=100704) log_opt_values /opt/stack/data/venv/lib/python3.12/site-packages/oslo_config/cfg.py:2995}}
Apr 16 22:45:49.732512 np0000166790 devstack@n-api.service[100704]: DEBUG nova.api.openstack.wsgi_app [None req-c65996c8-0b98-4bfd-821c-139d2b9d46cf None None] default_availability_zone = nova {{(pid=100704) log_opt_values /opt/stack/data/venv/lib/python3.12/site-packages/oslo_config/cfg.py:2995}}
Apr 16 22:45:49.732640 np0000166790 devstack@n-api.service[100704]: DEBUG nova.api.openstack.wsgi_app [None req-c65996c8-0b98-4bfd-821c-139d2b9d46cf None None] default_ephemeral_format = ext4 {{(pid=100704) log_opt_values /opt/stack/data/venv/lib/python3.12/site-packages/oslo_config/cfg.py:2995}}
Apr 16 22:45:49.732771 np0000166790 devstack@n-api.service[100704]: DEBUG nova.api.openstack.wsgi_app [None req-c65996c8-0b98-4bfd-821c-139d2b9d46cf None None] default_green_pool_size = 1000 {{(pid=100704) log_opt_values /opt/stack/data/venv/lib/python3.12/site-packages/oslo_config/cfg.py:2995}}
Apr 16 22:45:49.733314 np0000166790 devstack@n-api.service[100702]: WARNING keystonemiddleware.auth_token [None req-2fa122e3-d4e7-4320-a370-6415a7882042 None None] AuthToken middleware is set with keystone_authtoken.service_token_roles_required set to False. This is backwards compatible but deprecated behaviour. Please set this to True.
Apr 16 22:45:49.733483 np0000166790 devstack@n-api.service[100704]: DEBUG nova.api.openstack.wsgi_app [None req-c65996c8-0b98-4bfd-821c-139d2b9d46cf None None] default_log_levels = ['amqp=WARN', 'boto=WARN', 'sqlalchemy=WARN', 'suds=INFO', 'oslo.messaging=INFO', 'oslo_messaging=INFO', 'iso8601=WARN', 'requests.packages.urllib3.connectionpool=WARN', 'urllib3.connectionpool=WARN', 'websocket=WARN', 'requests.packages.urllib3.util.retry=WARN', 'urllib3.util.retry=WARN', 'keystonemiddleware=WARN', 'routes.middleware=WARN', 'stevedore=WARN', 'taskflow=WARN', 'keystoneauth=WARN', 'oslo.cache=INFO', 'oslo_policy=INFO', 'dogpile.core.dogpile=INFO', 'glanceclient=WARN', 'oslo.privsep.daemon=INFO'] {{(pid=100704) log_opt_values /opt/stack/data/venv/lib/python3.12/site-packages/oslo_config/cfg.py:2995}}
Apr 16 22:45:49.733483 np0000166790 devstack@n-api.service[100704]: DEBUG nova.api.openstack.wsgi_app [None req-c65996c8-0b98-4bfd-821c-139d2b9d46cf None None] default_schedule_zone = None {{(pid=100704) log_opt_values /opt/stack/data/venv/lib/python3.12/site-packages/oslo_config/cfg.py:2995}}
Apr 16 22:45:49.733677 np0000166790 devstack@n-api.service[100704]: DEBUG nova.api.openstack.wsgi_app [None req-c65996c8-0b98-4bfd-821c-139d2b9d46cf None None] default_thread_pool_size = 10 {{(pid=100704) log_opt_values /opt/stack/data/venv/lib/python3.12/site-packages/oslo_config/cfg.py:2995}}
Apr 16 22:45:49.733745 np0000166790 devstack@n-api.service[100704]: DEBUG nova.api.openstack.wsgi_app [None req-c65996c8-0b98-4bfd-821c-139d2b9d46cf None None] disk_allocation_ratio = None {{(pid=100704) log_opt_values /opt/stack/data/venv/lib/python3.12/site-packages/oslo_config/cfg.py:2995}}
Apr 16 22:45:49.733887 np0000166790 devstack@n-api.service[100704]: DEBUG nova.api.openstack.wsgi_app [None req-c65996c8-0b98-4bfd-821c-139d2b9d46cf None None] enable_new_services = True {{(pid=100704) log_opt_values /opt/stack/data/venv/lib/python3.12/site-packages/oslo_config/cfg.py:2995}}
Apr 16 22:45:49.733996 np0000166790 devstack@n-api.service[100704]: DEBUG nova.api.openstack.wsgi_app [None req-c65996c8-0b98-4bfd-821c-139d2b9d46cf None None] flat_injected = False {{(pid=100704) log_opt_values /opt/stack/data/venv/lib/python3.12/site-packages/oslo_config/cfg.py:2995}}
