2026-06-15 21:29:01.608 7 INFO placement.requestlog [req-0b52b8d0-18c8-487c-a4be-f5d715466c57 req-cf109b9a-6d48-487c-8654-384be52ac92d 406a72873fbd4983917b50c85b2eaf9e ecb87fc712134b72a5c062fae64eec29 - - ef118018b2c5483ba10d3c78401ee998 ef118018b2c5483ba10d3c78401ee998] 199.19.213.133 "GET /allocations/20029a16-f93d-4ec4-9357-823c908b61ed" status: 200 len: 257 microversion: 1.28 [pid: 7|app: 0|req: 456/907] 199.19.213.133 () {34 vars in 863 bytes} [Mon Jun 15 21:29:01 2026] GET /allocations/20029a16-f93d-4ec4-9357-823c908b61ed => generated 257 bytes in 13 msecs (HTTP/1.1 200) 8 headers in 296 bytes (1 switches on core 0)
2026-06-15 21:29:01.621 8 INFO placement.requestlog [None req-5629611e-929c-4d2e-a42e-9872c2d16948 a6735915b01e4e8797e430315235f6ac ecb87fc712134b72a5c062fae64eec29 - - ef118018b2c5483ba10d3c78401ee998 ef118018b2c5483ba10d3c78401ee998] 10.0.0.19 "GET /resource_providers/1f75b79f-54c1-4744-9c54-27ffe755e801/aggregates" status: 404 len: 235 microversion: 1.1 [pid: 8|app: 0|req: 452/908] 10.0.0.19 () {32 vars in 815 bytes} [Mon Jun 15 21:29:01 2026] GET /resource_providers/1f75b79f-54c1-4744-9c54-27ffe755e801/aggregates => generated 235 bytes in 7 msecs (HTTP/1.1 404) 5 headers in 202 bytes (1 switches on core 0)
2026-06-15 21:29:01.629 7 INFO placement.requestlog [None req-0506a6cb-49f7-427e-ae32-5ac02a4be1e5 a6735915b01e4e8797e430315235f6ac ecb87fc712134b72a5c062fae64eec29 - - ef118018b2c5483ba10d3c78401ee998 ef118018b2c5483ba10d3c78401ee998] 10.0.0.19 "GET /resource_providers/1f75b79f-54c1-4744-9c54-27ffe755e801/aggregates" status: 404 len: 235 microversion: 1.1 [pid: 7|app: 0|req: 457/909] 10.0.0.19 () {32 vars in 815 bytes} [Mon Jun 15 21:29:01 2026] GET /resource_providers/1f75b79f-54c1-4744-9c54-27ffe755e801/aggregates => generated 235 bytes in 10 msecs (HTTP/1.1 404) 5 headers in 202 bytes (1 switches on core 0)
2026-06-15 21:29:01.636 8 INFO placement.requestlog [None req-12768d3c-88d1-466b-a595-cab37adfe777 a6735915b01e4e8797e430315235f6ac ecb87fc712134b72a5c062fae64eec29 - - ef118018b2c5483ba10d3c78401ee998 ef118018b2c5483ba10d3c78401ee998] 10.0.0.19 "DELETE /resource_providers/1f75b79f-54c1-4744-9c54-27ffe755e801" status: 404 len: 246 microversion: 1.1 [pid: 8|app: 0|req: 453/910] 10.0.0.19 () {34 vars in 815 bytes} [Mon Jun 15 21:29:01 2026] DELETE /resource_providers/1f75b79f-54c1-4744-9c54-27ffe755e801 => generated 246 bytes in 7 msecs (HTTP/1.1 404) 6 headers in 231 bytes (1 switches on core 0)
2026-06-15 21:29:01.648 7 INFO placement.requestlog [None req-db68e189-9b7c-455b-8312-3c7d2fcd591d a6735915b01e4e8797e430315235f6ac ecb87fc712134b72a5c062fae64eec29 - - ef118018b2c5483ba10d3c78401ee998 ef118018b2c5483ba10d3c78401ee998] 10.0.0.19 "DELETE /resource_providers/1f75b79f-54c1-4744-9c54-27ffe755e801" status: 404 len: 246 microversion: 1.1 [pid: 7|app: 0|req: 458/911] 10.0.0.19 () {34 vars in 815 bytes} [Mon Jun 15 21:29:01 2026] DELETE /resource_providers/1f75b79f-54c1-4744-9c54-27ffe755e801 => generated 246 bytes in 9 msecs (HTTP/1.1 404) 6 headers in 231 bytes (1 switches on core 0)
2026-06-15 21:29:01.678 7 INFO placement.requestlog [None req-82212129-1ea9-44ea-bbe9-acdf3002662f - - - - - -] 10.0.0.32 "GET /" status: 200 len: 136 microversion: 1.0
2026-06-15 21:29:01.679 7 INFO placement.requestlog [None req-0a8cdbce-3d34-418d-8335-063c1111eaad - - - - - -] 10.0.0.32 "GET /" status: 200 len: 136 microversion: 1.0
2026-06-15 21:29:01.680 8 INFO placement.requestlog [None req-f5f2ce0e-b01f-4979-be13-145cdd1bc8c1 a6735915b01e4e8797e430315235f6ac ecb87fc712134b72a5c062fae64eec29 - - ef118018b2c5483ba10d3c78401ee998 ef118018b2c5483ba10d3c78401ee998] 10.0.0.19 "GET /resource_providers/1d6230d5-db33-4ff2-a566-be23af3e7ee4/aggregates" status: 404 len: 235 microversion: 1.1 [pid: 8|app: 0|req: 454/914] 10.0.0.19 () {32 vars in 815 bytes} [Mon Jun 15 21:29:01 2026] GET /resource_providers/1d6230d5-db33-4ff2-a566-be23af3e7ee4/aggregates => generated 235 bytes in 6 msecs (HTTP/1.1 404) 5 headers in 202 bytes (1 switches on core 0)
2026-06-15 21:29:01.696 8 INFO placement.requestlog [None req-50191d23-46d0-4043-b690-a8368a764dce a6735915b01e4e8797e430315235f6ac ecb87fc712134b72a5c062fae64eec29 - - ef118018b2c5483ba10d3c78401ee998 ef118018b2c5483ba10d3c78401ee998] 10.0.0.19 "DELETE /resource_providers/1d6230d5-db33-4ff2-a566-be23af3e7ee4" status: 404 len: 246 microversion: 1.1 [pid: 8|app: 0|req: 455/915] 10.0.0.19 () {34 vars in 815 bytes} [Mon Jun 15 21:29:01 2026] DELETE /resource_providers/1d6230d5-db33-4ff2-a566-be23af3e7ee4 => generated 246 bytes in 7 msecs (HTTP/1.1 404) 6 headers in 231 bytes (1 switches on core 0)
2026-06-15 21:29:01.699 7 INFO placement.requestlog [None req-8cea433e-dff4-4af3-a855-e8bc34bd2f9e a6735915b01e4e8797e430315235f6ac ecb87fc712134b72a5c062fae64eec29 - - ef118018b2c5483ba10d3c78401ee998 ef118018b2c5483ba10d3c78401ee998] 10.0.0.19 "GET /resource_providers/1d6230d5-db33-4ff2-a566-be23af3e7ee4/aggregates" status: 404 len: 235 microversion: 1.1 [pid: 7|app: 0|req: 461/916] 10.0.0.19 () {32 vars in 815 bytes} [Mon Jun 15 21:29:01 2026] GET /resource_providers/1d6230d5-db33-4ff2-a566-be23af3e7ee4/aggregates => generated 235 bytes in 13 msecs (HTTP/1.1 404) 5 headers in 202 bytes (1 switches on core 0)
2026-06-15 21:29:01.712 8 INFO placement.requestlog [None req-6ec4ea35-fd94-4d55-9168-4b4ec9d5ef04 a6735915b01e4e8797e430315235f6ac ecb87fc712134b72a5c062fae64eec29 - - ef118018b2c5483ba10d3c78401ee998 ef118018b2c5483ba10d3c78401ee998] 10.0.0.19 "GET /resource_providers/7e698f1d-69fd-49b9-8bb8-613528d174ae/aggregates" status: 404 len: 235 microversion: 1.1 [pid: 8|app: 0|req: 456/917] 10.0.0.19 () {32 vars in 815 bytes} [Mon Jun 15 21:29:01 2026] GET /resource_providers/7e698f1d-69fd-49b9-8bb8-613528d174ae/aggregates => generated 235 bytes in 7 msecs (HTTP/1.1 404) 5 headers in 202 bytes (1 switches on core 0)
2026-06-15 21:29:01.717 7 INFO placement.requestlog [None req-9a5a2ea7-8bff-4775-8d73-d5c91c9cee23 a6735915b01e4e8797e430315235f6ac ecb87fc712134b72a5c062fae64eec29 - - ef118018b2c5483ba10d3c78401ee998 ef118018b2c5483ba10d3c78401ee998] 10.0.0.19 "DELETE /resource_providers/1d6230d5-db33-4ff2-a566-be23af3e7ee4" status: 404 len: 246 microversion: 1.1 [pid: 7|app: 0|req: 462/918] 10.0.0.19 () {34 vars in 815 bytes} [Mon Jun 15 21:29:01 2026] DELETE /resource_providers/1d6230d5-db33-4ff2-a566-be23af3e7ee4 => generated 246 bytes in 7 msecs (HTTP/1.1 404) 6 headers in 231 bytes (1 switches on core 0)
2026-06-15 21:29:01.734 8 INFO placement.requestlog [None req-064c530d-3391-4a21-9c36-9dc393adf573 a6735915b01e4e8797e430315235f6ac ecb87fc712134b72a5c062fae64eec29 - - ef118018b2c5483ba10d3c78401ee998 ef118018b2c5483ba10d3c78401ee998] 10.0.0.19 "DELETE /resource_providers/7e698f1d-69fd-49b9-8bb8-613528d174ae" status: 404 len: 246 microversion: 1.1 [pid: 8|app: 0|req: 457/919] 10.0.0.19 () {34 vars in 815 bytes} [Mon Jun 15 21:29:01 2026] DELETE /resource_providers/7e698f1d-69fd-49b9-8bb8-613528d174ae => generated 246 bytes in 8 msecs (HTTP/1.1 404) 6 headers in 231 bytes (1 switches on core 0)
2026-06-15 21:29:01.737 7 INFO placement.requestlog [None req-2699ec53-80d3-44ad-a63d-3619f4804c53 a6735915b01e4e8797e430315235f6ac ecb87fc712134b72a5c062fae64eec29 - - ef118018b2c5483ba10d3c78401ee998 ef118018b2c5483ba10d3c78401ee998] 10.0.0.19 "GET /resource_providers/7e698f1d-69fd-49b9-8bb8-613528d174ae/aggregates" status: 404 len: 235 microversion: 1.1 [pid: 7|app: 0|req: 463/920] 10.0.0.19 () {32 vars in 815 bytes} [Mon Jun 15 21:29:01 2026] GET /resource_providers/7e698f1d-69fd-49b9-8bb8-613528d174ae/aggregates => generated 235 bytes in 9 msecs (HTTP/1.1 404) 5 headers in 202 bytes (1 switches on core 0)
2026-06-15 21:29:01.760 8 INFO placement.requestlog [None req-7ec00032-337c-4110-9705-b40e5f43278b a6735915b01e4e8797e430315235f6ac ecb87fc712134b72a5c062fae64eec29 - - ef118018b2c5483ba10d3c78401ee998 ef118018b2c5483ba10d3c78401ee998] 10.0.0.19 "DELETE /resource_providers/7e698f1d-69fd-49b9-8bb8-613528d174ae" status: 404 len: 246 microversion: 1.1 [pid: 8|app: 0|req: 458/921] 10.0.0.19 () {34 vars in 815 bytes} [Mon Jun 15 21:29:01 2026] DELETE /resource_providers/7e698f1d-69fd-49b9-8bb8-613528d174ae => generated 246 bytes in 9 msecs (HTTP/1.1 404) 6 headers in 231 bytes (1 switches on core 0)
2026-06-15 21:29:02.657 7 INFO placement.requestlog [req-0b52b8d0-18c8-487c-a4be-f5d715466c57 req-99f830fa-7a71-4f34-8642-6e738bd4c375 406a72873fbd4983917b50c85b2eaf9e ecb87fc712134b72a5c062fae64eec29 - - ef118018b2c5483ba10d3c78401ee998 ef118018b2c5483ba10d3c78401ee998] 199.19.213.133 "DELETE /allocations/20029a16-f93d-4ec4-9357-823c908b61ed" status: 204 len: 0 microversion: 1.0 [pid: 7|app: 0|req: 464/922] 199.19.213.133 () {34 vars in 841 bytes} [Mon Jun 15 21:29:02 2026] DELETE /allocations/20029a16-f93d-4ec4-9357-823c908b61ed => generated 0 bytes in 28 msecs (HTTP/1.1 204) 5 headers in 198 bytes (1 switches on core 0)
2026-06-15 21:29:03.655 8 INFO placement.requestlog [None req-b6f1646d-9ce2-4286-9a68-2c7605ec5688 a6735915b01e4e8797e430315235f6ac ecb87fc712134b72a5c062fae64eec29 - - ef118018b2c5483ba10d3c78401ee998 ef118018b2c5483ba10d3c78401ee998] 10.0.0.19 "GET /resource_providers/e04e1d0a-beff-4149-9801-d8bcadf85022/aggregates" status: 404 len: 235 microversion: 1.1 [pid: 8|app: 0|req: 459/923] 10.0.0.19 () {32 vars in 815 bytes} [Mon Jun 15 21:29:03 2026] GET /resource_providers/e04e1d0a-beff-4149-9801-d8bcadf85022/aggregates => generated 235 bytes in 12 msecs (HTTP/1.1 404) 5 headers in 202 bytes (1 switches on core 0)
2026-06-15 21:29:03.676 7 INFO placement.requestlog [None req-728f9099-70fd-4c36-b411-14d5bfa5391c a6735915b01e4e8797e430315235f6ac ecb87fc712134b72a5c062fae64eec29 - - ef118018b2c5483ba10d3c78401ee998 ef118018b2c5483ba10d3c78401ee998] 10.0.0.19 "GET /resource_providers/e04e1d0a-beff-4149-9801-d8bcadf85022/aggregates" status: 404 len: 235 microversion: 1.1 [pid: 7|app: 0|req: 465/924] 10.0.0.19 () {32 vars in 815 bytes} [Mon Jun 15 21:29:03 2026] GET /resource_providers/e04e1d0a-beff-4149-9801-d8bcadf85022/aggregates => generated 235 bytes in 21 msecs (HTTP/1.1 404) 5 headers in 202 bytes (1 switches on core 0)
2026-06-15 21:29:03.682 8 INFO placement.requestlog [None req-3385f566-9440-4ef5-b83f-4ff99822fb92 a6735915b01e4e8797e430315235f6ac ecb87fc712134b72a5c062fae64eec29 - - ef118018b2c5483ba10d3c78401ee998 ef118018b2c5483ba10d3c78401ee998] 10.0.0.19 "DELETE /resource_providers/e04e1d0a-beff-4149-9801-d8bcadf85022" status: 404 len: 246 microversion: 1.1 [pid: 8|app: 0|req: 460/925] 10.0.0.19 () {34 vars in 815 bytes} [Mon Jun 15 21:29:03 2026] DELETE /resource_providers/e04e1d0a-beff-4149-9801-d8bcadf85022 => generated 246 bytes in 11 msecs (HTTP/1.1 404) 6 headers in 231 bytes (1 switches on core 0)
2026-06-15 21:29:03.702 7 INFO placement.requestlog [None req-41e97c5a-2bca-4551-b839-6ad6cc98b826 a6735915b01e4e8797e430315235f6ac ecb87fc712134b72a5c062fae64eec29 - - ef118018b2c5483ba10d3c78401ee998 ef118018b2c5483ba10d3c78401ee998] 10.0.0.19 "DELETE /resource_providers/e04e1d0a-beff-4149-9801-d8bcadf85022" status: 404 len: 246 microversion: 1.1 [pid: 7|app: 0|req: 466/926] 10.0.0.19 () {34 vars in 815 bytes} [Mon Jun 15 21:29:03 2026] DELETE /resource_providers/e04e1d0a-beff-4149-9801-d8bcadf85022 => generated 246 bytes in 9 msecs (HTTP/1.1 404) 6 headers in 231 bytes (1 switches on core 0)
2026-06-15 21:29:06.420 8 INFO placement.requestlog [None req-fe25ca26-519b-4845-af97-fe5b4c2a9d49 a6735915b01e4e8797e430315235f6ac ecb87fc712134b72a5c062fae64eec29 - - ef118018b2c5483ba10d3c78401ee998 ef118018b2c5483ba10d3c78401ee998] 10.0.0.19 "GET /resource_providers/f139de0d-0567-4604-9fd1-6f7fd0b8ee08/aggregates" status: 404 len: 235 microversion: 1.1
2026-06-15 21:29:06.420 7 INFO placement.requestlog [None req-4ce9888b-22eb-49e2-980e-14046340aa27 a6735915b01e4e8797e430315235f6ac ecb87fc712134b72a5c062fae64eec29 - - ef118018b2c5483ba10d3c78401ee998 ef118018b2c5483ba10d3c78401ee998] 10.0.0.19 "GET /resource_providers/f139de0d-0567-4604-9fd1-6f7fd0b8ee08/aggregates" status: 404 len: 235 microversion: 1.1 [pid: 8|app: 0|req: 461/927] 10.0.0.19 () {32 vars in 815 bytes} [Mon Jun 15 21:29:06 2026] GET /resource_providers/f139de0d-0567-4604-9fd1-6f7fd0b8ee08/aggregates => generated 235 bytes in 12 msecs (HTTP/1.1 404) 5 headers in 202 bytes (1 switches on core 0) [pid: 7|app: 0|req: 467/928] 10.0.0.19 () {32 vars in 815 bytes} [Mon Jun 15 21:29:06 2026] GET /resource_providers/f139de0d-0567-4604-9fd1-6f7fd0b8ee08/aggregates => generated 235 bytes in 12 msecs (HTTP/1.1 404) 5 headers in 202 bytes (1 switches on core 0)
2026-06-15 21:29:06.450 8 INFO placement.requestlog [None req-4b3af5fb-cfa8-4681-834c-4ba8fc6cf589 a6735915b01e4e8797e430315235f6ac ecb87fc712134b72a5c062fae64eec29 - - ef118018b2c5483ba10d3c78401ee998 ef118018b2c5483ba10d3c78401ee998] 10.0.0.19 "DELETE /resource_providers/f139de0d-0567-4604-9fd1-6f7fd0b8ee08" status: 404 len: 246 microversion: 1.1 [pid: 8|app: 0|req: 462/929] 10.0.0.19 () {34 vars in 815 bytes} [Mon Jun 15 21:29:06 2026] DELETE /resource_providers/f139de0d-0567-4604-9fd1-6f7fd0b8ee08 => generated 246 bytes in 11 msecs (HTTP/1.1 404) 6 headers in 231 bytes (1 switches on core 0)
2026-06-15 21:29:06.450 7 INFO placement.requestlog [None req-06a48639-02d8-494d-beb3-82635922c524 a6735915b01e4e8797e430315235f6ac ecb87fc712134b72a5c062fae64eec29 - - ef118018b2c5483ba10d3c78401ee998 ef118018b2c5483ba10d3c78401ee998] 10.0.0.19 "DELETE /resource_providers/f139de0d-0567-4604-9fd1-6f7fd0b8ee08" status: 404 len: 246 microversion: 1.1 [pid: 7|app: 0|req: 468/930] 10.0.0.19 () {34 vars in 815 bytes} [Mon Jun 15 21:29:06 2026] DELETE /resource_providers/f139de0d-0567-4604-9fd1-6f7fd0b8ee08 => generated 246 bytes in 12 msecs (HTTP/1.1 404) 6 headers in 231 bytes (1 switches on core 0)
2026-06-15 21:29:08.477 8 INFO placement.requestlog [None req-b8c31756-efb6-4f5b-8dd6-858c077b3258 a6735915b01e4e8797e430315235f6ac ecb87fc712134b72a5c062fae64eec29 - - ef118018b2c5483ba10d3c78401ee998 ef118018b2c5483ba10d3c78401ee998] 10.0.0.19 "GET /resource_providers/052c9c62-81f3-41db-a0cc-d74b915b6d3a/aggregates" status: 404 len: 235 microversion: 1.1 [pid: 8|app: 0|req: 463/931] 10.0.0.19 () {32 vars in 815 bytes} [Mon Jun 15 21:29:08 2026] GET /resource_providers/052c9c62-81f3-41db-a0cc-d74b915b6d3a/aggregates => generated 235 bytes in 10 msecs (HTTP/1.1 404) 5 headers in 202 bytes (1 switches on core 0)
2026-06-15 21:29:08.483 7 INFO placement.requestlog [None req-6a944156-a658-4118-adba-909649c0a5cf a6735915b01e4e8797e430315235f6ac ecb87fc712134b72a5c062fae64eec29 - - ef118018b2c5483ba10d3c78401ee998 ef118018b2c5483ba10d3c78401ee998] 10.0.0.19 "GET /resource_providers/052c9c62-81f3-41db-a0cc-d74b915b6d3a/aggregates" status: 404 len: 235 microversion: 1.1 [pid: 7|app: 0|req: 469/932] 10.0.0.19 () {32 vars in 815 bytes} [Mon Jun 15 21:29:08 2026] GET /resource_providers/052c9c62-81f3-41db-a0cc-d74b915b6d3a/aggregates => generated 235 bytes in 17 msecs (HTTP/1.1 404) 5 headers in 202 bytes (1 switches on core 0)
2026-06-15 21:29:08.507 8 INFO placement.requestlog [None req-78e4e90f-dffe-4fc9-918a-e61b07e5d7f6 a6735915b01e4e8797e430315235f6ac ecb87fc712134b72a5c062fae64eec29 - - ef118018b2c5483ba10d3c78401ee998 ef118018b2c5483ba10d3c78401ee998] 10.0.0.19 "DELETE /resource_providers/052c9c62-81f3-41db-a0cc-d74b915b6d3a" status: 404 len: 246 microversion: 1.1 [pid: 8|app: 0|req: 464/933] 10.0.0.19 () {34 vars in 815 bytes} [Mon Jun 15 21:29:08 2026] DELETE /resource_providers/052c9c62-81f3-41db-a0cc-d74b915b6d3a => generated 246 bytes in 9 msecs (HTTP/1.1 404) 6 headers in 231 bytes (1 switches on core 0)
2026-06-15 21:29:08.514 7 INFO placement.requestlog [None req-b6fde767-f253-49ee-88b0-a7b5565c26e5 a6735915b01e4e8797e430315235f6ac ecb87fc712134b72a5c062fae64eec29 - - ef118018b2c5483ba10d3c78401ee998 ef118018b2c5483ba10d3c78401ee998] 10.0.0.19 "DELETE /resource_providers/052c9c62-81f3-41db-a0cc-d74b915b6d3a" status: 404 len: 246 microversion: 1.1 [pid: 7|app: 0|req: 470/934] 10.0.0.19 () {34 vars in 815 bytes} [Mon Jun 15 21:29:08 2026] DELETE /resource_providers/052c9c62-81f3-41db-a0cc-d74b915b6d3a => generated 246 bytes in 13 msecs (HTTP/1.1 404) 6 headers in 231 bytes (1 switches on core 0)
2026-06-15 21:29:08.533 8 INFO placement.requestlog [None req-d44a895b-4a22-418c-8091-e931ec3bc21f a6735915b01e4e8797e430315235f6ac ecb87fc712134b72a5c062fae64eec29 - - ef118018b2c5483ba10d3c78401ee998 ef118018b2c5483ba10d3c78401ee998] 10.0.0.19 "GET /resource_providers/ffb87906-d24c-40cb-a062-18f5d8e8771e/aggregates" status: 404 len: 235 microversion: 1.1 [pid: 8|app: 0|req: 465/935] 10.0.0.19 () {32 vars in 815 bytes} [Mon Jun 15 21:29:08 2026] GET /resource_providers/ffb87906-d24c-40cb-a062-18f5d8e8771e/aggregates => generated 235 bytes in 10 msecs (HTTP/1.1 404) 5 headers in 202 bytes (1 switches on core 0)
2026-06-15 21:29:08.536 7 INFO placement.requestlog [None req-0870f298-27f1-44df-982c-86cab099d253 a6735915b01e4e8797e430315235f6ac ecb87fc712134b72a5c062fae64eec29 - - ef118018b2c5483ba10d3c78401ee998 ef118018b2c5483ba10d3c78401ee998] 10.0.0.19 "GET /resource_providers/ffb87906-d24c-40cb-a062-18f5d8e8771e/aggregates" status: 404 len: 235 microversion: 1.1 [pid: 7|app: 0|req: 471/936] 10.0.0.19 () {32 vars in 815 bytes} [Mon Jun 15 21:29:08 2026] GET /resource_providers/ffb87906-d24c-40cb-a062-18f5d8e8771e/aggregates => generated 235 bytes in 10 msecs (HTTP/1.1 404) 5 headers in 202 bytes (1 switches on core 0)
2026-06-15 21:29:08.558 8 INFO placement.requestlog [None req-1065332a-6c0e-416c-b38b-b789babf9303 a6735915b01e4e8797e430315235f6ac ecb87fc712134b72a5c062fae64eec29 - - ef118018b2c5483ba10d3c78401ee998 ef118018b2c5483ba10d3c78401ee998] 10.0.0.19 "DELETE /resource_providers/ffb87906-d24c-40cb-a062-18f5d8e8771e" status: 404 len: 246 microversion: 1.1 [pid: 8|app: 0|req: 466/937] 10.0.0.19 () {34 vars in 815 bytes} [Mon Jun 15 21:29:08 2026] DELETE /resource_providers/ffb87906-d24c-40cb-a062-18f5d8e8771e => generated 246 bytes in 15 msecs (HTTP/1.1 404) 6 headers in 231 bytes (1 switches on core 0)
2026-06-15 21:29:08.563 7 INFO placement.requestlog [None req-fb35ebed-1ef6-4074-8c03-3484d454d9d8 a6735915b01e4e8797e430315235f6ac ecb87fc712134b72a5c062fae64eec29 - - ef118018b2c5483ba10d3c78401ee998 ef118018b2c5483ba10d3c78401ee998] 10.0.0.19 "DELETE /resource_providers/ffb87906-d24c-40cb-a062-18f5d8e8771e" status: 404 len: 246 microversion: 1.1 [pid: 7|app: 0|req: 472/938] 10.0.0.19 () {34 vars in 815 bytes} [Mon Jun 15 21:29:08 2026] DELETE /resource_providers/ffb87906-d24c-40cb-a062-18f5d8e8771e => generated 246 bytes in 9 msecs (HTTP/1.1 404) 6 headers in 231 bytes (1 switches on core 0)
2026-06-15 21:29:08.579 8 INFO placement.requestlog [None req-4a432c3b-024a-46cd-8b2f-aebc0939f87d a6735915b01e4e8797e430315235f6ac ecb87fc712134b72a5c062fae64eec29 - - ef118018b2c5483ba10d3c78401ee998 ef118018b2c5483ba10d3c78401ee998] 10.0.0.19 "GET /resource_providers/3495537f-89fa-47b7-bff8-9c3b36de8fcf/aggregates" status: 404 len: 235 microversion: 1.1 [pid: 8|app: 0|req: 467/939] 10.0.0.19 () {32 vars in 815 bytes} [Mon Jun 15 21:29:08 2026] GET /resource_providers/3495537f-89fa-47b7-bff8-9c3b36de8fcf/aggregates => generated 235 bytes in 10 msecs (HTTP/1.1 404) 5 headers in 202 bytes (1 switches on core 0)
2026-06-15 21:29:08.585 7 INFO placement.requestlog [None req-a689c813-595c-4389-a071-9e381ae635ef a6735915b01e4e8797e430315235f6ac ecb87fc712134b72a5c062fae64eec29 - - ef118018b2c5483ba10d3c78401ee998 ef118018b2c5483ba10d3c78401ee998] 10.0.0.19 "GET /resource_providers/3495537f-89fa-47b7-bff8-9c3b36de8fcf/aggregates" status: 404 len: 235 microversion: 1.1 [pid: 7|app: 0|req: 473/940] 10.0.0.19 () {32 vars in 815 bytes} [Mon Jun 15 21:29:08 2026] GET /resource_providers/3495537f-89fa-47b7-bff8-9c3b36de8fcf/aggregates => generated 235 bytes in 10 msecs (HTTP/1.1 404) 5 headers in 202 bytes (1 switches on core 0)
2026-06-15 21:29:08.604 8 INFO placement.requestlog [None req-b3db9b82-ec16-4a16-a0f5-921f84db7195 a6735915b01e4e8797e430315235f6ac ecb87fc712134b72a5c062fae64eec29 - - ef118018b2c5483ba10d3c78401ee998 ef118018b2c5483ba10d3c78401ee998] 10.0.0.19 "DELETE /resource_providers/3495537f-89fa-47b7-bff8-9c3b36de8fcf" status: 404 len: 246 microversion: 1.1 [pid: 8|app: 0|req: 468/941] 10.0.0.19 () {34 vars in 815 bytes} [Mon Jun 15 21:29:08 2026] DELETE /resource_providers/3495537f-89fa-47b7-bff8-9c3b36de8fcf => generated 246 bytes in 11 msecs (HTTP/1.1 404) 6 headers in 231 bytes (1 switches on core 0)
2026-06-15 21:29:08.607 7 INFO placement.requestlog [None req-c7f9457e-f409-48dc-844f-ccda37b8f305 a6735915b01e4e8797e430315235f6ac ecb87fc712134b72a5c062fae64eec29 - - ef118018b2c5483ba10d3c78401ee998 ef118018b2c5483ba10d3c78401ee998] 10.0.0.19 "DELETE /resource_providers/3495537f-89fa-47b7-bff8-9c3b36de8fcf" status: 404 len: 246 microversion: 1.1 [pid: 7|app: 0|req: 474/942] 10.0.0.19 () {34 vars in 815 bytes} [Mon Jun 15 21:29:08 2026] DELETE /resource_providers/3495537f-89fa-47b7-bff8-9c3b36de8fcf => generated 246 bytes in 11 msecs (HTTP/1.1 404) 6 headers in 231 bytes (1 switches on core 0)
2026-06-15 21:29:11.527 8 INFO placement.requestlog [req-2efd03ba-1573-4f64-9ea4-f6047b68ce70 req-5e3c66ef-303f-4bbf-a3e7-d23e37e96c56 406a72873fbd4983917b50c85b2eaf9e ecb87fc712134b72a5c062fae64eec29 - - ef118018b2c5483ba10d3c78401ee998 ef118018b2c5483ba10d3c78401ee998] 10.0.0.239 "GET /allocation_candidates?limit=1000&resources=DISK_GB%3A1%2CMEMORY_MB%3A512%2CVCPU%3A1&root_required=%21COMPUTE_STATUS_DISABLED" status: 200 len: 2444 microversion: 1.36 [pid: 8|app: 0|req: 469/943] 10.0.0.239 () {34 vars in 1012 bytes} [Mon Jun 15 21:29:11 2026] GET /allocation_candidates?limit=1000&resources=DISK_GB%3A1%2CMEMORY_MB%3A512%2CVCPU%3A1&root_required=%21COMPUTE_STATUS_DISABLED => generated 2444 bytes in 66 msecs (HTTP/1.1 200) 8 headers in 297 bytes (1 switches on core 0)
2026-06-15 21:29:11.556 7 INFO placement.requestlog [req-2efd03ba-1573-4f64-9ea4-f6047b68ce70 req-c5f85adb-8298-4752-8466-b69b28c2ce23 406a72873fbd4983917b50c85b2eaf9e ecb87fc712134b72a5c062fae64eec29 - - ef118018b2c5483ba10d3c78401ee998 ef118018b2c5483ba10d3c78401ee998] 10.0.0.239 "GET /allocations/312cafa9-71e1-49b6-b76a-3aacc9f4a3e7" status: 200 len: 19 microversion: 1.28 [pid: 7|app: 0|req: 475/944] 10.0.0.239 () {34 vars in 861 bytes} [Mon Jun 15 21:29:11 2026] GET /allocations/312cafa9-71e1-49b6-b76a-3aacc9f4a3e7 => generated 19 bytes in 10 msecs (HTTP/1.1 200) 8 headers in 295 bytes (1 switches on core 0)
2026-06-15 21:29:11.640 8 INFO placement.requestlog [req-2efd03ba-1573-4f64-9ea4-f6047b68ce70 req-5953913e-b7f3-4007-94d5-27d27ba9daa3 406a72873fbd4983917b50c85b2eaf9e ecb87fc712134b72a5c062fae64eec29 - - ef118018b2c5483ba10d3c78401ee998 ef118018b2c5483ba10d3c78401ee998] 10.0.0.239 "PUT /allocations/312cafa9-71e1-49b6-b76a-3aacc9f4a3e7" status: 204 len: 0 microversion: 1.36 [pid: 8|app: 0|req: 470/945] 10.0.0.239 () {38 vars in 914 bytes} [Mon Jun 15 21:29:11 2026] PUT /allocations/312cafa9-71e1-49b6-b76a-3aacc9f4a3e7 => generated 0 bytes in 78 msecs (HTTP/1.1 204) 5 headers in 199 bytes (1 switches on core 0)
2026-06-15 21:29:11.678 7 INFO placement.requestlog [None req-d722036d-783f-44ba-97c0-21333a896144 - - - - - -] 10.0.0.32 "GET /" status: 200 len: 136 microversion: 1.0
2026-06-15 21:29:11.678 8 INFO placement.requestlog [None req-3f1c4fa0-2d95-4ada-a6c4-6d4c412afb32 - - - - - -] 10.0.0.32 "GET /" status: 200 len: 136 microversion: 1.0
2026-06-15 21:29:12.998 8 INFO placement.requestlog [None req-81741971-574b-45e2-aaca-bdafe93a7cdb a6735915b01e4e8797e430315235f6ac ecb87fc712134b72a5c062fae64eec29 - - ef118018b2c5483ba10d3c78401ee998 ef118018b2c5483ba10d3c78401ee998] 10.0.0.19 "GET /resource_providers/ef00f998-7375-4e07-bf39-11ceae2f419d/aggregates" status: 404 len: 235 microversion: 1.1 [pid: 8|app: 0|req: 472/948] 10.0.0.19 () {32 vars in 815 bytes} [Mon Jun 15 21:29:12 2026] GET /resource_providers/ef00f998-7375-4e07-bf39-11ceae2f419d/aggregates => generated 235 bytes in 9 msecs (HTTP/1.1 404) 5 headers in 202 bytes (1 switches on core 0)
2026-06-15 21:29:13.006 7 INFO placement.requestlog [None req-082fa643-6f78-45b4-ba7f-c37e14ca4ee1 a6735915b01e4e8797e430315235f6ac ecb87fc712134b72a5c062fae64eec29 - - ef118018b2c5483ba10d3c78401ee998 ef118018b2c5483ba10d3c78401ee998] 10.0.0.19 "GET /resource_providers/ef00f998-7375-4e07-bf39-11ceae2f419d/aggregates" status: 404 len: 235 microversion: 1.1 [pid: 7|app: 0|req: 477/949] 10.0.0.19 () {32 vars in 815 bytes} [Mon Jun 15 21:29:12 2026] GET /resource_providers/ef00f998-7375-4e07-bf39-11ceae2f419d/aggregates => generated 235 bytes in 17 msecs (HTTP/1.1 404) 5 headers in 202 bytes (1 switches on core 0)
2026-06-15 21:29:13.018 8 INFO placement.requestlog [None req-3f8f53a1-6b15-42c5-8863-f4abe0c68fb8 a6735915b01e4e8797e430315235f6ac ecb87fc712134b72a5c062fae64eec29 - - ef118018b2c5483ba10d3c78401ee998 ef118018b2c5483ba10d3c78401ee998] 10.0.0.19 "DELETE /resource_providers/ef00f998-7375-4e07-bf39-11ceae2f419d" status: 404 len: 246 microversion: 1.1 [pid: 8|app: 0|req: 473/950] 10.0.0.19 () {34 vars in 815 bytes} [Mon Jun 15 21:29:13 2026] DELETE /resource_providers/ef00f998-7375-4e07-bf39-11ceae2f419d => generated 246 bytes in 12 msecs (HTTP/1.1 404) 6 headers in 231 bytes (1 switches on core 0)
2026-06-15 21:29:13.029 7 INFO placement.requestlog [None req-3bc6cbd0-ec57-4d0f-b8d3-26f221056f88 a6735915b01e4e8797e430315235f6ac ecb87fc712134b72a5c062fae64eec29 - - ef118018b2c5483ba10d3c78401ee998 ef118018b2c5483ba10d3c78401ee998] 10.0.0.19 "DELETE /resource_providers/ef00f998-7375-4e07-bf39-11ceae2f419d" status: 404 len: 246 microversion: 1.1 [pid: 7|app: 0|req: 478/951] 10.0.0.19 () {34 vars in 815 bytes} [Mon Jun 15 21:29:13 2026] DELETE /resource_providers/ef00f998-7375-4e07-bf39-11ceae2f419d => generated 246 bytes in 13 msecs (HTTP/1.1 404) 6 headers in 231 bytes (1 switches on core 0)
2026-06-15 21:29:13.176 8 INFO placement.requestlog [req-2efd03ba-1573-4f64-9ea4-f6047b68ce70 req-c707b360-e48f-4020-abd1-5474785ed7d8 406a72873fbd4983917b50c85b2eaf9e ecb87fc712134b72a5c062fae64eec29 - - ef118018b2c5483ba10d3c78401ee998 ef118018b2c5483ba10d3c78401ee998] 199.19.213.133 "GET /allocations/312cafa9-71e1-49b6-b76a-3aacc9f4a3e7" status: 200 len: 257 microversion: 1.28 [pid: 8|app: 0|req: 474/952] 199.19.213.133 () {34 vars in 863 bytes} [Mon Jun 15 21:29:13 2026] GET /allocations/312cafa9-71e1-49b6-b76a-3aacc9f4a3e7 => generated 257 bytes in 18 msecs (HTTP/1.1 200) 8 headers in 296 bytes (1 switches on core 0)
2026-06-15 21:29:14.225 7 INFO placement.requestlog [req-2efd03ba-1573-4f64-9ea4-f6047b68ce70 req-bf4c9447-7428-4133-9a9d-5a3e7dac146f 406a72873fbd4983917b50c85b2eaf9e ecb87fc712134b72a5c062fae64eec29 - - ef118018b2c5483ba10d3c78401ee998 ef118018b2c5483ba10d3c78401ee998] 199.19.213.133 "GET /resource_providers/a712f50f-f943-4545-ba74-c0a8d0a27223/allocations" status: 200 len: 252 microversion: 1.0 [pid: 7|app: 0|req: 479/953] 199.19.213.133 () {32 vars in 857 bytes} [Mon Jun 15 21:29:14 2026] GET /resource_providers/a712f50f-f943-4545-ba74-c0a8d0a27223/allocations => generated 252 bytes in 25 msecs (HTTP/1.1 200) 6 headers in 224 bytes (1 switches on core 0)
2026-06-15 21:29:14.252 8 INFO placement.requestlog [req-2efd03ba-1573-4f64-9ea4-f6047b68ce70 req-b0723dbd-14bf-4500-ab7b-d1a6a0d9ed38 406a72873fbd4983917b50c85b2eaf9e ecb87fc712134b72a5c062fae64eec29 - - ef118018b2c5483ba10d3c78401ee998 ef118018b2c5483ba10d3c78401ee998] 199.19.213.133 "GET /allocations/4f2d1135-a85d-4851-a4a2-2f3ac2b12959" status: 200 len: 257 microversion: 1.28 [pid: 8|app: 0|req: 475/954] 199.19.213.133 () {34 vars in 863 bytes} [Mon Jun 15 21:29:14 2026] GET /allocations/4f2d1135-a85d-4851-a4a2-2f3ac2b12959 => generated 257 bytes in 18 msecs (HTTP/1.1 200) 8 headers in 296 bytes (1 switches on core 0)
2026-06-15 21:29:14.272 7 INFO placement.requestlog [req-2efd03ba-1573-4f64-9ea4-f6047b68ce70 req-0bf7e76f-fef0-48bc-a51b-8a1c1fb5c282 406a72873fbd4983917b50c85b2eaf9e ecb87fc712134b72a5c062fae64eec29 - - ef118018b2c5483ba10d3c78401ee998 ef118018b2c5483ba10d3c78401ee998] 199.19.213.133 "GET /allocations/312cafa9-71e1-49b6-b76a-3aacc9f4a3e7" status: 200 len: 257 microversion: 1.28 [pid: 7|app: 0|req: 480/955] 199.19.213.133 () {34 vars in 863 bytes} [Mon Jun 15 21:29:14 2026] GET /allocations/312cafa9-71e1-49b6-b76a-3aacc9f4a3e7 => generated 257 bytes in 12 msecs (HTTP/1.1 200) 8 headers in 296 bytes (1 switches on core 0)
2026-06-15 21:29:15.040 8 INFO placement.requestlog [None req-4dfb0fe7-5979-4ab9-a545-97e45f66f167 a6735915b01e4e8797e430315235f6ac ecb87fc712134b72a5c062fae64eec29 - - ef118018b2c5483ba10d3c78401ee998 ef118018b2c5483ba10d3c78401ee998] 10.0.0.19 "GET /resource_providers/e28933ed-5d0a-400d-b5a4-076d317ac34a/aggregates" status: 404 len: 235 microversion: 1.1 [pid: 8|app: 0|req: 476/956] 10.0.0.19 () {32 vars in 815 bytes} [Mon Jun 15 21:29:15 2026] GET /resource_providers/e28933ed-5d0a-400d-b5a4-076d317ac34a/aggregates => generated 235 bytes in 12 msecs (HTTP/1.1 404) 5 headers in 202 bytes (1 switches on core 0)
2026-06-15 21:29:15.060 8 INFO placement.requestlog [None req-22678a63-846a-4374-968a-dfe694006c06 a6735915b01e4e8797e430315235f6ac ecb87fc712134b72a5c062fae64eec29 - - ef118018b2c5483ba10d3c78401ee998 ef118018b2c5483ba10d3c78401ee998] 10.0.0.19 "DELETE /resource_providers/e28933ed-5d0a-400d-b5a4-076d317ac34a" status: 404 len: 246 microversion: 1.1 [pid: 8|app: 0|req: 477/957] 10.0.0.19 () {34 vars in 815 bytes} [Mon Jun 15 21:29:15 2026] DELETE /resource_providers/e28933ed-5d0a-400d-b5a4-076d317ac34a => generated 246 bytes in 10 msecs (HTTP/1.1 404) 6 headers in 231 bytes (1 switches on core 0)
2026-06-15 21:29:15.060 7 INFO placement.requestlog [None req-f4dca8dd-f941-47d9-8137-fdfb3af5a912 a6735915b01e4e8797e430315235f6ac ecb87fc712134b72a5c062fae64eec29 - - ef118018b2c5483ba10d3c78401ee998 ef118018b2c5483ba10d3c78401ee998] 10.0.0.19 "GET /resource_providers/e28933ed-5d0a-400d-b5a4-076d317ac34a/aggregates" status: 404 len: 235 microversion: 1.1 [pid: 7|app: 0|req: 481/958] 10.0.0.19 () {32 vars in 815 bytes} [Mon Jun 15 21:29:15 2026] GET /resource_providers/e28933ed-5d0a-400d-b5a4-076d317ac34a/aggregates => generated 235 bytes in 18 msecs (HTTP/1.1 404) 5 headers in 202 bytes (1 switches on core 0)
2026-06-15 21:29:15.085 8 INFO placement.requestlog [None req-daf2075a-4677-400f-b26b-64340a8416a2 a6735915b01e4e8797e430315235f6ac ecb87fc712134b72a5c062fae64eec29 - - ef118018b2c5483ba10d3c78401ee998 ef118018b2c5483ba10d3c78401ee998] 10.0.0.19 "DELETE /resource_providers/e28933ed-5d0a-400d-b5a4-076d317ac34a" status: 404 len: 246 microversion: 1.1 [pid: 8|app: 0|req: 478/959] 10.0.0.19 () {34 vars in 815 bytes} [Mon Jun 15 21:29:15 2026] DELETE /resource_providers/e28933ed-5d0a-400d-b5a4-076d317ac34a => generated 246 bytes in 11 msecs (HTTP/1.1 404) 6 headers in 231 bytes (1 switches on core 0)
2026-06-15 21:29:18.098 7 INFO placement.requestlog [None req-59a5dc9a-e076-415a-ab88-93cb99de50ab a6735915b01e4e8797e430315235f6ac ecb87fc712134b72a5c062fae64eec29 - - ef118018b2c5483ba10d3c78401ee998 ef118018b2c5483ba10d3c78401ee998] 10.0.0.19 "GET /resource_providers/53c009d9-7385-4fb6-a9a6-99b5d502064b/aggregates" status: 404 len: 235 microversion: 1.1 [pid: 7|app: 0|req: 482/960] 10.0.0.19 () {32 vars in 815 bytes} [Mon Jun 15 21:29:18 2026] GET /resource_providers/53c009d9-7385-4fb6-a9a6-99b5d502064b/aggregates => generated 235 bytes in 9 msecs (HTTP/1.1 404) 5 headers in 202 bytes (1 switches on core 0)
2026-06-15 21:29:18.099 8 INFO placement.requestlog [None req-ccd7b937-18d9-4de8-a0b8-70761d52d637 a6735915b01e4e8797e430315235f6ac ecb87fc712134b72a5c062fae64eec29 - - ef118018b2c5483ba10d3c78401ee998 ef118018b2c5483ba10d3c78401ee998] 10.0.0.19 "GET /resource_providers/53c009d9-7385-4fb6-a9a6-99b5d502064b/aggregates" status: 404 len: 235 microversion: 1.1 [pid: 8|app: 0|req: 479/961] 10.0.0.19 () {32 vars in 815 bytes} [Mon Jun 15 21:29:18 2026] GET /resource_providers/53c009d9-7385-4fb6-a9a6-99b5d502064b/aggregates => generated 235 bytes in 9 msecs (HTTP/1.1 404) 5 headers in 202 bytes (1 switches on core 0)
2026-06-15 21:29:18.117 7 INFO placement.requestlog [None req-0856f01a-b8a5-4afe-a2c5-01eddaf7a963 a6735915b01e4e8797e430315235f6ac ecb87fc712134b72a5c062fae64eec29 - - ef118018b2c5483ba10d3c78401ee998 ef118018b2c5483ba10d3c78401ee998] 10.0.0.19 "DELETE /resource_providers/53c009d9-7385-4fb6-a9a6-99b5d502064b" status: 404 len: 246 microversion: 1.1 [pid: 7|app: 0|req: 483/962] 10.0.0.19 () {34 vars in 815 bytes} [Mon Jun 15 21:29:18 2026] DELETE /resource_providers/53c009d9-7385-4fb6-a9a6-99b5d502064b => generated 246 bytes in 9 msecs (HTTP/1.1 404) 6 headers in 231 bytes (1 switches on core 0)
2026-06-15 21:29:18.125 8 INFO placement.requestlog [None req-4629172b-ccb5-475f-848a-c4caaa40125a a6735915b01e4e8797e430315235f6ac ecb87fc712134b72a5c062fae64eec29 - - ef118018b2c5483ba10d3c78401ee998 ef118018b2c5483ba10d3c78401ee998] 10.0.0.19 "DELETE /resource_providers/53c009d9-7385-4fb6-a9a6-99b5d502064b" status: 404 len: 246 microversion: 1.1 [pid: 8|app: 0|req: 480/963] 10.0.0.19 () {34 vars in 815 bytes} [Mon Jun 15 21:29:18 2026] DELETE /resource_providers/53c009d9-7385-4fb6-a9a6-99b5d502064b => generated 246 bytes in 11 msecs (HTTP/1.1 404) 6 headers in 231 bytes (1 switches on core 0)
2026-06-15 21:29:21.678 8 INFO placement.requestlog [None req-ed5f03e2-40d4-4407-b860-88a1a323ff56 - - - - - -] 10.0.0.32 "GET /" status: 200 len: 136 microversion: 1.0
2026-06-15 21:29:21.678 7 INFO placement.requestlog [None req-3262f4cf-5652-4b47-9099-7f28a3cdf48e - - - - - -] 10.0.0.32 "GET /" status: 200 len: 136 microversion: 1.0
2026-06-15 21:29:30.274 7 INFO placement.requestlog [req-9d5ca37e-eb9a-48ea-962f-c3ed9668f23a req-26d933ef-9b75-4a09-b9d6-c18d57976b7c 406a72873fbd4983917b50c85b2eaf9e ecb87fc712134b72a5c062fae64eec29 - - ef118018b2c5483ba10d3c78401ee998 ef118018b2c5483ba10d3c78401ee998] 199.19.213.133 "GET /resource_providers/a712f50f-f943-4545-ba74-c0a8d0a27223/allocations" status: 200 len: 252 microversion: 1.0 [pid: 7|app: 0|req: 485/966] 199.19.213.133 () {32 vars in 857 bytes} [Mon Jun 15 21:29:30 2026] GET /resource_providers/a712f50f-f943-4545-ba74-c0a8d0a27223/allocations => generated 252 bytes in 16 msecs (HTTP/1.1 200) 6 headers in 224 bytes (1 switches on core 0)
2026-06-15 21:29:30.298 8 INFO placement.requestlog [req-9d5ca37e-eb9a-48ea-962f-c3ed9668f23a req-14de5b08-b1c9-4f82-a707-6116c5894809 406a72873fbd4983917b50c85b2eaf9e ecb87fc712134b72a5c062fae64eec29 - - ef118018b2c5483ba10d3c78401ee998 ef118018b2c5483ba10d3c78401ee998] 199.19.213.133 "GET /resource_providers/a712f50f-f943-4545-ba74-c0a8d0a27223/allocations" status: 200 len: 252 microversion: 1.0 [pid: 8|app: 0|req: 482/967] 199.19.213.133 () {32 vars in 857 bytes} [Mon Jun 15 21:29:30 2026] GET /resource_providers/a712f50f-f943-4545-ba74-c0a8d0a27223/allocations => generated 252 bytes in 19 msecs (HTTP/1.1 200) 6 headers in 224 bytes (1 switches on core 0)
2026-06-15 21:29:30.318 7 INFO placement.requestlog [req-9d5ca37e-eb9a-48ea-962f-c3ed9668f23a req-8426af7c-d8f3-415e-8b68-38f0aeaa44d0 406a72873fbd4983917b50c85b2eaf9e ecb87fc712134b72a5c062fae64eec29 - - ef118018b2c5483ba10d3c78401ee998 ef118018b2c5483ba10d3c78401ee998] 199.19.213.133 "GET /allocations/4f2d1135-a85d-4851-a4a2-2f3ac2b12959" status: 200 len: 257 microversion: 1.28 [pid: 7|app: 0|req: 486/968] 199.19.213.133 () {34 vars in 863 bytes} [Mon Jun 15 21:29:30 2026] GET /allocations/4f2d1135-a85d-4851-a4a2-2f3ac2b12959 => generated 257 bytes in 14 msecs (HTTP/1.1 200) 8 headers in 296 bytes (1 switches on core 0)
2026-06-15 21:29:30.341 8 INFO placement.requestlog [req-9d5ca37e-eb9a-48ea-962f-c3ed9668f23a req-d3c03d3a-1aa9-4bf9-a5c7-bcb34f4206e2 406a72873fbd4983917b50c85b2eaf9e ecb87fc712134b72a5c062fae64eec29 - - ef118018b2c5483ba10d3c78401ee998 ef118018b2c5483ba10d3c78401ee998] 199.19.213.133 "GET /allocations/312cafa9-71e1-49b6-b76a-3aacc9f4a3e7" status: 200 len: 257 microversion: 1.28 [pid: 8|app: 0|req: 483/969] 199.19.213.133 () {34 vars in 863 bytes} [Mon Jun 15 21:29:30 2026] GET /allocations/312cafa9-71e1-49b6-b76a-3aacc9f4a3e7 => generated 257 bytes in 17 msecs (HTTP/1.1 200) 8 headers in 296 bytes (1 switches on core 0)
2026-06-15 21:29:31.501 7 INFO placement.requestlog [req-e15b878d-b5c6-4a83-9190-747f0d59ddb3 req-73e927d8-fcba-4566-88ae-5f2ed1e47cf5 406a72873fbd4983917b50c85b2eaf9e ecb87fc712134b72a5c062fae64eec29 - - ef118018b2c5483ba10d3c78401ee998 ef118018b2c5483ba10d3c78401ee998] 199.19.213.133 "GET /resource_providers/a712f50f-f943-4545-ba74-c0a8d0a27223/allocations" status: 200 len: 252 microversion: 1.0 [pid: 7|app: 0|req: 487/970] 199.19.213.133 () {32 vars in 857 bytes} [Mon Jun 15 21:29:31 2026] GET /resource_providers/a712f50f-f943-4545-ba74-c0a8d0a27223/allocations => generated 252 bytes in 24 msecs (HTTP/1.1 200) 6 headers in 224 bytes (1 switches on core 0)
2026-06-15 21:29:31.519 8 INFO placement.requestlog [req-e15b878d-b5c6-4a83-9190-747f0d59ddb3 req-43ab7d4e-cf7d-4a82-9c46-3a532f118c83 406a72873fbd4983917b50c85b2eaf9e ecb87fc712134b72a5c062fae64eec29 - - ef118018b2c5483ba10d3c78401ee998 ef118018b2c5483ba10d3c78401ee998] 199.19.213.133 "GET /allocations/4f2d1135-a85d-4851-a4a2-2f3ac2b12959" status: 200 len: 257 microversion: 1.28 [pid: 8|app: 0|req: 484/971] 199.19.213.133 () {34 vars in 863 bytes} [Mon Jun 15 21:29:31 2026] GET /allocations/4f2d1135-a85d-4851-a4a2-2f3ac2b12959 => generated 257 bytes in 12 msecs (HTTP/1.1 200) 8 headers in 296 bytes (1 switches on core 0)
2026-06-15 21:29:31.538 7 INFO placement.requestlog [req-e15b878d-b5c6-4a83-9190-747f0d59ddb3 req-cbbef6d4-e810-4720-87e1-007d9a54c148 406a72873fbd4983917b50c85b2eaf9e ecb87fc712134b72a5c062fae64eec29 - - ef118018b2c5483ba10d3c78401ee998 ef118018b2c5483ba10d3c78401ee998] 199.19.213.133 "GET /allocations/312cafa9-71e1-49b6-b76a-3aacc9f4a3e7" status: 200 len: 257 microversion: 1.28 [pid: 7|app: 0|req: 488/972] 199.19.213.133 () {34 vars in 863 bytes} [Mon Jun 15 21:29:31 2026] GET /allocations/312cafa9-71e1-49b6-b76a-3aacc9f4a3e7 => generated 257 bytes in 14 msecs (HTTP/1.1 200) 8 headers in 296 bytes (1 switches on core 0)
2026-06-15 21:29:31.678 8 INFO placement.requestlog [None req-a74cdc41-a9b5-42f3-8131-acff7009ed7e - - - - - -] 10.0.0.32 "GET /" status: 200 len: 136 microversion: 1.0
2026-06-15 21:29:31.679 7 INFO placement.requestlog [None req-3b5d4139-191b-4908-989c-ce969a86b4e0 - - - - - -] 10.0.0.32 "GET /" status: 200 len: 136 microversion: 1.0
2026-06-15 21:29:32.691 8 INFO placement.requestlog [req-e15b878d-b5c6-4a83-9190-747f0d59ddb3 req-46e94efa-7f23-47c8-a0ac-6b648f02449a 406a72873fbd4983917b50c85b2eaf9e ecb87fc712134b72a5c062fae64eec29 - - ef118018b2c5483ba10d3c78401ee998 ef118018b2c5483ba10d3c78401ee998] 199.19.213.133 "DELETE /allocations/312cafa9-71e1-49b6-b76a-3aacc9f4a3e7" status: 204 len: 0 microversion: 1.0 [pid: 8|app: 0|req: 486/975] 199.19.213.133 () {34 vars in 841 bytes} [Mon Jun 15 21:29:32 2026] DELETE /allocations/312cafa9-71e1-49b6-b76a-3aacc9f4a3e7 => generated 0 bytes in 128 msecs (HTTP/1.1 204) 5 headers in 198 bytes (1 switches on core 0)
2026-06-15 21:29:36.168 7 INFO placement.requestlog [None req-3846c40b-670c-4509-afa5-0d2225c96b7b a6735915b01e4e8797e430315235f6ac ecb87fc712134b72a5c062fae64eec29 - - ef118018b2c5483ba10d3c78401ee998 ef118018b2c5483ba10d3c78401ee998] 10.0.0.19 "GET /resource_providers/5d6c7241-c7fc-4b37-9b3f-62b960544dfc/aggregates" status: 404 len: 235 microversion: 1.1 [pid: 7|app: 0|req: 490/976] 10.0.0.19 () {32 vars in 815 bytes} [Mon Jun 15 21:29:36 2026] GET /resource_providers/5d6c7241-c7fc-4b37-9b3f-62b960544dfc/aggregates => generated 235 bytes in 13 msecs (HTTP/1.1 404) 5 headers in 202 bytes (1 switches on core 0)
2026-06-15 21:29:36.171 8 INFO placement.requestlog [None req-dc455cd9-9e73-4c28-bb66-707242578d02 a6735915b01e4e8797e430315235f6ac ecb87fc712134b72a5c062fae64eec29 - - ef118018b2c5483ba10d3c78401ee998 ef118018b2c5483ba10d3c78401ee998] 10.0.0.19 "GET /resource_providers/5d6c7241-c7fc-4b37-9b3f-62b960544dfc/aggregates" status: 404 len: 235 microversion: 1.1 [pid: 8|app: 0|req: 487/977] 10.0.0.19 () {32 vars in 815 bytes} [Mon Jun 15 21:29:36 2026] GET /resource_providers/5d6c7241-c7fc-4b37-9b3f-62b960544dfc/aggregates => generated 235 bytes in 9 msecs (HTTP/1.1 404) 5 headers in 202 bytes (1 switches on core 0)
2026-06-15 21:29:36.208 7 INFO placement.requestlog [None req-93988ea2-50f7-4c8c-9c0e-cb9a83c754d3 a6735915b01e4e8797e430315235f6ac ecb87fc712134b72a5c062fae64eec29 - - ef118018b2c5483ba10d3c78401ee998 ef118018b2c5483ba10d3c78401ee998] 10.0.0.19 "DELETE /resource_providers/5d6c7241-c7fc-4b37-9b3f-62b960544dfc" status: 404 len: 246 microversion: 1.1 [pid: 7|app: 0|req: 491/978] 10.0.0.19 () {34 vars in 815 bytes} [Mon Jun 15 21:29:36 2026] DELETE /resource_providers/5d6c7241-c7fc-4b37-9b3f-62b960544dfc => generated 246 bytes in 11 msecs (HTTP/1.1 404) 6 headers in 231 bytes (1 switches on core 0)
2026-06-15 21:29:36.222 8 INFO placement.requestlog [None req-c69f2550-81bc-47b6-930e-3925e69d0441 a6735915b01e4e8797e430315235f6ac ecb87fc712134b72a5c062fae64eec29 - - ef118018b2c5483ba10d3c78401ee998 ef118018b2c5483ba10d3c78401ee998] 10.0.0.19 "DELETE /resource_providers/5d6c7241-c7fc-4b37-9b3f-62b960544dfc" status: 404 len: 246 microversion: 1.1 [pid: 8|app: 0|req: 488/979] 10.0.0.19 () {34 vars in 815 bytes} [Mon Jun 15 21:29:36 2026] DELETE /resource_providers/5d6c7241-c7fc-4b37-9b3f-62b960544dfc => generated 246 bytes in 14 msecs (HTTP/1.1 404) 6 headers in 231 bytes (1 switches on core 0)
2026-06-15 21:29:38.234 7 INFO placement.requestlog [None req-1c2b88c4-eaac-49fb-ae05-c2389042722b a6735915b01e4e8797e430315235f6ac ecb87fc712134b72a5c062fae64eec29 - - ef118018b2c5483ba10d3c78401ee998 ef118018b2c5483ba10d3c78401ee998] 10.0.0.19 "GET /resource_providers/bd348daf-407c-4131-8efc-d4a83b1e79ff/aggregates" status: 404 len: 235 microversion: 1.1 [pid: 7|app: 0|req: 492/980] 10.0.0.19 () {32 vars in 815 bytes} [Mon Jun 15 21:29:38 2026] GET /resource_providers/bd348daf-407c-4131-8efc-d4a83b1e79ff/aggregates => generated 235 bytes in 13 msecs (HTTP/1.1 404) 5 headers in 202 bytes (1 switches on core 0)
2026-06-15 21:29:38.259 8 INFO placement.requestlog [None req-f9403439-5627-46d6-a8ed-af6a67bccc99 a6735915b01e4e8797e430315235f6ac ecb87fc712134b72a5c062fae64eec29 - - ef118018b2c5483ba10d3c78401ee998 ef118018b2c5483ba10d3c78401ee998] 10.0.0.19 "GET /resource_providers/bd348daf-407c-4131-8efc-d4a83b1e79ff/aggregates" status: 404 len: 235 microversion: 1.1 [pid: 8|app: 0|req: 489/981] 10.0.0.19 () {32 vars in 815 bytes} [Mon Jun 15 21:29:38 2026] GET /resource_providers/bd348daf-407c-4131-8efc-d4a83b1e79ff/aggregates => generated 235 bytes in 17 msecs (HTTP/1.1 404) 5 headers in 202 bytes (1 switches on core 0)
2026-06-15 21:29:38.268 7 INFO placement.requestlog [None req-619ed112-4af1-473e-80ce-45f0702c8be9 a6735915b01e4e8797e430315235f6ac ecb87fc712134b72a5c062fae64eec29 - - ef118018b2c5483ba10d3c78401ee998 ef118018b2c5483ba10d3c78401ee998] 10.0.0.19 "DELETE /resource_providers/bd348daf-407c-4131-8efc-d4a83b1e79ff" status: 404 len: 246 microversion: 1.1 [pid: 7|app: 0|req: 493/982] 10.0.0.19 () {34 vars in 815 bytes} [Mon Jun 15 21:29:38 2026] DELETE /resource_providers/bd348daf-407c-4131-8efc-d4a83b1e79ff => generated 246 bytes in 17 msecs (HTTP/1.1 404) 6 headers in 231 bytes (1 switches on core 0)
2026-06-15 21:29:38.282 8 INFO placement.requestlog [None req-1a337826-cb8a-4363-b10a-79ac08849f5f a6735915b01e4e8797e430315235f6ac ecb87fc712134b72a5c062fae64eec29 - - ef118018b2c5483ba10d3c78401ee998 ef118018b2c5483ba10d3c78401ee998] 10.0.0.19 "DELETE /resource_providers/bd348daf-407c-4131-8efc-d4a83b1e79ff" status: 404 len: 246 microversion: 1.1 [pid: 8|app: 0|req: 490/983] 10.0.0.19 () {34 vars in 815 bytes} [Mon Jun 15 21:29:38 2026] DELETE /resource_providers/bd348daf-407c-4131-8efc-d4a83b1e79ff => generated 246 bytes in 12 msecs (HTTP/1.1 404) 6 headers in 231 bytes (1 switches on core 0)
2026-06-15 21:29:41.679 7 INFO placement.requestlog [None req-ceb5de58-8611-404e-859c-b4dc22884792 - - - - - -] 10.0.0.32 "GET /" status: 200 len: 136 microversion: 1.0
2026-06-15 21:29:41.682 8 INFO placement.requestlog [None req-192ef3a8-260c-41b0-8c49-a71f7d30e4c1 - - - - - -] 10.0.0.32 "GET /" status: 200 len: 136 microversion: 1.0
2026-06-15 21:29:46.200 7 INFO placement.requestlog [req-1cdcc94d-1255-4c41-88e3-50646f22dece req-3cb0d34a-2ab1-4d22-ae36-d8537fc7a0c1 406a72873fbd4983917b50c85b2eaf9e ecb87fc712134b72a5c062fae64eec29 - - ef118018b2c5483ba10d3c78401ee998 ef118018b2c5483ba10d3c78401ee998] 10.0.0.239 "GET /allocation_candidates?limit=1000&resources=DISK_GB%3A1%2CMEMORY_MB%3A512%2CVCPU%3A1&root_required=%21COMPUTE_STATUS_DISABLED" status: 200 len: 2444 microversion: 1.36 [pid: 7|app: 0|req: 495/986] 10.0.0.239 () {34 vars in 1012 bytes} [Mon Jun 15 21:29:46 2026] GET /allocation_candidates?limit=1000&resources=DISK_GB%3A1%2CMEMORY_MB%3A512%2CVCPU%3A1&root_required=%21COMPUTE_STATUS_DISABLED => generated 2444 bytes in 95 msecs (HTTP/1.1 200) 8 headers in 297 bytes (1 switches on core 0)
2026-06-15 21:29:46.284 8 INFO placement.requestlog [req-1cdcc94d-1255-4c41-88e3-50646f22dece req-02f4391a-5542-4622-ad39-ae87add3dc6a 406a72873fbd4983917b50c85b2eaf9e ecb87fc712134b72a5c062fae64eec29 - - ef118018b2c5483ba10d3c78401ee998 ef118018b2c5483ba10d3c78401ee998] 10.0.0.239 "GET /allocations/cf98d031-6c63-4901-9c5a-ea1917899aaa" status: 200 len: 19 microversion: 1.28 [pid: 8|app: 0|req: 492/987] 10.0.0.239 () {34 vars in 861 bytes} [Mon Jun 15 21:29:46 2026] GET /allocations/cf98d031-6c63-4901-9c5a-ea1917899aaa => generated 19 bytes in 35 msecs (HTTP/1.1 200) 8 headers in 295 bytes (1 switches on core 0)
2026-06-15 21:29:46.446 8 INFO placement.requestlog [req-d34cfe35-b6a5-4cb1-acfc-2e6f2704635b req-b771cdfe-b83b-448b-afe1-021fc0801140 406a72873fbd4983917b50c85b2eaf9e ecb87fc712134b72a5c062fae64eec29 - - ef118018b2c5483ba10d3c78401ee998 ef118018b2c5483ba10d3c78401ee998] 10.0.0.239 "GET /allocation_candidates?limit=1000&resources=DISK_GB%3A1%2CMEMORY_MB%3A512%2CVCPU%3A1&root_required=%21COMPUTE_STATUS_DISABLED" status: 200 len: 2444 microversion: 1.36 [pid: 8|app: 0|req: 493/988] 10.0.0.239 () {34 vars in 1012 bytes} [Mon Jun 15 21:29:46 2026] GET /allocation_candidates?limit=1000&resources=DISK_GB%3A1%2CMEMORY_MB%3A512%2CVCPU%3A1&root_required=%21COMPUTE_STATUS_DISABLED => generated 2444 bytes in 52 msecs (HTTP/1.1 200) 8 headers in 297 bytes (1 switches on core 0)
2026-06-15 21:29:46.465 7 INFO placement.requestlog [req-1cdcc94d-1255-4c41-88e3-50646f22dece req-0f17626b-aaf3-4893-be97-dd226eb8ae56 406a72873fbd4983917b50c85b2eaf9e ecb87fc712134b72a5c062fae64eec29 - - ef118018b2c5483ba10d3c78401ee998 ef118018b2c5483ba10d3c78401ee998] 10.0.0.239 "PUT /allocations/cf98d031-6c63-4901-9c5a-ea1917899aaa" status: 204 len: 0 microversion: 1.36 [pid: 7|app: 0|req: 496/989] 10.0.0.239 () {38 vars in 914 bytes} [Mon Jun 15 21:29:46 2026] PUT /allocations/cf98d031-6c63-4901-9c5a-ea1917899aaa => generated 0 bytes in 178 msecs (HTTP/1.1 204) 5 headers in 199 bytes (1 switches on core 0)
2026-06-15 21:29:46.493 8 INFO placement.requestlog [req-d34cfe35-b6a5-4cb1-acfc-2e6f2704635b req-8643cd2b-33c0-4241-98f3-14e07f739cf2 406a72873fbd4983917b50c85b2eaf9e ecb87fc712134b72a5c062fae64eec29 - - ef118018b2c5483ba10d3c78401ee998 ef118018b2c5483ba10d3c78401ee998] 10.0.0.239 "GET /allocations/86b80b7d-8628-406b-8d2e-5d8a965d801e" status: 200 len: 19 microversion: 1.28 [pid: 8|app: 0|req: 494/990] 10.0.0.239 () {34 vars in 861 bytes} [Mon Jun 15 21:29:46 2026] GET /allocations/86b80b7d-8628-406b-8d2e-5d8a965d801e => generated 19 bytes in 25 msecs (HTTP/1.1 200) 8 headers in 295 bytes (1 switches on core 0)
2026-06-15 21:29:46.643 7 INFO placement.requestlog [req-d34cfe35-b6a5-4cb1-acfc-2e6f2704635b req-879ba580-96d3-45b9-8c9d-d5370cc0f943 406a72873fbd4983917b50c85b2eaf9e ecb87fc712134b72a5c062fae64eec29 - - ef118018b2c5483ba10d3c78401ee998 ef118018b2c5483ba10d3c78401ee998] 10.0.0.239 "PUT /allocations/86b80b7d-8628-406b-8d2e-5d8a965d801e" status: 204 len: 0 microversion: 1.36 [pid: 7|app: 0|req: 497/991] 10.0.0.239 () {38 vars in 914 bytes} [Mon Jun 15 21:29:46 2026] PUT /allocations/86b80b7d-8628-406b-8d2e-5d8a965d801e => generated 0 bytes in 144 msecs (HTTP/1.1 204) 5 headers in 199 bytes (1 switches on core 0)
2026-06-15 21:29:47.890 8 INFO placement.requestlog [req-1cdcc94d-1255-4c41-88e3-50646f22dece req-886326ef-cafe-455a-88e2-dc47f32d9f69 406a72873fbd4983917b50c85b2eaf9e ecb87fc712134b72a5c062fae64eec29 - - ef118018b2c5483ba10d3c78401ee998 ef118018b2c5483ba10d3c78401ee998] 199.19.213.133 "GET /allocations/cf98d031-6c63-4901-9c5a-ea1917899aaa" status: 200 len: 258 microversion: 1.28 [pid: 8|app: 0|req: 495/992] 199.19.213.133 () {34 vars in 863 bytes} [Mon Jun 15 21:29:47 2026] GET /allocations/cf98d031-6c63-4901-9c5a-ea1917899aaa => generated 258 bytes in 11 msecs (HTTP/1.1 200) 8 headers in 296 bytes (1 switches on core 0)
2026-06-15 21:29:48.143 7 INFO placement.requestlog [req-d34cfe35-b6a5-4cb1-acfc-2e6f2704635b req-7bda4a9a-53b2-47f8-aca9-32fa98a9cd3b 406a72873fbd4983917b50c85b2eaf9e ecb87fc712134b72a5c062fae64eec29 - - ef118018b2c5483ba10d3c78401ee998 ef118018b2c5483ba10d3c78401ee998] 199.19.213.133 "GET /allocations/86b80b7d-8628-406b-8d2e-5d8a965d801e" status: 200 len: 258 microversion: 1.28 [pid: 7|app: 0|req: 498/993] 199.19.213.133 () {34 vars in 863 bytes} [Mon Jun 15 21:29:48 2026] GET /allocations/86b80b7d-8628-406b-8d2e-5d8a965d801e => generated 258 bytes in 16 msecs (HTTP/1.1 200) 8 headers in 296 bytes (1 switches on core 0)
