2026-06-15 21:32:22.478 7 INFO placement.requestlog [None req-9c2c777e-0ac6-44f2-bc6a-0f36d08f9607 a6735915b01e4e8797e430315235f6ac ecb87fc712134b72a5c062fae64eec29 - - ef118018b2c5483ba10d3c78401ee998 ef118018b2c5483ba10d3c78401ee998] 10.0.0.19 "GET /resource_providers/e6434900-e3a9-4a19-846c-20469d232aac/aggregates" status: 404 len: 235 microversion: 1.1 [pid: 7|app: 0|req: 632/1258] 10.0.0.19 () {32 vars in 815 bytes} [Mon Jun 15 21:32:22 2026] GET /resource_providers/e6434900-e3a9-4a19-846c-20469d232aac/aggregates => generated 235 bytes in 9 msecs (HTTP/1.1 404) 5 headers in 202 bytes (1 switches on core 0)
2026-06-15 21:32:22.482 8 INFO placement.requestlog [None req-fa702eda-d60e-4725-8278-b0fa2aa0596c a6735915b01e4e8797e430315235f6ac ecb87fc712134b72a5c062fae64eec29 - - ef118018b2c5483ba10d3c78401ee998 ef118018b2c5483ba10d3c78401ee998] 10.0.0.19 "GET /resource_providers/e6434900-e3a9-4a19-846c-20469d232aac/aggregates" status: 404 len: 235 microversion: 1.1 [pid: 8|app: 0|req: 627/1259] 10.0.0.19 () {32 vars in 815 bytes} [Mon Jun 15 21:32:22 2026] GET /resource_providers/e6434900-e3a9-4a19-846c-20469d232aac/aggregates => generated 235 bytes in 10 msecs (HTTP/1.1 404) 5 headers in 202 bytes (1 switches on core 0)
2026-06-15 21:32:22.499 7 INFO placement.requestlog [None req-2703cc42-cb48-430c-b10a-bbaff297a054 a6735915b01e4e8797e430315235f6ac ecb87fc712134b72a5c062fae64eec29 - - ef118018b2c5483ba10d3c78401ee998 ef118018b2c5483ba10d3c78401ee998] 10.0.0.19 "DELETE /resource_providers/e6434900-e3a9-4a19-846c-20469d232aac" status: 404 len: 246 microversion: 1.1 [pid: 7|app: 0|req: 633/1260] 10.0.0.19 () {34 vars in 815 bytes} [Mon Jun 15 21:32:22 2026] DELETE /resource_providers/e6434900-e3a9-4a19-846c-20469d232aac => generated 246 bytes in 8 msecs (HTTP/1.1 404) 6 headers in 231 bytes (1 switches on core 0)
2026-06-15 21:32:22.503 8 INFO placement.requestlog [None req-80f35bd7-8a0c-4fa1-a2ae-5da6c37410f1 a6735915b01e4e8797e430315235f6ac ecb87fc712134b72a5c062fae64eec29 - - ef118018b2c5483ba10d3c78401ee998 ef118018b2c5483ba10d3c78401ee998] 10.0.0.19 "DELETE /resource_providers/e6434900-e3a9-4a19-846c-20469d232aac" status: 404 len: 246 microversion: 1.1 [pid: 8|app: 0|req: 628/1261] 10.0.0.19 () {34 vars in 815 bytes} [Mon Jun 15 21:32:22 2026] DELETE /resource_providers/e6434900-e3a9-4a19-846c-20469d232aac => generated 246 bytes in 9 msecs (HTTP/1.1 404) 6 headers in 231 bytes (1 switches on core 0)
2026-06-15 21:32:22.526 8 INFO placement.requestlog [None req-55208577-a817-4b55-9f70-1561918d7c66 a6735915b01e4e8797e430315235f6ac ecb87fc712134b72a5c062fae64eec29 - - ef118018b2c5483ba10d3c78401ee998 ef118018b2c5483ba10d3c78401ee998] 10.0.0.19 "GET /resource_providers/171e7843-3d7c-4fe9-a3de-1752351bc4a0/aggregates" status: 404 len: 235 microversion: 1.1 [pid: 8|app: 0|req: 629/1262] 10.0.0.19 () {32 vars in 815 bytes} [Mon Jun 15 21:32:22 2026] GET /resource_providers/171e7843-3d7c-4fe9-a3de-1752351bc4a0/aggregates => generated 235 bytes in 8 msecs (HTTP/1.1 404) 5 headers in 202 bytes (1 switches on core 0)
2026-06-15 21:32:22.531 7 INFO placement.requestlog [None req-3646ff09-ae32-42cc-b52c-60b56b66e973 a6735915b01e4e8797e430315235f6ac ecb87fc712134b72a5c062fae64eec29 - - ef118018b2c5483ba10d3c78401ee998 ef118018b2c5483ba10d3c78401ee998] 10.0.0.19 "GET /resource_providers/171e7843-3d7c-4fe9-a3de-1752351bc4a0/aggregates" status: 404 len: 235 microversion: 1.1 [pid: 7|app: 0|req: 634/1263] 10.0.0.19 () {32 vars in 815 bytes} [Mon Jun 15 21:32:22 2026] GET /resource_providers/171e7843-3d7c-4fe9-a3de-1752351bc4a0/aggregates => generated 235 bytes in 12 msecs (HTTP/1.1 404) 5 headers in 202 bytes (1 switches on core 0)
2026-06-15 21:32:22.556 8 INFO placement.requestlog [None req-4223b9df-7a89-4c84-8288-c880d84bd623 a6735915b01e4e8797e430315235f6ac ecb87fc712134b72a5c062fae64eec29 - - ef118018b2c5483ba10d3c78401ee998 ef118018b2c5483ba10d3c78401ee998] 10.0.0.19 "DELETE /resource_providers/171e7843-3d7c-4fe9-a3de-1752351bc4a0" status: 404 len: 246 microversion: 1.1 [pid: 8|app: 0|req: 630/1264] 10.0.0.19 () {34 vars in 815 bytes} [Mon Jun 15 21:32:22 2026] DELETE /resource_providers/171e7843-3d7c-4fe9-a3de-1752351bc4a0 => generated 246 bytes in 11 msecs (HTTP/1.1 404) 6 headers in 231 bytes (1 switches on core 0)
2026-06-15 21:32:22.557 7 INFO placement.requestlog [None req-d3019cec-6ef8-4723-9bf3-6a3b6480a250 a6735915b01e4e8797e430315235f6ac ecb87fc712134b72a5c062fae64eec29 - - ef118018b2c5483ba10d3c78401ee998 ef118018b2c5483ba10d3c78401ee998] 10.0.0.19 "DELETE /resource_providers/171e7843-3d7c-4fe9-a3de-1752351bc4a0" status: 404 len: 246 microversion: 1.1 [pid: 7|app: 0|req: 635/1265] 10.0.0.19 () {34 vars in 815 bytes} [Mon Jun 15 21:32:22 2026] DELETE /resource_providers/171e7843-3d7c-4fe9-a3de-1752351bc4a0 => generated 246 bytes in 9 msecs (HTTP/1.1 404) 6 headers in 231 bytes (1 switches on core 0)
2026-06-15 21:32:22.618 7 INFO placement.requestlog [None req-86b2d623-2538-41ea-b4dc-1c5fcb7c1f55 a6735915b01e4e8797e430315235f6ac ecb87fc712134b72a5c062fae64eec29 - - ef118018b2c5483ba10d3c78401ee998 ef118018b2c5483ba10d3c78401ee998] 10.0.0.19 "GET /resource_providers/d7f48a65-0ee5-45e0-b33d-173d669dc12d/aggregates" status: 404 len: 235 microversion: 1.1 [pid: 7|app: 0|req: 636/1266] 10.0.0.19 () {32 vars in 815 bytes} [Mon Jun 15 21:32:22 2026] GET /resource_providers/d7f48a65-0ee5-45e0-b33d-173d669dc12d/aggregates => generated 235 bytes in 8 msecs (HTTP/1.1 404) 5 headers in 202 bytes (1 switches on core 0)
2026-06-15 21:32:22.620 8 INFO placement.requestlog [None req-be91662f-87e7-4fea-a8d0-93f909b418ab a6735915b01e4e8797e430315235f6ac ecb87fc712134b72a5c062fae64eec29 - - ef118018b2c5483ba10d3c78401ee998 ef118018b2c5483ba10d3c78401ee998] 10.0.0.19 "GET /resource_providers/d7f48a65-0ee5-45e0-b33d-173d669dc12d/aggregates" status: 404 len: 235 microversion: 1.1 [pid: 8|app: 0|req: 631/1267] 10.0.0.19 () {32 vars in 815 bytes} [Mon Jun 15 21:32:22 2026] GET /resource_providers/d7f48a65-0ee5-45e0-b33d-173d669dc12d/aggregates => generated 235 bytes in 11 msecs (HTTP/1.1 404) 5 headers in 202 bytes (1 switches on core 0)
2026-06-15 21:32:22.638 8 INFO placement.requestlog [None req-a55a4e32-b02e-4137-b61b-5e49cbc772cf a6735915b01e4e8797e430315235f6ac ecb87fc712134b72a5c062fae64eec29 - - ef118018b2c5483ba10d3c78401ee998 ef118018b2c5483ba10d3c78401ee998] 10.0.0.19 "DELETE /resource_providers/d7f48a65-0ee5-45e0-b33d-173d669dc12d" status: 404 len: 246 microversion: 1.1 [pid: 8|app: 0|req: 632/1268] 10.0.0.19 () {34 vars in 815 bytes} [Mon Jun 15 21:32:22 2026] DELETE /resource_providers/d7f48a65-0ee5-45e0-b33d-173d669dc12d => generated 246 bytes in 8 msecs (HTTP/1.1 404) 6 headers in 231 bytes (1 switches on core 0)
2026-06-15 21:32:22.641 7 INFO placement.requestlog [None req-0fc791c9-97da-4e33-996c-8c0356bd07a1 a6735915b01e4e8797e430315235f6ac ecb87fc712134b72a5c062fae64eec29 - - ef118018b2c5483ba10d3c78401ee998 ef118018b2c5483ba10d3c78401ee998] 10.0.0.19 "DELETE /resource_providers/d7f48a65-0ee5-45e0-b33d-173d669dc12d" status: 404 len: 246 microversion: 1.1 [pid: 7|app: 0|req: 637/1269] 10.0.0.19 () {34 vars in 815 bytes} [Mon Jun 15 21:32:22 2026] DELETE /resource_providers/d7f48a65-0ee5-45e0-b33d-173d669dc12d => generated 246 bytes in 11 msecs (HTTP/1.1 404) 6 headers in 231 bytes (1 switches on core 0)
2026-06-15 21:32:28.245 8 INFO placement.requestlog [None req-57dba88d-be6e-47ad-8e83-33c129bfdda2 a6735915b01e4e8797e430315235f6ac ecb87fc712134b72a5c062fae64eec29 - - ef118018b2c5483ba10d3c78401ee998 ef118018b2c5483ba10d3c78401ee998] 10.0.0.19 "GET /resource_providers/5bf25ee0-4744-4c44-82a6-c28adb8161bc/aggregates" status: 404 len: 235 microversion: 1.1 [pid: 8|app: 0|req: 633/1270] 10.0.0.19 () {32 vars in 815 bytes} [Mon Jun 15 21:32:28 2026] GET /resource_providers/5bf25ee0-4744-4c44-82a6-c28adb8161bc/aggregates => generated 235 bytes in 11 msecs (HTTP/1.1 404) 5 headers in 202 bytes (1 switches on core 0)
2026-06-15 21:32:28.254 7 INFO placement.requestlog [None req-bc874785-6f0b-4d3e-8c7f-ebbb822db260 a6735915b01e4e8797e430315235f6ac ecb87fc712134b72a5c062fae64eec29 - - ef118018b2c5483ba10d3c78401ee998 ef118018b2c5483ba10d3c78401ee998] 10.0.0.19 "GET /resource_providers/5bf25ee0-4744-4c44-82a6-c28adb8161bc/aggregates" status: 404 len: 235 microversion: 1.1 [pid: 7|app: 0|req: 638/1271] 10.0.0.19 () {32 vars in 815 bytes} [Mon Jun 15 21:32:28 2026] GET /resource_providers/5bf25ee0-4744-4c44-82a6-c28adb8161bc/aggregates => generated 235 bytes in 12 msecs (HTTP/1.1 404) 5 headers in 202 bytes (1 switches on core 0)
2026-06-15 21:32:28.261 8 INFO placement.requestlog [None req-1a085ee8-a643-42b4-a3f3-cb1897c45802 a6735915b01e4e8797e430315235f6ac ecb87fc712134b72a5c062fae64eec29 - - ef118018b2c5483ba10d3c78401ee998 ef118018b2c5483ba10d3c78401ee998] 10.0.0.19 "DELETE /resource_providers/5bf25ee0-4744-4c44-82a6-c28adb8161bc" status: 404 len: 246 microversion: 1.1 [pid: 8|app: 0|req: 634/1272] 10.0.0.19 () {34 vars in 815 bytes} [Mon Jun 15 21:32:28 2026] DELETE /resource_providers/5bf25ee0-4744-4c44-82a6-c28adb8161bc => generated 246 bytes in 7 msecs (HTTP/1.1 404) 6 headers in 231 bytes (1 switches on core 0)
2026-06-15 21:32:28.271 7 INFO placement.requestlog [None req-a709155d-24b2-4df0-b947-e0a4501d3bab a6735915b01e4e8797e430315235f6ac ecb87fc712134b72a5c062fae64eec29 - - ef118018b2c5483ba10d3c78401ee998 ef118018b2c5483ba10d3c78401ee998] 10.0.0.19 "DELETE /resource_providers/5bf25ee0-4744-4c44-82a6-c28adb8161bc" status: 404 len: 246 microversion: 1.1 [pid: 7|app: 0|req: 639/1273] 10.0.0.19 () {34 vars in 815 bytes} [Mon Jun 15 21:32:28 2026] DELETE /resource_providers/5bf25ee0-4744-4c44-82a6-c28adb8161bc => generated 246 bytes in 8 msecs (HTTP/1.1 404) 6 headers in 231 bytes (1 switches on core 0)
2026-06-15 21:32:31.679 8 INFO placement.requestlog [None req-77c0acc1-5577-4f86-bbe9-73d39c212751 - - - - - -] 10.0.0.32 "GET /" status: 200 len: 136 microversion: 1.0
2026-06-15 21:32:31.679 7 INFO placement.requestlog [None req-5ec17b22-2295-449c-a14f-4dc4e7dbc640 - - - - - -] 10.0.0.32 "GET /" status: 200 len: 136 microversion: 1.0
2026-06-15 21:32:32.979 8 INFO placement.requestlog [req-d4ffa3d1-3dbf-4f7e-a1d6-506712703bef req-c621df51-8bb6-48ac-a94e-6933c8858561 406a72873fbd4983917b50c85b2eaf9e ecb87fc712134b72a5c062fae64eec29 - - ef118018b2c5483ba10d3c78401ee998 ef118018b2c5483ba10d3c78401ee998] 199.19.213.133 "GET /resource_providers/a712f50f-f943-4545-ba74-c0a8d0a27223/allocations" status: 200 len: 55 microversion: 1.0 [pid: 8|app: 0|req: 636/1276] 199.19.213.133 () {32 vars in 857 bytes} [Mon Jun 15 21:32:32 2026] GET /resource_providers/a712f50f-f943-4545-ba74-c0a8d0a27223/allocations => generated 55 bytes in 15 msecs (HTTP/1.1 200) 6 headers in 223 bytes (1 switches on core 0)
2026-06-15 21:32:33.002 7 INFO placement.requestlog [req-d4ffa3d1-3dbf-4f7e-a1d6-506712703bef req-812a30cf-4ef4-4285-993b-c59c7a48c903 406a72873fbd4983917b50c85b2eaf9e ecb87fc712134b72a5c062fae64eec29 - - ef118018b2c5483ba10d3c78401ee998 ef118018b2c5483ba10d3c78401ee998] 199.19.213.133 "GET /resource_providers/a712f50f-f943-4545-ba74-c0a8d0a27223/allocations" status: 200 len: 55 microversion: 1.0 [pid: 7|app: 0|req: 641/1277] 199.19.213.133 () {32 vars in 857 bytes} [Mon Jun 15 21:32:32 2026] GET /resource_providers/a712f50f-f943-4545-ba74-c0a8d0a27223/allocations => generated 55 bytes in 17 msecs (HTTP/1.1 200) 6 headers in 223 bytes (1 switches on core 0)
2026-06-15 21:32:34.021 8 INFO placement.requestlog [req-8622c6e5-cefa-45e4-b2fd-1163967fabe6 req-6709b693-468e-4bf9-bfa6-24e2cd807bd8 406a72873fbd4983917b50c85b2eaf9e ecb87fc712134b72a5c062fae64eec29 - - ef118018b2c5483ba10d3c78401ee998 ef118018b2c5483ba10d3c78401ee998] 10.0.0.239 "GET /allocation_candidates?limit=1000&resources=DISK_GB%3A1%2CMEMORY_MB%3A512%2CVCPU%3A1&root_required=%21COMPUTE_STATUS_DISABLED" status: 200 len: 2442 microversion: 1.36 [pid: 8|app: 0|req: 637/1278] 10.0.0.239 () {34 vars in 1012 bytes} [Mon Jun 15 21:32:33 2026] GET /allocation_candidates?limit=1000&resources=DISK_GB%3A1%2CMEMORY_MB%3A512%2CVCPU%3A1&root_required=%21COMPUTE_STATUS_DISABLED => generated 2442 bytes in 172 msecs (HTTP/1.1 200) 8 headers in 297 bytes (1 switches on core 0)
2026-06-15 21:32:34.049 7 INFO placement.requestlog [req-8622c6e5-cefa-45e4-b2fd-1163967fabe6 req-2e8e5fd8-7e16-4559-81d4-4af82e6be7a5 406a72873fbd4983917b50c85b2eaf9e ecb87fc712134b72a5c062fae64eec29 - - ef118018b2c5483ba10d3c78401ee998 ef118018b2c5483ba10d3c78401ee998] 10.0.0.239 "GET /allocations/8f3d41dd-4f53-452d-83a4-2de52d216779" status: 200 len: 19 microversion: 1.28 [pid: 7|app: 0|req: 642/1279] 10.0.0.239 () {34 vars in 861 bytes} [Mon Jun 15 21:32:34 2026] GET /allocations/8f3d41dd-4f53-452d-83a4-2de52d216779 => generated 19 bytes in 12 msecs (HTTP/1.1 200) 8 headers in 295 bytes (1 switches on core 0)
2026-06-15 21:32:34.118 8 INFO placement.requestlog [req-8622c6e5-cefa-45e4-b2fd-1163967fabe6 req-141c6725-06dd-4cc5-a571-e89087924c37 406a72873fbd4983917b50c85b2eaf9e ecb87fc712134b72a5c062fae64eec29 - - ef118018b2c5483ba10d3c78401ee998 ef118018b2c5483ba10d3c78401ee998] 10.0.0.239 "PUT /allocations/8f3d41dd-4f53-452d-83a4-2de52d216779" status: 204 len: 0 microversion: 1.36 [pid: 8|app: 0|req: 638/1280] 10.0.0.239 () {38 vars in 914 bytes} [Mon Jun 15 21:32:34 2026] PUT /allocations/8f3d41dd-4f53-452d-83a4-2de52d216779 => generated 0 bytes in 61 msecs (HTTP/1.1 204) 5 headers in 199 bytes (1 switches on core 0)
2026-06-15 21:32:35.147 8 INFO placement.requestlog [None req-54a74117-8680-47a5-b9d5-06af60b75d28 a6735915b01e4e8797e430315235f6ac ecb87fc712134b72a5c062fae64eec29 - - ef118018b2c5483ba10d3c78401ee998 ef118018b2c5483ba10d3c78401ee998] 10.0.0.19 "GET /resource_providers/5fea875e-96bc-4c66-a21b-aa92cdfde000/aggregates" status: 404 len: 235 microversion: 1.1 [pid: 8|app: 0|req: 639/1281] 10.0.0.19 () {32 vars in 815 bytes} [Mon Jun 15 21:32:35 2026] GET /resource_providers/5fea875e-96bc-4c66-a21b-aa92cdfde000/aggregates => generated 235 bytes in 48 msecs (HTTP/1.1 404) 5 headers in 202 bytes (1 switches on core 0)
2026-06-15 21:32:35.151 7 INFO placement.requestlog [None req-6acb3c69-9639-468f-b241-1dfee88066cf a6735915b01e4e8797e430315235f6ac ecb87fc712134b72a5c062fae64eec29 - - ef118018b2c5483ba10d3c78401ee998 ef118018b2c5483ba10d3c78401ee998] 10.0.0.19 "GET /resource_providers/5fea875e-96bc-4c66-a21b-aa92cdfde000/aggregates" status: 404 len: 235 microversion: 1.1 [pid: 7|app: 0|req: 643/1282] 10.0.0.19 () {32 vars in 815 bytes} [Mon Jun 15 21:32:35 2026] GET /resource_providers/5fea875e-96bc-4c66-a21b-aa92cdfde000/aggregates => generated 235 bytes in 52 msecs (HTTP/1.1 404) 5 headers in 202 bytes (1 switches on core 0)
2026-06-15 21:32:35.162 7 INFO placement.requestlog [None req-94011aa9-5052-4d6d-acdb-fffbbb0f0749 a6735915b01e4e8797e430315235f6ac ecb87fc712134b72a5c062fae64eec29 - - ef118018b2c5483ba10d3c78401ee998 ef118018b2c5483ba10d3c78401ee998] 10.0.0.19 "DELETE /resource_providers/5fea875e-96bc-4c66-a21b-aa92cdfde000" status: 404 len: 246 microversion: 1.1 [pid: 7|app: 0|req: 644/1283] 10.0.0.19 () {34 vars in 815 bytes} [Mon Jun 15 21:32:35 2026] DELETE /resource_providers/5fea875e-96bc-4c66-a21b-aa92cdfde000 => generated 246 bytes in 5 msecs (HTTP/1.1 404) 6 headers in 231 bytes (1 switches on core 0)
2026-06-15 21:32:35.164 8 INFO placement.requestlog [None req-8fe7bd8b-f705-4405-82aa-ba7f4d8ae06e a6735915b01e4e8797e430315235f6ac ecb87fc712134b72a5c062fae64eec29 - - ef118018b2c5483ba10d3c78401ee998 ef118018b2c5483ba10d3c78401ee998] 10.0.0.19 "DELETE /resource_providers/5fea875e-96bc-4c66-a21b-aa92cdfde000" status: 404 len: 246 microversion: 1.1 [pid: 8|app: 0|req: 640/1284] 10.0.0.19 () {34 vars in 815 bytes} [Mon Jun 15 21:32:35 2026] DELETE /resource_providers/5fea875e-96bc-4c66-a21b-aa92cdfde000 => generated 246 bytes in 9 msecs (HTTP/1.1 404) 6 headers in 231 bytes (1 switches on core 0)
2026-06-15 21:32:35.526 7 INFO placement.requestlog [req-8622c6e5-cefa-45e4-b2fd-1163967fabe6 req-ae9c3958-dc4f-455c-bbca-7c72745b0fe4 406a72873fbd4983917b50c85b2eaf9e ecb87fc712134b72a5c062fae64eec29 - - ef118018b2c5483ba10d3c78401ee998 ef118018b2c5483ba10d3c78401ee998] 199.19.213.133 "GET /allocations/8f3d41dd-4f53-452d-83a4-2de52d216779" status: 200 len: 258 microversion: 1.28 [pid: 7|app: 0|req: 645/1285] 199.19.213.133 () {34 vars in 863 bytes} [Mon Jun 15 21:32:35 2026] GET /allocations/8f3d41dd-4f53-452d-83a4-2de52d216779 => generated 258 bytes in 18 msecs (HTTP/1.1 200) 8 headers in 296 bytes (1 switches on core 0)
2026-06-15 21:32:36.561 8 INFO placement.requestlog [req-8622c6e5-cefa-45e4-b2fd-1163967fabe6 req-73a02b05-0717-4b7c-87f2-2f92598ad01d 406a72873fbd4983917b50c85b2eaf9e ecb87fc712134b72a5c062fae64eec29 - - ef118018b2c5483ba10d3c78401ee998 ef118018b2c5483ba10d3c78401ee998] 199.19.213.133 "GET /resource_providers/a712f50f-f943-4545-ba74-c0a8d0a27223/allocations" status: 200 len: 153 microversion: 1.0 [pid: 8|app: 0|req: 641/1286] 199.19.213.133 () {32 vars in 857 bytes} [Mon Jun 15 21:32:36 2026] GET /resource_providers/a712f50f-f943-4545-ba74-c0a8d0a27223/allocations => generated 153 bytes in 15 msecs (HTTP/1.1 200) 6 headers in 224 bytes (1 switches on core 0)
2026-06-15 21:32:36.593 7 INFO placement.requestlog [req-8622c6e5-cefa-45e4-b2fd-1163967fabe6 req-ca86f695-6ec1-4bc6-a9c2-9c280da8db37 406a72873fbd4983917b50c85b2eaf9e ecb87fc712134b72a5c062fae64eec29 - - ef118018b2c5483ba10d3c78401ee998 ef118018b2c5483ba10d3c78401ee998] 199.19.213.133 "GET /allocations/8f3d41dd-4f53-452d-83a4-2de52d216779" status: 200 len: 258 microversion: 1.28 [pid: 7|app: 0|req: 646/1287] 199.19.213.133 () {34 vars in 863 bytes} [Mon Jun 15 21:32:36 2026] GET /allocations/8f3d41dd-4f53-452d-83a4-2de52d216779 => generated 258 bytes in 26 msecs (HTTP/1.1 200) 8 headers in 296 bytes (1 switches on core 0)
2026-06-15 21:32:41.678 8 INFO placement.requestlog [None req-601a6d77-9487-4d41-8efc-d91c9b2e9c81 - - - - - -] 10.0.0.32 "GET /" status: 200 len: 136 microversion: 1.0
2026-06-15 21:32:41.679 7 INFO placement.requestlog [None req-01cf4862-c624-43d8-b14c-bcdc62155fa7 - - - - - -] 10.0.0.32 "GET /" status: 200 len: 136 microversion: 1.0
2026-06-15 21:32:51.678 8 INFO placement.requestlog [None req-1b51c0e6-56e0-4a61-8464-378d27429c6a - - - - - -] 10.0.0.32 "GET /" status: 200 len: 136 microversion: 1.0
2026-06-15 21:32:51.679 7 INFO placement.requestlog [None req-d657666e-81b6-4bd0-907c-692c142e54c4 - - - - - -] 10.0.0.32 "GET /" status: 200 len: 136 microversion: 1.0
2026-06-15 21:32:52.398 8 INFO placement.requestlog [req-a88b2736-0ddb-4f22-b0ce-d1b6acbf5910 req-8ed67134-e797-4c07-aac1-a5df41303c3d 406a72873fbd4983917b50c85b2eaf9e ecb87fc712134b72a5c062fae64eec29 - - ef118018b2c5483ba10d3c78401ee998 ef118018b2c5483ba10d3c78401ee998] 10.0.0.239 "GET /allocation_candidates?limit=1000&resources=DISK_GB%3A1%2CMEMORY_MB%3A512%2CVCPU%3A1&root_required=%21COMPUTE_STATUS_DISABLED" status: 200 len: 2444 microversion: 1.36 [pid: 8|app: 0|req: 644/1292] 10.0.0.239 () {34 vars in 1012 bytes} [Mon Jun 15 21:32:52 2026] GET /allocation_candidates?limit=1000&resources=DISK_GB%3A1%2CMEMORY_MB%3A512%2CVCPU%3A1&root_required=%21COMPUTE_STATUS_DISABLED => generated 2444 bytes in 57 msecs (HTTP/1.1 200) 8 headers in 297 bytes (1 switches on core 0)
2026-06-15 21:32:52.442 7 INFO placement.requestlog [req-a88b2736-0ddb-4f22-b0ce-d1b6acbf5910 req-5cf8f4d3-7a12-4a25-bf09-b94e1f45a8fe 406a72873fbd4983917b50c85b2eaf9e ecb87fc712134b72a5c062fae64eec29 - - ef118018b2c5483ba10d3c78401ee998 ef118018b2c5483ba10d3c78401ee998] 10.0.0.239 "GET /allocations/db94d330-6585-4b96-bd5d-25fd240cf513" status: 200 len: 19 microversion: 1.28 [pid: 7|app: 0|req: 649/1293] 10.0.0.239 () {34 vars in 861 bytes} [Mon Jun 15 21:32:52 2026] GET /allocations/db94d330-6585-4b96-bd5d-25fd240cf513 => generated 19 bytes in 17 msecs (HTTP/1.1 200) 8 headers in 295 bytes (1 switches on core 0)
2026-06-15 21:32:52.563 8 INFO placement.requestlog [req-a88b2736-0ddb-4f22-b0ce-d1b6acbf5910 req-d5f5084e-9998-4c7a-8593-7345f1e1fe9a 406a72873fbd4983917b50c85b2eaf9e ecb87fc712134b72a5c062fae64eec29 - - ef118018b2c5483ba10d3c78401ee998 ef118018b2c5483ba10d3c78401ee998] 10.0.0.239 "PUT /allocations/db94d330-6585-4b96-bd5d-25fd240cf513" status: 204 len: 0 microversion: 1.36 [pid: 8|app: 0|req: 645/1294] 10.0.0.239 () {38 vars in 914 bytes} [Mon Jun 15 21:32:52 2026] PUT /allocations/db94d330-6585-4b96-bd5d-25fd240cf513 => generated 0 bytes in 115 msecs (HTTP/1.1 204) 5 headers in 199 bytes (1 switches on core 0)
2026-06-15 21:32:54.257 7 INFO placement.requestlog [req-a88b2736-0ddb-4f22-b0ce-d1b6acbf5910 req-7006b5e2-607b-4498-a3da-1ad3cb102649 406a72873fbd4983917b50c85b2eaf9e ecb87fc712134b72a5c062fae64eec29 - - ef118018b2c5483ba10d3c78401ee998 ef118018b2c5483ba10d3c78401ee998] 199.19.213.133 "GET /allocations/db94d330-6585-4b96-bd5d-25fd240cf513" status: 200 len: 258 microversion: 1.28 [pid: 7|app: 0|req: 650/1295] 199.19.213.133 () {34 vars in 863 bytes} [Mon Jun 15 21:32:54 2026] GET /allocations/db94d330-6585-4b96-bd5d-25fd240cf513 => generated 258 bytes in 15 msecs (HTTP/1.1 200) 8 headers in 296 bytes (1 switches on core 0)
2026-06-15 21:32:55.309 8 INFO placement.requestlog [req-a88b2736-0ddb-4f22-b0ce-d1b6acbf5910 req-b8bf34bb-8e59-4619-a290-67c73ee43c1e 406a72873fbd4983917b50c85b2eaf9e ecb87fc712134b72a5c062fae64eec29 - - ef118018b2c5483ba10d3c78401ee998 ef118018b2c5483ba10d3c78401ee998] 199.19.213.133 "GET /resource_providers/a712f50f-f943-4545-ba74-c0a8d0a27223/allocations" status: 200 len: 253 microversion: 1.0 [pid: 8|app: 0|req: 646/1296] 199.19.213.133 () {32 vars in 857 bytes} [Mon Jun 15 21:32:55 2026] GET /resource_providers/a712f50f-f943-4545-ba74-c0a8d0a27223/allocations => generated 253 bytes in 23 msecs (HTTP/1.1 200) 6 headers in 224 bytes (1 switches on core 0)
2026-06-15 21:32:55.330 7 INFO placement.requestlog [req-a88b2736-0ddb-4f22-b0ce-d1b6acbf5910 req-88f72a74-7d3c-4f8b-9269-58a508e5fff5 406a72873fbd4983917b50c85b2eaf9e ecb87fc712134b72a5c062fae64eec29 - - ef118018b2c5483ba10d3c78401ee998 ef118018b2c5483ba10d3c78401ee998] 199.19.213.133 "GET /allocations/8f3d41dd-4f53-452d-83a4-2de52d216779" status: 200 len: 258 microversion: 1.28 [pid: 7|app: 0|req: 651/1297] 199.19.213.133 () {34 vars in 863 bytes} [Mon Jun 15 21:32:55 2026] GET /allocations/8f3d41dd-4f53-452d-83a4-2de52d216779 => generated 258 bytes in 14 msecs (HTTP/1.1 200) 8 headers in 296 bytes (1 switches on core 0)
2026-06-15 21:32:55.358 8 INFO placement.requestlog [req-a88b2736-0ddb-4f22-b0ce-d1b6acbf5910 req-7ae18563-fbc8-40e5-a382-d55b11e73ecd 406a72873fbd4983917b50c85b2eaf9e ecb87fc712134b72a5c062fae64eec29 - - ef118018b2c5483ba10d3c78401ee998 ef118018b2c5483ba10d3c78401ee998] 199.19.213.133 "GET /allocations/db94d330-6585-4b96-bd5d-25fd240cf513" status: 200 len: 258 microversion: 1.28 [pid: 8|app: 0|req: 647/1298] 199.19.213.133 () {34 vars in 863 bytes} [Mon Jun 15 21:32:55 2026] GET /allocations/db94d330-6585-4b96-bd5d-25fd240cf513 => generated 258 bytes in 19 msecs (HTTP/1.1 200) 8 headers in 296 bytes (1 switches on core 0)
2026-06-15 21:33:01.678 7 INFO placement.requestlog [None req-ba7a94a8-93d4-4d64-a58e-ee006f0ec18e - - - - - -] 10.0.0.32 "GET /" status: 200 len: 136 microversion: 1.0
2026-06-15 21:33:01.679 8 INFO placement.requestlog [None req-8eb99c5d-de4d-43b7-82b4-49230fcf3131 - - - - - -] 10.0.0.32 "GET /" status: 200 len: 136 microversion: 1.0
2026-06-15 21:33:11.678 7 INFO placement.requestlog [None req-cdaea932-e2a0-44b0-ac64-824b987ac4c3 - - - - - -] 10.0.0.32 "GET /" status: 200 len: 136 microversion: 1.0
2026-06-15 21:33:11.678 8 INFO placement.requestlog [None req-39693e16-03af-4bea-b41a-f79e8ec2a4fb - - - - - -] 10.0.0.32 "GET /" status: 200 len: 136 microversion: 1.0
2026-06-15 21:33:21.678 7 INFO placement.requestlog [None req-be689dfa-799a-475b-855a-b877c4575467 - - - - - -] 10.0.0.32 "GET /" status: 200 len: 136 microversion: 1.0
2026-06-15 21:33:21.679 8 INFO placement.requestlog [None req-900445de-e89f-4f73-bf9c-e86def49e69a - - - - - -] 10.0.0.32 "GET /" status: 200 len: 136 microversion: 1.0
2026-06-15 21:33:31.678 7 INFO placement.requestlog [None req-0e7060b3-f493-4107-9efe-d8d031d64bae - - - - - -] 10.0.0.32 "GET /" status: 200 len: 136 microversion: 1.0
2026-06-15 21:33:31.678 8 INFO placement.requestlog [None req-20095169-d664-42e8-92ed-aef3a5212f47 - - - - - -] 10.0.0.32 "GET /" status: 200 len: 136 microversion: 1.0
2026-06-15 21:33:34.029 7 INFO placement.requestlog [req-eb32ce54-2229-4df6-a58e-33e981efb551 req-337cb9b2-2713-4fa5-aa4d-c1e60b9b9926 406a72873fbd4983917b50c85b2eaf9e ecb87fc712134b72a5c062fae64eec29 - - ef118018b2c5483ba10d3c78401ee998 ef118018b2c5483ba10d3c78401ee998] 199.19.213.133 "GET /resource_providers/a712f50f-f943-4545-ba74-c0a8d0a27223/allocations" status: 200 len: 253 microversion: 1.0 [pid: 7|app: 0|req: 656/1307] 199.19.213.133 () {32 vars in 857 bytes} [Mon Jun 15 21:33:34 2026] GET /resource_providers/a712f50f-f943-4545-ba74-c0a8d0a27223/allocations => generated 253 bytes in 19 msecs (HTTP/1.1 200) 6 headers in 224 bytes (1 switches on core 0)
2026-06-15 21:33:34.054 8 INFO placement.requestlog [req-eb32ce54-2229-4df6-a58e-33e981efb551 req-c4288597-7ce1-4778-b97a-8ca891addf87 406a72873fbd4983917b50c85b2eaf9e ecb87fc712134b72a5c062fae64eec29 - - ef118018b2c5483ba10d3c78401ee998 ef118018b2c5483ba10d3c78401ee998] 199.19.213.133 "GET /resource_providers/a712f50f-f943-4545-ba74-c0a8d0a27223/allocations" status: 200 len: 253 microversion: 1.0 [pid: 8|app: 0|req: 652/1308] 199.19.213.133 () {32 vars in 857 bytes} [Mon Jun 15 21:33:34 2026] GET /resource_providers/a712f50f-f943-4545-ba74-c0a8d0a27223/allocations => generated 253 bytes in 18 msecs (HTTP/1.1 200) 6 headers in 224 bytes (1 switches on core 0)
2026-06-15 21:33:34.072 7 INFO placement.requestlog [req-eb32ce54-2229-4df6-a58e-33e981efb551 req-ca3ec1a2-43a1-4390-950d-8e01a6d3a8c1 406a72873fbd4983917b50c85b2eaf9e ecb87fc712134b72a5c062fae64eec29 - - ef118018b2c5483ba10d3c78401ee998 ef118018b2c5483ba10d3c78401ee998] 199.19.213.133 "GET /allocations/8f3d41dd-4f53-452d-83a4-2de52d216779" status: 200 len: 258 microversion: 1.28 [pid: 7|app: 0|req: 657/1309] 199.19.213.133 () {34 vars in 863 bytes} [Mon Jun 15 21:33:34 2026] GET /allocations/8f3d41dd-4f53-452d-83a4-2de52d216779 => generated 258 bytes in 11 msecs (HTTP/1.1 200) 8 headers in 296 bytes (1 switches on core 0)
2026-06-15 21:33:34.091 8 INFO placement.requestlog [req-eb32ce54-2229-4df6-a58e-33e981efb551 req-580b503a-f4d9-40b9-abbe-61afbda5980e 406a72873fbd4983917b50c85b2eaf9e ecb87fc712134b72a5c062fae64eec29 - - ef118018b2c5483ba10d3c78401ee998 ef118018b2c5483ba10d3c78401ee998] 199.19.213.133 "GET /allocations/db94d330-6585-4b96-bd5d-25fd240cf513" status: 200 len: 258 microversion: 1.28 [pid: 8|app: 0|req: 653/1310] 199.19.213.133 () {34 vars in 863 bytes} [Mon Jun 15 21:33:34 2026] GET /allocations/db94d330-6585-4b96-bd5d-25fd240cf513 => generated 258 bytes in 13 msecs (HTTP/1.1 200) 8 headers in 296 bytes (1 switches on core 0)
2026-06-15 21:33:41.679 8 INFO placement.requestlog [None req-503e44c7-ca86-4d20-8331-565ef622e000 - - - - - -] 10.0.0.32 "GET /" status: 200 len: 136 microversion: 1.0
2026-06-15 21:33:41.679 7 INFO placement.requestlog [None req-8b02b02a-52ed-4e99-bc0a-16018c66fd76 - - - - - -] 10.0.0.32 "GET /" status: 200 len: 136 microversion: 1.0
2026-06-15 21:33:46.346 8 INFO placement.requestlog [req-c32bbf87-0e09-42e9-8194-07f778e41aa5 req-61cd2052-d086-4313-9276-595e61b0f07e 406a72873fbd4983917b50c85b2eaf9e ecb87fc712134b72a5c062fae64eec29 - - ef118018b2c5483ba10d3c78401ee998 ef118018b2c5483ba10d3c78401ee998] 10.0.0.239 "GET /allocation_candidates?limit=1000&resources=MEMORY_MB%3A2048%2CVCPU%3A2&root_required=%21COMPUTE_STATUS_DISABLED" status: 200 len: 2432 microversion: 1.36 [pid: 8|app: 0|req: 655/1313] 10.0.0.239 () {34 vars in 986 bytes} [Mon Jun 15 21:33:46 2026] GET /allocation_candidates?limit=1000&resources=MEMORY_MB%3A2048%2CVCPU%3A2&root_required=%21COMPUTE_STATUS_DISABLED => generated 2432 bytes in 51 msecs (HTTP/1.1 200) 8 headers in 297 bytes (1 switches on core 0)
2026-06-15 21:33:46.380 7 INFO placement.requestlog [req-c32bbf87-0e09-42e9-8194-07f778e41aa5 req-71dac72c-8ce1-4cf2-86b8-b32351aca9cf 406a72873fbd4983917b50c85b2eaf9e ecb87fc712134b72a5c062fae64eec29 - - ef118018b2c5483ba10d3c78401ee998 ef118018b2c5483ba10d3c78401ee998] 10.0.0.239 "GET /allocations/1991cccc-27af-40c1-afbb-49bb15d75820" status: 200 len: 19 microversion: 1.28 [pid: 7|app: 0|req: 659/1314] 10.0.0.239 () {34 vars in 861 bytes} [Mon Jun 15 21:33:46 2026] GET /allocations/1991cccc-27af-40c1-afbb-49bb15d75820 => generated 19 bytes in 12 msecs (HTTP/1.1 200) 8 headers in 295 bytes (1 switches on core 0)
2026-06-15 21:33:46.492 8 INFO placement.requestlog [req-c32bbf87-0e09-42e9-8194-07f778e41aa5 req-6b312184-b5c5-4da6-a29e-d42d4d0429ab 406a72873fbd4983917b50c85b2eaf9e ecb87fc712134b72a5c062fae64eec29 - - ef118018b2c5483ba10d3c78401ee998 ef118018b2c5483ba10d3c78401ee998] 10.0.0.239 "PUT /allocations/1991cccc-27af-40c1-afbb-49bb15d75820" status: 204 len: 0 microversion: 1.36 [pid: 8|app: 0|req: 656/1315] 10.0.0.239 () {38 vars in 914 bytes} [Mon Jun 15 21:33:46 2026] PUT /allocations/1991cccc-27af-40c1-afbb-49bb15d75820 => generated 0 bytes in 107 msecs (HTTP/1.1 204) 5 headers in 199 bytes (1 switches on core 0)
2026-06-15 21:33:47.946 7 INFO placement.requestlog [req-c32bbf87-0e09-42e9-8194-07f778e41aa5 req-f225f8e9-10a3-4124-914b-fff9167b47eb 406a72873fbd4983917b50c85b2eaf9e ecb87fc712134b72a5c062fae64eec29 - - ef118018b2c5483ba10d3c78401ee998 ef118018b2c5483ba10d3c78401ee998] 199.19.213.133 "GET /allocations/1991cccc-27af-40c1-afbb-49bb15d75820" status: 200 len: 245 microversion: 1.28 [pid: 7|app: 0|req: 660/1316] 199.19.213.133 () {34 vars in 863 bytes} [Mon Jun 15 21:33:47 2026] GET /allocations/1991cccc-27af-40c1-afbb-49bb15d75820 => generated 245 bytes in 13 msecs (HTTP/1.1 200) 8 headers in 296 bytes (1 switches on core 0)
2026-06-15 21:33:48.988 8 INFO placement.requestlog [req-c32bbf87-0e09-42e9-8194-07f778e41aa5 req-cac7bb41-f98f-4e58-8dba-d182a6107cc3 406a72873fbd4983917b50c85b2eaf9e ecb87fc712134b72a5c062fae64eec29 - - ef118018b2c5483ba10d3c78401ee998 ef118018b2c5483ba10d3c78401ee998] 199.19.213.133 "GET /resource_providers/a712f50f-f943-4545-ba74-c0a8d0a27223/allocations" status: 200 len: 340 microversion: 1.0 [pid: 8|app: 0|req: 657/1317] 199.19.213.133 () {32 vars in 857 bytes} [Mon Jun 15 21:33:48 2026] GET /resource_providers/a712f50f-f943-4545-ba74-c0a8d0a27223/allocations => generated 340 bytes in 17 msecs (HTTP/1.1 200) 6 headers in 224 bytes (1 switches on core 0)
2026-06-15 21:33:49.014 7 INFO placement.requestlog [req-c32bbf87-0e09-42e9-8194-07f778e41aa5 req-7ea33a6a-db3d-4e5d-bdf4-444c90ad15f1 406a72873fbd4983917b50c85b2eaf9e ecb87fc712134b72a5c062fae64eec29 - - ef118018b2c5483ba10d3c78401ee998 ef118018b2c5483ba10d3c78401ee998] 199.19.213.133 "GET /allocations/8f3d41dd-4f53-452d-83a4-2de52d216779" status: 200 len: 258 microversion: 1.28 [pid: 7|app: 0|req: 661/1318] 199.19.213.133 () {34 vars in 863 bytes} [Mon Jun 15 21:33:48 2026] GET /allocations/8f3d41dd-4f53-452d-83a4-2de52d216779 => generated 258 bytes in 20 msecs (HTTP/1.1 200) 8 headers in 296 bytes (1 switches on core 0)
2026-06-15 21:33:49.034 8 INFO placement.requestlog [req-c32bbf87-0e09-42e9-8194-07f778e41aa5 req-507047bd-9c88-47be-a257-60bd05389c54 406a72873fbd4983917b50c85b2eaf9e ecb87fc712134b72a5c062fae64eec29 - - ef118018b2c5483ba10d3c78401ee998 ef118018b2c5483ba10d3c78401ee998] 199.19.213.133 "GET /allocations/1991cccc-27af-40c1-afbb-49bb15d75820" status: 200 len: 245 microversion: 1.28 [pid: 8|app: 0|req: 658/1319] 199.19.213.133 () {34 vars in 863 bytes} [Mon Jun 15 21:33:49 2026] GET /allocations/1991cccc-27af-40c1-afbb-49bb15d75820 => generated 245 bytes in 15 msecs (HTTP/1.1 200) 8 headers in 296 bytes (1 switches on core 0)
2026-06-15 21:33:49.054 7 INFO placement.requestlog [req-c32bbf87-0e09-42e9-8194-07f778e41aa5 req-96fa78f6-2362-4f18-aea9-7267202f649b 406a72873fbd4983917b50c85b2eaf9e ecb87fc712134b72a5c062fae64eec29 - - ef118018b2c5483ba10d3c78401ee998 ef118018b2c5483ba10d3c78401ee998] 199.19.213.133 "GET /allocations/db94d330-6585-4b96-bd5d-25fd240cf513" status: 200 len: 258 microversion: 1.28 [pid: 7|app: 0|req: 662/1320] 199.19.213.133 () {34 vars in 863 bytes} [Mon Jun 15 21:33:49 2026] GET /allocations/db94d330-6585-4b96-bd5d-25fd240cf513 => generated 258 bytes in 13 msecs (HTTP/1.1 200) 8 headers in 296 bytes (1 switches on core 0)
2026-06-15 21:33:51.678 8 INFO placement.requestlog [None req-f7e37136-1c71-4bdf-9944-428bf9f90215 - - - - - -] 10.0.0.32 "GET /" status: 200 len: 136 microversion: 1.0
2026-06-15 21:33:51.678 7 INFO placement.requestlog [None req-8febdde0-9954-4d1f-899b-dbe53ea1ecad - - - - - -] 10.0.0.32 "GET /" status: 200 len: 136 microversion: 1.0
2026-06-15 21:34:01.678 8 INFO placement.requestlog [None req-d592cc8b-21e4-4a7c-a1a6-5ac48b19452b - - - - - -] 10.0.0.32 "GET /" status: 200 len: 136 microversion: 1.0
2026-06-15 21:34:01.678 7 INFO placement.requestlog [None req-905f7bbd-bc54-4d22-8dcb-78fd9b276ab1 - - - - - -] 10.0.0.32 "GET /" status: 200 len: 136 microversion: 1.0
2026-06-15 21:34:11.679 7 INFO placement.requestlog [None req-0094bc56-de30-45fb-84f6-0f11c0d2c836 - - - - - -] 10.0.0.32 "GET /" status: 200 len: 136 microversion: 1.0
2026-06-15 21:34:11.681 8 INFO placement.requestlog [None req-e2b3e42d-3d8c-4c6a-947a-3408422fd187 - - - - - -] 10.0.0.32 "GET /" status: 200 len: 136 microversion: 1.0
2026-06-15 21:34:21.679 8 INFO placement.requestlog [None req-4d87a22c-9dad-4eeb-9624-fdf7dddf8bf7 - - - - - -] 10.0.0.32 "GET /" status: 200 len: 136 microversion: 1.0
2026-06-15 21:34:21.679 7 INFO placement.requestlog [None req-0b4a6687-d67a-4555-b589-b432f3d088eb - - - - - -] 10.0.0.32 "GET /" status: 200 len: 136 microversion: 1.0
2026-06-15 21:34:31.677 7 INFO placement.requestlog [None req-a72d8cae-f548-49ad-91a8-9b123c8b1848 - - - - - -] 10.0.0.32 "GET /" status: 200 len: 136 microversion: 1.0
2026-06-15 21:34:31.679 8 INFO placement.requestlog [None req-b16fd68a-7765-42ed-a599-5e0a6f53e97b - - - - - -] 10.0.0.32 "GET /" status: 200 len: 136 microversion: 1.0
2026-06-15 21:34:33.992 7 INFO placement.requestlog [req-8182a9a9-3a21-4dc8-afcc-371d3f1cca39 req-974de550-0b58-4241-aac5-a5c893caa8cb 406a72873fbd4983917b50c85b2eaf9e ecb87fc712134b72a5c062fae64eec29 - - ef118018b2c5483ba10d3c78401ee998 ef118018b2c5483ba10d3c78401ee998] 199.19.213.133 "GET /resource_providers/a712f50f-f943-4545-ba74-c0a8d0a27223/allocations" status: 200 len: 340 microversion: 1.0 [pid: 7|app: 0|req: 668/1331] 199.19.213.133 () {32 vars in 857 bytes} [Mon Jun 15 21:34:33 2026] GET /resource_providers/a712f50f-f943-4545-ba74-c0a8d0a27223/allocations => generated 340 bytes in 20 msecs (HTTP/1.1 200) 6 headers in 224 bytes (1 switches on core 0)
2026-06-15 21:34:34.018 8 INFO placement.requestlog [req-8182a9a9-3a21-4dc8-afcc-371d3f1cca39 req-62e2c953-4d89-403a-ad0e-edc9f7f6c993 406a72873fbd4983917b50c85b2eaf9e ecb87fc712134b72a5c062fae64eec29 - - ef118018b2c5483ba10d3c78401ee998 ef118018b2c5483ba10d3c78401ee998] 199.19.213.133 "GET /resource_providers/a712f50f-f943-4545-ba74-c0a8d0a27223/allocations" status: 200 len: 340 microversion: 1.0 [pid: 8|app: 0|req: 664/1332] 199.19.213.133 () {32 vars in 857 bytes} [Mon Jun 15 21:34:33 2026] GET /resource_providers/a712f50f-f943-4545-ba74-c0a8d0a27223/allocations => generated 340 bytes in 19 msecs (HTTP/1.1 200) 6 headers in 224 bytes (1 switches on core 0)
2026-06-15 21:34:34.039 7 INFO placement.requestlog [req-8182a9a9-3a21-4dc8-afcc-371d3f1cca39 req-fd5b1dc7-d80b-4fb6-810b-4f178ee3bfae 406a72873fbd4983917b50c85b2eaf9e ecb87fc712134b72a5c062fae64eec29 - - ef118018b2c5483ba10d3c78401ee998 ef118018b2c5483ba10d3c78401ee998] 199.19.213.133 "GET /allocations/8f3d41dd-4f53-452d-83a4-2de52d216779" status: 200 len: 258 microversion: 1.28 [pid: 7|app: 0|req: 669/1333] 199.19.213.133 () {34 vars in 863 bytes} [Mon Jun 15 21:34:34 2026] GET /allocations/8f3d41dd-4f53-452d-83a4-2de52d216779 => generated 258 bytes in 12 msecs (HTTP/1.1 200) 8 headers in 296 bytes (1 switches on core 0)
2026-06-15 21:34:34.060 8 INFO placement.requestlog [req-8182a9a9-3a21-4dc8-afcc-371d3f1cca39 req-886315ae-57a2-4dc9-8a63-5e1e36690b2f 406a72873fbd4983917b50c85b2eaf9e ecb87fc712134b72a5c062fae64eec29 - - ef118018b2c5483ba10d3c78401ee998 ef118018b2c5483ba10d3c78401ee998] 199.19.213.133 "GET /allocations/1991cccc-27af-40c1-afbb-49bb15d75820" status: 200 len: 245 microversion: 1.28 [pid: 8|app: 0|req: 665/1334] 199.19.213.133 () {34 vars in 863 bytes} [Mon Jun 15 21:34:34 2026] GET /allocations/1991cccc-27af-40c1-afbb-49bb15d75820 => generated 245 bytes in 15 msecs (HTTP/1.1 200) 8 headers in 296 bytes (1 switches on core 0)
2026-06-15 21:34:34.079 7 INFO placement.requestlog [req-8182a9a9-3a21-4dc8-afcc-371d3f1cca39 req-70384f72-b9ea-4582-aa4d-7186ddbc02df 406a72873fbd4983917b50c85b2eaf9e ecb87fc712134b72a5c062fae64eec29 - - ef118018b2c5483ba10d3c78401ee998 ef118018b2c5483ba10d3c78401ee998] 199.19.213.133 "GET /allocations/db94d330-6585-4b96-bd5d-25fd240cf513" status: 200 len: 258 microversion: 1.28 [pid: 7|app: 0|req: 670/1335] 199.19.213.133 () {34 vars in 863 bytes} [Mon Jun 15 21:34:34 2026] GET /allocations/db94d330-6585-4b96-bd5d-25fd240cf513 => generated 258 bytes in 12 msecs (HTTP/1.1 200) 8 headers in 296 bytes (1 switches on core 0)
2026-06-15 21:34:41.678 8 INFO placement.requestlog [None req-83b98651-adce-4170-a366-41d9c0ecf931 - - - - - -] 10.0.0.32 "GET /" status: 200 len: 136 microversion: 1.0
2026-06-15 21:34:41.678 7 INFO placement.requestlog [None req-4fc7c31d-04e3-476a-a7b5-90f888d7529a - - - - - -] 10.0.0.32 "GET /" status: 200 len: 136 microversion: 1.0
2026-06-15 21:34:51.678 8 INFO placement.requestlog [None req-c26515d4-99bf-4008-aefd-59a3471a8c73 - - - - - -] 10.0.0.32 "GET /" status: 200 len: 136 microversion: 1.0
2026-06-15 21:34:51.678 7 INFO placement.requestlog [None req-b5a7be84-931a-4682-88f9-32fe8da7789e - - - - - -] 10.0.0.32 "GET /" status: 200 len: 136 microversion: 1.0
2026-06-15 21:35:01.679 8 INFO placement.requestlog [None req-7002a5f4-717b-4032-b3a0-f7a687dc213a - - - - - -] 10.0.0.32 "GET /" status: 200 len: 136 microversion: 1.0
2026-06-15 21:35:01.679 7 INFO placement.requestlog [None req-5fb676a7-5906-4b1e-9c33-955def9a2cba - - - - - -] 10.0.0.32 "GET /" status: 200 len: 136 microversion: 1.0
2026-06-15 21:35:11.679 7 INFO placement.requestlog [None req-14b13ac8-44f2-4ded-8cbf-b36ad349342e - - - - - -] 10.0.0.32 "GET /" status: 200 len: 136 microversion: 1.0
2026-06-15 21:35:11.679 8 INFO placement.requestlog [None req-d8807cfb-f08a-472a-8bb8-da65960d6dbf - - - - - -] 10.0.0.32 "GET /" status: 200 len: 136 microversion: 1.0
2026-06-15 21:35:21.678 7 INFO placement.requestlog [None req-993019d5-8463-4d5e-9f11-e29f768232e7 - - - - - -] 10.0.0.32 "GET /" status: 200 len: 136 microversion: 1.0
2026-06-15 21:35:21.678 8 INFO placement.requestlog [None req-2e6f61de-e059-44a9-abe7-40a615292640 - - - - - -] 10.0.0.32 "GET /" status: 200 len: 136 microversion: 1.0
2026-06-15 21:35:31.677 8 INFO placement.requestlog [None req-74009128-ef7a-448b-9464-d8a586041246 - - - - - -] 10.0.0.32 "GET /" status: 200 len: 136 microversion: 1.0
2026-06-15 21:35:31.677 7 INFO placement.requestlog [None req-10d97e70-bf72-47c7-8ba8-9373007877b3 - - - - - -] 10.0.0.32 "GET /" status: 200 len: 136 microversion: 1.0
2026-06-15 21:35:35.237 7 INFO placement.requestlog [req-d90f6bcf-afcf-4282-88ba-17cde8e3f1fc req-73947eca-9182-461f-8a5f-a48ee0b99a37 406a72873fbd4983917b50c85b2eaf9e ecb87fc712134b72a5c062fae64eec29 - - ef118018b2c5483ba10d3c78401ee998 ef118018b2c5483ba10d3c78401ee998] 199.19.213.133 "GET /resource_providers/a712f50f-f943-4545-ba74-c0a8d0a27223/allocations" status: 200 len: 340 microversion: 1.0 [pid: 7|app: 0|req: 677/1348] 199.19.213.133 () {32 vars in 857 bytes} [Mon Jun 15 21:35:35 2026] GET /resource_providers/a712f50f-f943-4545-ba74-c0a8d0a27223/allocations => generated 340 bytes in 134 msecs (HTTP/1.1 200) 6 headers in 224 bytes (1 switches on core 0)
2026-06-15 21:35:35.263 8 INFO placement.requestlog [req-d90f6bcf-afcf-4282-88ba-17cde8e3f1fc req-dfbb9ab4-efcf-415a-9b3d-c2a2f58b8f0c 406a72873fbd4983917b50c85b2eaf9e ecb87fc712134b72a5c062fae64eec29 - - ef118018b2c5483ba10d3c78401ee998 ef118018b2c5483ba10d3c78401ee998] 199.19.213.133 "GET /resource_providers?in_tree=a712f50f-f943-4545-ba74-c0a8d0a27223" status: 200 len: 798 microversion: 1.14 [pid: 8|app: 0|req: 672/1349] 199.19.213.133 () {34 vars in 892 bytes} [Mon Jun 15 21:35:35 2026] GET /resource_providers?in_tree=a712f50f-f943-4545-ba74-c0a8d0a27223 => generated 798 bytes in 18 msecs (HTTP/1.1 200) 6 headers in 225 bytes (1 switches on core 0)
2026-06-15 21:35:35.287 7 INFO placement.requestlog [req-d90f6bcf-afcf-4282-88ba-17cde8e3f1fc req-d0272243-b5a6-47cf-a18d-40487479527b 406a72873fbd4983917b50c85b2eaf9e ecb87fc712134b72a5c062fae64eec29 - - ef118018b2c5483ba10d3c78401ee998 ef118018b2c5483ba10d3c78401ee998] 199.19.213.133 "GET /resource_providers/a712f50f-f943-4545-ba74-c0a8d0a27223/inventories" status: 200 len: 401 microversion: 1.0 [pid: 7|app: 0|req: 678/1350] 199.19.213.133 () {32 vars in 857 bytes} [Mon Jun 15 21:35:35 2026] GET /resource_providers/a712f50f-f943-4545-ba74-c0a8d0a27223/inventories => generated 401 bytes in 15 msecs (HTTP/1.1 200) 6 headers in 224 bytes (1 switches on core 0)
2026-06-15 21:35:35.307 8 INFO placement.requestlog [req-d90f6bcf-afcf-4282-88ba-17cde8e3f1fc req-507b5537-ac5a-456e-a27c-ef32de02bb2f 406a72873fbd4983917b50c85b2eaf9e ecb87fc712134b72a5c062fae64eec29 - - ef118018b2c5483ba10d3c78401ee998 ef118018b2c5483ba10d3c78401ee998] 199.19.213.133 "GET /resource_providers/a712f50f-f943-4545-ba74-c0a8d0a27223/aggregates" status: 200 len: 54 microversion: 1.19 [pid: 8|app: 0|req: 673/1351] 199.19.213.133 () {34 vars in 899 bytes} [Mon Jun 15 21:35:35 2026] GET /resource_providers/a712f50f-f943-4545-ba74-c0a8d0a27223/aggregates => generated 54 bytes in 12 msecs (HTTP/1.1 200) 8 headers in 295 bytes (1 switches on core 0)
2026-06-15 21:35:35.338 7 INFO placement.requestlog [req-d90f6bcf-afcf-4282-88ba-17cde8e3f1fc req-84d0a60b-ceb6-46c5-bae3-cb32369f94d1 406a72873fbd4983917b50c85b2eaf9e ecb87fc712134b72a5c062fae64eec29 - - ef118018b2c5483ba10d3c78401ee998 ef118018b2c5483ba10d3c78401ee998] 199.19.213.133 "GET /resource_providers/a712f50f-f943-4545-ba74-c0a8d0a27223/traits" status: 200 len: 1978 microversion: 1.6 [pid: 7|app: 0|req: 679/1352] 199.19.213.133 () {34 vars in 890 bytes} [Mon Jun 15 21:35:35 2026] GET /resource_providers/a712f50f-f943-4545-ba74-c0a8d0a27223/traits => generated 1978 bytes in 23 msecs (HTTP/1.1 200) 6 headers in 225 bytes (1 switches on core 0)
2026-06-15 21:35:35.371 8 INFO placement.requestlog [req-d90f6bcf-afcf-4282-88ba-17cde8e3f1fc req-a09d0f80-68ff-45ce-9fb9-0aa17685b291 406a72873fbd4983917b50c85b2eaf9e ecb87fc712134b72a5c062fae64eec29 - - ef118018b2c5483ba10d3c78401ee998 ef118018b2c5483ba10d3c78401ee998] 199.19.213.133 "GET /resource_providers/a712f50f-f943-4545-ba74-c0a8d0a27223/allocations" status: 200 len: 340 microversion: 1.0 [pid: 8|app: 0|req: 674/1353] 199.19.213.133 () {32 vars in 857 bytes} [Mon Jun 15 21:35:35 2026] GET /resource_providers/a712f50f-f943-4545-ba74-c0a8d0a27223/allocations => generated 340 bytes in 26 msecs (HTTP/1.1 200) 6 headers in 224 bytes (1 switches on core 0)
2026-06-15 21:35:35.394 7 INFO placement.requestlog [req-d90f6bcf-afcf-4282-88ba-17cde8e3f1fc req-e871f10f-4ada-4321-8b1e-1000258cdf01 406a72873fbd4983917b50c85b2eaf9e ecb87fc712134b72a5c062fae64eec29 - - ef118018b2c5483ba10d3c78401ee998 ef118018b2c5483ba10d3c78401ee998] 199.19.213.133 "GET /allocations/8f3d41dd-4f53-452d-83a4-2de52d216779" status: 200 len: 258 microversion: 1.28 [pid: 7|app: 0|req: 680/1354] 199.19.213.133 () {34 vars in 863 bytes} [Mon Jun 15 21:35:35 2026] GET /allocations/8f3d41dd-4f53-452d-83a4-2de52d216779 => generated 258 bytes in 17 msecs (HTTP/1.1 200) 8 headers in 296 bytes (1 switches on core 0)
2026-06-15 21:35:35.421 8 INFO placement.requestlog [req-d90f6bcf-afcf-4282-88ba-17cde8e3f1fc req-85925ad9-a049-4525-986a-80e99799c02a 406a72873fbd4983917b50c85b2eaf9e ecb87fc712134b72a5c062fae64eec29 - - ef118018b2c5483ba10d3c78401ee998 ef118018b2c5483ba10d3c78401ee998] 199.19.213.133 "GET /allocations/1991cccc-27af-40c1-afbb-49bb15d75820" status: 200 len: 245 microversion: 1.28 [pid: 8|app: 0|req: 675/1355] 199.19.213.133 () {34 vars in 863 bytes} [Mon Jun 15 21:35:35 2026] GET /allocations/1991cccc-27af-40c1-afbb-49bb15d75820 => generated 245 bytes in 19 msecs (HTTP/1.1 200) 8 headers in 296 bytes (1 switches on core 0)
2026-06-15 21:35:35.441 7 INFO placement.requestlog [req-d90f6bcf-afcf-4282-88ba-17cde8e3f1fc req-f6c99ad7-144c-43f2-ab28-0ba8dd997e68 406a72873fbd4983917b50c85b2eaf9e ecb87fc712134b72a5c062fae64eec29 - - ef118018b2c5483ba10d3c78401ee998 ef118018b2c5483ba10d3c78401ee998] 199.19.213.133 "GET /allocations/db94d330-6585-4b96-bd5d-25fd240cf513" status: 200 len: 258 microversion: 1.28 [pid: 7|app: 0|req: 681/1356] 199.19.213.133 () {34 vars in 863 bytes} [Mon Jun 15 21:35:35 2026] GET /allocations/db94d330-6585-4b96-bd5d-25fd240cf513 => generated 258 bytes in 13 msecs (HTTP/1.1 200) 8 headers in 296 bytes (1 switches on core 0)
2026-06-15 21:35:41.679 8 INFO placement.requestlog [None req-17f4d54f-879b-4f8a-bc53-437d4e52996a - - - - - -] 10.0.0.32 "GET /" status: 200 len: 136 microversion: 1.0
2026-06-15 21:35:41.679 7 INFO placement.requestlog [None req-e1297ff6-45f0-409d-a641-1f8360e3b7a8 - - - - - -] 10.0.0.32 "GET /" status: 200 len: 136 microversion: 1.0
2026-06-15 21:35:51.678 7 INFO placement.requestlog [None req-8e9c8be2-4526-4ac3-8570-d80901291acd - - - - - -] 10.0.0.32 "GET /" status: 200 len: 136 microversion: 1.0
2026-06-15 21:35:51.678 8 INFO placement.requestlog [None req-131a8d76-28e9-4d8d-88bb-1e2b35dfed61 - - - - - -] 10.0.0.32 "GET /" status: 200 len: 136 microversion: 1.0
2026-06-15 21:36:01.678 8 INFO placement.requestlog [None req-dbeeaa6b-a676-45fe-9435-0e431918741a - - - - - -] 10.0.0.32 "GET /" status: 200 len: 136 microversion: 1.0
2026-06-15 21:36:01.678 7 INFO placement.requestlog [None req-c43d248d-4a28-41f8-86b7-937aaeeb3153 - - - - - -] 10.0.0.32 "GET /" status: 200 len: 136 microversion: 1.0
2026-06-15 21:36:11.678 8 INFO placement.requestlog [None req-53b28d5b-5555-4a1f-a0cd-18d8993c702e - - - - - -] 10.0.0.32 "GET /" status: 200 len: 136 microversion: 1.0
2026-06-15 21:36:11.678 7 INFO placement.requestlog [None req-8be02b6e-fdec-441e-9168-b2d043ed218f - - - - - -] 10.0.0.32 "GET /" status: 200 len: 136 microversion: 1.0
2026-06-15 21:36:21.677 8 INFO placement.requestlog [None req-81ed2b75-8590-4192-93dc-4d6eca2dc173 - - - - - -] 10.0.0.32 "GET /" status: 200 len: 136 microversion: 1.0
2026-06-15 21:36:21.678 7 INFO placement.requestlog [None req-356afef9-ab21-4a0a-9219-7877d68ee37f - - - - - -] 10.0.0.32 "GET /" status: 200 len: 136 microversion: 1.0
2026-06-15 21:36:31.678 7 INFO placement.requestlog [None req-b568b1b1-8bf9-48fe-b03f-03bfaf690c62 - - - - - -] 10.0.0.32 "GET /" status: 200 len: 136 microversion: 1.0
2026-06-15 21:36:31.679 8 INFO placement.requestlog [None req-1e47a509-1bec-4565-8455-fd28f6dbfbf4 - - - - - -] 10.0.0.32 "GET /" status: 200 len: 136 microversion: 1.0
2026-06-15 21:36:35.125 7 INFO placement.requestlog [req-f89cbaf7-5264-48df-9cc6-321e4c886fd1 req-ae6bd027-586f-4dda-a2e9-ce87bf216cf4 406a72873fbd4983917b50c85b2eaf9e ecb87fc712134b72a5c062fae64eec29 - - ef118018b2c5483ba10d3c78401ee998 ef118018b2c5483ba10d3c78401ee998] 199.19.213.133 "GET /resource_providers/a712f50f-f943-4545-ba74-c0a8d0a27223/allocations" status: 200 len: 340 microversion: 1.0 [pid: 7|app: 0|req: 688/1369] 199.19.213.133 () {32 vars in 857 bytes} [Mon Jun 15 21:36:35 2026] GET /resource_providers/a712f50f-f943-4545-ba74-c0a8d0a27223/allocations => generated 340 bytes in 20 msecs (HTTP/1.1 200) 6 headers in 224 bytes (1 switches on core 0)
2026-06-15 21:36:35.149 8 INFO placement.requestlog [req-f89cbaf7-5264-48df-9cc6-321e4c886fd1 req-c8743faa-0b0d-4782-b086-45f7da063251 406a72873fbd4983917b50c85b2eaf9e ecb87fc712134b72a5c062fae64eec29 - - ef118018b2c5483ba10d3c78401ee998 ef118018b2c5483ba10d3c78401ee998] 199.19.213.133 "GET /resource_providers/a712f50f-f943-4545-ba74-c0a8d0a27223/allocations" status: 200 len: 340 microversion: 1.0 [pid: 8|app: 0|req: 682/1370] 199.19.213.133 () {32 vars in 857 bytes} [Mon Jun 15 21:36:35 2026] GET /resource_providers/a712f50f-f943-4545-ba74-c0a8d0a27223/allocations => generated 340 bytes in 17 msecs (HTTP/1.1 200) 6 headers in 224 bytes (1 switches on core 0)
2026-06-15 21:36:35.172 7 INFO placement.requestlog [req-f89cbaf7-5264-48df-9cc6-321e4c886fd1 req-e1721e7f-1ea9-412c-a430-57a8d3860b6b 406a72873fbd4983917b50c85b2eaf9e ecb87fc712134b72a5c062fae64eec29 - - ef118018b2c5483ba10d3c78401ee998 ef118018b2c5483ba10d3c78401ee998] 199.19.213.133 "GET /allocations/8f3d41dd-4f53-452d-83a4-2de52d216779" status: 200 len: 258 microversion: 1.28 [pid: 7|app: 0|req: 689/1371] 199.19.213.133 () {34 vars in 863 bytes} [Mon Jun 15 21:36:35 2026] GET /allocations/8f3d41dd-4f53-452d-83a4-2de52d216779 => generated 258 bytes in 16 msecs (HTTP/1.1 200) 8 headers in 296 bytes (1 switches on core 0)
