Jun 23 17:06:32.353173 np0000182574 devstack@neutron-api.service[103201]: DEBUG neutron.api.extensions [None req-35140338-0325-40b1-bcd1-bac1e9cd30f8 None None] Ext name="Normalized CIDR field for security group rules" alias="security-groups-normalized-cidr" description="Add new field with normalized remote_ip_prefix cidr in SG rule" updated="2020-07-28T10:00:00-00:00" {{(pid=103201) _check_extension /opt/stack/neutron/neutron/api/extensions.py:415}}
Jun 23 17:06:32.353173 np0000182574 devstack@neutron-api.service[103201]: INFO neutron.api.extensions [None req-35140338-0325-40b1-bcd1-bac1e9cd30f8 None None] Loaded extension: security-groups-normalized-cidr
Jun 23 17:06:32.353173 np0000182574 devstack@neutron-api.service[103201]: DEBUG neutron.api.extensions [None req-35140338-0325-40b1-bcd1-bac1e9cd30f8 None None] Loading extension file: security_groups_port_filtering.py {{(pid=103201) _load_all_extensions_from_path /opt/stack/neutron/neutron/api/extensions.py:449}}
Jun 23 17:06:32.353333 np0000182574 devstack@neutron-api.service[103200]: INFO neutron.quota.resource_registry [None req-942eb81e-a439-4bbb-adae-bc5b8a359f4a None None] Creating instance of TrackedResource for resource:security_group
Jun 23 17:06:32.353478 np0000182574 devstack@neutron-api.service[103201]: DEBUG neutron.api.extensions [None req-35140338-0325-40b1-bcd1-bac1e9cd30f8 None None] Ext name="Port filtering on security groups" alias="port-security-groups-filtering" description="Provides security groups filtering when listing ports" updated="2018-01-09T09:00:00-00:00" {{(pid=103201) _check_extension /opt/stack/neutron/neutron/api/extensions.py:415}}
Jun 23 17:06:32.353655 np0000182574 devstack@neutron-api.service[103200]: WARNING neutron.quota.resource_registry [None req-942eb81e-a439-4bbb-adae-bc5b8a359f4a None None] security_group is already registered
Jun 23 17:06:32.353748 np0000182574 devstack@neutron-api.service[103201]: INFO neutron.api.extensions [None req-35140338-0325-40b1-bcd1-bac1e9cd30f8 None None] Extension port-security-groups-filtering not supported by any of loaded plugins
Jun 23 17:06:32.353748 np0000182574 devstack@neutron-api.service[103201]: DEBUG neutron.api.extensions [None req-35140338-0325-40b1-bcd1-bac1e9cd30f8 None None] Loading extension file: security_groups_remote_address_group.py {{(pid=103201) _load_all_extensions_from_path /opt/stack/neutron/neutron/api/extensions.py:449}}
Jun 23 17:06:32.353864 np0000182574 devstack@neutron-api.service[103200]: INFO neutron.quota.resource_registry [None req-942eb81e-a439-4bbb-adae-bc5b8a359f4a None None] Creating instance of TrackedResource for resource:security_group_rule
Jun 23 17:06:32.353977 np0000182574 devstack@neutron-api.service[103201]: DEBUG neutron.api.extensions [None req-35140338-0325-40b1-bcd1-bac1e9cd30f8 None None] Ext name="Remote address group id field for security group rules" alias="security-groups-remote-address-group" description="Add new field of remote address group id in SG rules" updated="2020-08-25T10:00:00-00:00" {{(pid=103201) _check_extension /opt/stack/neutron/neutron/api/extensions.py:415}}
Jun 23 17:06:32.354082 np0000182574 devstack@neutron-api.service[103200]: WARNING neutron.quota.resource_registry [None req-942eb81e-a439-4bbb-adae-bc5b8a359f4a None None] security_group_rule is already registered
Jun 23 17:06:32.354377 np0000182574 devstack@neutron-api.service[103201]: INFO neutron.api.extensions [None req-35140338-0325-40b1-bcd1-bac1e9cd30f8 None None] Loaded extension: security-groups-remote-address-group
Jun 23 17:06:32.354377 np0000182574 devstack@neutron-api.service[103201]: DEBUG neutron.api.extensions [None req-35140338-0325-40b1-bcd1-bac1e9cd30f8 None None] Loading extension file: security_groups_rules_belongs_to_default_sg.py {{(pid=103201) _load_all_extensions_from_path /opt/stack/neutron/neutron/api/extensions.py:449}}
Jun 23 17:06:32.354498 np0000182574 devstack@neutron-api.service[103200]: DEBUG neutron.api.v2.resource_helper [None req-942eb81e-a439-4bbb-adae-bc5b8a359f4a None None] Service CORE assigned prefix: {{(pid=103200) build_resource_info /opt/stack/neutron/neutron/api/v2/resource_helper.py:77}}
Jun 23 17:06:32.354622 np0000182574 devstack@neutron-api.service[103201]: DEBUG neutron.api.extensions [None req-35140338-0325-40b1-bcd1-bac1e9cd30f8 None None] Ext name="Security group rule belongs to the project's default security group" alias="security-groups-rules-belongs-to-default-sg" description="Flag to determine if the security group rule belongs to the project's default security group" updated="2023-05-23T10:00:00-00:00" {{(pid=103201) _check_extension /opt/stack/neutron/neutron/api/extensions.py:415}}
Jun 23 17:06:32.354721 np0000182574 devstack@neutron-api.service[103200]: INFO neutron.quota.resource_registry [None req-942eb81e-a439-4bbb-adae-bc5b8a359f4a None None] Creating instance of TrackedResource for resource:subnetpool
Jun 23 17:06:32.354864 np0000182574 devstack@neutron-api.service[103201]: INFO neutron.api.extensions [None req-35140338-0325-40b1-bcd1-bac1e9cd30f8 None None] Loaded extension: security-groups-rules-belongs-to-default-sg
Jun 23 17:06:32.354955 np0000182574 devstack@neutron-api.service[103200]: WARNING neutron.quota.resource_registry [None req-942eb81e-a439-4bbb-adae-bc5b8a359f4a None None] subnetpool is already registered
Jun 23 17:06:32.355077 np0000182574 devstack@neutron-api.service[103201]: DEBUG neutron.api.extensions [None req-35140338-0325-40b1-bcd1-bac1e9cd30f8 None None] Loading extension file: security_groups_shared_filtering.py {{(pid=103201) _load_all_extensions_from_path /opt/stack/neutron/neutron/api/extensions.py:449}}
Jun 23 17:06:32.355077 np0000182574 devstack@neutron-api.service[103201]: DEBUG neutron.api.extensions [None req-35140338-0325-40b1-bcd1-bac1e9cd30f8 None None] Ext name="Security group filtering on the shared field" alias="security-groups-shared-filtering" description="Support filtering security groups on the shared field" updated="2021-10-05T09:00:00-00:00" {{(pid=103201) _check_extension /opt/stack/neutron/neutron/api/extensions.py:415}}
Jun 23 17:06:32.355242 np0000182574 devstack@neutron-api.service[103200]: DEBUG neutron.api.v2.resource_helper [None req-942eb81e-a439-4bbb-adae-bc5b8a359f4a None None] Service CORE assigned prefix: {{(pid=103200) build_resource_info /opt/stack/neutron/neutron/api/v2/resource_helper.py:77}}
Jun 23 17:06:32.355359 np0000182574 devstack@neutron-api.service[103201]: INFO neutron.api.extensions [None req-35140338-0325-40b1-bcd1-bac1e9cd30f8 None None] Loaded extension: security-groups-shared-filtering
Jun 23 17:06:32.355463 np0000182574 devstack@neutron-api.service[103200]: INFO neutron.quota.resource_registry [None req-942eb81e-a439-4bbb-adae-bc5b8a359f4a None None] Creating instance of TrackedResource for resource:subnetpool
Jun 23 17:06:32.355602 np0000182574 devstack@neutron-api.service[103201]: DEBUG neutron.api.extensions [None req-35140338-0325-40b1-bcd1-bac1e9cd30f8 None None] Loading extension file: securitygroup.py {{(pid=103201) _load_all_extensions_from_path /opt/stack/neutron/neutron/api/extensions.py:449}}
Jun 23 17:06:32.355699 np0000182574 devstack@neutron-api.service[103200]: WARNING neutron.quota.resource_registry [None req-942eb81e-a439-4bbb-adae-bc5b8a359f4a None None] subnetpool is already registered
Jun 23 17:06:32.355699 np0000182574 devstack@neutron-api.service[103200]: DEBUG neutron.api.extensions [None req-942eb81e-a439-4bbb-adae-bc5b8a359f4a None None] Extended resource: extensions {{(pid=103200) __init__ /opt/stack/neutron/neutron/api/extensions.py:156}}
Jun 23 17:06:32.355699 np0000182574 devstack@neutron-api.service[103200]: DEBUG neutron.api.extensions [None req-942eb81e-a439-4bbb-adae-bc5b8a359f4a None None] Extended resource: address-groups {{(pid=103200) __init__ /opt/stack/neutron/neutron/api/extensions.py:156}}
Jun 23 17:06:32.355699 np0000182574 devstack@neutron-api.service[103200]: DEBUG neutron.api.extensions [None req-942eb81e-a439-4bbb-adae-bc5b8a359f4a None None] Extended resource: address-scopes {{(pid=103200) __init__ /opt/stack/neutron/neutron/api/extensions.py:156}}
Jun 23 17:06:32.355699 np0000182574 devstack@neutron-api.service[103200]: DEBUG neutron.api.extensions [None req-942eb81e-a439-4bbb-adae-bc5b8a359f4a None None] Extended resource: agents {{(pid=103200) __init__ /opt/stack/neutron/neutron/api/extensions.py:156}}
Jun 23 17:06:32.355699 np0000182574 devstack@neutron-api.service[103200]: DEBUG neutron.api.extensions [None req-942eb81e-a439-4bbb-adae-bc5b8a359f4a None None] Extended resource: auto-allocated-topology {{(pid=103200) __init__ /opt/stack/neutron/neutron/api/extensions.py:156}}
Jun 23 17:06:32.356043 np0000182574 devstack@neutron-api.service[103201]: DEBUG neutron.api.extensions [None req-35140338-0325-40b1-bcd1-bac1e9cd30f8 None None] Ext name="security-group" alias="security-group" description="The security groups extension." updated="2012-10-05T10:00:00-00:00" {{(pid=103201) _check_extension /opt/stack/neutron/neutron/api/extensions.py:415}}
Jun 23 17:06:32.356191 np0000182574 devstack@neutron-api.service[103200]: DEBUG neutron.api.extensions [None req-942eb81e-a439-4bbb-adae-bc5b8a359f4a None None] Extended resource: availability_zones {{(pid=103200) __init__ /opt/stack/neutron/neutron/api/extensions.py:156}}
Jun 23 17:06:32.356365 np0000182574 devstack@neutron-api.service[103201]: INFO neutron.api.extensions [None req-35140338-0325-40b1-bcd1-bac1e9cd30f8 None None] Loaded extension: security-group
Jun 23 17:06:32.356365 np0000182574 devstack@neutron-api.service[103201]: DEBUG neutron.api.extensions [None req-35140338-0325-40b1-bcd1-bac1e9cd30f8 None None] Loading extension file: segment.py {{(pid=103201) _load_all_extensions_from_path /opt/stack/neutron/neutron/api/extensions.py:449}}
Jun 23 17:06:32.356365 np0000182574 devstack@neutron-api.service[103201]: DEBUG neutron.api.extensions [None req-35140338-0325-40b1-bcd1-bac1e9cd30f8 None None] Ext name="Segment" alias="segment" description="Segments extension." updated="2016-02-24T17:00:00-00:00" {{(pid=103201) _check_extension /opt/stack/neutron/neutron/api/extensions.py:415}}
Jun 23 17:06:32.356577 np0000182574 devstack@neutron-api.service[103200]: DEBUG neutron.api.extensions [None req-942eb81e-a439-4bbb-adae-bc5b8a359f4a None None] Extended resource: dhcp-networks {{(pid=103200) __init__ /opt/stack/neutron/neutron/api/extensions.py:156}}
Jun 23 17:06:32.356742 np0000182574 devstack@neutron-api.service[103201]: INFO neutron.api.extensions [None req-35140338-0325-40b1-bcd1-bac1e9cd30f8 None None] Extension segment not supported by any of loaded plugins
Jun 23 17:06:32.356742 np0000182574 devstack@neutron-api.service[103201]: DEBUG neutron.api.extensions [None req-35140338-0325-40b1-bcd1-bac1e9cd30f8 None None] Loading extension file: segments_peer_subnet_host_routes.py {{(pid=103201) _load_all_extensions_from_path /opt/stack/neutron/neutron/api/extensions.py:449}}
Jun 23 17:06:32.356742 np0000182574 devstack@neutron-api.service[103201]: DEBUG neutron.api.extensions [None req-35140338-0325-40b1-bcd1-bac1e9cd30f8 None None] Ext name="Segments peer-subnet host routes" alias="segments-peer-subnet-host-routes" description="Add host routes to subnets on a routed network (segments)" updated="2018-06-12T10:00:00-00:00" {{(pid=103201) _check_extension /opt/stack/neutron/neutron/api/extensions.py:415}}
Jun 23 17:06:32.356742 np0000182574 devstack@neutron-api.service[103201]: INFO neutron.api.extensions [None req-35140338-0325-40b1-bcd1-bac1e9cd30f8 None None] Extension segments-peer-subnet-host-routes not supported by any of loaded plugins
Jun 23 17:06:32.357012 np0000182574 devstack@neutron-api.service[103200]: DEBUG neutron.api.extensions [None req-942eb81e-a439-4bbb-adae-bc5b8a359f4a None None] Extended resource: dhcp-agents {{(pid=103200) __init__ /opt/stack/neutron/neutron/api/extensions.py:156}}
Jun 23 17:06:32.357383 np0000182574 devstack@neutron-api.service[103201]: DEBUG neutron.api.extensions [None req-35140338-0325-40b1-bcd1-bac1e9cd30f8 None None] Loading extension file: servicetype.py {{(pid=103201) _load_all_extensions_from_path /opt/stack/neutron/neutron/api/extensions.py:449}}
Jun 23 17:06:32.357383 np0000182574 devstack@neutron-api.service[103201]: DEBUG neutron.api.extensions [None req-35140338-0325-40b1-bcd1-bac1e9cd30f8 None None] Ext name="Neutron Service Type Management" alias="service-type" description="API for retrieving service providers for Neutron advanced services" updated="2013-01-20T00:00:00-00:00" {{(pid=103201) _check_extension /opt/stack/neutron/neutron/api/extensions.py:415}}
Jun 23 17:06:32.357383 np0000182574 devstack@neutron-api.service[103201]: INFO neutron.api.extensions [None req-35140338-0325-40b1-bcd1-bac1e9cd30f8 None None] Loaded extension: service-type
Jun 23 17:06:32.357383 np0000182574 devstack@neutron-api.service[103201]: DEBUG neutron.api.extensions [None req-35140338-0325-40b1-bcd1-bac1e9cd30f8 None None] Loading extension file: sorting.py {{(pid=103201) _load_all_extensions_from_path /opt/stack/neutron/neutron/api/extensions.py:449}}
Jun 23 17:06:32.357634 np0000182574 devstack@neutron-api.service[103200]: DEBUG neutron.api.extensions [None req-942eb81e-a439-4bbb-adae-bc5b8a359f4a None None] Extended resource: routers {{(pid=103200) __init__ /opt/stack/neutron/neutron/api/extensions.py:156}}
Jun 23 17:06:32.357848 np0000182574 devstack@neutron-api.service[103201]: DEBUG neutron.api.extensions [None req-35140338-0325-40b1-bcd1-bac1e9cd30f8 None None] Ext name="Sorting support" alias="sorting" description="Extension that indicates that sorting is enabled." updated="2016-06-12T00:00:00-00:00" {{(pid=103201) _check_extension /opt/stack/neutron/neutron/api/extensions.py:415}}
Jun 23 17:06:32.357848 np0000182574 devstack@neutron-api.service[103201]: INFO neutron.api.extensions [None req-35140338-0325-40b1-bcd1-bac1e9cd30f8 None None] Loaded extension: sorting
Jun 23 17:06:32.357848 np0000182574 devstack@neutron-api.service[103201]: DEBUG neutron.api.extensions [None req-35140338-0325-40b1-bcd1-bac1e9cd30f8 None None] Loading extension file: standard_attr_segment.py {{(pid=103201) _load_all_extensions_from_path /opt/stack/neutron/neutron/api/extensions.py:449}}
Jun 23 17:06:32.357848 np0000182574 devstack@neutron-api.service[103201]: DEBUG neutron.api.extensions [None req-35140338-0325-40b1-bcd1-bac1e9cd30f8 None None] Ext name="Standard Attribute Segment Extension" alias="standard-attr-segment" description="Add standard attributes to Segment resource" updated="2018-04-09T10:00:00-00:00" {{(pid=103201) _check_extension /opt/stack/neutron/neutron/api/extensions.py:415}}
Jun 23 17:06:32.357848 np0000182574 devstack@neutron-api.service[103201]: INFO neutron.api.extensions [None req-35140338-0325-40b1-bcd1-bac1e9cd30f8 None None] Extension standard-attr-segment not supported by any of loaded plugins
Jun 23 17:06:32.358058 np0000182574 devstack@neutron-api.service[103200]: DEBUG neutron.api.extensions [None req-942eb81e-a439-4bbb-adae-bc5b8a359f4a None None] Extended resource: flavors {{(pid=103200) __init__ /opt/stack/neutron/neutron/api/extensions.py:156}}
Jun 23 17:06:32.358196 np0000182574 devstack@neutron-api.service[103201]: DEBUG neutron.api.extensions [None req-35140338-0325-40b1-bcd1-bac1e9cd30f8 None None] Loading extension file: standardattrdescription.py {{(pid=103201) _load_all_extensions_from_path /opt/stack/neutron/neutron/api/extensions.py:449}}
Jun 23 17:06:32.358196 np0000182574 devstack@neutron-api.service[103201]: DEBUG neutron.api.extensions [None req-35140338-0325-40b1-bcd1-bac1e9cd30f8 None None] Ext name="standard-attr-description" alias="standard-attr-description" description="Extension to add descriptions to standard attributes" updated="2016-02-10T10:00:00-00:00" {{(pid=103201) _check_extension /opt/stack/neutron/neutron/api/extensions.py:415}}
Jun 23 17:06:32.358315 np0000182574 devstack@neutron-api.service[103200]: DEBUG neutron.api.extensions [None req-942eb81e-a439-4bbb-adae-bc5b8a359f4a None None] Extended resource: service_profiles {{(pid=103200) __init__ /opt/stack/neutron/neutron/api/extensions.py:156}}
Jun 23 17:06:32.358441 np0000182574 devstack@neutron-api.service[103201]: INFO neutron.api.extensions [None req-35140338-0325-40b1-bcd1-bac1e9cd30f8 None None] Loaded extension: standard-attr-description
Jun 23 17:06:32.358441 np0000182574 devstack@neutron-api.service[103201]: DEBUG neutron.api.extensions [None req-35140338-0325-40b1-bcd1-bac1e9cd30f8 None None] Loading extension file: stateful_security_group.py {{(pid=103201) _load_all_extensions_from_path /opt/stack/neutron/neutron/api/extensions.py:449}}
Jun 23 17:06:32.358441 np0000182574 devstack@neutron-api.service[103201]: DEBUG neutron.api.extensions [None req-35140338-0325-40b1-bcd1-bac1e9cd30f8 None None] Ext name="Stateful security group" alias="stateful-security-group" description="Indicates if the security group is stateful or not" updated="2019-11-26T09:00:00-00:00" {{(pid=103201) _check_extension /opt/stack/neutron/neutron/api/extensions.py:415}}
Jun 23 17:06:32.358587 np0000182574 devstack@neutron-api.service[103200]: DEBUG neutron.api.extensions [None req-942eb81e-a439-4bbb-adae-bc5b8a359f4a None None] Extended resource: next_providers {{(pid=103200) __init__ /opt/stack/neutron/neutron/api/extensions.py:156}}
Jun 23 17:06:32.358678 np0000182574 devstack@neutron-api.service[103201]: INFO neutron.api.extensions [None req-35140338-0325-40b1-bcd1-bac1e9cd30f8 None None] Loaded extension: stateful-security-group
Jun 23 17:06:32.358678 np0000182574 devstack@neutron-api.service[103201]: DEBUG neutron.api.extensions [None req-35140338-0325-40b1-bcd1-bac1e9cd30f8 None None] Loading extension file: stdattrs_common.py {{(pid=103201) _load_all_extensions_from_path /opt/stack/neutron/neutron/api/extensions.py:449}}
Jun 23 17:06:32.358678 np0000182574 devstack@neutron-api.service[103201]: WARNING neutron.api.extensions [None req-35140338-0325-40b1-bcd1-bac1e9cd30f8 None None] Did not find expected name "Stdattrs_common" in /opt/stack/neutron/neutron/extensions/stdattrs_common.py
Jun 23 17:06:32.358678 np0000182574 devstack@neutron-api.service[103201]: DEBUG neutron.api.extensions [None req-35140338-0325-40b1-bcd1-bac1e9cd30f8 None None] Loading extension file: subnet_dns_publish_fixed_ip.py {{(pid=103201) _load_all_extensions_from_path /opt/stack/neutron/neutron/api/extensions.py:449}}
Jun 23 17:06:32.358851 np0000182574 devstack@neutron-api.service[103200]: DEBUG neutron.api.extensions [None req-942eb81e-a439-4bbb-adae-bc5b8a359f4a None None] Extended resource: service_profiles {{(pid=103200) __init__ /opt/stack/neutron/neutron/api/extensions.py:156}}
Jun 23 17:06:32.358967 np0000182574 devstack@neutron-api.service[103201]: DEBUG neutron.api.extensions [None req-35140338-0325-40b1-bcd1-bac1e9cd30f8 None None] Ext name="Subnet DNS publish fixed IP" alias="subnet-dns-publish-fixed-ip" description="Support choosing to publish DNS records for IPs from a subnet" updated="2019-05-24T10:00:00-00:00" {{(pid=103201) _check_extension /opt/stack/neutron/neutron/api/extensions.py:415}}
Jun 23 17:06:32.358967 np0000182574 devstack@neutron-api.service[103201]: INFO neutron.api.extensions [None req-35140338-0325-40b1-bcd1-bac1e9cd30f8 None None] Loaded extension: subnet-dns-publish-fixed-ip
Jun 23 17:06:32.358967 np0000182574 devstack@neutron-api.service[103201]: DEBUG neutron.api.extensions [None req-35140338-0325-40b1-bcd1-bac1e9cd30f8 None None] Loading extension file: subnet_external_network.py {{(pid=103201) _load_all_extensions_from_path /opt/stack/neutron/neutron/api/extensions.py:449}}
Jun 23 17:06:32.359126 np0000182574 devstack@neutron-api.service[103200]: DEBUG neutron.api.extensions [None req-942eb81e-a439-4bbb-adae-bc5b8a359f4a None None] Extended resource: floatingip-pools {{(pid=103200) __init__ /opt/stack/neutron/neutron/api/extensions.py:156}}
Jun 23 17:06:32.359242 np0000182574 devstack@neutron-api.service[103201]: DEBUG neutron.api.extensions [None req-35140338-0325-40b1-bcd1-bac1e9cd30f8 None None] Ext name="Subnet belongs to an external network" alias="subnet-external-network" description="Informs if the subnet belongs to an external network" updated="2024-02-05T18:00:00-00:00" {{(pid=103201) _check_extension /opt/stack/neutron/neutron/api/extensions.py:415}}
Jun 23 17:06:32.359242 np0000182574 devstack@neutron-api.service[103201]: INFO neutron.api.extensions [None req-35140338-0325-40b1-bcd1-bac1e9cd30f8 None None] Loaded extension: subnet-external-network
Jun 23 17:06:32.359242 np0000182574 devstack@neutron-api.service[103201]: DEBUG neutron.api.extensions [None req-35140338-0325-40b1-bcd1-bac1e9cd30f8 None None] Loading extension file: subnet_onboard.py {{(pid=103201) _load_all_extensions_from_path /opt/stack/neutron/neutron/api/extensions.py:449}}
Jun 23 17:06:32.359422 np0000182574 devstack@neutron-api.service[103200]: DEBUG neutron.api.extensions [None req-942eb81e-a439-4bbb-adae-bc5b8a359f4a None None] Extended resource: routers {{(pid=103200) __init__ /opt/stack/neutron/neutron/api/extensions.py:156}}
Jun 23 17:06:32.359583 np0000182574 devstack@neutron-api.service[103201]: DEBUG neutron.api.extensions [None req-35140338-0325-40b1-bcd1-bac1e9cd30f8 None None] Ext name="Subnet Onboard" alias="subnet_onboard" description="Provides support for onboarding subnets into subnet pools" updated="2018-12-18T09:00:00-00:00" {{(pid=103201) _check_extension /opt/stack/neutron/neutron/api/extensions.py:415}}
Jun 23 17:06:32.359583 np0000182574 devstack@neutron-api.service[103201]: INFO neutron.api.extensions [None req-35140338-0325-40b1-bcd1-bac1e9cd30f8 None None] Loaded extension: subnet_onboard
Jun 23 17:06:32.359583 np0000182574 devstack@neutron-api.service[103201]: DEBUG neutron.api.extensions [None req-35140338-0325-40b1-bcd1-bac1e9cd30f8 None None] Loading extension file: subnet_segmentid_writable.py {{(pid=103201) _load_all_extensions_from_path /opt/stack/neutron/neutron/api/extensions.py:449}}
Jun 23 17:06:32.359583 np0000182574 devstack@neutron-api.service[103201]: DEBUG neutron.api.extensions [None req-35140338-0325-40b1-bcd1-bac1e9cd30f8 None None] Ext name="Subnet SegmentID (writable)" alias="subnet-segmentid-writable" description="Provides a writable segment_id attribute for a subnet resource." updated="2018-03-12T00:00:00-00:00" {{(pid=103201) _check_extension /opt/stack/neutron/neutron/api/extensions.py:415}}
Jun 23 17:06:32.359583 np0000182574 devstack@neutron-api.service[103201]: INFO neutron.api.extensions [None req-35140338-0325-40b1-bcd1-bac1e9cd30f8 None None] Extension subnet-segmentid-writable not supported by any of loaded plugins
Jun 23 17:06:32.359583 np0000182574 devstack@neutron-api.service[103201]: DEBUG neutron.api.extensions [None req-35140338-0325-40b1-bcd1-bac1e9cd30f8 None None] Loading extension file: subnet_service_types.py {{(pid=103201) _load_all_extensions_from_path /opt/stack/neutron/neutron/api/extensions.py:449}}
Jun 23 17:06:32.359583 np0000182574 devstack@neutron-api.service[103201]: DEBUG neutron.api.extensions [None req-35140338-0325-40b1-bcd1-bac1e9cd30f8 None None] Ext name="Subnet service types" alias="subnet-service-types" description="Provides ability to set the subnet service_types field" updated="2016-03-15T18:00:00-00:00" {{(pid=103201) _check_extension /opt/stack/neutron/neutron/api/extensions.py:415}}
Jun 23 17:06:32.359926 np0000182574 devstack@neutron-api.service[103201]: INFO neutron.api.extensions [None req-35140338-0325-40b1-bcd1-bac1e9cd30f8 None None] Loaded extension: subnet-service-types
Jun 23 17:06:32.359926 np0000182574 devstack@neutron-api.service[103201]: DEBUG neutron.api.extensions [None req-35140338-0325-40b1-bcd1-bac1e9cd30f8 None None] Loading extension file: subnetallocation.py {{(pid=103201) _load_all_extensions_from_path /opt/stack/neutron/neutron/api/extensions.py:449}}
Jun 23 17:06:32.359926 np0000182574 devstack@neutron-api.service[103201]: DEBUG neutron.api.extensions [None req-35140338-0325-40b1-bcd1-bac1e9cd30f8 None None] Ext name="Subnet Allocation" alias="subnet_allocation" description="Enables allocation of subnets from a subnet pool" updated="2015-03-30T10:00:00-00:00" {{(pid=103201) _check_extension /opt/stack/neutron/neutron/api/extensions.py:415}}
Jun 23 17:06:32.359926 np0000182574 devstack@neutron-api.service[103201]: INFO neutron.api.extensions [None req-35140338-0325-40b1-bcd1-bac1e9cd30f8 None None] Loaded extension: subnet_allocation
Jun 23 17:06:32.360123 np0000182574 devstack@neutron-api.service[103201]: DEBUG neutron.api.extensions [None req-35140338-0325-40b1-bcd1-bac1e9cd30f8 None None] Loading extension file: subnetpool_prefix_ops.py {{(pid=103201) _load_all_extensions_from_path /opt/stack/neutron/neutron/api/extensions.py:449}}
Jun 23 17:06:32.360239 np0000182574 devstack@neutron-api.service[103200]: DEBUG neutron.api.extensions [None req-942eb81e-a439-4bbb-adae-bc5b8a359f4a None None] Extended resource: floatingips {{(pid=103200) __init__ /opt/stack/neutron/neutron/api/extensions.py:156}}
Jun 23 17:06:32.360353 np0000182574 devstack@neutron-api.service[103201]: DEBUG neutron.api.extensions [None req-35140338-0325-40b1-bcd1-bac1e9cd30f8 None None] Ext name="Subnet Pool Prefix Operations" alias="subnetpool-prefix-ops" description="Provides support for adjusting the prefix list of subnet pools" updated="2019-02-08T10:00:00-00:00" {{(pid=103201) _check_extension /opt/stack/neutron/neutron/api/extensions.py:415}}
Jun 23 17:06:32.360452 np0000182574 devstack@neutron-api.service[103201]: INFO neutron.api.extensions [None req-35140338-0325-40b1-bcd1-bac1e9cd30f8 None None] Loaded extension: subnetpool-prefix-ops
Jun 23 17:06:32.360614 np0000182574 devstack@neutron-api.service[103201]: DEBUG neutron.api.extensions [None req-35140338-0325-40b1-bcd1-bac1e9cd30f8 None None] Loading extension file: tag_creation.py {{(pid=103201) _load_all_extensions_from_path /opt/stack/neutron/neutron/api/extensions.py:449}}
Jun 23 17:06:32.360720 np0000182574 devstack@neutron-api.service[103200]: DEBUG neutron.api.extensions [None req-942eb81e-a439-4bbb-adae-bc5b8a359f4a None None] Extended resource: l3-routers {{(pid=103200) __init__ /opt/stack/neutron/neutron/api/extensions.py:156}}
Jun 23 17:06:32.360938 np0000182574 devstack@neutron-api.service[103201]: DEBUG neutron.api.extensions [None req-35140338-0325-40b1-bcd1-bac1e9cd30f8 None None] Ext name="Tag creation extension" alias="tag-creation" description="Allow to create multiple tags for a resource" updated="2024-23-07T10:00:00-00:00" {{(pid=103201) _check_extension /opt/stack/neutron/neutron/api/extensions.py:415}}
Jun 23 17:06:32.360938 np0000182574 devstack@neutron-api.service[103201]: INFO neutron.api.extensions [None req-35140338-0325-40b1-bcd1-bac1e9cd30f8 None None] Loaded extension: tag-creation
Jun 23 17:06:32.360938 np0000182574 devstack@neutron-api.service[103201]: DEBUG neutron.api.extensions [None req-35140338-0325-40b1-bcd1-bac1e9cd30f8 None None] Loading extension file: tag_ports_during_bulk_creation.py {{(pid=103201) _load_all_extensions_from_path /opt/stack/neutron/neutron/api/extensions.py:449}}
Jun 23 17:06:32.361307 np0000182574 devstack@neutron-api.service[103201]: DEBUG neutron.api.extensions [None req-35140338-0325-40b1-bcd1-bac1e9cd30f8 None None] Ext name="Tag Ports During Bulk Creation" alias="tag-ports-during-bulk-creation" description="Allow to tag ports during bulk creation" updated="2019-12-29T19:00:00-00:00" {{(pid=103201) _check_extension /opt/stack/neutron/neutron/api/extensions.py:415}}
Jun 23 17:06:32.361437 np0000182574 devstack@neutron-api.service[103200]: DEBUG neutron.api.extensions [None req-942eb81e-a439-4bbb-adae-bc5b8a359f4a None None] Extended resource: l3-agents {{(pid=103200) __init__ /opt/stack/neutron/neutron/api/extensions.py:156}}
Jun 23 17:06:32.361636 np0000182574 devstack@neutron-api.service[103201]: INFO neutron.api.extensions [None req-35140338-0325-40b1-bcd1-bac1e9cd30f8 None None] Extension tag-ports-during-bulk-creation not supported by any of loaded plugins
Jun 23 17:06:32.361636 np0000182574 devstack@neutron-api.service[103201]: DEBUG neutron.api.extensions [None req-35140338-0325-40b1-bcd1-bac1e9cd30f8 None None] Loading extension file: tagging.py {{(pid=103201) _load_all_extensions_from_path /opt/stack/neutron/neutron/api/extensions.py:449}}
Jun 23 17:06:32.361861 np0000182574 devstack@neutron-api.service[103200]: DEBUG neutron.api.extensions [None req-942eb81e-a439-4bbb-adae-bc5b8a359f4a None None] Extended resource: network-ip-availabilities {{(pid=103200) __init__ /opt/stack/neutron/neutron/api/extensions.py:156}}
Jun 23 17:06:32.362391 np0000182574 devstack@neutron-api.service[103201]: DEBUG neutron.api.extensions [None req-35140338-0325-40b1-bcd1-bac1e9cd30f8 None None] Ext name="Tag support for resources with standard attribute: port, subnet, subnetpool, network, security_group, router, floatingip, policy, trunk, network_segment_range" alias="standard-attr-tag" description="Enables to set tag on resources with standard attribute." updated="2017-01-01T00:00:00-00:00" {{(pid=103201) _check_extension /opt/stack/neutron/neutron/api/extensions.py:415}}
Jun 23 17:06:32.362538 np0000182574 devstack@neutron-api.service[103200]: DEBUG neutron.api.extensions [None req-942eb81e-a439-4bbb-adae-bc5b8a359f4a None None] Extended resource: network-ip-availabilities {{(pid=103200) __init__ /opt/stack/neutron/neutron/api/extensions.py:156}}
Jun 23 17:06:32.362657 np0000182574 devstack@neutron-api.service[103201]: INFO neutron.api.extensions [None req-35140338-0325-40b1-bcd1-bac1e9cd30f8 None None] Loaded extension: standard-attr-tag
Jun 23 17:06:32.362657 np0000182574 devstack@neutron-api.service[103201]: DEBUG neutron.api.extensions [None req-35140338-0325-40b1-bcd1-bac1e9cd30f8 None None] Loading extension file: timestamp.py {{(pid=103201) _load_all_extensions_from_path /opt/stack/neutron/neutron/api/extensions.py:449}}
Jun 23 17:06:32.362874 np0000182574 devstack@neutron-api.service[103201]: DEBUG neutron.api.extensions [None req-35140338-0325-40b1-bcd1-bac1e9cd30f8 None None] Ext name="Resource timestamps" alias="standard-attr-timestamp" description="Adds created_at and updated_at fields to all Neutron resources that have Neutron standard attributes." updated="2016-09-12T10:00:00-00:00" {{(pid=103201) _check_extension /opt/stack/neutron/neutron/api/extensions.py:415}}
Jun 23 17:06:32.363040 np0000182574 devstack@neutron-api.service[103201]: INFO neutron.api.extensions [None req-35140338-0325-40b1-bcd1-bac1e9cd30f8 None None] Loaded extension: standard-attr-timestamp
Jun 23 17:06:32.363040 np0000182574 devstack@neutron-api.service[103201]: DEBUG neutron.api.extensions [None req-35140338-0325-40b1-bcd1-bac1e9cd30f8 None None] Loading extension file: trunk.py {{(pid=103201) _load_all_extensions_from_path /opt/stack/neutron/neutron/api/extensions.py:449}}
Jun 23 17:06:32.363370 np0000182574 devstack@neutron-api.service[103201]: DEBUG neutron.api.extensions [None req-35140338-0325-40b1-bcd1-bac1e9cd30f8 None None] Ext name="Trunk Extension" alias="trunk" description="Provides support for trunk ports" updated="2016-01-01T10:00:00-00:00" {{(pid=103201) _check_extension /opt/stack/neutron/neutron/api/extensions.py:415}}
Jun 23 17:06:32.363453 np0000182574 devstack@neutron-api.service[103200]: DEBUG neutron.api.extensions [None req-942eb81e-a439-4bbb-adae-bc5b8a359f4a None None] Extended resource: bindings {{(pid=103200) __init__ /opt/stack/neutron/neutron/api/extensions.py:156}}
Jun 23 17:06:32.363570 np0000182574 devstack@neutron-api.service[103201]: INFO neutron.api.extensions [None req-35140338-0325-40b1-bcd1-bac1e9cd30f8 None None] Extension trunk not supported by any of loaded plugins
Jun 23 17:06:32.363570 np0000182574 devstack@neutron-api.service[103201]: DEBUG neutron.api.extensions [None req-35140338-0325-40b1-bcd1-bac1e9cd30f8 None None] Loading extension file: trunk_details.py {{(pid=103201) _load_all_extensions_from_path /opt/stack/neutron/neutron/api/extensions.py:449}}
Jun 23 17:06:32.363893 np0000182574 devstack@neutron-api.service[103201]: DEBUG neutron.api.extensions [None req-35140338-0325-40b1-bcd1-bac1e9cd30f8 None None] Ext name="Trunk port details" alias="trunk-details" description="Expose trunk port details" updated="2016-01-01T10:00:00-00:00" {{(pid=103201) _check_extension /opt/stack/neutron/neutron/api/extensions.py:415}}
Jun 23 17:06:32.364061 np0000182574 devstack@neutron-api.service[103201]: INFO neutron.api.extensions [None req-35140338-0325-40b1-bcd1-bac1e9cd30f8 None None] Extension trunk-details not supported by any of loaded plugins
Jun 23 17:06:32.364165 np0000182574 devstack@neutron-api.service[103200]: DEBUG neutron.api.extensions [None req-942eb81e-a439-4bbb-adae-bc5b8a359f4a None None] Extended resource: quotas {{(pid=103200) __init__ /opt/stack/neutron/neutron/api/extensions.py:156}}
Jun 23 17:06:32.364260 np0000182574 devstack@neutron-api.service[103201]: DEBUG neutron.api.extensions [None req-35140338-0325-40b1-bcd1-bac1e9cd30f8 None None] Loading extension file: uplink_status_propagation.py {{(pid=103201) _load_all_extensions_from_path /opt/stack/neutron/neutron/api/extensions.py:449}}
Jun 23 17:06:32.364441 np0000182574 devstack@neutron-api.service[103201]: DEBUG neutron.api.extensions [None req-35140338-0325-40b1-bcd1-bac1e9cd30f8 None None] Ext name="Uplink status propagation extension" alias="uplink-status-propagation" description="Provides ability to propagate port uplink status." updated="2018-05-31T18:00:00-00:00" {{(pid=103201) _check_extension /opt/stack/neutron/neutron/api/extensions.py:415}}
Jun 23 17:06:32.364559 np0000182574 devstack@neutron-api.service[103201]: INFO neutron.api.extensions [None req-35140338-0325-40b1-bcd1-bac1e9cd30f8 None None] Extension uplink-status-propagation not supported by any of loaded plugins
Jun 23 17:06:32.364651 np0000182574 devstack@neutron-api.service[103201]: DEBUG neutron.api.extensions [None req-35140338-0325-40b1-bcd1-bac1e9cd30f8 None None] Loading extension file: uplink_status_propagation_updatable.py {{(pid=103201) _load_all_extensions_from_path /opt/stack/neutron/neutron/api/extensions.py:449}}
Jun 23 17:06:32.364779 np0000182574 devstack@neutron-api.service[103200]: DEBUG neutron.api.extensions [None req-942eb81e-a439-4bbb-adae-bc5b8a359f4a None None] Extended resource: quotas {{(pid=103200) __init__ /opt/stack/neutron/neutron/api/extensions.py:156}}
Jun 23 17:06:32.364868 np0000182574 devstack@neutron-api.service[103201]: DEBUG neutron.api.extensions [None req-35140338-0325-40b1-bcd1-bac1e9cd30f8 None None] Ext name="Uplink status propagation updatable extension" alias="uplink-status-propagation-updatable" description="Provides ability to update the port uplink status." updated="2024-09-03T18:00:00-00:00" {{(pid=103201) _check_extension /opt/stack/neutron/neutron/api/extensions.py:415}}
Jun 23 17:06:32.365019 np0000182574 devstack@neutron-api.service[103201]: INFO neutron.api.extensions [None req-35140338-0325-40b1-bcd1-bac1e9cd30f8 None None] Extension uplink-status-propagation-updatable not supported by any of loaded plugins
Jun 23 17:06:32.365109 np0000182574 devstack@neutron-api.service[103201]: DEBUG neutron.api.extensions [None req-35140338-0325-40b1-bcd1-bac1e9cd30f8 None None] Loading extension file: vlantransparent.py {{(pid=103201) _load_all_extensions_from_path /opt/stack/neutron/neutron/api/extensions.py:449}}
Jun 23 17:06:32.365361 np0000182574 devstack@neutron-api.service[103201]: DEBUG neutron.api.extensions [None req-35140338-0325-40b1-bcd1-bac1e9cd30f8 None None] Ext name="Vlantransparent" alias="vlan-transparent" description="Provides Vlan Transparent Networks" updated="2015-03-23T09:00:00-00:00" {{(pid=103201) _check_extension /opt/stack/neutron/neutron/api/extensions.py:415}}
Jun 23 17:06:32.365531 np0000182574 devstack@neutron-api.service[103200]: DEBUG neutron.api.extensions [None req-942eb81e-a439-4bbb-adae-bc5b8a359f4a None None] Extended resource: rbac-policies {{(pid=103200) __init__ /opt/stack/neutron/neutron/api/extensions.py:156}}
Jun 23 17:06:32.365739 np0000182574 devstack@neutron-api.service[103201]: INFO neutron.api.extensions [None req-35140338-0325-40b1-bcd1-bac1e9cd30f8 None None] Loaded extension: vlan-transparent
Jun 23 17:06:32.365980 np0000182574 devstack@neutron-api.service[103200]: DEBUG neutron.api.extensions [None req-942eb81e-a439-4bbb-adae-bc5b8a359f4a None None] Extended resource: default-security-group-rules {{(pid=103200) __init__ /opt/stack/neutron/neutron/api/extensions.py:156}}
Jun 23 17:06:32.366541 np0000182574 devstack@neutron-api.service[103200]: DEBUG neutron.api.extensions [None req-942eb81e-a439-4bbb-adae-bc5b8a359f4a None None] Extended resource: security-groups-default-statefulness {{(pid=103200) __init__ /opt/stack/neutron/neutron/api/extensions.py:156}}
Jun 23 17:06:32.367187 np0000182574 devstack@neutron-api.service[103200]: DEBUG neutron.api.extensions [None req-942eb81e-a439-4bbb-adae-bc5b8a359f4a None None] Extended resource: security-groups {{(pid=103200) __init__ /opt/stack/neutron/neutron/api/extensions.py:156}}
Jun 23 17:06:32.367288 np0000182574 devstack@neutron-api.service[103201]: INFO neutron.quota.resource_registry [None req-35140338-0325-40b1-bcd1-bac1e9cd30f8 None None] Creating instance of TrackedResource for resource:network
Jun 23 17:06:32.367516 np0000182574 devstack@neutron-api.service[103201]: INFO neutron.quota.resource_registry [None req-35140338-0325-40b1-bcd1-bac1e9cd30f8 None None] Creating instance of TrackedResource for resource:subnet
Jun 23 17:06:32.367639 np0000182574 devstack@neutron-api.service[103201]: INFO neutron.quota.resource_registry [None req-35140338-0325-40b1-bcd1-bac1e9cd30f8 None None] Creating instance of TrackedResource for resource:subnetpool
Jun 23 17:06:32.367722 np0000182574 devstack@neutron-api.service[103200]: DEBUG neutron.api.extensions [None req-942eb81e-a439-4bbb-adae-bc5b8a359f4a None None] Extended resource: security-group-rules {{(pid=103200) __init__ /opt/stack/neutron/neutron/api/extensions.py:156}}
Jun 23 17:06:32.367803 np0000182574 devstack@neutron-api.service[103201]: INFO neutron.quota.resource_registry [None req-35140338-0325-40b1-bcd1-bac1e9cd30f8 None None] Creating instance of TrackedResource for resource:port
Jun 23 17:06:32.368211 np0000182574 devstack@neutron-api.service[103200]: DEBUG neutron.api.extensions [None req-942eb81e-a439-4bbb-adae-bc5b8a359f4a None None] Extended resource: service-providers {{(pid=103200) __init__ /opt/stack/neutron/neutron/api/extensions.py:156}}
Jun 23 17:06:32.368670 np0000182574 devstack@neutron-api.service[103200]: DEBUG neutron.api.extensions [None req-942eb81e-a439-4bbb-adae-bc5b8a359f4a None None] Extended resource: subnetpools {{(pid=103200) __init__ /opt/stack/neutron/neutron/api/extensions.py:156}}
Jun 23 17:06:32.369271 np0000182574 devstack@neutron-api.service[103201]: INFO neutron.quota.resource_registry [None req-35140338-0325-40b1-bcd1-bac1e9cd30f8 None None] Creating instance of CountableResource for resource:router_route
Jun 23 17:06:32.369436 np0000182574 devstack@neutron-api.service[103200]: DEBUG neutron.api.extensions [None req-942eb81e-a439-4bbb-adae-bc5b8a359f4a None None] Extended resource: subnetpools {{(pid=103200) __init__ /opt/stack/neutron/neutron/api/extensions.py:156}}
Jun 23 17:06:32.369517 np0000182574 devstack@neutron-api.service[103201]: DEBUG neutron.api.v2.resource_helper [None req-35140338-0325-40b1-bcd1-bac1e9cd30f8 None None] Service L3_ROUTER_NAT assigned prefix: {{(pid=103201) build_resource_info /opt/stack/neutron/neutron/api/v2/resource_helper.py:77}}
Jun 23 17:06:32.369652 np0000182574 devstack@neutron-api.service[103201]: DEBUG neutron.api.v2.resource_helper [None req-35140338-0325-40b1-bcd1-bac1e9cd30f8 None None] Service FLAVORS assigned prefix: {{(pid=103201) build_resource_info /opt/stack/neutron/neutron/api/v2/resource_helper.py:77}}
Jun 23 17:06:32.369860 np0000182574 devstack@neutron-api.service[103200]: DEBUG neutron.api.extensions [None req-942eb81e-a439-4bbb-adae-bc5b8a359f4a None None] Extended resource: tags {{(pid=103200) __init__ /opt/stack/neutron/neutron/api/extensions.py:156}}
Jun 23 17:06:32.370574 np0000182574 devstack@neutron-api.service[103200]: DEBUG neutron.api.extensions [None req-942eb81e-a439-4bbb-adae-bc5b8a359f4a None None] Extended resource: tags {{(pid=103200) __init__ /opt/stack/neutron/neutron/api/extensions.py:156}}
Jun 23 17:06:32.370691 np0000182574 devstack@neutron-api.service[103201]: DEBUG neutron.api.v2.resource_helper [None req-35140338-0325-40b1-bcd1-bac1e9cd30f8 None None] Service L3_ROUTER_NAT assigned prefix: {{(pid=103201) build_resource_info /opt/stack/neutron/neutron/api/v2/resource_helper.py:77}}
Jun 23 17:06:32.371024 np0000182574 devstack@neutron-api.service[103201]: DEBUG neutron.api.v2.resource_helper [None req-35140338-0325-40b1-bcd1-bac1e9cd30f8 None None] Service L3_ROUTER_NAT assigned prefix: {{(pid=103201) build_resource_info /opt/stack/neutron/neutron/api/v2/resource_helper.py:77}}
Jun 23 17:06:32.371292 np0000182574 devstack@neutron-api.service[103201]: INFO neutron.quota.resource_registry [None req-35140338-0325-40b1-bcd1-bac1e9cd30f8 None None] Creating instance of TrackedResource for resource:router
Jun 23 17:06:32.371479 np0000182574 devstack@neutron-api.service[103200]: DEBUG neutron.api.extensions [None req-942eb81e-a439-4bbb-adae-bc5b8a359f4a None None] Extended resource: tags {{(pid=103200) __init__ /opt/stack/neutron/neutron/api/extensions.py:156}}
Jun 23 17:06:32.371568 np0000182574 devstack@neutron-api.service[103201]: INFO neutron.quota.resource_registry [None req-35140338-0325-40b1-bcd1-bac1e9cd30f8 None None] Creating instance of TrackedResource for resource:floatingip
Jun 23 17:06:32.372277 np0000182574 devstack@neutron-api.service[103200]: DEBUG neutron.api.extensions [None req-942eb81e-a439-4bbb-adae-bc5b8a359f4a None None] Extended resource: tags {{(pid=103200) __init__ /opt/stack/neutron/neutron/api/extensions.py:156}}
Jun 23 17:06:32.372749 np0000182574 devstack@neutron-api.service[103201]: INFO neutron.quota.resource_registry [None req-35140338-0325-40b1-bcd1-bac1e9cd30f8 None None] Creating instance of CountableResource for resource:rbac_policy
Jun 23 17:06:32.372999 np0000182574 devstack@neutron-api.service[103200]: DEBUG neutron.api.extensions [None req-942eb81e-a439-4bbb-adae-bc5b8a359f4a None None] Extended resource: tags {{(pid=103200) __init__ /opt/stack/neutron/neutron/api/extensions.py:156}}
Jun 23 17:06:32.373734 np0000182574 devstack@neutron-api.service[103200]: DEBUG neutron.api.extensions [None req-942eb81e-a439-4bbb-adae-bc5b8a359f4a None None] Extended resource: tags {{(pid=103200) __init__ /opt/stack/neutron/neutron/api/extensions.py:156}}
Jun 23 17:06:32.374068 np0000182574 devstack@neutron-api.service[103201]: INFO neutron.quota.resource_registry [None req-35140338-0325-40b1-bcd1-bac1e9cd30f8 None None] Creating instance of TrackedResource for resource:security_group
Jun 23 17:06:32.374234 np0000182574 devstack@neutron-api.service[103201]: INFO neutron.quota.resource_registry [None req-35140338-0325-40b1-bcd1-bac1e9cd30f8 None None] Creating instance of TrackedResource for resource:security_group_rule
Jun 23 17:06:32.374576 np0000182574 devstack@neutron-api.service[103200]: DEBUG neutron.api.extensions [None req-942eb81e-a439-4bbb-adae-bc5b8a359f4a None None] Extended resource: tags {{(pid=103200) __init__ /opt/stack/neutron/neutron/api/extensions.py:156}}
Jun 23 17:06:32.374876 np0000182574 devstack@neutron-api.service[103201]: DEBUG neutron.api.v2.resource_helper [None req-35140338-0325-40b1-bcd1-bac1e9cd30f8 None None] Service CORE assigned prefix: {{(pid=103201) build_resource_info /opt/stack/neutron/neutron/api/v2/resource_helper.py:77}}
Jun 23 17:06:32.374985 np0000182574 devstack@neutron-api.service[103201]: INFO neutron.quota.resource_registry [None req-35140338-0325-40b1-bcd1-bac1e9cd30f8 None None] Creating instance of TrackedResource for resource:subnetpool
Jun 23 17:06:32.375147 np0000182574 devstack@neutron-api.service[103201]: WARNING neutron.quota.resource_registry [None req-35140338-0325-40b1-bcd1-bac1e9cd30f8 None None] subnetpool is already registered
Jun 23 17:06:32.375343 np0000182574 devstack@neutron-api.service[103200]: DEBUG neutron.api.extensions [None req-942eb81e-a439-4bbb-adae-bc5b8a359f4a None None] Extended resource: tags {{(pid=103200) __init__ /opt/stack/neutron/neutron/api/extensions.py:156}}
Jun 23 17:06:32.375540 np0000182574 devstack@neutron-api.service[103201]: DEBUG neutron.api.v2.resource_helper [None req-35140338-0325-40b1-bcd1-bac1e9cd30f8 None None] Service CORE assigned prefix: {{(pid=103201) build_resource_info /opt/stack/neutron/neutron/api/v2/resource_helper.py:77}}
Jun 23 17:06:32.375764 np0000182574 devstack@neutron-api.service[103201]: INFO neutron.quota.resource_registry [None req-35140338-0325-40b1-bcd1-bac1e9cd30f8 None None] Creating instance of TrackedResource for resource:subnetpool
Jun 23 17:06:32.375764 np0000182574 devstack@neutron-api.service[103201]: WARNING neutron.quota.resource_registry [None req-35140338-0325-40b1-bcd1-bac1e9cd30f8 None None] subnetpool is already registered
Jun 23 17:06:32.376098 np0000182574 devstack@neutron-api.service[103200]: DEBUG neutron.api.extensions [None req-942eb81e-a439-4bbb-adae-bc5b8a359f4a None None] Extended resource: tags {{(pid=103200) __init__ /opt/stack/neutron/neutron/api/extensions.py:156}}
Jun 23 17:06:32.376909 np0000182574 devstack@neutron-api.service[103200]: DEBUG neutron.api.extensions [None req-942eb81e-a439-4bbb-adae-bc5b8a359f4a None None] Extended resource: tags {{(pid=103200) __init__ /opt/stack/neutron/neutron/api/extensions.py:156}}
Jun 23 17:06:32.378055 np0000182574 devstack@neutron-api.service[103201]: INFO neutron.quota.resource_registry [None req-35140338-0325-40b1-bcd1-bac1e9cd30f8 None None] Creating instance of CountableResource for resource:router_route
Jun 23 17:06:32.378221 np0000182574 devstack@neutron-api.service[103201]: WARNING neutron.quota.resource_registry [None req-35140338-0325-40b1-bcd1-bac1e9cd30f8 None None] router_route is already registered
Jun 23 17:06:32.378503 np0000182574 devstack@neutron-api.service[103201]: DEBUG neutron.api.v2.resource_helper [None req-35140338-0325-40b1-bcd1-bac1e9cd30f8 None None] Service L3_ROUTER_NAT assigned prefix: {{(pid=103201) build_resource_info /opt/stack/neutron/neutron/api/v2/resource_helper.py:77}}
Jun 23 17:06:32.379022 np0000182574 devstack@neutron-api.service[103201]: DEBUG neutron.api.v2.resource_helper [None req-35140338-0325-40b1-bcd1-bac1e9cd30f8 None None] Service FLAVORS assigned prefix: {{(pid=103201) build_resource_info /opt/stack/neutron/neutron/api/v2/resource_helper.py:77}}
Jun 23 17:06:32.380479 np0000182574 devstack@neutron-api.service[103201]: DEBUG neutron.api.v2.resource_helper [None req-35140338-0325-40b1-bcd1-bac1e9cd30f8 None None] Service L3_ROUTER_NAT assigned prefix: {{(pid=103201) build_resource_info /opt/stack/neutron/neutron/api/v2/resource_helper.py:77}}
Jun 23 17:06:32.380989 np0000182574 devstack@neutron-api.service[103201]: DEBUG neutron.api.v2.resource_helper [None req-35140338-0325-40b1-bcd1-bac1e9cd30f8 None None] Service L3_ROUTER_NAT assigned prefix: {{(pid=103201) build_resource_info /opt/stack/neutron/neutron/api/v2/resource_helper.py:77}}
Jun 23 17:06:32.381179 np0000182574 devstack@neutron-api.service[103201]: INFO neutron.quota.resource_registry [None req-35140338-0325-40b1-bcd1-bac1e9cd30f8 None None] Creating instance of TrackedResource for resource:router
Jun 23 17:06:32.381365 np0000182574 devstack@neutron-api.service[103201]: WARNING neutron.quota.resource_registry [None req-35140338-0325-40b1-bcd1-bac1e9cd30f8 None None] router is already registered
Jun 23 17:06:32.382214 np0000182574 devstack@neutron-api.service[103201]: INFO neutron.quota.resource_registry [None req-35140338-0325-40b1-bcd1-bac1e9cd30f8 None None] Creating instance of TrackedResource for resource:floatingip
Jun 23 17:06:32.382214 np0000182574 devstack@neutron-api.service[103201]: WARNING neutron.quota.resource_registry [None req-35140338-0325-40b1-bcd1-bac1e9cd30f8 None None] floatingip is already registered
Jun 23 17:06:32.384414 np0000182574 devstack@neutron-api.service[103201]: INFO neutron.quota.resource_registry [None req-35140338-0325-40b1-bcd1-bac1e9cd30f8 None None] Creating instance of CountableResource for resource:rbac_policy
Jun 23 17:06:32.384496 np0000182574 devstack@neutron-api.service[103201]: WARNING neutron.quota.resource_registry [None req-35140338-0325-40b1-bcd1-bac1e9cd30f8 None None] rbac_policy is already registered
Jun 23 17:06:32.385227 np0000182574 devstack@neutron-api.service[103201]: INFO neutron.quota.resource_registry [None req-35140338-0325-40b1-bcd1-bac1e9cd30f8 None None] Creating instance of TrackedResource for resource:security_group
Jun 23 17:06:32.385345 np0000182574 devstack@neutron-api.service[103201]: WARNING neutron.quota.resource_registry [None req-35140338-0325-40b1-bcd1-bac1e9cd30f8 None None] security_group is already registered
Jun 23 17:06:32.385658 np0000182574 devstack@neutron-api.service[103201]: INFO neutron.quota.resource_registry [None req-35140338-0325-40b1-bcd1-bac1e9cd30f8 None None] Creating instance of TrackedResource for resource:security_group_rule
Jun 23 17:06:32.385771 np0000182574 devstack@neutron-api.service[103201]: WARNING neutron.quota.resource_registry [None req-35140338-0325-40b1-bcd1-bac1e9cd30f8 None None] security_group_rule is already registered
Jun 23 17:06:32.386289 np0000182574 devstack@neutron-api.service[103201]: DEBUG neutron.api.v2.resource_helper [None req-35140338-0325-40b1-bcd1-bac1e9cd30f8 None None] Service CORE assigned prefix: {{(pid=103201) build_resource_info /opt/stack/neutron/neutron/api/v2/resource_helper.py:77}}
