Jun 22 06:15:06.628138 np0000182456 devstack@neutron-api.service[103291]: DEBUG oslo_concurrency.processutils [None req-97208159-5f91-4458-8523-32e9f8f79752 None None] Running cmd (subprocess): ovsdb-client transact ssl:199.204.45.156:6641 --timeout 180 -p /opt/stack/data/CA/int-ca/private/devstack-cert.key -c /opt/stack/data/CA/int-ca/devstack-cert.crt -C /opt/stack/data/CA/int-ca/ca-chain.pem ["OVN_Northbound", {"op": "wait", "timeout": 0, "table": "Port_Group", "where": [["name", "==", "pvlan_pg_drop"]], "until": "==", "rows": []}, {"op": "insert", "table": "ACL", "row": {"action": "drop", "direction": "to-lport", "match": "outport == @pvlan_pg_drop && ip", "priority": 1010}, "uuid-name": "pvlandroptoport"}, {"op": "insert", "table": "ACL", "row": {"action": "drop", "direction": "from-lport", "match": "inport == @pvlan_pg_drop && ip", "priority": 1010}, "uuid-name": "pvlandropfromport"}, {"op": "insert", "table": "Port_Group", "row": {"name": "pvlan_pg_drop", "acls": ["set", [["named-uuid", "pvlandroptoport"], ["named-uuid", "pvlandropfromport"]]]}}] {{(pid=103291) execute /opt/stack/data/venv/lib/python3.12/site-packages/oslo_concurrency/processutils.py:440}}
Jun 22 06:15:06.628628 np0000182456 devstack@neutron-api.service[103291]: INFO neutron.plugins.ml2.drivers.ovn.mech_driver.ovsdb.extensions.qos [-] Starting OVNClientQosExtension
Jun 22 06:15:06.628846 np0000182456 devstack@neutron-api.service[103291]: INFO neutron.plugins.ml2.drivers.ovn.mech_driver.ovsdb.extensions.placement [-] Starting OVNClientPlacementExtension
Jun 22 06:15:06.667027 np0000182456 devstack@neutron-api.service[103291]: DEBUG oslo_concurrency.processutils [None req-97208159-5f91-4458-8523-32e9f8f79752 None None] CMD "ovsdb-client transact ssl:199.204.45.156:6641 --timeout 180 -p /opt/stack/data/CA/int-ca/private/devstack-cert.key -c /opt/stack/data/CA/int-ca/devstack-cert.crt -C /opt/stack/data/CA/int-ca/ca-chain.pem ["OVN_Northbound", {"op": "wait", "timeout": 0, "table": "Port_Group", "where": [["name", "==", "pvlan_pg_drop"]], "until": "==", "rows": []}, {"op": "insert", "table": "ACL", "row": {"action": "drop", "direction": "to-lport", "match": "outport == @pvlan_pg_drop && ip", "priority": 1010}, "uuid-name": "pvlandroptoport"}, {"op": "insert", "table": "ACL", "row": {"action": "drop", "direction": "from-lport", "match": "inport == @pvlan_pg_drop && ip", "priority": 1010}, "uuid-name": "pvlandropfromport"}, {"op": "insert", "table": "Port_Group", "row": {"name": "pvlan_pg_drop", "acls": ["set", [["named-uuid", "pvlandroptoport"], ["named-uuid", "pvlandropfromport"]]]}}]" returned: 0 in 0.038s {{(pid=103291) execute /opt/stack/data/venv/lib/python3.12/site-packages/oslo_concurrency/processutils.py:468}}
Jun 22 06:15:06.668909 np0000182456 devstack@neutron-api.service[103291]: WSGI app 0 (mountpoint='') ready in 7 seconds on interpreter 0x7335860a3668 pid: 103291 (default app)
Jun 22 06:15:08.611306 np0000182456 devstack@neutron-api.service[103292]: DEBUG neutron.plugins.ml2.drivers.ovn.mech_driver.ovsdb.ovsdb_monitor [-] Hash Ring: Node e37e719206205d73821c6765fc098e69 (host: np0000182456) handling event "update" for row b5a2eab2-7e51-48a8-93e5-dd2b5602b7d9 (table: Connection) {{(pid=103292) notify /opt/stack/neutron/neutron/plugins/ml2/drivers/ovn/mech_driver/ovsdb/ovsdb_monitor.py:1015}}
Jun 22 06:15:08.616044 np0000182456 devstack@neutron-api.service[103289]: DEBUG neutron.common.ovn.hash_ring_manager [-] Allow caching, nodes 4>=4 {{(pid=103289) _wait_startup_before_caching /opt/stack/neutron/neutron/common/ovn/hash_ring_manager.py:71}}
Jun 22 06:15:08.616870 np0000182456 devstack@neutron-api.service[103289]: DEBUG neutron.plugins.ml2.drivers.ovn.mech_driver.ovsdb.ovsdb_monitor [-] Hash Ring: Node 1de399c56cfc5d7a9efe7eeb33459988 (host: np0000182456) handling event "update" for row b5a2eab2-7e51-48a8-93e5-dd2b5602b7d9 (table: Connection) {{(pid=103289) notify /opt/stack/neutron/neutron/plugins/ml2/drivers/ovn/mech_driver/ovsdb/ovsdb_monitor.py:1015}}
Jun 22 06:15:11.108684 np0000182456 devstack@neutron-api.service[103289]: DEBUG neutron.plugins.ml2.drivers.ovn.mech_driver.ovsdb.ovsdb_monitor [-] Hash Ring: Node 1de399c56cfc5d7a9efe7eeb33459988 (host: np0000182456) handling event "update" for row b5a2eab2-7e51-48a8-93e5-dd2b5602b7d9 (table: Connection) {{(pid=103289) notify /opt/stack/neutron/neutron/plugins/ml2/drivers/ovn/mech_driver/ovsdb/ovsdb_monitor.py:1015}}
Jun 22 06:15:11.112529 np0000182456 devstack@neutron-api.service[103292]: DEBUG neutron.plugins.ml2.drivers.ovn.mech_driver.ovsdb.ovsdb_monitor [-] Hash Ring: Node e37e719206205d73821c6765fc098e69 (host: np0000182456) handling event "update" for row b5a2eab2-7e51-48a8-93e5-dd2b5602b7d9 (table: Connection) {{(pid=103292) notify /opt/stack/neutron/neutron/plugins/ml2/drivers/ovn/mech_driver/ovsdb/ovsdb_monitor.py:1015}}
Jun 22 06:15:12.374925 np0000182456 devstack@neutron-api.service[103289]: DEBUG neutron.api.wsgi [None req-1be78ec9-320a-4871-b436-c1cf9ce79b69 admin admin] Missing Content-Type {{(pid=103289) get_content_type /opt/stack/neutron/neutron/api/wsgi.py:80}}
Jun 22 06:15:12.375385 np0000182456 devstack@neutron-api.service[103289]: DEBUG neutron.api.wsgi [None req-1be78ec9-320a-4871-b436-c1cf9ce79b69 admin admin] https://199.204.45.156/networking/v2.0/extensions returned with HTTP 200 {{(pid=103289) __call__ /opt/stack/neutron/neutron/api/wsgi.py:540}}
Jun 22 06:15:12.375579 np0000182456 devstack@neutron-api.service[103289]: [pid: 103289|app: 0|req: 2/2] 199.204.45.156 () {64 vars in 1323 bytes} [Mon Jun 22 06:15:11 2026] GET /networking/v2.0/extensions => generated 16171 bytes in 428 msecs (HTTP/1.1 200) 4 headers in 159 bytes (1 switches on core 0)
Jun 22 06:15:12.799081 np0000182456 devstack@neutron-api.service[103290]: DEBUG neutron.api.v2.base [None req-10da5ccb-aaa4-45ce-8dba-f1a56a0554ac admin admin] Request body: {'subnetpool': {'is_default': True, 'shared': True, 'name': 'shared-default-subnetpool-v4', 'prefixes': ['10.1.0.0/20'], 'default_prefixlen': 26}} {{(pid=103290) prepare_request_body /opt/stack/neutron/neutron/api/v2/base.py:727}}
Jun 22 06:15:13.024396 np0000182456 devstack@neutron-api.service[103290]: DEBUG neutron.policy [None req-10da5ccb-aaa4-45ce-8dba-f1a56a0554ac admin admin] Loaded default policies from ['neutron'] under neutron.policies entry points {{(pid=103290) register_rules /opt/stack/neutron/neutron/policy.py:65}}
Jun 22 06:15:13.172756 np0000182456 devstack@neutron-api.service[103290]: DEBUG neutron_lib.callbacks.manager [None req-10da5ccb-aaa4-45ce-8dba-f1a56a0554ac admin admin] Publish callbacks ['neutron.objects.securitygroup.RbacNeutronDbObjectMixin.validate_rbac_policy_change-1169861327810', 'neutron.objects.address_group.RbacNeutronDbObjectMixin.validate_rbac_policy_change-1169861279744', 'neutron.objects.network.RbacNeutronDbObjectMixin.validate_rbac_policy_change-1169861298532', 'neutron.objects.qos.policy.RbacNeutronDbObjectMixin.validate_rbac_policy_change-1169861302883', 'neutron.objects.subnetpool.RbacNeutronDbObjectMixin.validate_rbac_policy_change-1169861248035', 'neutron.objects.address_scope.RbacNeutronDbObjectMixin.validate_rbac_policy_change-1169861268973', 'neutron.plugins.ml2.plugin.External_net_db_mixin._process_ext_policy_create-267899577', 'neutron.plugins.ml2.plugin.NeutronDbPluginV2.validate_network_rbac_policy_change-267890453'] for rbac-policy (None), before_create {{(pid=103290) _notify_loop /opt/stack/data/venv/lib/python3.12/site-packages/neutron_lib/callbacks/manager.py:184}}
Jun 22 06:15:13.227074 np0000182456 devstack@neutron-api.service[103290]: DEBUG neutron_lib.callbacks.manager [None req-10da5ccb-aaa4-45ce-8dba-f1a56a0554ac admin admin] Publish callbacks [] for subnetpool (None), before_response {{(pid=103290) _notify_loop /opt/stack/data/venv/lib/python3.12/site-packages/neutron_lib/callbacks/manager.py:184}}
Jun 22 06:15:13.227755 np0000182456 devstack@neutron-api.service[103290]: [pid: 103290|app: 0|req: 1/3] 199.204.45.156 () {68 vars in 1367 bytes} [Mon Jun 22 06:15:12 2026] POST /networking/v2.0/subnetpools => generated 533 bytes in 546 msecs (HTTP/1.1 201) 4 headers in 162 bytes (1 switches on core 0)
Jun 22 06:15:13.562028 np0000182456 devstack@neutron-api.service[103292]: DEBUG neutron.api.v2.base [None req-22d84854-eb50-4e52-8855-0a5cd6f07c30 admin admin] Request body: {'subnetpool': {'is_default': True, 'shared': True, 'name': 'shared-default-subnetpool-v6', 'prefixes': ['fdde:6dfb:9142::/56'], 'default_prefixlen': 64}} {{(pid=103292) prepare_request_body /opt/stack/neutron/neutron/api/v2/base.py:727}}
Jun 22 06:15:13.744019 np0000182456 devstack@neutron-api.service[103292]: DEBUG neutron.policy [None req-22d84854-eb50-4e52-8855-0a5cd6f07c30 admin admin] Loaded default policies from ['neutron'] under neutron.policies entry points {{(pid=103292) register_rules /opt/stack/neutron/neutron/policy.py:65}}
Jun 22 06:15:13.890699 np0000182456 devstack@neutron-api.service[103292]: DEBUG neutron_lib.callbacks.manager [None req-22d84854-eb50-4e52-8855-0a5cd6f07c30 admin admin] Publish callbacks ['neutron.objects.securitygroup.RbacNeutronDbObjectMixin.validate_rbac_policy_change-1169861275584', 'neutron.objects.address_group.RbacNeutronDbObjectMixin.validate_rbac_policy_change-1169860968525', 'neutron.objects.network.RbacNeutronDbObjectMixin.validate_rbac_policy_change-1169861372732', 'neutron.objects.qos.policy.RbacNeutronDbObjectMixin.validate_rbac_policy_change-1169861326140', 'neutron.objects.subnetpool.RbacNeutronDbObjectMixin.validate_rbac_policy_change-1169861327832', 'neutron.objects.address_scope.RbacNeutronDbObjectMixin.validate_rbac_policy_change-1169861165040', 'neutron.plugins.ml2.plugin.External_net_db_mixin._process_ext_policy_create-268361287', 'neutron.plugins.ml2.plugin.NeutronDbPluginV2.validate_network_rbac_policy_change-268347955'] for rbac-policy (None), before_create {{(pid=103292) _notify_loop /opt/stack/data/venv/lib/python3.12/site-packages/neutron_lib/callbacks/manager.py:184}}
Jun 22 06:15:13.938559 np0000182456 devstack@neutron-api.service[103292]: DEBUG neutron_lib.callbacks.manager [None req-22d84854-eb50-4e52-8855-0a5cd6f07c30 admin admin] Publish callbacks [] for subnetpool (None), before_response {{(pid=103292) _notify_loop /opt/stack/data/venv/lib/python3.12/site-packages/neutron_lib/callbacks/manager.py:184}}
Jun 22 06:15:13.939287 np0000182456 devstack@neutron-api.service[103292]: [pid: 103292|app: 0|req: 1/4] 199.204.45.156 () {68 vars in 1367 bytes} [Mon Jun 22 06:15:13 2026] POST /networking/v2.0/subnetpools => generated 543 bytes in 499 msecs (HTTP/1.1 201) 4 headers in 162 bytes (1 switches on core 0)
Jun 22 06:15:14.364315 np0000182456 devstack@neutron-api.service[103291]: DEBUG neutron.api.v2.base [None req-6935656b-de76-4ee0-a0c3-c4f13f4cffd4 admin admin] Request body: {'network': {'admin_state_up': True, 'name': 'private'}} {{(pid=103291) prepare_request_body /opt/stack/neutron/neutron/api/v2/base.py:727}}
Jun 22 06:15:14.396303 np0000182456 devstack@neutron-api.service[103291]: DEBUG neutron.pecan_wsgi.hooks.quota_enforcement [None req-6935656b-de76-4ee0-a0c3-c4f13f4cffd4 admin admin] Made reservation on behalf of 91971e8c45934d4a8d0002f4d932b24e for: {'network': 1} {{(pid=103291) before /opt/stack/neutron/neutron/pecan_wsgi/hooks/quota_enforcement.py:66}}
Jun 22 06:15:14.566814 np0000182456 devstack@neutron-api.service[103291]: DEBUG neutron.policy [None req-6935656b-de76-4ee0-a0c3-c4f13f4cffd4 admin admin] Loaded default policies from ['neutron'] under neutron.policies entry points {{(pid=103291) register_rules /opt/stack/neutron/neutron/policy.py:65}}
Jun 22 06:15:14.672552 np0000182456 devstack@neutron-api.service[103291]: DEBUG neutron_lib.callbacks.manager [None req-6935656b-de76-4ee0-a0c3-c4f13f4cffd4 admin admin] Publish callbacks ['neutron.plugins.ml2.plugin.SecurityGroupDbMixin._ensure_default_security_group_handler-268221048'] for network (None), before_create {{(pid=103291) _notify_loop /opt/stack/data/venv/lib/python3.12/site-packages/neutron_lib/callbacks/manager.py:184}}
Jun 22 06:15:14.694113 np0000182456 devstack@neutron-api.service[103291]: DEBUG neutron_lib.callbacks.manager [None req-6935656b-de76-4ee0-a0c3-c4f13f4cffd4 admin admin] Publish callbacks [] for security_group (None), before_create {{(pid=103291) _notify_loop /opt/stack/data/venv/lib/python3.12/site-packages/neutron_lib/callbacks/manager.py:184}}
Jun 22 06:15:14.796255 np0000182456 devstack@neutron-api.service[103291]: DEBUG neutron_lib.callbacks.manager [None req-6935656b-de76-4ee0-a0c3-c4f13f4cffd4 admin admin] Publish callbacks ['neutron.plugins.ml2.drivers.ovn.mech_driver.mech_driver.OVNMechanismDriver._create_security_group_precommit-1901234'] for security_group (ded11db3-77c1-4c1a-92d1-92c5b02d3bbe), precommit_create {{(pid=103291) _notify_loop /opt/stack/data/venv/lib/python3.12/site-packages/neutron_lib/callbacks/manager.py:184}}
Jun 22 06:15:14.796507 np0000182456 devstack@neutron-api.service[103291]: DEBUG neutron.db.ovn_revision_numbers_db [None req-6935656b-de76-4ee0-a0c3-c4f13f4cffd4 admin admin] create_initial_revision uuid=ded11db3-77c1-4c1a-92d1-92c5b02d3bbe, type=security_groups, rev=-1 {{(pid=103291) create_initial_revision /opt/stack/neutron/neutron/db/ovn_revision_numbers_db.py:98}}
Jun 22 06:15:14.799001 np0000182456 devstack@neutron-api.service[103291]: DEBUG neutron.db.ovn_revision_numbers_db [None req-6935656b-de76-4ee0-a0c3-c4f13f4cffd4 admin admin] create_initial_revision uuid=42eb1a92-e5ca-458f-9494-c10b97b118d0, type=security_group_rules, rev=-1 {{(pid=103291) create_initial_revision /opt/stack/neutron/neutron/db/ovn_revision_numbers_db.py:98}}
Jun 22 06:15:14.800245 np0000182456 devstack@neutron-api.service[103291]: DEBUG neutron.db.ovn_revision_numbers_db [None req-6935656b-de76-4ee0-a0c3-c4f13f4cffd4 admin admin] create_initial_revision uuid=b1c810f5-0c18-4941-ace9-cb12532575e3, type=security_group_rules, rev=-1 {{(pid=103291) create_initial_revision /opt/stack/neutron/neutron/db/ovn_revision_numbers_db.py:98}}
Jun 22 06:15:14.801468 np0000182456 devstack@neutron-api.service[103291]: DEBUG neutron.db.ovn_revision_numbers_db [None req-6935656b-de76-4ee0-a0c3-c4f13f4cffd4 admin admin] create_initial_revision uuid=dca44ca5-8413-43a0-abe5-234a6f798651, type=security_group_rules, rev=-1 {{(pid=103291) create_initial_revision /opt/stack/neutron/neutron/db/ovn_revision_numbers_db.py:98}}
Jun 22 06:15:14.802578 np0000182456 devstack@neutron-api.service[103291]: DEBUG neutron.db.ovn_revision_numbers_db [None req-6935656b-de76-4ee0-a0c3-c4f13f4cffd4 admin admin] create_initial_revision uuid=e939ec14-d1e3-4570-9dcb-ec6038e66685, type=security_group_rules, rev=-1 {{(pid=103291) create_initial_revision /opt/stack/neutron/neutron/db/ovn_revision_numbers_db.py:98}}
Jun 22 06:15:14.808389 np0000182456 devstack@neutron-api.service[103291]: DEBUG neutron_lib.callbacks.manager [None req-6935656b-de76-4ee0-a0c3-c4f13f4cffd4 admin admin] Publish callbacks ['neutron.plugins.ml2.drivers.ovn.mech_driver.mech_driver.OVNMechanismDriver._create_security_group-1901220', 'neutron.plugins.ml2.ovo_rpc._ObjectChangeHandler.handle_event-2779387'] for security_group (ded11db3-77c1-4c1a-92d1-92c5b02d3bbe), after_create {{(pid=103291) _notify_loop /opt/stack/data/venv/lib/python3.12/site-packages/neutron_lib/callbacks/manager.py:184}}
Jun 22 06:15:14.808955 np0000182456 devstack@neutron-api.service[103291]: DEBUG ovsdbapp.backend.ovs_idl.transaction [-] Running txn n=1 command(idx=0): PgAddCommand(_result=None, name=pg_ded11db3_77c1_4c1a_92d1_92c5b02d3bbe, may_exist=False, columns={'acls': [], 'external_ids': {'neutron:security_group_id': 'ded11db3-77c1-4c1a-92d1-92c5b02d3bbe'}}) {{(pid=103291) do_commit /opt/stack/data/venv/lib/python3.12/site-packages/ovsdbapp/backend/ovs_idl/transaction.py:89}}
Jun 22 06:15:14.809934 np0000182456 devstack@neutron-api.service[103291]: DEBUG ovsdbapp.backend.ovs_idl.transaction [-] Running txn n=1 command(idx=1): PgAclAddCommand(_result=None, entity=pg_ded11db3_77c1_4c1a_92d1_92c5b02d3bbe, direction=from-lport, priority=1002, match=inport == @pg_ded11db3_77c1_4c1a_92d1_92c5b02d3bbe && ip6, action=allow-related, log=False, may_exist=True, severity=[], name=[], meter=[], external_ids={'neutron:security_group_rule_id': '42eb1a92-e5ca-458f-9494-c10b97b118d0'}) {{(pid=103291) do_commit /opt/stack/data/venv/lib/python3.12/site-packages/ovsdbapp/backend/ovs_idl/transaction.py:89}}
Jun 22 06:15:14.810218 np0000182456 devstack@neutron-api.service[103291]: DEBUG ovsdbapp.backend.ovs_idl.transaction [-] Running txn n=1 command(idx=2): PgAclAddCommand(_result=None, entity=pg_ded11db3_77c1_4c1a_92d1_92c5b02d3bbe, direction=to-lport, priority=1002, match=outport == @pg_ded11db3_77c1_4c1a_92d1_92c5b02d3bbe && ip4 && ip4.src == $pg_ded11db3_77c1_4c1a_92d1_92c5b02d3bbe_ip4, action=allow-related, log=False, may_exist=True, severity=[], name=[], meter=[], external_ids={'neutron:security_group_rule_id': 'b1c810f5-0c18-4941-ace9-cb12532575e3'}) {{(pid=103291) do_commit /opt/stack/data/venv/lib/python3.12/site-packages/ovsdbapp/backend/ovs_idl/transaction.py:89}}
Jun 22 06:15:14.810435 np0000182456 devstack@neutron-api.service[103291]: DEBUG ovsdbapp.backend.ovs_idl.transaction [-] Running txn n=1 command(idx=3): PgAclAddCommand(_result=None, entity=pg_ded11db3_77c1_4c1a_92d1_92c5b02d3bbe, direction=from-lport, priority=1002, match=inport == @pg_ded11db3_77c1_4c1a_92d1_92c5b02d3bbe && ip4, action=allow-related, log=False, may_exist=True, severity=[], name=[], meter=[], external_ids={'neutron:security_group_rule_id': 'dca44ca5-8413-43a0-abe5-234a6f798651'}) {{(pid=103291) do_commit /opt/stack/data/venv/lib/python3.12/site-packages/ovsdbapp/backend/ovs_idl/transaction.py:89}}
Jun 22 06:15:14.810650 np0000182456 devstack@neutron-api.service[103291]: DEBUG ovsdbapp.backend.ovs_idl.transaction [-] Running txn n=1 command(idx=4): PgAclAddCommand(_result=None, entity=pg_ded11db3_77c1_4c1a_92d1_92c5b02d3bbe, direction=to-lport, priority=1002, match=outport == @pg_ded11db3_77c1_4c1a_92d1_92c5b02d3bbe && ip6 && ip6.src == $pg_ded11db3_77c1_4c1a_92d1_92c5b02d3bbe_ip6, action=allow-related, log=False, may_exist=True, severity=[], name=[], meter=[], external_ids={'neutron:security_group_rule_id': 'e939ec14-d1e3-4570-9dcb-ec6038e66685'}) {{(pid=103291) do_commit /opt/stack/data/venv/lib/python3.12/site-packages/ovsdbapp/backend/ovs_idl/transaction.py:89}}
Jun 22 06:15:14.819605 np0000182456 devstack@neutron-api.service[103289]: DEBUG neutron.plugins.ml2.drivers.ovn.mech_driver.ovsdb.ovsdb_monitor [-] Hash Ring: Node 1de399c56cfc5d7a9efe7eeb33459988 (host: np0000182456) handling event "create" for row 0b8bf52b-f774-4556-8bb5-d4b5de57b390 (table: ACL) {{(pid=103289) notify /opt/stack/neutron/neutron/plugins/ml2/drivers/ovn/mech_driver/ovsdb/ovsdb_monitor.py:1015}}
Jun 22 06:15:14.819605 np0000182456 devstack@neutron-api.service[103289]: DEBUG neutron.plugins.ml2.drivers.ovn.mech_driver.ovsdb.ovsdb_monitor [-] Hash Ring: Node 1de399c56cfc5d7a9efe7eeb33459988 (host: np0000182456) handling event "create" for row 71baa8e9-0410-4e73-a7d5-43f4c48922cd (table: ACL) {{(pid=103289) notify /opt/stack/neutron/neutron/plugins/ml2/drivers/ovn/mech_driver/ovsdb/ovsdb_monitor.py:1015}}
Jun 22 06:15:14.819605 np0000182456 devstack@neutron-api.service[103289]: DEBUG neutron.plugins.ml2.drivers.ovn.mech_driver.ovsdb.ovsdb_monitor [-] Hash Ring: Node 1de399c56cfc5d7a9efe7eeb33459988 (host: np0000182456) handling event "create" for row 9a4ed943-94dc-4e5a-b59c-a99932c62afc (table: ACL) {{(pid=103289) notify /opt/stack/neutron/neutron/plugins/ml2/drivers/ovn/mech_driver/ovsdb/ovsdb_monitor.py:1015}}
Jun 22 06:15:14.819605 np0000182456 devstack@neutron-api.service[103289]: DEBUG neutron.plugins.ml2.drivers.ovn.mech_driver.ovsdb.ovsdb_monitor [-] Hash Ring: Node 1de399c56cfc5d7a9efe7eeb33459988 (host: np0000182456) handling event "create" for row ae2da5a5-ff9d-42d9-b70c-07e26b8758b4 (table: ACL) {{(pid=103289) notify /opt/stack/neutron/neutron/plugins/ml2/drivers/ovn/mech_driver/ovsdb/ovsdb_monitor.py:1015}}
Jun 22 06:15:14.819605 np0000182456 devstack@neutron-api.service[103289]: DEBUG neutron.plugins.ml2.drivers.ovn.mech_driver.ovsdb.ovsdb_monitor [-] Hash Ring: Node 1de399c56cfc5d7a9efe7eeb33459988 (host: np0000182456) handling event "create" for row 11edcbdd-0ff4-4847-a652-72bf4f5ec6c2 (table: Port_Group) {{(pid=103289) notify /opt/stack/neutron/neutron/plugins/ml2/drivers/ovn/mech_driver/ovsdb/ovsdb_monitor.py:1015}}
Jun 22 06:15:14.824644 np0000182456 devstack@neutron-api.service[103290]: DEBUG neutron.plugins.ml2.drivers.ovn.mech_driver.ovsdb.ovsdb_monitor [-] Hash Ring: Node 1b0d2dfde67757e2b7b483deaf107baf (host: np0000182456) handling event "create" for row 11edcbdd-0ff4-4847-a652-72bf4f5ec6c2 (table: Port_Group) {{(pid=103290) notify /opt/stack/neutron/neutron/plugins/ml2/drivers/ovn/mech_driver/ovsdb/ovsdb_monitor.py:1015}}
Jun 22 06:15:14.826371 np0000182456 devstack@neutron-api.service[103292]: DEBUG neutron.plugins.ml2.drivers.ovn.mech_driver.ovsdb.ovsdb_monitor [-] Hash Ring: Node e37e719206205d73821c6765fc098e69 (host: np0000182456) handling event "create" for row 9a4ed943-94dc-4e5a-b59c-a99932c62afc (table: ACL) {{(pid=103292) notify /opt/stack/neutron/neutron/plugins/ml2/drivers/ovn/mech_driver/ovsdb/ovsdb_monitor.py:1015}}
Jun 22 06:15:14.826371 np0000182456 devstack@neutron-api.service[103292]: DEBUG neutron.plugins.ml2.drivers.ovn.mech_driver.ovsdb.ovsdb_monitor [-] Hash Ring: Node e37e719206205d73821c6765fc098e69 (host: np0000182456) handling event "create" for row ae2da5a5-ff9d-42d9-b70c-07e26b8758b4 (table: ACL) {{(pid=103292) notify /opt/stack/neutron/neutron/plugins/ml2/drivers/ovn/mech_driver/ovsdb/ovsdb_monitor.py:1015}}
Jun 22 06:15:14.844785 np0000182456 devstack@neutron-api.service[103291]: INFO neutron.db.ovn_revision_numbers_db [None req-6935656b-de76-4ee0-a0c3-c4f13f4cffd4 admin admin] Successfully bumped revision number for resource ded11db3-77c1-4c1a-92d1-92c5b02d3bbe (type: security_groups) to 1
Jun 22 06:15:14.857830 np0000182456 devstack@neutron-api.service[103291]: INFO neutron.db.ovn_revision_numbers_db [None req-6935656b-de76-4ee0-a0c3-c4f13f4cffd4 admin admin] Successfully bumped revision number for resource 42eb1a92-e5ca-458f-9494-c10b97b118d0 (type: security_group_rules) to 0
Jun 22 06:15:14.868993 np0000182456 devstack@neutron-api.service[103291]: INFO neutron.db.ovn_revision_numbers_db [None req-6935656b-de76-4ee0-a0c3-c4f13f4cffd4 admin admin] Successfully bumped revision number for resource b1c810f5-0c18-4941-ace9-cb12532575e3 (type: security_group_rules) to 0
Jun 22 06:15:14.880409 np0000182456 devstack@neutron-api.service[103291]: INFO neutron.db.ovn_revision_numbers_db [None req-6935656b-de76-4ee0-a0c3-c4f13f4cffd4 admin admin] Successfully bumped revision number for resource dca44ca5-8413-43a0-abe5-234a6f798651 (type: security_group_rules) to 0
Jun 22 06:15:14.894034 np0000182456 devstack@neutron-api.service[103291]: INFO neutron.db.ovn_revision_numbers_db [None req-6935656b-de76-4ee0-a0c3-c4f13f4cffd4 admin admin] Successfully bumped revision number for resource e939ec14-d1e3-4570-9dcb-ec6038e66685 (type: security_group_rules) to 0
Jun 22 06:15:14.922802 np0000182456 devstack@neutron-api.service[103291]: DEBUG neutron.api.rpc.handlers.resources_rpc [None req-6935656b-de76-4ee0-a0c3-c4f13f4cffd4 admin admin] Pushing event updated for resources: {'SecurityGroup': ['ID=ded11db3-77c1-4c1a-92d1-92c5b02d3bbe,revision_number=1']} {{(pid=103291) push /opt/stack/neutron/neutron/api/rpc/handlers/resources_rpc.py:237}}
Jun 22 06:15:14.931882 np0000182456 devstack@neutron-api.service[103291]: DEBUG ovsdbapp.backend.ovs_idl.transaction [-] Running txn n=1 command(idx=0): CheckLivenessCommand(_result=None) {{(pid=103291) do_commit /opt/stack/data/venv/lib/python3.12/site-packages/ovsdbapp/backend/ovs_idl/transaction.py:89}}
Jun 22 06:15:14.935717 np0000182456 devstack@neutron-api.service[103289]: DEBUG neutron.plugins.ml2.drivers.ovn.mech_driver.ovsdb.ovsdb_monitor [-] Hash Ring: Node 1de399c56cfc5d7a9efe7eeb33459988 (host: np0000182456) handling event "update" for row 41302bc8-af0f-45db-afae-2526f2eadb1c (table: NB_Global) {{(pid=103289) notify /opt/stack/neutron/neutron/plugins/ml2/drivers/ovn/mech_driver/ovsdb/ovsdb_monitor.py:1015}}
Jun 22 06:15:14.937761 np0000182456 devstack@neutron-api.service[103290]: DEBUG neutron.plugins.ml2.drivers.ovn.mech_driver.ovsdb.ovsdb_monitor [-] Hash Ring: Node 1b0d2dfde67757e2b7b483deaf107baf (host: np0000182456) handling event "update" for row 41302bc8-af0f-45db-afae-2526f2eadb1c (table: NB_Global) {{(pid=103290) notify /opt/stack/neutron/neutron/plugins/ml2/drivers/ovn/mech_driver/ovsdb/ovsdb_monitor.py:1015}}
Jun 22 06:15:14.939997 np0000182456 devstack@neutron-api.service[103289]: DEBUG neutron.plugins.ml2.drivers.ovn.mech_driver.ovsdb.ovsdb_monitor [-] Hash Ring: Node 1de399c56cfc5d7a9efe7eeb33459988 (host: np0000182456) handling event "update" for row 41302bc8-af0f-45db-afae-2526f2eadb1c (table: NB_Global) {{(pid=103289) notify /opt/stack/neutron/neutron/plugins/ml2/drivers/ovn/mech_driver/ovsdb/ovsdb_monitor.py:1015}}
Jun 22 06:15:14.940580 np0000182456 devstack@neutron-api.service[103290]: DEBUG neutron.plugins.ml2.drivers.ovn.mech_driver.ovsdb.ovsdb_monitor [-] ChassisAgentWriteEvent : Matched Chassis_Private, update, None None {{(pid=103290) matches /opt/stack/neutron/neutron/plugins/ml2/drivers/ovn/mech_driver/ovsdb/ovsdb_monitor.py:64}}
Jun 22 06:15:14.940782 np0000182456 devstack@neutron-api.service[103289]: DEBUG neutron.plugins.ml2.drivers.ovn.mech_driver.ovsdb.ovsdb_monitor [-] ChassisAgentWriteEvent : Matched Chassis_Private, update, None None {{(pid=103289) matches /opt/stack/neutron/neutron/plugins/ml2/drivers/ovn/mech_driver/ovsdb/ovsdb_monitor.py:64}}
Jun 22 06:15:14.940915 np0000182456 devstack@neutron-api.service[103291]: DEBUG neutron.api.rpc.callbacks.version_manager [None req-6935656b-de76-4ee0-a0c3-c4f13f4cffd4 admin admin] Tracked resource versions report:
Jun 22 06:15:14.940915 np0000182456 devstack@neutron-api.service[103291]: pushed versions:
Jun 22 06:15:14.940915 np0000182456 devstack@neutron-api.service[103291]: { 'AddressGroup': {'1.2'},
Jun 22 06:15:14.940915 np0000182456 devstack@neutron-api.service[103291]: 'Agent': {'1.1'},
Jun 22 06:15:14.940915 np0000182456 devstack@neutron-api.service[103291]: 'ConntrackHelper': {'1.0'},
Jun 22 06:15:14.940915 np0000182456 devstack@neutron-api.service[103291]: 'LocalIPAssociation': {'1.0'},
Jun 22 06:15:14.940915 np0000182456 devstack@neutron-api.service[103291]: 'Log': {'1.0'},
Jun 22 06:15:14.940915 np0000182456 devstack@neutron-api.service[103291]: 'NDPProxy': {'1.0'},
Jun 22 06:15:14.940915 np0000182456 devstack@neutron-api.service[103291]: 'Network': {'1.3'},
Jun 22 06:15:14.940915 np0000182456 devstack@neutron-api.service[103291]: 'Port': {'1.11'},
Jun 22 06:15:14.940915 np0000182456 devstack@neutron-api.service[103291]: 'PortForwarding': {'1.3'},
Jun 22 06:15:14.940915 np0000182456 devstack@neutron-api.service[103291]: 'QosPolicy': {'1.10'},
Jun 22 06:15:14.940915 np0000182456 devstack@neutron-api.service[103291]: 'SecurityGroup': {'1.6'},
Jun 22 06:15:14.940915 np0000182456 devstack@neutron-api.service[103291]: 'SecurityGroupRule': {'1.3'},
Jun 22 06:15:14.940915 np0000182456 devstack@neutron-api.service[103291]: 'SubPort': {'1.0'},
Jun 22 06:15:14.940915 np0000182456 devstack@neutron-api.service[103291]: 'Subnet': {'1.2'},
Jun 22 06:15:14.940915 np0000182456 devstack@neutron-api.service[103291]: 'Trunk': {'1.1'}}
Jun 22 06:15:14.940915 np0000182456 devstack@neutron-api.service[103291]: consumer versions:
Jun 22 06:15:14.940915 np0000182456 devstack@neutron-api.service[103291]: {}
Jun 22 06:15:14.940915 np0000182456 devstack@neutron-api.service[103291]: {{(pid=103291) report /opt/stack/neutron/neutron/api/rpc/callbacks/version_manager.py:183}}
Jun 22 06:15:14.942331 np0000182456 devstack@neutron-api.service[103290]: DEBUG neutron.plugins.ml2.drivers.ovn.mech_driver.ovsdb.ovsdb_monitor [-] Hash Ring: Node 1b0d2dfde67757e2b7b483deaf107baf (host: np0000182456) handling event "update" for row 41302bc8-af0f-45db-afae-2526f2eadb1c (table: NB_Global) {{(pid=103290) notify /opt/stack/neutron/neutron/plugins/ml2/drivers/ovn/mech_driver/ovsdb/ovsdb_monitor.py:1015}}
Jun 22 06:15:14.942441 np0000182456 devstack@neutron-api.service[103292]: DEBUG neutron.plugins.ml2.drivers.ovn.mech_driver.ovsdb.ovsdb_monitor [-] ChassisAgentWriteEvent : Matched Chassis_Private, update, None None {{(pid=103292) matches /opt/stack/neutron/neutron/plugins/ml2/drivers/ovn/mech_driver/ovsdb/ovsdb_monitor.py:64}}
Jun 22 06:15:14.943363 np0000182456 devstack@neutron-api.service[103292]: DEBUG neutron.plugins.ml2.drivers.ovn.mech_driver.ovsdb.ovsdb_monitor [-] Hash Ring: Node e37e719206205d73821c6765fc098e69 (host: np0000182456) handling event "update" for row 60f52a71-e8aa-4237-987f-96aa319216a9 (table: Chassis_Private) {{(pid=103292) notify /opt/stack/neutron/neutron/plugins/ml2/drivers/ovn/mech_driver/ovsdb/ovsdb_monitor.py:1015}}
Jun 22 06:15:14.945018 np0000182456 devstack@neutron-api.service[103290]: DEBUG neutron.plugins.ml2.drivers.ovn.mech_driver.ovsdb.ovsdb_monitor [-] Hash Ring: Node 1b0d2dfde67757e2b7b483deaf107baf (host: np0000182456) handling event "update" for row 41302bc8-af0f-45db-afae-2526f2eadb1c (table: NB_Global) {{(pid=103290) notify /opt/stack/neutron/neutron/plugins/ml2/drivers/ovn/mech_driver/ovsdb/ovsdb_monitor.py:1015}}
Jun 22 06:15:14.945174 np0000182456 devstack@neutron-api.service[103289]: DEBUG neutron.common.ovn.hash_ring_manager [-] Allow caching, nodes 4>=4 {{(pid=103289) _wait_startup_before_caching /opt/stack/neutron/neutron/common/ovn/hash_ring_manager.py:71}}
Jun 22 06:15:14.945692 np0000182456 devstack@neutron-api.service[103289]: DEBUG neutron.plugins.ml2.drivers.ovn.mech_driver.ovsdb.ovsdb_monitor [-] Hash Ring: Node 1de399c56cfc5d7a9efe7eeb33459988 (host: np0000182456) handling event "update" for row 60f52a71-e8aa-4237-987f-96aa319216a9 (table: Chassis_Private) {{(pid=103289) notify /opt/stack/neutron/neutron/plugins/ml2/drivers/ovn/mech_driver/ovsdb/ovsdb_monitor.py:1015}}
Jun 22 06:15:14.946807 np0000182456 devstack@neutron-api.service[103289]: DEBUG neutron.plugins.ml2.drivers.ovn.mech_driver.ovsdb.ovsdb_monitor [-] Hash Ring: Node 1de399c56cfc5d7a9efe7eeb33459988 (host: np0000182456) handling event "update" for row 41302bc8-af0f-45db-afae-2526f2eadb1c (table: NB_Global) {{(pid=103289) notify /opt/stack/neutron/neutron/plugins/ml2/drivers/ovn/mech_driver/ovsdb/ovsdb_monitor.py:1015}}
Jun 22 06:15:14.948622 np0000182456 devstack@neutron-api.service[103291]: DEBUG neutron.plugins.ml2.drivers.ovn.mech_driver.ovsdb.ovsdb_monitor [-] ChassisAgentWriteEvent : Matched Chassis_Private, update, None None {{(pid=103291) matches /opt/stack/neutron/neutron/plugins/ml2/drivers/ovn/mech_driver/ovsdb/ovsdb_monitor.py:64}}
Jun 22 06:15:14.951352 np0000182456 devstack@neutron-api.service[103289]: DEBUG neutron.plugins.ml2.drivers.ovn.mech_driver.ovsdb.ovsdb_monitor [-] ChassisOVNAgentWriteEvent : Matched Chassis_Private, update, None None {{(pid=103289) matches /opt/stack/neutron/neutron/plugins/ml2/drivers/ovn/mech_driver/ovsdb/ovsdb_monitor.py:64}}
Jun 22 06:15:14.952452 np0000182456 devstack@neutron-api.service[103289]: DEBUG neutron.plugins.ml2.drivers.ovn.mech_driver.ovsdb.ovsdb_monitor [-] Hash Ring: Node 1de399c56cfc5d7a9efe7eeb33459988 (host: np0000182456) handling event "update" for row 60f52a71-e8aa-4237-987f-96aa319216a9 (table: Chassis_Private) {{(pid=103289) notify /opt/stack/neutron/neutron/plugins/ml2/drivers/ovn/mech_driver/ovsdb/ovsdb_monitor.py:1015}}
Jun 22 06:15:14.952942 np0000182456 devstack@neutron-api.service[103292]: DEBUG neutron.plugins.ml2.drivers.ovn.mech_driver.ovsdb.ovsdb_monitor [-] ChassisOVNAgentWriteEvent : Matched Chassis_Private, update, None None {{(pid=103292) matches /opt/stack/neutron/neutron/plugins/ml2/drivers/ovn/mech_driver/ovsdb/ovsdb_monitor.py:64}}
Jun 22 06:15:14.952942 np0000182456 devstack@neutron-api.service[103292]: DEBUG neutron.plugins.ml2.drivers.ovn.mech_driver.ovsdb.ovsdb_monitor [-] Hash Ring: Node e37e719206205d73821c6765fc098e69 (host: np0000182456) handling event "update" for row 60f52a71-e8aa-4237-987f-96aa319216a9 (table: Chassis_Private) {{(pid=103292) notify /opt/stack/neutron/neutron/plugins/ml2/drivers/ovn/mech_driver/ovsdb/ovsdb_monitor.py:1015}}
Jun 22 06:15:14.954615 np0000182456 devstack@neutron-api.service[103290]: DEBUG neutron.plugins.ml2.drivers.ovn.mech_driver.ovsdb.ovsdb_monitor [-] ChassisOVNAgentWriteEvent : Matched Chassis_Private, update, None None {{(pid=103290) matches /opt/stack/neutron/neutron/plugins/ml2/drivers/ovn/mech_driver/ovsdb/ovsdb_monitor.py:64}}
Jun 22 06:15:14.960142 np0000182456 devstack@neutron-api.service[103291]: DEBUG neutron.plugins.ml2.drivers.ovn.mech_driver.ovsdb.ovsdb_monitor [-] ChassisOVNAgentWriteEvent : Matched Chassis_Private, update, None None {{(pid=103291) matches /opt/stack/neutron/neutron/plugins/ml2/drivers/ovn/mech_driver/ovsdb/ovsdb_monitor.py:64}}
Jun 22 06:15:15.015580 np0000182456 devstack@neutron-api.service[103291]: DEBUG neutron.plugins.ml2.drivers.helpers [None req-6935656b-de76-4ee0-a0c3-c4f13f4cffd4 admin admin] geneve segment allocate from pool success with {'geneve_vni': 36027} {{(pid=103291) allocate_partially_specified_segment /opt/stack/neutron/neutron/plugins/ml2/drivers/helpers.py:142}}
Jun 22 06:15:15.033140 np0000182456 devstack@neutron-api.service[103291]: DEBUG neutron_lib.callbacks.manager [None req-6935656b-de76-4ee0-a0c3-c4f13f4cffd4 admin admin] Publish callbacks ['neutron.services.segments.db._add_segment_host_mapping_for_segment-7917100395734', 'neutron.plugins.ml2.plugin.Ml2Plugin._handle_segment_change-267954422'] for segment (b0bf830c-44a9-4ff8-b9f3-143b96dbdfa6), precommit_create {{(pid=103291) _notify_loop /opt/stack/data/venv/lib/python3.12/site-packages/neutron_lib/callbacks/manager.py:184}}
Jun 22 06:15:15.033429 np0000182456 devstack@neutron-api.service[103291]: INFO neutron.db.segments_db [None req-6935656b-de76-4ee0-a0c3-c4f13f4cffd4 admin admin] Added segment b0bf830c-44a9-4ff8-b9f3-143b96dbdfa6 of type geneve for network 206b6fd7-edad-4400-8a7f-b30329270c7a
Jun 22 06:15:15.092083 np0000182456 devstack@neutron-api.service[103291]: DEBUG neutron_lib.callbacks.manager [None req-6935656b-de76-4ee0-a0c3-c4f13f4cffd4 admin admin] Publish callbacks ['neutron.services.auto_allocate.db._ensure_external_network_default_value_callback-7917099035922'] for network (206b6fd7-edad-4400-8a7f-b30329270c7a), precommit_create {{(pid=103291) _notify_loop /opt/stack/data/venv/lib/python3.12/site-packages/neutron_lib/callbacks/manager.py:184}}
Jun 22 06:15:15.109497 np0000182456 devstack@neutron-api.service[103291]: DEBUG neutron.plugins.ml2.drivers.ovn.mech_driver.mech_driver [None req-6935656b-de76-4ee0-a0c3-c4f13f4cffd4 admin admin] Validating network segment with type geneve, segmentation ID 36027, physical network None {{(pid=103291) _validate_network_segments /opt/stack/neutron/neutron/plugins/ml2/drivers/ovn/mech_driver/mech_driver.py:646}}
Jun 22 06:15:15.109682 np0000182456 devstack@neutron-api.service[103291]: DEBUG neutron.db.ovn_revision_numbers_db [None req-6935656b-de76-4ee0-a0c3-c4f13f4cffd4 admin admin] create_initial_revision uuid=206b6fd7-edad-4400-8a7f-b30329270c7a, type=networks, rev=-1 {{(pid=103291) create_initial_revision /opt/stack/neutron/neutron/db/ovn_revision_numbers_db.py:98}}
Jun 22 06:15:15.130512 np0000182456 devstack@neutron-api.service[103291]: DEBUG neutron_lib.callbacks.manager [None req-6935656b-de76-4ee0-a0c3-c4f13f4cffd4 admin admin] Publish callbacks ['neutron.plugins.ml2.ovo_rpc._ObjectChangeHandler.handle_event-2779343'] for network (206b6fd7-edad-4400-8a7f-b30329270c7a), after_create {{(pid=103291) _notify_loop /opt/stack/data/venv/lib/python3.12/site-packages/neutron_lib/callbacks/manager.py:184}}
Jun 22 06:15:15.186556 np0000182456 devstack@neutron-api.service[103291]: DEBUG neutron.api.rpc.handlers.resources_rpc [None req-6935656b-de76-4ee0-a0c3-c4f13f4cffd4 admin admin] Pushing event updated for resources: {'Network': ['ID=206b6fd7-edad-4400-8a7f-b30329270c7a,revision_number=1']} {{(pid=103291) push /opt/stack/neutron/neutron/api/rpc/handlers/resources_rpc.py:237}}
Jun 22 06:15:15.198110 np0000182456 devstack@neutron-api.service[103291]: DEBUG ovsdbapp.backend.ovs_idl.transaction [-] Running txn n=1 command(idx=0): AddNetworkCommand(_result=None, network_uuid=206b6fd7-edad-4400-8a7f-b30329270c7a, may_exist=True, columns={'external_ids': {'neutron:network_name': 'private', 'neutron:mtu': '1372', 'neutron:revision_number': '1', 'neutron:availability_zone_hints': '', 'neutron:provnet-network-type': 'geneve'}, 'other_config': {'mcast_snoop': 'false', 'mcast_flood_unregistered': 'false', 'vlan-passthru': 'false'}}) {{(pid=103291) do_commit /opt/stack/data/venv/lib/python3.12/site-packages/ovsdbapp/backend/ovs_idl/transaction.py:89}}
Jun 22 06:15:15.199068 np0000182456 devstack@neutron-api.service[103291]: DEBUG neutron.common.ovn.utils [-] OVS persist_uuid supported=True {{(pid=103291) ovs_persist_uuid_supported /opt/stack/neutron/neutron/common/ovn/utils.py:1544}}
Jun 22 06:15:15.204010 np0000182456 devstack@neutron-api.service[103289]: DEBUG neutron.plugins.ml2.drivers.ovn.mech_driver.ovsdb.ovsdb_monitor [-] Hash Ring: Node 1de399c56cfc5d7a9efe7eeb33459988 (host: np0000182456) handling event "create" for row 206b6fd7-edad-4400-8a7f-b30329270c7a (table: Logical_Switch) {{(pid=103289) notify /opt/stack/neutron/neutron/plugins/ml2/drivers/ovn/mech_driver/ovsdb/ovsdb_monitor.py:1015}}
Jun 22 06:15:15.206587 np0000182456 devstack@neutron-api.service[103292]: DEBUG neutron.plugins.ml2.drivers.ovn.mech_driver.ovsdb.ovsdb_monitor [-] Hash Ring: Node e37e719206205d73821c6765fc098e69 (host: np0000182456) handling event "create" for row 206b6fd7-edad-4400-8a7f-b30329270c7a (table: Logical_Switch) {{(pid=103292) notify /opt/stack/neutron/neutron/plugins/ml2/drivers/ovn/mech_driver/ovsdb/ovsdb_monitor.py:1015}}
Jun 22 06:15:15.213784 np0000182456 devstack@neutron-api.service[103289]: DEBUG neutron.plugins.ml2.drivers.ovn.mech_driver.ovsdb.ovsdb_monitor [-] Hash Ring: Node 1de399c56cfc5d7a9efe7eeb33459988 (host: np0000182456) handling event "create" for row 4dd060c5-a233-4232-8f78-ef2bca8320d3 (table: Datapath_Binding) {{(pid=103289) notify /opt/stack/neutron/neutron/plugins/ml2/drivers/ovn/mech_driver/ovsdb/ovsdb_monitor.py:1015}}
Jun 22 06:15:15.215307 np0000182456 devstack@neutron-api.service[103292]: DEBUG neutron.plugins.ml2.drivers.ovn.mech_driver.ovsdb.ovsdb_monitor [-] Hash Ring: Node e37e719206205d73821c6765fc098e69 (host: np0000182456) handling event "create" for row 4dd060c5-a233-4232-8f78-ef2bca8320d3 (table: Datapath_Binding) {{(pid=103292) notify /opt/stack/neutron/neutron/plugins/ml2/drivers/ovn/mech_driver/ovsdb/ovsdb_monitor.py:1015}}
Jun 22 06:15:15.247868 np0000182456 devstack@neutron-api.service[103291]: INFO neutron.db.ovn_revision_numbers_db [None req-6935656b-de76-4ee0-a0c3-c4f13f4cffd4 admin admin] Successfully bumped revision number for resource 206b6fd7-edad-4400-8a7f-b30329270c7a (type: networks) to 1
Jun 22 06:15:15.319031 np0000182456 devstack@neutron-api.service[103291]: DEBUG neutron_lib.callbacks.manager [None req-6935656b-de76-4ee0-a0c3-c4f13f4cffd4 admin admin] Publish callbacks ['neutron.plugins.ml2.plugin.SecurityGroupDbMixin._ensure_default_security_group_handler-268221048'] for port (None), before_create {{(pid=103291) _notify_loop /opt/stack/data/venv/lib/python3.12/site-packages/neutron_lib/callbacks/manager.py:184}}
Jun 22 06:15:15.789282 np0000182456 devstack@neutron-api.service[103291]: DEBUG neutron_lib.callbacks.manager [None req-6935656b-de76-4ee0-a0c3-c4f13f4cffd4 admin admin] Publish callbacks ['neutron.plugins.ml2.drivers.ovn.mech_driver.mech_driver.OVNMechanismDriver._validate_allowed_address_pairs-1900858'] for allowed_address_pair (d92155d9-feae-4163-97ba-bd6bd6741b04), before_create {{(pid=103291) _notify_loop /opt/stack/data/venv/lib/python3.12/site-packages/neutron_lib/callbacks/manager.py:184}}
Jun 22 06:15:15.790064 np0000182456 devstack@neutron-api.service[103291]: DEBUG neutron_lib.callbacks.manager [None req-6935656b-de76-4ee0-a0c3-c4f13f4cffd4 admin admin] Publish callbacks [] for port (d92155d9-feae-4163-97ba-bd6bd6741b04), precommit_create {{(pid=103291) _notify_loop /opt/stack/data/venv/lib/python3.12/site-packages/neutron_lib/callbacks/manager.py:184}}
Jun 22 06:15:15.790064 np0000182456 devstack@neutron-api.service[103291]: DEBUG neutron.plugins.ml2.drivers.ovn.mech_driver.mech_driver [None req-6935656b-de76-4ee0-a0c3-c4f13f4cffd4 admin admin] No provisioning block for port d92155d9-feae-4163-97ba-bd6bd6741b04 since it does not have a host {{(pid=103291) _is_port_provisioning_required /opt/stack/neutron/neutron/plugins/ml2/drivers/ovn/mech_driver/mech_driver.py:899}}
Jun 22 06:15:15.790204 np0000182456 devstack@neutron-api.service[103291]: DEBUG neutron.db.ovn_revision_numbers_db [None req-6935656b-de76-4ee0-a0c3-c4f13f4cffd4 admin admin] create_initial_revision uuid=d92155d9-feae-4163-97ba-bd6bd6741b04, type=ports, rev=-1 {{(pid=103291) create_initial_revision /opt/stack/neutron/neutron/db/ovn_revision_numbers_db.py:98}}
Jun 22 06:15:15.860070 np0000182456 devstack@neutron-api.service[103291]: DEBUG neutron_lib.callbacks.manager [None req-6935656b-de76-4ee0-a0c3-c4f13f4cffd4 admin admin] Publish callbacks ['neutron.plugins.ml2.ovo_rpc._ObjectChangeHandler.handle_event-2779358'] for port (d92155d9-feae-4163-97ba-bd6bd6741b04), after_create {{(pid=103291) _notify_loop /opt/stack/data/venv/lib/python3.12/site-packages/neutron_lib/callbacks/manager.py:184}}
Jun 22 06:15:15.926909 np0000182456 devstack@neutron-api.service[103291]: DEBUG neutron.api.rpc.handlers.resources_rpc [None req-6935656b-de76-4ee0-a0c3-c4f13f4cffd4 admin admin] Pushing event updated for resources: {'Port': ['ID=d92155d9-feae-4163-97ba-bd6bd6741b04,revision_number=1']} {{(pid=103291) push /opt/stack/neutron/neutron/api/rpc/handlers/resources_rpc.py:237}}
Jun 22 06:15:15.962768 np0000182456 devstack@neutron-api.service[103291]: DEBUG neutron.plugins.ml2.drivers.ovn.mech_driver.ovsdb.commands [None req-6935656b-de76-4ee0-a0c3-c4f13f4cffd4 admin admin] Converting tag [] to a tag_request {{(pid=103291) _tag_column_to_tag_request /opt/stack/neutron/neutron/plugins/ml2/drivers/ovn/mech_driver/ovsdb/commands.py:205}}
Jun 22 06:15:15.963936 np0000182456 devstack@neutron-api.service[103291]: DEBUG ovsdbapp.backend.ovs_idl.transaction [-] Running txn n=1 command(idx=0): AddLSwitchPortCommand(_result=None, lport=d92155d9-feae-4163-97ba-bd6bd6741b04, lswitch=neutron-206b6fd7-edad-4400-8a7f-b30329270c7a, may_exist=True, network_uuid=206b6fd7-edad-4400-8a7f-b30329270c7a, columns={'addresses': ['fa:16:3e:cb:3c:51'], 'external_ids': {'neutron:port_name': '', 'neutron:device_id': 'ovnmeta-206b6fd7-edad-4400-8a7f-b30329270c7a', 'neutron:project_id': '91971e8c45934d4a8d0002f4d932b24e', 'neutron:cidrs': '', 'neutron:device_owner': 'network:distributed', 'neutron:subnet_pool_addr_scope4': '', 'neutron:subnet_pool_addr_scope6': '', 'neutron:network_name': 'neutron-206b6fd7-edad-4400-8a7f-b30329270c7a', 'neutron:security_group_ids': '', 'neutron:revision_number': '1', 'neutron:vnic_type': 'normal', 'neutron:port_capabilities': '', 'neutron:mtu': '1372'}, 'parent_name': [], 'enabled': True, 'options': {}, 'type': 'localport', 'port_security': [], 'dhcpv4_options': [], 'dhcpv6_options': [], 'tag_request': []}) {{(pid=103291) do_commit /opt/stack/data/venv/lib/python3.12/site-packages/ovsdbapp/backend/ovs_idl/transaction.py:89}}
Jun 22 06:15:15.965107 np0000182456 devstack@neutron-api.service[103291]: DEBUG ovsdbapp.backend.ovs_idl.transaction [-] Running txn n=1 command(idx=1): QoSDelCommand(_result=None, switch=neutron-206b6fd7-edad-4400-8a7f-b30329270c7a, conditions=[('direction', '=', 'to-lport'), ('priority', '=', 2002), ('match', '=', 'outport == "d92155d9-feae-4163-97ba-bd6bd6741b04"')], if_exists=True) {{(pid=103291) do_commit /opt/stack/data/venv/lib/python3.12/site-packages/ovsdbapp/backend/ovs_idl/transaction.py:89}}
Jun 22 06:15:15.965578 np0000182456 devstack@neutron-api.service[103291]: DEBUG ovsdbapp.backend.ovs_idl.transaction [-] Running txn n=1 command(idx=2): QoSDelCommand(_result=None, switch=neutron-206b6fd7-edad-4400-8a7f-b30329270c7a, conditions=[('direction', '=', 'from-lport'), ('priority', '=', 2002), ('match', '=', 'inport == "d92155d9-feae-4163-97ba-bd6bd6741b04"')], if_exists=True) {{(pid=103291) do_commit /opt/stack/data/venv/lib/python3.12/site-packages/ovsdbapp/backend/ovs_idl/transaction.py:89}}
Jun 22 06:15:15.968753 np0000182456 devstack@neutron-api.service[103289]: DEBUG neutron.plugins.ml2.drivers.ovn.mech_driver.ovsdb.ovsdb_monitor [-] Hash Ring: Node 1de399c56cfc5d7a9efe7eeb33459988 (host: np0000182456) handling event "update" for row 206b6fd7-edad-4400-8a7f-b30329270c7a (table: Logical_Switch) {{(pid=103289) notify /opt/stack/neutron/neutron/plugins/ml2/drivers/ovn/mech_driver/ovsdb/ovsdb_monitor.py:1015}}
Jun 22 06:15:15.969448 np0000182456 devstack@neutron-api.service[103289]: DEBUG neutron.plugins.ml2.drivers.ovn.mech_driver.ovsdb.ovsdb_monitor [-] Hash Ring: Node 1de399c56cfc5d7a9efe7eeb33459988 (host: np0000182456) handling event "create" for row 69ac4767-d0d5-4be0-881a-e69238c1c741 (table: Logical_Switch_Port) {{(pid=103289) notify /opt/stack/neutron/neutron/plugins/ml2/drivers/ovn/mech_driver/ovsdb/ovsdb_monitor.py:1015}}
Jun 22 06:15:15.970271 np0000182456 devstack@neutron-api.service[103289]: DEBUG ovsdbapp.backend.ovs_idl.event [-] Matched CREATE: LogicalSwitchPortCreateEvent(events=('create',), table='Logical_Switch_Port', conditions=[], old_conditions=None), priority=20 to row=Logical_Switch_Port(uuid=69ac4767-d0d5-4be0-881a-e69238c1c741, addresses=['fa:16:3e:cb:3c:51'], dhcpv4_options=[], dhcpv6_options=[], dynamic_addresses=[], enabled=True, external_ids={'neutron:cidrs': '', 'neutron:device_id': 'ovnmeta-206b6fd7-edad-4400-8a7f-b30329270c7a', 'neutron:device_owner': 'network:distributed', 'neutron:mtu': '1372', 'neutron:network_name': 'neutron-206b6fd7-edad-4400-8a7f-b30329270c7a', 'neutron:port_capabilities': '', 'neutron:port_name': '', 'neutron:project_id': '91971e8c45934d4a8d0002f4d932b24e', 'neutron:revision_number': '1', 'neutron:security_group_ids': '', 'neutron:subnet_pool_addr_scope4': '', 'neutron:subnet_pool_addr_scope6': '', 'neutron:vnic_type': 'normal'}, ha_chassis_group=[], mirror_rules=[], name='d92155d9-feae-4163-97ba-bd6bd6741b04', options={}, parent_name=[], port_security=[], tag=[], tag_request=[], type='localport', up=[]) old= {{(pid=103289) matches /opt/stack/data/venv/lib/python3.12/site-packages/ovsdbapp/backend/ovs_idl/event.py:55}}
Jun 22 06:15:15.971963 np0000182456 devstack@neutron-api.service[103290]: DEBUG neutron.plugins.ml2.drivers.ovn.mech_driver.ovsdb.ovsdb_monitor [-] Hash Ring: Node 1b0d2dfde67757e2b7b483deaf107baf (host: np0000182456) handling event "create" for row 69ac4767-d0d5-4be0-881a-e69238c1c741 (table: Logical_Switch_Port) {{(pid=103290) notify /opt/stack/neutron/neutron/plugins/ml2/drivers/ovn/mech_driver/ovsdb/ovsdb_monitor.py:1015}}
Jun 22 06:15:15.973223 np0000182456 devstack@neutron-api.service[103289]: INFO neutron.plugins.ml2.drivers.ovn.mech_driver.mech_driver [-] OVN reports status down for port: d92155d9-feae-4163-97ba-bd6bd6741b04
Jun 22 06:15:15.976021 np0000182456 devstack@neutron-api.service[103290]: DEBUG ovsdbapp.backend.ovs_idl.event [-] Matched CREATE: LogicalSwitchPortCreateEvent(events=('create',), table='Logical_Switch_Port', conditions=[], old_conditions=None), priority=20 to row=Logical_Switch_Port(uuid=69ac4767-d0d5-4be0-881a-e69238c1c741, addresses=['fa:16:3e:cb:3c:51'], dhcpv4_options=[], dhcpv6_options=[], dynamic_addresses=[], enabled=True, external_ids={'neutron:cidrs': '', 'neutron:device_id': 'ovnmeta-206b6fd7-edad-4400-8a7f-b30329270c7a', 'neutron:device_owner': 'network:distributed', 'neutron:mtu': '1372', 'neutron:network_name': 'neutron-206b6fd7-edad-4400-8a7f-b30329270c7a', 'neutron:port_capabilities': '', 'neutron:port_name': '', 'neutron:project_id': '91971e8c45934d4a8d0002f4d932b24e', 'neutron:revision_number': '1', 'neutron:security_group_ids': '', 'neutron:subnet_pool_addr_scope4': '', 'neutron:subnet_pool_addr_scope6': '', 'neutron:vnic_type': 'normal'}, ha_chassis_group=[], mirror_rules=[], name='d92155d9-feae-4163-97ba-bd6bd6741b04', options={}, parent_name=[], port_security=[], tag=[], tag_request=[], type='localport', up=[]) old= {{(pid=103290) matches /opt/stack/data/venv/lib/python3.12/site-packages/ovsdbapp/backend/ovs_idl/event.py:55}}
Jun 22 06:15:15.976589 np0000182456 devstack@neutron-api.service[103292]: DEBUG neutron.plugins.ml2.drivers.ovn.mech_driver.ovsdb.ovsdb_monitor [-] Hash Ring: Node e37e719206205d73821c6765fc098e69 (host: np0000182456) handling event "update" for row 206b6fd7-edad-4400-8a7f-b30329270c7a (table: Logical_Switch) {{(pid=103292) notify /opt/stack/neutron/neutron/plugins/ml2/drivers/ovn/mech_driver/ovsdb/ovsdb_monitor.py:1015}}
Jun 22 06:15:15.977266 np0000182456 devstack@neutron-api.service[103289]: DEBUG neutron.plugins.ml2.drivers.ovn.mech_driver.ovsdb.ovsdb_monitor [-] Hash Ring: Node 1de399c56cfc5d7a9efe7eeb33459988 (host: np0000182456) handling event "create" for row 7d05e145-8b29-45c4-b585-8cb65f8201d9 (table: Port_Binding) {{(pid=103289) notify /opt/stack/neutron/neutron/plugins/ml2/drivers/ovn/mech_driver/ovsdb/ovsdb_monitor.py:1015}}
