Jun 29 06:04:09.328841 np0000183453 devstack@neutron-api.service[103204]: DEBUG neutron.api.extensions [None req-3cb34173-61f4-439d-8a96-69acf9a8fc62 None None] Loading extension file: l3_ext_ndp_proxy.py {{(pid=103204) _load_all_extensions_from_path /opt/stack/neutron/neutron/api/extensions.py:449}}
Jun 29 06:04:09.330175 np0000183453 devstack@neutron-api.service[103205]: [pid: 103205|app: 0|req: 1/1] 199.204.45.246 () {62 vars in 988 bytes} [Mon Jun 29 06:04:09 2026] GET /networking => generated 130 bytes in 3 msecs (HTTP/1.1 200) 3 headers in 91 bytes (2 switches on core 0)
Jun 29 06:04:09.330419 np0000183453 devstack@neutron-api.service[103204]: DEBUG neutron.api.extensions [None req-3cb34173-61f4-439d-8a96-69acf9a8fc62 None None] Ext name="Router support to enable NDP proxy" alias="l3-ext-ndp-proxy" description="Router extension to enable ndp proxy" updated="2020-08-25T00:00:00-00:00" {{(pid=103204) _check_extension /opt/stack/neutron/neutron/api/extensions.py:415}}
Jun 29 06:04:09.330503 np0000183453 devstack@neutron-api.service[103204]: INFO neutron.api.extensions [None req-3cb34173-61f4-439d-8a96-69acf9a8fc62 None None] Extension l3-ext-ndp-proxy not supported by any of loaded plugins
Jun 29 06:04:09.330565 np0000183453 devstack@neutron-api.service[103204]: DEBUG neutron.api.extensions [None req-3cb34173-61f4-439d-8a96-69acf9a8fc62 None None] Loading extension file: l3_extra_gws.py {{(pid=103204) _load_all_extensions_from_path /opt/stack/neutron/neutron/api/extensions.py:449}}
Jun 29 06:04:09.330877 np0000183453 devstack@neutron-api.service[103204]: DEBUG neutron.api.extensions [None req-3cb34173-61f4-439d-8a96-69acf9a8fc62 None None] Ext name="Neutron L3 External Gateway Multihoming" alias="external-gateway-multihoming" description="Allow multiple external gateway ports per router" updated="2023-01-18T00:00:00-00:00" {{(pid=103204) _check_extension /opt/stack/neutron/neutron/api/extensions.py:415}}
Jun 29 06:04:09.331041 np0000183453 devstack@neutron-api.service[103204]: INFO neutron.api.extensions [None req-3cb34173-61f4-439d-8a96-69acf9a8fc62 None None] Loaded extension: external-gateway-multihoming
Jun 29 06:04:09.331138 np0000183453 devstack@neutron-api.service[103204]: DEBUG neutron.api.extensions [None req-3cb34173-61f4-439d-8a96-69acf9a8fc62 None None] Loading extension file: l3_flavors.py {{(pid=103204) _load_all_extensions_from_path /opt/stack/neutron/neutron/api/extensions.py:449}}
Jun 29 06:04:09.331370 np0000183453 devstack@neutron-api.service[103204]: DEBUG neutron.api.extensions [None req-3cb34173-61f4-439d-8a96-69acf9a8fc62 None None] Ext name="Router Flavor Extension" alias="l3-flavors" description="Flavor support for routers." updated="2016-05-17T00:00:00-00:00" {{(pid=103204) _check_extension /opt/stack/neutron/neutron/api/extensions.py:415}}
Jun 29 06:04:09.331545 np0000183453 devstack@neutron-api.service[103204]: INFO neutron.api.extensions [None req-3cb34173-61f4-439d-8a96-69acf9a8fc62 None None] Loaded extension: l3-flavors
Jun 29 06:04:09.331660 np0000183453 devstack@neutron-api.service[103204]: DEBUG neutron.api.extensions [None req-3cb34173-61f4-439d-8a96-69acf9a8fc62 None None] Loading extension file: l3_ndp_proxy.py {{(pid=103204) _load_all_extensions_from_path /opt/stack/neutron/neutron/api/extensions.py:449}}
Jun 29 06:04:09.332069 np0000183453 devstack@neutron-api.service[103204]: DEBUG neutron.api.extensions [None req-3cb34173-61f4-439d-8a96-69acf9a8fc62 None None] Ext name="name" alias="l3-ndp-proxy" description="description" updated="2021-06-29T10:00:00-00:00" {{(pid=103204) _check_extension /opt/stack/neutron/neutron/api/extensions.py:415}}
Jun 29 06:04:09.332249 np0000183453 devstack@neutron-api.service[103204]: INFO neutron.api.extensions [None req-3cb34173-61f4-439d-8a96-69acf9a8fc62 None None] Extension l3-ndp-proxy not supported by any of loaded plugins
Jun 29 06:04:09.332443 np0000183453 devstack@neutron-api.service[103204]: DEBUG neutron.api.extensions [None req-3cb34173-61f4-439d-8a96-69acf9a8fc62 None None] Loading extension file: l3_port_ip_change_not_allowed.py {{(pid=103204) _load_all_extensions_from_path /opt/stack/neutron/neutron/api/extensions.py:449}}
Jun 29 06:04:09.332586 np0000183453 devstack@neutron-api.service[103204]: DEBUG neutron.api.extensions [None req-3cb34173-61f4-439d-8a96-69acf9a8fc62 None None] Ext name="Prevent L3 router ports IP address change extension" alias="l3-port-ip-change-not-allowed" description="Prevent change of IP address for some L3 router ports" updated="2018-10-09T10:00:00-00:00" {{(pid=103204) _check_extension /opt/stack/neutron/neutron/api/extensions.py:415}}
Jun 29 06:04:09.332749 np0000183453 devstack@neutron-api.service[103204]: INFO neutron.api.extensions [None req-3cb34173-61f4-439d-8a96-69acf9a8fc62 None None] Extension l3-port-ip-change-not-allowed not supported by any of loaded plugins
Jun 29 06:04:09.332863 np0000183453 devstack@neutron-api.service[103204]: DEBUG neutron.api.extensions [None req-3cb34173-61f4-439d-8a96-69acf9a8fc62 None None] Loading extension file: l3agentscheduler.py {{(pid=103204) _load_all_extensions_from_path /opt/stack/neutron/neutron/api/extensions.py:449}}
Jun 29 06:04:09.333606 np0000183453 devstack@neutron-api.service[103204]: DEBUG neutron.api.extensions [None req-3cb34173-61f4-439d-8a96-69acf9a8fc62 None None] Ext name="L3 Agent Scheduler" alias="l3_agent_scheduler" description="Schedule routers among l3 agents" updated="2013-02-07T10:00:00-00:00" {{(pid=103204) _check_extension /opt/stack/neutron/neutron/api/extensions.py:415}}
Jun 29 06:04:09.333804 np0000183453 devstack@neutron-api.service[103204]: INFO neutron.api.extensions [None req-3cb34173-61f4-439d-8a96-69acf9a8fc62 None None] Loaded extension: l3_agent_scheduler
Jun 29 06:04:09.333915 np0000183453 devstack@neutron-api.service[103204]: DEBUG neutron.api.extensions [None req-3cb34173-61f4-439d-8a96-69acf9a8fc62 None None] Loading extension file: local_ip.py {{(pid=103204) _load_all_extensions_from_path /opt/stack/neutron/neutron/api/extensions.py:449}}
Jun 29 06:04:09.334273 np0000183453 devstack@neutron-api.service[103204]: DEBUG neutron.api.extensions [None req-3cb34173-61f4-439d-8a96-69acf9a8fc62 None None] Ext name="Local IP" alias="local_ip" description="Support Node Local Virtual IP" updated="2021-07-26T10:00:00-00:00" {{(pid=103204) _check_extension /opt/stack/neutron/neutron/api/extensions.py:415}}
Jun 29 06:04:09.334474 np0000183453 devstack@neutron-api.service[103204]: INFO neutron.api.extensions [None req-3cb34173-61f4-439d-8a96-69acf9a8fc62 None None] Extension local_ip not supported by any of loaded plugins
Jun 29 06:04:09.334524 np0000183453 devstack@neutron-api.service[103204]: DEBUG neutron.api.extensions [None req-3cb34173-61f4-439d-8a96-69acf9a8fc62 None None] Loading extension file: logging.py {{(pid=103204) _load_all_extensions_from_path /opt/stack/neutron/neutron/api/extensions.py:449}}
Jun 29 06:04:09.334882 np0000183453 devstack@neutron-api.service[103204]: DEBUG neutron.api.extensions [None req-3cb34173-61f4-439d-8a96-69acf9a8fc62 None None] Ext name="Logging API Extension" alias="logging" description="Provides a logging API for resources such as security group and firewall." updated="2017-01-01T10:00:00-00:00" {{(pid=103204) _check_extension /opt/stack/neutron/neutron/api/extensions.py:415}}
Jun 29 06:04:09.335069 np0000183453 devstack@neutron-api.service[103204]: INFO neutron.api.extensions [None req-3cb34173-61f4-439d-8a96-69acf9a8fc62 None None] Extension logging not supported by any of loaded plugins
Jun 29 06:04:09.335166 np0000183453 devstack@neutron-api.service[103204]: DEBUG neutron.api.extensions [None req-3cb34173-61f4-439d-8a96-69acf9a8fc62 None None] Loading extension file: metering.py {{(pid=103204) _load_all_extensions_from_path /opt/stack/neutron/neutron/api/extensions.py:449}}
Jun 29 06:04:09.335500 np0000183453 devstack@neutron-api.service[103204]: DEBUG neutron.api.extensions [None req-3cb34173-61f4-439d-8a96-69acf9a8fc62 None None] Ext name="Neutron Metering" alias="metering" description="Neutron Metering extension." updated="2013-06-12T10:00:00-00:00" {{(pid=103204) _check_extension /opt/stack/neutron/neutron/api/extensions.py:415}}
Jun 29 06:04:09.335656 np0000183453 devstack@neutron-api.service[103204]: INFO neutron.api.extensions [None req-3cb34173-61f4-439d-8a96-69acf9a8fc62 None None] Extension metering not supported by any of loaded plugins
Jun 29 06:04:09.335751 np0000183453 devstack@neutron-api.service[103204]: DEBUG neutron.api.extensions [None req-3cb34173-61f4-439d-8a96-69acf9a8fc62 None None] Loading extension file: metering_source_and_destination_fields.py {{(pid=103204) _load_all_extensions_from_path /opt/stack/neutron/neutron/api/extensions.py:449}}
Jun 29 06:04:09.336025 np0000183453 devstack@neutron-api.service[103204]: DEBUG neutron.api.extensions [None req-3cb34173-61f4-439d-8a96-69acf9a8fc62 None None] Ext name="Neutron Metering with source and destination filtering" alias="metering_source_and_destination_fields" description="Neutron Metering extension that enables the use of source and destination IP prefixes to create metering label rules." updated="2020-08-21T08:12:00-00:00" {{(pid=103204) _check_extension /opt/stack/neutron/neutron/api/extensions.py:415}}
Jun 29 06:04:09.336218 np0000183453 devstack@neutron-api.service[103204]: INFO neutron.api.extensions [None req-3cb34173-61f4-439d-8a96-69acf9a8fc62 None None] Extension metering_source_and_destination_fields not supported by any of loaded plugins
Jun 29 06:04:09.336282 np0000183453 devstack@neutron-api.service[103204]: DEBUG neutron.api.extensions [None req-3cb34173-61f4-439d-8a96-69acf9a8fc62 None None] Loading extension file: multiprovidernet.py {{(pid=103204) _load_all_extensions_from_path /opt/stack/neutron/neutron/api/extensions.py:449}}
Jun 29 06:04:09.336881 np0000183453 devstack@neutron-api.service[103204]: DEBUG neutron.api.extensions [None req-3cb34173-61f4-439d-8a96-69acf9a8fc62 None None] Ext name="Multi Provider Network" alias="multi-provider" description="Expose mapping of virtual networks to multiple physical networks" updated="2013-06-27T10:00:00-00:00" {{(pid=103204) _check_extension /opt/stack/neutron/neutron/api/extensions.py:415}}
Jun 29 06:04:09.336881 np0000183453 devstack@neutron-api.service[103204]: INFO neutron.api.extensions [None req-3cb34173-61f4-439d-8a96-69acf9a8fc62 None None] Loaded extension: multi-provider
Jun 29 06:04:09.336881 np0000183453 devstack@neutron-api.service[103204]: DEBUG neutron.api.extensions [None req-3cb34173-61f4-439d-8a96-69acf9a8fc62 None None] Loading extension file: netmtu.py {{(pid=103204) _load_all_extensions_from_path /opt/stack/neutron/neutron/api/extensions.py:449}}
Jun 29 06:04:09.337118 np0000183453 devstack@neutron-api.service[103204]: DEBUG neutron.api.extensions [None req-3cb34173-61f4-439d-8a96-69acf9a8fc62 None None] Ext name="Network MTU" alias="net-mtu" description="Provides MTU attribute for a network resource." updated="2015-03-25T10:00:00-00:00" {{(pid=103204) _check_extension /opt/stack/neutron/neutron/api/extensions.py:415}}
Jun 29 06:04:09.337227 np0000183453 devstack@neutron-api.service[103204]: INFO neutron.api.extensions [None req-3cb34173-61f4-439d-8a96-69acf9a8fc62 None None] Loaded extension: net-mtu
Jun 29 06:04:09.337317 np0000183453 devstack@neutron-api.service[103204]: DEBUG neutron.api.extensions [None req-3cb34173-61f4-439d-8a96-69acf9a8fc62 None None] Loading extension file: netmtu_writable.py {{(pid=103204) _load_all_extensions_from_path /opt/stack/neutron/neutron/api/extensions.py:449}}
Jun 29 06:04:09.337528 np0000183453 devstack@neutron-api.service[103204]: DEBUG neutron.api.extensions [None req-3cb34173-61f4-439d-8a96-69acf9a8fc62 None None] Ext name="Network MTU (writable)" alias="net-mtu-writable" description="Provides a writable MTU attribute for a network resource." updated="2017-07-12T00:00:00-00:00" {{(pid=103204) _check_extension /opt/stack/neutron/neutron/api/extensions.py:415}}
Jun 29 06:04:09.337739 np0000183453 devstack@neutron-api.service[103204]: INFO neutron.api.extensions [None req-3cb34173-61f4-439d-8a96-69acf9a8fc62 None None] Loaded extension: net-mtu-writable
Jun 29 06:04:09.337739 np0000183453 devstack@neutron-api.service[103204]: DEBUG neutron.api.extensions [None req-3cb34173-61f4-439d-8a96-69acf9a8fc62 None None] Loading extension file: network_availability_zone.py {{(pid=103204) _load_all_extensions_from_path /opt/stack/neutron/neutron/api/extensions.py:449}}
Jun 29 06:04:09.338144 np0000183453 devstack@neutron-api.service[103204]: DEBUG neutron.api.extensions [None req-3cb34173-61f4-439d-8a96-69acf9a8fc62 None None] Ext name="Network Availability Zone" alias="network_availability_zone" description="Availability zone support for network." updated="2015-01-01T10:00:00-00:00" {{(pid=103204) _check_extension /opt/stack/neutron/neutron/api/extensions.py:415}}
Jun 29 06:04:09.338283 np0000183453 devstack@neutron-api.service[103204]: INFO neutron.api.extensions [None req-3cb34173-61f4-439d-8a96-69acf9a8fc62 None None] Loaded extension: network_availability_zone
Jun 29 06:04:09.338283 np0000183453 devstack@neutron-api.service[103204]: DEBUG neutron.api.extensions [None req-3cb34173-61f4-439d-8a96-69acf9a8fc62 None None] Loading extension file: network_ha.py {{(pid=103204) _load_all_extensions_from_path /opt/stack/neutron/neutron/api/extensions.py:449}}
Jun 29 06:04:09.338528 np0000183453 devstack@neutron-api.service[103204]: DEBUG neutron.api.extensions [None req-3cb34173-61f4-439d-8a96-69acf9a8fc62 None None] Ext name="Network HA creation flag" alias="network_ha" description="Network high availability creation flag." updated="2023-04-27T10:00:00-00:00" {{(pid=103204) _check_extension /opt/stack/neutron/neutron/api/extensions.py:415}}
Jun 29 06:04:09.338692 np0000183453 devstack@neutron-api.service[103204]: INFO neutron.api.extensions [None req-3cb34173-61f4-439d-8a96-69acf9a8fc62 None None] Extension network_ha not supported by any of loaded plugins
Jun 29 06:04:09.338789 np0000183453 devstack@neutron-api.service[103204]: DEBUG neutron.api.extensions [None req-3cb34173-61f4-439d-8a96-69acf9a8fc62 None None] Loading extension file: network_ip_availability.py {{(pid=103204) _load_all_extensions_from_path /opt/stack/neutron/neutron/api/extensions.py:449}}
Jun 29 06:04:09.339041 np0000183453 devstack@neutron-api.service[103204]: DEBUG neutron.api.extensions [None req-3cb34173-61f4-439d-8a96-69acf9a8fc62 None None] Ext name="Network IP Availability" alias="network-ip-availability" description="Provides IP availability data for each network and subnet." updated="2015-09-24T00:00:00-00:00" {{(pid=103204) _check_extension /opt/stack/neutron/neutron/api/extensions.py:415}}
Jun 29 06:04:09.339176 np0000183453 devstack@neutron-api.service[103204]: INFO neutron.api.extensions [None req-3cb34173-61f4-439d-8a96-69acf9a8fc62 None None] Loaded extension: network-ip-availability
Jun 29 06:04:09.339292 np0000183453 devstack@neutron-api.service[103204]: DEBUG neutron.api.extensions [None req-3cb34173-61f4-439d-8a96-69acf9a8fc62 None None] Loading extension file: network_ip_availability_details.py {{(pid=103204) _load_all_extensions_from_path /opt/stack/neutron/neutron/api/extensions.py:449}}
Jun 29 06:04:09.339540 np0000183453 devstack@neutron-api.service[103204]: DEBUG neutron.api.extensions [None req-3cb34173-61f4-439d-8a96-69acf9a8fc62 None None] Ext name="Network IP Availability Details Extension" alias="network-ip-availability-details" description="Add ip_availability_details attribute to network-ip-availabilities resource." updated="2025-10-31T00:00:00-00:00" {{(pid=103204) _check_extension /opt/stack/neutron/neutron/api/extensions.py:415}}
Jun 29 06:04:09.339656 np0000183453 devstack@neutron-api.service[103204]: INFO neutron.api.extensions [None req-3cb34173-61f4-439d-8a96-69acf9a8fc62 None None] Loaded extension: network-ip-availability-details
Jun 29 06:04:09.339752 np0000183453 devstack@neutron-api.service[103204]: DEBUG neutron.api.extensions [None req-3cb34173-61f4-439d-8a96-69acf9a8fc62 None None] Loading extension file: network_segment_range.py {{(pid=103204) _load_all_extensions_from_path /opt/stack/neutron/neutron/api/extensions.py:449}}
Jun 29 06:04:09.340184 np0000183453 devstack@neutron-api.service[103204]: DEBUG neutron.api.extensions [None req-3cb34173-61f4-439d-8a96-69acf9a8fc62 None None] Ext name="Neutron Network Segment Range" alias="network-segment-range" description="Provides support for the network segment range management" updated="2018-11-29T00:00:00-00:00" {{(pid=103204) _check_extension /opt/stack/neutron/neutron/api/extensions.py:415}}
Jun 29 06:04:09.340352 np0000183453 devstack@neutron-api.service[103204]: INFO neutron.api.extensions [None req-3cb34173-61f4-439d-8a96-69acf9a8fc62 None None] Extension network-segment-range not supported by any of loaded plugins
Jun 29 06:04:09.340430 np0000183453 devstack@neutron-api.service[103204]: DEBUG neutron.api.extensions [None req-3cb34173-61f4-439d-8a96-69acf9a8fc62 None None] Loading extension file: pagination.py {{(pid=103204) _load_all_extensions_from_path /opt/stack/neutron/neutron/api/extensions.py:449}}
Jun 29 06:04:09.340746 np0000183453 devstack@neutron-api.service[103204]: DEBUG neutron.api.extensions [None req-3cb34173-61f4-439d-8a96-69acf9a8fc62 None None] Ext name="Pagination support" alias="pagination" description="Extension that indicates that pagination is enabled." updated="2016-06-12T00:00:00-00:00" {{(pid=103204) _check_extension /opt/stack/neutron/neutron/api/extensions.py:415}}
Jun 29 06:04:09.340853 np0000183453 devstack@neutron-api.service[103204]: INFO neutron.api.extensions [None req-3cb34173-61f4-439d-8a96-69acf9a8fc62 None None] Loaded extension: pagination
Jun 29 06:04:09.340924 np0000183453 devstack@neutron-api.service[103204]: DEBUG neutron.api.extensions [None req-3cb34173-61f4-439d-8a96-69acf9a8fc62 None None] Loading extension file: port_device_profile.py {{(pid=103204) _load_all_extensions_from_path /opt/stack/neutron/neutron/api/extensions.py:449}}
Jun 29 06:04:09.341129 np0000183453 devstack@neutron-api.service[103204]: DEBUG neutron.api.extensions [None req-3cb34173-61f4-439d-8a96-69acf9a8fc62 None None] Ext name="Port device profile" alias="port-device-profile" description="Expose the port device profile (Cyborg)" updated="2020-12-17T10:00:00-00:00" {{(pid=103204) _check_extension /opt/stack/neutron/neutron/api/extensions.py:415}}
Jun 29 06:04:09.341321 np0000183453 devstack@neutron-api.service[103204]: INFO neutron.api.extensions [None req-3cb34173-61f4-439d-8a96-69acf9a8fc62 None None] Loaded extension: port-device-profile
Jun 29 06:04:09.341429 np0000183453 devstack@neutron-api.service[103204]: DEBUG neutron.api.extensions [None req-3cb34173-61f4-439d-8a96-69acf9a8fc62 None None] Loading extension file: port_hardware_offload_type.py {{(pid=103204) _load_all_extensions_from_path /opt/stack/neutron/neutron/api/extensions.py:449}}
Jun 29 06:04:09.341642 np0000183453 devstack@neutron-api.service[103204]: DEBUG neutron.api.extensions [None req-3cb34173-61f4-439d-8a96-69acf9a8fc62 None None] Ext name="Port hardware offload" alias="port-hardware-offload-type" description="Expose port hardware offload extension" updated="2023-05-09T10:00:00-00:00" {{(pid=103204) _check_extension /opt/stack/neutron/neutron/api/extensions.py:415}}
Jun 29 06:04:09.341824 np0000183453 devstack@neutron-api.service[103204]: INFO neutron.api.extensions [None req-3cb34173-61f4-439d-8a96-69acf9a8fc62 None None] Extension port-hardware-offload-type not supported by any of loaded plugins
Jun 29 06:04:09.341941 np0000183453 devstack@neutron-api.service[103204]: DEBUG neutron.api.extensions [None req-3cb34173-61f4-439d-8a96-69acf9a8fc62 None None] Loading extension file: port_hint_ovs_tx_steering.py {{(pid=103204) _load_all_extensions_from_path /opt/stack/neutron/neutron/api/extensions.py:449}}
Jun 29 06:04:09.342151 np0000183453 devstack@neutron-api.service[103204]: DEBUG neutron.api.extensions [None req-3cb34173-61f4-439d-8a96-69acf9a8fc62 None None] Ext name="Port hint: Open vSwitch Tx steering" alias="port-hint-ovs-tx-steering" description="Enable Port hint: Open vSwitch Tx steering" updated="2023-01-01T00:00:00-00:00" {{(pid=103204) _check_extension /opt/stack/neutron/neutron/api/extensions.py:415}}
Jun 29 06:04:09.342307 np0000183453 devstack@neutron-api.service[103204]: INFO neutron.api.extensions [None req-3cb34173-61f4-439d-8a96-69acf9a8fc62 None None] Extension port-hint-ovs-tx-steering not supported by any of loaded plugins
Jun 29 06:04:09.342363 np0000183453 devstack@neutron-api.service[103204]: DEBUG neutron.api.extensions [None req-3cb34173-61f4-439d-8a96-69acf9a8fc62 None None] Loading extension file: port_hints.py {{(pid=103204) _load_all_extensions_from_path /opt/stack/neutron/neutron/api/extensions.py:449}}
Jun 29 06:04:09.342608 np0000183453 devstack@neutron-api.service[103204]: DEBUG neutron.api.extensions [None req-3cb34173-61f4-439d-8a96-69acf9a8fc62 None None] Ext name="Port hints" alias="port-hints" description="Backend specific port hints to allow backend specific tuning" updated="2023-01-01T00:00:00-00:00" {{(pid=103204) _check_extension /opt/stack/neutron/neutron/api/extensions.py:415}}
Jun 29 06:04:09.342874 np0000183453 devstack@neutron-api.service[103204]: INFO neutron.api.extensions [None req-3cb34173-61f4-439d-8a96-69acf9a8fc62 None None] Extension port-hints not supported by any of loaded plugins
Jun 29 06:04:09.342874 np0000183453 devstack@neutron-api.service[103204]: DEBUG neutron.api.extensions [None req-3cb34173-61f4-439d-8a96-69acf9a8fc62 None None] Loading extension file: port_mac_address_override.py {{(pid=103204) _load_all_extensions_from_path /opt/stack/neutron/neutron/api/extensions.py:449}}
Jun 29 06:04:09.343138 np0000183453 devstack@neutron-api.service[103204]: DEBUG neutron.api.extensions [None req-3cb34173-61f4-439d-8a96-69acf9a8fc62 None None] Ext name="Neutron Port MAC address override" alias="port-mac-override" description="Allow overriding the MAC address of a direct-physical Port via the active binding profile" updated="2022-03-18T10:00:00-00:00" {{(pid=103204) _check_extension /opt/stack/neutron/neutron/api/extensions.py:415}}
Jun 29 06:04:09.343255 np0000183453 devstack@neutron-api.service[103204]: INFO neutron.api.extensions [None req-3cb34173-61f4-439d-8a96-69acf9a8fc62 None None] Extension port-mac-override not supported by any of loaded plugins
Jun 29 06:04:09.343375 np0000183453 devstack@neutron-api.service[103204]: DEBUG neutron.api.extensions [None req-3cb34173-61f4-439d-8a96-69acf9a8fc62 None None] Loading extension file: port_mac_address_regenerate.py {{(pid=103204) _load_all_extensions_from_path /opt/stack/neutron/neutron/api/extensions.py:449}}
Jun 29 06:04:09.343605 np0000183453 devstack@neutron-api.service[103204]: DEBUG neutron.api.extensions [None req-3cb34173-61f4-439d-8a96-69acf9a8fc62 None None] Ext name="Neutron Port MAC address regenerate" alias="port-mac-address-regenerate" description="Network port MAC address regenerate" updated="2018-05-03T10:00:00-00:00" {{(pid=103204) _check_extension /opt/stack/neutron/neutron/api/extensions.py:415}}
Jun 29 06:04:09.343969 np0000183453 devstack@neutron-api.service[103204]: INFO neutron.api.extensions [None req-3cb34173-61f4-439d-8a96-69acf9a8fc62 None None] Loaded extension: port-mac-address-regenerate
Jun 29 06:04:09.344026 np0000183453 devstack@neutron-api.service[103204]: DEBUG neutron.api.extensions [None req-3cb34173-61f4-439d-8a96-69acf9a8fc62 None None] Loading extension file: port_numa_affinity_policy.py {{(pid=103204) _load_all_extensions_from_path /opt/stack/neutron/neutron/api/extensions.py:449}}
Jun 29 06:04:09.344234 np0000183453 devstack@neutron-api.service[103204]: DEBUG neutron.api.extensions [None req-3cb34173-61f4-439d-8a96-69acf9a8fc62 None None] Ext name="Port NUMA affinity policy" alias="port-numa-affinity-policy" description="Expose the port NUMA affinity policy" updated="2020-07-08T10:00:00-00:00" {{(pid=103204) _check_extension /opt/stack/neutron/neutron/api/extensions.py:415}}
Jun 29 06:04:09.344379 np0000183453 devstack@neutron-api.service[103204]: INFO neutron.api.extensions [None req-3cb34173-61f4-439d-8a96-69acf9a8fc62 None None] Loaded extension: port-numa-affinity-policy
Jun 29 06:04:09.344473 np0000183453 devstack@neutron-api.service[103204]: DEBUG neutron.api.extensions [None req-3cb34173-61f4-439d-8a96-69acf9a8fc62 None None] Loading extension file: port_numa_affinity_policy_socket.py {{(pid=103204) _load_all_extensions_from_path /opt/stack/neutron/neutron/api/extensions.py:449}}
Jun 29 06:04:09.344691 np0000183453 devstack@neutron-api.service[103204]: DEBUG neutron.api.extensions [None req-3cb34173-61f4-439d-8a96-69acf9a8fc62 None None] Ext name="Port NUMA affinity policy "socket"" alias="port-numa-affinity-policy-socket" description="Adds "socket" to the supported port NUMA affinity policies" updated="2024-02-09T10:00:00-00:00" {{(pid=103204) _check_extension /opt/stack/neutron/neutron/api/extensions.py:415}}
Jun 29 06:04:09.344889 np0000183453 devstack@neutron-api.service[103204]: INFO neutron.api.extensions [None req-3cb34173-61f4-439d-8a96-69acf9a8fc62 None None] Loaded extension: port-numa-affinity-policy-socket
Jun 29 06:04:09.345001 np0000183453 devstack@neutron-api.service[103204]: DEBUG neutron.api.extensions [None req-3cb34173-61f4-439d-8a96-69acf9a8fc62 None None] Loading extension file: port_resource_request.py {{(pid=103204) _load_all_extensions_from_path /opt/stack/neutron/neutron/api/extensions.py:449}}
Jun 29 06:04:09.345229 np0000183453 devstack@neutron-api.service[103204]: DEBUG neutron.api.extensions [None req-3cb34173-61f4-439d-8a96-69acf9a8fc62 None None] Ext name="Port Resource Request" alias="port-resource-request" description="Expose resource request to Port" updated="2018-05-08T10:00:00-00:00" {{(pid=103204) _check_extension /opt/stack/neutron/neutron/api/extensions.py:415}}
Jun 29 06:04:09.345384 np0000183453 devstack@neutron-api.service[103204]: INFO neutron.api.extensions [None req-3cb34173-61f4-439d-8a96-69acf9a8fc62 None None] Extension port-resource-request not supported by any of loaded plugins
Jun 29 06:04:09.345476 np0000183453 devstack@neutron-api.service[103204]: DEBUG neutron.api.extensions [None req-3cb34173-61f4-439d-8a96-69acf9a8fc62 None None] Loading extension file: port_resource_request_groups.py {{(pid=103204) _load_all_extensions_from_path /opt/stack/neutron/neutron/api/extensions.py:449}}
Jun 29 06:04:09.345735 np0000183453 devstack@neutron-api.service[103204]: DEBUG neutron.api.extensions [None req-3cb34173-61f4-439d-8a96-69acf9a8fc62 None None] Ext name="Port Resource Request Groups" alias="port-resource-request-groups" description="Support requesting multiple groups of resources and traits from the same RP subtree in resource_request" updated="2021-08-02T10:00:00-00:00" {{(pid=103204) _check_extension /opt/stack/neutron/neutron/api/extensions.py:415}}
Jun 29 06:04:09.345878 np0000183453 devstack@neutron-api.service[103204]: INFO neutron.api.extensions [None req-3cb34173-61f4-439d-8a96-69acf9a8fc62 None None] Extension port-resource-request-groups not supported by any of loaded plugins
Jun 29 06:04:09.345986 np0000183453 devstack@neutron-api.service[103204]: DEBUG neutron.api.extensions [None req-3cb34173-61f4-439d-8a96-69acf9a8fc62 None None] Loading extension file: port_trusted_vif.py {{(pid=103204) _load_all_extensions_from_path /opt/stack/neutron/neutron/api/extensions.py:449}}
Jun 29 06:04:09.346259 np0000183453 devstack@neutron-api.service[103204]: DEBUG neutron.api.extensions [None req-3cb34173-61f4-439d-8a96-69acf9a8fc62 None None] Ext name="Port trusted vif" alias="port-trusted-vif" description="Expose port 'trusted' attribute in the API" updated="2024-07-10T10:00:00-00:00" {{(pid=103204) _check_extension /opt/stack/neutron/neutron/api/extensions.py:415}}
Jun 29 06:04:09.346445 np0000183453 devstack@neutron-api.service[103204]: INFO neutron.api.extensions [None req-3cb34173-61f4-439d-8a96-69acf9a8fc62 None None] Extension port-trusted-vif not supported by any of loaded plugins
Jun 29 06:04:09.346554 np0000183453 devstack@neutron-api.service[103204]: DEBUG neutron.api.extensions [None req-3cb34173-61f4-439d-8a96-69acf9a8fc62 None None] Loading extension file: portbindings.py {{(pid=103204) _load_all_extensions_from_path /opt/stack/neutron/neutron/api/extensions.py:449}}
Jun 29 06:04:09.346816 np0000183453 devstack@neutron-api.service[103204]: DEBUG neutron.api.extensions [None req-3cb34173-61f4-439d-8a96-69acf9a8fc62 None None] Ext name="Port Binding" alias="binding" description="Expose port bindings of a virtual port to external application" updated="2014-02-03T10:00:00-00:00" {{(pid=103204) _check_extension /opt/stack/neutron/neutron/api/extensions.py:415}}
Jun 29 06:04:09.347052 np0000183453 devstack@neutron-api.service[103204]: INFO neutron.api.extensions [None req-3cb34173-61f4-439d-8a96-69acf9a8fc62 None None] Loaded extension: binding
Jun 29 06:04:09.347135 np0000183453 devstack@neutron-api.service[103204]: DEBUG neutron.api.extensions [None req-3cb34173-61f4-439d-8a96-69acf9a8fc62 None None] Loading extension file: portbindings_extended.py {{(pid=103204) _load_all_extensions_from_path /opt/stack/neutron/neutron/api/extensions.py:449}}
Jun 29 06:04:09.347393 np0000183453 devstack@neutron-api.service[103204]: DEBUG neutron.api.extensions [None req-3cb34173-61f4-439d-8a96-69acf9a8fc62 None None] Ext name="Port Bindings Extended" alias="binding-extended" description="Expose port bindings of a virtual port to external application" updated="2017-07-17T10:00:00-00:00" {{(pid=103204) _check_extension /opt/stack/neutron/neutron/api/extensions.py:415}}
Jun 29 06:04:09.347569 np0000183453 devstack@neutron-api.service[103204]: INFO neutron.api.extensions [None req-3cb34173-61f4-439d-8a96-69acf9a8fc62 None None] Loaded extension: binding-extended
Jun 29 06:04:09.347657 np0000183453 devstack@neutron-api.service[103204]: DEBUG neutron.api.extensions [None req-3cb34173-61f4-439d-8a96-69acf9a8fc62 None None] Loading extension file: portsecurity.py {{(pid=103204) _load_all_extensions_from_path /opt/stack/neutron/neutron/api/extensions.py:449}}
Jun 29 06:04:09.347956 np0000183453 devstack@neutron-api.service[103204]: DEBUG neutron.api.extensions [None req-3cb34173-61f4-439d-8a96-69acf9a8fc62 None None] Ext name="Port Security" alias="port-security" description="Provides port security" updated="2012-07-23T10:00:00-00:00" {{(pid=103204) _check_extension /opt/stack/neutron/neutron/api/extensions.py:415}}
Jun 29 06:04:09.348126 np0000183453 devstack@neutron-api.service[103204]: INFO neutron.api.extensions [None req-3cb34173-61f4-439d-8a96-69acf9a8fc62 None None] Loaded extension: port-security
Jun 29 06:04:09.348218 np0000183453 devstack@neutron-api.service[103204]: DEBUG neutron.api.extensions [None req-3cb34173-61f4-439d-8a96-69acf9a8fc62 None None] Loading extension file: project_id.py {{(pid=103204) _load_all_extensions_from_path /opt/stack/neutron/neutron/api/extensions.py:449}}
Jun 29 06:04:09.348456 np0000183453 devstack@neutron-api.service[103204]: DEBUG neutron.api.extensions [None req-3cb34173-61f4-439d-8a96-69acf9a8fc62 None None] Ext name="project_id field enabled" alias="project-id" description="Extension that indicates that project_id field is enabled." updated="2016-09-09T09:09:09-09:09" {{(pid=103204) _check_extension /opt/stack/neutron/neutron/api/extensions.py:415}}
Jun 29 06:04:09.348585 np0000183453 devstack@neutron-api.service[103204]: INFO neutron.api.extensions [None req-3cb34173-61f4-439d-8a96-69acf9a8fc62 None None] Loaded extension: project-id
Jun 29 06:04:09.348712 np0000183453 devstack@neutron-api.service[103204]: DEBUG neutron.api.extensions [None req-3cb34173-61f4-439d-8a96-69acf9a8fc62 None None] Loading extension file: providernet.py {{(pid=103204) _load_all_extensions_from_path /opt/stack/neutron/neutron/api/extensions.py:449}}
Jun 29 06:04:09.348968 np0000183453 devstack@neutron-api.service[103204]: DEBUG neutron.api.extensions [None req-3cb34173-61f4-439d-8a96-69acf9a8fc62 None None] Ext name="Provider Network" alias="provider" description="Expose mapping of virtual networks to physical networks" updated="2012-09-07T10:00:00-00:00" {{(pid=103204) _check_extension /opt/stack/neutron/neutron/api/extensions.py:415}}
Jun 29 06:04:09.349171 np0000183453 devstack@neutron-api.service[103204]: INFO neutron.api.extensions [None req-3cb34173-61f4-439d-8a96-69acf9a8fc62 None None] Loaded extension: provider
Jun 29 06:04:09.349208 np0000183453 devstack@neutron-api.service[103204]: DEBUG neutron.api.extensions [None req-3cb34173-61f4-439d-8a96-69acf9a8fc62 None None] Loading extension file: pvlan.py {{(pid=103204) _load_all_extensions_from_path /opt/stack/neutron/neutron/api/extensions.py:449}}
Jun 29 06:04:09.349442 np0000183453 devstack@neutron-api.service[103204]: DEBUG neutron.api.extensions [None req-3cb34173-61f4-439d-8a96-69acf9a8fc62 None None] Ext name="Private VLAN" alias="pvlan" description="The Private VLAN semantics extension." updated="2026-02-03T10:00:00-00:00" {{(pid=103204) _check_extension /opt/stack/neutron/neutron/api/extensions.py:415}}
Jun 29 06:04:09.496570 np0000183453 devstack@neutron-api.service[103206]: INFO neutron.plugins.ml2.drivers.type_vlan [None req-cfc91e88-3097-4c9f-a7ec-5c8e95d90573 None None] VlanTypeDriver initialization complete
Jun 29 06:04:09.496570 np0000183453 devstack@neutron-api.service[103206]: INFO neutron.plugins.ml2.managers [None req-cfc91e88-3097-4c9f-a7ec-5c8e95d90573 None None] Initializing extension driver 'port_security'
Jun 29 06:04:09.496570 np0000183453 devstack@neutron-api.service[103206]: INFO neutron.plugins.ml2.extensions.port_security [None req-cfc91e88-3097-4c9f-a7ec-5c8e95d90573 None None] PortSecurityExtensionDriver initialization complete
Jun 29 06:04:09.496570 np0000183453 devstack@neutron-api.service[103206]: INFO neutron.plugins.ml2.managers [None req-cfc91e88-3097-4c9f-a7ec-5c8e95d90573 None None] Initializing extension driver 'qos'
Jun 29 06:04:09.497179 np0000183453 devstack@neutron-api.service[103206]: DEBUG neutron.plugins.ml2.extensions.qos [None req-cfc91e88-3097-4c9f-a7ec-5c8e95d90573 None None] QosExtensionDriver initialization complete {{(pid=103206) initialize /opt/stack/neutron/neutron/plugins/ml2/extensions/qos.py:31}}
Jun 29 06:04:09.497179 np0000183453 devstack@neutron-api.service[103206]: INFO neutron.plugins.ml2.managers [None req-cfc91e88-3097-4c9f-a7ec-5c8e95d90573 None None] Initializing mechanism driver 'ovn'
Jun 29 06:04:09.497179 np0000183453 devstack@neutron-api.service[103206]: INFO neutron.plugins.ml2.drivers.ovn.mech_driver.mech_driver [None req-cfc91e88-3097-4c9f-a7ec-5c8e95d90573 None None] Starting OVNMechanismDriver
Jun 29 06:04:09.499616 np0000183453 devstack@neutron-api.service[103206]: DEBUG neutron_lib.callbacks.manager [None req-cfc91e88-3097-4c9f-a7ec-5c8e95d90573 None None] Subscribe: > process before_spawn 55550000, False {{(pid=103206) subscribe /opt/stack/data/venv/lib/python3.12/site-packages/neutron_lib/callbacks/manager.py:52}}
Jun 29 06:04:09.499855 np0000183453 devstack@neutron-api.service[103206]: DEBUG neutron_lib.callbacks.manager [None req-cfc91e88-3097-4c9f-a7ec-5c8e95d90573 None None] Subscribe: > process after_init 55550000, True {{(pid=103206) subscribe /opt/stack/data/venv/lib/python3.12/site-packages/neutron_lib/callbacks/manager.py:52}}
Jun 29 06:04:09.500378 np0000183453 devstack@neutron-api.service[103206]: DEBUG neutron_lib.callbacks.manager [None req-cfc91e88-3097-4c9f-a7ec-5c8e95d90573 None None] Subscribe: > segment after_create 55550000, False {{(pid=103206) subscribe /opt/stack/data/venv/lib/python3.12/site-packages/neutron_lib/callbacks/manager.py:52}}
Jun 29 06:04:09.500513 np0000183453 devstack@neutron-api.service[103204]: INFO neutron.api.extensions [None req-3cb34173-61f4-439d-8a96-69acf9a8fc62 None None] Extension pvlan not supported by any of loaded plugins
Jun 29 06:04:09.500640 np0000183453 devstack@neutron-api.service[103206]: DEBUG neutron_lib.callbacks.manager [None req-cfc91e88-3097-4c9f-a7ec-5c8e95d90573 None None] Subscribe: > segment after_create 55550000, False {{(pid=103206) subscribe /opt/stack/data/venv/lib/python3.12/site-packages/neutron_lib/callbacks/manager.py:52}}
Jun 29 06:04:09.501027 np0000183453 devstack@neutron-api.service[103204]: DEBUG neutron.api.extensions [None req-3cb34173-61f4-439d-8a96-69acf9a8fc62 None None] Loading extension file: qinq.py {{(pid=103204) _load_all_extensions_from_path /opt/stack/neutron/neutron/api/extensions.py:449}}
Jun 29 06:04:09.501170 np0000183453 devstack@neutron-api.service[103206]: DEBUG neutron_lib.callbacks.manager [None req-cfc91e88-3097-4c9f-a7ec-5c8e95d90573 None None] Subscribe: > segment after_delete 55550000, False {{(pid=103206) subscribe /opt/stack/data/venv/lib/python3.12/site-packages/neutron_lib/callbacks/manager.py:52}}
Jun 29 06:04:09.501170 np0000183453 devstack@neutron-api.service[103206]: DEBUG neutron_lib.callbacks.manager [None req-cfc91e88-3097-4c9f-a7ec-5c8e95d90573 None None] Subscribe: > allowed_address_pair before_create 55550000, False {{(pid=103206) subscribe /opt/stack/data/venv/lib/python3.12/site-packages/neutron_lib/callbacks/manager.py:52}}
Jun 29 06:04:09.501315 np0000183453 devstack@neutron-api.service[103204]: DEBUG neutron.api.extensions [None req-3cb34173-61f4-439d-8a96-69acf9a8fc62 None None] Ext name="QinQ networks" alias="qinq" description="Expose network 'qinq' attribute in the API. This allows to configure network to allow vlan in vlan configuration using 0x88a8 ethertype (QinQ)." updated="2024-12-02T10:00:00-00:00" {{(pid=103204) _check_extension /opt/stack/neutron/neutron/api/extensions.py:415}}
Jun 29 06:04:09.501507 np0000183453 devstack@neutron-api.service[103206]: DEBUG neutron_lib.callbacks.manager [None req-cfc91e88-3097-4c9f-a7ec-5c8e95d90573 None None] Subscribe: > security_group precommit_create 55550000, False {{(pid=103206) subscribe /opt/stack/data/venv/lib/python3.12/site-packages/neutron_lib/callbacks/manager.py:52}}
Jun 29 06:04:09.501669 np0000183453 devstack@neutron-api.service[103204]: INFO neutron.api.extensions [None req-3cb34173-61f4-439d-8a96-69acf9a8fc62 None None] Loaded extension: qinq
Jun 29 06:04:09.501980 np0000183453 devstack@neutron-api.service[103206]: DEBUG neutron_lib.callbacks.manager [None req-cfc91e88-3097-4c9f-a7ec-5c8e95d90573 None None] Subscribe: > security_group after_update 55550000, False {{(pid=103206) subscribe /opt/stack/data/venv/lib/python3.12/site-packages/neutron_lib/callbacks/manager.py:52}}
Jun 29 06:04:09.502126 np0000183453 devstack@neutron-api.service[103204]: DEBUG neutron.api.extensions [None req-3cb34173-61f4-439d-8a96-69acf9a8fc62 None None] Loading extension file: qos.py {{(pid=103204) _load_all_extensions_from_path /opt/stack/neutron/neutron/api/extensions.py:449}}
Jun 29 06:04:09.502253 np0000183453 devstack@neutron-api.service[103206]: DEBUG neutron_lib.callbacks.manager [None req-cfc91e88-3097-4c9f-a7ec-5c8e95d90573 None None] Subscribe: > security_group after_create 55550000, False {{(pid=103206) subscribe /opt/stack/data/venv/lib/python3.12/site-packages/neutron_lib/callbacks/manager.py:52}}
Jun 29 06:04:09.502253 np0000183453 devstack@neutron-api.service[103206]: DEBUG neutron_lib.callbacks.manager [None req-cfc91e88-3097-4c9f-a7ec-5c8e95d90573 None None] Subscribe: > security_group precommit_delete 55550000, False {{(pid=103206) subscribe /opt/stack/data/venv/lib/python3.12/site-packages/neutron_lib/callbacks/manager.py:52}}
Jun 29 06:04:09.502253 np0000183453 devstack@neutron-api.service[103206]: DEBUG neutron_lib.callbacks.manager [None req-cfc91e88-3097-4c9f-a7ec-5c8e95d90573 None None] Subscribe: > security_group after_delete 55550000, False {{(pid=103206) subscribe /opt/stack/data/venv/lib/python3.12/site-packages/neutron_lib/callbacks/manager.py:52}}
Jun 29 06:04:09.502253 np0000183453 devstack@neutron-api.service[103206]: DEBUG neutron_lib.callbacks.manager [None req-cfc91e88-3097-4c9f-a7ec-5c8e95d90573 None None] Subscribe: > security_group_rule precommit_create 55550000, False {{(pid=103206) subscribe /opt/stack/data/venv/lib/python3.12/site-packages/neutron_lib/callbacks/manager.py:52}}
Jun 29 06:04:09.502504 np0000183453 devstack@neutron-api.service[103206]: DEBUG neutron_lib.callbacks.manager [None req-cfc91e88-3097-4c9f-a7ec-5c8e95d90573 None None] Subscribe: > security_group_rule after_create 55550000, False {{(pid=103206) subscribe /opt/stack/data/venv/lib/python3.12/site-packages/neutron_lib/callbacks/manager.py:52}}
Jun 29 06:04:09.502629 np0000183453 devstack@neutron-api.service[103204]: DEBUG neutron.api.extensions [None req-3cb34173-61f4-439d-8a96-69acf9a8fc62 None None] Ext name="Quality of Service" alias="qos" description="The Quality of Service extension." updated="2015-06-08T10:00:00-00:00" {{(pid=103204) _check_extension /opt/stack/neutron/neutron/api/extensions.py:415}}
Jun 29 06:04:09.503232 np0000183453 devstack@neutron-api.service[103206]: DEBUG neutron_lib.callbacks.manager [None req-cfc91e88-3097-4c9f-a7ec-5c8e95d90573 None None] Subscribe: > security_group_rule before_delete 55550000, False {{(pid=103206) subscribe /opt/stack/data/venv/lib/python3.12/site-packages/neutron_lib/callbacks/manager.py:52}}
Jun 29 06:04:09.503642 np0000183453 devstack@neutron-api.service[103204]: INFO neutron.api.extensions [None req-3cb34173-61f4-439d-8a96-69acf9a8fc62 None None] Extension qos not supported by any of loaded plugins
Jun 29 06:04:09.503785 np0000183453 devstack@neutron-api.service[103206]: DEBUG neutron_lib.callbacks.manager [None req-cfc91e88-3097-4c9f-a7ec-5c8e95d90573 None None] Subscribe: > address_group after_create 55550000, False {{(pid=103206) subscribe /opt/stack/data/venv/lib/python3.12/site-packages/neutron_lib/callbacks/manager.py:52}}
Jun 29 06:04:09.504158 np0000183453 devstack@neutron-api.service[103204]: DEBUG neutron.api.extensions [None req-3cb34173-61f4-439d-8a96-69acf9a8fc62 None None] Loading extension file: qos_bw_limit_direction.py {{(pid=103204) _load_all_extensions_from_path /opt/stack/neutron/neutron/api/extensions.py:449}}
Jun 29 06:04:09.504338 np0000183453 devstack@neutron-api.service[103206]: DEBUG neutron_lib.callbacks.manager [None req-cfc91e88-3097-4c9f-a7ec-5c8e95d90573 None None] Subscribe: > address_group after_update 55550000, False {{(pid=103206) subscribe /opt/stack/data/venv/lib/python3.12/site-packages/neutron_lib/callbacks/manager.py:52}}
Jun 29 06:04:09.504659 np0000183453 devstack@neutron-api.service[103204]: DEBUG neutron.api.extensions [None req-3cb34173-61f4-439d-8a96-69acf9a8fc62 None None] Ext name="Direction for QoS bandwidth limit rule" alias="qos-bw-limit-direction" description="Allow to configure QoS bandwidth limit rule with specific direction: ingress or egress" updated="2017-04-10T10:00:00-00:00" {{(pid=103204) _check_extension /opt/stack/neutron/neutron/api/extensions.py:415}}
Jun 29 06:04:09.504958 np0000183453 devstack@neutron-api.service[103206]: DEBUG neutron_lib.callbacks.manager [None req-cfc91e88-3097-4c9f-a7ec-5c8e95d90573 None None] Subscribe: > address_group after_delete 55550000, False {{(pid=103206) subscribe /opt/stack/data/venv/lib/python3.12/site-packages/neutron_lib/callbacks/manager.py:52}}
Jun 29 06:04:09.505262 np0000183453 devstack@neutron-api.service[103204]: INFO neutron.api.extensions [None req-3cb34173-61f4-439d-8a96-69acf9a8fc62 None None] Extension qos-bw-limit-direction not supported by any of loaded plugins
Jun 29 06:04:09.505262 np0000183453 devstack@neutron-api.service[103204]: DEBUG neutron.api.extensions [None req-3cb34173-61f4-439d-8a96-69acf9a8fc62 None None] Loading extension file: qos_bw_minimum_ingress.py {{(pid=103204) _load_all_extensions_from_path /opt/stack/neutron/neutron/api/extensions.py:449}}
Jun 29 06:04:09.505634 np0000183453 devstack@neutron-api.service[103206]: DEBUG neutron_lib.callbacks.manager [None req-cfc91e88-3097-4c9f-a7ec-5c8e95d90573 None None] Subscribe: > qos_plugin after_init 55550000, False {{(pid=103206) subscribe /opt/stack/data/venv/lib/python3.12/site-packages/neutron_lib/callbacks/manager.py:52}}
Jun 29 06:04:09.506021 np0000183453 devstack@neutron-api.service[103204]: DEBUG neutron.api.extensions [None req-3cb34173-61f4-439d-8a96-69acf9a8fc62 None None] Ext name="Ingress direction for QoS minimum bandwidth rule" alias="qos-bw-minimum-ingress" description="Allow to configure QoS minumum bandwidth rule with ingress direction." updated="2018-07-09T10:00:00-00:00" {{(pid=103204) _check_extension /opt/stack/neutron/neutron/api/extensions.py:415}}
Jun 29 06:04:09.506566 np0000183453 devstack@neutron-api.service[103206]: DEBUG neutron_lib.callbacks.manager [None req-cfc91e88-3097-4c9f-a7ec-5c8e95d90573 None None] Subscribe: > trunk_plugin after_init 55550000, False {{(pid=103206) subscribe /opt/stack/data/venv/lib/python3.12/site-packages/neutron_lib/callbacks/manager.py:52}}
Jun 29 06:04:09.507269 np0000183453 devstack@neutron-api.service[103204]: INFO neutron.api.extensions [None req-3cb34173-61f4-439d-8a96-69acf9a8fc62 None None] Extension qos-bw-minimum-ingress not supported by any of loaded plugins
Jun 29 06:04:09.507269 np0000183453 devstack@neutron-api.service[103204]: DEBUG neutron.api.extensions [None req-3cb34173-61f4-439d-8a96-69acf9a8fc62 None None] Loading extension file: qos_default.py {{(pid=103204) _load_all_extensions_from_path /opt/stack/neutron/neutron/api/extensions.py:449}}
Jun 29 06:04:09.507610 np0000183453 devstack@neutron-api.service[103206]: DEBUG neutron_lib.callbacks.manager [None req-cfc91e88-3097-4c9f-a7ec-5c8e95d90573 None None] Subscribe: > logging-plugin after_init 55550000, False {{(pid=103206) subscribe /opt/stack/data/venv/lib/python3.12/site-packages/neutron_lib/callbacks/manager.py:52}}
Jun 29 06:04:09.507954 np0000183453 devstack@neutron-api.service[103204]: DEBUG neutron.api.extensions [None req-3cb34173-61f4-439d-8a96-69acf9a8fc62 None None] Ext name="QoS default policy" alias="qos-default" description="Expose the QoS default policy per project" updated="2017-041-06T10:00:00-00:00" {{(pid=103204) _check_extension /opt/stack/neutron/neutron/api/extensions.py:415}}
Jun 29 06:04:09.507954 np0000183453 devstack@neutron-api.service[103204]: INFO neutron.api.extensions [None req-3cb34173-61f4-439d-8a96-69acf9a8fc62 None None] Extension qos-default not supported by any of loaded plugins
Jun 29 06:04:09.507954 np0000183453 devstack@neutron-api.service[103204]: DEBUG neutron.api.extensions [None req-3cb34173-61f4-439d-8a96-69acf9a8fc62 None None] Loading extension file: qos_fip.py {{(pid=103204) _load_all_extensions_from_path /opt/stack/neutron/neutron/api/extensions.py:449}}
Jun 29 06:04:09.507954 np0000183453 devstack@neutron-api.service[103204]: DEBUG neutron.api.extensions [None req-3cb34173-61f4-439d-8a96-69acf9a8fc62 None None] Ext name="Floating IP QoS" alias="qos-fip" description="The floating IP Quality of Service extension" updated="2017-07-20T00:00:00-00:00" {{(pid=103204) _check_extension /opt/stack/neutron/neutron/api/extensions.py:415}}
Jun 29 06:04:09.507954 np0000183453 devstack@neutron-api.service[103204]: INFO neutron.api.extensions [None req-3cb34173-61f4-439d-8a96-69acf9a8fc62 None None] Extension qos-fip not supported by any of loaded plugins
Jun 29 06:04:09.508530 np0000183453 devstack@neutron-api.service[103206]: INFO neutron.services.logapi.drivers.ovn.driver [None req-cfc91e88-3097-4c9f-a7ec-5c8e95d90573 None None] OVN logging driver registered
Jun 29 06:04:09.508858 np0000183453 devstack@neutron-api.service[103204]: DEBUG neutron.api.extensions [None req-3cb34173-61f4-439d-8a96-69acf9a8fc62 None None] Loading extension file: qos_fip_network_policy.py {{(pid=103204) _load_all_extensions_from_path /opt/stack/neutron/neutron/api/extensions.py:449}}
Jun 29 06:04:09.509437 np0000183453 devstack@neutron-api.service[103206]: DEBUG neutron_lib.callbacks.manager [None req-cfc91e88-3097-4c9f-a7ec-5c8e95d90573 None None] Subscribe: ._register_pvlan_driver at 0x702158816c00> pvlan_plugin before_spawn 55550000, False {{(pid=103206) subscribe /opt/stack/data/venv/lib/python3.12/site-packages/neutron_lib/callbacks/manager.py:52}}
Jun 29 06:04:09.509805 np0000183453 devstack@neutron-api.service[103204]: DEBUG neutron.api.extensions [None req-3cb34173-61f4-439d-8a96-69acf9a8fc62 None None] Ext name="QoS floating IP network policy ID" alias="qos-fip-network-policy" description="Adds a the QoS network ID to the floating IP definition" updated="2021-11-15T10:00:00-00:00" {{(pid=103204) _check_extension /opt/stack/neutron/neutron/api/extensions.py:415}}
Jun 29 06:04:09.510343 np0000183453 devstack@neutron-api.service[103206]: DEBUG neutron_lib.callbacks.manager [None req-cfc91e88-3097-4c9f-a7ec-5c8e95d90573 None None] Subscribe: process after_init 55550000, False {{(pid=103206) subscribe /opt/stack/data/venv/lib/python3.12/site-packages/neutron_lib/callbacks/manager.py:52}}
Jun 29 06:04:09.510675 np0000183453 devstack@neutron-api.service[103204]: INFO neutron.api.extensions [None req-3cb34173-61f4-439d-8a96-69acf9a8fc62 None None] Extension qos-fip-network-policy not supported by any of loaded plugins
Jun 29 06:04:09.510675 np0000183453 devstack@neutron-api.service[103204]: DEBUG neutron.api.extensions [None req-3cb34173-61f4-439d-8a96-69acf9a8fc62 None None] Loading extension file: qos_gateway_ip.py {{(pid=103204) _load_all_extensions_from_path /opt/stack/neutron/neutron/api/extensions.py:449}}
