Jun 28 22:42:35.981261 np0000183313 devstack@neutron-api.service[103405]: DEBUG oslo_concurrency.processutils [None req-4d56a2af-0179-4831-b981-70fd4a9d1e6c None None] CMD "ovsdb-client transact ssl:199.204.45.157:6641 --timeout 180 -p /opt/stack/data/CA/int-ca/private/devstack-cert.key -c /opt/stack/data/CA/int-ca/devstack-cert.crt -C /opt/stack/data/CA/int-ca/ca-chain.pem ["OVN_Northbound", {"op": "wait", "timeout": 0, "table": "Port_Group", "where": [["name", "==", "pvlan_pg_drop"]], "until": "==", "rows": []}, {"op": "insert", "table": "ACL", "row": {"action": "drop", "direction": "to-lport", "match": "outport == @pvlan_pg_drop && ip", "priority": 1010}, "uuid-name": "pvlandroptoport"}, {"op": "insert", "table": "ACL", "row": {"action": "drop", "direction": "from-lport", "match": "inport == @pvlan_pg_drop && ip", "priority": 1010}, "uuid-name": "pvlandropfromport"}, {"op": "insert", "table": "Port_Group", "row": {"name": "pvlan_pg_drop", "acls": ["set", [["named-uuid", "pvlandroptoport"], ["named-uuid", "pvlandropfromport"]]]}}]" returned: 0 in 0.036s {{(pid=103405) execute /opt/stack/data/venv/lib/python3.12/site-packages/oslo_concurrency/processutils.py:468}}
Jun 28 22:42:35.984821 np0000183313 devstack@neutron-api.service[103405]: WSGI app 0 (mountpoint='') ready in 7 seconds on interpreter 0x794f65ea3668 pid: 103405 (default app)
Jun 28 22:42:36.009583 np0000183313 devstack@neutron-api.service[103406]: DEBUG neutron.common.ovn.hash_ring_manager [None req-69d6bf48-81f8-4813-983d-b3366134da04 None None] Allow caching, nodes 4>=4 {{(pid=103406) _wait_startup_before_caching /opt/stack/neutron/neutron/common/ovn/hash_ring_manager.py:71}}
Jun 28 22:42:36.013162 np0000183313 devstack@neutron-api.service[103406]: DEBUG neutron.common.ovn.hash_ring_manager [None req-69d6bf48-81f8-4813-983d-b3366134da04 None None] Hash Ring loaded. 4 active nodes. 0 offline nodes {{(pid=103406) _load_hash_ring /opt/stack/neutron/neutron/common/ovn/hash_ring_manager.py:110}}
Jun 28 22:42:36.013345 np0000183313 devstack@neutron-api.service[103406]: DEBUG neutron.plugins.ml2.drivers.ovn.mech_driver.ovsdb.ovsdb_monitor [None req-69d6bf48-81f8-4813-983d-b3366134da04 None None] ChassisAgentWriteEvent : Matched Chassis_Private, create, None None {{(pid=103406) matches /opt/stack/neutron/neutron/plugins/ml2/drivers/ovn/mech_driver/ovsdb/ovsdb_monitor.py:64}}
Jun 28 22:42:36.013556 np0000183313 devstack@neutron-api.service[103406]: DEBUG neutron.plugins.ml2.drivers.ovn.mech_driver.ovsdb.ovsdb_monitor [None req-69d6bf48-81f8-4813-983d-b3366134da04 None None] ChassisOVNAgentWriteEvent : Matched Chassis_Private, create, None None {{(pid=103406) matches /opt/stack/neutron/neutron/plugins/ml2/drivers/ovn/mech_driver/ovsdb/ovsdb_monitor.py:64}}
Jun 28 22:42:36.018351 np0000183313 devstack@neutron-api.service[103406]: INFO neutron.plugins.ml2.drivers.ovn.mech_driver.mech_driver [None req-69d6bf48-81f8-4813-983d-b3366134da04 None None] WorkerService process has finished the post initialization
Jun 28 22:42:36.018716 np0000183313 devstack@neutron-api.service[103406]: DEBUG oslo_concurrency.processutils [None req-69d6bf48-81f8-4813-983d-b3366134da04 None None] Running cmd (subprocess): ovsdb-client transact ssl:199.204.45.157:6641 --timeout 180 -p /opt/stack/data/CA/int-ca/private/devstack-cert.key -c /opt/stack/data/CA/int-ca/devstack-cert.crt -C /opt/stack/data/CA/int-ca/ca-chain.pem ["OVN_Northbound", {"op": "wait", "timeout": 0, "table": "Port_Group", "where": [["name", "==", "pvlan_pg_drop"]], "until": "==", "rows": []}, {"op": "insert", "table": "ACL", "row": {"action": "drop", "direction": "to-lport", "match": "outport == @pvlan_pg_drop && ip", "priority": 1010}, "uuid-name": "pvlandroptoport"}, {"op": "insert", "table": "ACL", "row": {"action": "drop", "direction": "from-lport", "match": "inport == @pvlan_pg_drop && ip", "priority": 1010}, "uuid-name": "pvlandropfromport"}, {"op": "insert", "table": "Port_Group", "row": {"name": "pvlan_pg_drop", "acls": ["set", [["named-uuid", "pvlandroptoport"], ["named-uuid", "pvlandropfromport"]]]}}] {{(pid=103406) execute /opt/stack/data/venv/lib/python3.12/site-packages/oslo_concurrency/processutils.py:440}}
Jun 28 22:42:36.053416 np0000183313 devstack@neutron-api.service[103406]: DEBUG oslo_concurrency.processutils [None req-69d6bf48-81f8-4813-983d-b3366134da04 None None] CMD "ovsdb-client transact ssl:199.204.45.157:6641 --timeout 180 -p /opt/stack/data/CA/int-ca/private/devstack-cert.key -c /opt/stack/data/CA/int-ca/devstack-cert.crt -C /opt/stack/data/CA/int-ca/ca-chain.pem ["OVN_Northbound", {"op": "wait", "timeout": 0, "table": "Port_Group", "where": [["name", "==", "pvlan_pg_drop"]], "until": "==", "rows": []}, {"op": "insert", "table": "ACL", "row": {"action": "drop", "direction": "to-lport", "match": "outport == @pvlan_pg_drop && ip", "priority": 1010}, "uuid-name": "pvlandroptoport"}, {"op": "insert", "table": "ACL", "row": {"action": "drop", "direction": "from-lport", "match": "inport == @pvlan_pg_drop && ip", "priority": 1010}, "uuid-name": "pvlandropfromport"}, {"op": "insert", "table": "Port_Group", "row": {"name": "pvlan_pg_drop", "acls": ["set", [["named-uuid", "pvlandroptoport"], ["named-uuid", "pvlandropfromport"]]]}}]" returned: 0 in 0.034s {{(pid=103406) execute /opt/stack/data/venv/lib/python3.12/site-packages/oslo_concurrency/processutils.py:468}}
Jun 28 22:42:36.057100 np0000183313 devstack@neutron-api.service[103406]: WSGI app 0 (mountpoint='') ready in 8 seconds on interpreter 0x794f65ea3668 pid: 103406 (default app)
Jun 28 22:42:37.878686 np0000183313 devstack@neutron-api.service[103405]: DEBUG neutron.plugins.ml2.drivers.ovn.mech_driver.ovsdb.ovsdb_monitor [-] Hash Ring: Node 8fa42a73cf955927a634c61c749b114f (host: np0000183313) handling event "update" for row 477c063e-97fa-416d-b56f-236f61e379a1 (table: Connection) {{(pid=103405) notify /opt/stack/neutron/neutron/plugins/ml2/drivers/ovn/mech_driver/ovsdb/ovsdb_monitor.py:1015}}
Jun 28 22:42:37.881428 np0000183313 devstack@neutron-api.service[103404]: DEBUG neutron.common.ovn.hash_ring_manager [-] Allow caching, nodes 4>=4 {{(pid=103404) _wait_startup_before_caching /opt/stack/neutron/neutron/common/ovn/hash_ring_manager.py:71}}
Jun 28 22:42:37.881428 np0000183313 devstack@neutron-api.service[103404]: DEBUG neutron.plugins.ml2.drivers.ovn.mech_driver.ovsdb.ovsdb_monitor [-] Hash Ring: Node 0989206e60a550389d4b86d880a90d67 (host: np0000183313) handling event "update" for row 477c063e-97fa-416d-b56f-236f61e379a1 (table: Connection) {{(pid=103404) notify /opt/stack/neutron/neutron/plugins/ml2/drivers/ovn/mech_driver/ovsdb/ovsdb_monitor.py:1015}}
Jun 28 22:42:40.377144 np0000183313 devstack@neutron-api.service[103404]: DEBUG neutron.plugins.ml2.drivers.ovn.mech_driver.ovsdb.ovsdb_monitor [-] Hash Ring: Node 0989206e60a550389d4b86d880a90d67 (host: np0000183313) handling event "update" for row 477c063e-97fa-416d-b56f-236f61e379a1 (table: Connection) {{(pid=103404) notify /opt/stack/neutron/neutron/plugins/ml2/drivers/ovn/mech_driver/ovsdb/ovsdb_monitor.py:1015}}
Jun 28 22:42:40.380742 np0000183313 devstack@neutron-api.service[103405]: DEBUG neutron.plugins.ml2.drivers.ovn.mech_driver.ovsdb.ovsdb_monitor [-] Hash Ring: Node 8fa42a73cf955927a634c61c749b114f (host: np0000183313) handling event "update" for row 477c063e-97fa-416d-b56f-236f61e379a1 (table: Connection) {{(pid=103405) notify /opt/stack/neutron/neutron/plugins/ml2/drivers/ovn/mech_driver/ovsdb/ovsdb_monitor.py:1015}}
Jun 28 22:42:41.620730 np0000183313 devstack@neutron-api.service[103404]: DEBUG neutron.api.wsgi [None req-bce9f33f-170f-47c8-a1e8-7f338c5f6583 admin admin] Missing Content-Type {{(pid=103404) get_content_type /opt/stack/neutron/neutron/api/wsgi.py:80}}
Jun 28 22:42:41.621333 np0000183313 devstack@neutron-api.service[103404]: DEBUG neutron.api.wsgi [None req-bce9f33f-170f-47c8-a1e8-7f338c5f6583 admin admin] https://199.204.45.157/networking/v2.0/extensions returned with HTTP 200 {{(pid=103404) __call__ /opt/stack/neutron/neutron/api/wsgi.py:540}}
Jun 28 22:42:41.621562 np0000183313 devstack@neutron-api.service[103404]: [pid: 103404|app: 0|req: 2/2] 199.204.45.157 () {64 vars in 1323 bytes} [Sun Jun 28 22:42:41 2026] GET /networking/v2.0/extensions => generated 16171 bytes in 413 msecs (HTTP/1.1 200) 4 headers in 159 bytes (1 switches on core 0)
Jun 28 22:42:42.025923 np0000183313 devstack@neutron-api.service[103407]: DEBUG neutron.api.v2.base [None req-eb51fe80-7435-4eec-a717-fcb581a83341 admin admin] Request body: {'subnetpool': {'default_prefixlen': 26, 'name': 'shared-default-subnetpool-v4', 'shared': True, 'is_default': True, 'prefixes': ['10.1.0.0/20']}} {{(pid=103407) prepare_request_body /opt/stack/neutron/neutron/api/v2/base.py:727}}
Jun 28 22:42:42.230833 np0000183313 devstack@neutron-api.service[103407]: DEBUG neutron.policy [None req-eb51fe80-7435-4eec-a717-fcb581a83341 admin admin] Loaded default policies from ['neutron'] under neutron.policies entry points {{(pid=103407) register_rules /opt/stack/neutron/neutron/policy.py:65}}
Jun 28 22:42:42.379407 np0000183313 devstack@neutron-api.service[103407]: DEBUG neutron_lib.callbacks.manager [None req-eb51fe80-7435-4eec-a717-fcb581a83341 admin admin] Publish callbacks ['neutron.objects.securitygroup.RbacNeutronDbObjectMixin.validate_rbac_policy_change-2034182753434', 'neutron.objects.address_group.RbacNeutronDbObjectMixin.validate_rbac_policy_change-2034182777833', 'neutron.objects.network.RbacNeutronDbObjectMixin.validate_rbac_policy_change-2034182912953', 'neutron.objects.qos.policy.RbacNeutronDbObjectMixin.validate_rbac_policy_change-2034182911703', 'neutron.objects.subnetpool.RbacNeutronDbObjectMixin.validate_rbac_policy_change-2034182867705', 'neutron.objects.address_scope.RbacNeutronDbObjectMixin.validate_rbac_policy_change-2034182910052', 'neutron.plugins.ml2.plugin.External_net_db_mixin._process_ext_policy_create-30614', 'neutron.plugins.ml2.plugin.NeutronDbPluginV2.validate_network_rbac_policy_change-22410'] for rbac-policy (None), before_create {{(pid=103407) _notify_loop /opt/stack/data/venv/lib/python3.12/site-packages/neutron_lib/callbacks/manager.py:184}}
Jun 28 22:42:42.432527 np0000183313 devstack@neutron-api.service[103407]: DEBUG neutron_lib.callbacks.manager [None req-eb51fe80-7435-4eec-a717-fcb581a83341 admin admin] Publish callbacks [] for subnetpool (None), before_response {{(pid=103407) _notify_loop /opt/stack/data/venv/lib/python3.12/site-packages/neutron_lib/callbacks/manager.py:184}}
Jun 28 22:42:42.433802 np0000183313 devstack@neutron-api.service[103407]: [pid: 103407|app: 0|req: 1/3] 199.204.45.157 () {68 vars in 1367 bytes} [Sun Jun 28 22:42:41 2026] POST /networking/v2.0/subnetpools => generated 533 bytes in 521 msecs (HTTP/1.1 201) 4 headers in 162 bytes (1 switches on core 0)
Jun 28 22:42:42.761410 np0000183313 devstack@neutron-api.service[103405]: DEBUG neutron.api.v2.base [None req-7ad057cc-09d1-418b-acf7-49c81d51fe09 admin admin] Request body: {'subnetpool': {'default_prefixlen': 64, 'name': 'shared-default-subnetpool-v6', 'shared': True, 'is_default': True, 'prefixes': ['fd0f:6043:c1be::/56']}} {{(pid=103405) prepare_request_body /opt/stack/neutron/neutron/api/v2/base.py:727}}
Jun 28 22:42:42.955009 np0000183313 devstack@neutron-api.service[103405]: DEBUG neutron.policy [None req-7ad057cc-09d1-418b-acf7-49c81d51fe09 admin admin] Loaded default policies from ['neutron'] under neutron.policies entry points {{(pid=103405) register_rules /opt/stack/neutron/neutron/policy.py:65}}
Jun 28 22:42:43.113076 np0000183313 devstack@neutron-api.service[103405]: DEBUG neutron_lib.callbacks.manager [None req-7ad057cc-09d1-418b-acf7-49c81d51fe09 admin admin] Publish callbacks ['neutron.objects.securitygroup.RbacNeutronDbObjectMixin.validate_rbac_policy_change-2034182869572', 'neutron.objects.address_group.RbacNeutronDbObjectMixin.validate_rbac_policy_change-2034182818482', 'neutron.objects.network.RbacNeutronDbObjectMixin.validate_rbac_policy_change-2034182832238', 'neutron.objects.qos.policy.RbacNeutronDbObjectMixin.validate_rbac_policy_change-2034182835349', 'neutron.objects.subnetpool.RbacNeutronDbObjectMixin.validate_rbac_policy_change-2034182792009', 'neutron.objects.address_scope.RbacNeutronDbObjectMixin.validate_rbac_policy_change-2034182835482', 'neutron.plugins.ml2.plugin.External_net_db_mixin._process_ext_policy_create-73233', 'neutron.plugins.ml2.plugin.NeutronDbPluginV2.validate_network_rbac_policy_change-135857'] for rbac-policy (None), before_create {{(pid=103405) _notify_loop /opt/stack/data/venv/lib/python3.12/site-packages/neutron_lib/callbacks/manager.py:184}}
Jun 28 22:42:43.155677 np0000183313 devstack@neutron-api.service[103405]: DEBUG neutron_lib.callbacks.manager [None req-7ad057cc-09d1-418b-acf7-49c81d51fe09 admin admin] Publish callbacks [] for subnetpool (None), before_response {{(pid=103405) _notify_loop /opt/stack/data/venv/lib/python3.12/site-packages/neutron_lib/callbacks/manager.py:184}}
Jun 28 22:42:43.156605 np0000183313 devstack@neutron-api.service[103405]: [pid: 103405|app: 0|req: 1/4] 199.204.45.157 () {68 vars in 1367 bytes} [Sun Jun 28 22:42:42 2026] POST /networking/v2.0/subnetpools => generated 543 bytes in 514 msecs (HTTP/1.1 201) 4 headers in 162 bytes (1 switches on core 0)
Jun 28 22:42:43.562073 np0000183313 devstack@neutron-api.service[103406]: DEBUG neutron.api.v2.base [None req-a8160bb8-70b6-487a-8dce-2128c475c9f0 admin admin] Request body: {'network': {'admin_state_up': True, 'name': 'private'}} {{(pid=103406) prepare_request_body /opt/stack/neutron/neutron/api/v2/base.py:727}}
Jun 28 22:42:43.598699 np0000183313 devstack@neutron-api.service[103406]: DEBUG neutron.pecan_wsgi.hooks.quota_enforcement [None req-a8160bb8-70b6-487a-8dce-2128c475c9f0 admin admin] Made reservation on behalf of ea2962a0dc2f49248b4a1a45246fcf37 for: {'network': 1} {{(pid=103406) before /opt/stack/neutron/neutron/pecan_wsgi/hooks/quota_enforcement.py:66}}
Jun 28 22:42:43.790366 np0000183313 devstack@neutron-api.service[103406]: DEBUG neutron.policy [None req-a8160bb8-70b6-487a-8dce-2128c475c9f0 admin admin] Loaded default policies from ['neutron'] under neutron.policies entry points {{(pid=103406) register_rules /opt/stack/neutron/neutron/policy.py:65}}
Jun 28 22:42:43.893225 np0000183313 devstack@neutron-api.service[103406]: DEBUG neutron_lib.callbacks.manager [None req-a8160bb8-70b6-487a-8dce-2128c475c9f0 admin admin] Publish callbacks ['neutron.plugins.ml2.plugin.SecurityGroupDbMixin._ensure_default_security_group_handler-1914739'] for network (None), before_create {{(pid=103406) _notify_loop /opt/stack/data/venv/lib/python3.12/site-packages/neutron_lib/callbacks/manager.py:184}}
Jun 28 22:42:43.915430 np0000183313 devstack@neutron-api.service[103406]: DEBUG neutron_lib.callbacks.manager [None req-a8160bb8-70b6-487a-8dce-2128c475c9f0 admin admin] Publish callbacks [] for security_group (None), before_create {{(pid=103406) _notify_loop /opt/stack/data/venv/lib/python3.12/site-packages/neutron_lib/callbacks/manager.py:184}}
Jun 28 22:42:44.016515 np0000183313 devstack@neutron-api.service[103406]: DEBUG neutron_lib.callbacks.manager [None req-a8160bb8-70b6-487a-8dce-2128c475c9f0 admin admin] Publish callbacks ['neutron.plugins.ml2.drivers.ovn.mech_driver.mech_driver.OVNMechanismDriver._create_security_group_precommit-348120'] for security_group (a11680a1-7f57-486d-a80c-bcab3cf55deb), precommit_create {{(pid=103406) _notify_loop /opt/stack/data/venv/lib/python3.12/site-packages/neutron_lib/callbacks/manager.py:184}}
Jun 28 22:42:44.016721 np0000183313 devstack@neutron-api.service[103406]: DEBUG neutron.db.ovn_revision_numbers_db [None req-a8160bb8-70b6-487a-8dce-2128c475c9f0 admin admin] create_initial_revision uuid=a11680a1-7f57-486d-a80c-bcab3cf55deb, type=security_groups, rev=-1 {{(pid=103406) create_initial_revision /opt/stack/neutron/neutron/db/ovn_revision_numbers_db.py:98}}
Jun 28 22:42:44.019119 np0000183313 devstack@neutron-api.service[103406]: DEBUG neutron.db.ovn_revision_numbers_db [None req-a8160bb8-70b6-487a-8dce-2128c475c9f0 admin admin] create_initial_revision uuid=19926993-94e3-440f-9c63-36f08ec7080f, type=security_group_rules, rev=-1 {{(pid=103406) create_initial_revision /opt/stack/neutron/neutron/db/ovn_revision_numbers_db.py:98}}
Jun 28 22:42:44.020348 np0000183313 devstack@neutron-api.service[103406]: DEBUG neutron.db.ovn_revision_numbers_db [None req-a8160bb8-70b6-487a-8dce-2128c475c9f0 admin admin] create_initial_revision uuid=301c331d-7428-4dfc-a485-66d34272dda6, type=security_group_rules, rev=-1 {{(pid=103406) create_initial_revision /opt/stack/neutron/neutron/db/ovn_revision_numbers_db.py:98}}
Jun 28 22:42:44.021631 np0000183313 devstack@neutron-api.service[103406]: DEBUG neutron.db.ovn_revision_numbers_db [None req-a8160bb8-70b6-487a-8dce-2128c475c9f0 admin admin] create_initial_revision uuid=9e9e8158-b841-4d4a-8864-23195d50999a, type=security_group_rules, rev=-1 {{(pid=103406) create_initial_revision /opt/stack/neutron/neutron/db/ovn_revision_numbers_db.py:98}}
Jun 28 22:42:44.022488 np0000183313 devstack@neutron-api.service[103406]: DEBUG neutron.db.ovn_revision_numbers_db [None req-a8160bb8-70b6-487a-8dce-2128c475c9f0 admin admin] create_initial_revision uuid=e2a4640f-ece9-49f2-81bd-5e8c4a0c2fcf, type=security_group_rules, rev=-1 {{(pid=103406) create_initial_revision /opt/stack/neutron/neutron/db/ovn_revision_numbers_db.py:98}}
Jun 28 22:42:44.031252 np0000183313 devstack@neutron-api.service[103406]: DEBUG neutron_lib.callbacks.manager [None req-a8160bb8-70b6-487a-8dce-2128c475c9f0 admin admin] Publish callbacks ['neutron.plugins.ml2.drivers.ovn.mech_driver.mech_driver.OVNMechanismDriver._create_security_group-348110', 'neutron.plugins.ml2.ovo_rpc._ObjectChangeHandler.handle_event-2254912'] for security_group (a11680a1-7f57-486d-a80c-bcab3cf55deb), after_create {{(pid=103406) _notify_loop /opt/stack/data/venv/lib/python3.12/site-packages/neutron_lib/callbacks/manager.py:184}}
Jun 28 22:42:44.031492 np0000183313 devstack@neutron-api.service[103406]: INFO neutron.plugins.ml2.drivers.ovn.mech_driver.ovsdb.extensions.qos [None req-a8160bb8-70b6-487a-8dce-2128c475c9f0 admin admin] Starting OVNClientQosExtension
Jun 28 22:42:44.031577 np0000183313 devstack@neutron-api.service[103406]: INFO neutron.plugins.ml2.drivers.ovn.mech_driver.ovsdb.extensions.placement [None req-a8160bb8-70b6-487a-8dce-2128c475c9f0 admin admin] Starting OVNClientPlacementExtension
Jun 28 22:42:44.033029 np0000183313 devstack@neutron-api.service[103406]: DEBUG ovsdbapp.backend.ovs_idl.transaction [-] Running txn n=1 command(idx=0): PgAddCommand(_result=None, name=pg_a11680a1_7f57_486d_a80c_bcab3cf55deb, may_exist=False, columns={'acls': [], 'external_ids': {'neutron:security_group_id': 'a11680a1-7f57-486d-a80c-bcab3cf55deb'}}) {{(pid=103406) do_commit /opt/stack/data/venv/lib/python3.12/site-packages/ovsdbapp/backend/ovs_idl/transaction.py:89}}
Jun 28 22:42:44.035667 np0000183313 devstack@neutron-api.service[103406]: DEBUG ovsdbapp.backend.ovs_idl.transaction [-] Running txn n=1 command(idx=1): PgAclAddCommand(_result=None, entity=pg_a11680a1_7f57_486d_a80c_bcab3cf55deb, direction=to-lport, priority=1002, match=outport == @pg_a11680a1_7f57_486d_a80c_bcab3cf55deb && ip6 && ip6.src == $pg_a11680a1_7f57_486d_a80c_bcab3cf55deb_ip6, action=allow-related, log=False, may_exist=True, severity=[], name=[], meter=[], external_ids={'neutron:security_group_rule_id': '19926993-94e3-440f-9c63-36f08ec7080f'}) {{(pid=103406) do_commit /opt/stack/data/venv/lib/python3.12/site-packages/ovsdbapp/backend/ovs_idl/transaction.py:89}}
Jun 28 22:42:44.036457 np0000183313 devstack@neutron-api.service[103406]: DEBUG ovsdbapp.backend.ovs_idl.transaction [-] Running txn n=1 command(idx=2): PgAclAddCommand(_result=None, entity=pg_a11680a1_7f57_486d_a80c_bcab3cf55deb, direction=from-lport, priority=1002, match=inport == @pg_a11680a1_7f57_486d_a80c_bcab3cf55deb && ip4, action=allow-related, log=False, may_exist=True, severity=[], name=[], meter=[], external_ids={'neutron:security_group_rule_id': '301c331d-7428-4dfc-a485-66d34272dda6'}) {{(pid=103406) do_commit /opt/stack/data/venv/lib/python3.12/site-packages/ovsdbapp/backend/ovs_idl/transaction.py:89}}
Jun 28 22:42:44.037027 np0000183313 devstack@neutron-api.service[103406]: DEBUG ovsdbapp.backend.ovs_idl.transaction [-] Running txn n=1 command(idx=3): PgAclAddCommand(_result=None, entity=pg_a11680a1_7f57_486d_a80c_bcab3cf55deb, direction=to-lport, priority=1002, match=outport == @pg_a11680a1_7f57_486d_a80c_bcab3cf55deb && ip4 && ip4.src == $pg_a11680a1_7f57_486d_a80c_bcab3cf55deb_ip4, action=allow-related, log=False, may_exist=True, severity=[], name=[], meter=[], external_ids={'neutron:security_group_rule_id': '9e9e8158-b841-4d4a-8864-23195d50999a'}) {{(pid=103406) do_commit /opt/stack/data/venv/lib/python3.12/site-packages/ovsdbapp/backend/ovs_idl/transaction.py:89}}
Jun 28 22:42:44.037538 np0000183313 devstack@neutron-api.service[103406]: DEBUG ovsdbapp.backend.ovs_idl.transaction [-] Running txn n=1 command(idx=4): PgAclAddCommand(_result=None, entity=pg_a11680a1_7f57_486d_a80c_bcab3cf55deb, direction=from-lport, priority=1002, match=inport == @pg_a11680a1_7f57_486d_a80c_bcab3cf55deb && ip6, action=allow-related, log=False, may_exist=True, severity=[], name=[], meter=[], external_ids={'neutron:security_group_rule_id': 'e2a4640f-ece9-49f2-81bd-5e8c4a0c2fcf'}) {{(pid=103406) do_commit /opt/stack/data/venv/lib/python3.12/site-packages/ovsdbapp/backend/ovs_idl/transaction.py:89}}
Jun 28 22:42:44.046956 np0000183313 devstack@neutron-api.service[103404]: DEBUG neutron.plugins.ml2.drivers.ovn.mech_driver.ovsdb.ovsdb_monitor [-] Hash Ring: Node 0989206e60a550389d4b86d880a90d67 (host: np0000183313) handling event "create" for row 1f9451f9-39cd-4fa5-b7da-655cd0904a91 (table: ACL) {{(pid=103404) notify /opt/stack/neutron/neutron/plugins/ml2/drivers/ovn/mech_driver/ovsdb/ovsdb_monitor.py:1015}}
Jun 28 22:42:44.046956 np0000183313 devstack@neutron-api.service[103404]: DEBUG neutron.plugins.ml2.drivers.ovn.mech_driver.ovsdb.ovsdb_monitor [-] Hash Ring: Node 0989206e60a550389d4b86d880a90d67 (host: np0000183313) handling event "create" for row 5e676f2d-7087-445b-92f3-c362823d1585 (table: ACL) {{(pid=103404) notify /opt/stack/neutron/neutron/plugins/ml2/drivers/ovn/mech_driver/ovsdb/ovsdb_monitor.py:1015}}
Jun 28 22:42:44.048868 np0000183313 devstack@neutron-api.service[103404]: DEBUG neutron.plugins.ml2.drivers.ovn.mech_driver.ovsdb.ovsdb_monitor [-] Hash Ring: Node 0989206e60a550389d4b86d880a90d67 (host: np0000183313) handling event "create" for row 97f38daa-39e5-4648-975b-dc6c46ef5042 (table: ACL) {{(pid=103404) notify /opt/stack/neutron/neutron/plugins/ml2/drivers/ovn/mech_driver/ovsdb/ovsdb_monitor.py:1015}}
Jun 28 22:42:44.048868 np0000183313 devstack@neutron-api.service[103404]: DEBUG neutron.plugins.ml2.drivers.ovn.mech_driver.ovsdb.ovsdb_monitor [-] Hash Ring: Node 0989206e60a550389d4b86d880a90d67 (host: np0000183313) handling event "create" for row ffd86ace-0581-438b-bfd1-5529474d54e9 (table: ACL) {{(pid=103404) notify /opt/stack/neutron/neutron/plugins/ml2/drivers/ovn/mech_driver/ovsdb/ovsdb_monitor.py:1015}}
Jun 28 22:42:44.048868 np0000183313 devstack@neutron-api.service[103404]: DEBUG neutron.plugins.ml2.drivers.ovn.mech_driver.ovsdb.ovsdb_monitor [-] Hash Ring: Node 0989206e60a550389d4b86d880a90d67 (host: np0000183313) handling event "create" for row 534113e2-0fe2-40f0-a8e1-22cd0a5a5d91 (table: Port_Group) {{(pid=103404) notify /opt/stack/neutron/neutron/plugins/ml2/drivers/ovn/mech_driver/ovsdb/ovsdb_monitor.py:1015}}
Jun 28 22:42:44.049837 np0000183313 devstack@neutron-api.service[103407]: DEBUG neutron.plugins.ml2.drivers.ovn.mech_driver.ovsdb.ovsdb_monitor [-] Hash Ring: Node b92b17b7fbd952eb9e1e0f034359454b (host: np0000183313) handling event "create" for row 1f9451f9-39cd-4fa5-b7da-655cd0904a91 (table: ACL) {{(pid=103407) notify /opt/stack/neutron/neutron/plugins/ml2/drivers/ovn/mech_driver/ovsdb/ovsdb_monitor.py:1015}}
Jun 28 22:42:44.049837 np0000183313 devstack@neutron-api.service[103407]: DEBUG neutron.plugins.ml2.drivers.ovn.mech_driver.ovsdb.ovsdb_monitor [-] Hash Ring: Node b92b17b7fbd952eb9e1e0f034359454b (host: np0000183313) handling event "create" for row 534113e2-0fe2-40f0-a8e1-22cd0a5a5d91 (table: Port_Group) {{(pid=103407) notify /opt/stack/neutron/neutron/plugins/ml2/drivers/ovn/mech_driver/ovsdb/ovsdb_monitor.py:1015}}
Jun 28 22:42:44.069156 np0000183313 devstack@neutron-api.service[103406]: INFO neutron.db.ovn_revision_numbers_db [None req-a8160bb8-70b6-487a-8dce-2128c475c9f0 admin admin] Successfully bumped revision number for resource a11680a1-7f57-486d-a80c-bcab3cf55deb (type: security_groups) to 1
Jun 28 22:42:44.084802 np0000183313 devstack@neutron-api.service[103406]: INFO neutron.db.ovn_revision_numbers_db [None req-a8160bb8-70b6-487a-8dce-2128c475c9f0 admin admin] Successfully bumped revision number for resource 19926993-94e3-440f-9c63-36f08ec7080f (type: security_group_rules) to 0
Jun 28 22:42:44.096524 np0000183313 devstack@neutron-api.service[103406]: INFO neutron.db.ovn_revision_numbers_db [None req-a8160bb8-70b6-487a-8dce-2128c475c9f0 admin admin] Successfully bumped revision number for resource 301c331d-7428-4dfc-a485-66d34272dda6 (type: security_group_rules) to 0
Jun 28 22:42:44.107374 np0000183313 devstack@neutron-api.service[103406]: INFO neutron.db.ovn_revision_numbers_db [None req-a8160bb8-70b6-487a-8dce-2128c475c9f0 admin admin] Successfully bumped revision number for resource 9e9e8158-b841-4d4a-8864-23195d50999a (type: security_group_rules) to 0
Jun 28 22:42:44.118685 np0000183313 devstack@neutron-api.service[103406]: INFO neutron.db.ovn_revision_numbers_db [None req-a8160bb8-70b6-487a-8dce-2128c475c9f0 admin admin] Successfully bumped revision number for resource e2a4640f-ece9-49f2-81bd-5e8c4a0c2fcf (type: security_group_rules) to 0
Jun 28 22:42:44.139962 np0000183313 devstack@neutron-api.service[103406]: DEBUG neutron.api.rpc.handlers.resources_rpc [None req-a8160bb8-70b6-487a-8dce-2128c475c9f0 admin admin] Pushing event updated for resources: {'SecurityGroup': ['ID=a11680a1-7f57-486d-a80c-bcab3cf55deb,revision_number=1']} {{(pid=103406) push /opt/stack/neutron/neutron/api/rpc/handlers/resources_rpc.py:237}}
Jun 28 22:42:44.147274 np0000183313 devstack@neutron-api.service[103406]: DEBUG ovsdbapp.backend.ovs_idl.transaction [-] Running txn n=1 command(idx=0): CheckLivenessCommand(_result=None) {{(pid=103406) do_commit /opt/stack/data/venv/lib/python3.12/site-packages/ovsdbapp/backend/ovs_idl/transaction.py:89}}
Jun 28 22:42:44.150794 np0000183313 devstack@neutron-api.service[103404]: DEBUG neutron.plugins.ml2.drivers.ovn.mech_driver.ovsdb.ovsdb_monitor [-] Hash Ring: Node 0989206e60a550389d4b86d880a90d67 (host: np0000183313) handling event "update" for row 3765a64a-3a7f-4a4c-aecc-0f0b30db3346 (table: NB_Global) {{(pid=103404) notify /opt/stack/neutron/neutron/plugins/ml2/drivers/ovn/mech_driver/ovsdb/ovsdb_monitor.py:1015}}
Jun 28 22:42:44.152228 np0000183313 devstack@neutron-api.service[103404]: DEBUG neutron.plugins.ml2.drivers.ovn.mech_driver.ovsdb.ovsdb_monitor [-] Hash Ring: Node 0989206e60a550389d4b86d880a90d67 (host: np0000183313) handling event "update" for row 3765a64a-3a7f-4a4c-aecc-0f0b30db3346 (table: NB_Global) {{(pid=103404) notify /opt/stack/neutron/neutron/plugins/ml2/drivers/ovn/mech_driver/ovsdb/ovsdb_monitor.py:1015}}
Jun 28 22:42:44.158056 np0000183313 devstack@neutron-api.service[103404]: DEBUG neutron.plugins.ml2.drivers.ovn.mech_driver.ovsdb.ovsdb_monitor [-] Hash Ring: Node 0989206e60a550389d4b86d880a90d67 (host: np0000183313) handling event "update" for row 3765a64a-3a7f-4a4c-aecc-0f0b30db3346 (table: NB_Global) {{(pid=103404) notify /opt/stack/neutron/neutron/plugins/ml2/drivers/ovn/mech_driver/ovsdb/ovsdb_monitor.py:1015}}
Jun 28 22:42:44.158940 np0000183313 devstack@neutron-api.service[103407]: DEBUG neutron.plugins.ml2.drivers.ovn.mech_driver.ovsdb.ovsdb_monitor [-] ChassisAgentWriteEvent : Matched Chassis_Private, update, None None {{(pid=103407) matches /opt/stack/neutron/neutron/plugins/ml2/drivers/ovn/mech_driver/ovsdb/ovsdb_monitor.py:64}}
Jun 28 22:42:44.159043 np0000183313 devstack@neutron-api.service[103404]: DEBUG neutron.plugins.ml2.drivers.ovn.mech_driver.ovsdb.ovsdb_monitor [-] ChassisAgentWriteEvent : Matched Chassis_Private, update, None None {{(pid=103404) matches /opt/stack/neutron/neutron/plugins/ml2/drivers/ovn/mech_driver/ovsdb/ovsdb_monitor.py:64}}
Jun 28 22:42:44.160479 np0000183313 devstack@neutron-api.service[103405]: DEBUG neutron.plugins.ml2.drivers.ovn.mech_driver.ovsdb.ovsdb_monitor [-] ChassisAgentWriteEvent : Matched Chassis_Private, update, None None {{(pid=103405) matches /opt/stack/neutron/neutron/plugins/ml2/drivers/ovn/mech_driver/ovsdb/ovsdb_monitor.py:64}}
Jun 28 22:42:44.161156 np0000183313 devstack@neutron-api.service[103407]: DEBUG neutron.plugins.ml2.drivers.ovn.mech_driver.ovsdb.ovsdb_monitor [-] Hash Ring: Node b92b17b7fbd952eb9e1e0f034359454b (host: np0000183313) handling event "update" for row 3765a64a-3a7f-4a4c-aecc-0f0b30db3346 (table: NB_Global) {{(pid=103407) notify /opt/stack/neutron/neutron/plugins/ml2/drivers/ovn/mech_driver/ovsdb/ovsdb_monitor.py:1015}}
Jun 28 22:42:44.161851 np0000183313 devstack@neutron-api.service[103406]: DEBUG neutron.plugins.ml2.drivers.ovn.mech_driver.ovsdb.ovsdb_monitor [-] ChassisAgentWriteEvent : Matched Chassis_Private, update, None None {{(pid=103406) matches /opt/stack/neutron/neutron/plugins/ml2/drivers/ovn/mech_driver/ovsdb/ovsdb_monitor.py:64}}
Jun 28 22:42:44.162873 np0000183313 devstack@neutron-api.service[103404]: DEBUG neutron.plugins.ml2.drivers.ovn.mech_driver.ovsdb.ovsdb_monitor [-] Hash Ring: Node 0989206e60a550389d4b86d880a90d67 (host: np0000183313) handling event "update" for row 3765a64a-3a7f-4a4c-aecc-0f0b30db3346 (table: NB_Global) {{(pid=103404) notify /opt/stack/neutron/neutron/plugins/ml2/drivers/ovn/mech_driver/ovsdb/ovsdb_monitor.py:1015}}
Jun 28 22:42:44.163725 np0000183313 devstack@neutron-api.service[103407]: DEBUG neutron.plugins.ml2.drivers.ovn.mech_driver.ovsdb.ovsdb_monitor [-] ChassisOVNAgentWriteEvent : Matched Chassis_Private, update, None None {{(pid=103407) matches /opt/stack/neutron/neutron/plugins/ml2/drivers/ovn/mech_driver/ovsdb/ovsdb_monitor.py:64}}
Jun 28 22:42:44.164110 np0000183313 devstack@neutron-api.service[103405]: DEBUG neutron.plugins.ml2.drivers.ovn.mech_driver.ovsdb.ovsdb_monitor [-] ChassisOVNAgentWriteEvent : Matched Chassis_Private, update, None None {{(pid=103405) matches /opt/stack/neutron/neutron/plugins/ml2/drivers/ovn/mech_driver/ovsdb/ovsdb_monitor.py:64}}
Jun 28 22:42:44.165020 np0000183313 devstack@neutron-api.service[103407]: DEBUG neutron.plugins.ml2.drivers.ovn.mech_driver.ovsdb.ovsdb_monitor [-] Hash Ring: Node b92b17b7fbd952eb9e1e0f034359454b (host: np0000183313) handling event "update" for row 3765a64a-3a7f-4a4c-aecc-0f0b30db3346 (table: NB_Global) {{(pid=103407) notify /opt/stack/neutron/neutron/plugins/ml2/drivers/ovn/mech_driver/ovsdb/ovsdb_monitor.py:1015}}
Jun 28 22:42:44.165180 np0000183313 devstack@neutron-api.service[103406]: DEBUG neutron.plugins.ml2.drivers.ovn.mech_driver.ovsdb.ovsdb_monitor [-] ChassisOVNAgentWriteEvent : Matched Chassis_Private, update, None None {{(pid=103406) matches /opt/stack/neutron/neutron/plugins/ml2/drivers/ovn/mech_driver/ovsdb/ovsdb_monitor.py:64}}
Jun 28 22:42:44.166127 np0000183313 devstack@neutron-api.service[103407]: DEBUG neutron.plugins.ml2.drivers.ovn.mech_driver.ovsdb.ovsdb_monitor [-] Hash Ring: Node b92b17b7fbd952eb9e1e0f034359454b (host: np0000183313) handling event "update" for row 3765a64a-3a7f-4a4c-aecc-0f0b30db3346 (table: NB_Global) {{(pid=103407) notify /opt/stack/neutron/neutron/plugins/ml2/drivers/ovn/mech_driver/ovsdb/ovsdb_monitor.py:1015}}
Jun 28 22:42:44.167250 np0000183313 devstack@neutron-api.service[103407]: DEBUG neutron.plugins.ml2.drivers.ovn.mech_driver.ovsdb.ovsdb_monitor [-] Hash Ring: Node b92b17b7fbd952eb9e1e0f034359454b (host: np0000183313) handling event "update" for row 3765a64a-3a7f-4a4c-aecc-0f0b30db3346 (table: NB_Global) {{(pid=103407) notify /opt/stack/neutron/neutron/plugins/ml2/drivers/ovn/mech_driver/ovsdb/ovsdb_monitor.py:1015}}
Jun 28 22:42:44.169404 np0000183313 devstack@neutron-api.service[103404]: DEBUG neutron.common.ovn.hash_ring_manager [-] Allow caching, nodes 4>=4 {{(pid=103404) _wait_startup_before_caching /opt/stack/neutron/neutron/common/ovn/hash_ring_manager.py:71}}
Jun 28 22:42:44.169404 np0000183313 devstack@neutron-api.service[103404]: DEBUG neutron.plugins.ml2.drivers.ovn.mech_driver.ovsdb.ovsdb_monitor [-] Hash Ring: Node 0989206e60a550389d4b86d880a90d67 (host: np0000183313) handling event "update" for row 2a623b59-bcac-4b09-86db-8828c19af2b9 (table: Chassis_Private) {{(pid=103404) notify /opt/stack/neutron/neutron/plugins/ml2/drivers/ovn/mech_driver/ovsdb/ovsdb_monitor.py:1015}}
Jun 28 22:42:44.170096 np0000183313 devstack@neutron-api.service[103406]: DEBUG neutron.api.rpc.callbacks.version_manager [None req-a8160bb8-70b6-487a-8dce-2128c475c9f0 admin admin] Tracked resource versions report:
Jun 28 22:42:44.170096 np0000183313 devstack@neutron-api.service[103406]: pushed versions:
Jun 28 22:42:44.170096 np0000183313 devstack@neutron-api.service[103406]: { 'AddressGroup': {'1.2'},
Jun 28 22:42:44.170096 np0000183313 devstack@neutron-api.service[103406]: 'Agent': {'1.1'},
Jun 28 22:42:44.170096 np0000183313 devstack@neutron-api.service[103406]: 'ConntrackHelper': {'1.0'},
Jun 28 22:42:44.170096 np0000183313 devstack@neutron-api.service[103406]: 'LocalIPAssociation': {'1.0'},
Jun 28 22:42:44.170096 np0000183313 devstack@neutron-api.service[103406]: 'Log': {'1.0'},
Jun 28 22:42:44.170096 np0000183313 devstack@neutron-api.service[103406]: 'NDPProxy': {'1.0'},
Jun 28 22:42:44.170096 np0000183313 devstack@neutron-api.service[103406]: 'Network': {'1.3'},
Jun 28 22:42:44.170096 np0000183313 devstack@neutron-api.service[103406]: 'Port': {'1.11'},
Jun 28 22:42:44.170096 np0000183313 devstack@neutron-api.service[103406]: 'PortForwarding': {'1.3'},
Jun 28 22:42:44.170096 np0000183313 devstack@neutron-api.service[103406]: 'QosPolicy': {'1.10'},
Jun 28 22:42:44.170096 np0000183313 devstack@neutron-api.service[103406]: 'SecurityGroup': {'1.6'},
Jun 28 22:42:44.170096 np0000183313 devstack@neutron-api.service[103406]: 'SecurityGroupRule': {'1.3'},
Jun 28 22:42:44.170096 np0000183313 devstack@neutron-api.service[103406]: 'SubPort': {'1.0'},
Jun 28 22:42:44.170096 np0000183313 devstack@neutron-api.service[103406]: 'Subnet': {'1.2'},
Jun 28 22:42:44.170096 np0000183313 devstack@neutron-api.service[103406]: 'Trunk': {'1.1'}}
Jun 28 22:42:44.170096 np0000183313 devstack@neutron-api.service[103406]: consumer versions:
Jun 28 22:42:44.170096 np0000183313 devstack@neutron-api.service[103406]: { OVN Controller Gateway agent@np0000183313: {},
Jun 28 22:42:44.170096 np0000183313 devstack@neutron-api.service[103406]: OVN Neutron agent@np0000183313: {}}
Jun 28 22:42:44.170096 np0000183313 devstack@neutron-api.service[103406]: {{(pid=103406) report /opt/stack/neutron/neutron/api/rpc/callbacks/version_manager.py:183}}
Jun 28 22:42:44.170740 np0000183313 devstack@neutron-api.service[103404]: DEBUG neutron.plugins.ml2.drivers.ovn.mech_driver.ovsdb.ovsdb_monitor [-] ChassisOVNAgentWriteEvent : Matched Chassis_Private, update, None None {{(pid=103404) matches /opt/stack/neutron/neutron/plugins/ml2/drivers/ovn/mech_driver/ovsdb/ovsdb_monitor.py:64}}
Jun 28 22:42:44.170740 np0000183313 devstack@neutron-api.service[103404]: DEBUG neutron.plugins.ml2.drivers.ovn.mech_driver.ovsdb.ovsdb_monitor [-] Hash Ring: Node 0989206e60a550389d4b86d880a90d67 (host: np0000183313) handling event "update" for row 2a623b59-bcac-4b09-86db-8828c19af2b9 (table: Chassis_Private) {{(pid=103404) notify /opt/stack/neutron/neutron/plugins/ml2/drivers/ovn/mech_driver/ovsdb/ovsdb_monitor.py:1015}}
Jun 28 22:42:44.230197 np0000183313 devstack@neutron-api.service[103406]: DEBUG neutron.plugins.ml2.drivers.helpers [None req-a8160bb8-70b6-487a-8dce-2128c475c9f0 admin admin] geneve segment allocate from pool success with {'geneve_vni': 6830} {{(pid=103406) allocate_partially_specified_segment /opt/stack/neutron/neutron/plugins/ml2/drivers/helpers.py:142}}
Jun 28 22:42:44.241966 np0000183313 devstack@neutron-api.service[103406]: DEBUG neutron_lib.callbacks.manager [None req-a8160bb8-70b6-487a-8dce-2128c475c9f0 admin admin] Publish callbacks ['neutron.services.segments.db._add_segment_host_mapping_for_segment-8336362823470', 'neutron.plugins.ml2.plugin.Ml2Plugin._handle_segment_change-123815'] for segment (4b0f2813-2e78-40cc-a330-19dd8dae5a2b), precommit_create {{(pid=103406) _notify_loop /opt/stack/data/venv/lib/python3.12/site-packages/neutron_lib/callbacks/manager.py:184}}
Jun 28 22:42:44.242129 np0000183313 devstack@neutron-api.service[103406]: INFO neutron.db.segments_db [None req-a8160bb8-70b6-487a-8dce-2128c475c9f0 admin admin] Added segment 4b0f2813-2e78-40cc-a330-19dd8dae5a2b of type geneve for network c69d0cfd-f425-47e6-9458-d48c5159674e
Jun 28 22:42:44.286847 np0000183313 devstack@neutron-api.service[103406]: DEBUG neutron_lib.callbacks.manager [None req-a8160bb8-70b6-487a-8dce-2128c475c9f0 admin admin] Publish callbacks ['neutron.services.auto_allocate.db._ensure_external_network_default_value_callback-8336360828628'] for network (c69d0cfd-f425-47e6-9458-d48c5159674e), precommit_create {{(pid=103406) _notify_loop /opt/stack/data/venv/lib/python3.12/site-packages/neutron_lib/callbacks/manager.py:184}}
Jun 28 22:42:44.302151 np0000183313 devstack@neutron-api.service[103406]: DEBUG neutron.plugins.ml2.drivers.ovn.mech_driver.mech_driver [None req-a8160bb8-70b6-487a-8dce-2128c475c9f0 admin admin] Validating network segment with type geneve, segmentation ID 6830, physical network None {{(pid=103406) _validate_network_segments /opt/stack/neutron/neutron/plugins/ml2/drivers/ovn/mech_driver/mech_driver.py:646}}
Jun 28 22:42:44.302151 np0000183313 devstack@neutron-api.service[103406]: DEBUG neutron.db.ovn_revision_numbers_db [None req-a8160bb8-70b6-487a-8dce-2128c475c9f0 admin admin] create_initial_revision uuid=c69d0cfd-f425-47e6-9458-d48c5159674e, type=networks, rev=-1 {{(pid=103406) create_initial_revision /opt/stack/neutron/neutron/db/ovn_revision_numbers_db.py:98}}
Jun 28 22:42:44.322547 np0000183313 devstack@neutron-api.service[103406]: DEBUG neutron_lib.callbacks.manager [None req-a8160bb8-70b6-487a-8dce-2128c475c9f0 admin admin] Publish callbacks ['neutron.plugins.ml2.ovo_rpc._ObjectChangeHandler.handle_event-2255292'] for network (c69d0cfd-f425-47e6-9458-d48c5159674e), after_create {{(pid=103406) _notify_loop /opt/stack/data/venv/lib/python3.12/site-packages/neutron_lib/callbacks/manager.py:184}}
Jun 28 22:42:44.370196 np0000183313 devstack@neutron-api.service[103406]: DEBUG neutron.api.rpc.handlers.resources_rpc [None req-a8160bb8-70b6-487a-8dce-2128c475c9f0 admin admin] Pushing event updated for resources: {'Network': ['ID=c69d0cfd-f425-47e6-9458-d48c5159674e,revision_number=1']} {{(pid=103406) push /opt/stack/neutron/neutron/api/rpc/handlers/resources_rpc.py:237}}
Jun 28 22:42:44.382196 np0000183313 devstack@neutron-api.service[103406]: DEBUG ovsdbapp.backend.ovs_idl.transaction [-] Running txn n=1 command(idx=0): AddNetworkCommand(_result=None, network_uuid=c69d0cfd-f425-47e6-9458-d48c5159674e, may_exist=True, columns={'external_ids': {'neutron:network_name': 'private', 'neutron:mtu': '1372', 'neutron:revision_number': '1', 'neutron:availability_zone_hints': '', 'neutron:provnet-network-type': 'geneve'}, 'other_config': {'mcast_snoop': 'false', 'mcast_flood_unregistered': 'false', 'vlan-passthru': 'false'}}) {{(pid=103406) do_commit /opt/stack/data/venv/lib/python3.12/site-packages/ovsdbapp/backend/ovs_idl/transaction.py:89}}
Jun 28 22:42:44.382979 np0000183313 devstack@neutron-api.service[103406]: DEBUG neutron.common.ovn.utils [-] OVS persist_uuid supported=True {{(pid=103406) ovs_persist_uuid_supported /opt/stack/neutron/neutron/common/ovn/utils.py:1544}}
Jun 28 22:42:44.389543 np0000183313 devstack@neutron-api.service[103407]: DEBUG neutron.plugins.ml2.drivers.ovn.mech_driver.ovsdb.ovsdb_monitor [-] Hash Ring: Node b92b17b7fbd952eb9e1e0f034359454b (host: np0000183313) handling event "create" for row c69d0cfd-f425-47e6-9458-d48c5159674e (table: Logical_Switch) {{(pid=103407) notify /opt/stack/neutron/neutron/plugins/ml2/drivers/ovn/mech_driver/ovsdb/ovsdb_monitor.py:1015}}
Jun 28 22:42:44.390452 np0000183313 devstack@neutron-api.service[103404]: DEBUG neutron.plugins.ml2.drivers.ovn.mech_driver.ovsdb.ovsdb_monitor [-] Hash Ring: Node 0989206e60a550389d4b86d880a90d67 (host: np0000183313) handling event "create" for row c69d0cfd-f425-47e6-9458-d48c5159674e (table: Logical_Switch) {{(pid=103404) notify /opt/stack/neutron/neutron/plugins/ml2/drivers/ovn/mech_driver/ovsdb/ovsdb_monitor.py:1015}}
Jun 28 22:42:44.393126 np0000183313 devstack@neutron-api.service[103404]: DEBUG neutron.plugins.ml2.drivers.ovn.mech_driver.ovsdb.ovsdb_monitor [-] Hash Ring: Node 0989206e60a550389d4b86d880a90d67 (host: np0000183313) handling event "create" for row a92fe77e-7e1d-4603-8db7-cb579bb324de (table: Datapath_Binding) {{(pid=103404) notify /opt/stack/neutron/neutron/plugins/ml2/drivers/ovn/mech_driver/ovsdb/ovsdb_monitor.py:1015}}
Jun 28 22:42:44.394711 np0000183313 devstack@neutron-api.service[103405]: DEBUG neutron.plugins.ml2.drivers.ovn.mech_driver.ovsdb.ovsdb_monitor [-] Hash Ring: Node 8fa42a73cf955927a634c61c749b114f (host: np0000183313) handling event "create" for row a92fe77e-7e1d-4603-8db7-cb579bb324de (table: Datapath_Binding) {{(pid=103405) notify /opt/stack/neutron/neutron/plugins/ml2/drivers/ovn/mech_driver/ovsdb/ovsdb_monitor.py:1015}}
Jun 28 22:42:44.418644 np0000183313 devstack@neutron-api.service[103406]: INFO neutron.db.ovn_revision_numbers_db [None req-a8160bb8-70b6-487a-8dce-2128c475c9f0 admin admin] Successfully bumped revision number for resource c69d0cfd-f425-47e6-9458-d48c5159674e (type: networks) to 1
Jun 28 22:42:44.478720 np0000183313 devstack@neutron-api.service[103406]: DEBUG neutron_lib.callbacks.manager [None req-a8160bb8-70b6-487a-8dce-2128c475c9f0 admin admin] Publish callbacks ['neutron.plugins.ml2.plugin.SecurityGroupDbMixin._ensure_default_security_group_handler-1914739'] for port (None), before_create {{(pid=103406) _notify_loop /opt/stack/data/venv/lib/python3.12/site-packages/neutron_lib/callbacks/manager.py:184}}
Jun 28 22:42:44.731486 np0000183313 devstack@neutron-api.service[103406]: DEBUG neutron_lib.callbacks.manager [None req-a8160bb8-70b6-487a-8dce-2128c475c9f0 admin admin] Publish callbacks ['neutron.plugins.ml2.drivers.ovn.mech_driver.mech_driver.OVNMechanismDriver._validate_allowed_address_pairs-348000'] for allowed_address_pair (2ae38f95-eaa7-4971-85ad-75f064596ab9), before_create {{(pid=103406) _notify_loop /opt/stack/data/venv/lib/python3.12/site-packages/neutron_lib/callbacks/manager.py:184}}
Jun 28 22:42:44.732243 np0000183313 devstack@neutron-api.service[103406]: DEBUG neutron_lib.callbacks.manager [None req-a8160bb8-70b6-487a-8dce-2128c475c9f0 admin admin] Publish callbacks [] for port (2ae38f95-eaa7-4971-85ad-75f064596ab9), precommit_create {{(pid=103406) _notify_loop /opt/stack/data/venv/lib/python3.12/site-packages/neutron_lib/callbacks/manager.py:184}}
Jun 28 22:42:44.732243 np0000183313 devstack@neutron-api.service[103406]: DEBUG neutron.plugins.ml2.drivers.ovn.mech_driver.mech_driver [None req-a8160bb8-70b6-487a-8dce-2128c475c9f0 admin admin] No provisioning block for port 2ae38f95-eaa7-4971-85ad-75f064596ab9 since it does not have a host {{(pid=103406) _is_port_provisioning_required /opt/stack/neutron/neutron/plugins/ml2/drivers/ovn/mech_driver/mech_driver.py:899}}
Jun 28 22:42:44.732243 np0000183313 devstack@neutron-api.service[103406]: DEBUG neutron.db.ovn_revision_numbers_db [None req-a8160bb8-70b6-487a-8dce-2128c475c9f0 admin admin] create_initial_revision uuid=2ae38f95-eaa7-4971-85ad-75f064596ab9, type=ports, rev=-1 {{(pid=103406) create_initial_revision /opt/stack/neutron/neutron/db/ovn_revision_numbers_db.py:98}}
Jun 28 22:42:44.787674 np0000183313 devstack@neutron-api.service[103406]: DEBUG neutron_lib.callbacks.manager [None req-a8160bb8-70b6-487a-8dce-2128c475c9f0 admin admin] Publish callbacks ['neutron.plugins.ml2.ovo_rpc._ObjectChangeHandler.handle_event-2255145'] for port (2ae38f95-eaa7-4971-85ad-75f064596ab9), after_create {{(pid=103406) _notify_loop /opt/stack/data/venv/lib/python3.12/site-packages/neutron_lib/callbacks/manager.py:184}}
Jun 28 22:42:44.840118 np0000183313 devstack@neutron-api.service[103406]: DEBUG neutron.api.rpc.handlers.resources_rpc [None req-a8160bb8-70b6-487a-8dce-2128c475c9f0 admin admin] Pushing event updated for resources: {'Port': ['ID=2ae38f95-eaa7-4971-85ad-75f064596ab9,revision_number=1']} {{(pid=103406) push /opt/stack/neutron/neutron/api/rpc/handlers/resources_rpc.py:237}}
Jun 28 22:42:44.916672 np0000183313 devstack@neutron-api.service[103406]: DEBUG neutron.plugins.ml2.drivers.ovn.mech_driver.ovsdb.commands [None req-a8160bb8-70b6-487a-8dce-2128c475c9f0 admin admin] Converting tag [] to a tag_request {{(pid=103406) _tag_column_to_tag_request /opt/stack/neutron/neutron/plugins/ml2/drivers/ovn/mech_driver/ovsdb/commands.py:205}}
Jun 28 22:42:44.917795 np0000183313 devstack@neutron-api.service[103406]: DEBUG ovsdbapp.backend.ovs_idl.transaction [-] Running txn n=1 command(idx=0): AddLSwitchPortCommand(_result=None, lport=2ae38f95-eaa7-4971-85ad-75f064596ab9, lswitch=neutron-c69d0cfd-f425-47e6-9458-d48c5159674e, may_exist=True, network_uuid=c69d0cfd-f425-47e6-9458-d48c5159674e, columns={'addresses': ['fa:16:3e:bc:51:b6'], 'external_ids': {'neutron:port_name': '', 'neutron:device_id': 'ovnmeta-c69d0cfd-f425-47e6-9458-d48c5159674e', 'neutron:project_id': 'ea2962a0dc2f49248b4a1a45246fcf37', 'neutron:cidrs': '', 'neutron:device_owner': 'network:distributed', 'neutron:subnet_pool_addr_scope4': '', 'neutron:subnet_pool_addr_scope6': '', 'neutron:network_name': 'neutron-c69d0cfd-f425-47e6-9458-d48c5159674e', 'neutron:security_group_ids': '', 'neutron:revision_number': '1', 'neutron:vnic_type': 'normal', 'neutron:port_capabilities': '', 'neutron:mtu': '1372'}, 'parent_name': [], 'enabled': True, 'options': {}, 'type': 'localport', 'port_security': [], 'dhcpv4_options': [], 'dhcpv6_options': [], 'tag_request': []}) {{(pid=103406) do_commit /opt/stack/data/venv/lib/python3.12/site-packages/ovsdbapp/backend/ovs_idl/transaction.py:89}}
Jun 28 22:42:44.918683 np0000183313 devstack@neutron-api.service[103406]: DEBUG ovsdbapp.backend.ovs_idl.transaction [-] Running txn n=1 command(idx=1): QoSDelCommand(_result=None, switch=neutron-c69d0cfd-f425-47e6-9458-d48c5159674e, conditions=[('direction', '=', 'to-lport'), ('priority', '=', 2002), ('match', '=', 'outport == "2ae38f95-eaa7-4971-85ad-75f064596ab9"')], if_exists=True) {{(pid=103406) do_commit /opt/stack/data/venv/lib/python3.12/site-packages/ovsdbapp/backend/ovs_idl/transaction.py:89}}
Jun 28 22:42:44.918958 np0000183313 devstack@neutron-api.service[103406]: DEBUG ovsdbapp.backend.ovs_idl.transaction [-] Running txn n=1 command(idx=2): QoSDelCommand(_result=None, switch=neutron-c69d0cfd-f425-47e6-9458-d48c5159674e, conditions=[('direction', '=', 'from-lport'), ('priority', '=', 2002), ('match', '=', 'inport == "2ae38f95-eaa7-4971-85ad-75f064596ab9"')], if_exists=True) {{(pid=103406) do_commit /opt/stack/data/venv/lib/python3.12/site-packages/ovsdbapp/backend/ovs_idl/transaction.py:89}}
Jun 28 22:42:44.929612 np0000183313 devstack@neutron-api.service[103407]: DEBUG neutron.plugins.ml2.drivers.ovn.mech_driver.ovsdb.ovsdb_monitor [-] Hash Ring: Node b92b17b7fbd952eb9e1e0f034359454b (host: np0000183313) handling event "update" for row c69d0cfd-f425-47e6-9458-d48c5159674e (table: Logical_Switch) {{(pid=103407) notify /opt/stack/neutron/neutron/plugins/ml2/drivers/ovn/mech_driver/ovsdb/ovsdb_monitor.py:1015}}
Jun 28 22:42:44.929612 np0000183313 devstack@neutron-api.service[103407]: DEBUG neutron.plugins.ml2.drivers.ovn.mech_driver.ovsdb.ovsdb_monitor [-] Hash Ring: Node b92b17b7fbd952eb9e1e0f034359454b (host: np0000183313) handling event "create" for row 4f37a4a1-44bf-407a-bbc9-59f3292d91cd (table: Logical_Switch_Port) {{(pid=103407) notify /opt/stack/neutron/neutron/plugins/ml2/drivers/ovn/mech_driver/ovsdb/ovsdb_monitor.py:1015}}
Jun 28 22:42:44.929917 np0000183313 devstack@neutron-api.service[103404]: DEBUG neutron.plugins.ml2.drivers.ovn.mech_driver.ovsdb.ovsdb_monitor [-] Hash Ring: Node 0989206e60a550389d4b86d880a90d67 (host: np0000183313) handling event "create" for row a69070f3-21b1-4844-af1e-dfc6becd9c95 (table: Port_Binding) {{(pid=103404) notify /opt/stack/neutron/neutron/plugins/ml2/drivers/ovn/mech_driver/ovsdb/ovsdb_monitor.py:1015}}
