Jun 28 22:47:14.345372 np0000183313 devstack@n-api.service[100154]: DEBUG nova.api.openstack.wsgi [None req-09092139-5c86-46c3-af69-7b1e561028b0 demo demo] Calling method '>' {{(pid=100154) _process_stack /opt/stack/nova/nova/api/openstack/wsgi.py:551}}
Jun 28 22:47:14.372016 np0000183313 devstack@n-api.service[100154]: INFO nova.api.openstack.requestlog [None req-09092139-5c86-46c3-af69-7b1e561028b0 demo demo] 199.204.45.157 "GET /compute/v2.1/flavors/detail?is_public=None" status: 200 len: 5262 microversion: 2.61 time: 0.029998
Jun 28 22:47:14.372292 np0000183313 devstack@n-api.service[100154]: [pid: 100154|app: 0|req: 17/63] 199.204.45.157 () {68 vars in 1424 bytes} [Sun Jun 28 22:47:14 2026] GET /compute/v2.1/flavors/detail?is_public=None => generated 5262 bytes in 31 msecs (HTTP/1.1 200) 9 headers in 360 bytes (2 switches on core 0)
Jun 28 22:47:14.424826 np0000183313 devstack@n-api.service[100152]: DEBUG nova.api.openstack.wsgi [None req-2498d52b-eadf-4631-a3c4-247bdd168c49 demo demo] Calling method '>' {{(pid=100152) _process_stack /opt/stack/nova/nova/api/openstack/wsgi.py:551}}
Jun 28 22:47:14.451870 np0000183313 devstack@n-api.service[100152]: INFO nova.api.openstack.requestlog [None req-2498d52b-eadf-4631-a3c4-247bdd168c49 demo demo] 199.204.45.157 "GET /compute/v2.1/flavors/detail?is_public=None" status: 200 len: 5262 microversion: 2.61 time: 0.030556
Jun 28 22:47:14.452119 np0000183313 devstack@n-api.service[100152]: [pid: 100152|app: 0|req: 16/64] 199.204.45.157 () {68 vars in 1424 bytes} [Sun Jun 28 22:47:14 2026] GET /compute/v2.1/flavors/detail?is_public=None => generated 5262 bytes in 31 msecs (HTTP/1.1 200) 9 headers in 360 bytes (1 switches on core 0)
Jun 28 22:47:14.726056 np0000183313 devstack@n-api.service[100153]: DEBUG nova.api.openstack.wsgi [None req-857b656a-aca2-412d-aee6-9b5dc741049d admin admin] Calling method '>' {{(pid=100153) _process_stack /opt/stack/nova/nova/api/openstack/wsgi.py:551}}
Jun 28 22:47:14.730890 np0000183313 devstack@n-api.service[100153]: INFO nova.api.openstack.requestlog [None req-857b656a-aca2-412d-aee6-9b5dc741049d admin admin] 199.204.45.157 "GET /compute/v2.1" status: 200 len: 393 microversion: 2.1 time: 0.005435
Jun 28 22:47:14.731129 np0000183313 devstack@n-api.service[100153]: [pid: 100153|app: 0|req: 16/65] 199.204.45.157 () {62 vars in 1063 bytes} [Sun Jun 28 22:47:14 2026] GET /compute/v2.1 => generated 393 bytes in 6 msecs (HTTP/1.1 200) 9 headers in 357 bytes (1 switches on core 0)
Jun 28 22:47:14.767665 np0000183313 devstack@n-api.service[100151]: DEBUG nova.api.openstack.wsgi [None req-754ba6fd-2744-47a7-8347-0ab04a27d15c admin admin] Calling method '>' {{(pid=100151) _process_stack /opt/stack/nova/nova/api/openstack/wsgi.py:551}}
Jun 28 22:47:14.773714 np0000183313 devstack@n-api.service[100151]: INFO nova.api.openstack.requestlog [None req-754ba6fd-2744-47a7-8347-0ab04a27d15c admin admin] 199.204.45.157 "GET /compute/v2.1/" status: 200 len: 393 microversion: 2.1 time: 0.006193
Jun 28 22:47:14.774099 np0000183313 devstack@n-api.service[100151]: [pid: 100151|app: 0|req: 17/66] 199.204.45.157 () {62 vars in 1066 bytes} [Sun Jun 28 22:47:14 2026] GET /compute/v2.1/ => generated 393 bytes in 7 msecs (HTTP/1.1 200) 9 headers in 357 bytes (1 switches on core 0)
Jun 28 22:47:14.812516 np0000183313 devstack@n-api.service[100154]: DEBUG nova.api.openstack.wsgi [None req-28e968c2-85f7-4bcb-a1ce-136f02ec3d66 demo demo] Calling method '>' {{(pid=100154) _process_stack /opt/stack/nova/nova/api/openstack/wsgi.py:551}}
Jun 28 22:47:14.831093 np0000183313 devstack@n-api.service[100154]: INFO nova.api.openstack.requestlog [None req-28e968c2-85f7-4bcb-a1ce-136f02ec3d66 demo demo] 199.204.45.157 "GET /compute/v2.1/flavors/detail?is_public=None" status: 200 len: 5262 microversion: 2.61 time: 0.021967
Jun 28 22:47:14.831356 np0000183313 devstack@n-api.service[100154]: [pid: 100154|app: 0|req: 18/67] 199.204.45.157 () {68 vars in 1424 bytes} [Sun Jun 28 22:47:14 2026] GET /compute/v2.1/flavors/detail?is_public=None => generated 5262 bytes in 23 msecs (HTTP/1.1 200) 9 headers in 360 bytes (1 switches on core 0)
Jun 28 22:47:14.879957 np0000183313 devstack@n-api.service[100152]: DEBUG nova.api.openstack.wsgi [None req-cecd6313-dd80-41b5-830c-fb4e0f5d5a0c demo demo] Calling method '>' {{(pid=100152) _process_stack /opt/stack/nova/nova/api/openstack/wsgi.py:551}}
Jun 28 22:47:14.901963 np0000183313 devstack@n-api.service[100152]: INFO nova.api.openstack.requestlog [None req-cecd6313-dd80-41b5-830c-fb4e0f5d5a0c demo demo] 199.204.45.157 "GET /compute/v2.1/flavors/detail?is_public=None" status: 200 len: 5262 microversion: 2.61 time: 0.025287
Jun 28 22:47:14.902187 np0000183313 devstack@n-api.service[100152]: [pid: 100152|app: 0|req: 17/68] 199.204.45.157 () {68 vars in 1424 bytes} [Sun Jun 28 22:47:14 2026] GET /compute/v2.1/flavors/detail?is_public=None => generated 5262 bytes in 26 msecs (HTTP/1.1 200) 9 headers in 360 bytes (1 switches on core 0)
Jun 28 22:47:19.174232 np0000183313 devstack@n-api.service[100153]: DEBUG nova.api.openstack.wsgi [None req-857b656a-aca2-412d-aee6-9b5dc741049d admin admin] Calling method '>' {{(pid=100153) _process_stack /opt/stack/nova/nova/api/openstack/wsgi.py:551}}
Jun 28 22:47:19.179774 np0000183313 devstack@n-api.service[100153]: INFO nova.api.openstack.requestlog [None req-857b656a-aca2-412d-aee6-9b5dc741049d admin admin] 199.204.45.157 "GET /compute/v2.1" status: 200 len: 393 microversion: 2.1 time: 0.006114
Jun 28 22:47:19.180097 np0000183313 devstack@n-api.service[100153]: [pid: 100153|app: 0|req: 17/69] 199.204.45.157 () {62 vars in 1063 bytes} [Sun Jun 28 22:47:19 2026] GET /compute/v2.1 => generated 393 bytes in 7 msecs (HTTP/1.1 200) 9 headers in 357 bytes (1 switches on core 0)
Jun 28 22:47:19.211254 np0000183313 devstack@n-api.service[100151]: DEBUG nova.api.openstack.wsgi [None req-754ba6fd-2744-47a7-8347-0ab04a27d15c admin admin] Calling method '>' {{(pid=100151) _process_stack /opt/stack/nova/nova/api/openstack/wsgi.py:551}}
Jun 28 22:47:19.216224 np0000183313 devstack@n-api.service[100151]: INFO nova.api.openstack.requestlog [None req-754ba6fd-2744-47a7-8347-0ab04a27d15c admin admin] 199.204.45.157 "GET /compute/v2.1/" status: 200 len: 393 microversion: 2.1 time: 0.005437
Jun 28 22:47:19.216509 np0000183313 devstack@n-api.service[100151]: [pid: 100151|app: 0|req: 18/70] 199.204.45.157 () {62 vars in 1066 bytes} [Sun Jun 28 22:47:19 2026] GET /compute/v2.1/ => generated 393 bytes in 6 msecs (HTTP/1.1 200) 9 headers in 357 bytes (1 switches on core 0)
Jun 28 22:47:19.252149 np0000183313 devstack@n-api.service[100154]: DEBUG nova.api.openstack.wsgi [None req-e393bb57-afbe-4696-a59b-628a4600640a demo demo] Calling method '>' {{(pid=100154) _process_stack /opt/stack/nova/nova/api/openstack/wsgi.py:551}}
Jun 28 22:47:19.273530 np0000183313 devstack@n-api.service[100154]: INFO nova.api.openstack.requestlog [None req-e393bb57-afbe-4696-a59b-628a4600640a demo demo] 199.204.45.157 "GET /compute/v2.1/flavors/detail?is_public=None" status: 200 len: 5262 microversion: 2.61 time: 0.024953
Jun 28 22:47:19.273661 np0000183313 devstack@n-api.service[100154]: [pid: 100154|app: 0|req: 19/71] 199.204.45.157 () {68 vars in 1424 bytes} [Sun Jun 28 22:47:19 2026] GET /compute/v2.1/flavors/detail?is_public=None => generated 5262 bytes in 26 msecs (HTTP/1.1 200) 9 headers in 360 bytes (1 switches on core 0)
Jun 28 22:47:19.327479 np0000183313 devstack@n-api.service[100152]: DEBUG nova.api.openstack.wsgi [None req-801ba78c-47cb-4ac0-a9ce-dee9d95a2aa0 demo demo] Calling method '>' {{(pid=100152) _process_stack /opt/stack/nova/nova/api/openstack/wsgi.py:551}}
Jun 28 22:47:19.345522 np0000183313 devstack@n-api.service[100152]: INFO nova.api.openstack.requestlog [None req-801ba78c-47cb-4ac0-a9ce-dee9d95a2aa0 demo demo] 199.204.45.157 "GET /compute/v2.1/flavors/detail?is_public=None" status: 200 len: 5262 microversion: 2.61 time: 0.022412
Jun 28 22:47:19.345833 np0000183313 devstack@n-api.service[100152]: [pid: 100152|app: 0|req: 18/72] 199.204.45.157 () {68 vars in 1424 bytes} [Sun Jun 28 22:47:19 2026] GET /compute/v2.1/flavors/detail?is_public=None => generated 5262 bytes in 23 msecs (HTTP/1.1 200) 9 headers in 360 bytes (1 switches on core 0)
Jun 28 22:47:19.492181 np0000183313 devstack@n-api.service[100153]: DEBUG nova.api.openstack.wsgi [None req-857b656a-aca2-412d-aee6-9b5dc741049d admin admin] Calling method '>' {{(pid=100153) _process_stack /opt/stack/nova/nova/api/openstack/wsgi.py:551}}
Jun 28 22:47:19.497410 np0000183313 devstack@n-api.service[100153]: INFO nova.api.openstack.requestlog [None req-857b656a-aca2-412d-aee6-9b5dc741049d admin admin] 199.204.45.157 "GET /compute/v2.1" status: 200 len: 393 microversion: 2.1 time: 0.005690
Jun 28 22:47:19.497688 np0000183313 devstack@n-api.service[100153]: [pid: 100153|app: 0|req: 18/73] 199.204.45.157 () {62 vars in 1063 bytes} [Sun Jun 28 22:47:19 2026] GET /compute/v2.1 => generated 393 bytes in 6 msecs (HTTP/1.1 200) 9 headers in 357 bytes (1 switches on core 0)
Jun 28 22:47:19.535307 np0000183313 devstack@n-api.service[100151]: DEBUG nova.api.openstack.wsgi [None req-754ba6fd-2744-47a7-8347-0ab04a27d15c admin admin] Calling method '>' {{(pid=100151) _process_stack /opt/stack/nova/nova/api/openstack/wsgi.py:551}}
Jun 28 22:47:19.541339 np0000183313 devstack@n-api.service[100151]: INFO nova.api.openstack.requestlog [None req-754ba6fd-2744-47a7-8347-0ab04a27d15c admin admin] 199.204.45.157 "GET /compute/v2.1/" status: 200 len: 393 microversion: 2.1 time: 0.006537
Jun 28 22:47:19.541628 np0000183313 devstack@n-api.service[100151]: [pid: 100151|app: 0|req: 19/74] 199.204.45.157 () {62 vars in 1066 bytes} [Sun Jun 28 22:47:19 2026] GET /compute/v2.1/ => generated 393 bytes in 7 msecs (HTTP/1.1 200) 9 headers in 357 bytes (1 switches on core 0)
Jun 28 22:47:19.581369 np0000183313 devstack@n-api.service[100154]: DEBUG nova.api.openstack.wsgi [None req-0c0af237-bdc1-45a7-a5d3-84dbde173fdd demo demo] Calling method '>' {{(pid=100154) _process_stack /opt/stack/nova/nova/api/openstack/wsgi.py:551}}
Jun 28 22:47:19.599145 np0000183313 devstack@n-api.service[100154]: INFO nova.api.openstack.requestlog [None req-0c0af237-bdc1-45a7-a5d3-84dbde173fdd demo demo] 199.204.45.157 "GET /compute/v2.1/flavors/detail?is_public=None" status: 200 len: 5262 microversion: 2.61 time: 0.020184
Jun 28 22:47:19.599422 np0000183313 devstack@n-api.service[100154]: [pid: 100154|app: 0|req: 20/75] 199.204.45.157 () {68 vars in 1424 bytes} [Sun Jun 28 22:47:19 2026] GET /compute/v2.1/flavors/detail?is_public=None => generated 5262 bytes in 21 msecs (HTTP/1.1 200) 9 headers in 360 bytes (1 switches on core 0)
Jun 28 22:47:19.647914 np0000183313 devstack@n-api.service[100152]: DEBUG nova.api.openstack.wsgi [None req-1011a843-feb6-4f7e-b03b-ab9caa0642fb demo demo] Calling method '>' {{(pid=100152) _process_stack /opt/stack/nova/nova/api/openstack/wsgi.py:551}}
Jun 28 22:47:19.671111 np0000183313 devstack@n-api.service[100152]: INFO nova.api.openstack.requestlog [None req-1011a843-feb6-4f7e-b03b-ab9caa0642fb demo demo] 199.204.45.157 "GET /compute/v2.1/flavors/detail?is_public=None" status: 200 len: 5262 microversion: 2.61 time: 0.025779
Jun 28 22:47:19.671424 np0000183313 devstack@n-api.service[100152]: [pid: 100152|app: 0|req: 19/76] 199.204.45.157 () {68 vars in 1424 bytes} [Sun Jun 28 22:47:19 2026] GET /compute/v2.1/flavors/detail?is_public=None => generated 5262 bytes in 26 msecs (HTTP/1.1 200) 9 headers in 360 bytes (1 switches on core 0)
Jun 28 22:47:23.607601 np0000183313 devstack@n-api.service[100153]: DEBUG nova.api.openstack.wsgi [None req-857b656a-aca2-412d-aee6-9b5dc741049d admin admin] Calling method '>' {{(pid=100153) _process_stack /opt/stack/nova/nova/api/openstack/wsgi.py:551}}
Jun 28 22:47:23.610997 np0000183313 devstack@n-api.service[100153]: INFO nova.api.openstack.requestlog [None req-857b656a-aca2-412d-aee6-9b5dc741049d admin admin] 199.204.45.157 "GET /compute/v2.1" status: 200 len: 393 microversion: 2.1 time: 0.003706
Jun 28 22:47:23.611255 np0000183313 devstack@n-api.service[100153]: [pid: 100153|app: 0|req: 19/77] 199.204.45.157 () {62 vars in 1074 bytes} [Sun Jun 28 22:47:23 2026] GET /compute/v2.1 => generated 393 bytes in 4 msecs (HTTP/1.1 200) 9 headers in 357 bytes (1 switches on core 0)
Jun 28 22:47:23.647627 np0000183313 devstack@n-api.service[100151]: DEBUG nova.api.openstack.wsgi [None req-754ba6fd-2744-47a7-8347-0ab04a27d15c admin admin] Calling method '>' {{(pid=100151) _process_stack /opt/stack/nova/nova/api/openstack/wsgi.py:551}}
Jun 28 22:47:23.652911 np0000183313 devstack@n-api.service[100151]: INFO nova.api.openstack.requestlog [None req-754ba6fd-2744-47a7-8347-0ab04a27d15c admin admin] 199.204.45.157 "GET /compute/v2.1/" status: 200 len: 393 microversion: 2.1 time: 0.005576
Jun 28 22:47:23.653142 np0000183313 devstack@n-api.service[100151]: [pid: 100151|app: 0|req: 20/78] 199.204.45.157 () {62 vars in 1077 bytes} [Sun Jun 28 22:47:23 2026] GET /compute/v2.1/ => generated 393 bytes in 6 msecs (HTTP/1.1 200) 9 headers in 357 bytes (1 switches on core 0)
Jun 28 22:47:23.691357 np0000183313 devstack@n-api.service[100154]: DEBUG nova.api.openstack.wsgi [None req-ae16f234-8f72-4b35-b9d8-d5bb056dffdc demo demo] Calling method '>' {{(pid=100154) _process_stack /opt/stack/nova/nova/api/openstack/wsgi.py:551}}
Jun 28 22:47:23.716812 np0000183313 devstack@n-api.service[100154]: INFO nova.api.openstack.requestlog [None req-ae16f234-8f72-4b35-b9d8-d5bb056dffdc demo demo] 199.204.45.157 "GET /compute/v2.1/os-server-groups" status: 200 len: 21 microversion: 2.64 time: 0.027506
Jun 28 22:47:23.717208 np0000183313 devstack@n-api.service[100154]: [pid: 100154|app: 0|req: 21/79] 199.204.45.157 () {68 vars in 1412 bytes} [Sun Jun 28 22:47:23 2026] GET /compute/v2.1/os-server-groups => generated 21 bytes in 28 msecs (HTTP/1.1 200) 9 headers in 358 bytes (1 switches on core 0)
Jun 28 22:47:23.753708 np0000183313 devstack@n-api.service[100152]: DEBUG nova.api.openstack.wsgi [None req-1011a843-feb6-4f7e-b03b-ab9caa0642fb demo demo] Calling method '>' {{(pid=100152) _process_stack /opt/stack/nova/nova/api/openstack/wsgi.py:551}}
Jun 28 22:47:23.759565 np0000183313 devstack@n-api.service[100152]: INFO nova.api.openstack.requestlog [None req-1011a843-feb6-4f7e-b03b-ab9caa0642fb demo demo] 199.204.45.157 "GET /compute/v2.1" status: 200 len: 393 microversion: 2.1 time: 0.006296
Jun 28 22:47:23.759783 np0000183313 devstack@n-api.service[100152]: [pid: 100152|app: 0|req: 20/80] 199.204.45.157 () {62 vars in 1074 bytes} [Sun Jun 28 22:47:23 2026] GET /compute/v2.1 => generated 393 bytes in 7 msecs (HTTP/1.1 200) 9 headers in 357 bytes (1 switches on core 0)
Jun 28 22:47:23.800754 np0000183313 devstack@n-api.service[100153]: DEBUG nova.api.openstack.wsgi [None req-857b656a-aca2-412d-aee6-9b5dc741049d admin admin] Calling method '>' {{(pid=100153) _process_stack /opt/stack/nova/nova/api/openstack/wsgi.py:551}}
Jun 28 22:47:23.806280 np0000183313 devstack@n-api.service[100153]: INFO nova.api.openstack.requestlog [None req-857b656a-aca2-412d-aee6-9b5dc741049d admin admin] 199.204.45.157 "GET /compute/v2.1/" status: 200 len: 393 microversion: 2.1 time: 0.006280
Jun 28 22:47:23.806609 np0000183313 devstack@n-api.service[100153]: [pid: 100153|app: 0|req: 20/81] 199.204.45.157 () {62 vars in 1077 bytes} [Sun Jun 28 22:47:23 2026] GET /compute/v2.1/ => generated 393 bytes in 7 msecs (HTTP/1.1 200) 9 headers in 357 bytes (1 switches on core 0)
Jun 28 22:47:23.847792 np0000183313 devstack@n-api.service[100151]: DEBUG nova.api.openstack.wsgi [None req-6df91692-c3f9-4546-8829-53867cb62776 demo demo] Action: 'create', calling method: >, body: {"server_group": {"name": "kube-bt45o", "policy": "soft-anti-affinity"}} {{(pid=100151) _process_stack /opt/stack/nova/nova/api/openstack/wsgi.py:549}}
Jun 28 22:47:23.869609 np0000183313 devstack@n-api.service[100151]: DEBUG nova.quota [None req-6df91692-c3f9-4546-8829-53867cb62776 demo demo] Getting quotas for project 42df206540fe4ce39e2aeba0507afca3. Resources: {'server_groups'} {{(pid=100151) _get_quotas /opt/stack/nova/nova/quota.py:389}}
Jun 28 22:47:23.873436 np0000183313 devstack@n-api.service[100151]: DEBUG nova.quota [None req-6df91692-c3f9-4546-8829-53867cb62776 demo demo] Getting quotas for user ddce7a6a23ed4a2ea9c93892126b6531 and project 42df206540fe4ce39e2aeba0507afca3. Resources: {'server_groups'} {{(pid=100151) _get_quotas /opt/stack/nova/nova/quota.py:379}}
Jun 28 22:47:23.924247 np0000183313 devstack@n-api.service[100151]: DEBUG nova.quota [None req-6df91692-c3f9-4546-8829-53867cb62776 demo demo] Getting quotas for project 42df206540fe4ce39e2aeba0507afca3. Resources: {'server_groups'} {{(pid=100151) _get_quotas /opt/stack/nova/nova/quota.py:389}}
Jun 28 22:47:23.926676 np0000183313 devstack@n-api.service[100151]: DEBUG nova.quota [None req-6df91692-c3f9-4546-8829-53867cb62776 demo demo] Getting quotas for user ddce7a6a23ed4a2ea9c93892126b6531 and project 42df206540fe4ce39e2aeba0507afca3. Resources: {'server_groups'} {{(pid=100151) _get_quotas /opt/stack/nova/nova/quota.py:379}}
Jun 28 22:47:23.934988 np0000183313 devstack@n-api.service[100151]: INFO nova.api.openstack.requestlog [None req-6df91692-c3f9-4546-8829-53867cb62776 demo demo] 199.204.45.157 "POST /compute/v2.1/os-server-groups" status: 200 len: 243 microversion: 2.64 time: 0.091094
Jun 28 22:47:23.935352 np0000183313 devstack@n-api.service[100151]: [pid: 100151|app: 0|req: 21/82] 199.204.45.157 () {72 vars in 1452 bytes} [Sun Jun 28 22:47:23 2026] POST /compute/v2.1/os-server-groups => generated 243 bytes in 92 msecs (HTTP/1.1 200) 9 headers in 359 bytes (1 switches on core 0)
Jun 28 22:47:23.984345 np0000183313 devstack@n-api.service[100154]: DEBUG nova.api.openstack.wsgi [None req-ae16f234-8f72-4b35-b9d8-d5bb056dffdc demo demo] Calling method '>' {{(pid=100154) _process_stack /opt/stack/nova/nova/api/openstack/wsgi.py:551}}
Jun 28 22:47:23.989314 np0000183313 devstack@n-api.service[100154]: INFO nova.api.openstack.requestlog [None req-ae16f234-8f72-4b35-b9d8-d5bb056dffdc demo demo] 199.204.45.157 "GET /compute/v2.1" status: 200 len: 393 microversion: 2.1 time: 0.005713
Jun 28 22:47:23.989603 np0000183313 devstack@n-api.service[100154]: [pid: 100154|app: 0|req: 22/83] 199.204.45.157 () {62 vars in 1074 bytes} [Sun Jun 28 22:47:23 2026] GET /compute/v2.1 => generated 393 bytes in 6 msecs (HTTP/1.1 200) 9 headers in 357 bytes (1 switches on core 0)
Jun 28 22:47:24.025205 np0000183313 devstack@n-api.service[100152]: DEBUG nova.api.openstack.wsgi [None req-1011a843-feb6-4f7e-b03b-ab9caa0642fb demo demo] Calling method '>' {{(pid=100152) _process_stack /opt/stack/nova/nova/api/openstack/wsgi.py:551}}
Jun 28 22:47:24.031234 np0000183313 devstack@n-api.service[100152]: INFO nova.api.openstack.requestlog [None req-1011a843-feb6-4f7e-b03b-ab9caa0642fb demo demo] 199.204.45.157 "GET /compute/v2.1/" status: 200 len: 393 microversion: 2.1 time: 0.006534
Jun 28 22:47:24.031664 np0000183313 devstack@n-api.service[100152]: [pid: 100152|app: 0|req: 21/84] 199.204.45.157 () {62 vars in 1077 bytes} [Sun Jun 28 22:47:24 2026] GET /compute/v2.1/ => generated 393 bytes in 7 msecs (HTTP/1.1 200) 9 headers in 357 bytes (1 switches on core 0)
Jun 28 22:47:24.069887 np0000183313 devstack@n-api.service[100153]: DEBUG nova.api.openstack.wsgi [None req-2b3b86ee-072f-418a-b0ed-f36cd45e0a80 demo demo] Calling method '>' {{(pid=100153) _process_stack /opt/stack/nova/nova/api/openstack/wsgi.py:551}}
Jun 28 22:47:24.092802 np0000183313 devstack@n-api.service[100153]: INFO nova.api.openstack.requestlog [None req-2b3b86ee-072f-418a-b0ed-f36cd45e0a80 demo demo] 199.204.45.157 "GET /compute/v2.1/os-server-groups" status: 200 len: 246 microversion: 2.64 time: 0.027633
Jun 28 22:47:24.093104 np0000183313 devstack@n-api.service[100153]: [pid: 100153|app: 0|req: 21/85] 199.204.45.157 () {68 vars in 1412 bytes} [Sun Jun 28 22:47:24 2026] GET /compute/v2.1/os-server-groups => generated 246 bytes in 28 msecs (HTTP/1.1 200) 9 headers in 359 bytes (1 switches on core 0)
Jun 28 22:47:24.133219 np0000183313 devstack@n-api.service[100151]: DEBUG nova.api.openstack.wsgi [None req-6df91692-c3f9-4546-8829-53867cb62776 demo demo] Calling method '>' {{(pid=100151) _process_stack /opt/stack/nova/nova/api/openstack/wsgi.py:551}}
Jun 28 22:47:24.138248 np0000183313 devstack@n-api.service[100151]: INFO nova.api.openstack.requestlog [None req-6df91692-c3f9-4546-8829-53867cb62776 demo demo] 199.204.45.157 "GET /compute/v2.1" status: 200 len: 393 microversion: 2.1 time: 0.005661
Jun 28 22:47:24.138707 np0000183313 devstack@n-api.service[100151]: [pid: 100151|app: 0|req: 22/86] 199.204.45.157 () {62 vars in 1074 bytes} [Sun Jun 28 22:47:24 2026] GET /compute/v2.1 => generated 393 bytes in 6 msecs (HTTP/1.1 200) 9 headers in 357 bytes (1 switches on core 0)
Jun 28 22:47:24.175120 np0000183313 devstack@n-api.service[100154]: DEBUG nova.api.openstack.wsgi [None req-ae16f234-8f72-4b35-b9d8-d5bb056dffdc demo demo] Calling method '>' {{(pid=100154) _process_stack /opt/stack/nova/nova/api/openstack/wsgi.py:551}}
Jun 28 22:47:24.181053 np0000183313 devstack@n-api.service[100154]: INFO nova.api.openstack.requestlog [None req-ae16f234-8f72-4b35-b9d8-d5bb056dffdc demo demo] 199.204.45.157 "GET /compute/v2.1/" status: 200 len: 393 microversion: 2.1 time: 0.006348
Jun 28 22:47:24.181434 np0000183313 devstack@n-api.service[100154]: [pid: 100154|app: 0|req: 23/87] 199.204.45.157 () {62 vars in 1077 bytes} [Sun Jun 28 22:47:24 2026] GET /compute/v2.1/ => generated 393 bytes in 7 msecs (HTTP/1.1 200) 9 headers in 357 bytes (1 switches on core 0)
Jun 28 22:47:24.220610 np0000183313 devstack@n-api.service[100152]: DEBUG nova.api.openstack.wsgi [None req-c8ae14fd-bb84-4a07-9b11-969cfccb1b0e demo demo] Action: 'create', calling method: >, body: {"server_group": {"name": "kube-bt45o-default-worker", "policy": "soft-anti-affinity"}} {{(pid=100152) _process_stack /opt/stack/nova/nova/api/openstack/wsgi.py:549}}
Jun 28 22:47:24.242414 np0000183313 devstack@n-api.service[100152]: DEBUG nova.quota [None req-c8ae14fd-bb84-4a07-9b11-969cfccb1b0e demo demo] Getting quotas for project 42df206540fe4ce39e2aeba0507afca3. Resources: {'server_groups'} {{(pid=100152) _get_quotas /opt/stack/nova/nova/quota.py:389}}
Jun 28 22:47:24.246295 np0000183313 devstack@n-api.service[100152]: DEBUG nova.quota [None req-c8ae14fd-bb84-4a07-9b11-969cfccb1b0e demo demo] Getting quotas for user ddce7a6a23ed4a2ea9c93892126b6531 and project 42df206540fe4ce39e2aeba0507afca3. Resources: {'server_groups'} {{(pid=100152) _get_quotas /opt/stack/nova/nova/quota.py:379}}
Jun 28 22:47:24.298416 np0000183313 devstack@n-api.service[100152]: DEBUG nova.quota [None req-c8ae14fd-bb84-4a07-9b11-969cfccb1b0e demo demo] Getting quotas for project 42df206540fe4ce39e2aeba0507afca3. Resources: {'server_groups'} {{(pid=100152) _get_quotas /opt/stack/nova/nova/quota.py:389}}
Jun 28 22:47:24.300618 np0000183313 devstack@n-api.service[100152]: DEBUG nova.quota [None req-c8ae14fd-bb84-4a07-9b11-969cfccb1b0e demo demo] Getting quotas for user ddce7a6a23ed4a2ea9c93892126b6531 and project 42df206540fe4ce39e2aeba0507afca3. Resources: {'server_groups'} {{(pid=100152) _get_quotas /opt/stack/nova/nova/quota.py:379}}
Jun 28 22:47:24.308665 np0000183313 devstack@n-api.service[100152]: INFO nova.api.openstack.requestlog [None req-c8ae14fd-bb84-4a07-9b11-969cfccb1b0e demo demo] 199.204.45.157 "POST /compute/v2.1/os-server-groups" status: 200 len: 258 microversion: 2.64 time: 0.091606
Jun 28 22:47:24.308994 np0000183313 devstack@n-api.service[100152]: [pid: 100152|app: 0|req: 22/88] 199.204.45.157 () {72 vars in 1452 bytes} [Sun Jun 28 22:47:24 2026] POST /compute/v2.1/os-server-groups => generated 258 bytes in 92 msecs (HTTP/1.1 200) 9 headers in 359 bytes (1 switches on core 0)
Jun 28 22:47:27.240405 np0000183313 devstack@n-api.service[100153]: DEBUG nova.api.openstack.wsgi [None req-2b3b86ee-072f-418a-b0ed-f36cd45e0a80 demo demo] Calling method '>' {{(pid=100153) _process_stack /opt/stack/nova/nova/api/openstack/wsgi.py:551}}
Jun 28 22:47:27.243889 np0000183313 devstack@n-api.service[100153]: INFO nova.api.openstack.requestlog [None req-2b3b86ee-072f-418a-b0ed-f36cd45e0a80 demo demo] 199.204.45.157 "GET /compute/v2.1" status: 200 len: 393 microversion: 2.1 time: 0.003783
Jun 28 22:47:27.244133 np0000183313 devstack@n-api.service[100153]: [pid: 100153|app: 0|req: 22/89] 199.204.45.157 () {62 vars in 1074 bytes} [Sun Jun 28 22:47:27 2026] GET /compute/v2.1 => generated 393 bytes in 4 msecs (HTTP/1.1 200) 9 headers in 357 bytes (2 switches on core 0)
Jun 28 22:47:27.276735 np0000183313 devstack@n-api.service[100151]: DEBUG nova.api.openstack.wsgi [None req-6df91692-c3f9-4546-8829-53867cb62776 demo demo] Calling method '>' {{(pid=100151) _process_stack /opt/stack/nova/nova/api/openstack/wsgi.py:551}}
Jun 28 22:47:27.282079 np0000183313 devstack@n-api.service[100151]: INFO nova.api.openstack.requestlog [None req-6df91692-c3f9-4546-8829-53867cb62776 demo demo] 199.204.45.157 "GET /compute/v2.1/" status: 200 len: 393 microversion: 2.1 time: 0.006130
Jun 28 22:47:27.282308 np0000183313 devstack@n-api.service[100151]: [pid: 100151|app: 0|req: 23/90] 199.204.45.157 () {62 vars in 1077 bytes} [Sun Jun 28 22:47:27 2026] GET /compute/v2.1/ => generated 393 bytes in 7 msecs (HTTP/1.1 200) 9 headers in 357 bytes (1 switches on core 0)
Jun 28 22:47:27.322747 np0000183313 devstack@n-api.service[100154]: DEBUG nova.api.openstack.wsgi [None req-484dd3c9-780b-42f5-8d9a-5da75ef57681 demo demo] Calling method '>' {{(pid=100154) _process_stack /opt/stack/nova/nova/api/openstack/wsgi.py:551}}
Jun 28 22:47:27.348551 np0000183313 devstack@n-api.service[100154]: INFO nova.api.openstack.requestlog [None req-484dd3c9-780b-42f5-8d9a-5da75ef57681 demo demo] 199.204.45.157 "GET /compute/v2.1/flavors/detail?is_public=None" status: 200 len: 5262 microversion: 2.61 time: 0.029671
Jun 28 22:47:27.348872 np0000183313 devstack@n-api.service[100154]: [pid: 100154|app: 0|req: 24/91] 199.204.45.157 () {68 vars in 1435 bytes} [Sun Jun 28 22:47:27 2026] GET /compute/v2.1/flavors/detail?is_public=None => generated 5262 bytes in 30 msecs (HTTP/1.1 200) 9 headers in 360 bytes (1 switches on core 0)
Jun 28 22:47:27.397281 np0000183313 devstack@n-api.service[100152]: DEBUG nova.api.openstack.wsgi [None req-a619c19a-ac5d-4f3d-bca4-dfe49d3cfe20 demo demo] Calling method '>' {{(pid=100152) _process_stack /opt/stack/nova/nova/api/openstack/wsgi.py:551}}
Jun 28 22:47:27.416736 np0000183313 devstack@n-api.service[100152]: INFO nova.api.openstack.requestlog [None req-a619c19a-ac5d-4f3d-bca4-dfe49d3cfe20 demo demo] 199.204.45.157 "GET /compute/v2.1/flavors/detail?is_public=None" status: 200 len: 5262 microversion: 2.61 time: 0.023635
Jun 28 22:47:27.417012 np0000183313 devstack@n-api.service[100152]: [pid: 100152|app: 0|req: 23/92] 199.204.45.157 () {68 vars in 1435 bytes} [Sun Jun 28 22:47:27 2026] GET /compute/v2.1/flavors/detail?is_public=None => generated 5262 bytes in 24 msecs (HTTP/1.1 200) 9 headers in 360 bytes (1 switches on core 0)
Jun 28 22:47:27.577571 np0000183313 devstack@n-api.service[100153]: DEBUG nova.api.openstack.wsgi [None req-2b3b86ee-072f-418a-b0ed-f36cd45e0a80 demo demo] Calling method '>' {{(pid=100153) _process_stack /opt/stack/nova/nova/api/openstack/wsgi.py:551}}
Jun 28 22:47:27.582838 np0000183313 devstack@n-api.service[100153]: INFO nova.api.openstack.requestlog [None req-2b3b86ee-072f-418a-b0ed-f36cd45e0a80 demo demo] 199.204.45.157 "GET /compute/v2.1" status: 200 len: 393 microversion: 2.1 time: 0.005623
Jun 28 22:47:27.583077 np0000183313 devstack@n-api.service[100153]: [pid: 100153|app: 0|req: 23/93] 199.204.45.157 () {62 vars in 1074 bytes} [Sun Jun 28 22:47:27 2026] GET /compute/v2.1 => generated 393 bytes in 6 msecs (HTTP/1.1 200) 9 headers in 357 bytes (1 switches on core 0)
Jun 28 22:47:27.621688 np0000183313 devstack@n-api.service[100151]: DEBUG nova.api.openstack.wsgi [None req-6df91692-c3f9-4546-8829-53867cb62776 demo demo] Calling method '>' {{(pid=100151) _process_stack /opt/stack/nova/nova/api/openstack/wsgi.py:551}}
Jun 28 22:47:27.625409 np0000183313 devstack@n-api.service[100151]: INFO nova.api.openstack.requestlog [None req-6df91692-c3f9-4546-8829-53867cb62776 demo demo] 199.204.45.157 "GET /compute/v2.1/" status: 200 len: 393 microversion: 2.1 time: 0.004127
Jun 28 22:47:27.625690 np0000183313 devstack@n-api.service[100151]: [pid: 100151|app: 0|req: 24/94] 199.204.45.157 () {62 vars in 1077 bytes} [Sun Jun 28 22:47:27 2026] GET /compute/v2.1/ => generated 393 bytes in 5 msecs (HTTP/1.1 200) 9 headers in 357 bytes (1 switches on core 0)
Jun 28 22:47:27.664151 np0000183313 devstack@n-api.service[100154]: DEBUG nova.api.openstack.wsgi [None req-6ccb7ea2-d9ff-48e7-a119-f616850e4077 demo demo] Calling method '>' {{(pid=100154) _process_stack /opt/stack/nova/nova/api/openstack/wsgi.py:551}}
Jun 28 22:47:27.686841 np0000183313 devstack@n-api.service[100154]: INFO nova.api.openstack.requestlog [None req-6ccb7ea2-d9ff-48e7-a119-f616850e4077 demo demo] 199.204.45.157 "GET /compute/v2.1/flavors/detail?is_public=None" status: 200 len: 5262 microversion: 2.61 time: 0.024654
Jun 28 22:47:27.687205 np0000183313 devstack@n-api.service[100154]: [pid: 100154|app: 0|req: 25/95] 199.204.45.157 () {68 vars in 1435 bytes} [Sun Jun 28 22:47:27 2026] GET /compute/v2.1/flavors/detail?is_public=None => generated 5262 bytes in 25 msecs (HTTP/1.1 200) 9 headers in 360 bytes (1 switches on core 0)
Jun 28 22:47:33.930562 np0000183313 devstack@n-api.service[100151]: DEBUG dbcounter [-] [100151] Writing DB stats nova_cell0:SELECT=4 {{(pid=100151) stat_writer /opt/stack/data/venv/lib/python3.12/site-packages/dbcounter.py:115}}
Jun 28 22:47:33.932601 np0000183313 devstack@n-api.service[100151]: DEBUG dbcounter [-] [100151] Writing DB stats nova_api:SELECT=14,nova_api:INSERT=2 {{(pid=100151) stat_writer /opt/stack/data/venv/lib/python3.12/site-packages/dbcounter.py:115}}
Jun 28 22:47:34.090454 np0000183313 devstack@n-api.service[100153]: DEBUG dbcounter [-] [100153] Writing DB stats nova_api:SELECT=2 {{(pid=100153) stat_writer /opt/stack/data/venv/lib/python3.12/site-packages/dbcounter.py:115}}
Jun 28 22:47:34.303962 np0000183313 devstack@n-api.service[100152]: DEBUG dbcounter [-] [100152] Writing DB stats nova_cell0:SELECT=4 {{(pid=100152) stat_writer /opt/stack/data/venv/lib/python3.12/site-packages/dbcounter.py:115}}
Jun 28 22:47:37.403520 np0000183313 devstack@n-api.service[100152]: DEBUG dbcounter [-] [100152] Writing DB stats nova_api:SELECT=19,nova_api:INSERT=2 {{(pid=100152) stat_writer /opt/stack/data/venv/lib/python3.12/site-packages/dbcounter.py:115}}
Jun 28 22:47:37.669264 np0000183313 devstack@n-api.service[100154]: DEBUG dbcounter [-] [100154] Writing DB stats nova_api:SELECT=8 {{(pid=100154) stat_writer /opt/stack/data/venv/lib/python3.12/site-packages/dbcounter.py:115}}
Jun 28 22:47:51.886454 np0000183313 devstack@n-api.service[100152]: DEBUG nova.api.openstack.wsgi [None req-a619c19a-ac5d-4f3d-bca4-dfe49d3cfe20 demo demo] Calling method '>' {{(pid=100152) _process_stack /opt/stack/nova/nova/api/openstack/wsgi.py:551}}
Jun 28 22:47:51.891204 np0000183313 devstack@n-api.service[100152]: INFO nova.api.openstack.requestlog [None req-a619c19a-ac5d-4f3d-bca4-dfe49d3cfe20 demo demo] 172.18.0.2 "GET /compute/v2.1/" status: 200 len: 393 microversion: 2.1 time: 0.005254
Jun 28 22:47:51.891481 np0000183313 devstack@n-api.service[100152]: [pid: 100152|app: 0|req: 24/96] 199.204.45.157 () {64 vars in 1272 bytes} [Sun Jun 28 22:47:51 2026] GET /compute/v2.1/ => generated 393 bytes in 6 msecs (HTTP/1.1 200) 9 headers in 357 bytes (1 switches on core 0)
Jun 28 22:47:51.902224 np0000183313 devstack@n-api.service[100153]: DEBUG nova.api.openstack.wsgi [None req-460cfbc0-916a-482f-96ee-4c613338b25f demo demo] Calling method '>' {{(pid=100153) _process_stack /opt/stack/nova/nova/api/openstack/wsgi.py:551}}
Jun 28 22:47:51.906138 np0000183313 devstack@n-api.service[100153]: DEBUG oslo_concurrency.lockutils [None req-460cfbc0-916a-482f-96ee-4c613338b25f demo demo] Acquiring lock "00000000-0000-0000-0000-000000000000" by "nova.context.set_target_cell..get_or_set_cached_cell_and_set_connections" {{(pid=100153) inner /opt/stack/data/venv/lib/python3.12/site-packages/oslo_concurrency/lockutils.py:511}}
Jun 28 22:47:51.906545 np0000183313 devstack@n-api.service[100153]: DEBUG oslo_concurrency.lockutils [None req-460cfbc0-916a-482f-96ee-4c613338b25f demo demo] Lock "00000000-0000-0000-0000-000000000000" acquired by "nova.context.set_target_cell..get_or_set_cached_cell_and_set_connections" :: waited 0.000s {{(pid=100153) inner /opt/stack/data/venv/lib/python3.12/site-packages/oslo_concurrency/lockutils.py:524}}
Jun 28 22:47:51.906835 np0000183313 devstack@n-api.service[100153]: DEBUG oslo_concurrency.lockutils [None req-460cfbc0-916a-482f-96ee-4c613338b25f demo demo] Lock "00000000-0000-0000-0000-000000000000" "released" by "nova.context.set_target_cell..get_or_set_cached_cell_and_set_connections" :: held 0.000s {{(pid=100153) inner /opt/stack/data/venv/lib/python3.12/site-packages/oslo_concurrency/lockutils.py:543}}
Jun 28 22:47:51.908369 np0000183313 devstack@n-api.service[100153]: DEBUG oslo_concurrency.lockutils [None req-460cfbc0-916a-482f-96ee-4c613338b25f demo demo] Acquiring lock "ea6c536d-da6d-424f-8518-8ecfb61f4174" by "nova.context.set_target_cell..get_or_set_cached_cell_and_set_connections" {{(pid=100153) inner /opt/stack/data/venv/lib/python3.12/site-packages/oslo_concurrency/lockutils.py:511}}
Jun 28 22:47:51.908772 np0000183313 devstack@n-api.service[100153]: DEBUG oslo_concurrency.lockutils [None req-460cfbc0-916a-482f-96ee-4c613338b25f demo demo] Lock "ea6c536d-da6d-424f-8518-8ecfb61f4174" acquired by "nova.context.set_target_cell..get_or_set_cached_cell_and_set_connections" :: waited 0.000s {{(pid=100153) inner /opt/stack/data/venv/lib/python3.12/site-packages/oslo_concurrency/lockutils.py:524}}
Jun 28 22:47:51.909518 np0000183313 devstack@n-api.service[100153]: DEBUG oslo_concurrency.lockutils [None req-460cfbc0-916a-482f-96ee-4c613338b25f demo demo] Lock "ea6c536d-da6d-424f-8518-8ecfb61f4174" "released" by "nova.context.set_target_cell..get_or_set_cached_cell_and_set_connections" :: held 0.000s {{(pid=100153) inner /opt/stack/data/venv/lib/python3.12/site-packages/oslo_concurrency/lockutils.py:543}}
Jun 28 22:47:51.980161 np0000183313 devstack@n-api.service[100153]: INFO nova.api.openstack.requestlog [None req-460cfbc0-916a-482f-96ee-4c613338b25f demo demo] 172.18.0.2 "GET /compute/v2.1/os-availability-zone" status: 200 len: 97 microversion: 2.38 time: 0.081400
Jun 28 22:47:51.980926 np0000183313 devstack@n-api.service[100153]: [pid: 100153|app: 0|req: 24/97] 199.204.45.157 () {68 vars in 1415 bytes} [Sun Jun 28 22:47:51 2026] GET /compute/v2.1/os-availability-zone => generated 97 bytes in 83 msecs (HTTP/1.1 200) 9 headers in 358 bytes (1 switches on core 0)
Jun 28 22:47:52.897942 np0000183313 devstack@n-api.service[100151]: DEBUG nova.api.openstack.wsgi [None req-6df91692-c3f9-4546-8829-53867cb62776 demo demo] Calling method '>' {{(pid=100151) _process_stack /opt/stack/nova/nova/api/openstack/wsgi.py:551}}
Jun 28 22:47:52.903650 np0000183313 devstack@n-api.service[100151]: INFO nova.api.openstack.requestlog [None req-6df91692-c3f9-4546-8829-53867cb62776 demo demo] 172.18.0.2 "GET /compute/v2.1/" status: 200 len: 393 microversion: 2.1 time: 0.006050
Jun 28 22:47:52.904115 np0000183313 devstack@n-api.service[100151]: [pid: 100151|app: 0|req: 25/98] 199.204.45.157 () {64 vars in 1272 bytes} [Sun Jun 28 22:47:52 2026] GET /compute/v2.1/ => generated 393 bytes in 7 msecs (HTTP/1.1 200) 9 headers in 357 bytes (1 switches on core 0)
Jun 28 22:47:52.914953 np0000183313 devstack@n-api.service[100154]: DEBUG nova.api.openstack.wsgi [None req-02875066-ca56-4a81-838c-03fee848fc30 demo demo] Calling method '>' {{(pid=100154) _process_stack /opt/stack/nova/nova/api/openstack/wsgi.py:551}}
Jun 28 22:47:52.917116 np0000183313 devstack@n-api.service[100154]: DEBUG oslo_concurrency.lockutils [None req-02875066-ca56-4a81-838c-03fee848fc30 demo demo] Acquiring lock "00000000-0000-0000-0000-000000000000" by "nova.context.set_target_cell..get_or_set_cached_cell_and_set_connections" {{(pid=100154) inner /opt/stack/data/venv/lib/python3.12/site-packages/oslo_concurrency/lockutils.py:511}}
Jun 28 22:47:52.917282 np0000183313 devstack@n-api.service[100154]: DEBUG oslo_concurrency.lockutils [None req-02875066-ca56-4a81-838c-03fee848fc30 demo demo] Lock "00000000-0000-0000-0000-000000000000" acquired by "nova.context.set_target_cell..get_or_set_cached_cell_and_set_connections" :: waited 0.000s {{(pid=100154) inner /opt/stack/data/venv/lib/python3.12/site-packages/oslo_concurrency/lockutils.py:524}}
Jun 28 22:47:52.917429 np0000183313 devstack@n-api.service[100154]: DEBUG oslo_concurrency.lockutils [None req-02875066-ca56-4a81-838c-03fee848fc30 demo demo] Lock "00000000-0000-0000-0000-000000000000" "released" by "nova.context.set_target_cell..get_or_set_cached_cell_and_set_connections" :: held 0.000s {{(pid=100154) inner /opt/stack/data/venv/lib/python3.12/site-packages/oslo_concurrency/lockutils.py:543}}
Jun 28 22:47:52.918266 np0000183313 devstack@n-api.service[100154]: DEBUG oslo_concurrency.lockutils [None req-02875066-ca56-4a81-838c-03fee848fc30 demo demo] Acquiring lock "ea6c536d-da6d-424f-8518-8ecfb61f4174" by "nova.context.set_target_cell..get_or_set_cached_cell_and_set_connections" {{(pid=100154) inner /opt/stack/data/venv/lib/python3.12/site-packages/oslo_concurrency/lockutils.py:511}}
Jun 28 22:47:52.918420 np0000183313 devstack@n-api.service[100154]: DEBUG oslo_concurrency.lockutils [None req-02875066-ca56-4a81-838c-03fee848fc30 demo demo] Lock "ea6c536d-da6d-424f-8518-8ecfb61f4174" acquired by "nova.context.set_target_cell..get_or_set_cached_cell_and_set_connections" :: waited 0.000s {{(pid=100154) inner /opt/stack/data/venv/lib/python3.12/site-packages/oslo_concurrency/lockutils.py:524}}
Jun 28 22:47:52.918546 np0000183313 devstack@n-api.service[100154]: DEBUG oslo_concurrency.lockutils [None req-02875066-ca56-4a81-838c-03fee848fc30 demo demo] Lock "ea6c536d-da6d-424f-8518-8ecfb61f4174" "released" by "nova.context.set_target_cell..get_or_set_cached_cell_and_set_connections" :: held 0.000s {{(pid=100154) inner /opt/stack/data/venv/lib/python3.12/site-packages/oslo_concurrency/lockutils.py:543}}
Jun 28 22:47:52.994160 np0000183313 devstack@n-api.service[100154]: INFO nova.api.openstack.requestlog [None req-02875066-ca56-4a81-838c-03fee848fc30 demo demo] 172.18.0.2 "GET /compute/v2.1/os-availability-zone" status: 200 len: 97 microversion: 2.38 time: 0.082329
Jun 28 22:47:52.994838 np0000183313 devstack@n-api.service[100154]: [pid: 100154|app: 0|req: 26/99] 199.204.45.157 () {68 vars in 1415 bytes} [Sun Jun 28 22:47:52 2026] GET /compute/v2.1/os-availability-zone => generated 97 bytes in 84 msecs (HTTP/1.1 200) 9 headers in 358 bytes (1 switches on core 0)
Jun 28 22:47:59.754912 np0000183313 devstack@n-api.service[100152]: DEBUG nova.api.openstack.wsgi [None req-a619c19a-ac5d-4f3d-bca4-dfe49d3cfe20 demo demo] Calling method '>' {{(pid=100152) _process_stack /opt/stack/nova/nova/api/openstack/wsgi.py:551}}
Jun 28 22:47:59.760772 np0000183313 devstack@n-api.service[100152]: INFO nova.api.openstack.requestlog [None req-a619c19a-ac5d-4f3d-bca4-dfe49d3cfe20 demo demo] 172.18.0.2 "GET /compute/v2.1/" status: 200 len: 393 microversion: 2.1 time: 0.006488
Jun 28 22:47:59.760967 np0000183313 devstack@n-api.service[100152]: [pid: 100152|app: 0|req: 25/100] 199.204.45.157 () {64 vars in 1272 bytes} [Sun Jun 28 22:47:59 2026] GET /compute/v2.1/ => generated 393 bytes in 7 msecs (HTTP/1.1 200) 9 headers in 357 bytes (1 switches on core 0)
Jun 28 22:47:59.771666 np0000183313 devstack@n-api.service[100153]: DEBUG nova.api.openstack.wsgi [None req-7507e81e-a70a-464f-a578-fe525cf41c62 demo demo] Calling method '>' {{(pid=100153) _process_stack /opt/stack/nova/nova/api/openstack/wsgi.py:551}}
Jun 28 22:47:59.805302 np0000183313 devstack@n-api.service[100153]: INFO nova.api.openstack.requestlog [None req-7507e81e-a70a-464f-a578-fe525cf41c62 demo demo] 172.18.0.2 "GET /compute/v2.1/flavors/detail" status: 200 len: 4022 microversion: 2.38 time: 0.035906
Jun 28 22:47:59.805783 np0000183313 devstack@n-api.service[100153]: [pid: 100153|app: 0|req: 25/101] 199.204.45.157 () {68 vars in 1397 bytes} [Sun Jun 28 22:47:59 2026] GET /compute/v2.1/flavors/detail => generated 4022 bytes in 36 msecs (HTTP/1.1 200) 9 headers in 360 bytes (1 switches on core 0)
Jun 28 22:47:59.867348 np0000183313 devstack@n-api.service[100151]: DEBUG nova.api.openstack.wsgi [None req-6df91692-c3f9-4546-8829-53867cb62776 demo demo] Calling method '>' {{(pid=100151) _process_stack /opt/stack/nova/nova/api/openstack/wsgi.py:551}}
Jun 28 22:47:59.870357 np0000183313 devstack@n-api.service[100151]: INFO nova.api.openstack.requestlog [None req-6df91692-c3f9-4546-8829-53867cb62776 demo demo] 172.18.0.2 "GET /compute/v2.1/" status: 200 len: 393 microversion: 2.1 time: 0.003023
Jun 28 22:47:59.870357 np0000183313 devstack@n-api.service[100151]: [pid: 100151|app: 0|req: 26/102] 199.204.45.157 () {64 vars in 1272 bytes} [Sun Jun 28 22:47:59 2026] GET /compute/v2.1/ => generated 393 bytes in 3 msecs (HTTP/1.1 200) 9 headers in 357 bytes (1 switches on core 0)
Jun 28 22:47:59.880581 np0000183313 devstack@n-api.service[100154]: DEBUG nova.api.openstack.wsgi [None req-22929ec0-aa6d-43d9-8e3a-be1a370a5013 demo demo] Calling method '>' {{(pid=100154) _process_stack /opt/stack/nova/nova/api/openstack/wsgi.py:551}}
Jun 28 22:47:59.900554 np0000183313 devstack@n-api.service[100154]: INFO nova.api.openstack.requestlog [None req-22929ec0-aa6d-43d9-8e3a-be1a370a5013 demo demo] 172.18.0.2 "GET /compute/v2.1/flavors/detail" status: 200 len: 4022 microversion: 2.38 time: 0.023681
Jun 28 22:47:59.900837 np0000183313 devstack@n-api.service[100154]: [pid: 100154|app: 0|req: 27/103] 199.204.45.157 () {68 vars in 1397 bytes} [Sun Jun 28 22:47:59 2026] GET /compute/v2.1/flavors/detail => generated 4022 bytes in 25 msecs (HTTP/1.1 200) 9 headers in 360 bytes (1 switches on core 0)
Jun 28 22:48:01.813010 np0000183313 devstack@n-api.service[100152]: DEBUG nova.api.openstack.wsgi [None req-a619c19a-ac5d-4f3d-bca4-dfe49d3cfe20 demo demo] Calling method '>' {{(pid=100152) _process_stack /opt/stack/nova/nova/api/openstack/wsgi.py:551}}
Jun 28 22:48:01.817084 np0000183313 devstack@n-api.service[100152]: INFO nova.api.openstack.requestlog [None req-a619c19a-ac5d-4f3d-bca4-dfe49d3cfe20 demo demo] 172.18.0.2 "GET /compute/v2.1/" status: 200 len: 393 microversion: 2.1 time: 0.004372
Jun 28 22:48:01.817336 np0000183313 devstack@n-api.service[100152]: [pid: 100152|app: 0|req: 26/104] 199.204.45.157 () {64 vars in 1272 bytes} [Sun Jun 28 22:48:01 2026] GET /compute/v2.1/ => generated 393 bytes in 5 msecs (HTTP/1.1 200) 9 headers in 357 bytes (1 switches on core 0)
Jun 28 22:48:01.829789 np0000183313 devstack@n-api.service[100153]: DEBUG nova.api.openstack.wsgi [None req-0a0130dd-ad7e-4e56-ba0c-2e56359827fd demo demo] Calling method '>' {{(pid=100153) _process_stack /opt/stack/nova/nova/api/openstack/wsgi.py:551}}
Jun 28 22:48:01.835776 np0000183313 devstack@n-api.service[100153]: DEBUG nova.policy [None req-0a0130dd-ad7e-4e56-ba0c-2e56359827fd demo demo] Policy check for os_compute_api:servers:allow_all_filters failed with credentials {'is_admin': False, 'user_id': 'ddce7a6a23ed4a2ea9c93892126b6531', 'user_domain_id': 'default', 'system_scope': None, 'domain_id': None, 'project_id': '42df206540fe4ce39e2aeba0507afca3', 'project_domain_id': 'default', 'roles': ['load-balancer_member', 'anotherrole', 'member', 'reader'], 'is_admin_project': True, 'service_user_id': None, 'service_user_domain_id': None, 'service_project_id': None, 'service_project_domain_id': None, 'service_roles': []} {{(pid=100153) authorize /opt/stack/nova/nova/policy.py:192}}
Jun 28 22:48:01.836570 np0000183313 devstack@n-api.service[100153]: DEBUG nova.compute.api [None req-0a0130dd-ad7e-4e56-ba0c-2e56359827fd demo demo] Searching by: {'name': '^kube-bt45o-5wkz9-d847n$', 'deleted': False, 'project_id': '42df206540fe4ce39e2aeba0507afca3'} {{(pid=100153) get_all /opt/stack/nova/nova/compute/api.py:3111}}
Jun 28 22:48:01.842798 np0000183313 devstack@n-api.service[100153]: DEBUG oslo_concurrency.lockutils [None req-0a0130dd-ad7e-4e56-ba0c-2e56359827fd demo demo] Acquiring lock "00000000-0000-0000-0000-000000000000" by "nova.context.set_target_cell..get_or_set_cached_cell_and_set_connections" {{(pid=100153) inner /opt/stack/data/venv/lib/python3.12/site-packages/oslo_concurrency/lockutils.py:511}}
Jun 28 22:48:01.843045 np0000183313 devstack@n-api.service[100153]: DEBUG oslo_concurrency.lockutils [None req-0a0130dd-ad7e-4e56-ba0c-2e56359827fd demo demo] Lock "00000000-0000-0000-0000-000000000000" acquired by "nova.context.set_target_cell..get_or_set_cached_cell_and_set_connections" :: waited 0.000s {{(pid=100153) inner /opt/stack/data/venv/lib/python3.12/site-packages/oslo_concurrency/lockutils.py:524}}
Jun 28 22:48:01.843203 np0000183313 devstack@n-api.service[100153]: DEBUG oslo_concurrency.lockutils [None req-0a0130dd-ad7e-4e56-ba0c-2e56359827fd demo demo] Lock "00000000-0000-0000-0000-000000000000" "released" by "nova.context.set_target_cell..get_or_set_cached_cell_and_set_connections" :: held 0.000s {{(pid=100153) inner /opt/stack/data/venv/lib/python3.12/site-packages/oslo_concurrency/lockutils.py:543}}
Jun 28 22:48:01.844225 np0000183313 devstack@n-api.service[100153]: DEBUG oslo_concurrency.lockutils [None req-0a0130dd-ad7e-4e56-ba0c-2e56359827fd demo demo] Acquiring lock "ea6c536d-da6d-424f-8518-8ecfb61f4174" by "nova.context.set_target_cell..get_or_set_cached_cell_and_set_connections" {{(pid=100153) inner /opt/stack/data/venv/lib/python3.12/site-packages/oslo_concurrency/lockutils.py:511}}
Jun 28 22:48:01.844455 np0000183313 devstack@n-api.service[100153]: DEBUG oslo_concurrency.lockutils [None req-0a0130dd-ad7e-4e56-ba0c-2e56359827fd demo demo] Lock "ea6c536d-da6d-424f-8518-8ecfb61f4174" acquired by "nova.context.set_target_cell..get_or_set_cached_cell_and_set_connections" :: waited 0.000s {{(pid=100153) inner /opt/stack/data/venv/lib/python3.12/site-packages/oslo_concurrency/lockutils.py:524}}
Jun 28 22:48:01.844687 np0000183313 devstack@n-api.service[100153]: DEBUG oslo_concurrency.lockutils [None req-0a0130dd-ad7e-4e56-ba0c-2e56359827fd demo demo] Lock "ea6c536d-da6d-424f-8518-8ecfb61f4174" "released" by "nova.context.set_target_cell..get_or_set_cached_cell_and_set_connections" :: held 0.000s {{(pid=100153) inner /opt/stack/data/venv/lib/python3.12/site-packages/oslo_concurrency/lockutils.py:543}}
Jun 28 22:48:01.906724 np0000183313 devstack@n-api.service[100153]: DEBUG oslo_concurrency.lockutils [None req-0a0130dd-ad7e-4e56-ba0c-2e56359827fd demo demo] Acquiring lock "00000000-0000-0000-0000-000000000000" by "nova.context.set_target_cell..get_or_set_cached_cell_and_set_connections" {{(pid=100153) inner /opt/stack/data/venv/lib/python3.12/site-packages/oslo_concurrency/lockutils.py:511}}
Jun 28 22:48:01.907403 np0000183313 devstack@n-api.service[100153]: DEBUG oslo_concurrency.lockutils [None req-0a0130dd-ad7e-4e56-ba0c-2e56359827fd demo demo] Lock "00000000-0000-0000-0000-000000000000" acquired by "nova.context.set_target_cell..get_or_set_cached_cell_and_set_connections" :: waited 0.001s {{(pid=100153) inner /opt/stack/data/venv/lib/python3.12/site-packages/oslo_concurrency/lockutils.py:524}}
Jun 28 22:48:01.908008 np0000183313 devstack@n-api.service[100153]: DEBUG oslo_concurrency.lockutils [None req-0a0130dd-ad7e-4e56-ba0c-2e56359827fd demo demo] Lock "00000000-0000-0000-0000-000000000000" "released" by "nova.context.set_target_cell..get_or_set_cached_cell_and_set_connections" :: held 0.001s {{(pid=100153) inner /opt/stack/data/venv/lib/python3.12/site-packages/oslo_concurrency/lockutils.py:543}}
Jun 28 22:48:01.909029 np0000183313 devstack@n-api.service[100153]: DEBUG oslo_concurrency.lockutils [None req-0a0130dd-ad7e-4e56-ba0c-2e56359827fd demo demo] Acquiring lock "ea6c536d-da6d-424f-8518-8ecfb61f4174" by "nova.context.set_target_cell..get_or_set_cached_cell_and_set_connections" {{(pid=100153) inner /opt/stack/data/venv/lib/python3.12/site-packages/oslo_concurrency/lockutils.py:511}}
Jun 28 22:48:01.909692 np0000183313 devstack@n-api.service[100153]: DEBUG oslo_concurrency.lockutils [None req-0a0130dd-ad7e-4e56-ba0c-2e56359827fd demo demo] Lock "ea6c536d-da6d-424f-8518-8ecfb61f4174" acquired by "nova.context.set_target_cell..get_or_set_cached_cell_and_set_connections" :: waited 0.001s {{(pid=100153) inner /opt/stack/data/venv/lib/python3.12/site-packages/oslo_concurrency/lockutils.py:524}}
Jun 28 22:48:01.910299 np0000183313 devstack@n-api.service[100153]: DEBUG oslo_concurrency.lockutils [None req-0a0130dd-ad7e-4e56-ba0c-2e56359827fd demo demo] Lock "ea6c536d-da6d-424f-8518-8ecfb61f4174" "released" by "nova.context.set_target_cell..get_or_set_cached_cell_and_set_connections" :: held 0.001s {{(pid=100153) inner /opt/stack/data/venv/lib/python3.12/site-packages/oslo_concurrency/lockutils.py:543}}
