2026-03-04 02:32:41.339 7 INFO placement.requestlog [None req-454042c5-daf7-4452-8f82-3a069e6a0ce2 4eb232701e9d425083994d720be1d6f0 6a74f30d0d034b3a849766b5227f0250 - - 9853b8b3e5954ca9955b3752fb404bfe 9853b8b3e5954ca9955b3752fb404bfe] 10.0.0.151 "DELETE /resource_providers/1bb03fd2-50c7-4ff5-9f5f-6c9c4ca722f0" status: 404 len: 246 microversion: 1.1 [pid: 7|app: 0|req: 378/752] 10.0.0.151 () {34 vars in 816 bytes} [Wed Mar 4 02:32:41 2026] DELETE /resource_providers/1bb03fd2-50c7-4ff5-9f5f-6c9c4ca722f0 => generated 246 bytes in 9 msecs (HTTP/1.1 404) 6 headers in 231 bytes (1 switches on core 0)
2026-03-04 02:32:41.344 8 INFO placement.requestlog [None req-1509a9dc-3d79-47de-a4c7-8864e4158f49 4eb232701e9d425083994d720be1d6f0 6a74f30d0d034b3a849766b5227f0250 - - 9853b8b3e5954ca9955b3752fb404bfe 9853b8b3e5954ca9955b3752fb404bfe] 10.0.0.151 "DELETE /resource_providers/1bb03fd2-50c7-4ff5-9f5f-6c9c4ca722f0" status: 404 len: 246 microversion: 1.1 [pid: 8|app: 0|req: 375/753] 10.0.0.151 () {34 vars in 816 bytes} [Wed Mar 4 02:32:41 2026] DELETE /resource_providers/1bb03fd2-50c7-4ff5-9f5f-6c9c4ca722f0 => generated 246 bytes in 15 msecs (HTTP/1.1 404) 6 headers in 231 bytes (1 switches on core 0)
2026-03-04 02:32:41.468 7 INFO placement.requestlog [req-d6bb76e2-909c-4112-afa5-b46daa8f3a19 req-ce3a51a4-28d4-49fb-800d-965263924241 bb2c025e138b43f79398ecde6f7741e8 6a74f30d0d034b3a849766b5227f0250 - - 9853b8b3e5954ca9955b3752fb404bfe 9853b8b3e5954ca9955b3752fb404bfe] 199.204.45.99 "GET /allocations/f8217192-8e49-4b96-bbd9-1325ab516d3d" status: 200 len: 243 microversion: 1.28 [pid: 7|app: 0|req: 379/754] 199.204.45.99 () {34 vars in 862 bytes} [Wed Mar 4 02:32:41 2026] GET /allocations/f8217192-8e49-4b96-bbd9-1325ab516d3d => generated 243 bytes in 15 msecs (HTTP/1.1 200) 8 headers in 296 bytes (1 switches on core 0)
2026-03-04 02:32:42.126 8 INFO placement.requestlog [None req-c1bbe305-9f9f-4aa3-a080-432251a232e8 - - - - - -] 10.0.0.165 "GET /" status: 200 len: 136 microversion: 1.0
2026-03-04 02:32:42.127 7 INFO placement.requestlog [None req-5abbc58d-5189-4937-a13c-fefc0d98cdab - - - - - -] 10.0.0.165 "GET /" status: 200 len: 136 microversion: 1.0
2026-03-04 02:32:42.506 8 INFO placement.requestlog [req-d6bb76e2-909c-4112-afa5-b46daa8f3a19 req-d85d6d1f-f643-4b10-bd43-222b0ff3204f bb2c025e138b43f79398ecde6f7741e8 6a74f30d0d034b3a849766b5227f0250 - - 9853b8b3e5954ca9955b3752fb404bfe 9853b8b3e5954ca9955b3752fb404bfe] 199.204.45.99 "GET /resource_providers/61c15366-71de-43d9-b508-091bbf34ec6b/allocations" status: 200 len: 138 microversion: 1.0 [pid: 8|app: 0|req: 377/757] 199.204.45.99 () {32 vars in 856 bytes} [Wed Mar 4 02:32:42 2026] GET /resource_providers/61c15366-71de-43d9-b508-091bbf34ec6b/allocations => generated 138 bytes in 16 msecs (HTTP/1.1 200) 6 headers in 224 bytes (1 switches on core 0)
2026-03-04 02:32:42.528 7 INFO placement.requestlog [req-d6bb76e2-909c-4112-afa5-b46daa8f3a19 req-5d7d5233-e4ad-44cd-8291-68ab9f895326 bb2c025e138b43f79398ecde6f7741e8 6a74f30d0d034b3a849766b5227f0250 - - 9853b8b3e5954ca9955b3752fb404bfe 9853b8b3e5954ca9955b3752fb404bfe] 199.204.45.99 "GET /allocations/f8217192-8e49-4b96-bbd9-1325ab516d3d" status: 200 len: 243 microversion: 1.28 [pid: 7|app: 0|req: 381/758] 199.204.45.99 () {34 vars in 862 bytes} [Wed Mar 4 02:32:42 2026] GET /allocations/f8217192-8e49-4b96-bbd9-1325ab516d3d => generated 243 bytes in 15 msecs (HTTP/1.1 200) 8 headers in 296 bytes (1 switches on core 0)
2026-03-04 02:32:46.306 7 INFO placement.requestlog [None req-d90d350a-ac38-494b-9459-a7d048d32c2f 4eb232701e9d425083994d720be1d6f0 6a74f30d0d034b3a849766b5227f0250 - - 9853b8b3e5954ca9955b3752fb404bfe 9853b8b3e5954ca9955b3752fb404bfe] 10.0.0.151 "GET /resource_providers/bb9996e0-8a4d-4b6d-962c-be47f09fa1d1/aggregates" status: 404 len: 235 microversion: 1.1 [pid: 7|app: 0|req: 382/759] 10.0.0.151 () {32 vars in 816 bytes} [Wed Mar 4 02:32:46 2026] GET /resource_providers/bb9996e0-8a4d-4b6d-962c-be47f09fa1d1/aggregates => generated 235 bytes in 12 msecs (HTTP/1.1 404) 5 headers in 202 bytes (1 switches on core 0)
2026-03-04 02:32:46.309 8 INFO placement.requestlog [None req-b98183ba-4779-4846-b524-791c4c224391 4eb232701e9d425083994d720be1d6f0 6a74f30d0d034b3a849766b5227f0250 - - 9853b8b3e5954ca9955b3752fb404bfe 9853b8b3e5954ca9955b3752fb404bfe] 10.0.0.151 "GET /resource_providers/bb9996e0-8a4d-4b6d-962c-be47f09fa1d1/aggregates" status: 404 len: 235 microversion: 1.1 [pid: 8|app: 0|req: 378/760] 10.0.0.151 () {32 vars in 816 bytes} [Wed Mar 4 02:32:46 2026] GET /resource_providers/bb9996e0-8a4d-4b6d-962c-be47f09fa1d1/aggregates => generated 235 bytes in 16 msecs (HTTP/1.1 404) 5 headers in 202 bytes (1 switches on core 0)
2026-03-04 02:32:46.325 7 INFO placement.requestlog [None req-dbd8d143-d0f4-4b2f-b668-0b701f7271fe 4eb232701e9d425083994d720be1d6f0 6a74f30d0d034b3a849766b5227f0250 - - 9853b8b3e5954ca9955b3752fb404bfe 9853b8b3e5954ca9955b3752fb404bfe] 10.0.0.151 "DELETE /resource_providers/bb9996e0-8a4d-4b6d-962c-be47f09fa1d1" status: 404 len: 246 microversion: 1.1 [pid: 7|app: 0|req: 383/761] 10.0.0.151 () {34 vars in 816 bytes} [Wed Mar 4 02:32:46 2026] DELETE /resource_providers/bb9996e0-8a4d-4b6d-962c-be47f09fa1d1 => generated 246 bytes in 8 msecs (HTTP/1.1 404) 6 headers in 231 bytes (1 switches on core 0)
2026-03-04 02:32:46.336 8 INFO placement.requestlog [None req-d1036817-7925-4a76-81b0-c55a90d44e87 4eb232701e9d425083994d720be1d6f0 6a74f30d0d034b3a849766b5227f0250 - - 9853b8b3e5954ca9955b3752fb404bfe 9853b8b3e5954ca9955b3752fb404bfe] 10.0.0.151 "DELETE /resource_providers/bb9996e0-8a4d-4b6d-962c-be47f09fa1d1" status: 404 len: 246 microversion: 1.1 [pid: 8|app: 0|req: 379/762] 10.0.0.151 () {34 vars in 816 bytes} [Wed Mar 4 02:32:46 2026] DELETE /resource_providers/bb9996e0-8a4d-4b6d-962c-be47f09fa1d1 => generated 246 bytes in 13 msecs (HTTP/1.1 404) 6 headers in 231 bytes (1 switches on core 0)
2026-03-04 02:32:48.352 7 INFO placement.requestlog [None req-f2902a35-26a6-4d47-876d-28dfcca7d183 4eb232701e9d425083994d720be1d6f0 6a74f30d0d034b3a849766b5227f0250 - - 9853b8b3e5954ca9955b3752fb404bfe 9853b8b3e5954ca9955b3752fb404bfe] 10.0.0.151 "GET /resource_providers/24445f9f-d1f6-43a1-ae3b-78a66362e145/aggregates" status: 404 len: 235 microversion: 1.1 [pid: 7|app: 0|req: 384/763] 10.0.0.151 () {32 vars in 816 bytes} [Wed Mar 4 02:32:48 2026] GET /resource_providers/24445f9f-d1f6-43a1-ae3b-78a66362e145/aggregates => generated 235 bytes in 18 msecs (HTTP/1.1 404) 5 headers in 202 bytes (1 switches on core 0)
2026-03-04 02:32:48.356 8 INFO placement.requestlog [None req-7aa7b783-c043-4d6d-bb33-f754895188e4 4eb232701e9d425083994d720be1d6f0 6a74f30d0d034b3a849766b5227f0250 - - 9853b8b3e5954ca9955b3752fb404bfe 9853b8b3e5954ca9955b3752fb404bfe] 10.0.0.151 "GET /resource_providers/24445f9f-d1f6-43a1-ae3b-78a66362e145/aggregates" status: 404 len: 235 microversion: 1.1 [pid: 8|app: 0|req: 380/764] 10.0.0.151 () {32 vars in 816 bytes} [Wed Mar 4 02:32:48 2026] GET /resource_providers/24445f9f-d1f6-43a1-ae3b-78a66362e145/aggregates => generated 235 bytes in 10 msecs (HTTP/1.1 404) 5 headers in 202 bytes (1 switches on core 0)
2026-03-04 02:32:48.371 8 INFO placement.requestlog [None req-81874c13-57c5-4838-a493-0344ce56c8f6 4eb232701e9d425083994d720be1d6f0 6a74f30d0d034b3a849766b5227f0250 - - 9853b8b3e5954ca9955b3752fb404bfe 9853b8b3e5954ca9955b3752fb404bfe] 10.0.0.151 "DELETE /resource_providers/24445f9f-d1f6-43a1-ae3b-78a66362e145" status: 404 len: 246 microversion: 1.1 [pid: 8|app: 0|req: 381/765] 10.0.0.151 () {34 vars in 816 bytes} [Wed Mar 4 02:32:48 2026] DELETE /resource_providers/24445f9f-d1f6-43a1-ae3b-78a66362e145 => generated 246 bytes in 7 msecs (HTTP/1.1 404) 6 headers in 231 bytes (1 switches on core 0)
2026-03-04 02:32:48.372 7 INFO placement.requestlog [None req-88932598-625b-481b-899e-f60738fd209b 4eb232701e9d425083994d720be1d6f0 6a74f30d0d034b3a849766b5227f0250 - - 9853b8b3e5954ca9955b3752fb404bfe 9853b8b3e5954ca9955b3752fb404bfe] 10.0.0.151 "DELETE /resource_providers/24445f9f-d1f6-43a1-ae3b-78a66362e145" status: 404 len: 246 microversion: 1.1 [pid: 7|app: 0|req: 385/766] 10.0.0.151 () {34 vars in 816 bytes} [Wed Mar 4 02:32:48 2026] DELETE /resource_providers/24445f9f-d1f6-43a1-ae3b-78a66362e145 => generated 246 bytes in 9 msecs (HTTP/1.1 404) 6 headers in 231 bytes (1 switches on core 0)
2026-03-04 02:32:52.128 8 INFO placement.requestlog [None req-5fc743d0-6847-4d63-943f-fceb5f45b21c - - - - - -] 10.0.0.165 "GET /" status: 200 len: 136 microversion: 1.0
2026-03-04 02:32:52.129 7 INFO placement.requestlog [None req-a305f32a-1545-4b84-83e5-fe28cec6e7cf - - - - - -] 10.0.0.165 "GET /" status: 200 len: 136 microversion: 1.0
2026-03-04 02:32:52.512 8 INFO placement.requestlog [None req-93a392c8-267b-4ab7-bd9e-eea35a4f998a 4eb232701e9d425083994d720be1d6f0 6a74f30d0d034b3a849766b5227f0250 - - 9853b8b3e5954ca9955b3752fb404bfe 9853b8b3e5954ca9955b3752fb404bfe] 10.0.0.151 "GET /resource_providers/b0283e06-1185-4659-820c-a346f14b2d24/aggregates" status: 404 len: 235 microversion: 1.1 [pid: 8|app: 0|req: 383/769] 10.0.0.151 () {32 vars in 816 bytes} [Wed Mar 4 02:32:52 2026] GET /resource_providers/b0283e06-1185-4659-820c-a346f14b2d24/aggregates => generated 235 bytes in 10 msecs (HTTP/1.1 404) 5 headers in 202 bytes (1 switches on core 0)
2026-03-04 02:32:52.515 7 INFO placement.requestlog [None req-101b4523-af60-413d-bd97-56af7dbac1e2 4eb232701e9d425083994d720be1d6f0 6a74f30d0d034b3a849766b5227f0250 - - 9853b8b3e5954ca9955b3752fb404bfe 9853b8b3e5954ca9955b3752fb404bfe] 10.0.0.151 "GET /resource_providers/b0283e06-1185-4659-820c-a346f14b2d24/aggregates" status: 404 len: 235 microversion: 1.1 [pid: 7|app: 0|req: 387/770] 10.0.0.151 () {32 vars in 816 bytes} [Wed Mar 4 02:32:52 2026] GET /resource_providers/b0283e06-1185-4659-820c-a346f14b2d24/aggregates => generated 235 bytes in 13 msecs (HTTP/1.1 404) 5 headers in 202 bytes (1 switches on core 0)
2026-03-04 02:32:52.541 8 INFO placement.requestlog [None req-8c3dd12e-e95b-4dd1-941c-d1eb74110197 4eb232701e9d425083994d720be1d6f0 6a74f30d0d034b3a849766b5227f0250 - - 9853b8b3e5954ca9955b3752fb404bfe 9853b8b3e5954ca9955b3752fb404bfe] 10.0.0.151 "DELETE /resource_providers/b0283e06-1185-4659-820c-a346f14b2d24" status: 404 len: 246 microversion: 1.1 [pid: 8|app: 0|req: 384/771] 10.0.0.151 () {34 vars in 816 bytes} [Wed Mar 4 02:32:52 2026] DELETE /resource_providers/b0283e06-1185-4659-820c-a346f14b2d24 => generated 246 bytes in 12 msecs (HTTP/1.1 404) 6 headers in 231 bytes (1 switches on core 0)
2026-03-04 02:32:52.543 7 INFO placement.requestlog [None req-24585bb9-b9d0-400b-97c6-cf9515ecec12 4eb232701e9d425083994d720be1d6f0 6a74f30d0d034b3a849766b5227f0250 - - 9853b8b3e5954ca9955b3752fb404bfe 9853b8b3e5954ca9955b3752fb404bfe] 10.0.0.151 "DELETE /resource_providers/b0283e06-1185-4659-820c-a346f14b2d24" status: 404 len: 246 microversion: 1.1 [pid: 7|app: 0|req: 388/772] 10.0.0.151 () {34 vars in 816 bytes} [Wed Mar 4 02:32:52 2026] DELETE /resource_providers/b0283e06-1185-4659-820c-a346f14b2d24 => generated 246 bytes in 13 msecs (HTTP/1.1 404) 6 headers in 231 bytes (1 switches on core 0)
2026-03-04 02:33:00.452 8 INFO placement.requestlog [None req-1607fffd-b08b-4c6c-810f-e9423c0d4c3b 4eb232701e9d425083994d720be1d6f0 6a74f30d0d034b3a849766b5227f0250 - - 9853b8b3e5954ca9955b3752fb404bfe 9853b8b3e5954ca9955b3752fb404bfe] 10.0.0.151 "GET /resource_providers/8a2972af-0f7f-4868-a70f-c42a20a9976c/aggregates" status: 404 len: 235 microversion: 1.1 [pid: 8|app: 0|req: 385/773] 10.0.0.151 () {32 vars in 816 bytes} [Wed Mar 4 02:33:00 2026] GET /resource_providers/8a2972af-0f7f-4868-a70f-c42a20a9976c/aggregates => generated 235 bytes in 9 msecs (HTTP/1.1 404) 5 headers in 202 bytes (1 switches on core 0)
2026-03-04 02:33:00.458 7 INFO placement.requestlog [None req-5cd2b84e-9f9a-44f0-84e5-416480e3fca7 4eb232701e9d425083994d720be1d6f0 6a74f30d0d034b3a849766b5227f0250 - - 9853b8b3e5954ca9955b3752fb404bfe 9853b8b3e5954ca9955b3752fb404bfe] 10.0.0.151 "GET /resource_providers/8a2972af-0f7f-4868-a70f-c42a20a9976c/aggregates" status: 404 len: 235 microversion: 1.1 [pid: 7|app: 0|req: 389/774] 10.0.0.151 () {32 vars in 816 bytes} [Wed Mar 4 02:33:00 2026] GET /resource_providers/8a2972af-0f7f-4868-a70f-c42a20a9976c/aggregates => generated 235 bytes in 12 msecs (HTTP/1.1 404) 5 headers in 202 bytes (1 switches on core 0)
2026-03-04 02:33:00.475 7 INFO placement.requestlog [None req-db8a1bd8-ca0c-40d9-9b05-346d68c4b69d 4eb232701e9d425083994d720be1d6f0 6a74f30d0d034b3a849766b5227f0250 - - 9853b8b3e5954ca9955b3752fb404bfe 9853b8b3e5954ca9955b3752fb404bfe] 10.0.0.151 "DELETE /resource_providers/8a2972af-0f7f-4868-a70f-c42a20a9976c" status: 404 len: 246 microversion: 1.1 [pid: 7|app: 0|req: 390/775] 10.0.0.151 () {34 vars in 816 bytes} [Wed Mar 4 02:33:00 2026] DELETE /resource_providers/8a2972af-0f7f-4868-a70f-c42a20a9976c => generated 246 bytes in 7 msecs (HTTP/1.1 404) 6 headers in 231 bytes (1 switches on core 0)
2026-03-04 02:33:00.477 8 INFO placement.requestlog [None req-2f5d3b07-286a-40b8-9573-f0aed2674b28 4eb232701e9d425083994d720be1d6f0 6a74f30d0d034b3a849766b5227f0250 - - 9853b8b3e5954ca9955b3752fb404bfe 9853b8b3e5954ca9955b3752fb404bfe] 10.0.0.151 "DELETE /resource_providers/8a2972af-0f7f-4868-a70f-c42a20a9976c" status: 404 len: 246 microversion: 1.1 [pid: 8|app: 0|req: 386/776] 10.0.0.151 () {34 vars in 816 bytes} [Wed Mar 4 02:33:00 2026] DELETE /resource_providers/8a2972af-0f7f-4868-a70f-c42a20a9976c => generated 246 bytes in 11 msecs (HTTP/1.1 404) 6 headers in 231 bytes (1 switches on core 0)
2026-03-04 02:33:02.126 7 INFO placement.requestlog [None req-6fa89541-a868-47cf-b120-782581e6c658 - - - - - -] 10.0.0.165 "GET /" status: 200 len: 136 microversion: 1.0
2026-03-04 02:33:02.127 8 INFO placement.requestlog [None req-8958733c-8818-44e0-aa5f-6bac18418c17 - - - - - -] 10.0.0.165 "GET /" status: 200 len: 136 microversion: 1.0
2026-03-04 02:33:03.586 8 INFO placement.requestlog [None req-942bb226-e5f8-4d74-83cf-a41e3b0830ba 4eb232701e9d425083994d720be1d6f0 6a74f30d0d034b3a849766b5227f0250 - - 9853b8b3e5954ca9955b3752fb404bfe 9853b8b3e5954ca9955b3752fb404bfe] 10.0.0.151 "GET /resource_providers/a788a147-b332-4c22-8020-1051bd9cdcb5/aggregates" status: 404 len: 235 microversion: 1.1 [pid: 8|app: 0|req: 388/779] 10.0.0.151 () {32 vars in 816 bytes} [Wed Mar 4 02:33:03 2026] GET /resource_providers/a788a147-b332-4c22-8020-1051bd9cdcb5/aggregates => generated 235 bytes in 7 msecs (HTTP/1.1 404) 5 headers in 202 bytes (1 switches on core 0)
2026-03-04 02:33:03.592 7 INFO placement.requestlog [None req-db68d82c-23de-493f-a1c4-9aaed2f70447 4eb232701e9d425083994d720be1d6f0 6a74f30d0d034b3a849766b5227f0250 - - 9853b8b3e5954ca9955b3752fb404bfe 9853b8b3e5954ca9955b3752fb404bfe] 10.0.0.151 "GET /resource_providers/a788a147-b332-4c22-8020-1051bd9cdcb5/aggregates" status: 404 len: 235 microversion: 1.1 [pid: 7|app: 0|req: 392/780] 10.0.0.151 () {32 vars in 816 bytes} [Wed Mar 4 02:33:03 2026] GET /resource_providers/a788a147-b332-4c22-8020-1051bd9cdcb5/aggregates => generated 235 bytes in 13 msecs (HTTP/1.1 404) 5 headers in 202 bytes (1 switches on core 0)
2026-03-04 02:33:03.598 8 INFO placement.requestlog [None req-73b477b2-fe77-4770-9655-10610597ea09 4eb232701e9d425083994d720be1d6f0 6a74f30d0d034b3a849766b5227f0250 - - 9853b8b3e5954ca9955b3752fb404bfe 9853b8b3e5954ca9955b3752fb404bfe] 10.0.0.151 "DELETE /resource_providers/a788a147-b332-4c22-8020-1051bd9cdcb5" status: 404 len: 246 microversion: 1.1 [pid: 8|app: 0|req: 389/781] 10.0.0.151 () {34 vars in 816 bytes} [Wed Mar 4 02:33:03 2026] DELETE /resource_providers/a788a147-b332-4c22-8020-1051bd9cdcb5 => generated 246 bytes in 6 msecs (HTTP/1.1 404) 6 headers in 231 bytes (1 switches on core 0)
2026-03-04 02:33:03.612 7 INFO placement.requestlog [None req-13b64327-b700-48a4-a0a2-ccdbb0062927 4eb232701e9d425083994d720be1d6f0 6a74f30d0d034b3a849766b5227f0250 - - 9853b8b3e5954ca9955b3752fb404bfe 9853b8b3e5954ca9955b3752fb404bfe] 10.0.0.151 "DELETE /resource_providers/a788a147-b332-4c22-8020-1051bd9cdcb5" status: 404 len: 246 microversion: 1.1 [pid: 7|app: 0|req: 393/782] 10.0.0.151 () {34 vars in 816 bytes} [Wed Mar 4 02:33:03 2026] DELETE /resource_providers/a788a147-b332-4c22-8020-1051bd9cdcb5 => generated 246 bytes in 9 msecs (HTTP/1.1 404) 6 headers in 231 bytes (1 switches on core 0)
2026-03-04 02:33:06.351 8 INFO placement.requestlog [req-efe31741-fa4c-42c5-aa2c-2e03a4f46e20 req-89ac30fd-f5e0-40d7-b003-144c1db16173 bb2c025e138b43f79398ecde6f7741e8 6a74f30d0d034b3a849766b5227f0250 - - 9853b8b3e5954ca9955b3752fb404bfe 9853b8b3e5954ca9955b3752fb404bfe] 199.204.45.99 "GET /resource_providers/61c15366-71de-43d9-b508-091bbf34ec6b/allocations" status: 200 len: 138 microversion: 1.0 [pid: 8|app: 0|req: 390/783] 199.204.45.99 () {32 vars in 856 bytes} [Wed Mar 4 02:33:06 2026] GET /resource_providers/61c15366-71de-43d9-b508-091bbf34ec6b/allocations => generated 138 bytes in 20 msecs (HTTP/1.1 200) 6 headers in 224 bytes (1 switches on core 0)
2026-03-04 02:33:06.375 7 INFO placement.requestlog [req-efe31741-fa4c-42c5-aa2c-2e03a4f46e20 req-7ac87e69-3f93-4603-ae59-87b90ca4a6c1 bb2c025e138b43f79398ecde6f7741e8 6a74f30d0d034b3a849766b5227f0250 - - 9853b8b3e5954ca9955b3752fb404bfe 9853b8b3e5954ca9955b3752fb404bfe] 199.204.45.99 "GET /allocations/f8217192-8e49-4b96-bbd9-1325ab516d3d" status: 200 len: 243 microversion: 1.28 [pid: 7|app: 0|req: 394/784] 199.204.45.99 () {34 vars in 862 bytes} [Wed Mar 4 02:33:06 2026] GET /allocations/f8217192-8e49-4b96-bbd9-1325ab516d3d => generated 243 bytes in 18 msecs (HTTP/1.1 200) 8 headers in 296 bytes (1 switches on core 0)
2026-03-04 02:33:06.676 8 INFO placement.requestlog [None req-27a2d839-27b0-4110-b14d-1d388313b743 4eb232701e9d425083994d720be1d6f0 6a74f30d0d034b3a849766b5227f0250 - - 9853b8b3e5954ca9955b3752fb404bfe 9853b8b3e5954ca9955b3752fb404bfe] 10.0.0.151 "GET /resource_providers/dcf3659b-e807-4839-b6ab-420f0f5dbfb0/aggregates" status: 404 len: 235 microversion: 1.1 [pid: 8|app: 0|req: 391/785] 10.0.0.151 () {32 vars in 816 bytes} [Wed Mar 4 02:33:06 2026] GET /resource_providers/dcf3659b-e807-4839-b6ab-420f0f5dbfb0/aggregates => generated 235 bytes in 9 msecs (HTTP/1.1 404) 5 headers in 202 bytes (1 switches on core 0)
2026-03-04 02:33:06.699 8 INFO placement.requestlog [None req-fd42ecda-aaae-48c9-80ed-0f5ac50933b0 4eb232701e9d425083994d720be1d6f0 6a74f30d0d034b3a849766b5227f0250 - - 9853b8b3e5954ca9955b3752fb404bfe 9853b8b3e5954ca9955b3752fb404bfe] 10.0.0.151 "DELETE /resource_providers/dcf3659b-e807-4839-b6ab-420f0f5dbfb0" status: 404 len: 246 microversion: 1.1 [pid: 8|app: 0|req: 392/786] 10.0.0.151 () {34 vars in 816 bytes} [Wed Mar 4 02:33:06 2026] DELETE /resource_providers/dcf3659b-e807-4839-b6ab-420f0f5dbfb0 => generated 246 bytes in 9 msecs (HTTP/1.1 404) 6 headers in 231 bytes (1 switches on core 0)
2026-03-04 02:33:06.701 7 INFO placement.requestlog [None req-9c920c42-5b5a-4521-ba55-2a16ae028f4b 4eb232701e9d425083994d720be1d6f0 6a74f30d0d034b3a849766b5227f0250 - - 9853b8b3e5954ca9955b3752fb404bfe 9853b8b3e5954ca9955b3752fb404bfe] 10.0.0.151 "GET /resource_providers/dcf3659b-e807-4839-b6ab-420f0f5dbfb0/aggregates" status: 404 len: 235 microversion: 1.1 [pid: 7|app: 0|req: 395/787] 10.0.0.151 () {32 vars in 816 bytes} [Wed Mar 4 02:33:06 2026] GET /resource_providers/dcf3659b-e807-4839-b6ab-420f0f5dbfb0/aggregates => generated 235 bytes in 27 msecs (HTTP/1.1 404) 5 headers in 202 bytes (1 switches on core 0)
2026-03-04 02:33:06.718 8 INFO placement.requestlog [None req-02547058-f925-46a8-bfd4-d940efc9bfe7 4eb232701e9d425083994d720be1d6f0 6a74f30d0d034b3a849766b5227f0250 - - 9853b8b3e5954ca9955b3752fb404bfe 9853b8b3e5954ca9955b3752fb404bfe] 10.0.0.151 "DELETE /resource_providers/dcf3659b-e807-4839-b6ab-420f0f5dbfb0" status: 404 len: 246 microversion: 1.1 [pid: 8|app: 0|req: 393/788] 10.0.0.151 () {34 vars in 816 bytes} [Wed Mar 4 02:33:06 2026] DELETE /resource_providers/dcf3659b-e807-4839-b6ab-420f0f5dbfb0 => generated 246 bytes in 10 msecs (HTTP/1.1 404) 6 headers in 231 bytes (1 switches on core 0)
2026-03-04 02:33:07.422 7 INFO placement.requestlog [req-efe31741-fa4c-42c5-aa2c-2e03a4f46e20 req-e7bad1f0-1bfc-450d-ab47-cd2521ba239a bb2c025e138b43f79398ecde6f7741e8 6a74f30d0d034b3a849766b5227f0250 - - 9853b8b3e5954ca9955b3752fb404bfe 9853b8b3e5954ca9955b3752fb404bfe] 199.204.45.99 "DELETE /allocations/f8217192-8e49-4b96-bbd9-1325ab516d3d" status: 204 len: 0 microversion: 1.0 [pid: 7|app: 0|req: 396/789] 199.204.45.99 () {34 vars in 840 bytes} [Wed Mar 4 02:33:07 2026] DELETE /allocations/f8217192-8e49-4b96-bbd9-1325ab516d3d => generated 0 bytes in 23 msecs (HTTP/1.1 204) 5 headers in 198 bytes (1 switches on core 0)
2026-03-04 02:33:12.127 7 INFO placement.requestlog [None req-afb0a043-b16d-4c67-98a4-e16a765cff6a - - - - - -] 10.0.0.165 "GET /" status: 200 len: 136 microversion: 1.0
2026-03-04 02:33:12.127 8 INFO placement.requestlog [None req-f091be28-0782-4589-88e6-7f190d4b05a6 - - - - - -] 10.0.0.165 "GET /" status: 200 len: 136 microversion: 1.0
2026-03-04 02:33:12.899 7 INFO placement.requestlog [None req-865c5927-2969-4b47-ab54-5233b923976a 26a1f22563b84834af1918f2e803073f 65bfe7f670d7474d80908b2d72d8dcfe - - default default] 10.0.0.113 "GET /resource_providers" status: 200 len: 405 microversion: 1.0 [pid: 7|app: 0|req: 398/792] 10.0.0.113 () {28 vars in 593 bytes} [Wed Mar 4 02:33:12 2026] GET /resource_providers => generated 405 bytes in 184 msecs (HTTP/1.1 200) 6 headers in 224 bytes (1 switches on core 0)
2026-03-04 02:33:12.926 8 INFO placement.requestlog [None req-f1dbd39f-d97d-4852-a0f4-f762050311c5 26a1f22563b84834af1918f2e803073f 65bfe7f670d7474d80908b2d72d8dcfe - - default default] 10.0.0.113 "GET /resource_providers/61c15366-71de-43d9-b508-091bbf34ec6b/inventories" status: 200 len: 400 microversion: 1.0 [pid: 8|app: 0|req: 395/793] 10.0.0.113 () {28 vars in 691 bytes} [Wed Mar 4 02:33:12 2026] GET /resource_providers/61c15366-71de-43d9-b508-091bbf34ec6b/inventories => generated 400 bytes in 19 msecs (HTTP/1.1 200) 6 headers in 224 bytes (1 switches on core 0)
2026-03-04 02:33:12.952 7 INFO placement.requestlog [None req-faa32eac-b183-4cdb-8f64-63d7cb633c82 26a1f22563b84834af1918f2e803073f 65bfe7f670d7474d80908b2d72d8dcfe - - default default] 10.0.0.113 "GET /resource_providers/61c15366-71de-43d9-b508-091bbf34ec6b/usages" status: 200 len: 88 microversion: 1.0 [pid: 7|app: 0|req: 399/794] 10.0.0.113 () {28 vars in 681 bytes} [Wed Mar 4 02:33:12 2026] GET /resource_providers/61c15366-71de-43d9-b508-091bbf34ec6b/usages => generated 88 bytes in 22 msecs (HTTP/1.1 200) 6 headers in 223 bytes (1 switches on core 0)
2026-03-04 02:33:14.097 8 INFO placement.requestlog [None req-cb30b46c-caa6-4503-a7f1-cf60a754d26b 4eb232701e9d425083994d720be1d6f0 6a74f30d0d034b3a849766b5227f0250 - - 9853b8b3e5954ca9955b3752fb404bfe 9853b8b3e5954ca9955b3752fb404bfe] 10.0.0.151 "GET /resource_providers/e542d876-f98e-4db3-b831-e03f8af2eb76/aggregates" status: 404 len: 235 microversion: 1.1 [pid: 8|app: 0|req: 396/795] 10.0.0.151 () {32 vars in 816 bytes} [Wed Mar 4 02:33:14 2026] GET /resource_providers/e542d876-f98e-4db3-b831-e03f8af2eb76/aggregates => generated 235 bytes in 9 msecs (HTTP/1.1 404) 5 headers in 202 bytes (1 switches on core 0)
2026-03-04 02:33:14.099 7 INFO placement.requestlog [None req-a4fa31dc-75d5-4f63-9fee-5982ecedb49f 4eb232701e9d425083994d720be1d6f0 6a74f30d0d034b3a849766b5227f0250 - - 9853b8b3e5954ca9955b3752fb404bfe 9853b8b3e5954ca9955b3752fb404bfe] 10.0.0.151 "GET /resource_providers/e542d876-f98e-4db3-b831-e03f8af2eb76/aggregates" status: 404 len: 235 microversion: 1.1 [pid: 7|app: 0|req: 400/796] 10.0.0.151 () {32 vars in 816 bytes} [Wed Mar 4 02:33:14 2026] GET /resource_providers/e542d876-f98e-4db3-b831-e03f8af2eb76/aggregates => generated 235 bytes in 9 msecs (HTTP/1.1 404) 5 headers in 202 bytes (1 switches on core 0)
2026-03-04 02:33:14.120 8 INFO placement.requestlog [None req-e81e6fe4-40b8-450d-9286-7513d32b3167 4eb232701e9d425083994d720be1d6f0 6a74f30d0d034b3a849766b5227f0250 - - 9853b8b3e5954ca9955b3752fb404bfe 9853b8b3e5954ca9955b3752fb404bfe] 10.0.0.151 "DELETE /resource_providers/e542d876-f98e-4db3-b831-e03f8af2eb76" status: 404 len: 246 microversion: 1.1 [pid: 8|app: 0|req: 397/797] 10.0.0.151 () {34 vars in 816 bytes} [Wed Mar 4 02:33:14 2026] DELETE /resource_providers/e542d876-f98e-4db3-b831-e03f8af2eb76 => generated 246 bytes in 8 msecs (HTTP/1.1 404) 6 headers in 231 bytes (1 switches on core 0)
2026-03-04 02:33:14.124 7 INFO placement.requestlog [None req-e05d121b-e904-4bfc-b162-6a3d78fcec55 4eb232701e9d425083994d720be1d6f0 6a74f30d0d034b3a849766b5227f0250 - - 9853b8b3e5954ca9955b3752fb404bfe 9853b8b3e5954ca9955b3752fb404bfe] 10.0.0.151 "DELETE /resource_providers/e542d876-f98e-4db3-b831-e03f8af2eb76" status: 404 len: 246 microversion: 1.1 [pid: 7|app: 0|req: 401/798] 10.0.0.151 () {34 vars in 816 bytes} [Wed Mar 4 02:33:14 2026] DELETE /resource_providers/e542d876-f98e-4db3-b831-e03f8af2eb76 => generated 246 bytes in 11 msecs (HTTP/1.1 404) 6 headers in 231 bytes (1 switches on core 0)
2026-03-04 02:33:18.235 8 INFO placement.requestlog [None req-c1960ec9-fc58-4f29-921e-b0d7d1b4e646 4eb232701e9d425083994d720be1d6f0 6a74f30d0d034b3a849766b5227f0250 - - 9853b8b3e5954ca9955b3752fb404bfe 9853b8b3e5954ca9955b3752fb404bfe] 10.0.0.151 "GET /resource_providers/08cb71b6-eee5-4161-bd5b-b18ec175cceb/aggregates" status: 404 len: 235 microversion: 1.1 [pid: 8|app: 0|req: 398/799] 10.0.0.151 () {32 vars in 816 bytes} [Wed Mar 4 02:33:18 2026] GET /resource_providers/08cb71b6-eee5-4161-bd5b-b18ec175cceb/aggregates => generated 235 bytes in 9 msecs (HTTP/1.1 404) 5 headers in 202 bytes (1 switches on core 0)
2026-03-04 02:33:18.247 7 INFO placement.requestlog [None req-57e7b755-beac-45a1-af76-2d63309d43fc 4eb232701e9d425083994d720be1d6f0 6a74f30d0d034b3a849766b5227f0250 - - 9853b8b3e5954ca9955b3752fb404bfe 9853b8b3e5954ca9955b3752fb404bfe] 10.0.0.151 "GET /resource_providers/08cb71b6-eee5-4161-bd5b-b18ec175cceb/aggregates" status: 404 len: 235 microversion: 1.1 [pid: 7|app: 0|req: 402/800] 10.0.0.151 () {32 vars in 816 bytes} [Wed Mar 4 02:33:18 2026] GET /resource_providers/08cb71b6-eee5-4161-bd5b-b18ec175cceb/aggregates => generated 235 bytes in 16 msecs (HTTP/1.1 404) 5 headers in 202 bytes (1 switches on core 0)
2026-03-04 02:33:18.255 8 INFO placement.requestlog [None req-66034919-2494-4d37-859e-b0096261a868 4eb232701e9d425083994d720be1d6f0 6a74f30d0d034b3a849766b5227f0250 - - 9853b8b3e5954ca9955b3752fb404bfe 9853b8b3e5954ca9955b3752fb404bfe] 10.0.0.151 "DELETE /resource_providers/08cb71b6-eee5-4161-bd5b-b18ec175cceb" status: 404 len: 246 microversion: 1.1 [pid: 8|app: 0|req: 399/801] 10.0.0.151 () {34 vars in 816 bytes} [Wed Mar 4 02:33:18 2026] DELETE /resource_providers/08cb71b6-eee5-4161-bd5b-b18ec175cceb => generated 246 bytes in 9 msecs (HTTP/1.1 404) 6 headers in 231 bytes (1 switches on core 0)
2026-03-04 02:33:18.265 7 INFO placement.requestlog [None req-cf1b932a-8299-4553-b2de-ac7489aacaf6 4eb232701e9d425083994d720be1d6f0 6a74f30d0d034b3a849766b5227f0250 - - 9853b8b3e5954ca9955b3752fb404bfe 9853b8b3e5954ca9955b3752fb404bfe] 10.0.0.151 "DELETE /resource_providers/08cb71b6-eee5-4161-bd5b-b18ec175cceb" status: 404 len: 246 microversion: 1.1 [pid: 7|app: 0|req: 403/802] 10.0.0.151 () {34 vars in 816 bytes} [Wed Mar 4 02:33:18 2026] DELETE /resource_providers/08cb71b6-eee5-4161-bd5b-b18ec175cceb => generated 246 bytes in 10 msecs (HTTP/1.1 404) 6 headers in 231 bytes (1 switches on core 0)
2026-03-04 02:33:21.429 8 INFO placement.requestlog [None req-a488efce-e53b-4f07-b300-6819ca856151 4eb232701e9d425083994d720be1d6f0 6a74f30d0d034b3a849766b5227f0250 - - 9853b8b3e5954ca9955b3752fb404bfe 9853b8b3e5954ca9955b3752fb404bfe] 10.0.0.151 "GET /resource_providers/b9b102f9-d307-4639-a8ca-c1901902c8c9/aggregates" status: 404 len: 235 microversion: 1.1 [pid: 8|app: 0|req: 400/803] 10.0.0.151 () {32 vars in 816 bytes} [Wed Mar 4 02:33:21 2026] GET /resource_providers/b9b102f9-d307-4639-a8ca-c1901902c8c9/aggregates => generated 235 bytes in 9 msecs (HTTP/1.1 404) 5 headers in 202 bytes (1 switches on core 0)
2026-03-04 02:33:21.438 7 INFO placement.requestlog [None req-735750d8-0d53-4833-ae37-567383a4dd1a 4eb232701e9d425083994d720be1d6f0 6a74f30d0d034b3a849766b5227f0250 - - 9853b8b3e5954ca9955b3752fb404bfe 9853b8b3e5954ca9955b3752fb404bfe] 10.0.0.151 "GET /resource_providers/b9b102f9-d307-4639-a8ca-c1901902c8c9/aggregates" status: 404 len: 235 microversion: 1.1 [pid: 7|app: 0|req: 404/804] 10.0.0.151 () {32 vars in 816 bytes} [Wed Mar 4 02:33:21 2026] GET /resource_providers/b9b102f9-d307-4639-a8ca-c1901902c8c9/aggregates => generated 235 bytes in 14 msecs (HTTP/1.1 404) 5 headers in 202 bytes (1 switches on core 0)
2026-03-04 02:33:21.453 8 INFO placement.requestlog [None req-9976bf2f-010b-49ed-893b-81e983ef3cff 4eb232701e9d425083994d720be1d6f0 6a74f30d0d034b3a849766b5227f0250 - - 9853b8b3e5954ca9955b3752fb404bfe 9853b8b3e5954ca9955b3752fb404bfe] 10.0.0.151 "DELETE /resource_providers/b9b102f9-d307-4639-a8ca-c1901902c8c9" status: 404 len: 246 microversion: 1.1 [pid: 8|app: 0|req: 401/805] 10.0.0.151 () {34 vars in 816 bytes} [Wed Mar 4 02:33:21 2026] DELETE /resource_providers/b9b102f9-d307-4639-a8ca-c1901902c8c9 => generated 246 bytes in 10 msecs (HTTP/1.1 404) 6 headers in 231 bytes (1 switches on core 0)
2026-03-04 02:33:21.457 7 INFO placement.requestlog [None req-675b39fe-d96e-4b5d-abed-1fdd1cfc49aa 4eb232701e9d425083994d720be1d6f0 6a74f30d0d034b3a849766b5227f0250 - - 9853b8b3e5954ca9955b3752fb404bfe 9853b8b3e5954ca9955b3752fb404bfe] 10.0.0.151 "DELETE /resource_providers/b9b102f9-d307-4639-a8ca-c1901902c8c9" status: 404 len: 246 microversion: 1.1 [pid: 7|app: 0|req: 405/806] 10.0.0.151 () {34 vars in 816 bytes} [Wed Mar 4 02:33:21 2026] DELETE /resource_providers/b9b102f9-d307-4639-a8ca-c1901902c8c9 => generated 246 bytes in 10 msecs (HTTP/1.1 404) 6 headers in 231 bytes (1 switches on core 0)
2026-03-04 02:33:22.126 8 INFO placement.requestlog [None req-b0c40107-298e-4884-8021-ede760302874 - - - - - -] 10.0.0.165 "GET /" status: 200 len: 136 microversion: 1.0
2026-03-04 02:33:22.127 7 INFO placement.requestlog [None req-042f5b62-53c7-4585-99aa-8d3ce9d98cc2 - - - - - -] 10.0.0.165 "GET /" status: 200 len: 136 microversion: 1.0
2026-03-04 02:33:22.289 8 INFO placement.requestlog [req-9102b4e2-039a-43c6-85e5-55c5db46770d req-c5380c75-8ede-4c24-9679-d77bb8817ece bb2c025e138b43f79398ecde6f7741e8 6a74f30d0d034b3a849766b5227f0250 - - 9853b8b3e5954ca9955b3752fb404bfe 9853b8b3e5954ca9955b3752fb404bfe] 10.0.0.144 "GET /allocation_candidates?limit=1000&resources=DISK_GB%3A1%2CMEMORY_MB%3A512%2CVCPU%3A1&root_required=%21COMPUTE_STATUS_DISABLED" status: 200 len: 2640 microversion: 1.36 [pid: 8|app: 0|req: 403/809] 10.0.0.144 () {34 vars in 1012 bytes} [Wed Mar 4 02:33:22 2026] GET /allocation_candidates?limit=1000&resources=DISK_GB%3A1%2CMEMORY_MB%3A512%2CVCPU%3A1&root_required=%21COMPUTE_STATUS_DISABLED => generated 2640 bytes in 44 msecs (HTTP/1.1 200) 8 headers in 297 bytes (1 switches on core 0)
2026-03-04 02:33:22.318 7 INFO placement.requestlog [req-9102b4e2-039a-43c6-85e5-55c5db46770d req-0c7aca7b-fe17-4e0b-bd77-585eb9022697 bb2c025e138b43f79398ecde6f7741e8 6a74f30d0d034b3a849766b5227f0250 - - 9853b8b3e5954ca9955b3752fb404bfe 9853b8b3e5954ca9955b3752fb404bfe] 10.0.0.144 "GET /allocations/f3bc3eb7-a345-403f-b932-234cd51e4dfe" status: 200 len: 19 microversion: 1.28 [pid: 7|app: 0|req: 407/810] 10.0.0.144 () {34 vars in 861 bytes} [Wed Mar 4 02:33:22 2026] GET /allocations/f3bc3eb7-a345-403f-b932-234cd51e4dfe => generated 19 bytes in 13 msecs (HTTP/1.1 200) 8 headers in 295 bytes (1 switches on core 0)
2026-03-04 02:33:22.386 8 INFO placement.requestlog [req-9102b4e2-039a-43c6-85e5-55c5db46770d req-02819c4c-7d40-4452-95ab-97feb96f5f83 bb2c025e138b43f79398ecde6f7741e8 6a74f30d0d034b3a849766b5227f0250 - - 9853b8b3e5954ca9955b3752fb404bfe 9853b8b3e5954ca9955b3752fb404bfe] 10.0.0.144 "PUT /allocations/f3bc3eb7-a345-403f-b932-234cd51e4dfe" status: 204 len: 0 microversion: 1.36 [pid: 8|app: 0|req: 404/811] 10.0.0.144 () {38 vars in 914 bytes} [Wed Mar 4 02:33:22 2026] PUT /allocations/f3bc3eb7-a345-403f-b932-234cd51e4dfe => generated 0 bytes in 61 msecs (HTTP/1.1 204) 5 headers in 199 bytes (1 switches on core 0)
2026-03-04 02:33:23.899 7 INFO placement.requestlog [req-9102b4e2-039a-43c6-85e5-55c5db46770d req-b7f4e0c0-6d49-40ef-8387-757b5b32fce7 bb2c025e138b43f79398ecde6f7741e8 6a74f30d0d034b3a849766b5227f0250 - - 9853b8b3e5954ca9955b3752fb404bfe 9853b8b3e5954ca9955b3752fb404bfe] 199.204.45.99 "GET /allocations/f3bc3eb7-a345-403f-b932-234cd51e4dfe" status: 200 len: 257 microversion: 1.28 [pid: 7|app: 0|req: 408/812] 199.204.45.99 () {34 vars in 862 bytes} [Wed Mar 4 02:33:23 2026] GET /allocations/f3bc3eb7-a345-403f-b932-234cd51e4dfe => generated 257 bytes in 14 msecs (HTTP/1.1 200) 8 headers in 296 bytes (1 switches on core 0)
2026-03-04 02:33:24.095 8 INFO placement.requestlog [None req-671389b5-b6d4-4d71-883f-09478b89ed6e 4eb232701e9d425083994d720be1d6f0 6a74f30d0d034b3a849766b5227f0250 - - 9853b8b3e5954ca9955b3752fb404bfe 9853b8b3e5954ca9955b3752fb404bfe] 10.0.0.151 "GET /resource_providers/feacc1b5-9b80-4499-97e6-683525fe42d4/aggregates" status: 404 len: 235 microversion: 1.1 [pid: 8|app: 0|req: 405/813] 10.0.0.151 () {32 vars in 816 bytes} [Wed Mar 4 02:33:24 2026] GET /resource_providers/feacc1b5-9b80-4499-97e6-683525fe42d4/aggregates => generated 235 bytes in 9 msecs (HTTP/1.1 404) 5 headers in 202 bytes (1 switches on core 0)
2026-03-04 02:33:24.107 7 INFO placement.requestlog [None req-dd8470bc-2664-4e31-bcab-67df40a36f7b 4eb232701e9d425083994d720be1d6f0 6a74f30d0d034b3a849766b5227f0250 - - 9853b8b3e5954ca9955b3752fb404bfe 9853b8b3e5954ca9955b3752fb404bfe] 10.0.0.151 "GET /resource_providers/feacc1b5-9b80-4499-97e6-683525fe42d4/aggregates" status: 404 len: 235 microversion: 1.1 [pid: 7|app: 0|req: 409/814] 10.0.0.151 () {32 vars in 816 bytes} [Wed Mar 4 02:33:24 2026] GET /resource_providers/feacc1b5-9b80-4499-97e6-683525fe42d4/aggregates => generated 235 bytes in 13 msecs (HTTP/1.1 404) 5 headers in 202 bytes (1 switches on core 0)
2026-03-04 02:33:24.109 8 INFO placement.requestlog [None req-214224b1-319a-412b-889d-17cd20ae350f 4eb232701e9d425083994d720be1d6f0 6a74f30d0d034b3a849766b5227f0250 - - 9853b8b3e5954ca9955b3752fb404bfe 9853b8b3e5954ca9955b3752fb404bfe] 10.0.0.151 "DELETE /resource_providers/feacc1b5-9b80-4499-97e6-683525fe42d4" status: 404 len: 246 microversion: 1.1 [pid: 8|app: 0|req: 406/815] 10.0.0.151 () {34 vars in 816 bytes} [Wed Mar 4 02:33:24 2026] DELETE /resource_providers/feacc1b5-9b80-4499-97e6-683525fe42d4 => generated 246 bytes in 7 msecs (HTTP/1.1 404) 6 headers in 231 bytes (1 switches on core 0)
2026-03-04 02:33:24.130 7 INFO placement.requestlog [None req-70678264-a05d-4732-a1ca-b0c2da20ff18 4eb232701e9d425083994d720be1d6f0 6a74f30d0d034b3a849766b5227f0250 - - 9853b8b3e5954ca9955b3752fb404bfe 9853b8b3e5954ca9955b3752fb404bfe] 10.0.0.151 "DELETE /resource_providers/feacc1b5-9b80-4499-97e6-683525fe42d4" status: 404 len: 246 microversion: 1.1 [pid: 7|app: 0|req: 410/816] 10.0.0.151 () {34 vars in 816 bytes} [Wed Mar 4 02:33:24 2026] DELETE /resource_providers/feacc1b5-9b80-4499-97e6-683525fe42d4 => generated 246 bytes in 10 msecs (HTTP/1.1 404) 6 headers in 231 bytes (1 switches on core 0)
2026-03-04 02:33:24.943 8 INFO placement.requestlog [req-9102b4e2-039a-43c6-85e5-55c5db46770d req-d24cd396-1160-48bf-b857-9e8c67319393 bb2c025e138b43f79398ecde6f7741e8 6a74f30d0d034b3a849766b5227f0250 - - 9853b8b3e5954ca9955b3752fb404bfe 9853b8b3e5954ca9955b3752fb404bfe] 199.204.45.99 "GET /resource_providers/61c15366-71de-43d9-b508-091bbf34ec6b/allocations" status: 200 len: 152 microversion: 1.0 [pid: 8|app: 0|req: 407/817] 199.204.45.99 () {32 vars in 856 bytes} [Wed Mar 4 02:33:24 2026] GET /resource_providers/61c15366-71de-43d9-b508-091bbf34ec6b/allocations => generated 152 bytes in 19 msecs (HTTP/1.1 200) 6 headers in 224 bytes (1 switches on core 0)
2026-03-04 02:33:24.965 7 INFO placement.requestlog [req-9102b4e2-039a-43c6-85e5-55c5db46770d req-28caddb8-f071-40a7-9234-24cda9aa30ba bb2c025e138b43f79398ecde6f7741e8 6a74f30d0d034b3a849766b5227f0250 - - 9853b8b3e5954ca9955b3752fb404bfe 9853b8b3e5954ca9955b3752fb404bfe] 199.204.45.99 "GET /allocations/f3bc3eb7-a345-403f-b932-234cd51e4dfe" status: 200 len: 257 microversion: 1.28 [pid: 7|app: 0|req: 411/818] 199.204.45.99 () {34 vars in 862 bytes} [Wed Mar 4 02:33:24 2026] GET /allocations/f3bc3eb7-a345-403f-b932-234cd51e4dfe => generated 257 bytes in 15 msecs (HTTP/1.1 200) 8 headers in 296 bytes (1 switches on core 0)
2026-03-04 02:33:29.136 8 INFO placement.requestlog [req-508c2437-0848-4def-b332-fd7d79b3afc4 req-c7a9dbd7-0013-4320-b54c-b22477f75495 bb2c025e138b43f79398ecde6f7741e8 6a74f30d0d034b3a849766b5227f0250 - - 9853b8b3e5954ca9955b3752fb404bfe 9853b8b3e5954ca9955b3752fb404bfe] 10.0.0.144 "GET /allocation_candidates?limit=1000&resources=DISK_GB%3A1%2CMEMORY_MB%3A512%2CVCPU%3A1&root_required=%21COMPUTE_STATUS_DISABLED" status: 200 len: 2642 microversion: 1.36 [pid: 8|app: 0|req: 408/819] 10.0.0.144 () {34 vars in 1012 bytes} [Wed Mar 4 02:33:29 2026] GET /allocation_candidates?limit=1000&resources=DISK_GB%3A1%2CMEMORY_MB%3A512%2CVCPU%3A1&root_required=%21COMPUTE_STATUS_DISABLED => generated 2642 bytes in 41 msecs (HTTP/1.1 200) 8 headers in 297 bytes (1 switches on core 0)
2026-03-04 02:33:29.160 7 INFO placement.requestlog [req-508c2437-0848-4def-b332-fd7d79b3afc4 req-822cc1db-15fe-49a8-8f58-3d0a972c052a bb2c025e138b43f79398ecde6f7741e8 6a74f30d0d034b3a849766b5227f0250 - - 9853b8b3e5954ca9955b3752fb404bfe 9853b8b3e5954ca9955b3752fb404bfe] 10.0.0.144 "GET /allocations/5af0ea10-67ee-4d5c-8b60-59221526f532" status: 200 len: 19 microversion: 1.28 [pid: 7|app: 0|req: 412/820] 10.0.0.144 () {34 vars in 861 bytes} [Wed Mar 4 02:33:29 2026] GET /allocations/5af0ea10-67ee-4d5c-8b60-59221526f532 => generated 19 bytes in 10 msecs (HTTP/1.1 200) 8 headers in 295 bytes (1 switches on core 0)
2026-03-04 02:33:29.217 8 INFO placement.requestlog [req-508c2437-0848-4def-b332-fd7d79b3afc4 req-f568ed4e-8051-40ac-85ac-89d597a4b16d bb2c025e138b43f79398ecde6f7741e8 6a74f30d0d034b3a849766b5227f0250 - - 9853b8b3e5954ca9955b3752fb404bfe 9853b8b3e5954ca9955b3752fb404bfe] 10.0.0.144 "PUT /allocations/5af0ea10-67ee-4d5c-8b60-59221526f532" status: 204 len: 0 microversion: 1.36 [pid: 8|app: 0|req: 409/821] 10.0.0.144 () {38 vars in 914 bytes} [Wed Mar 4 02:33:29 2026] PUT /allocations/5af0ea10-67ee-4d5c-8b60-59221526f532 => generated 0 bytes in 51 msecs (HTTP/1.1 204) 5 headers in 199 bytes (1 switches on core 0)
2026-03-04 02:33:30.722 7 INFO placement.requestlog [req-508c2437-0848-4def-b332-fd7d79b3afc4 req-c89770d5-f523-4d19-8f14-3922630301f8 bb2c025e138b43f79398ecde6f7741e8 6a74f30d0d034b3a849766b5227f0250 - - 9853b8b3e5954ca9955b3752fb404bfe 9853b8b3e5954ca9955b3752fb404bfe] 199.204.45.99 "GET /allocations/5af0ea10-67ee-4d5c-8b60-59221526f532" status: 200 len: 257 microversion: 1.28 [pid: 7|app: 0|req: 413/822] 199.204.45.99 () {34 vars in 862 bytes} [Wed Mar 4 02:33:30 2026] GET /allocations/5af0ea10-67ee-4d5c-8b60-59221526f532 => generated 257 bytes in 12 msecs (HTTP/1.1 200) 8 headers in 296 bytes (1 switches on core 0)
2026-03-04 02:33:31.770 8 INFO placement.requestlog [req-508c2437-0848-4def-b332-fd7d79b3afc4 req-ae95683b-21aa-49ba-a2c2-d822bfa393d4 bb2c025e138b43f79398ecde6f7741e8 6a74f30d0d034b3a849766b5227f0250 - - 9853b8b3e5954ca9955b3752fb404bfe 9853b8b3e5954ca9955b3752fb404bfe] 199.204.45.99 "GET /resource_providers/61c15366-71de-43d9-b508-091bbf34ec6b/allocations" status: 200 len: 252 microversion: 1.0 [pid: 8|app: 0|req: 410/823] 199.204.45.99 () {32 vars in 856 bytes} [Wed Mar 4 02:33:31 2026] GET /resource_providers/61c15366-71de-43d9-b508-091bbf34ec6b/allocations => generated 252 bytes in 18 msecs (HTTP/1.1 200) 6 headers in 224 bytes (1 switches on core 0)
2026-03-04 02:33:31.790 7 INFO placement.requestlog [req-508c2437-0848-4def-b332-fd7d79b3afc4 req-dfc64f42-fdbd-499f-a0c8-d72a4a2cad69 bb2c025e138b43f79398ecde6f7741e8 6a74f30d0d034b3a849766b5227f0250 - - 9853b8b3e5954ca9955b3752fb404bfe 9853b8b3e5954ca9955b3752fb404bfe] 199.204.45.99 "GET /allocations/5af0ea10-67ee-4d5c-8b60-59221526f532" status: 200 len: 257 microversion: 1.28 [pid: 7|app: 0|req: 414/824] 199.204.45.99 () {34 vars in 862 bytes} [Wed Mar 4 02:33:31 2026] GET /allocations/5af0ea10-67ee-4d5c-8b60-59221526f532 => generated 257 bytes in 15 msecs (HTTP/1.1 200) 8 headers in 296 bytes (1 switches on core 0)
2026-03-04 02:33:31.809 8 INFO placement.requestlog [req-508c2437-0848-4def-b332-fd7d79b3afc4 req-b8b11009-dd90-4f68-b106-6b7838df0e4f bb2c025e138b43f79398ecde6f7741e8 6a74f30d0d034b3a849766b5227f0250 - - 9853b8b3e5954ca9955b3752fb404bfe 9853b8b3e5954ca9955b3752fb404bfe] 199.204.45.99 "GET /allocations/f3bc3eb7-a345-403f-b932-234cd51e4dfe" status: 200 len: 257 microversion: 1.28 [pid: 8|app: 0|req: 411/825] 199.204.45.99 () {34 vars in 862 bytes} [Wed Mar 4 02:33:31 2026] GET /allocations/f3bc3eb7-a345-403f-b932-234cd51e4dfe => generated 257 bytes in 11 msecs (HTTP/1.1 200) 8 headers in 296 bytes (1 switches on core 0)
2026-03-04 02:33:32.127 7 INFO placement.requestlog [None req-ae926a2e-d715-40bd-9038-1be325aeefe5 - - - - - -] 10.0.0.165 "GET /" status: 200 len: 136 microversion: 1.0
2026-03-04 02:33:32.127 8 INFO placement.requestlog [None req-e19cbc65-6969-4c98-a80a-3c903e6bd1c6 - - - - - -] 10.0.0.165 "GET /" status: 200 len: 136 microversion: 1.0
2026-03-04 02:33:37.374 7 INFO placement.requestlog [req-0a35805f-e68f-4109-adc0-0b0c387093a8 req-8ff9ed45-1101-481d-be4f-9ed844143236 bb2c025e138b43f79398ecde6f7741e8 6a74f30d0d034b3a849766b5227f0250 - - 9853b8b3e5954ca9955b3752fb404bfe 9853b8b3e5954ca9955b3752fb404bfe] 199.204.45.99 "GET /resource_providers/61c15366-71de-43d9-b508-091bbf34ec6b/allocations" status: 200 len: 252 microversion: 1.0 [pid: 7|app: 0|req: 416/828] 199.204.45.99 () {32 vars in 856 bytes} [Wed Mar 4 02:33:37 2026] GET /resource_providers/61c15366-71de-43d9-b508-091bbf34ec6b/allocations => generated 252 bytes in 30 msecs (HTTP/1.1 200) 6 headers in 224 bytes (1 switches on core 0)
2026-03-04 02:33:37.409 8 INFO placement.requestlog [req-0a35805f-e68f-4109-adc0-0b0c387093a8 req-5366c240-844c-47dc-ba4d-a510ce8524a5 bb2c025e138b43f79398ecde6f7741e8 6a74f30d0d034b3a849766b5227f0250 - - 9853b8b3e5954ca9955b3752fb404bfe 9853b8b3e5954ca9955b3752fb404bfe] 199.204.45.99 "GET /resource_providers/61c15366-71de-43d9-b508-091bbf34ec6b/allocations" status: 200 len: 252 microversion: 1.0 [pid: 8|app: 0|req: 413/829] 199.204.45.99 () {32 vars in 856 bytes} [Wed Mar 4 02:33:37 2026] GET /resource_providers/61c15366-71de-43d9-b508-091bbf34ec6b/allocations => generated 252 bytes in 26 msecs (HTTP/1.1 200) 6 headers in 224 bytes (1 switches on core 0)
2026-03-04 02:33:37.440 7 INFO placement.requestlog [req-0a35805f-e68f-4109-adc0-0b0c387093a8 req-6782b6a0-0fb6-49dc-87a2-0295a5081a76 bb2c025e138b43f79398ecde6f7741e8 6a74f30d0d034b3a849766b5227f0250 - - 9853b8b3e5954ca9955b3752fb404bfe 9853b8b3e5954ca9955b3752fb404bfe] 199.204.45.99 "GET /allocations/5af0ea10-67ee-4d5c-8b60-59221526f532" status: 200 len: 257 microversion: 1.28 [pid: 7|app: 0|req: 417/830] 199.204.45.99 () {34 vars in 862 bytes} [Wed Mar 4 02:33:37 2026] GET /allocations/5af0ea10-67ee-4d5c-8b60-59221526f532 => generated 257 bytes in 20 msecs (HTTP/1.1 200) 8 headers in 296 bytes (1 switches on core 0)
2026-03-04 02:33:37.469 8 INFO placement.requestlog [req-0a35805f-e68f-4109-adc0-0b0c387093a8 req-5f97df42-5a0c-4ebb-99b2-77a9a126be72 bb2c025e138b43f79398ecde6f7741e8 6a74f30d0d034b3a849766b5227f0250 - - 9853b8b3e5954ca9955b3752fb404bfe 9853b8b3e5954ca9955b3752fb404bfe] 199.204.45.99 "GET /allocations/f3bc3eb7-a345-403f-b932-234cd51e4dfe" status: 200 len: 257 microversion: 1.28 [pid: 8|app: 0|req: 414/831] 199.204.45.99 () {34 vars in 862 bytes} [Wed Mar 4 02:33:37 2026] GET /allocations/f3bc3eb7-a345-403f-b932-234cd51e4dfe => generated 257 bytes in 23 msecs (HTTP/1.1 200) 8 headers in 296 bytes (1 switches on core 0)
2026-03-04 02:33:42.126 8 INFO placement.requestlog [None req-5d0ae32f-ce47-46c6-b445-e90dc0628b67 - - - - - -] 10.0.0.165 "GET /" status: 200 len: 136 microversion: 1.0
2026-03-04 02:33:42.126 7 INFO placement.requestlog [None req-9b3bf683-732a-4980-bcdc-45be5b2e53bd - - - - - -] 10.0.0.165 "GET /" status: 200 len: 136 microversion: 1.0
2026-03-04 02:33:43.573 7 INFO placement.requestlog [req-4169c967-10a5-485a-aaf1-4cf71482cf1a req-a6ff2d16-5f12-4f99-ad78-0d1a67513360 bb2c025e138b43f79398ecde6f7741e8 6a74f30d0d034b3a849766b5227f0250 - - 9853b8b3e5954ca9955b3752fb404bfe 9853b8b3e5954ca9955b3752fb404bfe] 10.0.0.144 "GET /allocation_candidates?limit=1000&resources=DISK_GB%3A1%2CMEMORY_MB%3A512%2CVCPU%3A1&root_required=%21COMPUTE_STATUS_DISABLED" status: 200 len: 2643 microversion: 1.36 [pid: 7|app: 0|req: 419/834] 10.0.0.144 () {34 vars in 1012 bytes} [Wed Mar 4 02:33:43 2026] GET /allocation_candidates?limit=1000&resources=DISK_GB%3A1%2CMEMORY_MB%3A512%2CVCPU%3A1&root_required=%21COMPUTE_STATUS_DISABLED => generated 2643 bytes in 56 msecs (HTTP/1.1 200) 8 headers in 297 bytes (1 switches on core 0)
2026-03-04 02:33:43.598 8 INFO placement.requestlog [req-4169c967-10a5-485a-aaf1-4cf71482cf1a req-b8754c32-5424-45a5-bfa6-44eb94a8e224 bb2c025e138b43f79398ecde6f7741e8 6a74f30d0d034b3a849766b5227f0250 - - 9853b8b3e5954ca9955b3752fb404bfe 9853b8b3e5954ca9955b3752fb404bfe] 10.0.0.144 "GET /allocations/4de54c2e-8ad1-4b10-a6f2-27630c23d6ef" status: 200 len: 19 microversion: 1.28 [pid: 8|app: 0|req: 416/835] 10.0.0.144 () {34 vars in 861 bytes} [Wed Mar 4 02:33:43 2026] GET /allocations/4de54c2e-8ad1-4b10-a6f2-27630c23d6ef => generated 19 bytes in 9 msecs (HTTP/1.1 200) 8 headers in 295 bytes (1 switches on core 0)
2026-03-04 02:33:43.662 7 INFO placement.requestlog [req-4169c967-10a5-485a-aaf1-4cf71482cf1a req-b1c9043b-a668-49cb-a8f6-c8600a94547c bb2c025e138b43f79398ecde6f7741e8 6a74f30d0d034b3a849766b5227f0250 - - 9853b8b3e5954ca9955b3752fb404bfe 9853b8b3e5954ca9955b3752fb404bfe] 10.0.0.144 "PUT /allocations/4de54c2e-8ad1-4b10-a6f2-27630c23d6ef" status: 204 len: 0 microversion: 1.36 [pid: 7|app: 0|req: 420/836] 10.0.0.144 () {38 vars in 914 bytes} [Wed Mar 4 02:33:43 2026] PUT /allocations/4de54c2e-8ad1-4b10-a6f2-27630c23d6ef => generated 0 bytes in 57 msecs (HTTP/1.1 204) 5 headers in 199 bytes (1 switches on core 0)
2026-03-04 02:33:45.207 8 INFO placement.requestlog [req-4169c967-10a5-485a-aaf1-4cf71482cf1a req-f2093e06-7855-4fee-bf06-fe819c7ebddb bb2c025e138b43f79398ecde6f7741e8 6a74f30d0d034b3a849766b5227f0250 - - 9853b8b3e5954ca9955b3752fb404bfe 9853b8b3e5954ca9955b3752fb404bfe] 199.204.45.99 "GET /allocations/4de54c2e-8ad1-4b10-a6f2-27630c23d6ef" status: 200 len: 257 microversion: 1.28 [pid: 8|app: 0|req: 417/837] 199.204.45.99 () {34 vars in 862 bytes} [Wed Mar 4 02:33:45 2026] GET /allocations/4de54c2e-8ad1-4b10-a6f2-27630c23d6ef => generated 257 bytes in 11 msecs (HTTP/1.1 200) 8 headers in 296 bytes (1 switches on core 0)
2026-03-04 02:33:46.241 7 INFO placement.requestlog [req-4169c967-10a5-485a-aaf1-4cf71482cf1a req-a1092b21-63a9-4585-adb4-4d10075de2e6 bb2c025e138b43f79398ecde6f7741e8 6a74f30d0d034b3a849766b5227f0250 - - 9853b8b3e5954ca9955b3752fb404bfe 9853b8b3e5954ca9955b3752fb404bfe] 199.204.45.99 "GET /resource_providers/61c15366-71de-43d9-b508-091bbf34ec6b/allocations" status: 200 len: 352 microversion: 1.0 [pid: 7|app: 0|req: 421/838] 199.204.45.99 () {32 vars in 856 bytes} [Wed Mar 4 02:33:46 2026] GET /resource_providers/61c15366-71de-43d9-b508-091bbf34ec6b/allocations => generated 352 bytes in 17 msecs (HTTP/1.1 200) 6 headers in 224 bytes (1 switches on core 0)
2026-03-04 02:33:46.264 8 INFO placement.requestlog [req-4169c967-10a5-485a-aaf1-4cf71482cf1a req-999b2bcb-c7ba-46e3-969d-3e5c26a15d82 bb2c025e138b43f79398ecde6f7741e8 6a74f30d0d034b3a849766b5227f0250 - - 9853b8b3e5954ca9955b3752fb404bfe 9853b8b3e5954ca9955b3752fb404bfe] 199.204.45.99 "GET /allocations/4de54c2e-8ad1-4b10-a6f2-27630c23d6ef" status: 200 len: 257 microversion: 1.28 [pid: 8|app: 0|req: 418/839] 199.204.45.99 () {34 vars in 862 bytes} [Wed Mar 4 02:33:46 2026] GET /allocations/4de54c2e-8ad1-4b10-a6f2-27630c23d6ef => generated 257 bytes in 12 msecs (HTTP/1.1 200) 8 headers in 296 bytes (1 switches on core 0)
2026-03-04 02:33:46.282 7 INFO placement.requestlog [req-4169c967-10a5-485a-aaf1-4cf71482cf1a req-56838c3b-a289-47b1-bcb4-94fa446c03f5 bb2c025e138b43f79398ecde6f7741e8 6a74f30d0d034b3a849766b5227f0250 - - 9853b8b3e5954ca9955b3752fb404bfe 9853b8b3e5954ca9955b3752fb404bfe] 199.204.45.99 "GET /allocations/5af0ea10-67ee-4d5c-8b60-59221526f532" status: 200 len: 257 microversion: 1.28 [pid: 7|app: 0|req: 422/840] 199.204.45.99 () {34 vars in 862 bytes} [Wed Mar 4 02:33:46 2026] GET /allocations/5af0ea10-67ee-4d5c-8b60-59221526f532 => generated 257 bytes in 11 msecs (HTTP/1.1 200) 8 headers in 296 bytes (1 switches on core 0)
2026-03-04 02:33:46.299 8 INFO placement.requestlog [req-4169c967-10a5-485a-aaf1-4cf71482cf1a req-d681318d-57d8-4595-9a83-8e00661507fe bb2c025e138b43f79398ecde6f7741e8 6a74f30d0d034b3a849766b5227f0250 - - 9853b8b3e5954ca9955b3752fb404bfe 9853b8b3e5954ca9955b3752fb404bfe] 199.204.45.99 "GET /allocations/f3bc3eb7-a345-403f-b932-234cd51e4dfe" status: 200 len: 257 microversion: 1.28 [pid: 8|app: 0|req: 419/841] 199.204.45.99 () {34 vars in 862 bytes} [Wed Mar 4 02:33:46 2026] GET /allocations/f3bc3eb7-a345-403f-b932-234cd51e4dfe => generated 257 bytes in 13 msecs (HTTP/1.1 200) 8 headers in 296 bytes (1 switches on core 0)
