2026-03-04 02:31:26.696 7 INFO neutron.db.ovn_revision_numbers_db [None req-5d4090b3-1bb2-47b9-84ac-3c2a5ceab2e0 - - - - - -] Successfully bumped revision number for resource 10a5c7bf-686e-46c6-837b-0c214bd80a80 (type: subnets) to 0 [pid: 7|app: 0|req: 324/674] 10.0.0.118 () {34 vars in 669 bytes} [Wed Mar 4 02:31:26 2026] POST /v2.0/subnets => generated 698 bytes in 732 msecs (HTTP/1.1 201) 4 headers in 162 bytes (1 switches on core 0)
2026-03-04 02:31:26.752 8 INFO neutron.notifiers.nova [-] Nova event matching ['req-44677939-60e1-44ff-ba98-d5d3d7b8095f'] response: {'name': 'network-changed', 'server_uuid': '22dafa79-c865-4cae-b6cd-2fb61c4468a7', 'tag': '7e5135e4-0082-4558-bbb5-11866de1a5a8', 'status': 'completed', 'code': 200}
2026-03-04 02:31:26.763 8 INFO neutron.db.ovn_revision_numbers_db [None req-1c487c2b-bcc0-4164-a872-8d43285c6575 - - - - - -] Successfully bumped revision number for resource 4a46e22a-fd5e-4c50-bac0-a886bc0fa6c3 (type: ports) to 2
2026-03-04 02:31:26.788 8 INFO neutron.db.ovn_revision_numbers_db [None req-1c487c2b-bcc0-4164-a872-8d43285c6575 - - - - - -] Successfully bumped revision number for resource b4d20463-41a9-4104-9c4c-17074a3eb583 (type: subnets) to 0 [pid: 7|app: 0|req: 325/675] 10.0.0.58 () {34 vars in 1039 bytes} [Wed Mar 4 02:31:26 2026] GET /v2.0/security-groups?id=6dc3888f-7bc6-4e47-83ac-71fb9f4b0000&fields=id&fields=name => generated 88 bytes in 47 msecs (HTTP/1.1 200) 4 headers in 156 bytes (1 switches on core 0) [pid: 8|app: 0|req: 351/676] 10.0.0.118 () {34 vars in 669 bytes} [Wed Mar 4 02:31:26 2026] POST /v2.0/subnets => generated 691 bytes in 729 msecs (HTTP/1.1 201) 4 headers in 162 bytes (1 switches on core 0)
2026-03-04 02:31:26.964 7 INFO neutron.db.ovn_revision_numbers_db [None req-693de8e9-f3ff-411c-a357-e0e4aeca5c1e 26a1f22563b84834af1918f2e803073f 65bfe7f670d7474d80908b2d72d8dcfe - - default default] Successfully bumped revision number for resource cb405129-eebf-4425-8830-8fe8c43cf534 (type: security_groups) to 1
2026-03-04 02:31:26.978 7 INFO neutron.db.ovn_revision_numbers_db [None req-693de8e9-f3ff-411c-a357-e0e4aeca5c1e 26a1f22563b84834af1918f2e803073f 65bfe7f670d7474d80908b2d72d8dcfe - - default default] Successfully bumped revision number for resource 29c0fc34-869a-4684-bbe4-73cc4f131804 (type: security_group_rules) to 0
2026-03-04 02:31:26.994 7 INFO neutron.db.ovn_revision_numbers_db [None req-693de8e9-f3ff-411c-a357-e0e4aeca5c1e 26a1f22563b84834af1918f2e803073f 65bfe7f670d7474d80908b2d72d8dcfe - - default default] Successfully bumped revision number for resource 41525020-d444-4aeb-add8-240a91ab7ad2 (type: security_group_rules) to 0
2026-03-04 02:31:27.006 7 INFO neutron.db.ovn_revision_numbers_db [None req-693de8e9-f3ff-411c-a357-e0e4aeca5c1e 26a1f22563b84834af1918f2e803073f 65bfe7f670d7474d80908b2d72d8dcfe - - default default] Successfully bumped revision number for resource 474db348-60fd-4bd9-ae55-989a57c1b0bb (type: security_group_rules) to 0
2026-03-04 02:31:27.017 7 INFO neutron.db.ovn_revision_numbers_db [None req-693de8e9-f3ff-411c-a357-e0e4aeca5c1e 26a1f22563b84834af1918f2e803073f 65bfe7f670d7474d80908b2d72d8dcfe - - default default] Successfully bumped revision number for resource dc25d949-824b-4594-8212-f79eab8aa4a4 (type: security_group_rules) to 0 [pid: 7|app: 0|req: 326/677] 10.0.0.118 () {32 vars in 774 bytes} [Wed Mar 4 02:31:26 2026] GET /v2.0/security-groups?tenant_id=23084c4d23024864bd69cf797872ec49&name=default => generated 2925 bytes in 269 msecs (HTTP/1.1 200) 4 headers in 158 bytes (1 switches on core 0)
2026-03-04 02:31:27.256 8 WARNING neutron.scheduler.dhcp_agent_scheduler [None req-97ce3e8b-aaec-46a8-8ec6-7e0fcb616fe2 26a1f22563b84834af1918f2e803073f 65bfe7f670d7474d80908b2d72d8dcfe - - default default] No more DHCP agents
2026-03-04 02:31:27.259 8 WARNING neutron.api.rpc.agentnotifiers.dhcp_rpc_agent_api [None req-97ce3e8b-aaec-46a8-8ec6-7e0fcb616fe2 26a1f22563b84834af1918f2e803073f 65bfe7f670d7474d80908b2d72d8dcfe - - default default] Unable to schedule network ba6afb45-2957-40b5-8f72-95fe3080f45e: no agents available; will retry on subsequent port and subnet creation events.
2026-03-04 02:31:27.444 8 INFO neutron.db.ovn_revision_numbers_db [None req-97ce3e8b-aaec-46a8-8ec6-7e0fcb616fe2 26a1f22563b84834af1918f2e803073f 65bfe7f670d7474d80908b2d72d8dcfe - - default default] Successfully bumped revision number for resource 33f99d1c-5ad1-44d6-b104-51ca0b37ffa6 (type: ports) to 1
2026-03-04 02:31:27.528 7 WARNING neutron.scheduler.dhcp_agent_scheduler [None req-6824a62c-4c0b-4253-a91e-f238cfb39828 26a1f22563b84834af1918f2e803073f 65bfe7f670d7474d80908b2d72d8dcfe - - default default] No more DHCP agents
2026-03-04 02:31:27.536 7 WARNING neutron.api.rpc.agentnotifiers.dhcp_rpc_agent_api [None req-6824a62c-4c0b-4253-a91e-f238cfb39828 26a1f22563b84834af1918f2e803073f 65bfe7f670d7474d80908b2d72d8dcfe - - default default] Unable to schedule network ba6afb45-2957-40b5-8f72-95fe3080f45e: no agents available; will retry on subsequent port and subnet creation events.
2026-03-04 02:31:27.705 7 INFO neutron.db.ovn_revision_numbers_db [None req-6824a62c-4c0b-4253-a91e-f238cfb39828 26a1f22563b84834af1918f2e803073f 65bfe7f670d7474d80908b2d72d8dcfe - - default default] Successfully bumped revision number for resource 8c1d7850-2e7c-4e7b-b61c-8312a50170a5 (type: ports) to 1
2026-03-04 02:31:28.010 8 INFO neutron.plugins.ml2.drivers.ovn.mech_driver.ovsdb.commands [-] Schedule LRP lrp-33f99d1c-5ad1-44d6-b104-51ca0b37ffa6 on gateway a1672db8-c3d4-4a4d-9812-498642bfcebf with priority 1
2026-03-04 02:31:28.252 8 INFO neutron.db.ovn_revision_numbers_db [None req-97ce3e8b-aaec-46a8-8ec6-7e0fcb616fe2 26a1f22563b84834af1918f2e803073f 65bfe7f670d7474d80908b2d72d8dcfe - - default default] Successfully bumped revision number for resource 33f99d1c-5ad1-44d6-b104-51ca0b37ffa6 (type: router_ports) to 1
2026-03-04 02:31:28.323 8 INFO neutron.db.ovn_revision_numbers_db [None req-97ce3e8b-aaec-46a8-8ec6-7e0fcb616fe2 26a1f22563b84834af1918f2e803073f 65bfe7f670d7474d80908b2d72d8dcfe - - default default] Successfully bumped revision number for resource 968ac380-1e24-4092-a0bd-c4b03882a676 (type: routers) to 2
2026-03-04 02:31:28.334 7 INFO neutron.plugins.ml2.drivers.ovn.mech_driver.ovsdb.ovsdb_monitor [None req-9157b7d4-8ab6-4318-a34e-140520c28584 - - - - - -] Router 968ac380-1e24-4092-a0bd-c4b03882a676 is bound to host instance [pid: 8|app: 0|req: 352/678] 10.0.0.118 () {34 vars in 669 bytes} [Wed Mar 4 02:31:26 2026] POST /v2.0/routers => generated 976 bytes in 1511 msecs (HTTP/1.1 201) 4 headers in 162 bytes (1 switches on core 0)
2026-03-04 02:31:28.343 7 WARNING neutron.plugins.ml2.drivers.ovn.mech_driver.ovsdb.ovn_client [None req-320c8380-6054-4290-a2ef-b730145b7e90 - - - - - -] No hosting information found for port 69245288-84d8-4a8f-af16-e6904e3a20fa: RuntimeError: No hosting information found for port 69245288-84d8-4a8f-af16-e6904e3a20fa [pid: 8|app: 0|req: 353/679] 10.0.0.118 () {32 vars in 740 bytes} [Wed Mar 4 02:31:28 2026] DELETE /v2.0/security-groups/cb405129-eebf-4425-8830-8fe8c43cf534 => generated 0 bytes in 273 msecs (HTTP/1.1 204) 2 headers in 112 bytes (1 switches on core 0) [pid: 8|app: 0|req: 354/680] 199.204.45.99 () {34 vars in 1079 bytes} [Wed Mar 4 02:31:28 2026] GET /v2.0/ports?tenant_id=36f1a8ae108c4cf7bd6d3a54e371b430&device_id=22dafa79-c865-4cae-b6cd-2fb61c4468a7 => generated 1211 bytes in 80 msecs (HTTP/1.1 200) 4 headers in 158 bytes (1 switches on core 0) [pid: 8|app: 0|req: 355/681] 10.0.0.58 () {34 vars in 989 bytes} [Wed Mar 4 02:31:28 2026] GET /v2.0/ports?device_id=22dafa79-c865-4cae-b6cd-2fb61c4468a7 => generated 973 bytes in 73 msecs (HTTP/1.1 200) 4 headers in 157 bytes (1 switches on core 0)
2026-03-04 02:31:28.776 7 INFO neutron.db.ovn_revision_numbers_db [None req-320c8380-6054-4290-a2ef-b730145b7e90 - - - - - -] Successfully bumped revision number for resource 69245288-84d8-4a8f-af16-e6904e3a20fa (type: router_ports) to 2
2026-03-04 02:31:28.928 7 INFO neutron.plugins.ml2.drivers.ovn.mech_driver.mech_driver [None req-320c8380-6054-4290-a2ef-b730145b7e90 - - - - - -] OVN reports status down for port: 7e5135e4-0082-4558-bbb5-11866de1a5a8
2026-03-04 02:31:29.042 7 INFO neutron.plugins.ml2.drivers.ovn.mech_driver.ovsdb.commands [None req-bf74a756-ee35-47f3-b11c-82e6cd06592b - - - - - -] Schedule LRP lrp-8c1d7850-2e7c-4e7b-b61c-8312a50170a5 on gateway a1672db8-c3d4-4a4d-9812-498642bfcebf with priority 1
2026-03-04 02:31:29.255 7 INFO neutron.plugins.ml2.drivers.ovn.mech_driver.mech_driver [None req-320c8380-6054-4290-a2ef-b730145b7e90 - - - - - -] OVN reports status down for port: f25a0db1-ecc4-4262-87e2-1d4b94e0c080
2026-03-04 02:31:29.332 8 WARNING neutron.scheduler.dhcp_agent_scheduler [None req-943b9a92-8073-4b47-b0e5-bc34f5b66f88 26a1f22563b84834af1918f2e803073f 65bfe7f670d7474d80908b2d72d8dcfe - - default default] No more DHCP agents
2026-03-04 02:31:29.333 8 WARNING neutron.api.rpc.agentnotifiers.dhcp_rpc_agent_api [None req-943b9a92-8073-4b47-b0e5-bc34f5b66f88 26a1f22563b84834af1918f2e803073f 65bfe7f670d7474d80908b2d72d8dcfe - - default default] Unable to schedule network 6c709d33-fe40-4659-a9c9-61ec80a367c1: no agents available; will retry on subsequent port and subnet creation events.
2026-03-04 02:31:29.336 7 INFO neutron.db.ovn_revision_numbers_db [None req-6824a62c-4c0b-4253-a91e-f238cfb39828 26a1f22563b84834af1918f2e803073f 65bfe7f670d7474d80908b2d72d8dcfe - - default default] Successfully bumped revision number for resource 8c1d7850-2e7c-4e7b-b61c-8312a50170a5 (type: router_ports) to 1
2026-03-04 02:31:29.491 8 INFO neutron.db.ovn_revision_numbers_db [None req-943b9a92-8073-4b47-b0e5-bc34f5b66f88 26a1f22563b84834af1918f2e803073f 65bfe7f670d7474d80908b2d72d8dcfe - - default default] Successfully bumped revision number for resource 65784677-6248-4027-a43b-1d916132f357 (type: ports) to 1
2026-03-04 02:31:29.510 7 INFO neutron.db.ovn_revision_numbers_db [None req-6824a62c-4c0b-4253-a91e-f238cfb39828 26a1f22563b84834af1918f2e803073f 65bfe7f670d7474d80908b2d72d8dcfe - - default default] Successfully bumped revision number for resource 7da3485f-9348-457e-8a38-974e1221d823 (type: routers) to 2 [pid: 7|app: 0|req: 327/682] 10.0.0.118 () {34 vars in 669 bytes} [Wed Mar 4 02:31:27 2026] POST /v2.0/routers => generated 969 bytes in 2486 msecs (HTTP/1.1 201) 4 headers in 162 bytes (1 switches on core 0) [pid: 7|app: 0|req: 328/683] 199.204.45.99 () {34 vars in 1059 bytes} [Wed Mar 4 02:31:29 2026] GET /v2.0/floatingips?fixed_ip_address=10.100.0.11&port_id=7e5135e4-0082-4558-bbb5-11866de1a5a8 => generated 19 bytes in 55 msecs (HTTP/1.1 200) 4 headers in 156 bytes (1 switches on core 0)
2026-03-04 02:31:29.610 7 INFO neutron.plugins.ml2.drivers.ovn.mech_driver.mech_driver [None req-320c8380-6054-4290-a2ef-b730145b7e90 - - - - - -] OVN reports status down for port: 4a46e22a-fd5e-4c50-bac0-a886bc0fa6c3 [pid: 7|app: 0|req: 329/684] 10.0.0.58 () {34 vars in 1039 bytes} [Wed Mar 4 02:31:29 2026] GET /v2.0/security-groups?id=6dc3888f-7bc6-4e47-83ac-71fb9f4b0000&fields=id&fields=name => generated 88 bytes in 51 msecs (HTTP/1.1 200) 4 headers in 156 bytes (1 switches on core 0)
2026-03-04 02:31:29.739 7 INFO neutron.notifiers.nova [-] Nova event matching ['req-e7529ca0-5233-4e61-8c23-8f929a1808f8'] response: {'server_uuid': '22dafa79-c865-4cae-b6cd-2fb61c4468a7', 'name': 'network-vif-unplugged', 'status': 'completed', 'tag': '7e5135e4-0082-4558-bbb5-11866de1a5a8', 'code': 200}
2026-03-04 02:31:29.828 7 INFO neutron.plugins.ml2.drivers.ovn.mech_driver.mech_driver [None req-320c8380-6054-4290-a2ef-b730145b7e90 - - - - - -] OVN reports status down for port: 33f99d1c-5ad1-44d6-b104-51ca0b37ffa6
2026-03-04 02:31:29.981 7 WARNING neutron.plugins.ml2.drivers.ovn.mech_driver.ovsdb.ovn_client [None req-320c8380-6054-4290-a2ef-b730145b7e90 - - - - - -] Logical_Switch_Port 33f99d1c-5ad1-44d6-b104-51ca0b37ffa6 host information not removed, the port state is up
2026-03-04 02:31:29.981 7 INFO neutron.plugins.ml2.drivers.ovn.mech_driver.mech_driver [None req-320c8380-6054-4290-a2ef-b730145b7e90 - - - - - -] OVN reports status down for port: 8c1d7850-2e7c-4e7b-b61c-8312a50170a5
2026-03-04 02:31:30.110 8 WARNING neutron.scheduler.dhcp_agent_scheduler [None req-943b9a92-8073-4b47-b0e5-bc34f5b66f88 26a1f22563b84834af1918f2e803073f 65bfe7f670d7474d80908b2d72d8dcfe - - default default] No more DHCP agents
2026-03-04 02:31:30.111 8 WARNING neutron.api.rpc.agentnotifiers.dhcp_rpc_agent_api [None req-943b9a92-8073-4b47-b0e5-bc34f5b66f88 26a1f22563b84834af1918f2e803073f 65bfe7f670d7474d80908b2d72d8dcfe - - default default] Unable to schedule network 6c709d33-fe40-4659-a9c9-61ec80a367c1: no agents available; will retry on subsequent port and subnet creation events.
2026-03-04 02:31:30.173 7 WARNING neutron.plugins.ml2.drivers.ovn.mech_driver.ovsdb.ovn_client [None req-320c8380-6054-4290-a2ef-b730145b7e90 - - - - - -] Logical_Switch_Port 8c1d7850-2e7c-4e7b-b61c-8312a50170a5 host information not removed, the port state is up
2026-03-04 02:31:30.174 7 INFO neutron.plugins.ml2.drivers.ovn.mech_driver.mech_driver [None req-320c8380-6054-4290-a2ef-b730145b7e90 - - - - - -] OVN reports status up for port: 33f99d1c-5ad1-44d6-b104-51ca0b37ffa6
2026-03-04 02:31:30.199 7 INFO neutron.plugins.ml2.plugin [None req-320c8380-6054-4290-a2ef-b730145b7e90 - - - - - -] Attempt 1 to provision port 33f99d1c-5ad1-44d6-b104-51ca0b37ffa6
2026-03-04 02:31:30.595 8 INFO neutron.db.ovn_revision_numbers_db [None req-943b9a92-8073-4b47-b0e5-bc34f5b66f88 26a1f22563b84834af1918f2e803073f 65bfe7f670d7474d80908b2d72d8dcfe - - default default] Successfully bumped revision number for resource 65784677-6248-4027-a43b-1d916132f357 (type: router_ports) to 1 [pid: 8|app: 0|req: 356/685] 10.0.0.118 () {34 vars in 783 bytes} [Wed Mar 4 02:31:28 2026] PUT /v2.0/routers/968ac380-1e24-4092-a0bd-c4b03882a676/add_router_interface => generated 309 bytes in 1831 msecs (HTTP/1.1 200) 4 headers in 157 bytes (1 switches on core 0) [pid: 8|app: 0|req: 357/686] 199.204.45.99 () {34 vars in 983 bytes} [Wed Mar 4 02:31:30 2026] GET /v2.0/subnets?id=6f7da1ee-eadd-45e9-adeb-5ac66d341491 => generated 695 bytes in 36 msecs (HTTP/1.1 200) 4 headers in 157 bytes (1 switches on core 0)
2026-03-04 02:31:30.966 8 INFO neutron.db.ovn_revision_numbers_db [None req-72db4b3a-21a1-4cdc-8f85-17a9b3d0034d 002ebf5b621b4c0da6e44a6bf3d923a8 3d05fd91dc2b4dffb260916f2227a8b5 - - default default] Successfully bumped revision number for resource 3a225a1b-a8fe-4b5a-97cd-dadac5918bdd (type: security_groups) to 1
2026-03-04 02:31:30.978 8 INFO neutron.db.ovn_revision_numbers_db [None req-72db4b3a-21a1-4cdc-8f85-17a9b3d0034d 002ebf5b621b4c0da6e44a6bf3d923a8 3d05fd91dc2b4dffb260916f2227a8b5 - - default default] Successfully bumped revision number for resource 66028013-8ff2-46c5-9758-4011b9ba53e5 (type: security_group_rules) to 0
2026-03-04 02:31:30.991 8 INFO neutron.db.ovn_revision_numbers_db [None req-72db4b3a-21a1-4cdc-8f85-17a9b3d0034d 002ebf5b621b4c0da6e44a6bf3d923a8 3d05fd91dc2b4dffb260916f2227a8b5 - - default default] Successfully bumped revision number for resource 67447f36-2f8f-44cf-8b52-e503023c1edc (type: security_group_rules) to 0
2026-03-04 02:31:31.003 8 INFO neutron.db.ovn_revision_numbers_db [None req-72db4b3a-21a1-4cdc-8f85-17a9b3d0034d 002ebf5b621b4c0da6e44a6bf3d923a8 3d05fd91dc2b4dffb260916f2227a8b5 - - default default] Successfully bumped revision number for resource f64c3590-cfea-4f4d-8abe-27b2cc4c52eb (type: security_group_rules) to 0
2026-03-04 02:31:31.016 8 INFO neutron.db.ovn_revision_numbers_db [None req-72db4b3a-21a1-4cdc-8f85-17a9b3d0034d 002ebf5b621b4c0da6e44a6bf3d923a8 3d05fd91dc2b4dffb260916f2227a8b5 - - default default] Successfully bumped revision number for resource ff4df114-4a61-4e11-a240-ea954ec26839 (type: security_group_rules) to 0
2026-03-04 02:31:31.103 8 INFO neutron.db.segments_db [None req-72db4b3a-21a1-4cdc-8f85-17a9b3d0034d 002ebf5b621b4c0da6e44a6bf3d923a8 3d05fd91dc2b4dffb260916f2227a8b5 - - default default] Added segment 3ec02f3c-8baf-4f94-b7d7-54fc2403caa8 of type geneve for network bccba5d9-0c36-47de-beee-1f9ae092dfd7
2026-03-04 02:31:31.187 8 INFO neutron.db.segments_db [None req-72db4b3a-21a1-4cdc-8f85-17a9b3d0034d 002ebf5b621b4c0da6e44a6bf3d923a8 3d05fd91dc2b4dffb260916f2227a8b5 - - default default] Added segment 743cdedc-feb3-481d-acc8-122bd6a437f7 of type geneve for network 47646f64-c3e7-4165-a29e-0871ae54a845
2026-03-04 02:31:31.219 7 WARNING neutron.scheduler.dhcp_agent_scheduler [None req-7a654ef2-cecb-495f-b530-8e88cd39baf6 26a1f22563b84834af1918f2e803073f 65bfe7f670d7474d80908b2d72d8dcfe - - default default] No more DHCP agents
2026-03-04 02:31:31.220 7 WARNING neutron.api.rpc.agentnotifiers.dhcp_rpc_agent_api [None req-7a654ef2-cecb-495f-b530-8e88cd39baf6 26a1f22563b84834af1918f2e803073f 65bfe7f670d7474d80908b2d72d8dcfe - - default default] Unable to schedule network 6d0fe5c9-453f-4599-b3e7-c3097f9c13be: no agents available; will retry on subsequent port and subnet creation events.
2026-03-04 02:31:31.308 8 INFO neutron.db.ovn_revision_numbers_db [None req-72db4b3a-21a1-4cdc-8f85-17a9b3d0034d 002ebf5b621b4c0da6e44a6bf3d923a8 3d05fd91dc2b4dffb260916f2227a8b5 - - default default] Successfully bumped revision number for resource bccba5d9-0c36-47de-beee-1f9ae092dfd7 (type: networks) to 1
2026-03-04 02:31:31.474 7 INFO neutron.db.ovn_revision_numbers_db [None req-7f77e161-8dfc-4dff-aab4-7ea2ee8a8ab8 - - - - - -] Successfully bumped revision number for resource 33f99d1c-5ad1-44d6-b104-51ca0b37ffa6 (type: ports) to 4
2026-03-04 02:31:31.607 7 INFO neutron.db.ovn_revision_numbers_db [None req-7a654ef2-cecb-495f-b530-8e88cd39baf6 26a1f22563b84834af1918f2e803073f 65bfe7f670d7474d80908b2d72d8dcfe - - default default] Successfully bumped revision number for resource 5fecbad6-0136-49b0-9a22-6f552a7e656c (type: ports) to 1
2026-03-04 02:31:31.654 7 INFO neutron.plugins.ml2.drivers.ovn.mech_driver.ovsdb.ovsdb_monitor [None req-7f77e161-8dfc-4dff-aab4-7ea2ee8a8ab8 - - - - - -] Router 7da3485f-9348-457e-8a38-974e1221d823 is bound to host instance
2026-03-04 02:31:31.988 7 INFO neutron.db.ovn_revision_numbers_db [None req-320c8380-6054-4290-a2ef-b730145b7e90 - - - - - -] Successfully bumped revision number for resource 33f99d1c-5ad1-44d6-b104-51ca0b37ffa6 (type: ports) to 5
2026-03-04 02:31:32.035 8 WARNING neutron.scheduler.dhcp_agent_scheduler [None req-72db4b3a-21a1-4cdc-8f85-17a9b3d0034d 002ebf5b621b4c0da6e44a6bf3d923a8 3d05fd91dc2b4dffb260916f2227a8b5 - - default default] No more DHCP agents
2026-03-04 02:31:32.036 8 WARNING neutron.api.rpc.agentnotifiers.dhcp_rpc_agent_api [None req-72db4b3a-21a1-4cdc-8f85-17a9b3d0034d 002ebf5b621b4c0da6e44a6bf3d923a8 3d05fd91dc2b4dffb260916f2227a8b5 - - default default] Unable to schedule network bccba5d9-0c36-47de-beee-1f9ae092dfd7: no agents available; will retry on subsequent port and subnet creation events.
2026-03-04 02:31:32.175 8 INFO neutron.db.ovn_revision_numbers_db [None req-72db4b3a-21a1-4cdc-8f85-17a9b3d0034d 002ebf5b621b4c0da6e44a6bf3d923a8 3d05fd91dc2b4dffb260916f2227a8b5 - - default default] Successfully bumped revision number for resource 755ae1d1-a3a8-420a-8d83-bc7da7e13260 (type: ports) to 1
2026-03-04 02:31:32.268 8 INFO neutron.db.ovn_revision_numbers_db [None req-72db4b3a-21a1-4cdc-8f85-17a9b3d0034d 002ebf5b621b4c0da6e44a6bf3d923a8 3d05fd91dc2b4dffb260916f2227a8b5 - - default default] Successfully bumped revision number for resource 47646f64-c3e7-4165-a29e-0871ae54a845 (type: networks) to 1
2026-03-04 02:31:32.428 8 WARNING neutron.scheduler.dhcp_agent_scheduler [None req-72db4b3a-21a1-4cdc-8f85-17a9b3d0034d 002ebf5b621b4c0da6e44a6bf3d923a8 3d05fd91dc2b4dffb260916f2227a8b5 - - default default] No more DHCP agents
2026-03-04 02:31:32.430 8 WARNING neutron.api.rpc.agentnotifiers.dhcp_rpc_agent_api [None req-72db4b3a-21a1-4cdc-8f85-17a9b3d0034d 002ebf5b621b4c0da6e44a6bf3d923a8 3d05fd91dc2b4dffb260916f2227a8b5 - - default default] Unable to schedule network 47646f64-c3e7-4165-a29e-0871ae54a845: no agents available; will retry on subsequent port and subnet creation events.
2026-03-04 02:31:32.528 8 INFO neutron.db.ovn_revision_numbers_db [None req-72db4b3a-21a1-4cdc-8f85-17a9b3d0034d 002ebf5b621b4c0da6e44a6bf3d923a8 3d05fd91dc2b4dffb260916f2227a8b5 - - default default] Successfully bumped revision number for resource c2ec899b-c273-47e2-aaf0-671b434704d1 (type: ports) to 1 [pid: 8|app: 0|req: 358/687] 10.0.0.118 () {34 vars in 670 bytes} [Wed Mar 4 02:31:30 2026] POST /v2.0/networks => generated 1319 bytes in 1918 msecs (HTTP/1.1 201) 4 headers in 163 bytes (1 switches on core 0) [pid: 8|app: 0|req: 359/688] 199.204.45.99 () {34 vars in 1051 bytes} [Wed Mar 4 02:31:32 2026] GET /v2.0/ports?network_id=93930bbc-7c09-4c66-af4d-4a25305ca4fd&device_owner=network%3Adhcp => generated 12 bytes in 38 msecs (HTTP/1.1 200) 4 headers in 156 bytes (1 switches on core 0)
2026-03-04 02:31:32.605 7 INFO neutron.plugins.ml2.drivers.ovn.mech_driver.mech_driver [None req-b711d5d4-fcb0-4e77-bd84-7fc2e0d80326 - - - - - -] OVN reports status up for port: 8c1d7850-2e7c-4e7b-b61c-8312a50170a5 [pid: 8|app: 0|req: 360/689] 10.0.0.58 () {34 vars in 989 bytes} [Wed Mar 4 02:31:32 2026] GET /v2.0/ports?device_id=22dafa79-c865-4cae-b6cd-2fb61c4468a7 => generated 973 bytes in 48 msecs (HTTP/1.1 200) 4 headers in 157 bytes (1 switches on core 0)
2026-03-04 02:31:32.653 7 INFO neutron.plugins.ml2.plugin [None req-b711d5d4-fcb0-4e77-bd84-7fc2e0d80326 - - - - - -] Attempt 1 to provision port 8c1d7850-2e7c-4e7b-b61c-8312a50170a5
2026-03-04 02:31:32.779 8 INFO neutron.db.ovn_revision_numbers_db [None req-28d733e5-2355-4b2f-bb3a-89a543128291 dd7f22c2ca1044c2828d756ce61ebf04 c8def19601074074868e98a989d2d9b6 - - default default] Successfully bumped revision number for resource f5ead4d0-5178-4e7b-bc9c-a2abd33943ff (type: security_groups) to 1
2026-03-04 02:31:32.789 8 INFO neutron.db.ovn_revision_numbers_db [None req-28d733e5-2355-4b2f-bb3a-89a543128291 dd7f22c2ca1044c2828d756ce61ebf04 c8def19601074074868e98a989d2d9b6 - - default default] Successfully bumped revision number for resource 384ede69-46e1-4b25-9ef5-731d0e43a751 (type: security_group_rules) to 0
2026-03-04 02:31:32.799 8 INFO neutron.db.ovn_revision_numbers_db [None req-28d733e5-2355-4b2f-bb3a-89a543128291 dd7f22c2ca1044c2828d756ce61ebf04 c8def19601074074868e98a989d2d9b6 - - default default] Successfully bumped revision number for resource 7687565b-378b-4fe1-afdd-e28234270ca0 (type: security_group_rules) to 0 [pid: 8|app: 0|req: 361/690] 10.0.0.118 () {34 vars in 685 bytes} [Wed Mar 4 02:31:32 2026] POST /v2.0/security-groups => generated 1660 bytes in 190 msecs (HTTP/1.1 201) 4 headers in 163 bytes (1 switches on core 0) [pid: 8|app: 0|req: 364/693] 10.0.0.118 () {32 vars in 649 bytes} [Wed Mar 4 02:31:32 2026] GET /v2.0/networks => generated 1968 bytes in 86 msecs (HTTP/1.1 200) 4 headers in 158 bytes (1 switches on core 0)
2026-03-04 02:31:32.932 7 INFO neutron.plugins.ml2.drivers.ovn.mech_driver.mech_driver [None req-b711d5d4-fcb0-4e77-bd84-7fc2e0d80326 - - - - - -] OVN reports status down for port: 65784677-6248-4027-a43b-1d916132f357 [pid: 8|app: 0|req: 365/694] 199.204.45.99 () {34 vars in 1011 bytes} [Wed Mar 4 02:31:32 2026] GET /v2.0/networks/93930bbc-7c09-4c66-af4d-4a25305ca4fd?fields=segments => generated 14 bytes in 37 msecs (HTTP/1.1 200) 4 headers in 156 bytes (1 switches on core 0) [pid: 8|app: 0|req: 366/695] 10.0.0.58 () {34 vars in 1039 bytes} [Wed Mar 4 02:31:32 2026] GET /v2.0/security-groups?id=6dc3888f-7bc6-4e47-83ac-71fb9f4b0000&fields=id&fields=name => generated 88 bytes in 40 msecs (HTTP/1.1 200) 4 headers in 156 bytes (1 switches on core 0)
2026-03-04 02:31:33.145 8 INFO neutron.db.ovn_revision_numbers_db [None req-9b424f3a-ea96-4ea4-ad61-fb8f355da8f8 dd7f22c2ca1044c2828d756ce61ebf04 c8def19601074074868e98a989d2d9b6 - - default default] Successfully bumped revision number for resource b97c2aae-a98f-43fc-9b9b-3eedaffc9fd5 (type: security_group_rules) to 0
2026-03-04 02:31:33.147 7 WARNING neutron.plugins.ml2.drivers.ovn.mech_driver.ovsdb.ovn_client [None req-b711d5d4-fcb0-4e77-bd84-7fc2e0d80326 - - - - - -] Logical_Switch_Port 65784677-6248-4027-a43b-1d916132f357 host information not removed, the port state is up
2026-03-04 02:31:33.151 7 INFO neutron.plugins.ml2.drivers.ovn.mech_driver.mech_driver [None req-b711d5d4-fcb0-4e77-bd84-7fc2e0d80326 - - - - - -] OVN reports status up for port: 65784677-6248-4027-a43b-1d916132f357 [pid: 8|app: 0|req: 367/696] 10.0.0.118 () {34 vars in 695 bytes} [Wed Mar 4 02:31:33 2026] POST /v2.0/security-group-rules => generated 597 bytes in 185 msecs (HTTP/1.1 201) 4 headers in 162 bytes (1 switches on core 0)
2026-03-04 02:31:33.217 7 INFO neutron.plugins.ml2.plugin [None req-b711d5d4-fcb0-4e77-bd84-7fc2e0d80326 - - - - - -] Attempt 1 to provision port 65784677-6248-4027-a43b-1d916132f357
2026-03-04 02:31:33.308 8 INFO neutron_taas.services.taas.taas_plugin [None req-a9eb3ce9-e585-4aa5-b6a6-85bc2b34f735 002ebf5b621b4c0da6e44a6bf3d923a8 3d05fd91dc2b4dffb260916f2227a8b5 - - default default] TaaS: Handle Delete Port: 755ae1d1-a3a8-420a-8d83-bc7da7e13260
2026-03-04 02:31:33.311 8 INFO neutron_taas.services.taas.tap_mirror_plugin [None req-a9eb3ce9-e585-4aa5-b6a6-85bc2b34f735 002ebf5b621b4c0da6e44a6bf3d923a8 3d05fd91dc2b4dffb260916f2227a8b5 - - default default] Tap Mirror: Handle Delete Port: 755ae1d1-a3a8-420a-8d83-bc7da7e13260
2026-03-04 02:31:33.556 8 INFO neutron.services.segments.plugin [-] Segment 3ec02f3c-8baf-4f94-b7d7-54fc2403caa8 resource provider aggregate not found
2026-03-04 02:31:33.563 8 INFO neutron.services.segments.plugin [-] Segment 3ec02f3c-8baf-4f94-b7d7-54fc2403caa8 resource provider aggregate not found
2026-03-04 02:31:33.574 8 INFO neutron.services.segments.plugin [-] Segment 3ec02f3c-8baf-4f94-b7d7-54fc2403caa8 resource provider not found; error: Placement Client Error (4xx): {"errors": [{"status": 404, "title": "Not Found", "detail": "The resource could not be found.\n\n No resource provider with uuid 3ec02f3c-8baf-4f94-b7d7-54fc2403caa8 found for delete ", "request_id": "req-caddbe32-9e53-4622-816b-f0a5a5cf6873"}]}
2026-03-04 02:31:33.581 8 INFO neutron.services.segments.plugin [-] Segment 3ec02f3c-8baf-4f94-b7d7-54fc2403caa8 resource provider not found; error: Placement Client Error (4xx): {"errors": [{"status": 404, "title": "Not Found", "detail": "The resource could not be found.\n\n No resource provider with uuid 3ec02f3c-8baf-4f94-b7d7-54fc2403caa8 found for delete ", "request_id": "req-495ebcf6-6dd8-47bc-9e16-3880a8626d09"}]} [pid: 8|app: 0|req: 368/697] 10.0.0.118 () {32 vars in 726 bytes} [Wed Mar 4 02:31:33 2026] DELETE /v2.0/networks/bccba5d9-0c36-47de-beee-1f9ae092dfd7 => generated 0 bytes in 436 msecs (HTTP/1.1 204) 3 headers in 131 bytes (1 switches on core 0) [pid: 8|app: 0|req: 369/698] 199.204.45.99 () {34 vars in 1111 bytes} [Wed Mar 4 02:31:33 2026] GET /v2.0/networks/93930bbc-7c09-4c66-af4d-4a25305ca4fd?fields=provider%3Aphysical_network&fields=provider%3Anetwork_type => generated 79 bytes in 37 msecs (HTTP/1.1 200) 4 headers in 156 bytes (1 switches on core 0)
2026-03-04 02:31:33.777 8 INFO neutron.db.ovn_revision_numbers_db [None req-dde02517-c99d-4604-acea-5c33de34136e dd7f22c2ca1044c2828d756ce61ebf04 c8def19601074074868e98a989d2d9b6 - - default default] Successfully bumped revision number for resource c85b8b2f-ee3b-4a20-8e11-00f589739d42 (type: security_group_rules) to 0 [pid: 8|app: 0|req: 370/699] 10.0.0.118 () {34 vars in 695 bytes} [Wed Mar 4 02:31:33 2026] POST /v2.0/security-group-rules => generated 602 bytes in 144 msecs (HTTP/1.1 201) 4 headers in 162 bytes (1 switches on core 0)
2026-03-04 02:31:33.904 8 INFO neutron_taas.services.taas.taas_plugin [None req-2cac17e8-f754-41fa-8236-9d0ff3bdc36f 002ebf5b621b4c0da6e44a6bf3d923a8 3d05fd91dc2b4dffb260916f2227a8b5 - - default default] TaaS: Handle Delete Port: c2ec899b-c273-47e2-aaf0-671b434704d1
2026-03-04 02:31:33.906 8 INFO neutron_taas.services.taas.tap_mirror_plugin [None req-2cac17e8-f754-41fa-8236-9d0ff3bdc36f 002ebf5b621b4c0da6e44a6bf3d923a8 3d05fd91dc2b4dffb260916f2227a8b5 - - default default] Tap Mirror: Handle Delete Port: c2ec899b-c273-47e2-aaf0-671b434704d1
2026-03-04 02:31:33.933 7 WARNING neutron.scheduler.dhcp_agent_scheduler [None req-7a654ef2-cecb-495f-b530-8e88cd39baf6 26a1f22563b84834af1918f2e803073f 65bfe7f670d7474d80908b2d72d8dcfe - - default default] No more DHCP agents
2026-03-04 02:31:33.937 7 WARNING neutron.api.rpc.agentnotifiers.dhcp_rpc_agent_api [None req-7a654ef2-cecb-495f-b530-8e88cd39baf6 26a1f22563b84834af1918f2e803073f 65bfe7f670d7474d80908b2d72d8dcfe - - default default] Unable to schedule network 6d0fe5c9-453f-4599-b3e7-c3097f9c13be: no agents available; will retry on subsequent port and subnet creation events. [pid: 8|app: 0|req: 371/700] 10.0.0.118 () {32 vars in 726 bytes} [Wed Mar 4 02:31:33 2026] DELETE /v2.0/networks/47646f64-c3e7-4165-a29e-0871ae54a845 => generated 0 bytes in 316 msecs (HTTP/1.1 204) 3 headers in 131 bytes (1 switches on core 0)
2026-03-04 02:31:34.362 8 WARNING neutron.scheduler.dhcp_agent_scheduler [None req-a7630ef2-ed07-42d9-9b6c-4e2d513f56eb dd7f22c2ca1044c2828d756ce61ebf04 c8def19601074074868e98a989d2d9b6 - - default default] No more DHCP agents
2026-03-04 02:31:34.365 8 WARNING neutron.api.rpc.agentnotifiers.dhcp_rpc_agent_api [None req-a7630ef2-ed07-42d9-9b6c-4e2d513f56eb dd7f22c2ca1044c2828d756ce61ebf04 c8def19601074074868e98a989d2d9b6 - - default default] Unable to schedule network ba6afb45-2957-40b5-8f72-95fe3080f45e: no agents available; will retry on subsequent port and subnet creation events.
2026-03-04 02:31:34.445 7 INFO neutron.db.ovn_revision_numbers_db [None req-e74c634b-46a4-4b4c-a086-aa3ee9b768bb - - - - - -] Successfully bumped revision number for resource 8c1d7850-2e7c-4e7b-b61c-8312a50170a5 (type: ports) to 4
2026-03-04 02:31:34.620 7 INFO neutron.db.ovn_revision_numbers_db [None req-b711d5d4-fcb0-4e77-bd84-7fc2e0d80326 - - - - - -] Successfully bumped revision number for resource 65784677-6248-4027-a43b-1d916132f357 (type: ports) to 2 [pid: 8|app: 0|req: 372/701] 10.0.0.118 () {34 vars in 676 bytes} [Wed Mar 4 02:31:34 2026] POST /v2.0/floatingips => generated 552 bytes in 560 msecs (HTTP/1.1 201) 4 headers in 162 bytes (1 switches on core 0) [pid: 8|app: 0|req: 373/702] 10.0.0.58 () {34 vars in 989 bytes} [Wed Mar 4 02:31:34 2026] GET /v2.0/ports?device_id=22dafa79-c865-4cae-b6cd-2fb61c4468a7 => generated 973 bytes in 63 msecs (HTTP/1.1 200) 4 headers in 157 bytes (1 switches on core 0) [pid: 8|app: 0|req: 374/703] 10.0.0.118 () {32 vars in 649 bytes} [Wed Mar 4 02:31:34 2026] GET /v2.0/networks => generated 689 bytes in 41 msecs (HTTP/1.1 200) 4 headers in 157 bytes (1 switches on core 0) [pid: 8|app: 0|req: 375/704] 199.204.45.99 () {34 vars in 1079 bytes} [Wed Mar 4 02:31:34 2026] GET /v2.0/ports?tenant_id=36f1a8ae108c4cf7bd6d3a54e371b430&device_id=22dafa79-c865-4cae-b6cd-2fb61c4468a7 => generated 1211 bytes in 33 msecs (HTTP/1.1 200) 4 headers in 158 bytes (1 switches on core 0) [pid: 8|app: 0|req: 376/705] 10.0.0.58 () {34 vars in 1039 bytes} [Wed Mar 4 02:31:34 2026] GET /v2.0/security-groups?id=6dc3888f-7bc6-4e47-83ac-71fb9f4b0000&fields=id&fields=name => generated 88 bytes in 26 msecs (HTTP/1.1 200) 4 headers in 156 bytes (1 switches on core 0)
2026-03-04 02:31:34.937 8 INFO neutron.db.segments_db [None req-51642f34-3f4f-4163-bcee-1883142eb723 002ebf5b621b4c0da6e44a6bf3d923a8 3d05fd91dc2b4dffb260916f2227a8b5 - - default default] Added segment 2f28d84b-b63f-4baf-abcf-264f0d1f0024 of type geneve for network 92134907-64a2-42fa-93eb-99a7b4a83ee3
2026-03-04 02:31:35.144 8 INFO neutron.db.ovn_revision_numbers_db [None req-51642f34-3f4f-4163-bcee-1883142eb723 002ebf5b621b4c0da6e44a6bf3d923a8 3d05fd91dc2b4dffb260916f2227a8b5 - - default default] Successfully bumped revision number for resource 92134907-64a2-42fa-93eb-99a7b4a83ee3 (type: networks) to 1
2026-03-04 02:31:35.208 7 INFO neutron.db.ovn_revision_numbers_db [None req-7a654ef2-cecb-495f-b530-8e88cd39baf6 26a1f22563b84834af1918f2e803073f 65bfe7f670d7474d80908b2d72d8dcfe - - default default] Successfully bumped revision number for resource 5fecbad6-0136-49b0-9a22-6f552a7e656c (type: router_ports) to 1 [pid: 7|app: 0|req: 330/706] 10.0.0.118 () {34 vars in 783 bytes} [Wed Mar 4 02:31:29 2026] PUT /v2.0/routers/7da3485f-9348-457e-8a38-974e1221d823/add_router_interface => generated 309 bytes in 5569 msecs (HTTP/1.1 200) 4 headers in 157 bytes (1 switches on core 0) [pid: 7|app: 0|req: 331/707] 199.204.45.99 () {34 vars in 985 bytes} [Wed Mar 4 02:31:35 2026] GET /v2.0/networks?id=93930bbc-7c09-4c66-af4d-4a25305ca4fd => generated 813 bytes in 89 msecs (HTTP/1.1 200) 4 headers in 157 bytes (1 switches on core 0)
2026-03-04 02:31:35.328 8 WARNING neutron.scheduler.dhcp_agent_scheduler [None req-51642f34-3f4f-4163-bcee-1883142eb723 002ebf5b621b4c0da6e44a6bf3d923a8 3d05fd91dc2b4dffb260916f2227a8b5 - - default default] No more DHCP agents
2026-03-04 02:31:35.333 7 INFO neutron.db.ovn_revision_numbers_db [None req-e74c634b-46a4-4b4c-a086-aa3ee9b768bb - - - - - -] Successfully bumped revision number for resource 8c1d7850-2e7c-4e7b-b61c-8312a50170a5 (type: ports) to 5
2026-03-04 02:31:35.335 8 WARNING neutron.api.rpc.agentnotifiers.dhcp_rpc_agent_api [None req-51642f34-3f4f-4163-bcee-1883142eb723 002ebf5b621b4c0da6e44a6bf3d923a8 3d05fd91dc2b4dffb260916f2227a8b5 - - default default] Unable to schedule network 92134907-64a2-42fa-93eb-99a7b4a83ee3: no agents available; will retry on subsequent port and subnet creation events. [pid: 7|app: 0|req: 332/708] 10.0.0.58 () {34 vars in 1097 bytes} [Wed Mar 4 02:31:35 2026] GET /v2.0/security-groups?name=tempest-securitygroup--964564263&fields=id&tenant_id=c8def19601074074868e98a989d2d9b6 => generated 69 bytes in 54 msecs (HTTP/1.1 200) 4 headers in 156 bytes (1 switches on core 0) [pid: 7|app: 0|req: 333/709] 199.204.45.99 () {34 vars in 1059 bytes} [Wed Mar 4 02:31:35 2026] GET /v2.0/floatingips?fixed_ip_address=10.100.0.11&port_id=7e5135e4-0082-4558-bbb5-11866de1a5a8 => generated 19 bytes in 64 msecs (HTTP/1.1 200) 4 headers in 156 bytes (1 switches on core 0)
2026-03-04 02:31:35.443 8 INFO neutron.db.ovn_revision_numbers_db [None req-51642f34-3f4f-4163-bcee-1883142eb723 002ebf5b621b4c0da6e44a6bf3d923a8 3d05fd91dc2b4dffb260916f2227a8b5 - - default default] Successfully bumped revision number for resource 87d190c7-8105-4dcb-b71d-85cee49f3d85 (type: ports) to 1 [pid: 8|app: 0|req: 377/710] 10.0.0.118 () {34 vars in 670 bytes} [Wed Mar 4 02:31:34 2026] POST /v2.0/networks => generated 688 bytes in 619 msecs (HTTP/1.1 201) 4 headers in 162 bytes (1 switches on core 0) [pid: 8|app: 0|req: 378/711] 199.204.45.99 () {34 vars in 983 bytes} [Wed Mar 4 02:31:35 2026] GET /v2.0/subnets?id=6f7da1ee-eadd-45e9-adeb-5ac66d341491 => generated 695 bytes in 30 msecs (HTTP/1.1 200) 4 headers in 157 bytes (1 switches on core 0) [pid: 7|app: 0|req: 334/712] 10.0.0.58 () {34 vars in 981 bytes} [Wed Mar 4 02:31:35 2026] GET /v2.0/networks?id=6c709d33-fe40-4659-a9c9-61ec80a367c1 => generated 721 bytes in 121 msecs (HTTP/1.1 200) 4 headers in 157 bytes (1 switches on core 0)
2026-03-04 02:31:35.592 8 INFO neutron.db.segments_db [None req-85aff334-2189-4fb1-8d3b-601aa8f4a396 002ebf5b621b4c0da6e44a6bf3d923a8 3d05fd91dc2b4dffb260916f2227a8b5 - - default default] Added segment 59538419-5ab2-4be8-a917-914ac158acb3 of type geneve for network b3ce2764-9eca-4b24-99dc-5855813fc6a6
2026-03-04 02:31:35.600 8 INFO neutron.services.segments.plugin [-] Segment 743cdedc-feb3-481d-acc8-122bd6a437f7 resource provider aggregate not found
2026-03-04 02:31:35.608 8 INFO neutron.services.segments.plugin [-] Segment 743cdedc-feb3-481d-acc8-122bd6a437f7 resource provider aggregate not found [pid: 7|app: 0|req: 335/713] 199.204.45.99 () {34 vars in 1051 bytes} [Wed Mar 4 02:31:35 2026] GET /v2.0/ports?network_id=93930bbc-7c09-4c66-af4d-4a25305ca4fd&device_owner=network%3Adhcp => generated 12 bytes in 58 msecs (HTTP/1.1 200) 4 headers in 156 bytes (1 switches on core 0)
2026-03-04 02:31:35.625 8 INFO neutron.services.segments.plugin [-] Segment 743cdedc-feb3-481d-acc8-122bd6a437f7 resource provider not found; error: Placement Client Error (4xx): {"errors": [{"status": 404, "title": "Not Found", "detail": "The resource could not be found.\n\n No resource provider with uuid 743cdedc-feb3-481d-acc8-122bd6a437f7 found for delete ", "request_id": "req-a9580711-cb68-49a9-af17-4acac663cb35"}]} [pid: 7|app: 0|req: 336/714] 10.0.0.58 () {34 vars in 964 bytes} [Wed Mar 4 02:31:35 2026] GET /v2.0/quotas/c8def19601074074868e98a989d2d9b6 => generated 292 bytes in 14 msecs (HTTP/1.1 200) 4 headers in 157 bytes (1 switches on core 0)
2026-03-04 02:31:35.628 8 INFO neutron.services.segments.plugin [-] Segment 743cdedc-feb3-481d-acc8-122bd6a437f7 resource provider not found; error: Placement Client Error (4xx): {"errors": [{"status": 404, "title": "Not Found", "detail": "The resource could not be found.\n\n No resource provider with uuid 743cdedc-feb3-481d-acc8-122bd6a437f7 found for delete ", "request_id": "req-822fc98c-0341-46f1-918f-ba11b025a8ac"}]} [pid: 7|app: 0|req: 337/715] 199.204.45.99 () {34 vars in 1011 bytes} [Wed Mar 4 02:31:35 2026] GET /v2.0/networks/93930bbc-7c09-4c66-af4d-4a25305ca4fd?fields=segments => generated 14 bytes in 55 msecs (HTTP/1.1 200) 4 headers in 156 bytes (1 switches on core 0)
2026-03-04 02:31:35.731 8 INFO neutron.db.ovn_revision_numbers_db [None req-85aff334-2189-4fb1-8d3b-601aa8f4a396 002ebf5b621b4c0da6e44a6bf3d923a8 3d05fd91dc2b4dffb260916f2227a8b5 - - default default] Successfully bumped revision number for resource b3ce2764-9eca-4b24-99dc-5855813fc6a6 (type: networks) to 1 [pid: 7|app: 0|req: 338/716] 10.0.0.58 () {34 vars in 1001 bytes} [Wed Mar 4 02:31:35 2026] GET /v2.0/ports?tenant_id=c8def19601074074868e98a989d2d9b6&fields=id => generated 103 bytes in 112 msecs (HTTP/1.1 200) 4 headers in 157 bytes (1 switches on core 0) [pid: 7|app: 0|req: 339/717] 199.204.45.99 () {34 vars in 1111 bytes} [Wed Mar 4 02:31:35 2026] GET /v2.0/networks/93930bbc-7c09-4c66-af4d-4a25305ca4fd?fields=provider%3Aphysical_network&fields=provider%3Anetwork_type => generated 79 bytes in 65 msecs (HTTP/1.1 200) 4 headers in 156 bytes (1 switches on core 0)
2026-03-04 02:31:35.929 8 WARNING neutron.scheduler.dhcp_agent_scheduler [None req-85aff334-2189-4fb1-8d3b-601aa8f4a396 002ebf5b621b4c0da6e44a6bf3d923a8 3d05fd91dc2b4dffb260916f2227a8b5 - - default default] No more DHCP agents
2026-03-04 02:31:35.931 8 WARNING neutron.api.rpc.agentnotifiers.dhcp_rpc_agent_api [None req-85aff334-2189-4fb1-8d3b-601aa8f4a396 002ebf5b621b4c0da6e44a6bf3d923a8 3d05fd91dc2b4dffb260916f2227a8b5 - - default default] Unable to schedule network b3ce2764-9eca-4b24-99dc-5855813fc6a6: no agents available; will retry on subsequent port and subnet creation events.
2026-03-04 02:31:36.016 7 INFO neutron.db.ovn_revision_numbers_db [None req-5055240c-fc21-425a-a171-6080a1593417 2b637b9481fb4ff5987936102bd4122b 006a0aafaa1a419da98c679aa4a98c13 - - default default] Successfully bumped revision number for resource c051a443-9a96-4610-8fbc-0b57afe59179 (type: security_groups) to 1
2026-03-04 02:31:36.034 7 INFO neutron.db.ovn_revision_numbers_db [None req-5055240c-fc21-425a-a171-6080a1593417 2b637b9481fb4ff5987936102bd4122b 006a0aafaa1a419da98c679aa4a98c13 - - default default] Successfully bumped revision number for resource 407c2019-93de-41f8-917c-e6c5646b84ee (type: security_group_rules) to 0
2026-03-04 02:31:36.050 7 INFO neutron.db.ovn_revision_numbers_db [None req-5055240c-fc21-425a-a171-6080a1593417 2b637b9481fb4ff5987936102bd4122b 006a0aafaa1a419da98c679aa4a98c13 - - default default] Successfully bumped revision number for resource 66afb694-5c93-4d2f-bb66-7f817baac466 (type: security_group_rules) to 0
2026-03-04 02:31:36.073 8 INFO neutron.db.ovn_revision_numbers_db [None req-85aff334-2189-4fb1-8d3b-601aa8f4a396 002ebf5b621b4c0da6e44a6bf3d923a8 3d05fd91dc2b4dffb260916f2227a8b5 - - default default] Successfully bumped revision number for resource 3e9fcfea-e06b-404b-9910-c17c3892b289 (type: ports) to 1 [pid: 7|app: 0|req: 340/718] 10.0.0.118 () {34 vars in 685 bytes} [Wed Mar 4 02:31:35 2026] POST /v2.0/security-groups => generated 1661 bytes in 228 msecs (HTTP/1.1 201) 4 headers in 163 bytes (1 switches on core 0) [pid: 8|app: 0|req: 379/719] 10.0.0.118 () {34 vars in 670 bytes} [Wed Mar 4 02:31:35 2026] POST /v2.0/networks => generated 688 bytes in 598 msecs (HTTP/1.1 201) 4 headers in 162 bytes (1 switches on core 0) [pid: 7|app: 0|req: 341/720] 10.0.0.58 () {34 vars in 989 bytes} [Wed Mar 4 02:31:36 2026] GET /v2.0/ports?device_id=22dafa79-c865-4cae-b6cd-2fb61c4468a7 => generated 973 bytes in 65 msecs (HTTP/1.1 200) 4 headers in 157 bytes (1 switches on core 0)
2026-03-04 02:31:36.234 8 INFO neutron.db.ovn_revision_numbers_db [None req-1fcd2662-f29a-42e3-b939-4ae08987827b 2b637b9481fb4ff5987936102bd4122b 006a0aafaa1a419da98c679aa4a98c13 - - default default] Successfully bumped revision number for resource 6817af9c-e6c8-4eb5-8b12-3063b14b275d (type: security_group_rules) to 0 [pid: 8|app: 0|req: 380/721] 10.0.0.118 () {34 vars in 695 bytes} [Wed Mar 4 02:31:36 2026] POST /v2.0/security-group-rules => generated 597 bytes in 169 msecs (HTTP/1.1 201) 4 headers in 162 bytes (1 switches on core 0) [pid: 8|app: 0|req: 381/722] 10.0.0.58 () {34 vars in 906 bytes} [Wed Mar 4 02:31:36 2026] GET /v2.0/extensions => generated 20541 bytes in 38 msecs (HTTP/1.1 200) 4 headers in 159 bytes (1 switches on core 0) [pid: 8|app: 0|req: 382/723] 10.0.0.58 () {34 vars in 1039 bytes} [Wed Mar 4 02:31:36 2026] GET /v2.0/security-groups?id=6dc3888f-7bc6-4e47-83ac-71fb9f4b0000&fields=id&fields=name => generated 88 bytes in 34 msecs (HTTP/1.1 200) 4 headers in 156 bytes (1 switches on core 0)
2026-03-04 02:31:36.480 8 INFO neutron.db.ovn_revision_numbers_db [None req-6302d29c-5595-47ee-88a0-9eee8f2f4be3 2b637b9481fb4ff5987936102bd4122b 006a0aafaa1a419da98c679aa4a98c13 - - default default] Successfully bumped revision number for resource 0b7aff69-46c8-49c7-9cd9-fe04dd07839c (type: security_group_rules) to 0 [pid: 8|app: 0|req: 383/724] 10.0.0.118 () {34 vars in 695 bytes} [Wed Mar 4 02:31:36 2026] POST /v2.0/security-group-rules => generated 602 bytes in 191 msecs (HTTP/1.1 201) 4 headers in 162 bytes (1 switches on core 0)
2026-03-04 02:31:36.555 7 WARNING neutron.scheduler.dhcp_agent_scheduler [None req-64ff6821-c325-4e82-98ee-a617cce73e97 002ebf5b621b4c0da6e44a6bf3d923a8 3d05fd91dc2b4dffb260916f2227a8b5 - - default default] No more DHCP agents
2026-03-04 02:31:36.556 7 WARNING neutron.api.rpc.agentnotifiers.dhcp_rpc_agent_api [None req-64ff6821-c325-4e82-98ee-a617cce73e97 002ebf5b621b4c0da6e44a6bf3d923a8 3d05fd91dc2b4dffb260916f2227a8b5 - - default default] Unable to schedule network 92134907-64a2-42fa-93eb-99a7b4a83ee3: no agents available; will retry on subsequent port and subnet creation events. [pid: 8|app: 0|req: 384/725] 10.0.0.58 () {34 vars in 1007 bytes} [Wed Mar 4 02:31:36 2026] GET /v2.0/networks/6c709d33-fe40-4659-a9c9-61ec80a367c1?fields=segments => generated 14 bytes in 42 msecs (HTTP/1.1 200) 4 headers in 156 bytes (1 switches on core 0)
2026-03-04 02:31:36.734 7 INFO neutron.db.ovn_revision_numbers_db [None req-64ff6821-c325-4e82-98ee-a617cce73e97 002ebf5b621b4c0da6e44a6bf3d923a8 3d05fd91dc2b4dffb260916f2227a8b5 - - default default] Successfully bumped revision number for resource dc20521e-351b-4561-96e5-4493ce23787d (type: ports) to 1
2026-03-04 02:31:36.777 7 WARNING neutron.scheduler.dhcp_agent_scheduler [None req-64ff6821-c325-4e82-98ee-a617cce73e97 002ebf5b621b4c0da6e44a6bf3d923a8 3d05fd91dc2b4dffb260916f2227a8b5 - - default default] No more DHCP agents
2026-03-04 02:31:36.778 7 WARNING neutron.api.rpc.agentnotifiers.dhcp_rpc_agent_api [None req-64ff6821-c325-4e82-98ee-a617cce73e97 002ebf5b621b4c0da6e44a6bf3d923a8 3d05fd91dc2b4dffb260916f2227a8b5 - - default default] Unable to schedule network b3ce2764-9eca-4b24-99dc-5855813fc6a6: no agents available; will retry on subsequent port and subnet creation events.
2026-03-04 02:31:36.919 7 INFO neutron.db.ovn_revision_numbers_db [None req-64ff6821-c325-4e82-98ee-a617cce73e97 002ebf5b621b4c0da6e44a6bf3d923a8 3d05fd91dc2b4dffb260916f2227a8b5 - - default default] Successfully bumped revision number for resource 97ae3a55-cf46-4434-aa07-2c83091e1b90 (type: ports) to 1
2026-03-04 02:31:36.986 8 WARNING neutron.scheduler.dhcp_agent_scheduler [None req-44bf2292-a651-4a35-b1a3-421c0d7e6746 2b637b9481fb4ff5987936102bd4122b 006a0aafaa1a419da98c679aa4a98c13 - - default default] No more DHCP agents
2026-03-04 02:31:36.988 8 WARNING neutron.api.rpc.agentnotifiers.dhcp_rpc_agent_api [None req-44bf2292-a651-4a35-b1a3-421c0d7e6746 2b637b9481fb4ff5987936102bd4122b 006a0aafaa1a419da98c679aa4a98c13 - - default default] Unable to schedule network ba6afb45-2957-40b5-8f72-95fe3080f45e: no agents available; will retry on subsequent port and subnet creation events. [pid: 7|app: 0|req: 342/726] 10.0.0.118 () {34 vars in 665 bytes} [Wed Mar 4 02:31:36 2026] POST /v2.0/ports => generated 1506 bytes in 837 msecs (HTTP/1.1 201) 4 headers in 163 bytes (1 switches on core 0) /var/lib/openstack/lib/python3.12/site-packages/pycadf/identifier.py:70: UserWarning: Invalid uuid: neutron. To ensure interoperability, identifiers should be a valid uuid. warnings.warn(('Invalid uuid: %s. To ensure interoperability, ' [pid: 7|app: 0|req: 343/727] 10.0.0.58 () {34 vars in 1107 bytes} [Wed Mar 4 02:31:36 2026] GET /v2.0/networks/6c709d33-fe40-4659-a9c9-61ec80a367c1?fields=provider%3Aphysical_network&fields=provider%3Anetwork_type => generated 79 bytes in 41 msecs (HTTP/1.1 200) 4 headers in 156 bytes (1 switches on core 0) [pid: 7|app: 0|req: 344/728] 10.0.0.118 () {32 vars in 643 bytes} [Wed Mar 4 02:31:37 2026] GET /v2.0/ports => generated 3018 bytes in 62 msecs (HTTP/1.1 200) 4 headers in 158 bytes (1 switches on core 0) [pid: 8|app: 0|req: 385/729] 10.0.0.118 () {34 vars in 676 bytes} [Wed Mar 4 02:31:36 2026] POST /v2.0/floatingips => generated 552 bytes in 727 msecs (HTTP/1.1 201) 4 headers in 162 bytes (1 switches on core 0) [pid: 8|app: 0|req: 386/730] 10.0.0.58 () {34 vars in 989 bytes} [Wed Mar 4 02:31:37 2026] GET /v2.0/ports?device_id=0c385df9-6e48-42e7-8e19-1623ffbf7a7a => generated 12 bytes in 19 msecs (HTTP/1.1 200) 4 headers in 156 bytes (1 switches on core 0)
2026-03-04 02:31:37.323 7 INFO neutron_taas.services.taas.taas_plugin [None req-44b45480-1588-47ef-8e46-a1f987fb1b94 002ebf5b621b4c0da6e44a6bf3d923a8 3d05fd91dc2b4dffb260916f2227a8b5 - - default default] TaaS: Handle Delete Port: dc20521e-351b-4561-96e5-4493ce23787d
2026-03-04 02:31:37.341 7 INFO neutron_taas.services.taas.tap_mirror_plugin [None req-44b45480-1588-47ef-8e46-a1f987fb1b94 002ebf5b621b4c0da6e44a6bf3d923a8 3d05fd91dc2b4dffb260916f2227a8b5 - - default default] Tap Mirror: Handle Delete Port: dc20521e-351b-4561-96e5-4493ce23787d [pid: 8|app: 0|req: 387/731] 10.0.0.58 () {34 vars in 989 bytes} [Wed Mar 4 02:31:37 2026] GET /v2.0/ports?device_id=22dafa79-c865-4cae-b6cd-2fb61c4468a7 => generated 973 bytes in 69 msecs (HTTP/1.1 200) 4 headers in 157 bytes (1 switches on core 0) [pid: 8|app: 0|req: 388/732] 10.0.0.58 () {34 vars in 1039 bytes} [Wed Mar 4 02:31:37 2026] GET /v2.0/security-groups?id=6dc3888f-7bc6-4e47-83ac-71fb9f4b0000&fields=id&fields=name => generated 88 bytes in 27 msecs (HTTP/1.1 200) 4 headers in 156 bytes (1 switches on core 0) [pid: 7|app: 0|req: 345/733] 10.0.0.118 () {32 vars in 720 bytes} [Wed Mar 4 02:31:37 2026] DELETE /v2.0/ports/dc20521e-351b-4561-96e5-4493ce23787d => generated 0 bytes in 442 msecs (HTTP/1.1 204) 3 headers in 131 bytes (1 switches on core 0)
2026-03-04 02:31:37.736 8 INFO neutron_taas.services.taas.taas_plugin [None req-bf5e3eb6-ff7a-49d6-8653-35e091d31a12 002ebf5b621b4c0da6e44a6bf3d923a8 3d05fd91dc2b4dffb260916f2227a8b5 - - default default] TaaS: Handle Delete Port: 97ae3a55-cf46-4434-aa07-2c83091e1b90
