2026-06-23 19:53:52.029 9 INFO neutron.pecan_wsgi.hooks.translation [None req-e3f9bfcc-d24c-471f-a84e-0a45b2ff8547 118371cf5a9041c39859ecae0190f0cf 913bbcc3eb524dc6a90b51ef7f685b27 - - default default] DELETE failed (client error): The resource could not be found.
2026-06-23 19:53:52.031 9 INFO neutron.wsgi [None req-e3f9bfcc-d24c-471f-a84e-0a45b2ff8547 118371cf5a9041c39859ecae0190f0cf 913bbcc3eb524dc6a90b51ef7f685b27 - - default default] 10.0.0.93 "DELETE /v2.0/subnets/911216ab-1230-441b-84d7-45b7ab1312e7 HTTP/1.1" status: 404 len: 337 time: 0.0194645
2026-06-23 19:53:52.048 9 INFO neutron.pecan_wsgi.hooks.translation [None req-4df973ea-430b-41e8-baec-a30511b5b25c 118371cf5a9041c39859ecae0190f0cf 913bbcc3eb524dc6a90b51ef7f685b27 - - default default] DELETE failed (client error): The resource could not be found.
2026-06-23 19:53:52.051 9 INFO neutron.wsgi [None req-4df973ea-430b-41e8-baec-a30511b5b25c 118371cf5a9041c39859ecae0190f0cf 913bbcc3eb524dc6a90b51ef7f685b27 - - default default] 10.0.0.93 "DELETE /v2.0/subnets/5787dc48-cd20-4539-81bc-0666d4eee6a9 HTTP/1.1" status: 404 len: 337 time: 0.0154395
2026-06-23 19:53:52.278 9 INFO neutron.wsgi [None req-48a823ee-19db-4329-9006-38623d8ad5bf 118371cf5a9041c39859ecae0190f0cf 913bbcc3eb524dc6a90b51ef7f685b27 - - default default] 10.0.0.93 "DELETE /v2.0/ports/6a252aab-3efe-4f75-86e7-60204dbbdf79 HTTP/1.1" status: 204 len: 168 time: 0.2233033
2026-06-23 19:53:52.492 10 INFO neutron.wsgi [None req-fb76aa70-7e2a-421a-be1f-47db812806fa 2b18d60b87384b7b9789aa7c2c44bc0d f2920c33348246b08d55932abdebf6a6 - - default default] 10.0.0.93 "DELETE /v2.0/routers/f2639006-9cb6-4d7f-9c89-8f7b59d7a9fd HTTP/1.1" status: 204 len: 168 time: 0.6968520
2026-06-23 19:53:52.665 10 INFO neutron.wsgi [None req-902a3e90-2da1-41e2-8a4f-cae9de4a364e 118371cf5a9041c39859ecae0190f0cf 913bbcc3eb524dc6a90b51ef7f685b27 - - default default] 10.0.0.93 "DELETE /v2.0/networks/515c4312-a5e8-46fe-8e57-e65063640f70 HTTP/1.1" status: 204 len: 168 time: 0.3819530
2026-06-23 19:53:53.011 10 INFO neutron.services.segments.plugin [-] Segment 8b583e32-d0a2-4cd3-bf34-e19d68d10bbd resource provider aggregate not found
2026-06-23 19:53:53.024 10 INFO neutron.services.segments.plugin [-] Segment 8b583e32-d0a2-4cd3-bf34-e19d68d10bbd resource provider aggregate not found
2026-06-23 19:53:53.030 10 INFO neutron.services.segments.plugin [-] Segment 8b583e32-d0a2-4cd3-bf34-e19d68d10bbd resource provider not found; error: Placement Client Error (4xx): {"errors": [{"status": 404, "title": "Not Found", "detail": "The resource could not be found.\n\n No resource provider with uuid 8b583e32-d0a2-4cd3-bf34-e19d68d10bbd found for delete ", "request_id": "req-d0cd2022-c17f-46a0-bfd5-0cea11093ea9"}]}
2026-06-23 19:53:53.042 10 INFO neutron.services.segments.plugin [-] Segment 8b583e32-d0a2-4cd3-bf34-e19d68d10bbd resource provider not found; error: Placement Client Error (4xx): {"errors": [{"status": 404, "title": "Not Found", "detail": "The resource could not be found.\n\n No resource provider with uuid 8b583e32-d0a2-4cd3-bf34-e19d68d10bbd found for delete ", "request_id": "req-63ce9f54-016c-48bf-8e94-c246db921413"}]}
2026-06-23 19:53:53.139 9 INFO neutron.wsgi [None req-3f52f365-254c-40fd-bae2-e967d43b4874 2b18d60b87384b7b9789aa7c2c44bc0d f2920c33348246b08d55932abdebf6a6 - - default default] 10.0.0.93 "DELETE /v2.0/subnets/daea3168-edca-4867-bee0-4f7b2f246ac4 HTTP/1.1" status: 204 len: 168 time: 0.6396909
2026-06-23 19:53:53.222 10 INFO neutron.wsgi [None req-d1daf7cd-1b34-47a3-a552-edbc8fc7f70c 2b18d60b87384b7b9789aa7c2c44bc0d f2920c33348246b08d55932abdebf6a6 - - default default] 10.0.0.93 "GET /v2.0/security-groups?tenant_id=913bbcc3eb524dc6a90b51ef7f685b27&name=default HTTP/1.1" status: 200 len: 2996 time: 0.0740616
2026-06-23 19:53:53.353 9 INFO neutron.db.ovn_revision_numbers_db [None req-282ffa57-eb77-4136-8f03-4aa9e0fc4dad 2b18d60b87384b7b9789aa7c2c44bc0d f2920c33348246b08d55932abdebf6a6 - - default default] Successfully bumped revision number for resource fa4e291b-c5e1-4c2f-95c2-9b939752a4fa (type: security_groups) to 1
2026-06-23 19:53:53.377 9 INFO neutron.db.ovn_revision_numbers_db [None req-282ffa57-eb77-4136-8f03-4aa9e0fc4dad 2b18d60b87384b7b9789aa7c2c44bc0d f2920c33348246b08d55932abdebf6a6 - - default default] Successfully bumped revision number for resource 28ae83d7-90a7-4867-9403-7e65a9b1ee6b (type: security_group_rules) to 0
2026-06-23 19:53:53.391 9 INFO neutron.db.ovn_revision_numbers_db [None req-282ffa57-eb77-4136-8f03-4aa9e0fc4dad 2b18d60b87384b7b9789aa7c2c44bc0d f2920c33348246b08d55932abdebf6a6 - - default default] Successfully bumped revision number for resource e7b9d189-e075-4cce-bc3a-65de9f2392c4 (type: security_group_rules) to 0
2026-06-23 19:53:53.399 10 INFO neutron.wsgi [None req-16d932fe-2160-4ec8-b4a6-c067da15ffb0 2b18d60b87384b7b9789aa7c2c44bc0d f2920c33348246b08d55932abdebf6a6 - - default default] 10.0.0.93 "DELETE /v2.0/security-groups/0debd3ab-c095-4ad7-94f4-5ae8e3132b93 HTTP/1.1" status: 204 len: 168 time: 0.1671996
2026-06-23 19:53:53.407 9 INFO neutron.db.ovn_revision_numbers_db [None req-282ffa57-eb77-4136-8f03-4aa9e0fc4dad 2b18d60b87384b7b9789aa7c2c44bc0d f2920c33348246b08d55932abdebf6a6 - - default default] Successfully bumped revision number for resource eff875e7-5e52-48d0-9e0e-ad9286958f9b (type: security_group_rules) to 0
2026-06-23 19:53:53.435 9 INFO neutron.db.ovn_revision_numbers_db [None req-282ffa57-eb77-4136-8f03-4aa9e0fc4dad 2b18d60b87384b7b9789aa7c2c44bc0d f2920c33348246b08d55932abdebf6a6 - - default default] Successfully bumped revision number for resource f5647062-8035-42df-b95c-d944832c87bb (type: security_group_rules) to 0
2026-06-23 19:53:53.460 9 INFO neutron.wsgi [None req-282ffa57-eb77-4136-8f03-4aa9e0fc4dad 2b18d60b87384b7b9789aa7c2c44bc0d f2920c33348246b08d55932abdebf6a6 - - default default] 10.0.0.93 "GET /v2.0/security-groups?tenant_id=14c96393ed2345be83512615dc3f631b&name=default HTTP/1.1" status: 200 len: 2996 time: 0.7943535
2026-06-23 19:53:53.555 9 INFO neutron.services.segments.plugin [-] Segment 81997205-1397-46e6-9288-85b480e581c9 resource provider aggregate not found
2026-06-23 19:53:53.569 9 INFO neutron.services.segments.plugin [-] Segment 81997205-1397-46e6-9288-85b480e581c9 resource provider aggregate not found
2026-06-23 19:53:53.580 9 INFO neutron.services.segments.plugin [-] Segment 81997205-1397-46e6-9288-85b480e581c9 resource provider not found; error: Placement Client Error (4xx): {"errors": [{"status": 404, "title": "Not Found", "detail": "The resource could not be found.\n\n No resource provider with uuid 81997205-1397-46e6-9288-85b480e581c9 found for delete ", "request_id": "req-3c044b8a-f093-4f88-8924-3fa25194afbb"}]}
2026-06-23 19:53:53.586 9 INFO neutron.services.segments.plugin [-] Segment 81997205-1397-46e6-9288-85b480e581c9 resource provider not found; error: Placement Client Error (4xx): {"errors": [{"status": 404, "title": "Not Found", "detail": "The resource could not be found.\n\n No resource provider with uuid 81997205-1397-46e6-9288-85b480e581c9 found for delete ", "request_id": "req-8befaea9-9788-490d-996f-1d4322e0567f"}]}
2026-06-23 19:53:53.607 9 INFO neutron.wsgi [None req-78afd289-6b65-41ef-bb1a-944a65f243b1 2b18d60b87384b7b9789aa7c2c44bc0d f2920c33348246b08d55932abdebf6a6 - - default default] 10.0.0.93 "DELETE /v2.0/networks/5a4e8dca-2041-4b4c-9712-99493d7b372a HTTP/1.1" status: 204 len: 168 time: 0.4610245
2026-06-23 19:53:53.669 10 INFO neutron.wsgi [None req-517892e0-7c3b-4b8a-a132-10ede810c8c3 2b18d60b87384b7b9789aa7c2c44bc0d f2920c33348246b08d55932abdebf6a6 - - default default] 10.0.0.93 "DELETE /v2.0/security-groups/fa4e291b-c5e1-4c2f-95c2-9b939752a4fa HTTP/1.1" status: 204 len: 168 time: 0.1970308
2026-06-23 19:53:53.827 9 INFO neutron.wsgi [None req-81ac2609-b4af-4fd1-9ced-296bed80d537 2b18d60b87384b7b9789aa7c2c44bc0d f2920c33348246b08d55932abdebf6a6 - - default default] 10.0.0.93 "GET /v2.0/security-groups?tenant_id=037c555a50ea4c93855a364336e3e932&name=default HTTP/1.1" status: 200 len: 2996 time: 0.0461574
2026-06-23 19:53:54.004 10 INFO neutron.db.ovn_revision_numbers_db [None req-213102cb-0f42-421b-aaf8-eefaabebddbd 2b18d60b87384b7b9789aa7c2c44bc0d f2920c33348246b08d55932abdebf6a6 - - default default] Successfully bumped revision number for resource f2b92111-94ef-4d56-b7bf-d1aca5b2c4b9 (type: security_groups) to 1
2026-06-23 19:53:54.017 10 INFO neutron.db.ovn_revision_numbers_db [None req-213102cb-0f42-421b-aaf8-eefaabebddbd 2b18d60b87384b7b9789aa7c2c44bc0d f2920c33348246b08d55932abdebf6a6 - - default default] Successfully bumped revision number for resource 53935781-bfcc-44e7-ab38-f6facdfde544 (type: security_group_rules) to 0
2026-06-23 19:53:54.044 10 INFO neutron.db.ovn_revision_numbers_db [None req-213102cb-0f42-421b-aaf8-eefaabebddbd 2b18d60b87384b7b9789aa7c2c44bc0d f2920c33348246b08d55932abdebf6a6 - - default default] Successfully bumped revision number for resource 6b95d265-b49e-40e3-a336-c949c78d03bb (type: security_group_rules) to 0
2026-06-23 19:53:54.056 10 INFO neutron.db.ovn_revision_numbers_db [None req-213102cb-0f42-421b-aaf8-eefaabebddbd 2b18d60b87384b7b9789aa7c2c44bc0d f2920c33348246b08d55932abdebf6a6 - - default default] Successfully bumped revision number for resource 9dc22195-5cd2-4364-a88a-828ea1c8a4e5 (type: security_group_rules) to 0
2026-06-23 19:53:54.058 9 INFO neutron.wsgi [None req-5c1c89d8-bf6b-431e-bcbe-884903b2a74b 2b18d60b87384b7b9789aa7c2c44bc0d f2920c33348246b08d55932abdebf6a6 - - default default] 10.0.0.93 "DELETE /v2.0/security-groups/1e32f5d5-feb2-4e05-99f1-d8f3a265ec63 HTTP/1.1" status: 204 len: 168 time: 0.2273681
2026-06-23 19:53:54.067 10 INFO neutron.db.ovn_revision_numbers_db [None req-213102cb-0f42-421b-aaf8-eefaabebddbd 2b18d60b87384b7b9789aa7c2c44bc0d f2920c33348246b08d55932abdebf6a6 - - default default] Successfully bumped revision number for resource dc5a6063-6cc9-443f-91ce-1aeba3acd959 (type: security_group_rules) to 0
2026-06-23 19:53:54.091 10 INFO neutron.wsgi [None req-213102cb-0f42-421b-aaf8-eefaabebddbd 2b18d60b87384b7b9789aa7c2c44bc0d f2920c33348246b08d55932abdebf6a6 - - default default] 10.0.0.93 "GET /v2.0/security-groups?tenant_id=47e1f2dd26ad403a9ab3e61ba5ef7a8c&name=default HTTP/1.1" status: 200 len: 2996 time: 0.1781344
2026-06-23 19:53:54.263 10 INFO neutron.wsgi [None req-8fb9fbdb-83f8-4cdf-a23d-76c5ea55e860 2b18d60b87384b7b9789aa7c2c44bc0d f2920c33348246b08d55932abdebf6a6 - - default default] 10.0.0.93 "DELETE /v2.0/security-groups/f2b92111-94ef-4d56-b7bf-d1aca5b2c4b9 HTTP/1.1" status: 204 len: 168 time: 0.1677051
2026-06-23 19:53:55.804 10 INFO neutron.db.ovn_revision_numbers_db [None req-721139ec-990e-4676-87e3-66fe4c5436a9 7857c390197041dd9271de74dc1c7596 625b657a8d044e0d8fee75979ff1cab9 - - default default] Successfully bumped revision number for resource 32c5f45a-a344-4351-9aa0-fe922a30af74 (type: security_groups) to 1
2026-06-23 19:53:55.819 10 INFO neutron.db.ovn_revision_numbers_db [None req-721139ec-990e-4676-87e3-66fe4c5436a9 7857c390197041dd9271de74dc1c7596 625b657a8d044e0d8fee75979ff1cab9 - - default default] Successfully bumped revision number for resource 2e2c2500-0e8f-49a1-aab4-aa03f1248b1b (type: security_group_rules) to 0
2026-06-23 19:53:55.831 10 INFO neutron.db.ovn_revision_numbers_db [None req-721139ec-990e-4676-87e3-66fe4c5436a9 7857c390197041dd9271de74dc1c7596 625b657a8d044e0d8fee75979ff1cab9 - - default default] Successfully bumped revision number for resource 4eb14ac3-3548-4d03-a05c-e2e5d1488d09 (type: security_group_rules) to 0
2026-06-23 19:53:55.843 10 INFO neutron.db.ovn_revision_numbers_db [None req-721139ec-990e-4676-87e3-66fe4c5436a9 7857c390197041dd9271de74dc1c7596 625b657a8d044e0d8fee75979ff1cab9 - - default default] Successfully bumped revision number for resource 55ab177a-7704-4558-81ce-7850119ebf26 (type: security_group_rules) to 0
2026-06-23 19:53:55.859 10 INFO neutron.db.ovn_revision_numbers_db [None req-721139ec-990e-4676-87e3-66fe4c5436a9 7857c390197041dd9271de74dc1c7596 625b657a8d044e0d8fee75979ff1cab9 - - default default] Successfully bumped revision number for resource 61ffb419-6f94-4ce2-b386-6082fb531871 (type: security_group_rules) to 0
2026-06-23 19:53:55.912 10 INFO neutron.db.segments_db [None req-721139ec-990e-4676-87e3-66fe4c5436a9 7857c390197041dd9271de74dc1c7596 625b657a8d044e0d8fee75979ff1cab9 - - default default] Added segment 86422853-c9e4-4974-a624-493ebe640d9e of type geneve for network 7234a7f8-f82b-4e3d-bf40-96c119c3cac5
2026-06-23 19:53:56.070 10 INFO neutron.db.ovn_revision_numbers_db [None req-721139ec-990e-4676-87e3-66fe4c5436a9 7857c390197041dd9271de74dc1c7596 625b657a8d044e0d8fee75979ff1cab9 - - default default] Successfully bumped revision number for resource 7234a7f8-f82b-4e3d-bf40-96c119c3cac5 (type: networks) to 1
2026-06-23 19:53:56.231 10 WARNING neutron.scheduler.dhcp_agent_scheduler [None req-721139ec-990e-4676-87e3-66fe4c5436a9 7857c390197041dd9271de74dc1c7596 625b657a8d044e0d8fee75979ff1cab9 - - default default] No more DHCP agents
2026-06-23 19:53:56.232 10 WARNING neutron.api.rpc.agentnotifiers.dhcp_rpc_agent_api [None req-721139ec-990e-4676-87e3-66fe4c5436a9 7857c390197041dd9271de74dc1c7596 625b657a8d044e0d8fee75979ff1cab9 - - default default] Unable to schedule network 7234a7f8-f82b-4e3d-bf40-96c119c3cac5: no agents available; will retry on subsequent port and subnet creation events.
2026-06-23 19:53:56.311 10 INFO neutron.db.ovn_revision_numbers_db [None req-721139ec-990e-4676-87e3-66fe4c5436a9 7857c390197041dd9271de74dc1c7596 625b657a8d044e0d8fee75979ff1cab9 - - default default] Successfully bumped revision number for resource f68db95e-b1c2-42a4-9feb-60ee4f64ecef (type: ports) to 1
2026-06-23 19:53:56.335 10 INFO neutron.wsgi [None req-721139ec-990e-4676-87e3-66fe4c5436a9 7857c390197041dd9271de74dc1c7596 625b657a8d044e0d8fee75979ff1cab9 - - default default] 10.0.0.93 "POST /v2.0/networks HTTP/1.1" status: 201 len: 833 time: 0.9990683
2026-06-23 19:53:56.434 10 INFO neutron.db.segments_db [None req-6743b629-8b4a-493e-9019-0717f5dcd0fd 7857c390197041dd9271de74dc1c7596 625b657a8d044e0d8fee75979ff1cab9 - - default default] Added segment d7ccffcc-5473-4331-9e09-6d11d509e769 of type geneve for network 1d83a9ee-3953-49bb-8e70-24b6ea69bedb
2026-06-23 19:53:56.568 10 INFO neutron.db.ovn_revision_numbers_db [None req-6743b629-8b4a-493e-9019-0717f5dcd0fd 7857c390197041dd9271de74dc1c7596 625b657a8d044e0d8fee75979ff1cab9 - - default default] Successfully bumped revision number for resource 1d83a9ee-3953-49bb-8e70-24b6ea69bedb (type: networks) to 1
2026-06-23 19:53:56.747 10 WARNING neutron.scheduler.dhcp_agent_scheduler [None req-6743b629-8b4a-493e-9019-0717f5dcd0fd 7857c390197041dd9271de74dc1c7596 625b657a8d044e0d8fee75979ff1cab9 - - default default] No more DHCP agents
2026-06-23 19:53:56.751 10 WARNING neutron.api.rpc.agentnotifiers.dhcp_rpc_agent_api [None req-6743b629-8b4a-493e-9019-0717f5dcd0fd 7857c390197041dd9271de74dc1c7596 625b657a8d044e0d8fee75979ff1cab9 - - default default] Unable to schedule network 1d83a9ee-3953-49bb-8e70-24b6ea69bedb: no agents available; will retry on subsequent port and subnet creation events.
2026-06-23 19:53:57.002 9 INFO neutron.db.ovn_revision_numbers_db [None req-d58584bc-e7a1-4c1d-8cfa-fb2375d0fcd8 2b18d60b87384b7b9789aa7c2c44bc0d f2920c33348246b08d55932abdebf6a6 - - default default] Successfully bumped revision number for resource cf64a00e-8780-4e2a-b1cf-60c94e87b7fd (type: security_groups) to 1
2026-06-23 19:53:57.022 9 INFO neutron.db.ovn_revision_numbers_db [None req-d58584bc-e7a1-4c1d-8cfa-fb2375d0fcd8 2b18d60b87384b7b9789aa7c2c44bc0d f2920c33348246b08d55932abdebf6a6 - - default default] Successfully bumped revision number for resource 1df5e375-6bdd-4ad6-ac60-3ea1c61c297e (type: security_group_rules) to 0
2026-06-23 19:53:57.038 9 INFO neutron.db.ovn_revision_numbers_db [None req-d58584bc-e7a1-4c1d-8cfa-fb2375d0fcd8 2b18d60b87384b7b9789aa7c2c44bc0d f2920c33348246b08d55932abdebf6a6 - - default default] Successfully bumped revision number for resource 510358c7-d9e1-4e13-a794-d8367a7167aa (type: security_group_rules) to 0
2026-06-23 19:53:57.051 9 INFO neutron.db.ovn_revision_numbers_db [None req-d58584bc-e7a1-4c1d-8cfa-fb2375d0fcd8 2b18d60b87384b7b9789aa7c2c44bc0d f2920c33348246b08d55932abdebf6a6 - - default default] Successfully bumped revision number for resource 9514bef8-fe6e-4ae5-9d0f-bb3cbc866f3f (type: security_group_rules) to 0
2026-06-23 19:53:57.069 9 INFO neutron.db.ovn_revision_numbers_db [None req-d58584bc-e7a1-4c1d-8cfa-fb2375d0fcd8 2b18d60b87384b7b9789aa7c2c44bc0d f2920c33348246b08d55932abdebf6a6 - - default default] Successfully bumped revision number for resource cb04a0f4-f71f-4260-8752-480e87a12298 (type: security_group_rules) to 0
2026-06-23 19:53:57.094 9 INFO neutron.wsgi [None req-d58584bc-e7a1-4c1d-8cfa-fb2375d0fcd8 2b18d60b87384b7b9789aa7c2c44bc0d f2920c33348246b08d55932abdebf6a6 - - default default] 10.0.0.93 "GET /v2.0/security-groups?tenant_id=b45c8eb0da2347a49e86f9468173ecd9&name=default HTTP/1.1" status: 200 len: 2996 time: 0.3532727
2026-06-23 19:53:57.197 10 INFO neutron.db.ovn_revision_numbers_db [None req-6743b629-8b4a-493e-9019-0717f5dcd0fd 7857c390197041dd9271de74dc1c7596 625b657a8d044e0d8fee75979ff1cab9 - - default default] Successfully bumped revision number for resource 92be1f26-f044-48ea-a664-fa2b63285c8f (type: ports) to 1
2026-06-23 19:53:57.222 10 INFO neutron.wsgi [None req-6743b629-8b4a-493e-9019-0717f5dcd0fd 7857c390197041dd9271de74dc1c7596 625b657a8d044e0d8fee75979ff1cab9 - - default default] 10.0.0.93 "POST /v2.0/networks HTTP/1.1" status: 201 len: 833 time: 0.8824966
2026-06-23 19:53:57.415 9 INFO neutron.wsgi [None req-9dfb7042-c0ba-4823-993d-99ed6906ea6b 2b18d60b87384b7b9789aa7c2c44bc0d f2920c33348246b08d55932abdebf6a6 - - default default] 10.0.0.93 "DELETE /v2.0/security-groups/cf64a00e-8780-4e2a-b1cf-60c94e87b7fd HTTP/1.1" status: 204 len: 168 time: 0.3160381
2026-06-23 19:53:57.549 9 WARNING neutron.scheduler.dhcp_agent_scheduler [None req-8935d8e5-69a7-4e9b-909d-685ab49f9ffc 7857c390197041dd9271de74dc1c7596 625b657a8d044e0d8fee75979ff1cab9 - - default default] No more DHCP agents
2026-06-23 19:53:57.551 9 WARNING neutron.api.rpc.agentnotifiers.dhcp_rpc_agent_api [None req-8935d8e5-69a7-4e9b-909d-685ab49f9ffc 7857c390197041dd9271de74dc1c7596 625b657a8d044e0d8fee75979ff1cab9 - - default default] Unable to schedule network 7234a7f8-f82b-4e3d-bf40-96c119c3cac5: no agents available; will retry on subsequent port and subnet creation events.
2026-06-23 19:53:57.590 9 INFO neutron.db.ovn_revision_numbers_db [None req-8935d8e5-69a7-4e9b-909d-685ab49f9ffc 7857c390197041dd9271de74dc1c7596 625b657a8d044e0d8fee75979ff1cab9 - - default default] Successfully bumped revision number for resource 7c4e652b-4273-439c-8462-49d414584e08 (type: subnets) to 0
2026-06-23 19:53:57.609 9 INFO neutron.wsgi [None req-8935d8e5-69a7-4e9b-909d-685ab49f9ffc 7857c390197041dd9271de74dc1c7596 625b657a8d044e0d8fee75979ff1cab9 - - default default] 10.0.0.93 "POST /v2.0/subnets HTTP/1.1" status: 201 len: 821 time: 0.3810997
2026-06-23 19:53:57.918 9 WARNING neutron.scheduler.dhcp_agent_scheduler [None req-e22db337-d561-4d41-99bf-16654278b633 7857c390197041dd9271de74dc1c7596 625b657a8d044e0d8fee75979ff1cab9 - - default default] No more DHCP agents
2026-06-23 19:53:57.919 9 WARNING neutron.api.rpc.agentnotifiers.dhcp_rpc_agent_api [None req-e22db337-d561-4d41-99bf-16654278b633 7857c390197041dd9271de74dc1c7596 625b657a8d044e0d8fee75979ff1cab9 - - default default] Unable to schedule network 1d83a9ee-3953-49bb-8e70-24b6ea69bedb: no agents available; will retry on subsequent port and subnet creation events.
2026-06-23 19:53:57.974 9 INFO neutron.db.ovn_revision_numbers_db [None req-e22db337-d561-4d41-99bf-16654278b633 7857c390197041dd9271de74dc1c7596 625b657a8d044e0d8fee75979ff1cab9 - - default default] Successfully bumped revision number for resource 5fb8004c-ecba-4bd2-893d-7c5eafe38f7d (type: subnets) to 0
2026-06-23 19:53:58.005 9 INFO neutron.wsgi [None req-e22db337-d561-4d41-99bf-16654278b633 7857c390197041dd9271de74dc1c7596 625b657a8d044e0d8fee75979ff1cab9 - - default default] 10.0.0.93 "POST /v2.0/subnets HTTP/1.1" status: 201 len: 830 time: 0.3910093
2026-06-23 19:53:58.022 10 INFO neutron.db.ovn_revision_numbers_db [None req-d2da0c66-948c-4146-a490-3c5ae257f69f 2b18d60b87384b7b9789aa7c2c44bc0d f2920c33348246b08d55932abdebf6a6 - - default default] Successfully bumped revision number for resource 0bb21299-bab3-443a-9d42-22bc47634331 (type: security_groups) to 1
2026-06-23 19:53:58.036 10 INFO neutron.db.ovn_revision_numbers_db [None req-d2da0c66-948c-4146-a490-3c5ae257f69f 2b18d60b87384b7b9789aa7c2c44bc0d f2920c33348246b08d55932abdebf6a6 - - default default] Successfully bumped revision number for resource 4b75b1ac-014e-45af-bb40-e2f07082cafd (type: security_group_rules) to 0
2026-06-23 19:53:58.058 10 INFO neutron.db.ovn_revision_numbers_db [None req-d2da0c66-948c-4146-a490-3c5ae257f69f 2b18d60b87384b7b9789aa7c2c44bc0d f2920c33348246b08d55932abdebf6a6 - - default default] Successfully bumped revision number for resource 74ca16da-f4cc-4562-aaac-355e85b95caa (type: security_group_rules) to 0
2026-06-23 19:53:58.077 10 INFO neutron.db.ovn_revision_numbers_db [None req-d2da0c66-948c-4146-a490-3c5ae257f69f 2b18d60b87384b7b9789aa7c2c44bc0d f2920c33348246b08d55932abdebf6a6 - - default default] Successfully bumped revision number for resource a587a616-3c1f-48bc-aaec-77ca5b6945ef (type: security_group_rules) to 0
2026-06-23 19:53:58.091 10 INFO neutron.db.ovn_revision_numbers_db [None req-d2da0c66-948c-4146-a490-3c5ae257f69f 2b18d60b87384b7b9789aa7c2c44bc0d f2920c33348246b08d55932abdebf6a6 - - default default] Successfully bumped revision number for resource e312a7bd-d034-457e-963b-f868f5cff949 (type: security_group_rules) to 0
2026-06-23 19:53:58.094 9 INFO neutron.db.ovn_revision_numbers_db [None req-28cae271-2600-4d6a-a777-40a6122cd588 e320b5cc38b245d5b2eee0a2b9463e60 020170546d7e41caaec5c8b189532116 - - default default] Successfully bumped revision number for resource 4ecd3042-b972-4185-97b6-662804eee265 (type: security_groups) to 1
2026-06-23 19:53:58.117 10 INFO neutron.wsgi [None req-d2da0c66-948c-4146-a490-3c5ae257f69f 2b18d60b87384b7b9789aa7c2c44bc0d f2920c33348246b08d55932abdebf6a6 - - default default] 10.0.0.93 "GET /v2.0/security-groups?tenant_id=07495e272d084abe9a38f2cab8f3154b&name=default HTTP/1.1" status: 200 len: 2996 time: 0.2468147
2026-06-23 19:53:58.148 9 INFO neutron.db.ovn_revision_numbers_db [None req-28cae271-2600-4d6a-a777-40a6122cd588 e320b5cc38b245d5b2eee0a2b9463e60 020170546d7e41caaec5c8b189532116 - - default default] Successfully bumped revision number for resource 0e3f08d9-ac86-4a04-8cd2-b9c60454fdf5 (type: security_group_rules) to 0
2026-06-23 19:53:58.197 9 INFO neutron.db.ovn_revision_numbers_db [None req-28cae271-2600-4d6a-a777-40a6122cd588 e320b5cc38b245d5b2eee0a2b9463e60 020170546d7e41caaec5c8b189532116 - - default default] Successfully bumped revision number for resource 3caf6fad-e228-4c68-bcb3-6097234434d5 (type: security_group_rules) to 0
2026-06-23 19:53:58.207 9 INFO neutron.db.ovn_revision_numbers_db [None req-dbed5d34-ca84-436f-b95b-2a9e6c4ff66c 7857c390197041dd9271de74dc1c7596 625b657a8d044e0d8fee75979ff1cab9 - - default default] Successfully bumped revision number for resource 02eb4992-1a5d-4c30-9147-834f5bcf1a2b (type: routers) to 1
2026-06-23 19:53:58.217 9 INFO neutron.db.ovn_revision_numbers_db [None req-28cae271-2600-4d6a-a777-40a6122cd588 e320b5cc38b245d5b2eee0a2b9463e60 020170546d7e41caaec5c8b189532116 - - default default] Successfully bumped revision number for resource c0c613a4-23ac-4304-82bf-131669f2b50f (type: security_group_rules) to 0
2026-06-23 19:53:58.225 9 INFO neutron.wsgi [None req-dbed5d34-ca84-436f-b95b-2a9e6c4ff66c 7857c390197041dd9271de74dc1c7596 625b657a8d044e0d8fee75979ff1cab9 - - default default] 10.0.0.93 "POST /v2.0/routers HTTP/1.1" status: 201 len: 691 time: 0.2142160
2026-06-23 19:53:58.256 9 INFO neutron.db.ovn_revision_numbers_db [None req-28cae271-2600-4d6a-a777-40a6122cd588 e320b5cc38b245d5b2eee0a2b9463e60 020170546d7e41caaec5c8b189532116 - - default default] Successfully bumped revision number for resource f0ca9e78-4cf5-4afb-a368-122194f65c64 (type: security_group_rules) to 0
2026-06-23 19:53:58.318 9 INFO neutron.db.segments_db [None req-28cae271-2600-4d6a-a777-40a6122cd588 e320b5cc38b245d5b2eee0a2b9463e60 020170546d7e41caaec5c8b189532116 - - default default] Added segment dee38e3c-4947-430e-9b1c-19a929432426 of type geneve for network fab3f996-d372-4b1b-86ef-0c5e1e261e02
2026-06-23 19:53:58.373 10 INFO neutron.wsgi [None req-148a32b9-d343-41b3-98a1-bc84d2d768d5 2b18d60b87384b7b9789aa7c2c44bc0d f2920c33348246b08d55932abdebf6a6 - - default default] 10.0.0.93 "DELETE /v2.0/security-groups/0bb21299-bab3-443a-9d42-22bc47634331 HTTP/1.1" status: 204 len: 168 time: 0.2479680
2026-06-23 19:53:58.520 9 INFO neutron.db.ovn_revision_numbers_db [None req-28cae271-2600-4d6a-a777-40a6122cd588 e320b5cc38b245d5b2eee0a2b9463e60 020170546d7e41caaec5c8b189532116 - - default default] Successfully bumped revision number for resource fab3f996-d372-4b1b-86ef-0c5e1e261e02 (type: networks) to 1
2026-06-23 19:53:58.633 10 INFO neutron.db.ovn_revision_numbers_db [None req-22ab1e5b-9eda-4304-8d55-63cd669292f8 2b18d60b87384b7b9789aa7c2c44bc0d f2920c33348246b08d55932abdebf6a6 - - default default] Successfully bumped revision number for resource 6ec74281-22f6-4c37-850a-2263e0385a1b (type: security_groups) to 1
2026-06-23 19:53:58.647 10 INFO neutron.db.ovn_revision_numbers_db [None req-22ab1e5b-9eda-4304-8d55-63cd669292f8 2b18d60b87384b7b9789aa7c2c44bc0d f2920c33348246b08d55932abdebf6a6 - - default default] Successfully bumped revision number for resource 01f9a52e-bfe6-468a-9204-25246fdd1e60 (type: security_group_rules) to 0
2026-06-23 19:53:58.661 10 INFO neutron.db.ovn_revision_numbers_db [None req-22ab1e5b-9eda-4304-8d55-63cd669292f8 2b18d60b87384b7b9789aa7c2c44bc0d f2920c33348246b08d55932abdebf6a6 - - default default] Successfully bumped revision number for resource 3e95aca7-7dd9-4b7f-b961-375d2c1402ae (type: security_group_rules) to 0
2026-06-23 19:53:58.677 10 INFO neutron.db.ovn_revision_numbers_db [None req-22ab1e5b-9eda-4304-8d55-63cd669292f8 2b18d60b87384b7b9789aa7c2c44bc0d f2920c33348246b08d55932abdebf6a6 - - default default] Successfully bumped revision number for resource a52b6a3b-ef06-4821-8d72-ca54137db88c (type: security_group_rules) to 0
2026-06-23 19:53:58.691 10 INFO neutron.db.ovn_revision_numbers_db [None req-22ab1e5b-9eda-4304-8d55-63cd669292f8 2b18d60b87384b7b9789aa7c2c44bc0d f2920c33348246b08d55932abdebf6a6 - - default default] Successfully bumped revision number for resource e0ed78df-097d-4bf3-9e94-03ee9c818ea3 (type: security_group_rules) to 0
2026-06-23 19:53:58.727 10 INFO neutron.wsgi [None req-22ab1e5b-9eda-4304-8d55-63cd669292f8 2b18d60b87384b7b9789aa7c2c44bc0d f2920c33348246b08d55932abdebf6a6 - - default default] 10.0.0.93 "GET /v2.0/security-groups?tenant_id=c448758cad624bf89620aee412c36298&name=default HTTP/1.1" status: 200 len: 2996 time: 0.1984406
2026-06-23 19:53:58.767 9 WARNING neutron.scheduler.dhcp_agent_scheduler [None req-28cae271-2600-4d6a-a777-40a6122cd588 e320b5cc38b245d5b2eee0a2b9463e60 020170546d7e41caaec5c8b189532116 - - default default] No more DHCP agents
2026-06-23 19:53:58.770 9 WARNING neutron.api.rpc.agentnotifiers.dhcp_rpc_agent_api [None req-28cae271-2600-4d6a-a777-40a6122cd588 e320b5cc38b245d5b2eee0a2b9463e60 020170546d7e41caaec5c8b189532116 - - default default] Unable to schedule network fab3f996-d372-4b1b-86ef-0c5e1e261e02: no agents available; will retry on subsequent port and subnet creation events.
2026-06-23 19:53:58.810 9 WARNING neutron.scheduler.dhcp_agent_scheduler [None req-ef1ca883-ea17-4254-9ab3-b514fadb31e4 7857c390197041dd9271de74dc1c7596 625b657a8d044e0d8fee75979ff1cab9 - - default default] No more DHCP agents
2026-06-23 19:53:58.813 9 WARNING neutron.api.rpc.agentnotifiers.dhcp_rpc_agent_api [None req-ef1ca883-ea17-4254-9ab3-b514fadb31e4 7857c390197041dd9271de74dc1c7596 625b657a8d044e0d8fee75979ff1cab9 - - default default] Unable to schedule network 7234a7f8-f82b-4e3d-bf40-96c119c3cac5: no agents available; will retry on subsequent port and subnet creation events.
2026-06-23 19:53:58.873 9 INFO neutron.db.ovn_revision_numbers_db [None req-28cae271-2600-4d6a-a777-40a6122cd588 e320b5cc38b245d5b2eee0a2b9463e60 020170546d7e41caaec5c8b189532116 - - default default] Successfully bumped revision number for resource 13a86572-6131-4f7a-85e5-bcccac9a281a (type: ports) to 1
2026-06-23 19:53:58.901 9 INFO neutron.wsgi [None req-28cae271-2600-4d6a-a777-40a6122cd588 e320b5cc38b245d5b2eee0a2b9463e60 020170546d7e41caaec5c8b189532116 - - default default] 10.0.0.93 "POST /v2.0/networks HTTP/1.1" status: 201 len: 831 time: 1.2222517
2026-06-23 19:53:58.950 9 INFO neutron.db.ovn_revision_numbers_db [None req-ef1ca883-ea17-4254-9ab3-b514fadb31e4 7857c390197041dd9271de74dc1c7596 625b657a8d044e0d8fee75979ff1cab9 - - default default] Successfully bumped revision number for resource 46b1446a-b176-4a0c-99ef-bb87df1cf93c (type: ports) to 1
2026-06-23 19:53:58.976 10 INFO neutron.wsgi [-] 10.0.0.239 "GET / HTTP/1.1" status: 200 len: 246 time: 0.0022106
2026-06-23 19:53:58.978 10 INFO neutron.wsgi [-] 10.0.0.239 "GET / HTTP/1.1" status: 200 len: 246 time: 0.0013080
2026-06-23 19:53:58.991 10 INFO neutron.wsgi [None req-3ce11ba0-05e1-4064-8f36-86103b3d5cae 2b18d60b87384b7b9789aa7c2c44bc0d f2920c33348246b08d55932abdebf6a6 - - default default] 10.0.0.93 "DELETE /v2.0/security-groups/6ec74281-22f6-4c37-850a-2263e0385a1b HTTP/1.1" status: 204 len: 168 time: 0.2591922
2026-06-23 19:53:59.586 10 INFO neutron.db.ovn_revision_numbers_db [None req-f4563d73-9e83-48ba-a24d-cbcdd1efcf73 5e51e0d32b3949949c91e10aee5848ff 122b847cca0a437294fa44e2d6c9602b - - default default] Successfully bumped revision number for resource 951af574-de6d-4214-a418-d83af1381664 (type: security_groups) to 1
2026-06-23 19:53:59.605 10 INFO neutron.db.ovn_revision_numbers_db [None req-f4563d73-9e83-48ba-a24d-cbcdd1efcf73 5e51e0d32b3949949c91e10aee5848ff 122b847cca0a437294fa44e2d6c9602b - - default default] Successfully bumped revision number for resource 70267d97-bf82-406e-b27e-d6d86435f5fd (type: security_group_rules) to 0
2026-06-23 19:53:59.626 10 INFO neutron.db.ovn_revision_numbers_db [None req-f4563d73-9e83-48ba-a24d-cbcdd1efcf73 5e51e0d32b3949949c91e10aee5848ff 122b847cca0a437294fa44e2d6c9602b - - default default] Successfully bumped revision number for resource 7e5a1f7e-add1-459f-8cbe-5e7a6b3623b6 (type: security_group_rules) to 0
2026-06-23 19:53:59.651 10 INFO neutron.db.ovn_revision_numbers_db [None req-f4563d73-9e83-48ba-a24d-cbcdd1efcf73 5e51e0d32b3949949c91e10aee5848ff 122b847cca0a437294fa44e2d6c9602b - - default default] Successfully bumped revision number for resource a8580844-bd93-4526-a6af-2ff6e617643b (type: security_group_rules) to 0
2026-06-23 19:53:59.667 10 INFO neutron.db.ovn_revision_numbers_db [None req-f4563d73-9e83-48ba-a24d-cbcdd1efcf73 5e51e0d32b3949949c91e10aee5848ff 122b847cca0a437294fa44e2d6c9602b - - default default] Successfully bumped revision number for resource d0028429-e69d-402b-954f-c5284f60326d (type: security_group_rules) to 0
2026-06-23 19:53:59.689 9 INFO neutron.plugins.ml2.drivers.ovn.mech_driver.mech_driver [None req-4df46f37-8bdc-4170-b649-fd88ecb8fd25 - - - - - -] OVN reports status up for port: 46b1446a-b176-4a0c-99ef-bb87df1cf93c
2026-06-23 19:53:59.710 9 INFO neutron.plugins.ml2.plugin [None req-4df46f37-8bdc-4170-b649-fd88ecb8fd25 - - - - - -] Attempt 1 to provision port 46b1446a-b176-4a0c-99ef-bb87df1cf93c
2026-06-23 19:53:59.718 10 INFO neutron.db.segments_db [None req-f4563d73-9e83-48ba-a24d-cbcdd1efcf73 5e51e0d32b3949949c91e10aee5848ff 122b847cca0a437294fa44e2d6c9602b - - default default] Added segment f8926ad1-e3a6-4c96-a851-3a6b3e9f2b03 of type geneve for network 93379537-ea2e-4f61-9c8b-a6a642684114
2026-06-23 19:53:59.743 9 INFO neutron.db.ovn_revision_numbers_db [None req-ef1ca883-ea17-4254-9ab3-b514fadb31e4 7857c390197041dd9271de74dc1c7596 625b657a8d044e0d8fee75979ff1cab9 - - default default] Successfully bumped revision number for resource 46b1446a-b176-4a0c-99ef-bb87df1cf93c (type: router_ports) to 1
2026-06-23 19:53:59.799 9 WARNING neutron.scheduler.dhcp_agent_scheduler [None req-8f1c73af-7d2b-436d-95ad-eb41bffcdf38 e320b5cc38b245d5b2eee0a2b9463e60 020170546d7e41caaec5c8b189532116 - - default default] No more DHCP agents
2026-06-23 19:53:59.812 9 WARNING neutron.api.rpc.agentnotifiers.dhcp_rpc_agent_api [None req-8f1c73af-7d2b-436d-95ad-eb41bffcdf38 e320b5cc38b245d5b2eee0a2b9463e60 020170546d7e41caaec5c8b189532116 - - default default] Unable to schedule network 40607a6e-90de-4a78-89f4-9721d51919dd: no agents available; will retry on subsequent port and subnet creation events.
2026-06-23 19:53:59.900 10 INFO neutron.db.ovn_revision_numbers_db [None req-f4563d73-9e83-48ba-a24d-cbcdd1efcf73 5e51e0d32b3949949c91e10aee5848ff 122b847cca0a437294fa44e2d6c9602b - - default default] Successfully bumped revision number for resource 93379537-ea2e-4f61-9c8b-a6a642684114 (type: networks) to 1
2026-06-23 19:53:59.941 9 INFO neutron.db.ovn_revision_numbers_db [None req-ef1ca883-ea17-4254-9ab3-b514fadb31e4 7857c390197041dd9271de74dc1c7596 625b657a8d044e0d8fee75979ff1cab9 - - default default] Successfully bumped revision number for resource 46b1446a-b176-4a0c-99ef-bb87df1cf93c (type: ports) to 1
2026-06-23 19:54:00.069 9 WARNING neutron.scheduler.dhcp_agent_scheduler [None req-ef1ca883-ea17-4254-9ab3-b514fadb31e4 7857c390197041dd9271de74dc1c7596 625b657a8d044e0d8fee75979ff1cab9 - - default default] No more DHCP agents
2026-06-23 19:54:00.070 9 WARNING neutron.api.rpc.agentnotifiers.dhcp_rpc_agent_api [None req-ef1ca883-ea17-4254-9ab3-b514fadb31e4 7857c390197041dd9271de74dc1c7596 625b657a8d044e0d8fee75979ff1cab9 - - default default] Unable to schedule network 7234a7f8-f82b-4e3d-bf40-96c119c3cac5: no agents available; will retry on subsequent port and subnet creation events.
2026-06-23 19:54:00.074 9 INFO neutron.db.ovn_revision_numbers_db [None req-8f1c73af-7d2b-436d-95ad-eb41bffcdf38 e320b5cc38b245d5b2eee0a2b9463e60 020170546d7e41caaec5c8b189532116 - - default default] Successfully bumped revision number for resource 7baa7821-c3b3-4999-96e0-835507678a8d (type: ports) to 1
2026-06-23 19:54:00.112 10 WARNING neutron.scheduler.dhcp_agent_scheduler [None req-f4563d73-9e83-48ba-a24d-cbcdd1efcf73 5e51e0d32b3949949c91e10aee5848ff 122b847cca0a437294fa44e2d6c9602b - - default default] No more DHCP agents
2026-06-23 19:54:00.114 10 WARNING neutron.api.rpc.agentnotifiers.dhcp_rpc_agent_api [None req-f4563d73-9e83-48ba-a24d-cbcdd1efcf73 5e51e0d32b3949949c91e10aee5848ff 122b847cca0a437294fa44e2d6c9602b - - default default] Unable to schedule network 93379537-ea2e-4f61-9c8b-a6a642684114: no agents available; will retry on subsequent port and subnet creation events.
2026-06-23 19:54:00.203 9 INFO neutron.db.ovn_revision_numbers_db [None req-4df46f37-8bdc-4170-b649-fd88ecb8fd25 - - - - - -] Successfully bumped revision number for resource 46b1446a-b176-4a0c-99ef-bb87df1cf93c (type: ports) to 2
2026-06-23 19:54:00.239 10 INFO neutron.db.ovn_revision_numbers_db [None req-f4563d73-9e83-48ba-a24d-cbcdd1efcf73 5e51e0d32b3949949c91e10aee5848ff 122b847cca0a437294fa44e2d6c9602b - - default default] Successfully bumped revision number for resource 96b36321-5829-4089-9ddd-f195db88a26e (type: ports) to 1
2026-06-23 19:54:00.271 10 INFO neutron.wsgi [None req-f4563d73-9e83-48ba-a24d-cbcdd1efcf73 5e51e0d32b3949949c91e10aee5848ff 122b847cca0a437294fa44e2d6c9602b - - default default] 10.0.0.93 "POST /v2.0/networks HTTP/1.1" status: 201 len: 849 time: 0.9929845
2026-06-23 19:54:00.404 9 INFO neutron.db.ovn_revision_numbers_db [None req-ef1ca883-ea17-4254-9ab3-b514fadb31e4 7857c390197041dd9271de74dc1c7596 625b657a8d044e0d8fee75979ff1cab9 - - default default] Successfully bumped revision number for resource 46b1446a-b176-4a0c-99ef-bb87df1cf93c (type: router_ports) to 2
2026-06-23 19:54:00.406 9 INFO neutron.wsgi [None req-ef1ca883-ea17-4254-9ab3-b514fadb31e4 7857c390197041dd9271de74dc1c7596 625b657a8d044e0d8fee75979ff1cab9 - - default default] 10.0.0.93 "PUT /v2.0/routers/02eb4992-1a5d-4c30-9147-834f5bcf1a2b/add_router_interface HTTP/1.1" status: 200 len: 503 time: 2.1737673
2026-06-23 19:54:00.457 9 INFO neutron.wsgi [None req-16fec2ca-bc8f-437f-b6b6-dfdf7cb4ca0c 7857c390197041dd9271de74dc1c7596 625b657a8d044e0d8fee75979ff1cab9 - - default default] 10.0.0.93 "GET /v2.0/ports/46b1446a-b176-4a0c-99ef-bb87df1cf93c HTTP/1.1" status: 200 len: 1141 time: 0.0439532
2026-06-23 19:54:00.599 10 WARNING neutron.scheduler.dhcp_agent_scheduler [None req-8185d0cf-a75a-437e-8869-4735f50873de 5e51e0d32b3949949c91e10aee5848ff 122b847cca0a437294fa44e2d6c9602b - - default default] No more DHCP agents
2026-06-23 19:54:00.605 10 WARNING neutron.api.rpc.agentnotifiers.dhcp_rpc_agent_api [None req-8185d0cf-a75a-437e-8869-4735f50873de 5e51e0d32b3949949c91e10aee5848ff 122b847cca0a437294fa44e2d6c9602b - - default default] Unable to schedule network 93379537-ea2e-4f61-9c8b-a6a642684114: no agents available; will retry on subsequent port and subnet creation events.
2026-06-23 19:54:00.642 10 INFO neutron.db.ovn_revision_numbers_db [None req-8185d0cf-a75a-437e-8869-4735f50873de 5e51e0d32b3949949c91e10aee5848ff 122b847cca0a437294fa44e2d6c9602b - - default default] Successfully bumped revision number for resource ef91dfc0-5d03-4572-8232-61c1046102f6 (type: subnets) to 0
2026-06-23 19:54:00.662 10 INFO neutron.wsgi [None req-8185d0cf-a75a-437e-8869-4735f50873de 5e51e0d32b3949949c91e10aee5848ff 122b847cca0a437294fa44e2d6c9602b - - default default] 10.0.0.93 "POST /v2.0/subnets HTTP/1.1" status: 201 len: 802 time: 0.3857002
2026-06-23 19:54:00.919 9 INFO neutron.plugins.ml2.drivers.ovn.mech_driver.ovsdb.ovsdb_monitor [None req-5f8b5cff-92fc-4522-a52a-a01a6398c654 - - - - - -] Router ad685498-881a-43ee-ae98-bf25b93578c2 is bound to host instance
2026-06-23 19:54:00.986 9 INFO neutron.db.ovn_revision_numbers_db [None req-8f1c73af-7d2b-436d-95ad-eb41bffcdf38 e320b5cc38b245d5b2eee0a2b9463e60 020170546d7e41caaec5c8b189532116 - - default default] Successfully bumped revision number for resource 7baa7821-c3b3-4999-96e0-835507678a8d (type: router_ports) to 1
2026-06-23 19:54:01.003 10 WARNING neutron.scheduler.dhcp_agent_scheduler [None req-98f32a59-d8ec-4491-8618-0f55a24eb4b0 7857c390197041dd9271de74dc1c7596 625b657a8d044e0d8fee75979ff1cab9 - - default default] No more DHCP agents
2026-06-23 19:54:01.006 10 WARNING neutron.api.rpc.agentnotifiers.dhcp_rpc_agent_api [None req-98f32a59-d8ec-4491-8618-0f55a24eb4b0 7857c390197041dd9271de74dc1c7596 625b657a8d044e0d8fee75979ff1cab9 - - default default] Unable to schedule network 1d83a9ee-3953-49bb-8e70-24b6ea69bedb: no agents available; will retry on subsequent port and subnet creation events.
2026-06-23 19:54:01.130 10 INFO neutron.db.ovn_revision_numbers_db [None req-98f32a59-d8ec-4491-8618-0f55a24eb4b0 7857c390197041dd9271de74dc1c7596 625b657a8d044e0d8fee75979ff1cab9 - - default default] Successfully bumped revision number for resource 7bec4385-1d4d-4eae-bd3f-46eeb3a554d4 (type: ports) to 1
2026-06-23 19:54:01.301 9 INFO neutron.db.ovn_revision_numbers_db [None req-8f1c73af-7d2b-436d-95ad-eb41bffcdf38 e320b5cc38b245d5b2eee0a2b9463e60 020170546d7e41caaec5c8b189532116 - - default default] Successfully bumped revision number for resource ad685498-881a-43ee-ae98-bf25b93578c2 (type: routers) to 2
2026-06-23 19:54:01.339 9 INFO neutron.wsgi [None req-8f1c73af-7d2b-436d-95ad-eb41bffcdf38 e320b5cc38b245d5b2eee0a2b9463e60 020170546d7e41caaec5c8b189532116 - - default default] 10.0.0.93 "POST /v2.0/routers HTTP/1.1" status: 201 len: 874 time: 2.4274704
2026-06-23 19:54:01.539 9 WARNING neutron.scheduler.dhcp_agent_scheduler [None req-7217ec24-260f-48df-b670-a0a6c0c280fd 5e51e0d32b3949949c91e10aee5848ff 122b847cca0a437294fa44e2d6c9602b - - default default] No more DHCP agents
2026-06-23 19:54:01.541 9 WARNING neutron.api.rpc.agentnotifiers.dhcp_rpc_agent_api [None req-7217ec24-260f-48df-b670-a0a6c0c280fd 5e51e0d32b3949949c91e10aee5848ff 122b847cca0a437294fa44e2d6c9602b - - default default] Unable to schedule network 40607a6e-90de-4a78-89f4-9721d51919dd: no agents available; will retry on subsequent port and subnet creation events.
2026-06-23 19:54:01.594 10 INFO neutron.db.ovn_revision_numbers_db [None req-98f32a59-d8ec-4491-8618-0f55a24eb4b0 7857c390197041dd9271de74dc1c7596 625b657a8d044e0d8fee75979ff1cab9 - - default default] Successfully bumped revision number for resource 7bec4385-1d4d-4eae-bd3f-46eeb3a554d4 (type: router_ports) to 1
2026-06-23 19:54:01.623 9 INFO neutron.wsgi [None req-b97dab4b-6048-46bb-bc72-c9d9d1214f7e f5b7f1c9898549f2b7bc7ff4cfc50250 2a2e5d57636c4ac480e776936bb8fab5 - - default default] 10.0.0.93 "GET /v2.0/subnets?project_id=020170546d7e41caaec5c8b189532116&cidr=10.100.0.0%2F28 HTTP/1.1" status: 200 len: 207 time: 0.2719321
2026-06-23 19:54:01.729 10 INFO neutron.wsgi [None req-bd87e160-268a-4d41-8478-92e647c83bea f5b7f1c9898549f2b7bc7ff4cfc50250 2a2e5d57636c4ac480e776936bb8fab5 - - default default] 10.0.0.93 "GET /v2.0/networks?router%3Aexternal=True HTTP/1.1" status: 200 len: 947 time: 0.0996056
2026-06-23 19:54:01.757 10 INFO neutron.db.ovn_revision_numbers_db [None req-98f32a59-d8ec-4491-8618-0f55a24eb4b0 7857c390197041dd9271de74dc1c7596 625b657a8d044e0d8fee75979ff1cab9 - - default default] Successfully bumped revision number for resource 7bec4385-1d4d-4eae-bd3f-46eeb3a554d4 (type: ports) to 1
2026-06-23 19:54:01.766 9 INFO neutron.wsgi [None req-e6257939-0afc-4058-a91d-bd683469a81f f5b7f1c9898549f2b7bc7ff4cfc50250 2a2e5d57636c4ac480e776936bb8fab5 - - default default] 10.0.0.93 "GET /v2.0/subnets?network_id=40607a6e-90de-4a78-89f4-9721d51919dd&cidr=10.100.0.0%2F28 HTTP/1.1" status: 200 len: 207 time: 0.0326316
2026-06-23 19:54:01.780 9 INFO neutron.db.ovn_revision_numbers_db [None req-7217ec24-260f-48df-b670-a0a6c0c280fd 5e51e0d32b3949949c91e10aee5848ff 122b847cca0a437294fa44e2d6c9602b - - default default] Successfully bumped revision number for resource 8817c3e9-a2b6-41be-9e18-0e3af47e6527 (type: ports) to 1
2026-06-23 19:54:01.831 10 WARNING neutron.scheduler.dhcp_agent_scheduler [None req-98f32a59-d8ec-4491-8618-0f55a24eb4b0 7857c390197041dd9271de74dc1c7596 625b657a8d044e0d8fee75979ff1cab9 - - default default] No more DHCP agents
2026-06-23 19:54:01.832 10 WARNING neutron.api.rpc.agentnotifiers.dhcp_rpc_agent_api [None req-98f32a59-d8ec-4491-8618-0f55a24eb4b0 7857c390197041dd9271de74dc1c7596 625b657a8d044e0d8fee75979ff1cab9 - - default default] Unable to schedule network 1d83a9ee-3953-49bb-8e70-24b6ea69bedb: no agents available; will retry on subsequent port and subnet creation events.
2026-06-23 19:54:01.873 9 INFO neutron.db.ovn_revision_numbers_db [None req-5f8b5cff-92fc-4522-a52a-a01a6398c654 - - - - - -] Successfully bumped revision number for resource 7baa7821-c3b3-4999-96e0-835507678a8d (type: ports) to 1
2026-06-23 19:54:02.205 9 WARNING neutron.scheduler.dhcp_agent_scheduler [None req-878ba721-96cc-419b-9eb7-35f3a94af999 e320b5cc38b245d5b2eee0a2b9463e60 020170546d7e41caaec5c8b189532116 - - default default] No more DHCP agents
2026-06-23 19:54:02.212 9 WARNING neutron.api.rpc.agentnotifiers.dhcp_rpc_agent_api [None req-878ba721-96cc-419b-9eb7-35f3a94af999 e320b5cc38b245d5b2eee0a2b9463e60 020170546d7e41caaec5c8b189532116 - - default default] Unable to schedule network fab3f996-d372-4b1b-86ef-0c5e1e261e02: no agents available; will retry on subsequent port and subnet creation events.
2026-06-23 19:54:02.219 10 INFO neutron.db.ovn_revision_numbers_db [None req-98f32a59-d8ec-4491-8618-0f55a24eb4b0 7857c390197041dd9271de74dc1c7596 625b657a8d044e0d8fee75979ff1cab9 - - default default] Successfully bumped revision number for resource 7bec4385-1d4d-4eae-bd3f-46eeb3a554d4 (type: router_ports) to 1
2026-06-23 19:54:02.222 10 INFO neutron.wsgi [None req-98f32a59-d8ec-4491-8618-0f55a24eb4b0 7857c390197041dd9271de74dc1c7596 625b657a8d044e0d8fee75979ff1cab9 - - default default] 10.0.0.93 "PUT /v2.0/routers/02eb4992-1a5d-4c30-9147-834f5bcf1a2b/add_router_interface HTTP/1.1" status: 200 len: 503 time: 1.7600029
2026-06-23 19:54:02.320 10 INFO neutron.wsgi [None req-17b50da8-f8ce-4cfa-aca0-856babe6ffb6 7857c390197041dd9271de74dc1c7596 625b657a8d044e0d8fee75979ff1cab9 - - default default] 10.0.0.93 "GET /v2.0/ports/7bec4385-1d4d-4eae-bd3f-46eeb3a554d4 HTTP/1.1" status: 200 len: 1147 time: 0.0915570
2026-06-23 19:54:02.355 10 INFO neutron.wsgi [None req-2ba0893b-cd01-4b0e-9019-68b6c2db2bb4 7857c390197041dd9271de74dc1c7596 625b657a8d044e0d8fee75979ff1cab9 - - default default] 10.0.0.93 "GET /v2.0/ports/7bec4385-1d4d-4eae-bd3f-46eeb3a554d4 HTTP/1.1" status: 200 len: 1147 time: 0.0297871
2026-06-23 19:54:02.358 9 INFO neutron.db.ovn_revision_numbers_db [None req-5f8b5cff-92fc-4522-a52a-a01a6398c654 - - - - - -] Successfully bumped revision number for resource 7baa7821-c3b3-4999-96e0-835507678a8d (type: router_ports) to 3
2026-06-23 19:54:02.849 9 INFO neutron.db.ovn_revision_numbers_db [None req-5f8b5cff-92fc-4522-a52a-a01a6398c654 - - - - - -] Successfully bumped revision number for resource 7baa7821-c3b3-4999-96e0-835507678a8d (type: ports) to 2
2026-06-23 19:54:02.949 10 INFO neutron.plugins.ml2.drivers.ovn.mech_driver.mech_driver [None req-39ba069d-e556-42b2-b945-e7cabd4c0509 - - - - - -] OVN reports status up for port: 8817c3e9-a2b6-41be-9e18-0e3af47e6527
2026-06-23 19:54:02.956 10 INFO neutron.plugins.ml2.plugin [None req-39ba069d-e556-42b2-b945-e7cabd4c0509 - - - - - -] Attempt 1 to provision port 8817c3e9-a2b6-41be-9e18-0e3af47e6527
2026-06-23 19:54:03.012 9 INFO neutron.db.ovn_revision_numbers_db [None req-7217ec24-260f-48df-b670-a0a6c0c280fd 5e51e0d32b3949949c91e10aee5848ff 122b847cca0a437294fa44e2d6c9602b - - default default] Successfully bumped revision number for resource 8817c3e9-a2b6-41be-9e18-0e3af47e6527 (type: router_ports) to 1
2026-06-23 19:54:03.115 9 INFO neutron.db.ovn_revision_numbers_db [None req-7217ec24-260f-48df-b670-a0a6c0c280fd 5e51e0d32b3949949c91e10aee5848ff 122b847cca0a437294fa44e2d6c9602b - - default default] Successfully bumped revision number for resource 095cf2ca-c777-43ef-9bed-0faace2e5c67 (type: routers) to 2
2026-06-23 19:54:03.139 9 INFO neutron.wsgi [None req-7217ec24-260f-48df-b670-a0a6c0c280fd 5e51e0d32b3949949c91e10aee5848ff 122b847cca0a437294fa44e2d6c9602b - - default default] 10.0.0.93 "POST /v2.0/routers HTTP/1.1" status: 201 len: 875 time: 2.4682233
2026-06-23 19:54:03.199 9 INFO neutron.db.ovn_revision_numbers_db [None req-878ba721-96cc-419b-9eb7-35f3a94af999 e320b5cc38b245d5b2eee0a2b9463e60 020170546d7e41caaec5c8b189532116 - - default default] Successfully bumped revision number for resource 13a86572-6131-4f7a-85e5-bcccac9a281a (type: ports) to 2
2026-06-23 19:54:03.255 9 INFO neutron.db.ovn_revision_numbers_db [None req-878ba721-96cc-419b-9eb7-35f3a94af999 e320b5cc38b245d5b2eee0a2b9463e60 020170546d7e41caaec5c8b189532116 - - default default] Successfully bumped revision number for resource 97ae255e-077d-4345-8656-bfde49fc5d2c (type: subnets) to 0
2026-06-23 19:54:03.275 9 INFO neutron.wsgi [None req-878ba721-96cc-419b-9eb7-35f3a94af999 e320b5cc38b245d5b2eee0a2b9463e60 020170546d7e41caaec5c8b189532116 - - default default] 10.0.0.93 "POST /v2.0/subnets HTTP/1.1" status: 201 len: 832 time: 1.5028620
2026-06-23 19:54:03.278 9 INFO neutron.db.ovn_revision_numbers_db [None req-5f8b5cff-92fc-4522-a52a-a01a6398c654 - - - - - -] Successfully bumped revision number for resource 7baa7821-c3b3-4999-96e0-835507678a8d (type: ports) to 4
2026-06-23 19:54:03.422 10 INFO neutron.wsgi [None req-a97b6c53-f6de-4cda-9943-9527918f621a 7857c390197041dd9271de74dc1c7596 625b657a8d044e0d8fee75979ff1cab9 - - default default] 10.0.0.93 "GET /v2.0/ports/7bec4385-1d4d-4eae-bd3f-46eeb3a554d4 HTTP/1.1" status: 200 len: 1147 time: 0.0574222
2026-06-23 19:54:03.438 9 INFO neutron.db.ovn_revision_numbers_db [None req-ad4d74eb-9ddb-41cd-9424-11252dd6b9b7 2b18d60b87384b7b9789aa7c2c44bc0d f2920c33348246b08d55932abdebf6a6 - - default default] Successfully bumped revision number for resource 04a1118f-c843-4678-92a8-9218353283e0 (type: security_groups) to 1
2026-06-23 19:54:03.477 9 INFO neutron.db.ovn_revision_numbers_db [None req-ad4d74eb-9ddb-41cd-9424-11252dd6b9b7 2b18d60b87384b7b9789aa7c2c44bc0d f2920c33348246b08d55932abdebf6a6 - - default default] Successfully bumped revision number for resource 23a7e34a-118f-4277-9513-addd73d2ac47 (type: security_group_rules) to 0
2026-06-23 19:54:03.501 9 INFO neutron.db.ovn_revision_numbers_db [None req-ad4d74eb-9ddb-41cd-9424-11252dd6b9b7 2b18d60b87384b7b9789aa7c2c44bc0d f2920c33348246b08d55932abdebf6a6 - - default default] Successfully bumped revision number for resource 5d1fb6cd-4b04-4ebc-aee2-13bc12714158 (type: security_group_rules) to 0
2026-06-23 19:54:03.522 9 INFO neutron.db.ovn_revision_numbers_db [None req-ad4d74eb-9ddb-41cd-9424-11252dd6b9b7 2b18d60b87384b7b9789aa7c2c44bc0d f2920c33348246b08d55932abdebf6a6 - - default default] Successfully bumped revision number for resource bc021658-becf-4474-8f15-c6c22becbfb8 (type: security_group_rules) to 0
2026-06-23 19:54:03.553 9 INFO neutron.db.ovn_revision_numbers_db [None req-ad4d74eb-9ddb-41cd-9424-11252dd6b9b7 2b18d60b87384b7b9789aa7c2c44bc0d f2920c33348246b08d55932abdebf6a6 - - default default] Successfully bumped revision number for resource ccf5778e-b8a0-4d44-b782-6a899e599c6b (type: security_group_rules) to 0
2026-06-23 19:54:03.593 9 INFO neutron.wsgi [None req-ad4d74eb-9ddb-41cd-9424-11252dd6b9b7 2b18d60b87384b7b9789aa7c2c44bc0d f2920c33348246b08d55932abdebf6a6 - - default default] 10.0.0.93 "GET /v2.0/security-groups?tenant_id=41468fd84bf044069029949c890ebd61&name=default HTTP/1.1" status: 200 len: 2996 time: 0.5837607
