2026-06-23 19:53:20.026 9 INFO neutron.wsgi [None req-d48e625f-d5a3-43e1-94a3-6e335378844a 2b18d60b87384b7b9789aa7c2c44bc0d f2920c33348246b08d55932abdebf6a6 - - default default] 10.0.0.98 "GET /v2.0/network-ip-availabilities HTTP/1.1" status: 200 len: 2704 time: 0.0156744
2026-06-23 19:53:20.108 9 INFO neutron.plugins.ml2.drivers.ovn.mech_driver.mech_driver [None req-4df46f37-8bdc-4170-b649-fd88ecb8fd25 - - - - - -] OVN reports status up for port: b5b84ed2-aa5d-4006-88a7-19de4b79ad1d
2026-06-23 19:53:20.120 9 INFO neutron.plugins.ml2.plugin [None req-4df46f37-8bdc-4170-b649-fd88ecb8fd25 - - - - - -] Attempt 1 to provision port b5b84ed2-aa5d-4006-88a7-19de4b79ad1d
2026-06-23 19:53:20.291 9 WARNING neutron.scheduler.dhcp_agent_scheduler [req-8889ff95-0f01-45f2-8306-503187de765f req-cb121311-d75d-4ef4-8d23-ba2cdf1c2503 77406604935f4d52ac02e7cdc366d484 86bc4955266641979266fcb70ba8c7af - - default default] No more DHCP agents
2026-06-23 19:53:20.306 9 WARNING neutron.api.rpc.agentnotifiers.dhcp_rpc_agent_api [req-8889ff95-0f01-45f2-8306-503187de765f req-cb121311-d75d-4ef4-8d23-ba2cdf1c2503 77406604935f4d52ac02e7cdc366d484 86bc4955266641979266fcb70ba8c7af - - default default] Unable to schedule network f113f3d8-1c85-4ed8-8341-1905c587108a: no agents available; will retry on subsequent port and subnet creation events.
2026-06-23 19:53:20.432 10 INFO neutron.wsgi [req-4858aa74-f48f-4d63-9ebc-cd1409fe299a req-2f430a4a-73ec-4f32-a6d3-6e85c2d72ba0 7a091aaea4ec44ba8aba0e32dbf6f4a8 1dccea320e494f5f8e1973ea62d8c831 - - default default] 10.0.0.120 "GET /v2.0/networks?id=e9934ca8-b6fb-473d-b0ce-96703aab3be0 HTTP/1.1" status: 200 len: 876 time: 0.0571671
2026-06-23 19:53:20.451 10 INFO neutron.wsgi [req-4858aa74-f48f-4d63-9ebc-cd1409fe299a req-0ae41648-4e8d-4475-a20a-91f0189d7962 7a091aaea4ec44ba8aba0e32dbf6f4a8 1dccea320e494f5f8e1973ea62d8c831 - - default default] 10.0.0.120 "GET /v2.0/quotas/1dccea320e494f5f8e1973ea62d8c831 HTTP/1.1" status: 200 len: 386 time: 0.0138211
2026-06-23 19:53:20.524 9 INFO neutron.db.ovn_revision_numbers_db [None req-4df46f37-8bdc-4170-b649-fd88ecb8fd25 - - - - - -] Successfully bumped revision number for resource b5b84ed2-aa5d-4006-88a7-19de4b79ad1d (type: ports) to 2
2026-06-23 19:53:20.533 9 INFO neutron.db.ovn_revision_numbers_db [req-8889ff95-0f01-45f2-8306-503187de765f req-cb121311-d75d-4ef4-8d23-ba2cdf1c2503 77406604935f4d52ac02e7cdc366d484 86bc4955266641979266fcb70ba8c7af - - default default] Successfully bumped revision number for resource df1f3337-605f-4e86-9414-40d51bc72b5d (type: ports) to 1
2026-06-23 19:53:20.591 9 INFO neutron.wsgi [req-8889ff95-0f01-45f2-8306-503187de765f req-cb121311-d75d-4ef4-8d23-ba2cdf1c2503 77406604935f4d52ac02e7cdc366d484 86bc4955266641979266fcb70ba8c7af - - default default] 199.204.45.19 "POST /v2.0/ports HTTP/1.1" status: 201 len: 1162 time: 1.2269189 /var/lib/openstack/lib/python3.10/site-packages/pycadf/identifier.py:71: UserWarning: Invalid uuid: neutron. To ensure interoperability, identifiers should be a valid uuid. warnings.warn(('Invalid uuid: %s. To ensure interoperability, '
2026-06-23 19:53:20.608 10 INFO neutron.wsgi [req-4858aa74-f48f-4d63-9ebc-cd1409fe299a req-92b0ac93-7ff4-44b0-939c-fecf039bc7c0 7a091aaea4ec44ba8aba0e32dbf6f4a8 1dccea320e494f5f8e1973ea62d8c831 - - default default] 10.0.0.120 "GET /v2.0/ports?tenant_id=1dccea320e494f5f8e1973ea62d8c831&fields=id HTTP/1.1" status: 200 len: 302 time: 0.1489658
2026-06-23 19:53:20.642 10 INFO neutron.db.ovn_revision_numbers_db [None req-55133415-31b8-4ec9-9ded-a59d2af9ed90 2b18d60b87384b7b9789aa7c2c44bc0d f2920c33348246b08d55932abdebf6a6 - - default default] Successfully bumped revision number for resource f2a917ab-af12-4973-8886-2c01035cbbd5 (type: security_groups) to 1
2026-06-23 19:53:20.671 10 INFO neutron.db.ovn_revision_numbers_db [None req-55133415-31b8-4ec9-9ded-a59d2af9ed90 2b18d60b87384b7b9789aa7c2c44bc0d f2920c33348246b08d55932abdebf6a6 - - default default] Successfully bumped revision number for resource 433a1343-9d7c-4eba-8e2a-fe220de6a5fc (type: security_group_rules) to 0
2026-06-23 19:53:20.692 10 INFO neutron.wsgi [req-4858aa74-f48f-4d63-9ebc-cd1409fe299a req-21c25809-9ce5-4645-aa11-728682f5686c 6f4f30bf7cba42668a7ca8990c172dfd e1fad1e9d9474683adc8c094c81f7748 - - cbb44453c8884041b81e710af37951b4 cbb44453c8884041b81e710af37951b4] 10.0.0.120 "GET /v2.0/networks/e9934ca8-b6fb-473d-b0ce-96703aab3be0?fields=segments HTTP/1.1" status: 200 len: 212 time: 0.0735121
2026-06-23 19:53:20.693 10 INFO neutron.db.ovn_revision_numbers_db [None req-55133415-31b8-4ec9-9ded-a59d2af9ed90 2b18d60b87384b7b9789aa7c2c44bc0d f2920c33348246b08d55932abdebf6a6 - - default default] Successfully bumped revision number for resource 47a2423c-666b-4aa3-b0d5-4d6e9413b5b7 (type: security_group_rules) to 0
2026-06-23 19:53:20.731 10 INFO neutron.db.ovn_revision_numbers_db [None req-55133415-31b8-4ec9-9ded-a59d2af9ed90 2b18d60b87384b7b9789aa7c2c44bc0d f2920c33348246b08d55932abdebf6a6 - - default default] Successfully bumped revision number for resource 9c2b8186-025c-4fd4-8b6a-17683661670d (type: security_group_rules) to 0
2026-06-23 19:53:20.737 9 INFO neutron.db.ovn_revision_numbers_db [None req-4df46f37-8bdc-4170-b649-fd88ecb8fd25 - - - - - -] Successfully bumped revision number for resource b5b84ed2-aa5d-4006-88a7-19de4b79ad1d (type: router_ports) to 2
2026-06-23 19:53:20.765 10 INFO neutron.db.ovn_revision_numbers_db [None req-55133415-31b8-4ec9-9ded-a59d2af9ed90 2b18d60b87384b7b9789aa7c2c44bc0d f2920c33348246b08d55932abdebf6a6 - - default default] Successfully bumped revision number for resource b29d4aad-dcca-4ace-9a46-5f85027bea61 (type: security_group_rules) to 0
2026-06-23 19:53:20.791 10 INFO neutron.wsgi [req-4858aa74-f48f-4d63-9ebc-cd1409fe299a req-46ec8faf-e0c3-4957-b708-24a800114aeb 6f4f30bf7cba42668a7ca8990c172dfd e1fad1e9d9474683adc8c094c81f7748 - - cbb44453c8884041b81e710af37951b4 cbb44453c8884041b81e710af37951b4] 10.0.0.120 "GET /v2.0/networks/e9934ca8-b6fb-473d-b0ce-96703aab3be0?fields=provider%3Aphysical_network&fields=provider%3Anetwork_type HTTP/1.1" status: 200 len: 277 time: 0.0922740
2026-06-23 19:53:20.795 10 INFO neutron.wsgi [None req-55133415-31b8-4ec9-9ded-a59d2af9ed90 2b18d60b87384b7b9789aa7c2c44bc0d f2920c33348246b08d55932abdebf6a6 - - default default] 10.0.0.93 "GET /v2.0/security-groups?tenant_id=406d567a840f4cb09d141cbc618500cd&name=default HTTP/1.1" status: 200 len: 2996 time: 0.4313562
2026-06-23 19:53:20.972 9 INFO neutron.wsgi [req-d3a4f19b-5fbd-454f-8784-c08263248475 req-e2420a01-08f3-49a2-b169-787d3bd9f651 7a091aaea4ec44ba8aba0e32dbf6f4a8 1dccea320e494f5f8e1973ea62d8c831 - - default default] 10.0.0.120 "GET /v2.0/ports?device_id=3a3d3807-7764-4864-967a-452ee3cc9a7e HTTP/1.1" status: 200 len: 210 time: 0.0459065
2026-06-23 19:53:21.176 10 INFO neutron.wsgi [req-8c4ebf38-23a7-4c4f-a9ee-6346f6e4eaa4 req-4be758a2-730f-4495-9602-4ad56971cd01 77406604935f4d52ac02e7cdc366d484 86bc4955266641979266fcb70ba8c7af - - default default] 10.0.0.120 "GET /v2.0/ports?device_id=3179c698-43dd-4739-87d3-7a8e89215fea HTTP/1.1" status: 200 len: 1172 time: 0.0847056
2026-06-23 19:53:21.180 9 INFO neutron.db.ovn_revision_numbers_db [req-8889ff95-0f01-45f2-8306-503187de765f req-475a23fa-882a-4d50-9a02-b2a893310bdf 6f4f30bf7cba42668a7ca8990c172dfd e1fad1e9d9474683adc8c094c81f7748 - - cbb44453c8884041b81e710af37951b4 cbb44453c8884041b81e710af37951b4] Successfully bumped revision number for resource df1f3337-605f-4e86-9414-40d51bc72b5d (type: ports) to 2
2026-06-23 19:53:21.196 9 INFO neutron.wsgi [None req-c7862ec0-9b82-4a29-9c85-1d8183be3b51 2b18d60b87384b7b9789aa7c2c44bc0d f2920c33348246b08d55932abdebf6a6 - - default default] 10.0.0.93 "DELETE /v2.0/security-groups/f2a917ab-af12-4973-8886-2c01035cbbd5 HTTP/1.1" status: 204 len: 168 time: 0.3939764
2026-06-23 19:53:21.222 10 INFO neutron.wsgi [req-8c4ebf38-23a7-4c4f-a9ee-6346f6e4eaa4 req-457cc109-407c-4895-a64a-41b84299ba56 77406604935f4d52ac02e7cdc366d484 86bc4955266641979266fcb70ba8c7af - - default default] 10.0.0.120 "GET /v2.0/security-groups?id=7943d5e3-cf16-4133-ba47-dbafeb864e3c&fields=id&fields=name HTTP/1.1" status: 200 len: 313 time: 0.0369573
2026-06-23 19:53:21.445 9 INFO neutron.db.ovn_revision_numbers_db [req-8889ff95-0f01-45f2-8306-503187de765f req-475a23fa-882a-4d50-9a02-b2a893310bdf 6f4f30bf7cba42668a7ca8990c172dfd e1fad1e9d9474683adc8c094c81f7748 - - cbb44453c8884041b81e710af37951b4 cbb44453c8884041b81e710af37951b4] Successfully bumped revision number for resource df1f3337-605f-4e86-9414-40d51bc72b5d (type: ports) to 2
2026-06-23 19:53:21.459 9 INFO neutron.wsgi [req-8889ff95-0f01-45f2-8306-503187de765f req-475a23fa-882a-4d50-9a02-b2a893310bdf 6f4f30bf7cba42668a7ca8990c172dfd e1fad1e9d9474683adc8c094c81f7748 - - cbb44453c8884041b81e710af37951b4 cbb44453c8884041b81e710af37951b4] 199.204.45.19 "PUT /v2.0/ports/df1f3337-605f-4e86-9414-40d51bc72b5d HTTP/1.1" status: 200 len: 1380 time: 0.8591323 /var/lib/openstack/lib/python3.10/site-packages/pycadf/identifier.py:71: UserWarning: Invalid uuid: neutron. To ensure interoperability, identifiers should be a valid uuid. warnings.warn(('Invalid uuid: %s. To ensure interoperability, '
2026-06-23 19:53:21.504 9 INFO neutron.notifiers.nova [-] Nova event matching ['req-13a5f000-9db8-46ed-a524-8c20d06ac3ce'] response: {'name': 'network-changed', 'server_uuid': '3179c698-43dd-4739-87d3-7a8e89215fea', 'tag': 'df1f3337-605f-4e86-9414-40d51bc72b5d', 'status': 'completed', 'code': 200}
2026-06-23 19:53:21.527 9 INFO neutron.wsgi [req-8889ff95-0f01-45f2-8306-503187de765f req-2795551a-b606-4018-9add-1955f6c9c0c5 6f4f30bf7cba42668a7ca8990c172dfd e1fad1e9d9474683adc8c094c81f7748 - - cbb44453c8884041b81e710af37951b4 cbb44453c8884041b81e710af37951b4] 199.204.45.19 "GET /v2.0/ports?tenant_id=86bc4955266641979266fcb70ba8c7af&device_id=3179c698-43dd-4739-87d3-7a8e89215fea HTTP/1.1" status: 200 len: 1411 time: 0.0363081
2026-06-23 19:53:21.567 9 INFO neutron.wsgi [req-8889ff95-0f01-45f2-8306-503187de765f req-f3d32b86-a5e1-4f26-b784-9c48da944c4a 6f4f30bf7cba42668a7ca8990c172dfd e1fad1e9d9474683adc8c094c81f7748 - - cbb44453c8884041b81e710af37951b4 cbb44453c8884041b81e710af37951b4] 199.204.45.19 "GET /v2.0/floatingips?fixed_ip_address=10.100.0.10&port_id=df1f3337-605f-4e86-9414-40d51bc72b5d HTTP/1.1" status: 200 len: 217 time: 0.0314069
2026-06-23 19:53:21.615 9 INFO neutron.wsgi [req-8889ff95-0f01-45f2-8306-503187de765f req-2655a78a-511f-41f4-ab66-4374ca5c9da6 6f4f30bf7cba42668a7ca8990c172dfd e1fad1e9d9474683adc8c094c81f7748 - - cbb44453c8884041b81e710af37951b4 cbb44453c8884041b81e710af37951b4] 199.204.45.19 "GET /v2.0/subnets?id=455af962-acc7-4f2b-bdf8-fe02cbfd9522 HTTP/1.1" status: 200 len: 863 time: 0.0399880
2026-06-23 19:53:21.638 9 INFO neutron.wsgi [req-8889ff95-0f01-45f2-8306-503187de765f req-3dffc336-9681-43c6-a522-1318b75525c3 6f4f30bf7cba42668a7ca8990c172dfd e1fad1e9d9474683adc8c094c81f7748 - - cbb44453c8884041b81e710af37951b4 cbb44453c8884041b81e710af37951b4] 199.204.45.19 "GET /v2.0/ports?network_id=f113f3d8-1c85-4ed8-8341-1905c587108a&device_owner=network%3Adhcp HTTP/1.1" status: 200 len: 210 time: 0.0173602
2026-06-23 19:53:21.734 9 INFO neutron.wsgi [req-8889ff95-0f01-45f2-8306-503187de765f req-ae3de654-e9ba-4dcb-a1fc-4a47f0376cae 6f4f30bf7cba42668a7ca8990c172dfd e1fad1e9d9474683adc8c094c81f7748 - - cbb44453c8884041b81e710af37951b4 cbb44453c8884041b81e710af37951b4] 199.204.45.19 "GET /v2.0/networks/f113f3d8-1c85-4ed8-8341-1905c587108a?fields=segments HTTP/1.1" status: 200 len: 212 time: 0.0872607
2026-06-23 19:53:21.742 9 INFO neutron.wsgi [req-4858aa74-f48f-4d63-9ebc-cd1409fe299a req-dc7a2598-a65e-4cf5-93d0-377752396209 7a091aaea4ec44ba8aba0e32dbf6f4a8 1dccea320e494f5f8e1973ea62d8c831 - - default default] 199.204.45.19 "GET /v2.0/networks?id=e9934ca8-b6fb-473d-b0ce-96703aab3be0 HTTP/1.1" status: 200 len: 876 time: 0.0881724
2026-06-23 19:53:21.824 9 INFO neutron.wsgi [req-8889ff95-0f01-45f2-8306-503187de765f req-51aa6351-2476-4a2d-8c20-2df855990cb6 6f4f30bf7cba42668a7ca8990c172dfd e1fad1e9d9474683adc8c094c81f7748 - - cbb44453c8884041b81e710af37951b4 cbb44453c8884041b81e710af37951b4] 199.204.45.19 "GET /v2.0/networks/f113f3d8-1c85-4ed8-8341-1905c587108a?fields=provider%3Aphysical_network&fields=provider%3Anetwork_type HTTP/1.1" status: 200 len: 277 time: 0.0806146
2026-06-23 19:53:21.863 10 INFO neutron.wsgi [req-14bcf800-f0ea-404a-9134-3343ca395736 req-84d79898-4ff3-4175-a6c3-1bcb2fd641db 4cbcf267578148f5a0a3726c23b09931 e4a369b3aa364ad7839e9c4a619420e7 - - default default] 10.0.0.120 "GET /v2.0/ports?device_id=d3b2c03d-941d-4f78-b94e-40f93be73bcb HTTP/1.1" status: 200 len: 1174 time: 0.1124220
2026-06-23 19:53:21.912 10 INFO neutron.wsgi [req-14bcf800-f0ea-404a-9134-3343ca395736 req-4ca3f3a1-6095-4fcf-b7d2-782518eb61a8 4cbcf267578148f5a0a3726c23b09931 e4a369b3aa364ad7839e9c4a619420e7 - - default default] 10.0.0.120 "GET /v2.0/security-groups?id=51af2923-09a2-41d4-b442-1408fbcda758&fields=id&fields=name HTTP/1.1" status: 200 len: 313 time: 0.0405149
2026-06-23 19:53:21.938 9 INFO neutron.wsgi [req-19e9bc4f-a405-4c59-8125-f1d418ec18fe req-4de9e267-a588-481d-b519-515b3b5a7e32 6f4f30bf7cba42668a7ca8990c172dfd e1fad1e9d9474683adc8c094c81f7748 - - cbb44453c8884041b81e710af37951b4 cbb44453c8884041b81e710af37951b4] 199.204.45.19 "GET /v2.0/ports?tenant_id=86bc4955266641979266fcb70ba8c7af&device_id=3179c698-43dd-4739-87d3-7a8e89215fea HTTP/1.1" status: 200 len: 1411 time: 0.0317492
2026-06-23 19:53:22.059 10 INFO neutron.wsgi [req-f70396eb-ce9e-48dd-9f31-c7d50b30ea67 req-6e33819e-2276-4fae-9340-a131400eb369 7a091aaea4ec44ba8aba0e32dbf6f4a8 1dccea320e494f5f8e1973ea62d8c831 - - default default] 10.0.0.120 "GET /v2.0/ports?device_id=3a3d3807-7764-4864-967a-452ee3cc9a7e HTTP/1.1" status: 200 len: 210 time: 0.0218234
2026-06-23 19:53:22.112 9 INFO neutron.wsgi [req-19e9bc4f-a405-4c59-8125-f1d418ec18fe req-ecc2a9c1-9b54-4578-94a5-9d0defa1e144 6f4f30bf7cba42668a7ca8990c172dfd e1fad1e9d9474683adc8c094c81f7748 - - cbb44453c8884041b81e710af37951b4 cbb44453c8884041b81e710af37951b4] 199.204.45.19 "GET /v2.0/networks?id=f113f3d8-1c85-4ed8-8341-1905c587108a HTTP/1.1" status: 200 len: 968 time: 0.1595137
2026-06-23 19:53:22.119 10 INFO neutron.plugins.ml2.drivers.ovn.mech_driver.mech_driver [None req-39ba069d-e556-42b2-b945-e7cabd4c0509 - - - - - -] OVN reports status up for port: df1f3337-605f-4e86-9414-40d51bc72b5d
2026-06-23 19:53:22.140 10 INFO neutron.plugins.ml2.plugin [None req-39ba069d-e556-42b2-b945-e7cabd4c0509 - - - - - -] Attempt 1 to provision port df1f3337-605f-4e86-9414-40d51bc72b5d
2026-06-23 19:53:22.157 9 INFO neutron.wsgi [req-19e9bc4f-a405-4c59-8125-f1d418ec18fe req-b3b39f4b-6b62-4bba-b7a8-9f3415c59751 6f4f30bf7cba42668a7ca8990c172dfd e1fad1e9d9474683adc8c094c81f7748 - - cbb44453c8884041b81e710af37951b4 cbb44453c8884041b81e710af37951b4] 199.204.45.19 "GET /v2.0/floatingips?fixed_ip_address=10.100.0.10&port_id=df1f3337-605f-4e86-9414-40d51bc72b5d HTTP/1.1" status: 200 len: 217 time: 0.0287819
2026-06-23 19:53:22.207 9 INFO neutron.wsgi [req-0b81ea90-f2d7-441d-afaa-bef054335bf2 req-e258d030-4728-405e-af12-9458cb8b02ad 4cbcf267578148f5a0a3726c23b09931 e4a369b3aa364ad7839e9c4a619420e7 - - default default] 10.0.0.120 "GET /v2.0/ports?device_id=d3b2c03d-941d-4f78-b94e-40f93be73bcb HTTP/1.1" status: 200 len: 1174 time: 0.2257564
2026-06-23 19:53:22.242 9 INFO neutron.wsgi [req-19e9bc4f-a405-4c59-8125-f1d418ec18fe req-212d8f38-5d63-40cf-b616-ea35a50a1296 6f4f30bf7cba42668a7ca8990c172dfd e1fad1e9d9474683adc8c094c81f7748 - - cbb44453c8884041b81e710af37951b4 cbb44453c8884041b81e710af37951b4] 199.204.45.19 "GET /v2.0/subnets?id=455af962-acc7-4f2b-bdf8-fe02cbfd9522 HTTP/1.1" status: 200 len: 863 time: 0.0795894 /var/lib/openstack/lib/python3.10/site-packages/pycadf/identifier.py:71: UserWarning: Invalid uuid: neutron. To ensure interoperability, identifiers should be a valid uuid. warnings.warn(('Invalid uuid: %s. To ensure interoperability, '
2026-06-23 19:53:22.274 10 INFO neutron.notifiers.nova [-] Nova event matching ['req-b1dbef66-e4b6-4709-a60e-21b1412472b4'] response: {'server_uuid': '3179c698-43dd-4739-87d3-7a8e89215fea', 'name': 'network-vif-plugged', 'status': 'completed', 'tag': 'df1f3337-605f-4e86-9414-40d51bc72b5d', 'code': 200}
2026-06-23 19:53:22.282 9 INFO neutron.wsgi [req-19e9bc4f-a405-4c59-8125-f1d418ec18fe req-ff78301a-0ffa-42ca-99d3-5282dc6bc515 6f4f30bf7cba42668a7ca8990c172dfd e1fad1e9d9474683adc8c094c81f7748 - - cbb44453c8884041b81e710af37951b4 cbb44453c8884041b81e710af37951b4] 199.204.45.19 "GET /v2.0/ports?network_id=f113f3d8-1c85-4ed8-8341-1905c587108a&device_owner=network%3Adhcp HTTP/1.1" status: 200 len: 210 time: 0.0315225
2026-06-23 19:53:22.289 9 INFO neutron.wsgi [req-0b81ea90-f2d7-441d-afaa-bef054335bf2 req-cfdc4e78-0cbf-4ae0-9442-17c1a4969b66 4cbcf267578148f5a0a3726c23b09931 e4a369b3aa364ad7839e9c4a619420e7 - - default default] 10.0.0.120 "GET /v2.0/security-groups?id=51af2923-09a2-41d4-b442-1408fbcda758&fields=id&fields=name HTTP/1.1" status: 200 len: 313 time: 0.0720038
2026-06-23 19:53:22.293 9 WARNING neutron.scheduler.dhcp_agent_scheduler [req-4858aa74-f48f-4d63-9ebc-cd1409fe299a req-1730fb5c-1fc9-47d3-8287-2de0fb20e054 7a091aaea4ec44ba8aba0e32dbf6f4a8 1dccea320e494f5f8e1973ea62d8c831 - - default default] No more DHCP agents /var/lib/openstack/lib/python3.10/site-packages/pycadf/identifier.py:71: UserWarning: Invalid uuid: neutron. To ensure interoperability, identifiers should be a valid uuid. warnings.warn(('Invalid uuid: %s. To ensure interoperability, '
2026-06-23 19:53:22.298 9 WARNING neutron.api.rpc.agentnotifiers.dhcp_rpc_agent_api [req-4858aa74-f48f-4d63-9ebc-cd1409fe299a req-1730fb5c-1fc9-47d3-8287-2de0fb20e054 7a091aaea4ec44ba8aba0e32dbf6f4a8 1dccea320e494f5f8e1973ea62d8c831 - - default default] Unable to schedule network e9934ca8-b6fb-473d-b0ce-96703aab3be0: no agents available; will retry on subsequent port and subnet creation events.
2026-06-23 19:53:22.360 9 INFO neutron.wsgi [req-19e9bc4f-a405-4c59-8125-f1d418ec18fe req-554cff24-bb0a-4bd6-83fa-b5fa6139cdc8 6f4f30bf7cba42668a7ca8990c172dfd e1fad1e9d9474683adc8c094c81f7748 - - cbb44453c8884041b81e710af37951b4 cbb44453c8884041b81e710af37951b4] 199.204.45.19 "GET /v2.0/networks/f113f3d8-1c85-4ed8-8341-1905c587108a?fields=segments HTTP/1.1" status: 200 len: 212 time: 0.0683997
2026-06-23 19:53:22.368 10 INFO neutron.wsgi [req-7f62c6ae-e190-4efc-9be8-5796ed2a0078 req-d1b1d723-b038-404c-a8d3-e17c18194c9e 77406604935f4d52ac02e7cdc366d484 86bc4955266641979266fcb70ba8c7af - - default default] 10.0.0.120 "GET /v2.0/ports?device_id=3179c698-43dd-4739-87d3-7a8e89215fea HTTP/1.1" status: 200 len: 1174 time: 0.0417504
2026-06-23 19:53:22.432 10 INFO neutron.wsgi [req-7f62c6ae-e190-4efc-9be8-5796ed2a0078 req-b1009660-0d7f-481f-86fa-490b7ecd5083 77406604935f4d52ac02e7cdc366d484 86bc4955266641979266fcb70ba8c7af - - default default] 10.0.0.120 "GET /v2.0/security-groups?id=7943d5e3-cf16-4133-ba47-dbafeb864e3c&fields=id&fields=name HTTP/1.1" status: 200 len: 313 time: 0.0573354
2026-06-23 19:53:22.435 9 INFO neutron.wsgi [req-19e9bc4f-a405-4c59-8125-f1d418ec18fe req-456de348-cc89-461e-a3e9-1c47da4d4ac3 6f4f30bf7cba42668a7ca8990c172dfd e1fad1e9d9474683adc8c094c81f7748 - - cbb44453c8884041b81e710af37951b4 cbb44453c8884041b81e710af37951b4] 199.204.45.19 "GET /v2.0/networks/f113f3d8-1c85-4ed8-8341-1905c587108a?fields=provider%3Aphysical_network&fields=provider%3Anetwork_type HTTP/1.1" status: 200 len: 277 time: 0.0654356
2026-06-23 19:53:22.497 9 INFO neutron.db.ovn_revision_numbers_db [req-4858aa74-f48f-4d63-9ebc-cd1409fe299a req-1730fb5c-1fc9-47d3-8287-2de0fb20e054 7a091aaea4ec44ba8aba0e32dbf6f4a8 1dccea320e494f5f8e1973ea62d8c831 - - default default] Successfully bumped revision number for resource 8fd97965-a15b-43e9-89a0-198f6da28f65 (type: ports) to 1
2026-06-23 19:53:22.507 10 INFO neutron.db.ovn_revision_numbers_db [None req-39ba069d-e556-42b2-b945-e7cabd4c0509 - - - - - -] Successfully bumped revision number for resource df1f3337-605f-4e86-9414-40d51bc72b5d (type: ports) to 4
2026-06-23 19:53:22.524 9 INFO neutron.wsgi [req-4858aa74-f48f-4d63-9ebc-cd1409fe299a req-1730fb5c-1fc9-47d3-8287-2de0fb20e054 7a091aaea4ec44ba8aba0e32dbf6f4a8 1dccea320e494f5f8e1973ea62d8c831 - - default default] 199.204.45.19 "POST /v2.0/ports HTTP/1.1" status: 201 len: 1162 time: 0.7735748 /var/lib/openstack/lib/python3.10/site-packages/pycadf/identifier.py:71: UserWarning: Invalid uuid: neutron. To ensure interoperability, identifiers should be a valid uuid. warnings.warn(('Invalid uuid: %s. To ensure interoperability, '
2026-06-23 19:53:22.695 9 INFO neutron.wsgi [req-a8eae0d9-776c-4b7f-834a-a23ae08e7476 req-39f40c5e-d9d0-4a02-812f-a01ec3f04436 6f4f30bf7cba42668a7ca8990c172dfd e1fad1e9d9474683adc8c094c81f7748 - - cbb44453c8884041b81e710af37951b4 cbb44453c8884041b81e710af37951b4] 199.204.45.19 "GET /v2.0/ports?tenant_id=e4a369b3aa364ad7839e9c4a619420e7&device_id=d3b2c03d-941d-4f78-b94e-40f93be73bcb HTTP/1.1" status: 200 len: 1413 time: 0.0421607
2026-06-23 19:53:22.697 10 INFO neutron.wsgi [req-08ac1d8c-5c2a-4094-882f-a22ccf5f22f1 req-081501c0-457e-4898-b352-d9de6dfef938 4cbcf267578148f5a0a3726c23b09931 e4a369b3aa364ad7839e9c4a619420e7 - - default default] 10.0.0.120 "GET /v2.0/ports?device_id=d3b2c03d-941d-4f78-b94e-40f93be73bcb HTTP/1.1" status: 200 len: 1174 time: 0.0367475
2026-06-23 19:53:22.741 10 INFO neutron.wsgi [req-08ac1d8c-5c2a-4094-882f-a22ccf5f22f1 req-de3e5461-9823-4bbf-851c-6b84e106dd8c 4cbcf267578148f5a0a3726c23b09931 e4a369b3aa364ad7839e9c4a619420e7 - - default default] 10.0.0.120 "GET /v2.0/security-groups?id=51af2923-09a2-41d4-b442-1408fbcda758&fields=id&fields=name HTTP/1.1" status: 200 len: 313 time: 0.0361862
2026-06-23 19:53:22.774 9 INFO neutron.wsgi [req-a8eae0d9-776c-4b7f-834a-a23ae08e7476 req-faf05fa8-0ecd-4af4-a149-8b47816f7613 6f4f30bf7cba42668a7ca8990c172dfd e1fad1e9d9474683adc8c094c81f7748 - - cbb44453c8884041b81e710af37951b4 cbb44453c8884041b81e710af37951b4] 199.204.45.19 "GET /v2.0/networks?id=eab04fcb-a822-4735-b215-4010b199bdc2 HTTP/1.1" status: 200 len: 973 time: 0.0715797
2026-06-23 19:53:22.844 9 INFO neutron.wsgi [req-a8eae0d9-776c-4b7f-834a-a23ae08e7476 req-df850661-2786-44d2-9243-024653d861c1 6f4f30bf7cba42668a7ca8990c172dfd e1fad1e9d9474683adc8c094c81f7748 - - cbb44453c8884041b81e710af37951b4 cbb44453c8884041b81e710af37951b4] 199.204.45.19 "GET /v2.0/floatingips?fixed_ip_address=10.100.0.13&port_id=dc47c36d-a851-43dc-888c-f3b6044d1f4f HTTP/1.1" status: 200 len: 1060 time: 0.0655878
2026-06-23 19:53:22.918 9 INFO neutron.wsgi [req-a8eae0d9-776c-4b7f-834a-a23ae08e7476 req-761b54d8-da9a-49b8-989c-ae282f2c1b7a 6f4f30bf7cba42668a7ca8990c172dfd e1fad1e9d9474683adc8c094c81f7748 - - cbb44453c8884041b81e710af37951b4 cbb44453c8884041b81e710af37951b4] 199.204.45.19 "GET /v2.0/subnets?id=49377cb9-91d2-4612-9af6-5d2ab2eff031 HTTP/1.1" status: 200 len: 869 time: 0.0661697 /var/lib/openstack/lib/python3.10/site-packages/pycadf/identifier.py:71: UserWarning: Invalid uuid: neutron. To ensure interoperability, identifiers should be a valid uuid. warnings.warn(('Invalid uuid: %s. To ensure interoperability, '
2026-06-23 19:53:22.952 9 INFO neutron.wsgi [req-a8eae0d9-776c-4b7f-834a-a23ae08e7476 req-62447255-a89e-43d4-9edd-4637e6f7da52 6f4f30bf7cba42668a7ca8990c172dfd e1fad1e9d9474683adc8c094c81f7748 - - cbb44453c8884041b81e710af37951b4 cbb44453c8884041b81e710af37951b4] 199.204.45.19 "GET /v2.0/ports?network_id=eab04fcb-a822-4735-b215-4010b199bdc2&device_owner=network%3Adhcp HTTP/1.1" status: 200 len: 210 time: 0.0223851
2026-06-23 19:53:23.037 9 INFO neutron.wsgi [req-a8eae0d9-776c-4b7f-834a-a23ae08e7476 req-dcf8c70f-d7f0-46d4-8295-a5ed12bbfa39 6f4f30bf7cba42668a7ca8990c172dfd e1fad1e9d9474683adc8c094c81f7748 - - cbb44453c8884041b81e710af37951b4 cbb44453c8884041b81e710af37951b4] 199.204.45.19 "GET /v2.0/networks/eab04fcb-a822-4735-b215-4010b199bdc2?fields=segments HTTP/1.1" status: 200 len: 212 time: 0.0756969
2026-06-23 19:53:23.112 9 INFO neutron.db.ovn_revision_numbers_db [req-4858aa74-f48f-4d63-9ebc-cd1409fe299a req-63f40582-b532-4c8d-92a1-918a2686a839 6f4f30bf7cba42668a7ca8990c172dfd e1fad1e9d9474683adc8c094c81f7748 - - cbb44453c8884041b81e710af37951b4 cbb44453c8884041b81e710af37951b4] Successfully bumped revision number for resource 8fd97965-a15b-43e9-89a0-198f6da28f65 (type: ports) to 2
2026-06-23 19:53:23.118 9 INFO neutron.wsgi [req-a8eae0d9-776c-4b7f-834a-a23ae08e7476 req-aaeaeb76-1c3a-4892-88d8-c27329fbfc07 6f4f30bf7cba42668a7ca8990c172dfd e1fad1e9d9474683adc8c094c81f7748 - - cbb44453c8884041b81e710af37951b4 cbb44453c8884041b81e710af37951b4] 199.204.45.19 "GET /v2.0/networks/eab04fcb-a822-4735-b215-4010b199bdc2?fields=provider%3Aphysical_network&fields=provider%3Anetwork_type HTTP/1.1" status: 200 len: 277 time: 0.0765531
2026-06-23 19:53:23.256 9 INFO neutron.wsgi [req-0fd40dc7-bfcd-4a7e-9345-c592c0703f98 req-18d986cf-9605-4c96-85ff-66f204352c2c 7a091aaea4ec44ba8aba0e32dbf6f4a8 1dccea320e494f5f8e1973ea62d8c831 - - default default] 10.0.0.120 "GET /v2.0/ports?device_id=3a3d3807-7764-4864-967a-452ee3cc9a7e HTTP/1.1" status: 200 len: 1172 time: 0.1228249
2026-06-23 19:53:23.321 9 INFO neutron.wsgi [req-0fd40dc7-bfcd-4a7e-9345-c592c0703f98 req-d4e52502-a7e0-4c96-8b4e-9eda4eebfc9f 7a091aaea4ec44ba8aba0e32dbf6f4a8 1dccea320e494f5f8e1973ea62d8c831 - - default default] 10.0.0.120 "GET /v2.0/security-groups?id=92cdb532-36b1-4a18-a505-0e869b9ec36d&fields=id&fields=name HTTP/1.1" status: 200 len: 286 time: 0.0562663
2026-06-23 19:53:23.562 10 INFO neutron.wsgi [req-65d55888-e451-40ff-be81-d1b15723754a req-1619b8a6-d845-4f73-9692-a9044f79b040 77406604935f4d52ac02e7cdc366d484 86bc4955266641979266fcb70ba8c7af - - default default] 10.0.0.120 "GET /v2.0/ports?device_id=3179c698-43dd-4739-87d3-7a8e89215fea HTTP/1.1" status: 200 len: 1174 time: 0.0449982
2026-06-23 19:53:23.605 9 INFO neutron.db.ovn_revision_numbers_db [req-4858aa74-f48f-4d63-9ebc-cd1409fe299a req-63f40582-b532-4c8d-92a1-918a2686a839 6f4f30bf7cba42668a7ca8990c172dfd e1fad1e9d9474683adc8c094c81f7748 - - cbb44453c8884041b81e710af37951b4 cbb44453c8884041b81e710af37951b4] Successfully bumped revision number for resource 8fd97965-a15b-43e9-89a0-198f6da28f65 (type: ports) to 2
2026-06-23 19:53:23.619 9 INFO neutron.wsgi [req-4858aa74-f48f-4d63-9ebc-cd1409fe299a req-63f40582-b532-4c8d-92a1-918a2686a839 6f4f30bf7cba42668a7ca8990c172dfd e1fad1e9d9474683adc8c094c81f7748 - - cbb44453c8884041b81e710af37951b4 cbb44453c8884041b81e710af37951b4] 199.204.45.19 "PUT /v2.0/ports/8fd97965-a15b-43e9-89a0-198f6da28f65 HTTP/1.1" status: 200 len: 1380 time: 1.0908217
2026-06-23 19:53:23.625 10 INFO neutron.wsgi [req-65d55888-e451-40ff-be81-d1b15723754a req-801ecd08-698b-4cd7-9450-1939f925d0bb 77406604935f4d52ac02e7cdc366d484 86bc4955266641979266fcb70ba8c7af - - default default] 10.0.0.120 "GET /v2.0/security-groups?id=7943d5e3-cf16-4133-ba47-dbafeb864e3c&fields=id&fields=name HTTP/1.1" status: 200 len: 313 time: 0.0569084
2026-06-23 19:53:23.682 9 INFO neutron.notifiers.nova [-] Nova event matching ['req-c33bbf8d-d960-42ce-bc3a-334f80a38f13'] response: {'name': 'network-changed', 'server_uuid': '3a3d3807-7764-4864-967a-452ee3cc9a7e', 'tag': '8fd97965-a15b-43e9-89a0-198f6da28f65', 'status': 'completed', 'code': 200} /var/lib/openstack/lib/python3.10/site-packages/pycadf/identifier.py:71: UserWarning: Invalid uuid: neutron. To ensure interoperability, identifiers should be a valid uuid. warnings.warn(('Invalid uuid: %s. To ensure interoperability, '
2026-06-23 19:53:23.727 10 INFO neutron.wsgi [req-7cc7628e-aa24-40d7-aed1-059b95351a1a req-e4324ed1-18ef-402d-b6ab-90ce93dc3e18 77406604935f4d52ac02e7cdc366d484 86bc4955266641979266fcb70ba8c7af - - default default] 10.0.0.120 "GET /v2.0/ports?device_id=3179c698-43dd-4739-87d3-7a8e89215fea HTTP/1.1" status: 200 len: 1174 time: 0.0359192
2026-06-23 19:53:23.727 9 INFO neutron.wsgi [req-4858aa74-f48f-4d63-9ebc-cd1409fe299a req-857714bf-dd08-4112-81c5-5a8714906c31 6f4f30bf7cba42668a7ca8990c172dfd e1fad1e9d9474683adc8c094c81f7748 - - cbb44453c8884041b81e710af37951b4 cbb44453c8884041b81e710af37951b4] 199.204.45.19 "GET /v2.0/ports?tenant_id=1dccea320e494f5f8e1973ea62d8c831&device_id=3a3d3807-7764-4864-967a-452ee3cc9a7e HTTP/1.1" status: 200 len: 1411 time: 0.0285516
2026-06-23 19:53:23.760 9 INFO neutron.wsgi [req-4858aa74-f48f-4d63-9ebc-cd1409fe299a req-4d0f82c9-bb31-4b41-b139-f8a1417ef6bd 6f4f30bf7cba42668a7ca8990c172dfd e1fad1e9d9474683adc8c094c81f7748 - - cbb44453c8884041b81e710af37951b4 cbb44453c8884041b81e710af37951b4] 199.204.45.19 "GET /v2.0/floatingips?fixed_ip_address=10.100.0.13&port_id=8fd97965-a15b-43e9-89a0-198f6da28f65 HTTP/1.1" status: 200 len: 217 time: 0.0256562
2026-06-23 19:53:23.812 9 INFO neutron.wsgi [req-4858aa74-f48f-4d63-9ebc-cd1409fe299a req-1d0a4032-fb35-45c5-a862-50a0867708de 6f4f30bf7cba42668a7ca8990c172dfd e1fad1e9d9474683adc8c094c81f7748 - - cbb44453c8884041b81e710af37951b4 cbb44453c8884041b81e710af37951b4] 199.204.45.19 "GET /v2.0/subnets?id=3c1a3f05-715b-49ed-9eaa-4ef178278c6f HTTP/1.1" status: 200 len: 870 time: 0.0426369
2026-06-23 19:53:23.861 9 INFO neutron.wsgi [req-4858aa74-f48f-4d63-9ebc-cd1409fe299a req-2f270bb2-505d-4929-a7d6-0683438152b9 6f4f30bf7cba42668a7ca8990c172dfd e1fad1e9d9474683adc8c094c81f7748 - - cbb44453c8884041b81e710af37951b4 cbb44453c8884041b81e710af37951b4] 199.204.45.19 "GET /v2.0/ports?network_id=e9934ca8-b6fb-473d-b0ce-96703aab3be0&device_owner=network%3Adhcp HTTP/1.1" status: 200 len: 210 time: 0.0265479
2026-06-23 19:53:23.869 9 INFO neutron.wsgi [req-855c224d-322d-45e7-aec2-ffa7a434dde6 req-87ecfd25-4b93-4682-a196-53bcdc3692aa 4cbcf267578148f5a0a3726c23b09931 e4a369b3aa364ad7839e9c4a619420e7 - - default default] 10.0.0.120 "GET /v2.0/ports?device_id=d3b2c03d-941d-4f78-b94e-40f93be73bcb HTTP/1.1" status: 200 len: 1174 time: 0.0482497
2026-06-23 19:53:23.927 9 INFO neutron.wsgi [req-855c224d-322d-45e7-aec2-ffa7a434dde6 req-fa6e5ee4-c447-4873-a16d-8d94137a9b55 4cbcf267578148f5a0a3726c23b09931 e4a369b3aa364ad7839e9c4a619420e7 - - default default] 10.0.0.120 "GET /v2.0/security-groups?id=51af2923-09a2-41d4-b442-1408fbcda758&fields=id&fields=name HTTP/1.1" status: 200 len: 313 time: 0.0487068
2026-06-23 19:53:23.939 9 INFO neutron.wsgi [req-4858aa74-f48f-4d63-9ebc-cd1409fe299a req-9365a4b9-6a48-49e2-8dc7-cef91c8163f9 6f4f30bf7cba42668a7ca8990c172dfd e1fad1e9d9474683adc8c094c81f7748 - - cbb44453c8884041b81e710af37951b4 cbb44453c8884041b81e710af37951b4] 199.204.45.19 "GET /v2.0/networks/e9934ca8-b6fb-473d-b0ce-96703aab3be0?fields=segments HTTP/1.1" status: 200 len: 212 time: 0.0689778
2026-06-23 19:53:24.009 10 INFO neutron.db.l3_db [None req-9152efe8-1cff-4e29-bfac-acebaca78c2b 77406604935f4d52ac02e7cdc366d484 86bc4955266641979266fcb70ba8c7af - - default default] Floating IP bc19da93-2a3a-467b-9e20-e54e3ade5cc7 associated. External IP: 10.96.250.211, port: df1f3337-605f-4e86-9414-40d51bc72b5d.
2026-06-23 19:53:24.034 9 INFO neutron.wsgi [req-4858aa74-f48f-4d63-9ebc-cd1409fe299a req-fb2e5b22-92aa-408b-8903-5b5a26ddd38c 6f4f30bf7cba42668a7ca8990c172dfd e1fad1e9d9474683adc8c094c81f7748 - - cbb44453c8884041b81e710af37951b4 cbb44453c8884041b81e710af37951b4] 199.204.45.19 "GET /v2.0/networks/e9934ca8-b6fb-473d-b0ce-96703aab3be0?fields=provider%3Aphysical_network&fields=provider%3Anetwork_type HTTP/1.1" status: 200 len: 277 time: 0.0853915
2026-06-23 19:53:24.141 9 INFO neutron.wsgi [req-7725ce66-11ca-442b-be9c-1a2f11b441ec req-5b0d2b5c-b2cd-468a-aadd-4bb5596f4300 6f4f30bf7cba42668a7ca8990c172dfd e1fad1e9d9474683adc8c094c81f7748 - - cbb44453c8884041b81e710af37951b4 cbb44453c8884041b81e710af37951b4] 199.204.45.19 "GET /v2.0/ports?tenant_id=1dccea320e494f5f8e1973ea62d8c831&device_id=3a3d3807-7764-4864-967a-452ee3cc9a7e HTTP/1.1" status: 200 len: 1411 time: 0.0470564
2026-06-23 19:53:24.240 9 INFO neutron.wsgi [req-7725ce66-11ca-442b-be9c-1a2f11b441ec req-5d50e0fa-dc0c-4ab3-8b84-38143d9ee5a7 6f4f30bf7cba42668a7ca8990c172dfd e1fad1e9d9474683adc8c094c81f7748 - - cbb44453c8884041b81e710af37951b4 cbb44453c8884041b81e710af37951b4] 199.204.45.19 "GET /v2.0/networks?id=e9934ca8-b6fb-473d-b0ce-96703aab3be0 HTTP/1.1" status: 200 len: 975 time: 0.0910141
2026-06-23 19:53:24.268 10 INFO neutron.db.ovn_revision_numbers_db [None req-9152efe8-1cff-4e29-bfac-acebaca78c2b 77406604935f4d52ac02e7cdc366d484 86bc4955266641979266fcb70ba8c7af - - default default] Successfully bumped revision number for resource bc19da93-2a3a-467b-9e20-e54e3ade5cc7 (type: floatingips) to 1
2026-06-23 19:53:24.278 9 INFO neutron.wsgi [req-7725ce66-11ca-442b-be9c-1a2f11b441ec req-2032f917-a0cd-47ed-8d18-82942a76fa2f 6f4f30bf7cba42668a7ca8990c172dfd e1fad1e9d9474683adc8c094c81f7748 - - cbb44453c8884041b81e710af37951b4 cbb44453c8884041b81e710af37951b4] 199.204.45.19 "GET /v2.0/floatingips?fixed_ip_address=10.100.0.13&port_id=8fd97965-a15b-43e9-89a0-198f6da28f65 HTTP/1.1" status: 200 len: 217 time: 0.0326686
2026-06-23 19:53:24.318 10 INFO neutron.notifiers.nova [-] Nova event matching ['req-1a50a713-ba30-4585-980f-8264d4916d1e'] response: {'server_uuid': '3179c698-43dd-4739-87d3-7a8e89215fea', 'name': 'network-vif-plugged', 'status': 'completed', 'tag': 'df1f3337-605f-4e86-9414-40d51bc72b5d', 'code': 200}
2026-06-23 19:53:24.346 9 INFO neutron.wsgi [req-7725ce66-11ca-442b-be9c-1a2f11b441ec req-31bd8dc6-76cf-46e1-8145-0828ac8072e4 6f4f30bf7cba42668a7ca8990c172dfd e1fad1e9d9474683adc8c094c81f7748 - - cbb44453c8884041b81e710af37951b4 cbb44453c8884041b81e710af37951b4] 199.204.45.19 "GET /v2.0/subnets?id=3c1a3f05-715b-49ed-9eaa-4ef178278c6f HTTP/1.1" status: 200 len: 870 time: 0.0618763
2026-06-23 19:53:24.374 9 INFO neutron.wsgi [req-7725ce66-11ca-442b-be9c-1a2f11b441ec req-a71da59d-7e2b-4491-ad49-bc8b2cf12742 6f4f30bf7cba42668a7ca8990c172dfd e1fad1e9d9474683adc8c094c81f7748 - - cbb44453c8884041b81e710af37951b4 cbb44453c8884041b81e710af37951b4] 199.204.45.19 "GET /v2.0/ports?network_id=e9934ca8-b6fb-473d-b0ce-96703aab3be0&device_owner=network%3Adhcp HTTP/1.1" status: 200 len: 210 time: 0.0215168
2026-06-23 19:53:24.409 10 INFO neutron.db.ovn_revision_numbers_db [None req-9152efe8-1cff-4e29-bfac-acebaca78c2b 77406604935f4d52ac02e7cdc366d484 86bc4955266641979266fcb70ba8c7af - - default default] Successfully bumped revision number for resource bc19da93-2a3a-467b-9e20-e54e3ade5cc7 (type: floatingips) to 2
2026-06-23 19:53:24.440 10 INFO neutron.wsgi [None req-9152efe8-1cff-4e29-bfac-acebaca78c2b 77406604935f4d52ac02e7cdc366d484 86bc4955266641979266fcb70ba8c7af - - default default] 10.0.0.93 "PUT /v2.0/floatingips/bc19da93-2a3a-467b-9e20-e54e3ade5cc7 HTTP/1.1" status: 200 len: 1050 time: 0.6971221
2026-06-23 19:53:24.450 9 INFO neutron.wsgi [req-ebea8fac-f807-4cb2-8fb4-a5db1e7b6dbb req-5f3913ce-8d41-475c-ac6e-8c2d43ba8076 7a091aaea4ec44ba8aba0e32dbf6f4a8 1dccea320e494f5f8e1973ea62d8c831 - - default default] 10.0.0.120 "GET /v2.0/ports?device_id=3a3d3807-7764-4864-967a-452ee3cc9a7e HTTP/1.1" status: 200 len: 1172 time: 0.0618415
2026-06-23 19:53:24.477 9 INFO neutron.wsgi [req-7725ce66-11ca-442b-be9c-1a2f11b441ec req-07bbdb65-5aa8-4f87-ab83-4ecd7a989a16 6f4f30bf7cba42668a7ca8990c172dfd e1fad1e9d9474683adc8c094c81f7748 - - cbb44453c8884041b81e710af37951b4 cbb44453c8884041b81e710af37951b4] 199.204.45.19 "GET /v2.0/networks/e9934ca8-b6fb-473d-b0ce-96703aab3be0?fields=segments HTTP/1.1" status: 200 len: 212 time: 0.0972762
2026-06-23 19:53:24.527 10 INFO neutron.wsgi [req-e0abb715-1644-405d-99eb-08c0bd33b9e9 req-73968dfc-6c4f-4b02-b075-fb8a33a1689f 77406604935f4d52ac02e7cdc366d484 86bc4955266641979266fcb70ba8c7af - - default default] 10.0.0.120 "GET /v2.0/ports?device_id=3179c698-43dd-4739-87d3-7a8e89215fea HTTP/1.1" status: 200 len: 1174 time: 0.0421500
2026-06-23 19:53:24.531 9 INFO neutron.wsgi [req-ebea8fac-f807-4cb2-8fb4-a5db1e7b6dbb req-88252ea2-57f7-45eb-9945-1a42921fe38a 7a091aaea4ec44ba8aba0e32dbf6f4a8 1dccea320e494f5f8e1973ea62d8c831 - - default default] 10.0.0.120 "GET /v2.0/security-groups?id=92cdb532-36b1-4a18-a505-0e869b9ec36d&fields=id&fields=name HTTP/1.1" status: 200 len: 286 time: 0.0718472
2026-06-23 19:53:24.553 9 INFO neutron.wsgi [req-7725ce66-11ca-442b-be9c-1a2f11b441ec req-7544502d-fbc1-4748-a992-152b920d1e2a 6f4f30bf7cba42668a7ca8990c172dfd e1fad1e9d9474683adc8c094c81f7748 - - cbb44453c8884041b81e710af37951b4 cbb44453c8884041b81e710af37951b4] 199.204.45.19 "GET /v2.0/networks/e9934ca8-b6fb-473d-b0ce-96703aab3be0?fields=provider%3Aphysical_network&fields=provider%3Anetwork_type HTTP/1.1" status: 200 len: 277 time: 0.0690129
2026-06-23 19:53:24.587 10 INFO neutron.wsgi [req-e0abb715-1644-405d-99eb-08c0bd33b9e9 req-22fb5b8b-86d3-470b-bab9-6d5e5ce1d931 77406604935f4d52ac02e7cdc366d484 86bc4955266641979266fcb70ba8c7af - - default default] 10.0.0.120 "GET /v2.0/security-groups?id=7943d5e3-cf16-4133-ba47-dbafeb864e3c&fields=id&fields=name HTTP/1.1" status: 200 len: 313 time: 0.0512836
2026-06-23 19:53:24.936 10 INFO neutron.plugins.ml2.drivers.ovn.mech_driver.mech_driver [None req-39ba069d-e556-42b2-b945-e7cabd4c0509 - - - - - -] OVN reports status down for port: df1f3337-605f-4e86-9414-40d51bc72b5d
2026-06-23 19:53:25.072 9 INFO neutron.wsgi [req-0281a99d-2365-4d77-aff2-188479e0f906 req-29c76f71-ce58-41c5-8d5b-1a0c882ab560 77406604935f4d52ac02e7cdc366d484 86bc4955266641979266fcb70ba8c7af - - default default] 10.0.0.120 "GET /v2.0/ports?device_id=3179c698-43dd-4739-87d3-7a8e89215fea HTTP/1.1" status: 200 len: 1174 time: 0.1591773
2026-06-23 19:53:25.072 10 INFO neutron.wsgi [req-b3dbb4b7-718f-49cb-a9cb-86c1ccb17510 req-e9283728-b0e3-4edb-b4c1-aaa7d3b1bc60 4cbcf267578148f5a0a3726c23b09931 e4a369b3aa364ad7839e9c4a619420e7 - - default default] 10.0.0.120 "GET /v2.0/ports?device_id=d3b2c03d-941d-4f78-b94e-40f93be73bcb HTTP/1.1" status: 200 len: 1174 time: 0.0650666
2026-06-23 19:53:25.122 9 INFO neutron.wsgi [req-0281a99d-2365-4d77-aff2-188479e0f906 req-251cddc9-dc15-43fe-9e7b-319884da7b4e 77406604935f4d52ac02e7cdc366d484 86bc4955266641979266fcb70ba8c7af - - default default] 10.0.0.120 "GET /v2.0/security-groups?id=7943d5e3-cf16-4133-ba47-dbafeb864e3c&fields=id&fields=name HTTP/1.1" status: 200 len: 313 time: 0.0421703
2026-06-23 19:53:25.140 10 INFO neutron.wsgi [req-b3dbb4b7-718f-49cb-a9cb-86c1ccb17510 req-a6d58db1-5995-4c97-b0ec-d23de21eda30 4cbcf267578148f5a0a3726c23b09931 e4a369b3aa364ad7839e9c4a619420e7 - - default default] 10.0.0.120 "GET /v2.0/security-groups?id=51af2923-09a2-41d4-b442-1408fbcda758&fields=id&fields=name HTTP/1.1" status: 200 len: 313 time: 0.0613017
2026-06-23 19:53:25.247 9 INFO neutron.wsgi [req-16d194c9-9cc5-4ca9-a60a-ef8466d18a30 req-56d4fb85-e26f-4776-a20f-22e0ed777caf 77406604935f4d52ac02e7cdc366d484 86bc4955266641979266fcb70ba8c7af - - default default] 199.204.45.19 "GET /v2.0/ports?device_id=3179c698-43dd-4739-87d3-7a8e89215fea HTTP/1.1" status: 200 len: 1172 time: 0.0407646
2026-06-23 19:53:25.314 10 INFO neutron.db.ovn_revision_numbers_db [None req-39ba069d-e556-42b2-b945-e7cabd4c0509 - - - - - -] Successfully bumped revision number for resource df1f3337-605f-4e86-9414-40d51bc72b5d (type: ports) to 5
2026-06-23 19:53:25.546 9 INFO neutron.db.l3_db [req-16d194c9-9cc5-4ca9-a60a-ef8466d18a30 req-10577a15-d7f3-4224-a097-8d05a826a656 77406604935f4d52ac02e7cdc366d484 86bc4955266641979266fcb70ba8c7af - - default default] Floating IP bc19da93-2a3a-467b-9e20-e54e3ade5cc7 disassociated. External IP: 10.96.250.211, port: df1f3337-605f-4e86-9414-40d51bc72b5d.
2026-06-23 19:53:25.645 9 INFO neutron.wsgi [req-35257504-1525-4898-8ab6-974e18d54694 req-01f02c44-a1c9-49a4-baca-1faff7869bb1 7a091aaea4ec44ba8aba0e32dbf6f4a8 1dccea320e494f5f8e1973ea62d8c831 - - default default] 10.0.0.120 "GET /v2.0/ports?device_id=3a3d3807-7764-4864-967a-452ee3cc9a7e HTTP/1.1" status: 200 len: 1172 time: 0.0407438
2026-06-23 19:53:25.701 9 INFO neutron.wsgi [req-35257504-1525-4898-8ab6-974e18d54694 req-85b57c90-2fb4-4bc7-8959-964ae341640a 7a091aaea4ec44ba8aba0e32dbf6f4a8 1dccea320e494f5f8e1973ea62d8c831 - - default default] 10.0.0.120 "GET /v2.0/security-groups?id=92cdb532-36b1-4a18-a505-0e869b9ec36d&fields=id&fields=name HTTP/1.1" status: 200 len: 286 time: 0.0454729
2026-06-23 19:53:25.746 9 INFO neutron.wsgi [req-16d194c9-9cc5-4ca9-a60a-ef8466d18a30 req-10577a15-d7f3-4224-a097-8d05a826a656 77406604935f4d52ac02e7cdc366d484 86bc4955266641979266fcb70ba8c7af - - default default] 199.204.45.19 "DELETE /v2.0/ports/df1f3337-605f-4e86-9414-40d51bc72b5d HTTP/1.1" status: 204 len: 173 time: 0.4954569
2026-06-23 19:53:25.787 9 INFO neutron.notifiers.nova [-] Nova event matching ['req-8940c479-9a70-4e54-b2ec-1591283335cb'] response: {'server_uuid': '3179c698-43dd-4739-87d3-7a8e89215fea', 'name': 'network-vif-deleted', 'tag': 'df1f3337-605f-4e86-9414-40d51bc72b5d', 'status': 'completed', 'code': 200}
2026-06-23 19:53:25.791 9 WARNING neutron.plugins.ml2.drivers.ovn.mech_driver.ovsdb.ovn_client [None req-4df46f37-8bdc-4170-b649-fd88ecb8fd25 - - - - - -] No hosting information found for port b5b84ed2-aa5d-4006-88a7-19de4b79ad1d: RuntimeError: No hosting information found for port b5b84ed2-aa5d-4006-88a7-19de4b79ad1d
2026-06-23 19:53:25.792 9 INFO neutron.plugins.ml2.drivers.ovn.mech_driver.mech_driver [None req-4df46f37-8bdc-4170-b649-fd88ecb8fd25 - - - - - -] OVN reports status down for port: dc47c36d-a851-43dc-888c-f3b6044d1f4f
2026-06-23 19:53:26.072 9 INFO neutron.db.ovn_revision_numbers_db [None req-4df46f37-8bdc-4170-b649-fd88ecb8fd25 - - - - - -] Successfully bumped revision number for resource dc47c36d-a851-43dc-888c-f3b6044d1f4f (type: ports) to 5
2026-06-23 19:53:26.086 9 WARNING neutron.plugins.ml2.drivers.ovn.mech_driver.ovsdb.ovn_client [None req-4df46f37-8bdc-4170-b649-fd88ecb8fd25 - - - - - -] Logical_Switch_Port %s host information not removed, the port state is up
2026-06-23 19:53:26.086 9 INFO neutron.plugins.ml2.drivers.ovn.mech_driver.mech_driver [None req-4df46f37-8bdc-4170-b649-fd88ecb8fd25 - - - - - -] OVN reports status up for port: dc47c36d-a851-43dc-888c-f3b6044d1f4f
2026-06-23 19:53:26.105 9 INFO neutron.plugins.ml2.plugin [None req-4df46f37-8bdc-4170-b649-fd88ecb8fd25 - - - - - -] Attempt 1 to provision port dc47c36d-a851-43dc-888c-f3b6044d1f4f /var/lib/openstack/lib/python3.10/site-packages/pycadf/identifier.py:71: UserWarning: Invalid uuid: neutron. To ensure interoperability, identifiers should be a valid uuid. warnings.warn(('Invalid uuid: %s. To ensure interoperability, '
2026-06-23 19:53:26.328 10 INFO neutron.wsgi [None req-0e021b2c-6ff5-4a74-a330-51277290700e 77406604935f4d52ac02e7cdc366d484 86bc4955266641979266fcb70ba8c7af - - default default] 10.0.0.93 "DELETE /v2.0/security-groups/7943d5e3-cf16-4133-ba47-dbafeb864e3c HTTP/1.1" status: 204 len: 168 time: 0.1191914
2026-06-23 19:53:26.346 10 INFO neutron.api.v2.resource [None req-00f4d214-fcf8-4fe4-aaa4-3fa49e1bfe37 77406604935f4d52ac02e7cdc366d484 86bc4955266641979266fcb70ba8c7af - - default default] show failed (client error): The resource could not be found.
2026-06-23 19:53:26.348 10 INFO neutron.wsgi [None req-00f4d214-fcf8-4fe4-aaa4-3fa49e1bfe37 77406604935f4d52ac02e7cdc366d484 86bc4955266641979266fcb70ba8c7af - - default default] 10.0.0.93 "GET /v2.0/security-groups/7943d5e3-cf16-4133-ba47-dbafeb864e3c HTTP/1.1" status: 404 len: 347 time: 0.0150957
2026-06-23 19:53:26.353 10 INFO neutron.notifiers.nova [-] Nova event matching ['req-72677021-3f81-4320-a642-84504df5d8cd'] response: {'name': 'network-changed', 'server_uuid': '3179c698-43dd-4739-87d3-7a8e89215fea', 'tag': 'df1f3337-605f-4e86-9414-40d51bc72b5d', 'status': 'completed', 'code': 200}
2026-06-23 19:53:26.353 10 INFO neutron.notifiers.nova [-] Nova event matching ['req-72677021-3f81-4320-a642-84504df5d8cd'] response: {'server_uuid': '3179c698-43dd-4739-87d3-7a8e89215fea', 'name': 'network-vif-unplugged', 'status': 'completed', 'tag': 'df1f3337-605f-4e86-9414-40d51bc72b5d', 'code': 200}
2026-06-23 19:53:26.359 10 INFO neutron.notifiers.nova [-] Nova event matching ['req-72677021-3f81-4320-a642-84504df5d8cd'] response: {'server_uuid': '3179c698-43dd-4739-87d3-7a8e89215fea', 'name': 'network-vif-plugged', 'status': 'completed', 'tag': 'df1f3337-605f-4e86-9414-40d51bc72b5d', 'code': 200} /var/lib/openstack/lib/python3.10/site-packages/pycadf/identifier.py:71: UserWarning: Invalid uuid: neutron. To ensure interoperability, identifiers should be a valid uuid. warnings.warn(('Invalid uuid: %s. To ensure interoperability, '
2026-06-23 19:53:26.417 9 INFO neutron.wsgi [req-68317670-5fa8-4186-998c-7a98021b8a15 req-21d8a12e-ea23-40de-a81f-d2db61e430ba 6f4f30bf7cba42668a7ca8990c172dfd e1fad1e9d9474683adc8c094c81f7748 - - cbb44453c8884041b81e710af37951b4 cbb44453c8884041b81e710af37951b4] 199.204.45.19 "GET /v2.0/ports?tenant_id=86bc4955266641979266fcb70ba8c7af&device_id=3179c698-43dd-4739-87d3-7a8e89215fea HTTP/1.1" status: 200 len: 210 time: 0.0578938
2026-06-23 19:53:26.536 9 INFO neutron.db.ovn_revision_numbers_db [None req-4df46f37-8bdc-4170-b649-fd88ecb8fd25 - - - - - -] Successfully bumped revision number for resource dc47c36d-a851-43dc-888c-f3b6044d1f4f (type: ports) to 6
2026-06-23 19:53:26.540 9 INFO neutron.wsgi [req-68317670-5fa8-4186-998c-7a98021b8a15 req-af122784-7c55-4d1e-a136-6190dccbeda4 6f4f30bf7cba42668a7ca8990c172dfd e1fad1e9d9474683adc8c094c81f7748 - - cbb44453c8884041b81e710af37951b4 cbb44453c8884041b81e710af37951b4] 199.204.45.19 "GET /v2.0/networks?tenant_id=86bc4955266641979266fcb70ba8c7af&shared=False HTTP/1.1" status: 200 len: 968 time: 0.1092379
2026-06-23 19:53:26.697 9 INFO neutron.plugins.ml2.drivers.ovn.mech_driver.mech_driver [None req-4df46f37-8bdc-4170-b649-fd88ecb8fd25 - - - - - -] OVN reports status up for port: 8fd97965-a15b-43e9-89a0-198f6da28f65
2026-06-23 19:53:26.755 9 INFO neutron.plugins.ml2.plugin [None req-4df46f37-8bdc-4170-b649-fd88ecb8fd25 - - - - - -] Attempt 1 to provision port 8fd97965-a15b-43e9-89a0-198f6da28f65
2026-06-23 19:53:26.760 9 INFO neutron.wsgi [req-68317670-5fa8-4186-998c-7a98021b8a15 req-9bc7ac8e-1d60-4c45-98d2-3cde57e75f5f 6f4f30bf7cba42668a7ca8990c172dfd e1fad1e9d9474683adc8c094c81f7748 - - cbb44453c8884041b81e710af37951b4 cbb44453c8884041b81e710af37951b4] 199.204.45.19 "GET /v2.0/networks?shared=True HTTP/1.1" status: 200 len: 952 time: 0.2139854 /var/lib/openstack/lib/python3.10/site-packages/pycadf/identifier.py:71: UserWarning: Invalid uuid: neutron. To ensure interoperability, identifiers should be a valid uuid. warnings.warn(('Invalid uuid: %s. To ensure interoperability, '
2026-06-23 19:53:26.841 9 INFO neutron.wsgi [req-8261a63b-01a0-4228-b6d4-dae8fa4c5f6d req-62ad94bb-2c9f-4f09-a4fb-eefad3c2e6a1 7a091aaea4ec44ba8aba0e32dbf6f4a8 1dccea320e494f5f8e1973ea62d8c831 - - default default] 10.0.0.120 "GET /v2.0/ports?device_id=3a3d3807-7764-4864-967a-452ee3cc9a7e HTTP/1.1" status: 200 len: 1172 time: 0.0509238
2026-06-23 19:53:26.918 9 INFO neutron.wsgi [req-8261a63b-01a0-4228-b6d4-dae8fa4c5f6d req-52bfcc3f-8510-4cb0-a7e6-63a2f4c5951f 7a091aaea4ec44ba8aba0e32dbf6f4a8 1dccea320e494f5f8e1973ea62d8c831 - - default default] 10.0.0.120 "GET /v2.0/security-groups?id=92cdb532-36b1-4a18-a505-0e869b9ec36d&fields=id&fields=name HTTP/1.1" status: 200 len: 286 time: 0.0604076
2026-06-23 19:53:27.033 9 INFO neutron.wsgi [None req-cd3f135e-62a4-43f3-80ba-7342bd8a2634 77406604935f4d52ac02e7cdc366d484 86bc4955266641979266fcb70ba8c7af - - default default] 10.0.0.93 "DELETE /v2.0/floatingips/bc19da93-2a3a-467b-9e20-e54e3ade5cc7 HTTP/1.1" status: 204 len: 168 time: 0.6788180
2026-06-23 19:53:27.132 9 INFO neutron.db.ovn_revision_numbers_db [None req-4df46f37-8bdc-4170-b649-fd88ecb8fd25 - - - - - -] Successfully bumped revision number for resource 8fd97965-a15b-43e9-89a0-198f6da28f65 (type: ports) to 4
2026-06-23 19:53:27.712 10 INFO neutron.db.ovn_revision_numbers_db [None req-1ea00c65-a72f-49d9-a821-02565519141b 2b18d60b87384b7b9789aa7c2c44bc0d f2920c33348246b08d55932abdebf6a6 - - default default] Successfully bumped revision number for resource 0ea3dd55-53ee-41b3-9d26-5ea92cc2b2c1 (type: security_groups) to 1
2026-06-23 19:53:27.733 10 INFO neutron.db.ovn_revision_numbers_db [None req-1ea00c65-a72f-49d9-a821-02565519141b 2b18d60b87384b7b9789aa7c2c44bc0d f2920c33348246b08d55932abdebf6a6 - - default default] Successfully bumped revision number for resource 0f5e6f3a-4557-44f4-a7bb-0924053ada0b (type: security_group_rules) to 0
2026-06-23 19:53:27.753 10 INFO neutron.db.ovn_revision_numbers_db [None req-1ea00c65-a72f-49d9-a821-02565519141b 2b18d60b87384b7b9789aa7c2c44bc0d f2920c33348246b08d55932abdebf6a6 - - default default] Successfully bumped revision number for resource 1dacdcd1-329a-4107-9def-c75f0ab08122 (type: security_group_rules) to 0
2026-06-23 19:53:27.768 10 INFO neutron.db.ovn_revision_numbers_db [None req-1ea00c65-a72f-49d9-a821-02565519141b 2b18d60b87384b7b9789aa7c2c44bc0d f2920c33348246b08d55932abdebf6a6 - - default default] Successfully bumped revision number for resource 36a4d024-d835-469a-b452-1f17e8559fec (type: security_group_rules) to 0
2026-06-23 19:53:27.799 10 INFO neutron.db.ovn_revision_numbers_db [None req-1ea00c65-a72f-49d9-a821-02565519141b 2b18d60b87384b7b9789aa7c2c44bc0d f2920c33348246b08d55932abdebf6a6 - - default default] Successfully bumped revision number for resource 78821df6-7acb-4fa4-a450-a0fb409a4e14 (type: security_group_rules) to 0
2026-06-23 19:53:27.841 9 INFO neutron.notifiers.nova [-] Nova event matching ['req-38b0d255-d32c-4091-a9d8-0c9e1be9ab61'] response: {'server_uuid': 'd3b2c03d-941d-4f78-b94e-40f93be73bcb', 'name': 'network-vif-unplugged', 'status': 'completed', 'tag': 'dc47c36d-a851-43dc-888c-f3b6044d1f4f', 'code': 200}
2026-06-23 19:53:27.842 9 INFO neutron.notifiers.nova [-] Nova event matching ['req-38b0d255-d32c-4091-a9d8-0c9e1be9ab61'] response: {'server_uuid': 'd3b2c03d-941d-4f78-b94e-40f93be73bcb', 'name': 'network-vif-plugged', 'status': 'completed', 'tag': 'dc47c36d-a851-43dc-888c-f3b6044d1f4f', 'code': 200}
