2026-06-23 19:53:10.359 9 INFO neutron.pecan_wsgi.hooks.translation [None req-5d4881e4-7a03-4e79-90cc-fbae83b82c69 7a53710bc9cd4ec7b64a4fc4516e2e2c 906a464c69d84baa919863d38e4e20bc - - default default] DELETE failed (client error): The resource could not be found.
2026-06-23 19:53:10.361 9 INFO neutron.wsgi [None req-5d4881e4-7a03-4e79-90cc-fbae83b82c69 7a53710bc9cd4ec7b64a4fc4516e2e2c 906a464c69d84baa919863d38e4e20bc - - default default] 10.0.0.93 "DELETE /v2.0/subnets/102b855f-6f98-45b9-bb9e-56ef2c2891f0 HTTP/1.1" status: 404 len: 337 time: 0.0169213
2026-06-23 19:53:10.510 9 INFO neutron.wsgi [None req-be38aa53-cf07-4b0e-81ff-c6761e0b7fb3 2b18d60b87384b7b9789aa7c2c44bc0d f2920c33348246b08d55932abdebf6a6 - - default default] 10.0.0.93 "DELETE /v2.0/security-groups/52501c17-c31f-4957-8026-85a23e7f2f5d HTTP/1.1" status: 204 len: 168 time: 0.2470975
2026-06-23 19:53:10.568 9 INFO neutron.wsgi [None req-f408f3c2-9c6c-41fb-b075-2f603cbc0a21 7a53710bc9cd4ec7b64a4fc4516e2e2c 906a464c69d84baa919863d38e4e20bc - - default default] 10.0.0.93 "DELETE /v2.0/ports/195aedc8-1395-4c71-bd07-28dbd02ed2e2 HTTP/1.1" status: 204 len: 168 time: 0.2026687
2026-06-23 19:53:10.823 10 INFO neutron.db.ovn_revision_numbers_db [None req-c74a5bba-0465-4319-98a1-8d2968cc74b2 2b18d60b87384b7b9789aa7c2c44bc0d f2920c33348246b08d55932abdebf6a6 - - default default] Successfully bumped revision number for resource 880ce164-8bb5-41b1-93d0-cbb3c3f30413 (type: ports) to 2
2026-06-23 19:53:10.856 10 INFO neutron.db.ovn_revision_numbers_db [None req-c74a5bba-0465-4319-98a1-8d2968cc74b2 2b18d60b87384b7b9789aa7c2c44bc0d f2920c33348246b08d55932abdebf6a6 - - default default] Successfully bumped revision number for resource 455af962-acc7-4f2b-bdf8-fe02cbfd9522 (type: subnets) to 0
2026-06-23 19:53:10.874 10 INFO neutron.wsgi [None req-c74a5bba-0465-4319-98a1-8d2968cc74b2 2b18d60b87384b7b9789aa7c2c44bc0d f2920c33348246b08d55932abdebf6a6 - - default default] 10.0.0.93 "POST /v2.0/subnets HTTP/1.1" status: 201 len: 860 time: 0.7450719
2026-06-23 19:53:11.066 9 INFO neutron.services.segments.plugin [-] Segment 63b1e76c-bfad-4675-8eb3-f5e837513d96 resource provider aggregate not found
2026-06-23 19:53:11.078 9 INFO neutron.services.segments.plugin [-] Segment 63b1e76c-bfad-4675-8eb3-f5e837513d96 resource provider aggregate not found
2026-06-23 19:53:11.084 9 INFO neutron.services.segments.plugin [-] Segment 63b1e76c-bfad-4675-8eb3-f5e837513d96 resource provider not found; error: Placement Client Error (4xx): {"errors": [{"status": 404, "title": "Not Found", "detail": "The resource could not be found.\n\n No resource provider with uuid 63b1e76c-bfad-4675-8eb3-f5e837513d96 found for delete ", "request_id": "req-cbc95517-32ca-4dde-b677-967490b58bad"}]}
2026-06-23 19:53:11.093 9 INFO neutron.services.segments.plugin [-] Segment 63b1e76c-bfad-4675-8eb3-f5e837513d96 resource provider not found; error: Placement Client Error (4xx): {"errors": [{"status": 404, "title": "Not Found", "detail": "The resource could not be found.\n\n No resource provider with uuid 63b1e76c-bfad-4675-8eb3-f5e837513d96 found for delete ", "request_id": "req-f4936b31-9a3a-4e91-948c-b9fc2675360e"}]}
2026-06-23 19:53:11.268 10 INFO neutron.services.segments.plugin [-] Segment 02a6dad3-301d-4d9b-85f4-c3233e78cc48 resource provider aggregate not found
2026-06-23 19:53:11.282 10 INFO neutron.services.segments.plugin [-] Segment 02a6dad3-301d-4d9b-85f4-c3233e78cc48 resource provider not found; error: Placement Client Error (4xx): {"errors": [{"status": 404, "title": "Not Found", "detail": "The resource could not be found.\n\n No resource provider with uuid 02a6dad3-301d-4d9b-85f4-c3233e78cc48 found for delete ", "request_id": "req-3c4d8f15-305a-45e9-9114-72b2095be892"}]}
2026-06-23 19:53:11.283 10 INFO neutron.services.segments.plugin [-] Segment 02a6dad3-301d-4d9b-85f4-c3233e78cc48 resource provider aggregate not found
2026-06-23 19:53:11.300 10 INFO neutron.services.segments.plugin [-] Segment 02a6dad3-301d-4d9b-85f4-c3233e78cc48 resource provider not found; error: Placement Client Error (4xx): {"errors": [{"status": 404, "title": "Not Found", "detail": "The resource could not be found.\n\n No resource provider with uuid 02a6dad3-301d-4d9b-85f4-c3233e78cc48 found for delete ", "request_id": "req-2c982187-1bde-4207-83a0-b9780e5abfd0"}]}
2026-06-23 19:53:11.333 10 INFO neutron.wsgi [None req-2001ef7f-570d-494d-bef4-c5ef5595bbf8 7a53710bc9cd4ec7b64a4fc4516e2e2c 906a464c69d84baa919863d38e4e20bc - - default default] 10.0.0.93 "DELETE /v2.0/networks/eed84b53-fdee-4e74-846f-c24b85a141d0 HTTP/1.1" status: 204 len: 168 time: 0.7581568
2026-06-23 19:53:11.619 10 WARNING neutron.scheduler.dhcp_agent_scheduler [None req-a9d98897-1a93-4825-bac2-2911709c881f 2b18d60b87384b7b9789aa7c2c44bc0d f2920c33348246b08d55932abdebf6a6 - - default default] No more DHCP agents
2026-06-23 19:53:11.623 10 WARNING neutron.api.rpc.agentnotifiers.dhcp_rpc_agent_api [None req-a9d98897-1a93-4825-bac2-2911709c881f 2b18d60b87384b7b9789aa7c2c44bc0d f2920c33348246b08d55932abdebf6a6 - - default default] Unable to schedule network 40607a6e-90de-4a78-89f4-9721d51919dd: no agents available; will retry on subsequent port and subnet creation events.
2026-06-23 19:53:11.783 10 INFO neutron.db.ovn_revision_numbers_db [None req-a9d98897-1a93-4825-bac2-2911709c881f 2b18d60b87384b7b9789aa7c2c44bc0d f2920c33348246b08d55932abdebf6a6 - - default default] Successfully bumped revision number for resource 70f651af-6d86-422b-b750-325ae26036d2 (type: ports) to 1
2026-06-23 19:53:11.961 9 INFO neutron.wsgi [None req-79a1b3d5-54ae-4e53-abf9-de6834163b05 2b18d60b87384b7b9789aa7c2c44bc0d f2920c33348246b08d55932abdebf6a6 - - default default] 10.0.0.93 "GET /v2.0/security-groups?tenant_id=906a464c69d84baa919863d38e4e20bc&name=default HTTP/1.1" status: 200 len: 2996 time: 0.1434927
2026-06-23 19:53:12.211 9 INFO neutron.wsgi [None req-521e7b92-fd5b-49cd-b224-0bc8e3625e28 2b18d60b87384b7b9789aa7c2c44bc0d f2920c33348246b08d55932abdebf6a6 - - default default] 10.0.0.93 "DELETE /v2.0/security-groups/b63ec968-14ce-4932-8331-79c99b67e4aa HTTP/1.1" status: 204 len: 168 time: 0.2437649
2026-06-23 19:53:12.371 10 INFO neutron.plugins.ml2.drivers.ovn.mech_driver.mech_driver [None req-39ba069d-e556-42b2-b945-e7cabd4c0509 - - - - - -] OVN reports status up for port: 70f651af-6d86-422b-b750-325ae26036d2
2026-06-23 19:53:12.383 10 INFO neutron.plugins.ml2.plugin [None req-39ba069d-e556-42b2-b945-e7cabd4c0509 - - - - - -] Attempt 1 to provision port 70f651af-6d86-422b-b750-325ae26036d2
2026-06-23 19:53:12.387 9 INFO neutron.plugins.ml2.drivers.ovn.mech_driver.ovsdb.ovsdb_monitor [None req-5f8b5cff-92fc-4522-a52a-a01a6398c654 - - - - - -] Router c3340cad-12b3-4159-888a-949751c69a56 is bound to host instance
2026-06-23 19:53:12.397 10 INFO neutron.db.ovn_revision_numbers_db [None req-a9d98897-1a93-4825-bac2-2911709c881f 2b18d60b87384b7b9789aa7c2c44bc0d f2920c33348246b08d55932abdebf6a6 - - default default] Successfully bumped revision number for resource 70f651af-6d86-422b-b750-325ae26036d2 (type: router_ports) to 1
2026-06-23 19:53:12.460 10 INFO neutron.db.ovn_revision_numbers_db [None req-a9d98897-1a93-4825-bac2-2911709c881f 2b18d60b87384b7b9789aa7c2c44bc0d f2920c33348246b08d55932abdebf6a6 - - default default] Successfully bumped revision number for resource c3340cad-12b3-4159-888a-949751c69a56 (type: routers) to 2
2026-06-23 19:53:12.473 10 INFO neutron.wsgi [None req-a9d98897-1a93-4825-bac2-2911709c881f 2b18d60b87384b7b9789aa7c2c44bc0d f2920c33348246b08d55932abdebf6a6 - - default default] 10.0.0.93 "POST /v2.0/routers HTTP/1.1" status: 201 len: 871 time: 1.5925994
2026-06-23 19:53:12.698 9 INFO neutron.db.ovn_revision_numbers_db [None req-b79a0914-8600-486c-a6ec-79a62d60ed1e 2b18d60b87384b7b9789aa7c2c44bc0d f2920c33348246b08d55932abdebf6a6 - - default default] Successfully bumped revision number for resource 92cdb532-36b1-4a18-a505-0e869b9ec36d (type: security_groups) to 1
2026-06-23 19:53:12.715 9 INFO neutron.db.ovn_revision_numbers_db [None req-b79a0914-8600-486c-a6ec-79a62d60ed1e 2b18d60b87384b7b9789aa7c2c44bc0d f2920c33348246b08d55932abdebf6a6 - - default default] Successfully bumped revision number for resource 00241789-e636-440a-b58e-56c69cabd338 (type: security_group_rules) to 0
2026-06-23 19:53:12.755 9 INFO neutron.db.ovn_revision_numbers_db [None req-b79a0914-8600-486c-a6ec-79a62d60ed1e 2b18d60b87384b7b9789aa7c2c44bc0d f2920c33348246b08d55932abdebf6a6 - - default default] Successfully bumped revision number for resource 76d366df-4378-4d71-a6b2-fa1aa201995c (type: security_group_rules) to 0
2026-06-23 19:53:12.775 9 INFO neutron.db.ovn_revision_numbers_db [None req-b79a0914-8600-486c-a6ec-79a62d60ed1e 2b18d60b87384b7b9789aa7c2c44bc0d f2920c33348246b08d55932abdebf6a6 - - default default] Successfully bumped revision number for resource 8c74cf07-aaa2-4ee8-825d-24552d0aec5a (type: security_group_rules) to 0
2026-06-23 19:53:12.804 9 INFO neutron.db.ovn_revision_numbers_db [None req-b79a0914-8600-486c-a6ec-79a62d60ed1e 2b18d60b87384b7b9789aa7c2c44bc0d f2920c33348246b08d55932abdebf6a6 - - default default] Successfully bumped revision number for resource e02408ee-ae17-4c61-80d3-78660384824b (type: security_group_rules) to 0
2026-06-23 19:53:12.856 9 INFO neutron.db.segments_db [None req-b79a0914-8600-486c-a6ec-79a62d60ed1e 2b18d60b87384b7b9789aa7c2c44bc0d f2920c33348246b08d55932abdebf6a6 - - default default] Added segment f0bc286e-5437-4d51-9fee-97c28c3edb7a of type geneve for network e9934ca8-b6fb-473d-b0ce-96703aab3be0
2026-06-23 19:53:12.913 10 WARNING neutron.scheduler.dhcp_agent_scheduler [None req-a16242aa-7899-4aa3-b45d-3e29eb47c4f7 2b18d60b87384b7b9789aa7c2c44bc0d f2920c33348246b08d55932abdebf6a6 - - default default] No more DHCP agents
2026-06-23 19:53:12.915 10 WARNING neutron.api.rpc.agentnotifiers.dhcp_rpc_agent_api [None req-a16242aa-7899-4aa3-b45d-3e29eb47c4f7 2b18d60b87384b7b9789aa7c2c44bc0d f2920c33348246b08d55932abdebf6a6 - - default default] Unable to schedule network f113f3d8-1c85-4ed8-8341-1905c587108a: no agents available; will retry on subsequent port and subnet creation events.
2026-06-23 19:53:12.984 9 INFO neutron.db.ovn_revision_numbers_db [None req-5f8b5cff-92fc-4522-a52a-a01a6398c654 - - - - - -] Successfully bumped revision number for resource 70f651af-6d86-422b-b750-325ae26036d2 (type: ports) to 1
2026-06-23 19:53:13.020 9 INFO neutron.db.ovn_revision_numbers_db [None req-b79a0914-8600-486c-a6ec-79a62d60ed1e 2b18d60b87384b7b9789aa7c2c44bc0d f2920c33348246b08d55932abdebf6a6 - - default default] Successfully bumped revision number for resource e9934ca8-b6fb-473d-b0ce-96703aab3be0 (type: networks) to 1
2026-06-23 19:53:13.074 10 INFO neutron.db.ovn_revision_numbers_db [None req-a16242aa-7899-4aa3-b45d-3e29eb47c4f7 2b18d60b87384b7b9789aa7c2c44bc0d f2920c33348246b08d55932abdebf6a6 - - default default] Successfully bumped revision number for resource d49970d9-e6b9-4348-a678-db6f165b02f8 (type: ports) to 1
2026-06-23 19:53:13.244 9 WARNING neutron.scheduler.dhcp_agent_scheduler [None req-b79a0914-8600-486c-a6ec-79a62d60ed1e 2b18d60b87384b7b9789aa7c2c44bc0d f2920c33348246b08d55932abdebf6a6 - - default default] No more DHCP agents
2026-06-23 19:53:13.247 9 WARNING neutron.api.rpc.agentnotifiers.dhcp_rpc_agent_api [None req-b79a0914-8600-486c-a6ec-79a62d60ed1e 2b18d60b87384b7b9789aa7c2c44bc0d f2920c33348246b08d55932abdebf6a6 - - default default] Unable to schedule network e9934ca8-b6fb-473d-b0ce-96703aab3be0: no agents available; will retry on subsequent port and subnet creation events.
2026-06-23 19:53:13.336 9 INFO neutron.db.ovn_revision_numbers_db [None req-b79a0914-8600-486c-a6ec-79a62d60ed1e 2b18d60b87384b7b9789aa7c2c44bc0d f2920c33348246b08d55932abdebf6a6 - - default default] Successfully bumped revision number for resource fbb24279-74db-4be9-ba71-520569c22d94 (type: ports) to 1
2026-06-23 19:53:13.362 9 INFO neutron.wsgi [None req-b79a0914-8600-486c-a6ec-79a62d60ed1e 2b18d60b87384b7b9789aa7c2c44bc0d f2920c33348246b08d55932abdebf6a6 - - default default] 10.0.0.93 "POST /v2.0/networks HTTP/1.1" status: 201 len: 947 time: 1.0701895
2026-06-23 19:53:13.363 9 INFO neutron.db.ovn_revision_numbers_db [None req-5f8b5cff-92fc-4522-a52a-a01a6398c654 - - - - - -] Successfully bumped revision number for resource 70f651af-6d86-422b-b750-325ae26036d2 (type: router_ports) to 3
2026-06-23 19:53:13.485 9 INFO neutron.plugins.ml2.drivers.ovn.mech_driver.mech_driver [None req-4df46f37-8bdc-4170-b649-fd88ecb8fd25 - - - - - -] OVN reports status up for port: d49970d9-e6b9-4348-a678-db6f165b02f8
2026-06-23 19:53:13.503 9 INFO neutron.plugins.ml2.plugin [None req-4df46f37-8bdc-4170-b649-fd88ecb8fd25 - - - - - -] Attempt 1 to provision port d49970d9-e6b9-4348-a678-db6f165b02f8
2026-06-23 19:53:13.517 10 INFO neutron.db.ovn_revision_numbers_db [None req-a16242aa-7899-4aa3-b45d-3e29eb47c4f7 2b18d60b87384b7b9789aa7c2c44bc0d f2920c33348246b08d55932abdebf6a6 - - default default] Successfully bumped revision number for resource d49970d9-e6b9-4348-a678-db6f165b02f8 (type: router_ports) to 1
2026-06-23 19:53:13.525 9 INFO neutron.db.ovn_revision_numbers_db [None req-5f8b5cff-92fc-4522-a52a-a01a6398c654 - - - - - -] Successfully bumped revision number for resource 70f651af-6d86-422b-b750-325ae26036d2 (type: ports) to 2
2026-06-23 19:53:13.577 10 WARNING neutron.scheduler.dhcp_agent_scheduler [None req-76bb4c1e-e2b1-444b-a1a2-e56506471199 2b18d60b87384b7b9789aa7c2c44bc0d f2920c33348246b08d55932abdebf6a6 - - default default] No more DHCP agents
2026-06-23 19:53:13.584 10 WARNING neutron.api.rpc.agentnotifiers.dhcp_rpc_agent_api [None req-76bb4c1e-e2b1-444b-a1a2-e56506471199 2b18d60b87384b7b9789aa7c2c44bc0d f2920c33348246b08d55932abdebf6a6 - - default default] Unable to schedule network e9934ca8-b6fb-473d-b0ce-96703aab3be0: no agents available; will retry on subsequent port and subnet creation events.
2026-06-23 19:53:13.705 10 INFO neutron.db.ovn_revision_numbers_db [None req-a16242aa-7899-4aa3-b45d-3e29eb47c4f7 2b18d60b87384b7b9789aa7c2c44bc0d f2920c33348246b08d55932abdebf6a6 - - default default] Successfully bumped revision number for resource d49970d9-e6b9-4348-a678-db6f165b02f8 (type: ports) to 1
2026-06-23 19:53:13.786 10 WARNING neutron.scheduler.dhcp_agent_scheduler [None req-a16242aa-7899-4aa3-b45d-3e29eb47c4f7 2b18d60b87384b7b9789aa7c2c44bc0d f2920c33348246b08d55932abdebf6a6 - - default default] No more DHCP agents
2026-06-23 19:53:13.788 10 WARNING neutron.api.rpc.agentnotifiers.dhcp_rpc_agent_api [None req-a16242aa-7899-4aa3-b45d-3e29eb47c4f7 2b18d60b87384b7b9789aa7c2c44bc0d f2920c33348246b08d55932abdebf6a6 - - default default] Unable to schedule network f113f3d8-1c85-4ed8-8341-1905c587108a: no agents available; will retry on subsequent port and subnet creation events.
2026-06-23 19:53:13.811 9 INFO neutron.db.ovn_revision_numbers_db [None req-5f8b5cff-92fc-4522-a52a-a01a6398c654 - - - - - -] Successfully bumped revision number for resource 70f651af-6d86-422b-b750-325ae26036d2 (type: ports) to 4
2026-06-23 19:53:13.825 9 INFO neutron.db.ovn_revision_numbers_db [None req-4df46f37-8bdc-4170-b649-fd88ecb8fd25 - - - - - -] Successfully bumped revision number for resource d49970d9-e6b9-4348-a678-db6f165b02f8 (type: ports) to 2
2026-06-23 19:53:13.976 10 INFO neutron.wsgi [-] 10.0.0.239 "GET / HTTP/1.1" status: 200 len: 246 time: 0.0013077
2026-06-23 19:53:13.978 10 INFO neutron.wsgi [-] 10.0.0.239 "GET / HTTP/1.1" status: 200 len: 246 time: 0.0011196
2026-06-23 19:53:14.194 9 INFO neutron.db.ovn_revision_numbers_db [None req-4df46f37-8bdc-4170-b649-fd88ecb8fd25 - - - - - -] Successfully bumped revision number for resource d49970d9-e6b9-4348-a678-db6f165b02f8 (type: router_ports) to 2
2026-06-23 19:53:14.315 9 INFO neutron.db.ovn_revision_numbers_db [None req-5f8b5cff-92fc-4522-a52a-a01a6398c654 - - - - - -] Successfully bumped revision number for resource 70f651af-6d86-422b-b750-325ae26036d2 (type: router_ports) to 4
2026-06-23 19:53:14.344 10 INFO neutron.db.ovn_revision_numbers_db [None req-76bb4c1e-e2b1-444b-a1a2-e56506471199 2b18d60b87384b7b9789aa7c2c44bc0d f2920c33348246b08d55932abdebf6a6 - - default default] Successfully bumped revision number for resource fbb24279-74db-4be9-ba71-520569c22d94 (type: ports) to 2
2026-06-23 19:53:14.391 10 INFO neutron.db.ovn_revision_numbers_db [None req-76bb4c1e-e2b1-444b-a1a2-e56506471199 2b18d60b87384b7b9789aa7c2c44bc0d f2920c33348246b08d55932abdebf6a6 - - default default] Successfully bumped revision number for resource 3c1a3f05-715b-49ed-9eaa-4ef178278c6f (type: subnets) to 0
2026-06-23 19:53:14.409 10 INFO neutron.wsgi [None req-76bb4c1e-e2b1-444b-a1a2-e56506471199 2b18d60b87384b7b9789aa7c2c44bc0d f2920c33348246b08d55932abdebf6a6 - - default default] 10.0.0.93 "POST /v2.0/subnets HTTP/1.1" status: 201 len: 867 time: 1.0400858
2026-06-23 19:53:14.424 9 INFO neutron.db.ovn_revision_numbers_db [None req-01d5be78-7dab-4eee-bcda-afad892c629c 886a047c0ffe44c1bfe57aec94ad2566 beb0f58958844e92b5543a7e119cfad0 - - default default] Successfully bumped revision number for resource 05d33bb4-a787-473c-b2ea-f6ca67a92918 (type: security_groups) to 1
2026-06-23 19:53:14.441 9 INFO neutron.db.ovn_revision_numbers_db [None req-01d5be78-7dab-4eee-bcda-afad892c629c 886a047c0ffe44c1bfe57aec94ad2566 beb0f58958844e92b5543a7e119cfad0 - - default default] Successfully bumped revision number for resource 0d1fbaf8-dcd3-40d4-aff8-43e739bfbdb8 (type: security_group_rules) to 0
2026-06-23 19:53:14.470 9 INFO neutron.db.ovn_revision_numbers_db [None req-01d5be78-7dab-4eee-bcda-afad892c629c 886a047c0ffe44c1bfe57aec94ad2566 beb0f58958844e92b5543a7e119cfad0 - - default default] Successfully bumped revision number for resource 8af64907-97a7-43f6-9713-65006f7b7f11 (type: security_group_rules) to 0
2026-06-23 19:53:14.491 9 INFO neutron.db.ovn_revision_numbers_db [None req-01d5be78-7dab-4eee-bcda-afad892c629c 886a047c0ffe44c1bfe57aec94ad2566 beb0f58958844e92b5543a7e119cfad0 - - default default] Successfully bumped revision number for resource a9209cd7-69db-44b5-ad22-8b89965c4ccd (type: security_group_rules) to 0
2026-06-23 19:53:14.540 9 INFO neutron.db.ovn_revision_numbers_db [None req-01d5be78-7dab-4eee-bcda-afad892c629c 886a047c0ffe44c1bfe57aec94ad2566 beb0f58958844e92b5543a7e119cfad0 - - default default] Successfully bumped revision number for resource b45308af-4ec4-4c5e-8c0e-6e23eda8895c (type: security_group_rules) to 0
2026-06-23 19:53:14.560 10 INFO neutron.db.ovn_revision_numbers_db [None req-a16242aa-7899-4aa3-b45d-3e29eb47c4f7 2b18d60b87384b7b9789aa7c2c44bc0d f2920c33348246b08d55932abdebf6a6 - - default default] Successfully bumped revision number for resource d49970d9-e6b9-4348-a678-db6f165b02f8 (type: router_ports) to 2
2026-06-23 19:53:14.563 10 INFO neutron.wsgi [None req-a16242aa-7899-4aa3-b45d-3e29eb47c4f7 2b18d60b87384b7b9789aa7c2c44bc0d f2920c33348246b08d55932abdebf6a6 - - default default] 10.0.0.93 "PUT /v2.0/routers/c3340cad-12b3-4159-888a-949751c69a56/add_router_interface HTTP/1.1" status: 200 len: 503 time: 2.0852540
2026-06-23 19:53:14.670 9 INFO neutron.db.ovn_revision_numbers_db [None req-01d5be78-7dab-4eee-bcda-afad892c629c 886a047c0ffe44c1bfe57aec94ad2566 beb0f58958844e92b5543a7e119cfad0 - - default default] Successfully bumped revision number for resource 6aedaa99-4445-4afd-9372-3c4e80b02866 (type: security_groups) to 1
2026-06-23 19:53:14.684 9 INFO neutron.db.ovn_revision_numbers_db [None req-01d5be78-7dab-4eee-bcda-afad892c629c 886a047c0ffe44c1bfe57aec94ad2566 beb0f58958844e92b5543a7e119cfad0 - - default default] Successfully bumped revision number for resource 15719b34-7680-4fe4-84a5-be6c3c12b055 (type: security_group_rules) to 0
2026-06-23 19:53:14.707 9 INFO neutron.db.ovn_revision_numbers_db [None req-01d5be78-7dab-4eee-bcda-afad892c629c 886a047c0ffe44c1bfe57aec94ad2566 beb0f58958844e92b5543a7e119cfad0 - - default default] Successfully bumped revision number for resource 440b1910-a394-4d47-8193-1e40b90d6814 (type: security_group_rules) to 0
2026-06-23 19:53:14.723 9 INFO neutron.wsgi [None req-01d5be78-7dab-4eee-bcda-afad892c629c 886a047c0ffe44c1bfe57aec94ad2566 beb0f58958844e92b5543a7e119cfad0 - - default default] 10.0.0.93 "POST /v2.0/security-groups HTTP/1.1" status: 201 len: 1760 time: 0.7955680
2026-06-23 19:53:14.782 9 INFO neutron.wsgi [None req-05ff7528-6e61-497c-a93f-70a1c64afea2 886a047c0ffe44c1bfe57aec94ad2566 beb0f58958844e92b5543a7e119cfad0 - - default default] 10.0.0.93 "GET /v2.0/security-groups HTTP/1.1" status: 200 len: 4538 time: 0.0544763
2026-06-23 19:53:14.883 10 INFO neutron.db.ovn_revision_numbers_db [None req-533bd68c-ae75-4c99-805d-f72b8cdc5d6e 886a047c0ffe44c1bfe57aec94ad2566 beb0f58958844e92b5543a7e119cfad0 - - default default] Successfully bumped revision number for resource 6aedaa99-4445-4afd-9372-3c4e80b02866 (type: security_groups) to 2
2026-06-23 19:53:14.887 10 INFO neutron.wsgi [None req-533bd68c-ae75-4c99-805d-f72b8cdc5d6e 886a047c0ffe44c1bfe57aec94ad2566 beb0f58958844e92b5543a7e119cfad0 - - default default] 10.0.0.93 "PUT /v2.0/security-groups/6aedaa99-4445-4afd-9372-3c4e80b02866 HTTP/1.1" status: 200 len: 1794 time: 0.1002710
2026-06-23 19:53:14.914 9 WARNING neutron.scheduler.dhcp_agent_scheduler [None req-30b489a5-bbc3-48f9-b3df-f8d4f1b77b2b 2b18d60b87384b7b9789aa7c2c44bc0d f2920c33348246b08d55932abdebf6a6 - - default default] No more DHCP agents
2026-06-23 19:53:14.917 9 WARNING neutron.api.rpc.agentnotifiers.dhcp_rpc_agent_api [None req-30b489a5-bbc3-48f9-b3df-f8d4f1b77b2b 2b18d60b87384b7b9789aa7c2c44bc0d f2920c33348246b08d55932abdebf6a6 - - default default] Unable to schedule network 40607a6e-90de-4a78-89f4-9721d51919dd: no agents available; will retry on subsequent port and subnet creation events.
2026-06-23 19:53:14.921 10 INFO neutron.wsgi [None req-5ea911a8-b64c-4772-af5d-4944683969ce 886a047c0ffe44c1bfe57aec94ad2566 beb0f58958844e92b5543a7e119cfad0 - - default default] 10.0.0.93 "GET /v2.0/security-groups/6aedaa99-4445-4afd-9372-3c4e80b02866 HTTP/1.1" status: 200 len: 1794 time: 0.0271802
2026-06-23 19:53:15.020 10 INFO neutron.wsgi [None req-5ccbcab4-ef7d-4569-b8c4-682f0aa9d977 886a047c0ffe44c1bfe57aec94ad2566 beb0f58958844e92b5543a7e119cfad0 - - default default] 10.0.0.93 "DELETE /v2.0/security-groups/6aedaa99-4445-4afd-9372-3c4e80b02866 HTTP/1.1" status: 204 len: 168 time: 0.0954804
2026-06-23 19:53:15.054 9 INFO neutron.db.ovn_revision_numbers_db [None req-30b489a5-bbc3-48f9-b3df-f8d4f1b77b2b 2b18d60b87384b7b9789aa7c2c44bc0d f2920c33348246b08d55932abdebf6a6 - - default default] Successfully bumped revision number for resource 6034fa21-b6ea-4f1e-8432-dd07845f0099 (type: ports) to 1
2026-06-23 19:53:15.069 10 INFO neutron.wsgi [None req-1958bafe-a993-42af-bbe4-af15f864be30 886a047c0ffe44c1bfe57aec94ad2566 beb0f58958844e92b5543a7e119cfad0 - - default default] 10.0.0.93 "GET /v2.0/security-groups HTTP/1.1" status: 200 len: 2996 time: 0.0439708
2026-06-23 19:53:15.086 10 INFO neutron.api.v2.resource [None req-8425e61e-d8a3-476e-951f-4d8a26a623bb 886a047c0ffe44c1bfe57aec94ad2566 beb0f58958844e92b5543a7e119cfad0 - - default default] delete failed (client error): The resource could not be found.
2026-06-23 19:53:15.087 10 INFO neutron.wsgi [None req-8425e61e-d8a3-476e-951f-4d8a26a623bb 886a047c0ffe44c1bfe57aec94ad2566 beb0f58958844e92b5543a7e119cfad0 - - default default] 10.0.0.93 "DELETE /v2.0/security-groups/6aedaa99-4445-4afd-9372-3c4e80b02866 HTTP/1.1" status: 404 len: 347 time: 0.0136535
2026-06-23 19:53:15.233 10 INFO neutron.db.ovn_revision_numbers_db [None req-003eee2e-f459-4b08-88be-9e9ababb6172 886a047c0ffe44c1bfe57aec94ad2566 beb0f58958844e92b5543a7e119cfad0 - - default default] Successfully bumped revision number for resource 2aeb90cf-0995-414a-b82f-c8f4b28cc7f0 (type: security_groups) to 1
2026-06-23 19:53:15.247 10 INFO neutron.db.ovn_revision_numbers_db [None req-003eee2e-f459-4b08-88be-9e9ababb6172 886a047c0ffe44c1bfe57aec94ad2566 beb0f58958844e92b5543a7e119cfad0 - - default default] Successfully bumped revision number for resource 57e91d8b-1e4f-4b72-bfca-9f0fa4f4e218 (type: security_group_rules) to 0
2026-06-23 19:53:15.272 10 INFO neutron.db.ovn_revision_numbers_db [None req-003eee2e-f459-4b08-88be-9e9ababb6172 886a047c0ffe44c1bfe57aec94ad2566 beb0f58958844e92b5543a7e119cfad0 - - default default] Successfully bumped revision number for resource f45cbf8f-f97a-4af3-8a7d-aa3e2fd18228 (type: security_group_rules) to 0
2026-06-23 19:53:15.278 10 INFO neutron.db.ovn_revision_numbers_db [None req-8bef73e7-eb84-4b51-a293-50a81dd09d8b 77406604935f4d52ac02e7cdc366d484 86bc4955266641979266fcb70ba8c7af - - default default] Successfully bumped revision number for resource 7943d5e3-cf16-4133-ba47-dbafeb864e3c (type: security_groups) to 1
2026-06-23 19:53:15.300 10 INFO neutron.wsgi [None req-003eee2e-f459-4b08-88be-9e9ababb6172 886a047c0ffe44c1bfe57aec94ad2566 beb0f58958844e92b5543a7e119cfad0 - - default default] 10.0.0.93 "POST /v2.0/security-groups HTTP/1.1" status: 201 len: 1761 time: 0.2055492
2026-06-23 19:53:15.301 10 INFO neutron.db.ovn_revision_numbers_db [None req-8bef73e7-eb84-4b51-a293-50a81dd09d8b 77406604935f4d52ac02e7cdc366d484 86bc4955266641979266fcb70ba8c7af - - default default] Successfully bumped revision number for resource 71ddfc03-a24e-4c1a-8e36-07dc74e44c5b (type: security_group_rules) to 0
2026-06-23 19:53:15.316 10 INFO neutron.db.ovn_revision_numbers_db [None req-8bef73e7-eb84-4b51-a293-50a81dd09d8b 77406604935f4d52ac02e7cdc366d484 86bc4955266641979266fcb70ba8c7af - - default default] Successfully bumped revision number for resource 7ced9b11-8fea-4a29-adb3-562dcfe20c9a (type: security_group_rules) to 0
2026-06-23 19:53:15.335 10 INFO neutron.wsgi [None req-8bef73e7-eb84-4b51-a293-50a81dd09d8b 77406604935f4d52ac02e7cdc366d484 86bc4955266641979266fcb70ba8c7af - - default default] 10.0.0.93 "POST /v2.0/security-groups HTTP/1.1" status: 201 len: 1796 time: 0.1956396
2026-06-23 19:53:15.479 10 INFO neutron.db.ovn_revision_numbers_db [None req-4180c962-3737-4e05-bcce-c5f2bc284492 77406604935f4d52ac02e7cdc366d484 86bc4955266641979266fcb70ba8c7af - - default default] Successfully bumped revision number for resource 0003aac0-37a0-4a3a-9b1c-e152673bc7d4 (type: security_group_rules) to 0
2026-06-23 19:53:15.506 10 INFO neutron.wsgi [None req-4180c962-3737-4e05-bcce-c5f2bc284492 77406604935f4d52ac02e7cdc366d484 86bc4955266641979266fcb70ba8c7af - - default default] 10.0.0.93 "POST /v2.0/security-group-rules HTTP/1.1" status: 201 len: 764 time: 0.1655908
2026-06-23 19:53:15.530 9 INFO neutron.db.ovn_revision_numbers_db [None req-f2443b1c-902c-40c0-90ca-e857d680cf74 886a047c0ffe44c1bfe57aec94ad2566 beb0f58958844e92b5543a7e119cfad0 - - default default] Successfully bumped revision number for resource 112c7fc2-523e-4354-843c-454d516e13c5 (type: security_group_rules) to 0
2026-06-23 19:53:15.574 9 INFO neutron.wsgi [None req-f2443b1c-902c-40c0-90ca-e857d680cf74 886a047c0ffe44c1bfe57aec94ad2566 beb0f58958844e92b5543a7e119cfad0 - - default default] 10.0.0.93 "POST /v2.0/security-group-rules HTTP/1.1" status: 201 len: 768 time: 0.2674654
2026-06-23 19:53:15.602 10 INFO neutron.wsgi [None req-04f60df2-44f9-4fde-abd8-23fef8cb23ef 886a047c0ffe44c1bfe57aec94ad2566 beb0f58958844e92b5543a7e119cfad0 - - default default] 10.0.0.93 "GET /v2.0/security-group-rules/112c7fc2-523e-4354-843c-454d516e13c5 HTTP/1.1" status: 200 len: 763 time: 0.0213745
2026-06-23 19:53:15.645 10 INFO neutron.wsgi [None req-bdc7d524-d3e2-41b1-8987-8d91cd60703c 886a047c0ffe44c1bfe57aec94ad2566 beb0f58958844e92b5543a7e119cfad0 - - default default] 10.0.0.93 "GET /v2.0/security-group-rules HTTP/1.1" status: 200 len: 4113 time: 0.0380335
2026-06-23 19:53:15.674 9 INFO neutron.plugins.ml2.drivers.ovn.mech_driver.ovsdb.ovsdb_monitor [None req-5f8b5cff-92fc-4522-a52a-a01a6398c654 - - - - - -] Router dfa5ccc5-40ef-4c2b-bee0-4941dea52c1f is bound to host instance
2026-06-23 19:53:15.701 9 INFO neutron.db.ovn_revision_numbers_db [None req-30b489a5-bbc3-48f9-b3df-f8d4f1b77b2b 2b18d60b87384b7b9789aa7c2c44bc0d f2920c33348246b08d55932abdebf6a6 - - default default] Successfully bumped revision number for resource 6034fa21-b6ea-4f1e-8432-dd07845f0099 (type: router_ports) to 1
2026-06-23 19:53:15.707 9 INFO neutron.db.ovn_revision_numbers_db [None req-4c49bf93-7563-44e1-a682-2d5c1659da15 77406604935f4d52ac02e7cdc366d484 86bc4955266641979266fcb70ba8c7af - - default default] Successfully bumped revision number for resource e1d1049b-8f75-4222-ac01-6d466786319b (type: security_group_rules) to 0
2026-06-23 19:53:15.760 9 INFO neutron.wsgi [None req-4c49bf93-7563-44e1-a682-2d5c1659da15 77406604935f4d52ac02e7cdc366d484 86bc4955266641979266fcb70ba8c7af - - default default] 10.0.0.93 "POST /v2.0/security-group-rules HTTP/1.1" status: 201 len: 769 time: 0.2491562
2026-06-23 19:53:15.765 10 INFO neutron.wsgi [None req-01027842-5f23-45ac-8302-5008f1cbece7 886a047c0ffe44c1bfe57aec94ad2566 beb0f58958844e92b5543a7e119cfad0 - - default default] 10.0.0.93 "DELETE /v2.0/security-group-rules/112c7fc2-523e-4354-843c-454d516e13c5 HTTP/1.1" status: 204 len: 168 time: 0.1122208
2026-06-23 19:53:15.818 10 INFO neutron.wsgi [None req-d6f73129-c92c-4c1c-ae44-9df41fce0643 886a047c0ffe44c1bfe57aec94ad2566 beb0f58958844e92b5543a7e119cfad0 - - default default] 10.0.0.93 "GET /v2.0/security-group-rules HTTP/1.1" status: 200 len: 3567 time: 0.0455341
2026-06-23 19:53:15.819 9 INFO neutron.db.ovn_revision_numbers_db [None req-30b489a5-bbc3-48f9-b3df-f8d4f1b77b2b 2b18d60b87384b7b9789aa7c2c44bc0d f2920c33348246b08d55932abdebf6a6 - - default default] Successfully bumped revision number for resource dfa5ccc5-40ef-4c2b-bee0-4941dea52c1f (type: routers) to 2
2026-06-23 19:53:15.855 9 INFO neutron.wsgi [None req-30b489a5-bbc3-48f9-b3df-f8d4f1b77b2b 2b18d60b87384b7b9789aa7c2c44bc0d f2920c33348246b08d55932abdebf6a6 - - default default] 10.0.0.93 "POST /v2.0/routers HTTP/1.1" status: 201 len: 878 time: 1.4364777
2026-06-23 19:53:15.944 10 INFO neutron.db.ovn_revision_numbers_db [None req-29a9a9b6-ec49-42f0-a6d8-67bbc78f543c 886a047c0ffe44c1bfe57aec94ad2566 beb0f58958844e92b5543a7e119cfad0 - - default default] Successfully bumped revision number for resource 6b08656a-2f04-4a50-a296-385b81d42c70 (type: security_group_rules) to 0
2026-06-23 19:53:15.967 10 INFO neutron.wsgi [None req-29a9a9b6-ec49-42f0-a6d8-67bbc78f543c 886a047c0ffe44c1bfe57aec94ad2566 beb0f58958844e92b5543a7e119cfad0 - - default default] 10.0.0.93 "POST /v2.0/security-group-rules HTTP/1.1" status: 201 len: 768 time: 0.1421268
2026-06-23 19:53:15.988 10 INFO neutron.wsgi [None req-0d468aa0-b74b-45da-89e6-004215e376e1 886a047c0ffe44c1bfe57aec94ad2566 beb0f58958844e92b5543a7e119cfad0 - - default default] 10.0.0.93 "GET /v2.0/security-group-rules/6b08656a-2f04-4a50-a296-385b81d42c70 HTTP/1.1" status: 200 len: 763 time: 0.0157168
2026-06-23 19:53:16.032 10 INFO neutron.wsgi [None req-3aca1e97-2a18-4e47-9d35-e00f1c482385 886a047c0ffe44c1bfe57aec94ad2566 beb0f58958844e92b5543a7e119cfad0 - - default default] 10.0.0.93 "GET /v2.0/security-group-rules HTTP/1.1" status: 200 len: 4113 time: 0.0391939
2026-06-23 19:53:16.154 10 INFO neutron.wsgi [None req-66273225-da1b-4f4d-b0c4-784fa64bbf81 886a047c0ffe44c1bfe57aec94ad2566 beb0f58958844e92b5543a7e119cfad0 - - default default] 10.0.0.93 "DELETE /v2.0/security-group-rules/6b08656a-2f04-4a50-a296-385b81d42c70 HTTP/1.1" status: 204 len: 168 time: 0.1165929
2026-06-23 19:53:16.199 10 INFO neutron.wsgi [None req-47a8e22e-93f4-47de-b7ae-aa5838d72e2b 886a047c0ffe44c1bfe57aec94ad2566 beb0f58958844e92b5543a7e119cfad0 - - default default] 10.0.0.93 "GET /v2.0/security-group-rules HTTP/1.1" status: 200 len: 3567 time: 0.0390296
2026-06-23 19:53:16.307 10 INFO neutron.db.ovn_revision_numbers_db [None req-51b08140-0456-4560-bb03-65a03c1fa02f 886a047c0ffe44c1bfe57aec94ad2566 beb0f58958844e92b5543a7e119cfad0 - - default default] Successfully bumped revision number for resource 46c20e66-3c5a-4062-80cf-6545c8535c7f (type: security_group_rules) to 0
2026-06-23 19:53:16.329 10 INFO neutron.wsgi [None req-51b08140-0456-4560-bb03-65a03c1fa02f 886a047c0ffe44c1bfe57aec94ad2566 beb0f58958844e92b5543a7e119cfad0 - - default default] 10.0.0.93 "POST /v2.0/security-group-rules HTTP/1.1" status: 201 len: 769 time: 0.1226439
2026-06-23 19:53:16.352 10 INFO neutron.wsgi [None req-40692d63-cbe3-480a-a74a-7db1c24c3e59 886a047c0ffe44c1bfe57aec94ad2566 beb0f58958844e92b5543a7e119cfad0 - - default default] 10.0.0.93 "GET /v2.0/security-group-rules/46c20e66-3c5a-4062-80cf-6545c8535c7f HTTP/1.1" status: 200 len: 764 time: 0.0161541
2026-06-23 19:53:16.389 10 INFO neutron.wsgi [None req-100a0554-4da7-4826-bcc2-d565a7d5434d 886a047c0ffe44c1bfe57aec94ad2566 beb0f58958844e92b5543a7e119cfad0 - - default default] 10.0.0.93 "GET /v2.0/security-group-rules HTTP/1.1" status: 200 len: 4114 time: 0.0340819
2026-06-23 19:53:16.414 9 WARNING neutron.scheduler.dhcp_agent_scheduler [None req-9583b036-ce91-432a-874a-7de1992910cf 77406604935f4d52ac02e7cdc366d484 86bc4955266641979266fcb70ba8c7af - - default default] No more DHCP agents
2026-06-23 19:53:16.430 9 WARNING neutron.api.rpc.agentnotifiers.dhcp_rpc_agent_api [None req-9583b036-ce91-432a-874a-7de1992910cf 77406604935f4d52ac02e7cdc366d484 86bc4955266641979266fcb70ba8c7af - - default default] Unable to schedule network 40607a6e-90de-4a78-89f4-9721d51919dd: no agents available; will retry on subsequent port and subnet creation events.
2026-06-23 19:53:16.499 10 INFO neutron.wsgi [None req-6e58d7e2-3bf3-48f1-927a-6623e73056bf 886a047c0ffe44c1bfe57aec94ad2566 beb0f58958844e92b5543a7e119cfad0 - - default default] 10.0.0.93 "DELETE /v2.0/security-group-rules/46c20e66-3c5a-4062-80cf-6545c8535c7f HTTP/1.1" status: 204 len: 168 time: 0.1034048
2026-06-23 19:53:16.539 10 INFO neutron.wsgi [None req-edfddb9c-3932-4678-add3-68b53f5bcfa9 886a047c0ffe44c1bfe57aec94ad2566 beb0f58958844e92b5543a7e119cfad0 - - default default] 10.0.0.93 "GET /v2.0/security-group-rules HTTP/1.1" status: 200 len: 3567 time: 0.0326555
2026-06-23 19:53:16.654 10 INFO neutron.wsgi [None req-d145ca13-15d3-4584-ae36-72a3b2d716cd 886a047c0ffe44c1bfe57aec94ad2566 beb0f58958844e92b5543a7e119cfad0 - - default default] 10.0.0.93 "DELETE /v2.0/security-groups/2aeb90cf-0995-414a-b82f-c8f4b28cc7f0 HTTP/1.1" status: 204 len: 168 time: 0.1086996
2026-06-23 19:53:16.726 10 INFO neutron.wsgi [None req-c10ab5a3-2ee7-4ce4-a933-349db2df12fb 886a047c0ffe44c1bfe57aec94ad2566 beb0f58958844e92b5543a7e119cfad0 - - default default] 10.0.0.93 "GET /v2.0/security-groups HTTP/1.1" status: 200 len: 2996 time: 0.0584219
2026-06-23 19:53:16.751 9 WARNING neutron.scheduler.dhcp_agent_scheduler [None req-7e8dcbd8-d8e8-4f45-9e8b-035a45ea0bc0 2b18d60b87384b7b9789aa7c2c44bc0d f2920c33348246b08d55932abdebf6a6 - - default default] No more DHCP agents
2026-06-23 19:53:16.761 9 WARNING neutron.api.rpc.agentnotifiers.dhcp_rpc_agent_api [None req-7e8dcbd8-d8e8-4f45-9e8b-035a45ea0bc0 2b18d60b87384b7b9789aa7c2c44bc0d f2920c33348246b08d55932abdebf6a6 - - default default] Unable to schedule network e9934ca8-b6fb-473d-b0ce-96703aab3be0: no agents available; will retry on subsequent port and subnet creation events.
2026-06-23 19:53:16.767 9 INFO neutron.db.ovn_revision_numbers_db [None req-5f8b5cff-92fc-4522-a52a-a01a6398c654 - - - - - -] Successfully bumped revision number for resource 6034fa21-b6ea-4f1e-8432-dd07845f0099 (type: ports) to 1
2026-06-23 19:53:16.779 10 INFO neutron.wsgi [None req-deb97a08-6f64-44ca-98b8-5d14d21bc6fa 886a047c0ffe44c1bfe57aec94ad2566 beb0f58958844e92b5543a7e119cfad0 - - default default] 10.0.0.93 "GET /v2.0/security-groups HTTP/1.1" status: 200 len: 2996 time: 0.0449955
2026-06-23 19:53:16.998 9 INFO neutron.db.ovn_revision_numbers_db [None req-9583b036-ce91-432a-874a-7de1992910cf 77406604935f4d52ac02e7cdc366d484 86bc4955266641979266fcb70ba8c7af - - default default] Successfully bumped revision number for resource bc19da93-2a3a-467b-9e20-e54e3ade5cc7 (type: floatingips) to 0
2026-06-23 19:53:17.032 9 INFO neutron.wsgi [None req-9583b036-ce91-432a-874a-7de1992910cf 77406604935f4d52ac02e7cdc366d484 86bc4955266641979266fcb70ba8c7af - - default default] 10.0.0.93 "POST /v2.0/floatingips HTTP/1.1" status: 201 len: 751 time: 1.2654579
2026-06-23 19:53:17.073 9 INFO neutron.db.ovn_revision_numbers_db [None req-7e8dcbd8-d8e8-4f45-9e8b-035a45ea0bc0 2b18d60b87384b7b9789aa7c2c44bc0d f2920c33348246b08d55932abdebf6a6 - - default default] Successfully bumped revision number for resource b5b84ed2-aa5d-4006-88a7-19de4b79ad1d (type: ports) to 1
2026-06-23 19:53:17.181 9 INFO neutron.db.ovn_revision_numbers_db [None req-5f8b5cff-92fc-4522-a52a-a01a6398c654 - - - - - -] Successfully bumped revision number for resource 6034fa21-b6ea-4f1e-8432-dd07845f0099 (type: router_ports) to 3
2026-06-23 19:53:17.389 9 INFO neutron.db.ovn_revision_numbers_db [None req-5f8b5cff-92fc-4522-a52a-a01a6398c654 - - - - - -] Successfully bumped revision number for resource 6034fa21-b6ea-4f1e-8432-dd07845f0099 (type: ports) to 2
2026-06-23 19:53:17.453 10 INFO neutron.wsgi [None req-0e46eae3-0a67-4ded-b725-0b1791e09fb8 2b18d60b87384b7b9789aa7c2c44bc0d f2920c33348246b08d55932abdebf6a6 - - default default] 10.0.0.93 "GET /v2.0/security-groups?tenant_id=beb0f58958844e92b5543a7e119cfad0&name=default HTTP/1.1" status: 200 len: 2996 time: 0.0839503
2026-06-23 19:53:17.575 9 INFO neutron.wsgi [req-8889ff95-0f01-45f2-8306-503187de765f req-5672b2ef-b6fa-4544-9167-35a156188658 77406604935f4d52ac02e7cdc366d484 86bc4955266641979266fcb70ba8c7af - - default default] 10.0.0.120 "GET /v2.0/security-groups?name=tempest-securitygroup--1964181087&fields=id&tenant_id=86bc4955266641979266fcb70ba8c7af HTTP/1.1" status: 200 len: 267 time: 0.0866795
2026-06-23 19:53:17.656 10 INFO neutron.wsgi [None req-19d798fa-b169-4251-961e-4f3870e2693e 2b18d60b87384b7b9789aa7c2c44bc0d f2920c33348246b08d55932abdebf6a6 - - default default] 10.0.0.93 "DELETE /v2.0/security-groups/05d33bb4-a787-473c-b2ea-f6ca67a92918 HTTP/1.1" status: 204 len: 168 time: 0.1953502
2026-06-23 19:53:17.690 10 INFO neutron.wsgi [req-599eb22c-23b1-4a4a-b19c-003f2fbd0fab req-a59f6ec0-4ab8-4b38-b2cd-40f7745fab9a 6f4f30bf7cba42668a7ca8990c172dfd e1fad1e9d9474683adc8c094c81f7748 - - cbb44453c8884041b81e710af37951b4 cbb44453c8884041b81e710af37951b4] 10.0.0.85 "GET /v2.0/ports?device_id=d3b2c03d-941d-4f78-b94e-40f93be73bcb HTTP/1.1" status: 200 len: 1413 time: 0.1331346
2026-06-23 19:53:17.695 9 INFO neutron.wsgi [req-8889ff95-0f01-45f2-8306-503187de765f req-b66d2573-2623-447c-ba01-d91e69c3ae52 77406604935f4d52ac02e7cdc366d484 86bc4955266641979266fcb70ba8c7af - - default default] 10.0.0.120 "GET /v2.0/networks?id=f113f3d8-1c85-4ed8-8341-1905c587108a HTTP/1.1" status: 200 len: 869 time: 0.1067629
2026-06-23 19:53:17.706 9 INFO neutron.db.ovn_revision_numbers_db [None req-7e8dcbd8-d8e8-4f45-9e8b-035a45ea0bc0 2b18d60b87384b7b9789aa7c2c44bc0d f2920c33348246b08d55932abdebf6a6 - - default default] Successfully bumped revision number for resource b5b84ed2-aa5d-4006-88a7-19de4b79ad1d (type: router_ports) to 1
2026-06-23 19:53:17.742 10 INFO neutron.wsgi [req-599eb22c-23b1-4a4a-b19c-003f2fbd0fab req-c6005936-afae-4743-bdc5-c6b67074f539 6f4f30bf7cba42668a7ca8990c172dfd e1fad1e9d9474683adc8c094c81f7748 - - cbb44453c8884041b81e710af37951b4 cbb44453c8884041b81e710af37951b4] 10.0.0.85 "GET /v2.0/security-groups?id=51af2923-09a2-41d4-b442-1408fbcda758&fields=id&fields=name HTTP/1.1" status: 200 len: 313 time: 0.0479798
2026-06-23 19:53:17.743 9 INFO neutron.wsgi [req-8889ff95-0f01-45f2-8306-503187de765f req-54ada3bc-8d40-4b52-a3f5-226778ae619a 77406604935f4d52ac02e7cdc366d484 86bc4955266641979266fcb70ba8c7af - - default default] 10.0.0.120 "GET /v2.0/quotas/86bc4955266641979266fcb70ba8c7af HTTP/1.1" status: 200 len: 386 time: 0.0393951
2026-06-23 19:53:18.006 9 INFO neutron.db.ovn_revision_numbers_db [None req-5f8b5cff-92fc-4522-a52a-a01a6398c654 - - - - - -] Successfully bumped revision number for resource 6034fa21-b6ea-4f1e-8432-dd07845f0099 (type: ports) to 4
2026-06-23 19:53:18.076 9 INFO neutron.wsgi [req-8889ff95-0f01-45f2-8306-503187de765f req-c1a7d04c-822e-4cc9-9467-486c1233f63e 77406604935f4d52ac02e7cdc366d484 86bc4955266641979266fcb70ba8c7af - - default default] 10.0.0.120 "GET /v2.0/ports?tenant_id=86bc4955266641979266fcb70ba8c7af&fields=id HTTP/1.1" status: 200 len: 302 time: 0.3267949
2026-06-23 19:53:18.197 9 INFO neutron.wsgi [req-8889ff95-0f01-45f2-8306-503187de765f req-b16d3cb1-e16d-4209-bc38-6050b56ba992 6f4f30bf7cba42668a7ca8990c172dfd e1fad1e9d9474683adc8c094c81f7748 - - cbb44453c8884041b81e710af37951b4 cbb44453c8884041b81e710af37951b4] 10.0.0.120 "GET /v2.0/networks/f113f3d8-1c85-4ed8-8341-1905c587108a?fields=segments HTTP/1.1" status: 200 len: 212 time: 0.1051672
2026-06-23 19:53:18.254 9 INFO neutron.db.ovn_revision_numbers_db [None req-7e8dcbd8-d8e8-4f45-9e8b-035a45ea0bc0 2b18d60b87384b7b9789aa7c2c44bc0d f2920c33348246b08d55932abdebf6a6 - - default default] Successfully bumped revision number for resource b5b84ed2-aa5d-4006-88a7-19de4b79ad1d (type: ports) to 1
2026-06-23 19:53:18.293 9 INFO neutron.wsgi [req-8889ff95-0f01-45f2-8306-503187de765f req-31b0ada8-386e-450d-aaf0-6c6daaadd421 6f4f30bf7cba42668a7ca8990c172dfd e1fad1e9d9474683adc8c094c81f7748 - - cbb44453c8884041b81e710af37951b4 cbb44453c8884041b81e710af37951b4] 10.0.0.120 "GET /v2.0/networks/f113f3d8-1c85-4ed8-8341-1905c587108a?fields=provider%3Aphysical_network&fields=provider%3Anetwork_type HTTP/1.1" status: 200 len: 277 time: 0.0902860
2026-06-23 19:53:18.347 9 WARNING neutron.scheduler.dhcp_agent_scheduler [None req-7e8dcbd8-d8e8-4f45-9e8b-035a45ea0bc0 2b18d60b87384b7b9789aa7c2c44bc0d f2920c33348246b08d55932abdebf6a6 - - default default] No more DHCP agents
2026-06-23 19:53:18.350 9 WARNING neutron.api.rpc.agentnotifiers.dhcp_rpc_agent_api [None req-7e8dcbd8-d8e8-4f45-9e8b-035a45ea0bc0 2b18d60b87384b7b9789aa7c2c44bc0d f2920c33348246b08d55932abdebf6a6 - - default default] Unable to schedule network e9934ca8-b6fb-473d-b0ce-96703aab3be0: no agents available; will retry on subsequent port and subnet creation events.
2026-06-23 19:53:18.413 9 INFO neutron.db.ovn_revision_numbers_db [None req-5f8b5cff-92fc-4522-a52a-a01a6398c654 - - - - - -] Successfully bumped revision number for resource 6034fa21-b6ea-4f1e-8432-dd07845f0099 (type: router_ports) to 4
2026-06-23 19:53:18.448 10 INFO neutron.wsgi [req-831247b2-6fc5-43b6-b101-cd7b0d2f2ccf req-48d03e37-f85f-4206-97f6-15ae2c01f6ef 77406604935f4d52ac02e7cdc366d484 86bc4955266641979266fcb70ba8c7af - - default default] 10.0.0.120 "GET /v2.0/ports?device_id=3179c698-43dd-4739-87d3-7a8e89215fea HTTP/1.1" status: 200 len: 210 time: 0.0285695
2026-06-23 19:53:19.025 9 INFO neutron.wsgi [None req-a8bf2c57-7312-412d-ad34-659438230df2 2b18d60b87384b7b9789aa7c2c44bc0d f2920c33348246b08d55932abdebf6a6 - - default default] 10.0.0.98 "GET /v2.0/routers HTTP/1.1" status: 200 len: 2206 time: 0.3522398
2026-06-23 19:53:19.056 9 INFO neutron.wsgi [None req-cedf76e8-1b9c-41f5-a22c-d959fa5252c1 2b18d60b87384b7b9789aa7c2c44bc0d f2920c33348246b08d55932abdebf6a6 - - default default] 10.0.0.98 "GET /v2.0/agents?binary=ovn-controller HTTP/1.1" status: 200 len: 591 time: 0.0300884
2026-06-23 19:53:19.143 9 INFO neutron.wsgi [None req-cf829911-e14f-4935-890f-494fd9409d86 2b18d60b87384b7b9789aa7c2c44bc0d f2920c33348246b08d55932abdebf6a6 - - default default] 10.0.0.98 "GET /v2.0/networks HTTP/1.1" status: 200 len: 4627 time: 0.0854557
2026-06-23 19:53:19.218 9 INFO neutron.wsgi [None req-34c19e4f-13eb-4b96-9c5a-7fa52b223037 2b18d60b87384b7b9789aa7c2c44bc0d f2920c33348246b08d55932abdebf6a6 - - default default] 10.0.0.98 "GET /v2.0/subnets HTTP/1.1" status: 200 len: 3403 time: 0.0699387
2026-06-23 19:53:19.272 9 INFO neutron.wsgi [req-8889ff95-0f01-45f2-8306-503187de765f req-ba08e1d4-9060-4cf5-bc14-c7983869c36f 77406604935f4d52ac02e7cdc366d484 86bc4955266641979266fcb70ba8c7af - - default default] 199.204.45.19 "GET /v2.0/networks?id=f113f3d8-1c85-4ed8-8341-1905c587108a HTTP/1.1" status: 200 len: 869 time: 0.1157854
2026-06-23 19:53:19.277 9 INFO neutron.wsgi [None req-ad4d75de-4569-4509-9954-e5cb7266e2b6 2b18d60b87384b7b9789aa7c2c44bc0d f2920c33348246b08d55932abdebf6a6 - - default default] 10.0.0.98 "GET /v2.0/ports HTTP/1.1" status: 200 len: 18215 time: 0.0568759
2026-06-23 19:53:19.339 9 INFO neutron.wsgi [None req-7ee3909f-d7a3-48f9-8301-7f0628f16030 2b18d60b87384b7b9789aa7c2c44bc0d f2920c33348246b08d55932abdebf6a6 - - default default] 10.0.0.98 "GET /v2.0/subnets HTTP/1.1" status: 200 len: 3403 time: 0.0490522
2026-06-23 19:53:19.341 9 INFO neutron.db.ovn_revision_numbers_db [None req-7e8dcbd8-d8e8-4f45-9e8b-035a45ea0bc0 2b18d60b87384b7b9789aa7c2c44bc0d f2920c33348246b08d55932abdebf6a6 - - default default] Successfully bumped revision number for resource b5b84ed2-aa5d-4006-88a7-19de4b79ad1d (type: router_ports) to 1
2026-06-23 19:53:19.343 9 INFO neutron.wsgi [None req-7e8dcbd8-d8e8-4f45-9e8b-035a45ea0bc0 2b18d60b87384b7b9789aa7c2c44bc0d f2920c33348246b08d55932abdebf6a6 - - default default] 10.0.0.93 "PUT /v2.0/routers/dfa5ccc5-40ef-4c2b-bee0-4941dea52c1f/add_router_interface HTTP/1.1" status: 200 len: 503 time: 3.4834313
2026-06-23 19:53:19.357 9 INFO neutron.wsgi [req-8889ff95-0f01-45f2-8306-503187de765f req-e5e8b8a1-8b07-4732-984f-bee08fb7de51 77406604935f4d52ac02e7cdc366d484 86bc4955266641979266fcb70ba8c7af - - default default] 199.204.45.19 "GET /v2.0/security-groups?fields=id&fields=name&tenant_id=86bc4955266641979266fcb70ba8c7af HTTP/1.1" status: 200 len: 380 time: 0.0764904
2026-06-23 19:53:19.360 9 INFO neutron.wsgi [None req-25e71ae6-a16a-4c7b-891d-14bbcaa28c97 2b18d60b87384b7b9789aa7c2c44bc0d f2920c33348246b08d55932abdebf6a6 - - default default] 10.0.0.98 "GET /v2.0/subnetpools HTTP/1.1" status: 200 len: 193 time: 0.0161977
2026-06-23 19:53:19.425 9 INFO neutron.wsgi [None req-d2c56be9-8252-4d16-9c33-1814cbea7be1 2b18d60b87384b7b9789aa7c2c44bc0d f2920c33348246b08d55932abdebf6a6 - - default default] 10.0.0.98 "GET /v2.0/floatingips HTTP/1.1" status: 200 len: 1575 time: 0.0643373
2026-06-23 19:53:19.503 9 WARNING neutron.plugins.ml2.drivers.ovn.mech_driver.ovsdb.ovn_client [None req-4df46f37-8bdc-4170-b649-fd88ecb8fd25 - - - - - -] No hosting information found for port d49970d9-e6b9-4348-a678-db6f165b02f8: RuntimeError: No hosting information found for port d49970d9-e6b9-4348-a678-db6f165b02f8
2026-06-23 19:53:19.503 9 INFO neutron.plugins.ml2.drivers.ovn.mech_driver.mech_driver [None req-4df46f37-8bdc-4170-b649-fd88ecb8fd25 - - - - - -] OVN reports status up for port: 6034fa21-b6ea-4f1e-8432-dd07845f0099
2026-06-23 19:53:19.520 9 INFO neutron.wsgi [None req-6ed3cd6b-a56e-4336-9acf-3878a7860c4b 2b18d60b87384b7b9789aa7c2c44bc0d f2920c33348246b08d55932abdebf6a6 - - default default] 10.0.0.98 "GET /v2.0/security-groups HTTP/1.1" status: 200 len: 30625 time: 0.0923195
2026-06-23 19:53:19.541 9 INFO neutron.plugins.ml2.plugin [None req-4df46f37-8bdc-4170-b649-fd88ecb8fd25 - - - - - -] Attempt 1 to provision port 6034fa21-b6ea-4f1e-8432-dd07845f0099
2026-06-23 19:53:19.557 9 INFO neutron.wsgi [None req-73cd07bc-9acb-4a89-93e8-383f300faab3 2b18d60b87384b7b9789aa7c2c44bc0d f2920c33348246b08d55932abdebf6a6 - - default default] 10.0.0.98 "GET /v2.0/agents HTTP/1.1" status: 200 len: 997 time: 0.0260556
2026-06-23 19:53:19.588 10 INFO neutron.wsgi [None req-05cbe421-969a-41ef-b233-e7a82877bd00 f053fed5d50f4508ac4fbe6da1a7e42e 406d567a840f4cb09d141cbc618500cd - - default default] 10.0.0.93 "POST /v2.0/subnetpools HTTP/1.1" status: 201 len: 746 time: 0.1697447
2026-06-23 19:53:19.614 10 INFO neutron.wsgi [None req-30cbe7b7-4104-4c1a-8bc8-2a8669cc4e73 f053fed5d50f4508ac4fbe6da1a7e42e 406d567a840f4cb09d141cbc618500cd - - default default] 10.0.0.93 "GET /v2.0/subnetpools/71aa5b93-9ec8-4c57-b7a0-0d22ddb4769b HTTP/1.1" status: 200 len: 741 time: 0.0199380
2026-06-23 19:53:19.694 10 INFO neutron.wsgi [None req-f353df2d-c2e9-45eb-a234-161d6723fb3b f053fed5d50f4508ac4fbe6da1a7e42e 406d567a840f4cb09d141cbc618500cd - - default default] 10.0.0.93 "PUT /v2.0/subnetpools/71aa5b93-9ec8-4c57-b7a0-0d22ddb4769b HTTP/1.1" status: 200 len: 695 time: 0.0754163
2026-06-23 19:53:19.772 10 INFO neutron.wsgi [None req-510e5bb9-7319-46cf-9236-2c8aa0e5d6f9 f053fed5d50f4508ac4fbe6da1a7e42e 406d567a840f4cb09d141cbc618500cd - - default default] 10.0.0.93 "DELETE /v2.0/subnetpools/71aa5b93-9ec8-4c57-b7a0-0d22ddb4769b HTTP/1.1" status: 204 len: 168 time: 0.0734370
2026-06-23 19:53:19.788 10 INFO neutron.api.v2.resource [None req-908fd1b0-6baa-4f0b-b0bb-c4ef0aeb06b7 f053fed5d50f4508ac4fbe6da1a7e42e 406d567a840f4cb09d141cbc618500cd - - default default] show failed (client error): The resource could not be found.
2026-06-23 19:53:19.789 10 INFO neutron.wsgi [None req-908fd1b0-6baa-4f0b-b0bb-c4ef0aeb06b7 f053fed5d50f4508ac4fbe6da1a7e42e 406d567a840f4cb09d141cbc618500cd - - default default] 10.0.0.93 "GET /v2.0/subnetpools/71aa5b93-9ec8-4c57-b7a0-0d22ddb4769b HTTP/1.1" status: 404 len: 346 time: 0.0126777
2026-06-23 19:53:19.810 10 INFO neutron.api.v2.resource [None req-857f48a8-615d-41bb-9b91-45f9946d29d3 f053fed5d50f4508ac4fbe6da1a7e42e 406d567a840f4cb09d141cbc618500cd - - default default] delete failed (client error): The resource could not be found.
2026-06-23 19:53:19.811 10 INFO neutron.wsgi [None req-857f48a8-615d-41bb-9b91-45f9946d29d3 f053fed5d50f4508ac4fbe6da1a7e42e 406d567a840f4cb09d141cbc618500cd - - default default] 10.0.0.93 "DELETE /v2.0/subnetpools/71aa5b93-9ec8-4c57-b7a0-0d22ddb4769b HTTP/1.1" status: 404 len: 346 time: 0.0146582
2026-06-23 19:53:20.010 9 INFO neutron.wsgi [req-4f519be6-012a-487a-9962-178bb729bb6a req-63aad21b-ee16-4679-ac7e-f7dc5b197b7a 77406604935f4d52ac02e7cdc366d484 86bc4955266641979266fcb70ba8c7af - - default default] 10.0.0.120 "GET /v2.0/ports?device_id=3179c698-43dd-4739-87d3-7a8e89215fea HTTP/1.1" status: 200 len: 210 time: 0.4870126
