2026-06-23 19:54:35.244 10 INFO neutron.services.segments.plugin [-] Segment f66cc11e-8030-498c-b6a3-b9a2f2b8daf3 resource provider not found; error: Placement Client Error (4xx): {"errors": [{"status": 404, "title": "Not Found", "detail": "The resource could not be found.\n\n No resource provider with uuid f66cc11e-8030-498c-b6a3-b9a2f2b8daf3 found for delete ", "request_id": "req-bb429acc-87af-4df4-8605-e41a5f42a1c2"}]}
2026-06-23 19:54:35.256 10 INFO neutron.services.segments.plugin [-] Segment f66cc11e-8030-498c-b6a3-b9a2f2b8daf3 resource provider not found; error: Placement Client Error (4xx): {"errors": [{"status": 404, "title": "Not Found", "detail": "The resource could not be found.\n\n No resource provider with uuid f66cc11e-8030-498c-b6a3-b9a2f2b8daf3 found for delete ", "request_id": "req-82729cd6-26b7-4dc2-8866-4d6c92f57af0"}]}
2026-06-23 19:54:35.269 10 INFO neutron.wsgi [None req-cbc6bf0f-925b-467a-9c74-40cc5b4caf62 37cead37d3ba4f45a9308a0b60749c17 92a0a052c58a4fc1b3bcd44443c10b26 - - default default] 10.0.0.93 "GET /v2.0/networks?router%3Aexternal=True HTTP/1.1" status: 200 len: 845 time: 0.1040387
2026-06-23 19:54:35.308 9 INFO neutron.db.ovn_revision_numbers_db [None req-040aac01-1dda-4093-bab5-095722120bd8 2b18d60b87384b7b9789aa7c2c44bc0d f2920c33348246b08d55932abdebf6a6 - - default default] Successfully bumped revision number for resource 70435216-e3e9-4e7c-aa3b-4ee7b1e1ae0c (type: security_groups) to 1
2026-06-23 19:54:35.310 10 INFO neutron.wsgi [None req-ac914cd5-e34c-45df-8c8f-d760227ef33c 37cead37d3ba4f45a9308a0b60749c17 92a0a052c58a4fc1b3bcd44443c10b26 - - default default] 10.0.0.93 "GET /v2.0/subnets?network_id=40607a6e-90de-4a78-89f4-9721d51919dd HTTP/1.1" status: 200 len: 820 time: 0.0361047
2026-06-23 19:54:35.319 10 INFO neutron.wsgi [None req-b8f1c6ad-6a9b-4b21-bcfc-b1b416ae51fd 37cead37d3ba4f45a9308a0b60749c17 92a0a052c58a4fc1b3bcd44443c10b26 - - default default] 10.0.0.93 "GET /v2.0/extensions HTTP/1.1" status: 200 len: 16520 time: 0.0044527
2026-06-23 19:54:35.320 9 INFO neutron.db.ovn_revision_numbers_db [None req-040aac01-1dda-4093-bab5-095722120bd8 2b18d60b87384b7b9789aa7c2c44bc0d f2920c33348246b08d55932abdebf6a6 - - default default] Successfully bumped revision number for resource 1dfecc2f-66f1-46e6-a3a3-824803413a9d (type: security_group_rules) to 0
2026-06-23 19:54:35.333 9 INFO neutron.db.ovn_revision_numbers_db [None req-040aac01-1dda-4093-bab5-095722120bd8 2b18d60b87384b7b9789aa7c2c44bc0d f2920c33348246b08d55932abdebf6a6 - - default default] Successfully bumped revision number for resource 36b1c182-b93f-4dba-97c7-1ff2f67246bb (type: security_group_rules) to 0
2026-06-23 19:54:35.346 9 INFO neutron.db.ovn_revision_numbers_db [None req-040aac01-1dda-4093-bab5-095722120bd8 2b18d60b87384b7b9789aa7c2c44bc0d f2920c33348246b08d55932abdebf6a6 - - default default] Successfully bumped revision number for resource bd5bbcd2-3cd9-431a-8397-d16b81e2d317 (type: security_group_rules) to 0
2026-06-23 19:54:35.358 9 INFO neutron.db.ovn_revision_numbers_db [None req-040aac01-1dda-4093-bab5-095722120bd8 2b18d60b87384b7b9789aa7c2c44bc0d f2920c33348246b08d55932abdebf6a6 - - default default] Successfully bumped revision number for resource df671590-320e-4d0b-97c3-bcf77cb9e96c (type: security_group_rules) to 0
2026-06-23 19:54:35.375 10 INFO neutron.wsgi [None req-3b73746d-3518-4c5d-a545-d31d4ac80851 37cead37d3ba4f45a9308a0b60749c17 92a0a052c58a4fc1b3bcd44443c10b26 - - default default] 10.0.0.93 "GET /v2.0/networks HTTP/1.1" status: 200 len: 1507 time: 0.0511630
2026-06-23 19:54:35.378 9 INFO neutron.wsgi [None req-040aac01-1dda-4093-bab5-095722120bd8 2b18d60b87384b7b9789aa7c2c44bc0d f2920c33348246b08d55932abdebf6a6 - - default default] 10.0.0.93 "GET /v2.0/security-groups?tenant_id=7199d15c9cce4068823d487ff59e8431&name=default HTTP/1.1" status: 200 len: 2996 time: 0.3667998
2026-06-23 19:54:35.417 9 INFO neutron.wsgi [None req-63857acd-38e4-4565-bd9f-1cc2b75b09aa 37cead37d3ba4f45a9308a0b60749c17 92a0a052c58a4fc1b3bcd44443c10b26 - - default default] 10.0.0.93 "GET /v2.0/subnets HTTP/1.1" status: 200 len: 1460 time: 0.0348940
2026-06-23 19:54:35.501 9 INFO neutron.wsgi [None req-c234aa49-3e02-4d4c-8e7e-8fa986c713d3 37cead37d3ba4f45a9308a0b60749c17 92a0a052c58a4fc1b3bcd44443c10b26 - - default default] 10.0.0.93 "GET /v2.0/networks/53348f97-03a2-4479-b900-91a97ebcf292 HTTP/1.1" status: 200 len: 866 time: 0.0790534
2026-06-23 19:54:35.562 10 INFO neutron.wsgi [None req-533b7315-0929-4921-b79b-a3a9137c1d17 37cead37d3ba4f45a9308a0b60749c17 92a0a052c58a4fc1b3bcd44443c10b26 - - default default] 10.0.0.93 "GET /v2.0/subnets/79695e5e-5198-4dc4-88d5-a5c0c35251f3 HTTP/1.1" status: 200 len: 843 time: 0.0452442
2026-06-23 19:54:35.584 10 INFO neutron.pecan_wsgi.hooks.translation [None req-7189ca1f-d0dc-4423-bcae-432d7e5de50b 37cead37d3ba4f45a9308a0b60749c17 92a0a052c58a4fc1b3bcd44443c10b26 - - default default] DELETE failed (client error): The resource could not be found.
2026-06-23 19:54:35.586 10 INFO neutron.wsgi [None req-7189ca1f-d0dc-4423-bcae-432d7e5de50b 37cead37d3ba4f45a9308a0b60749c17 92a0a052c58a4fc1b3bcd44443c10b26 - - default default] 10.0.0.93 "DELETE /v2.0/subnets/492c4e1e-258a-4506-97c6-feff6f176d63 HTTP/1.1" status: 404 len: 337 time: 0.0181890
2026-06-23 19:54:35.606 10 INFO neutron.wsgi [None req-667bd7ec-3229-4689-9aad-44f5c599e5e3 2b18d60b87384b7b9789aa7c2c44bc0d f2920c33348246b08d55932abdebf6a6 - - default default] 10.0.0.93 "DELETE /v2.0/security-groups/70435216-e3e9-4e7c-aa3b-4ee7b1e1ae0c HTTP/1.1" status: 204 len: 168 time: 0.2220447
2026-06-23 19:54:35.607 9 INFO neutron.pecan_wsgi.hooks.translation [None req-2c1e5a14-d088-457f-8d44-8164182ffd03 37cead37d3ba4f45a9308a0b60749c17 92a0a052c58a4fc1b3bcd44443c10b26 - - default default] DELETE failed (client error): The resource could not be found.
2026-06-23 19:54:35.610 9 INFO neutron.wsgi [None req-2c1e5a14-d088-457f-8d44-8164182ffd03 37cead37d3ba4f45a9308a0b60749c17 92a0a052c58a4fc1b3bcd44443c10b26 - - default default] 10.0.0.93 "DELETE /v2.0/networks/a54901b7-0874-4f49-a852-2430a5686faa HTTP/1.1" status: 404 len: 339 time: 0.0169365
2026-06-23 19:54:35.698 9 INFO neutron.wsgi [req-2d52cfd3-b10f-4f2e-9e31-651fc6eb4645 req-58200486-bfa3-430e-a0ef-9cc57f2da9ed e320b5cc38b245d5b2eee0a2b9463e60 020170546d7e41caaec5c8b189532116 - - default default] 10.0.0.120 "GET /v2.0/ports?device_id=f2faabbe-f076-48f9-953b-530b6813843a HTTP/1.1" status: 200 len: 1174 time: 0.1407788
2026-06-23 19:54:35.758 9 INFO neutron.wsgi [req-2d52cfd3-b10f-4f2e-9e31-651fc6eb4645 req-952d3511-4f17-429d-bd6d-89fb776c6970 e320b5cc38b245d5b2eee0a2b9463e60 020170546d7e41caaec5c8b189532116 - - default default] 10.0.0.120 "GET /v2.0/security-groups?id=3c3d49c7-e682-4d57-9214-571cdc4d475f&fields=id&fields=name HTTP/1.1" status: 200 len: 312 time: 0.0540802
2026-06-23 19:54:35.869 9 INFO neutron.wsgi [None req-05d9c25b-90bb-4208-a410-494b77ce8766 37cead37d3ba4f45a9308a0b60749c17 92a0a052c58a4fc1b3bcd44443c10b26 - - default default] 10.0.0.93 "DELETE /v2.0/subnets/79695e5e-5198-4dc4-88d5-a5c0c35251f3 HTTP/1.1" status: 204 len: 168 time: 0.2521918
2026-06-23 19:54:35.976 10 INFO neutron.db.ovn_revision_numbers_db [None req-163037d7-0380-49ec-8228-a40456ba3f25 2b18d60b87384b7b9789aa7c2c44bc0d f2920c33348246b08d55932abdebf6a6 - - default default] Successfully bumped revision number for resource ea1a2011-1d67-4583-8b09-512e9e4d2990 (type: security_groups) to 1
2026-06-23 19:54:35.997 10 INFO neutron.db.ovn_revision_numbers_db [None req-163037d7-0380-49ec-8228-a40456ba3f25 2b18d60b87384b7b9789aa7c2c44bc0d f2920c33348246b08d55932abdebf6a6 - - default default] Successfully bumped revision number for resource 01a57f89-cb64-436b-a08d-31c551d4d792 (type: security_group_rules) to 0
2026-06-23 19:54:36.014 10 INFO neutron.db.ovn_revision_numbers_db [None req-163037d7-0380-49ec-8228-a40456ba3f25 2b18d60b87384b7b9789aa7c2c44bc0d f2920c33348246b08d55932abdebf6a6 - - default default] Successfully bumped revision number for resource 24d26ef3-6261-4586-a54e-90f124fe473f (type: security_group_rules) to 0
2026-06-23 19:54:36.030 10 INFO neutron.db.ovn_revision_numbers_db [None req-163037d7-0380-49ec-8228-a40456ba3f25 2b18d60b87384b7b9789aa7c2c44bc0d f2920c33348246b08d55932abdebf6a6 - - default default] Successfully bumped revision number for resource 698414f7-7211-409c-a45e-da7435178eae (type: security_group_rules) to 0
2026-06-23 19:54:36.068 10 INFO neutron.db.ovn_revision_numbers_db [None req-163037d7-0380-49ec-8228-a40456ba3f25 2b18d60b87384b7b9789aa7c2c44bc0d f2920c33348246b08d55932abdebf6a6 - - default default] Successfully bumped revision number for resource ec5011be-9a26-464d-a0e9-254ec5d13818 (type: security_group_rules) to 0
2026-06-23 19:54:36.114 10 INFO neutron.wsgi [None req-163037d7-0380-49ec-8228-a40456ba3f25 2b18d60b87384b7b9789aa7c2c44bc0d f2920c33348246b08d55932abdebf6a6 - - default default] 10.0.0.93 "GET /v2.0/security-groups?tenant_id=a61e3d2839214cfd98b5f79fb8b147a8&name=default HTTP/1.1" status: 200 len: 2996 time: 0.3205178
2026-06-23 19:54:36.146 10 INFO neutron.db.ovn_revision_numbers_db [None req-e3a8e50b-622c-4b9e-840e-85381c482f7f eb8da438bb3f4bd7969e451cf0a93fd6 f615b57fac7d4d63aa1c882362ef4002 - - default default] Successfully bumped revision number for resource 77b7cdec-4ca0-466c-b46e-1575d77d75aa (type: security_groups) to 1
2026-06-23 19:54:36.161 10 INFO neutron.db.ovn_revision_numbers_db [None req-e3a8e50b-622c-4b9e-840e-85381c482f7f eb8da438bb3f4bd7969e451cf0a93fd6 f615b57fac7d4d63aa1c882362ef4002 - - default default] Successfully bumped revision number for resource 104c0b56-d72b-4f4b-ad6e-90a8764c81f8 (type: security_group_rules) to 0
2026-06-23 19:54:36.178 10 INFO neutron.db.ovn_revision_numbers_db [None req-e3a8e50b-622c-4b9e-840e-85381c482f7f eb8da438bb3f4bd7969e451cf0a93fd6 f615b57fac7d4d63aa1c882362ef4002 - - default default] Successfully bumped revision number for resource 445882e5-f715-4171-b531-282313a99c21 (type: security_group_rules) to 0
2026-06-23 19:54:36.191 10 INFO neutron.db.ovn_revision_numbers_db [None req-e3a8e50b-622c-4b9e-840e-85381c482f7f eb8da438bb3f4bd7969e451cf0a93fd6 f615b57fac7d4d63aa1c882362ef4002 - - default default] Successfully bumped revision number for resource 5d8490b7-7491-44d8-aa73-a8f6a488eb5b (type: security_group_rules) to 0
2026-06-23 19:54:36.206 10 INFO neutron.db.ovn_revision_numbers_db [None req-e3a8e50b-622c-4b9e-840e-85381c482f7f eb8da438bb3f4bd7969e451cf0a93fd6 f615b57fac7d4d63aa1c882362ef4002 - - default default] Successfully bumped revision number for resource fa26924d-612f-4bc3-a412-40184c4374f7 (type: security_group_rules) to 0
2026-06-23 19:54:36.261 10 INFO neutron.db.segments_db [None req-e3a8e50b-622c-4b9e-840e-85381c482f7f eb8da438bb3f4bd7969e451cf0a93fd6 f615b57fac7d4d63aa1c882362ef4002 - - default default] Added segment 22e5e287-d1d2-4138-b92f-5859cb1d9fec of type geneve for network 9fcbaf99-7354-43c8-a6ba-9213e30aa3f4
2026-06-23 19:54:36.336 9 INFO neutron.wsgi [None req-34ad5205-1797-428d-96e4-ce2d47366716 2b18d60b87384b7b9789aa7c2c44bc0d f2920c33348246b08d55932abdebf6a6 - - default default] 10.0.0.93 "DELETE /v2.0/security-groups/ea1a2011-1d67-4583-8b09-512e9e4d2990 HTTP/1.1" status: 204 len: 168 time: 0.2158027
2026-06-23 19:54:36.352 10 INFO neutron.wsgi [None req-decdb086-8937-4cda-8c6a-17628f2cb5c2 37cead37d3ba4f45a9308a0b60749c17 92a0a052c58a4fc1b3bcd44443c10b26 - - default default] 10.0.0.93 "DELETE /v2.0/networks/53348f97-03a2-4479-b900-91a97ebcf292 HTTP/1.1" status: 204 len: 168 time: 0.4763234
2026-06-23 19:54:36.419 10 INFO neutron.db.ovn_revision_numbers_db [None req-e3a8e50b-622c-4b9e-840e-85381c482f7f eb8da438bb3f4bd7969e451cf0a93fd6 f615b57fac7d4d63aa1c882362ef4002 - - default default] Successfully bumped revision number for resource 9fcbaf99-7354-43c8-a6ba-9213e30aa3f4 (type: networks) to 1
2026-06-23 19:54:36.588 10 WARNING neutron.scheduler.dhcp_agent_scheduler [None req-e3a8e50b-622c-4b9e-840e-85381c482f7f eb8da438bb3f4bd7969e451cf0a93fd6 f615b57fac7d4d63aa1c882362ef4002 - - default default] No more DHCP agents
2026-06-23 19:54:36.590 10 WARNING neutron.api.rpc.agentnotifiers.dhcp_rpc_agent_api [None req-e3a8e50b-622c-4b9e-840e-85381c482f7f eb8da438bb3f4bd7969e451cf0a93fd6 f615b57fac7d4d63aa1c882362ef4002 - - default default] Unable to schedule network 9fcbaf99-7354-43c8-a6ba-9213e30aa3f4: no agents available; will retry on subsequent port and subnet creation events.
2026-06-23 19:54:36.672 10 INFO neutron.db.ovn_revision_numbers_db [None req-e3a8e50b-622c-4b9e-840e-85381c482f7f eb8da438bb3f4bd7969e451cf0a93fd6 f615b57fac7d4d63aa1c882362ef4002 - - default default] Successfully bumped revision number for resource 56881306-7c2a-4bce-9ec7-b503f3701b99 (type: ports) to 1
2026-06-23 19:54:36.692 10 INFO neutron.wsgi [None req-e3a8e50b-622c-4b9e-840e-85381c482f7f eb8da438bb3f4bd7969e451cf0a93fd6 f615b57fac7d4d63aa1c882362ef4002 - - default default] 10.0.0.93 "POST /v2.0/networks HTTP/1.1" status: 201 len: 829 time: 1.0113852
2026-06-23 19:54:36.778 10 INFO neutron.db.segments_db [None req-e1bd210f-9f25-40d2-88c6-be2d592509c9 eb8da438bb3f4bd7969e451cf0a93fd6 f615b57fac7d4d63aa1c882362ef4002 - - default default] Added segment 9fdb5a1c-847b-4ba9-9ebe-8216de6373c3 of type geneve for network 1dcada0e-1fe0-44b3-b740-d0b23387e7b2
2026-06-23 19:54:36.901 10 INFO neutron.wsgi [req-11cd612a-7eeb-4839-a1ac-1bb140682cdc req-6c253ec8-9cde-48ed-a634-aaed6cf9b92f e320b5cc38b245d5b2eee0a2b9463e60 020170546d7e41caaec5c8b189532116 - - default default] 10.0.0.120 "GET /v2.0/ports?device_id=f2faabbe-f076-48f9-953b-530b6813843a HTTP/1.1" status: 200 len: 1174 time: 0.0521219
2026-06-23 19:54:36.963 10 INFO neutron.db.ovn_revision_numbers_db [None req-e1bd210f-9f25-40d2-88c6-be2d592509c9 eb8da438bb3f4bd7969e451cf0a93fd6 f615b57fac7d4d63aa1c882362ef4002 - - default default] Successfully bumped revision number for resource 1dcada0e-1fe0-44b3-b740-d0b23387e7b2 (type: networks) to 1
2026-06-23 19:54:36.974 10 INFO neutron.wsgi [req-11cd612a-7eeb-4839-a1ac-1bb140682cdc req-597a93c6-a573-4344-ab1b-ba85360d154e e320b5cc38b245d5b2eee0a2b9463e60 020170546d7e41caaec5c8b189532116 - - default default] 10.0.0.120 "GET /v2.0/security-groups?id=3c3d49c7-e682-4d57-9214-571cdc4d475f&fields=id&fields=name HTTP/1.1" status: 200 len: 312 time: 0.0627418
2026-06-23 19:54:37.095 9 INFO neutron.wsgi [req-cc8af978-8fb0-4ef9-8b9f-70dc0eabbe61 req-8b03c13f-2e39-436a-8bf8-0d3614d0e844 e320b5cc38b245d5b2eee0a2b9463e60 020170546d7e41caaec5c8b189532116 - - default default] 10.0.0.120 "GET /v2.0/ports?device_id=f2faabbe-f076-48f9-953b-530b6813843a HTTP/1.1" status: 200 len: 1174 time: 0.0603223
2026-06-23 19:54:37.129 9 INFO neutron.wsgi [None req-8ab86c05-4cea-407c-b9aa-003cfada8f13 2b18d60b87384b7b9789aa7c2c44bc0d f2920c33348246b08d55932abdebf6a6 - - default default] 10.0.0.93 "GET /v2.0/security-groups?tenant_id=92a0a052c58a4fc1b3bcd44443c10b26&name=default HTTP/1.1" status: 200 len: 2996 time: 0.2002194
2026-06-23 19:54:37.149 9 INFO neutron.wsgi [req-cc8af978-8fb0-4ef9-8b9f-70dc0eabbe61 req-2b903809-2b2d-4bf6-9299-6cd856d77403 e320b5cc38b245d5b2eee0a2b9463e60 020170546d7e41caaec5c8b189532116 - - default default] 10.0.0.120 "GET /v2.0/security-groups?id=3c3d49c7-e682-4d57-9214-571cdc4d475f&fields=id&fields=name HTTP/1.1" status: 200 len: 312 time: 0.0465765
2026-06-23 19:54:37.165 10 WARNING neutron.scheduler.dhcp_agent_scheduler [None req-e1bd210f-9f25-40d2-88c6-be2d592509c9 eb8da438bb3f4bd7969e451cf0a93fd6 f615b57fac7d4d63aa1c882362ef4002 - - default default] No more DHCP agents
2026-06-23 19:54:37.167 10 WARNING neutron.api.rpc.agentnotifiers.dhcp_rpc_agent_api [None req-e1bd210f-9f25-40d2-88c6-be2d592509c9 eb8da438bb3f4bd7969e451cf0a93fd6 f615b57fac7d4d63aa1c882362ef4002 - - default default] Unable to schedule network 1dcada0e-1fe0-44b3-b740-d0b23387e7b2: no agents available; will retry on subsequent port and subnet creation events.
2026-06-23 19:54:37.211 9 INFO neutron.wsgi [None req-6063e666-bea6-4234-a607-1f171614ffda f5b7f1c9898549f2b7bc7ff4cfc50250 2a2e5d57636c4ac480e776936bb8fab5 - - default default] 10.0.0.93 "GET /v2.0/ports?device_id=f2faabbe-f076-48f9-953b-530b6813843a HTTP/1.1" status: 200 len: 1408 time: 0.0384762
2026-06-23 19:54:37.272 10 INFO neutron.services.segments.plugin [-] Segment 327051ae-f0b4-4eb4-b003-4058ae28347b resource provider aggregate not found
2026-06-23 19:54:37.278 10 INFO neutron.services.segments.plugin [-] Segment 327051ae-f0b4-4eb4-b003-4058ae28347b resource provider aggregate not found
2026-06-23 19:54:37.290 10 INFO neutron.db.ovn_revision_numbers_db [None req-e1bd210f-9f25-40d2-88c6-be2d592509c9 eb8da438bb3f4bd7969e451cf0a93fd6 f615b57fac7d4d63aa1c882362ef4002 - - default default] Successfully bumped revision number for resource 903ba273-07fd-46be-bf3c-c087c3798c57 (type: ports) to 1
2026-06-23 19:54:37.293 10 INFO neutron.services.segments.plugin [-] Segment 327051ae-f0b4-4eb4-b003-4058ae28347b resource provider not found; error: Placement Client Error (4xx): {"errors": [{"status": 404, "title": "Not Found", "detail": "The resource could not be found.\n\n No resource provider with uuid 327051ae-f0b4-4eb4-b003-4058ae28347b found for delete ", "request_id": "req-7f3da56a-fe51-4eb0-b9cd-3c0a72a6b39f"}]}
2026-06-23 19:54:37.308 10 INFO neutron.services.segments.plugin [-] Segment 327051ae-f0b4-4eb4-b003-4058ae28347b resource provider not found; error: Placement Client Error (4xx): {"errors": [{"status": 404, "title": "Not Found", "detail": "The resource could not be found.\n\n No resource provider with uuid 327051ae-f0b4-4eb4-b003-4058ae28347b found for delete ", "request_id": "req-46f63585-282d-4068-9c6c-b55832522547"}]}
2026-06-23 19:54:37.325 10 INFO neutron.wsgi [None req-e1bd210f-9f25-40d2-88c6-be2d592509c9 eb8da438bb3f4bd7969e451cf0a93fd6 f615b57fac7d4d63aa1c882362ef4002 - - default default] 10.0.0.93 "POST /v2.0/networks HTTP/1.1" status: 201 len: 828 time: 0.6236749
2026-06-23 19:54:37.412 10 INFO neutron.wsgi [None req-64d3e5cd-248f-48d3-afcd-cfb5c6ff739e 2b18d60b87384b7b9789aa7c2c44bc0d f2920c33348246b08d55932abdebf6a6 - - default default] 10.0.0.93 "DELETE /v2.0/security-groups/c60745d0-5a24-4e9b-8476-1d7b123a1163 HTTP/1.1" status: 204 len: 168 time: 0.2786107
2026-06-23 19:54:37.543 9 INFO neutron.db.l3_db [None req-15e64747-2744-4a9e-a586-978820a63f75 e320b5cc38b245d5b2eee0a2b9463e60 020170546d7e41caaec5c8b189532116 - - default default] Floating IP 888e12a9-32d6-46a8-9899-6b18bee98399 associated. External IP: 10.96.250.204, port: 846e8114-1679-4664-a243-452fc99d48e4.
2026-06-23 19:54:37.676 9 WARNING neutron.scheduler.dhcp_agent_scheduler [None req-f47ee446-aeec-4a92-a276-e3b360ff855b eb8da438bb3f4bd7969e451cf0a93fd6 f615b57fac7d4d63aa1c882362ef4002 - - default default] No more DHCP agents
2026-06-23 19:54:37.684 9 WARNING neutron.api.rpc.agentnotifiers.dhcp_rpc_agent_api [None req-f47ee446-aeec-4a92-a276-e3b360ff855b eb8da438bb3f4bd7969e451cf0a93fd6 f615b57fac7d4d63aa1c882362ef4002 - - default default] Unable to schedule network 9fcbaf99-7354-43c8-a6ba-9213e30aa3f4: no agents available; will retry on subsequent port and subnet creation events.
2026-06-23 19:54:37.779 9 INFO neutron.db.ovn_revision_numbers_db [None req-15e64747-2744-4a9e-a586-978820a63f75 e320b5cc38b245d5b2eee0a2b9463e60 020170546d7e41caaec5c8b189532116 - - default default] Successfully bumped revision number for resource 888e12a9-32d6-46a8-9899-6b18bee98399 (type: floatingips) to 4
2026-06-23 19:54:37.923 9 INFO neutron.db.ovn_revision_numbers_db [None req-15e64747-2744-4a9e-a586-978820a63f75 e320b5cc38b245d5b2eee0a2b9463e60 020170546d7e41caaec5c8b189532116 - - default default] Successfully bumped revision number for resource 888e12a9-32d6-46a8-9899-6b18bee98399 (type: floatingips) to 5
2026-06-23 19:54:37.960 9 INFO neutron.wsgi [None req-15e64747-2744-4a9e-a586-978820a63f75 e320b5cc38b245d5b2eee0a2b9463e60 020170546d7e41caaec5c8b189532116 - - default default] 10.0.0.93 "PUT /v2.0/floatingips/888e12a9-32d6-46a8-9899-6b18bee98399 HTTP/1.1" status: 200 len: 1050 time: 0.7443335 /var/lib/openstack/lib/python3.10/site-packages/pycadf/identifier.py:71: UserWarning: Invalid uuid: neutron. To ensure interoperability, identifiers should be a valid uuid. warnings.warn(('Invalid uuid: %s. To ensure interoperability, '
2026-06-23 19:54:37.994 9 INFO neutron.notifiers.nova [-] Nova event matching ['req-d5883be7-c601-4004-978f-bf34a3af6bcb'] response: {'name': 'network-changed', 'server_uuid': 'f2faabbe-f076-48f9-953b-530b6813843a', 'tag': '846e8114-1679-4664-a243-452fc99d48e4', 'status': 'completed', 'code': 200}
2026-06-23 19:54:38.010 10 INFO neutron.wsgi [None req-950d7bd0-3133-4d94-b125-cfa9ae826353 e320b5cc38b245d5b2eee0a2b9463e60 020170546d7e41caaec5c8b189532116 - - default default] 10.0.0.93 "GET /v2.0/floatingips/888e12a9-32d6-46a8-9899-6b18bee98399 HTTP/1.1" status: 200 len: 1052 time: 0.0414846
2026-06-23 19:54:38.074 9 INFO neutron.wsgi [req-b5fe252f-956a-4121-8da4-445d393a67ef req-daba79cf-f2d9-45af-8910-6050f3be22c0 6f4f30bf7cba42668a7ca8990c172dfd e1fad1e9d9474683adc8c094c81f7748 - - cbb44453c8884041b81e710af37951b4 cbb44453c8884041b81e710af37951b4] 199.204.45.19 "GET /v2.0/ports?tenant_id=020170546d7e41caaec5c8b189532116&device_id=f2faabbe-f076-48f9-953b-530b6813843a HTTP/1.1" status: 200 len: 1413 time: 0.0581653
2026-06-23 19:54:38.144 9 INFO neutron.wsgi [req-b5fe252f-956a-4121-8da4-445d393a67ef req-16a20d76-d0fb-4ce3-bbc8-1ebdb573657e 6f4f30bf7cba42668a7ca8990c172dfd e1fad1e9d9474683adc8c094c81f7748 - - cbb44453c8884041b81e710af37951b4 cbb44453c8884041b81e710af37951b4] 199.204.45.19 "GET /v2.0/networks?id=fab3f996-d372-4b1b-86ef-0c5e1e261e02 HTTP/1.1" status: 200 len: 958 time: 0.0639026
2026-06-23 19:54:38.210 9 INFO neutron.wsgi [req-b5fe252f-956a-4121-8da4-445d393a67ef req-12538f98-30a5-468b-af07-d5c069613deb 6f4f30bf7cba42668a7ca8990c172dfd e1fad1e9d9474683adc8c094c81f7748 - - cbb44453c8884041b81e710af37951b4 cbb44453c8884041b81e710af37951b4] 199.204.45.19 "GET /v2.0/floatingips?fixed_ip_address=10.100.0.11&port_id=846e8114-1679-4664-a243-452fc99d48e4 HTTP/1.1" status: 200 len: 1060 time: 0.0568964
2026-06-23 19:54:38.259 9 INFO neutron.wsgi [req-b5fe252f-956a-4121-8da4-445d393a67ef req-16f8c330-990c-4d04-8d51-6020de851176 6f4f30bf7cba42668a7ca8990c172dfd e1fad1e9d9474683adc8c094c81f7748 - - cbb44453c8884041b81e710af37951b4 cbb44453c8884041b81e710af37951b4] 199.204.45.19 "GET /v2.0/subnets?id=97ae255e-077d-4345-8656-bfde49fc5d2c HTTP/1.1" status: 200 len: 853 time: 0.0373685
2026-06-23 19:54:38.301 9 INFO neutron.wsgi [req-b5fe252f-956a-4121-8da4-445d393a67ef req-df4dd0f5-4cba-4fb7-acfc-c3b56e83b743 6f4f30bf7cba42668a7ca8990c172dfd e1fad1e9d9474683adc8c094c81f7748 - - cbb44453c8884041b81e710af37951b4 cbb44453c8884041b81e710af37951b4] 199.204.45.19 "GET /v2.0/ports?network_id=fab3f996-d372-4b1b-86ef-0c5e1e261e02&device_owner=network%3Adhcp HTTP/1.1" status: 200 len: 210 time: 0.0310271
2026-06-23 19:54:38.341 9 INFO neutron.db.ovn_revision_numbers_db [None req-f47ee446-aeec-4a92-a276-e3b360ff855b eb8da438bb3f4bd7969e451cf0a93fd6 f615b57fac7d4d63aa1c882362ef4002 - - default default] Successfully bumped revision number for resource 56881306-7c2a-4bce-9ec7-b503f3701b99 (type: ports) to 2
2026-06-23 19:54:38.398 9 INFO neutron.db.ovn_revision_numbers_db [None req-f47ee446-aeec-4a92-a276-e3b360ff855b eb8da438bb3f4bd7969e451cf0a93fd6 f615b57fac7d4d63aa1c882362ef4002 - - default default] Successfully bumped revision number for resource 6694524f-0079-49cb-9bf4-12d80057b785 (type: subnets) to 0
2026-06-23 19:54:38.404 9 INFO neutron.wsgi [req-b5fe252f-956a-4121-8da4-445d393a67ef req-b4831a74-e5b0-41fc-a94a-6ed35726632e 6f4f30bf7cba42668a7ca8990c172dfd e1fad1e9d9474683adc8c094c81f7748 - - cbb44453c8884041b81e710af37951b4 cbb44453c8884041b81e710af37951b4] 199.204.45.19 "GET /v2.0/networks/fab3f996-d372-4b1b-86ef-0c5e1e261e02?fields=segments HTTP/1.1" status: 200 len: 212 time: 0.0919943
2026-06-23 19:54:38.422 9 INFO neutron.wsgi [None req-f47ee446-aeec-4a92-a276-e3b360ff855b eb8da438bb3f4bd7969e451cf0a93fd6 f615b57fac7d4d63aa1c882362ef4002 - - default default] 10.0.0.93 "POST /v2.0/subnets HTTP/1.1" status: 201 len: 801 time: 1.0915711
2026-06-23 19:54:38.477 9 INFO neutron.wsgi [req-b5fe252f-956a-4121-8da4-445d393a67ef req-86c62905-d556-4cef-809f-21597e7f0bb6 6f4f30bf7cba42668a7ca8990c172dfd e1fad1e9d9474683adc8c094c81f7748 - - cbb44453c8884041b81e710af37951b4 cbb44453c8884041b81e710af37951b4] 199.204.45.19 "GET /v2.0/networks/fab3f996-d372-4b1b-86ef-0c5e1e261e02?fields=provider%3Aphysical_network&fields=provider%3Anetwork_type HTTP/1.1" status: 200 len: 277 time: 0.0666430
2026-06-23 19:54:38.675 10 WARNING neutron.scheduler.dhcp_agent_scheduler [None req-90c7c9f3-3a7c-4fe7-a8c8-423736b2fc8c eb8da438bb3f4bd7969e451cf0a93fd6 f615b57fac7d4d63aa1c882362ef4002 - - default default] No more DHCP agents
2026-06-23 19:54:38.681 10 WARNING neutron.api.rpc.agentnotifiers.dhcp_rpc_agent_api [None req-90c7c9f3-3a7c-4fe7-a8c8-423736b2fc8c eb8da438bb3f4bd7969e451cf0a93fd6 f615b57fac7d4d63aa1c882362ef4002 - - default default] Unable to schedule network 1dcada0e-1fe0-44b3-b740-d0b23387e7b2: no agents available; will retry on subsequent port and subnet creation events.
2026-06-23 19:54:39.099 9 INFO neutron.db.ovn_revision_numbers_db [None req-d5ed8fb3-ad2a-425d-a85e-c6094e85662e 2b18d60b87384b7b9789aa7c2c44bc0d f2920c33348246b08d55932abdebf6a6 - - default default] Successfully bumped revision number for resource 3e3ccba3-0f2f-4e43-8ec9-ff017fcac61d (type: security_groups) to 1
2026-06-23 19:54:39.122 9 INFO neutron.db.ovn_revision_numbers_db [None req-d5ed8fb3-ad2a-425d-a85e-c6094e85662e 2b18d60b87384b7b9789aa7c2c44bc0d f2920c33348246b08d55932abdebf6a6 - - default default] Successfully bumped revision number for resource 1bf98a56-2588-4165-8590-97ab66a1b7cb (type: security_group_rules) to 0
2026-06-23 19:54:39.145 9 INFO neutron.db.ovn_revision_numbers_db [None req-d5ed8fb3-ad2a-425d-a85e-c6094e85662e 2b18d60b87384b7b9789aa7c2c44bc0d f2920c33348246b08d55932abdebf6a6 - - default default] Successfully bumped revision number for resource 45bffcca-6993-4ad8-a413-ceee1869a049 (type: security_group_rules) to 0
2026-06-23 19:54:39.169 9 INFO neutron.db.ovn_revision_numbers_db [None req-d5ed8fb3-ad2a-425d-a85e-c6094e85662e 2b18d60b87384b7b9789aa7c2c44bc0d f2920c33348246b08d55932abdebf6a6 - - default default] Successfully bumped revision number for resource 4fc508d0-6d89-44d2-9084-db5d8fd8a9b0 (type: security_group_rules) to 0
2026-06-23 19:54:39.187 9 INFO neutron.db.ovn_revision_numbers_db [None req-d5ed8fb3-ad2a-425d-a85e-c6094e85662e 2b18d60b87384b7b9789aa7c2c44bc0d f2920c33348246b08d55932abdebf6a6 - - default default] Successfully bumped revision number for resource 5fe16756-1dfd-477e-a2e9-7ce90d7a9b4b (type: security_group_rules) to 0
2026-06-23 19:54:39.210 10 INFO neutron.db.ovn_revision_numbers_db [None req-90c7c9f3-3a7c-4fe7-a8c8-423736b2fc8c eb8da438bb3f4bd7969e451cf0a93fd6 f615b57fac7d4d63aa1c882362ef4002 - - default default] Successfully bumped revision number for resource 903ba273-07fd-46be-bf3c-c087c3798c57 (type: ports) to 2
2026-06-23 19:54:39.213 9 INFO neutron.wsgi [None req-d5ed8fb3-ad2a-425d-a85e-c6094e85662e 2b18d60b87384b7b9789aa7c2c44bc0d f2920c33348246b08d55932abdebf6a6 - - default default] 10.0.0.93 "GET /v2.0/security-groups?tenant_id=3c669261533d410298bf76c544c75101&name=default HTTP/1.1" status: 200 len: 2996 time: 0.4860659
2026-06-23 19:54:39.246 10 INFO neutron.db.ovn_revision_numbers_db [None req-90c7c9f3-3a7c-4fe7-a8c8-423736b2fc8c eb8da438bb3f4bd7969e451cf0a93fd6 f615b57fac7d4d63aa1c882362ef4002 - - default default] Successfully bumped revision number for resource 9b8d2e58-97e5-4a78-8428-9c990b773bff (type: subnets) to 0
2026-06-23 19:54:39.266 10 INFO neutron.wsgi [None req-90c7c9f3-3a7c-4fe7-a8c8-423736b2fc8c eb8da438bb3f4bd7969e451cf0a93fd6 f615b57fac7d4d63aa1c882362ef4002 - - default default] 10.0.0.93 "POST /v2.0/subnets HTTP/1.1" status: 201 len: 801 time: 0.8383031
2026-06-23 19:54:39.405 9 INFO neutron.db.ovn_revision_numbers_db [None req-b104eca3-e2f1-47ec-94ea-04b8f860f3f6 04f32611754241198bd080458d5348eb f37e8d88c534443eac69215fa2751470 - - default default] Successfully bumped revision number for resource f9ff9df7-3607-49a4-b0e4-032a88c527e3 (type: security_groups) to 1
2026-06-23 19:54:39.421 9 INFO neutron.db.ovn_revision_numbers_db [None req-b104eca3-e2f1-47ec-94ea-04b8f860f3f6 04f32611754241198bd080458d5348eb f37e8d88c534443eac69215fa2751470 - - default default] Successfully bumped revision number for resource 02e7bedc-1766-468f-b84b-af842c16e587 (type: security_group_rules) to 0
2026-06-23 19:54:39.436 9 INFO neutron.db.ovn_revision_numbers_db [None req-b104eca3-e2f1-47ec-94ea-04b8f860f3f6 04f32611754241198bd080458d5348eb f37e8d88c534443eac69215fa2751470 - - default default] Successfully bumped revision number for resource 1c7bb956-4fda-4812-8ff9-d50b861b3d0a (type: security_group_rules) to 0
2026-06-23 19:54:39.436 10 INFO neutron.db.ovn_revision_numbers_db [None req-9e9e341a-878f-46e4-a699-1845721badf4 eb8da438bb3f4bd7969e451cf0a93fd6 f615b57fac7d4d63aa1c882362ef4002 - - default default] Successfully bumped revision number for resource c85ca5f9-e899-4d55-b0ea-d37356c8a2d6 (type: routers) to 1
2026-06-23 19:54:39.441 9 INFO neutron.wsgi [None req-40a91de1-2983-40be-b727-9ea81d262b29 2b18d60b87384b7b9789aa7c2c44bc0d f2920c33348246b08d55932abdebf6a6 - - default default] 10.0.0.93 "DELETE /v2.0/security-groups/3e3ccba3-0f2f-4e43-8ec9-ff017fcac61d HTTP/1.1" status: 204 len: 168 time: 0.2224317
2026-06-23 19:54:39.451 10 INFO neutron.wsgi [None req-9e9e341a-878f-46e4-a699-1845721badf4 eb8da438bb3f4bd7969e451cf0a93fd6 f615b57fac7d4d63aa1c882362ef4002 - - default default] 10.0.0.93 "POST /v2.0/routers HTTP/1.1" status: 201 len: 686 time: 0.1771419
2026-06-23 19:54:39.458 9 INFO neutron.db.ovn_revision_numbers_db [None req-b104eca3-e2f1-47ec-94ea-04b8f860f3f6 04f32611754241198bd080458d5348eb f37e8d88c534443eac69215fa2751470 - - default default] Successfully bumped revision number for resource 75cdfe46-31bb-40ef-9b4c-fd27fc1d3132 (type: security_group_rules) to 0
2026-06-23 19:54:39.471 9 INFO neutron.db.ovn_revision_numbers_db [None req-b104eca3-e2f1-47ec-94ea-04b8f860f3f6 04f32611754241198bd080458d5348eb f37e8d88c534443eac69215fa2751470 - - default default] Successfully bumped revision number for resource ce532c2f-727e-4e7f-bbf9-3021791441fe (type: security_group_rules) to 0
2026-06-23 19:54:39.532 9 INFO neutron.db.segments_db [None req-b104eca3-e2f1-47ec-94ea-04b8f860f3f6 04f32611754241198bd080458d5348eb f37e8d88c534443eac69215fa2751470 - - default default] Added segment 9df3d31e-ca0b-40f8-9645-4799d022ca0e of type geneve for network 8220a2bd-e61b-43e0-9d28-42b69cc15e38
2026-06-23 19:54:39.679 9 INFO neutron.db.ovn_revision_numbers_db [None req-b104eca3-e2f1-47ec-94ea-04b8f860f3f6 04f32611754241198bd080458d5348eb f37e8d88c534443eac69215fa2751470 - - default default] Successfully bumped revision number for resource 8220a2bd-e61b-43e0-9d28-42b69cc15e38 (type: networks) to 1
2026-06-23 19:54:39.862 9 WARNING neutron.scheduler.dhcp_agent_scheduler [None req-b104eca3-e2f1-47ec-94ea-04b8f860f3f6 04f32611754241198bd080458d5348eb f37e8d88c534443eac69215fa2751470 - - default default] No more DHCP agents
2026-06-23 19:54:39.864 9 WARNING neutron.api.rpc.agentnotifiers.dhcp_rpc_agent_api [None req-b104eca3-e2f1-47ec-94ea-04b8f860f3f6 04f32611754241198bd080458d5348eb f37e8d88c534443eac69215fa2751470 - - default default] Unable to schedule network 8220a2bd-e61b-43e0-9d28-42b69cc15e38: no agents available; will retry on subsequent port and subnet creation events.
2026-06-23 19:54:39.950 9 INFO neutron.db.ovn_revision_numbers_db [None req-b104eca3-e2f1-47ec-94ea-04b8f860f3f6 04f32611754241198bd080458d5348eb f37e8d88c534443eac69215fa2751470 - - default default] Successfully bumped revision number for resource 6ddbcdbf-af3f-4b86-919f-674bdf1d8be5 (type: ports) to 1
2026-06-23 19:54:39.956 10 WARNING neutron.scheduler.dhcp_agent_scheduler [None req-756602e9-9ffc-4228-af5d-a14915eeafd3 eb8da438bb3f4bd7969e451cf0a93fd6 f615b57fac7d4d63aa1c882362ef4002 - - default default] No more DHCP agents
2026-06-23 19:54:39.964 10 WARNING neutron.api.rpc.agentnotifiers.dhcp_rpc_agent_api [None req-756602e9-9ffc-4228-af5d-a14915eeafd3 eb8da438bb3f4bd7969e451cf0a93fd6 f615b57fac7d4d63aa1c882362ef4002 - - default default] Unable to schedule network 9fcbaf99-7354-43c8-a6ba-9213e30aa3f4: no agents available; will retry on subsequent port and subnet creation events.
2026-06-23 19:54:39.988 9 INFO neutron.wsgi [None req-b104eca3-e2f1-47ec-94ea-04b8f860f3f6 04f32611754241198bd080458d5348eb f37e8d88c534443eac69215fa2751470 - - default default] 10.0.0.93 "POST /v2.0/networks HTTP/1.1" status: 201 len: 843 time: 0.8244340
2026-06-23 19:54:40.166 10 INFO neutron.db.ovn_revision_numbers_db [None req-756602e9-9ffc-4228-af5d-a14915eeafd3 eb8da438bb3f4bd7969e451cf0a93fd6 f615b57fac7d4d63aa1c882362ef4002 - - default default] Successfully bumped revision number for resource 649877f0-c89a-456d-8f70-d2fed6ca4f8a (type: ports) to 1
2026-06-23 19:54:40.283 9 WARNING neutron.scheduler.dhcp_agent_scheduler [None req-5932cdc8-7176-488a-a938-a41b2a3d56a1 04f32611754241198bd080458d5348eb f37e8d88c534443eac69215fa2751470 - - default default] No more DHCP agents
2026-06-23 19:54:40.285 9 WARNING neutron.api.rpc.agentnotifiers.dhcp_rpc_agent_api [None req-5932cdc8-7176-488a-a938-a41b2a3d56a1 04f32611754241198bd080458d5348eb f37e8d88c534443eac69215fa2751470 - - default default] Unable to schedule network 8220a2bd-e61b-43e0-9d28-42b69cc15e38: no agents available; will retry on subsequent port and subnet creation events.
2026-06-23 19:54:40.604 9 INFO neutron.plugins.ml2.drivers.ovn.mech_driver.mech_driver [None req-4df46f37-8bdc-4170-b649-fd88ecb8fd25 - - - - - -] OVN reports status up for port: 649877f0-c89a-456d-8f70-d2fed6ca4f8a
2026-06-23 19:54:40.614 9 INFO neutron.plugins.ml2.plugin [None req-4df46f37-8bdc-4170-b649-fd88ecb8fd25 - - - - - -] Attempt 1 to provision port 649877f0-c89a-456d-8f70-d2fed6ca4f8a
2026-06-23 19:54:40.622 10 INFO neutron.db.ovn_revision_numbers_db [None req-756602e9-9ffc-4228-af5d-a14915eeafd3 eb8da438bb3f4bd7969e451cf0a93fd6 f615b57fac7d4d63aa1c882362ef4002 - - default default] Successfully bumped revision number for resource 649877f0-c89a-456d-8f70-d2fed6ca4f8a (type: router_ports) to 1
2026-06-23 19:54:40.789 10 INFO neutron.db.ovn_revision_numbers_db [None req-756602e9-9ffc-4228-af5d-a14915eeafd3 eb8da438bb3f4bd7969e451cf0a93fd6 f615b57fac7d4d63aa1c882362ef4002 - - default default] Successfully bumped revision number for resource 649877f0-c89a-456d-8f70-d2fed6ca4f8a (type: ports) to 1
2026-06-23 19:54:40.873 9 INFO neutron.db.ovn_revision_numbers_db [None req-5932cdc8-7176-488a-a938-a41b2a3d56a1 04f32611754241198bd080458d5348eb f37e8d88c534443eac69215fa2751470 - - default default] Successfully bumped revision number for resource 6ddbcdbf-af3f-4b86-919f-674bdf1d8be5 (type: ports) to 2
2026-06-23 19:54:40.879 10 WARNING neutron.scheduler.dhcp_agent_scheduler [None req-756602e9-9ffc-4228-af5d-a14915eeafd3 eb8da438bb3f4bd7969e451cf0a93fd6 f615b57fac7d4d63aa1c882362ef4002 - - default default] No more DHCP agents
2026-06-23 19:54:40.880 10 WARNING neutron.api.rpc.agentnotifiers.dhcp_rpc_agent_api [None req-756602e9-9ffc-4228-af5d-a14915eeafd3 eb8da438bb3f4bd7969e451cf0a93fd6 f615b57fac7d4d63aa1c882362ef4002 - - default default] Unable to schedule network 9fcbaf99-7354-43c8-a6ba-9213e30aa3f4: no agents available; will retry on subsequent port and subnet creation events.
2026-06-23 19:54:40.923 9 INFO neutron.db.ovn_revision_numbers_db [None req-5932cdc8-7176-488a-a938-a41b2a3d56a1 04f32611754241198bd080458d5348eb f37e8d88c534443eac69215fa2751470 - - default default] Successfully bumped revision number for resource fbc13ce2-7c3e-4f47-9a54-027c7dc6e114 (type: subnets) to 0
2026-06-23 19:54:40.941 9 INFO neutron.wsgi [None req-5932cdc8-7176-488a-a938-a41b2a3d56a1 04f32611754241198bd080458d5348eb f37e8d88c534443eac69215fa2751470 - - default default] 10.0.0.93 "POST /v2.0/subnets HTTP/1.1" status: 201 len: 816 time: 0.9132559
2026-06-23 19:54:40.990 9 INFO neutron.db.ovn_revision_numbers_db [None req-4df46f37-8bdc-4170-b649-fd88ecb8fd25 - - - - - -] Successfully bumped revision number for resource 649877f0-c89a-456d-8f70-d2fed6ca4f8a (type: ports) to 2
2026-06-23 19:54:41.076 10 INFO neutron.db.segments_db [None req-8f9bf00b-f90f-4222-b753-2d2eb09ede9a 04f32611754241198bd080458d5348eb f37e8d88c534443eac69215fa2751470 - - default default] Added segment 1ba9d910-9370-4c34-8284-6e6e76040b7c of type geneve for network 2e032e7c-935f-4572-801a-e4e3f3504e76
2026-06-23 19:54:41.125 10 INFO neutron.db.ovn_revision_numbers_db [None req-756602e9-9ffc-4228-af5d-a14915eeafd3 eb8da438bb3f4bd7969e451cf0a93fd6 f615b57fac7d4d63aa1c882362ef4002 - - default default] Successfully bumped revision number for resource 649877f0-c89a-456d-8f70-d2fed6ca4f8a (type: router_ports) to 2
2026-06-23 19:54:41.128 10 INFO neutron.wsgi [None req-756602e9-9ffc-4228-af5d-a14915eeafd3 eb8da438bb3f4bd7969e451cf0a93fd6 f615b57fac7d4d63aa1c882362ef4002 - - default default] 10.0.0.93 "PUT /v2.0/routers/c85ca5f9-e899-4d55-b0ea-d37356c8a2d6/add_router_interface HTTP/1.1" status: 200 len: 503 time: 1.6719260
2026-06-23 19:54:41.215 10 INFO neutron.db.ovn_revision_numbers_db [None req-8f9bf00b-f90f-4222-b753-2d2eb09ede9a 04f32611754241198bd080458d5348eb f37e8d88c534443eac69215fa2751470 - - default default] Successfully bumped revision number for resource 2e032e7c-935f-4572-801a-e4e3f3504e76 (type: networks) to 1
2026-06-23 19:54:41.379 10 WARNING neutron.scheduler.dhcp_agent_scheduler [None req-8f9bf00b-f90f-4222-b753-2d2eb09ede9a 04f32611754241198bd080458d5348eb f37e8d88c534443eac69215fa2751470 - - default default] No more DHCP agents
2026-06-23 19:54:41.380 10 WARNING neutron.api.rpc.agentnotifiers.dhcp_rpc_agent_api [None req-8f9bf00b-f90f-4222-b753-2d2eb09ede9a 04f32611754241198bd080458d5348eb f37e8d88c534443eac69215fa2751470 - - default default] Unable to schedule network 2e032e7c-935f-4572-801a-e4e3f3504e76: no agents available; will retry on subsequent port and subnet creation events.
2026-06-23 19:54:41.466 10 INFO neutron.db.ovn_revision_numbers_db [None req-8f9bf00b-f90f-4222-b753-2d2eb09ede9a 04f32611754241198bd080458d5348eb f37e8d88c534443eac69215fa2751470 - - default default] Successfully bumped revision number for resource a5305753-172a-422a-b114-4ac55a14885e (type: ports) to 1
2026-06-23 19:54:41.488 10 INFO neutron.wsgi [None req-8f9bf00b-f90f-4222-b753-2d2eb09ede9a 04f32611754241198bd080458d5348eb f37e8d88c534443eac69215fa2751470 - - default default] 10.0.0.93 "POST /v2.0/networks HTTP/1.1" status: 201 len: 843 time: 0.5404072
2026-06-23 19:54:41.695 9 INFO neutron.wsgi [None req-eaae5142-2384-45d2-b815-643f2ae436b4 eb8da438bb3f4bd7969e451cf0a93fd6 f615b57fac7d4d63aa1c882362ef4002 - - default default] 10.0.0.93 "GET /v2.0/ports/649877f0-c89a-456d-8f70-d2fed6ca4f8a HTTP/1.1" status: 200 len: 1137 time: 0.5623636
2026-06-23 19:54:41.808 10 INFO neutron.db.ovn_revision_numbers_db [None req-aad55c80-ff1c-49b6-b2b8-ceefa7cf67e9 04f32611754241198bd080458d5348eb f37e8d88c534443eac69215fa2751470 - - default default] Successfully bumped revision number for resource 2e032e7c-935f-4572-801a-e4e3f3504e76 (type: networks) to 2
2026-06-23 19:54:41.816 10 INFO neutron.wsgi [None req-aad55c80-ff1c-49b6-b2b8-ceefa7cf67e9 04f32611754241198bd080458d5348eb f37e8d88c534443eac69215fa2751470 - - default default] 10.0.0.93 "PUT /v2.0/networks/2e032e7c-935f-4572-801a-e4e3f3504e76 HTTP/1.1" status: 200 len: 792 time: 0.3225696
2026-06-23 19:54:42.223 9 WARNING neutron.scheduler.dhcp_agent_scheduler [None req-359324a2-ddf1-47b6-9f46-f7fcfdecea5e eb8da438bb3f4bd7969e451cf0a93fd6 f615b57fac7d4d63aa1c882362ef4002 - - default default] No more DHCP agents
2026-06-23 19:54:42.225 9 WARNING neutron.api.rpc.agentnotifiers.dhcp_rpc_agent_api [None req-359324a2-ddf1-47b6-9f46-f7fcfdecea5e eb8da438bb3f4bd7969e451cf0a93fd6 f615b57fac7d4d63aa1c882362ef4002 - - default default] Unable to schedule network 1dcada0e-1fe0-44b3-b740-d0b23387e7b2: no agents available; will retry on subsequent port and subnet creation events.
2026-06-23 19:54:42.317 10 WARNING neutron.scheduler.dhcp_agent_scheduler [None req-6be8efc6-1c19-47f8-a5db-9d78ac530ef1 04f32611754241198bd080458d5348eb f37e8d88c534443eac69215fa2751470 - - default default] No more DHCP agents
2026-06-23 19:54:42.320 10 WARNING neutron.api.rpc.agentnotifiers.dhcp_rpc_agent_api [None req-6be8efc6-1c19-47f8-a5db-9d78ac530ef1 04f32611754241198bd080458d5348eb f37e8d88c534443eac69215fa2751470 - - default default] Unable to schedule network 2e032e7c-935f-4572-801a-e4e3f3504e76: no agents available; will retry on subsequent port and subnet creation events.
2026-06-23 19:54:42.379 9 INFO neutron.db.ovn_revision_numbers_db [None req-359324a2-ddf1-47b6-9f46-f7fcfdecea5e eb8da438bb3f4bd7969e451cf0a93fd6 f615b57fac7d4d63aa1c882362ef4002 - - default default] Successfully bumped revision number for resource 6a7fbfee-004f-4e71-8eac-415317a82152 (type: ports) to 1
2026-06-23 19:54:42.765 10 INFO neutron.db.ovn_revision_numbers_db [None req-6be8efc6-1c19-47f8-a5db-9d78ac530ef1 04f32611754241198bd080458d5348eb f37e8d88c534443eac69215fa2751470 - - default default] Successfully bumped revision number for resource a5305753-172a-422a-b114-4ac55a14885e (type: ports) to 2
2026-06-23 19:54:42.811 10 INFO neutron.db.ovn_revision_numbers_db [None req-6be8efc6-1c19-47f8-a5db-9d78ac530ef1 04f32611754241198bd080458d5348eb f37e8d88c534443eac69215fa2751470 - - default default] Successfully bumped revision number for resource 1afaf811-3f79-4c12-85e6-f96239348de7 (type: subnets) to 0
2026-06-23 19:54:42.828 10 INFO neutron.plugins.ml2.drivers.ovn.mech_driver.mech_driver [None req-39ba069d-e556-42b2-b945-e7cabd4c0509 - - - - - -] OVN reports status up for port: 6a7fbfee-004f-4e71-8eac-415317a82152
2026-06-23 19:54:42.837 10 INFO neutron.wsgi [None req-6be8efc6-1c19-47f8-a5db-9d78ac530ef1 04f32611754241198bd080458d5348eb f37e8d88c534443eac69215fa2751470 - - default default] 10.0.0.93 "POST /v2.0/subnets HTTP/1.1" status: 201 len: 801 time: 1.0144882
2026-06-23 19:54:42.839 10 INFO neutron.plugins.ml2.plugin [None req-39ba069d-e556-42b2-b945-e7cabd4c0509 - - - - - -] Attempt 1 to provision port 6a7fbfee-004f-4e71-8eac-415317a82152
2026-06-23 19:54:42.892 9 INFO neutron.db.ovn_revision_numbers_db [None req-359324a2-ddf1-47b6-9f46-f7fcfdecea5e eb8da438bb3f4bd7969e451cf0a93fd6 f615b57fac7d4d63aa1c882362ef4002 - - default default] Successfully bumped revision number for resource 6a7fbfee-004f-4e71-8eac-415317a82152 (type: router_ports) to 1
2026-06-23 19:54:43.109 9 ERROR ovsdbapp.backend.ovs_idl.transaction [None req-359324a2-ddf1-47b6-9f46-f7fcfdecea5e eb8da438bb3f4bd7969e451cf0a93fd6 f615b57fac7d4d63aa1c882362ef4002 - - default default]
Traceback (most recent call last): File "/var/lib/openstack/lib/python3.10/site-packages/ovsdbapp/backend/ovs_idl/connection.py", line 118, in run txn.results.put(txn.do_commit())
File "/var/lib/openstack/lib/python3.10/site-packages/ovsdbapp/backend/ovs_idl/transaction.py", line 92, in do_commit command.run_idl(txn)
File "/var/lib/openstack/lib/python3.10/site-packages/neutron/plugins/ml2/drivers/ovn/mech_driver/ovsdb/commands.py", line 825, in run_idl raise ovn_exc.RevisionConflict( neutron.common.ovn.exceptions.RevisionConflict: OVN revision number for 6a7fbfee-004f-4e71-8eac-415317a82152 (type: ports) is higher than the given resource. Skipping update 
2026-06-23 19:54:43.109 9 INFO neutron.plugins.ml2.drivers.ovn.mech_driver.ovsdb.impl_idl_ovn [None req-359324a2-ddf1-47b6-9f46-f7fcfdecea5e eb8da438bb3f4bd7969e451cf0a93fd6 f615b57fac7d4d63aa1c882362ef4002 - - default default] Transaction aborted. Reason: OVN revision number for 6a7fbfee-004f-4e71-8eac-415317a82152 (type: ports) is higher than the given resource. Skipping update
2026-06-23 19:54:43.119 10 INFO neutron.db.ovn_revision_numbers_db [None req-39ba069d-e556-42b2-b945-e7cabd4c0509 - - - - - -] Successfully bumped revision number for resource 6a7fbfee-004f-4e71-8eac-415317a82152 (type: ports) to 2
2026-06-23 19:54:43.199 9 WARNING neutron.scheduler.dhcp_agent_scheduler [None req-359324a2-ddf1-47b6-9f46-f7fcfdecea5e eb8da438bb3f4bd7969e451cf0a93fd6 f615b57fac7d4d63aa1c882362ef4002 - - default default] No more DHCP agents
2026-06-23 19:54:43.200 9 WARNING neutron.api.rpc.agentnotifiers.dhcp_rpc_agent_api [None req-359324a2-ddf1-47b6-9f46-f7fcfdecea5e eb8da438bb3f4bd7969e451cf0a93fd6 f615b57fac7d4d63aa1c882362ef4002 - - default default] Unable to schedule network 1dcada0e-1fe0-44b3-b740-d0b23387e7b2: no agents available; will retry on subsequent port and subnet creation events.
2026-06-23 19:54:43.263 10 INFO neutron.db.ovn_revision_numbers_db [None req-39ba069d-e556-42b2-b945-e7cabd4c0509 - - - - - -] Successfully bumped revision number for resource 6a7fbfee-004f-4e71-8eac-415317a82152 (type: router_ports) to 2
2026-06-23 19:54:43.277 9 INFO neutron.db.ovn_revision_numbers_db [None req-be5a4a9a-d724-495d-abae-2aa2e097577d 04f32611754241198bd080458d5348eb f37e8d88c534443eac69215fa2751470 - - default default] Successfully bumped revision number for resource 1afaf811-3f79-4c12-85e6-f96239348de7 (type: subnets) to 1
2026-06-23 19:54:43.282 9 INFO neutron.wsgi [None req-be5a4a9a-d724-495d-abae-2aa2e097577d 04f32611754241198bd080458d5348eb f37e8d88c534443eac69215fa2751470 - - default default] 10.0.0.93 "PUT /v2.0/subnets/1afaf811-3f79-4c12-85e6-f96239348de7 HTTP/1.1" status: 200 len: 806 time: 0.4346614
2026-06-23 19:54:43.425 9 INFO neutron.db.ovn_revision_numbers_db [None req-359324a2-ddf1-47b6-9f46-f7fcfdecea5e eb8da438bb3f4bd7969e451cf0a93fd6 f615b57fac7d4d63aa1c882362ef4002 - - default default] Successfully bumped revision number for resource 6a7fbfee-004f-4e71-8eac-415317a82152 (type: router_ports) to 2
2026-06-23 19:54:43.428 9 INFO neutron.wsgi [None req-359324a2-ddf1-47b6-9f46-f7fcfdecea5e eb8da438bb3f4bd7969e451cf0a93fd6 f615b57fac7d4d63aa1c882362ef4002 - - default default] 10.0.0.93 "PUT /v2.0/routers/c85ca5f9-e899-4d55-b0ea-d37356c8a2d6/add_router_interface HTTP/1.1" status: 200 len: 503 time: 1.7261345
2026-06-23 19:54:43.475 10 INFO neutron.wsgi [None req-4d2d4695-dd3f-47e7-bdc3-15384e468af9 eb8da438bb3f4bd7969e451cf0a93fd6 f615b57fac7d4d63aa1c882362ef4002 - - default default] 10.0.0.93 "GET /v2.0/ports/6a7fbfee-004f-4e71-8eac-415317a82152 HTTP/1.1" status: 200 len: 1137 time: 0.0391345
2026-06-23 19:54:43.510 10 INFO neutron.wsgi [None req-a640d67c-518b-4229-aa88-5a0e14abb15f eb8da438bb3f4bd7969e451cf0a93fd6 f615b57fac7d4d63aa1c882362ef4002 - - default default] 10.0.0.93 "GET /v2.0/ports/6a7fbfee-004f-4e71-8eac-415317a82152 HTTP/1.1" status: 200 len: 1137 time: 0.0305924
2026-06-23 19:54:43.845 9 INFO neutron.services.segments.plugin [-] Segment 1ba9d910-9370-4c34-8284-6e6e76040b7c resource provider aggregate not found
2026-06-23 19:54:43.854 9 INFO neutron.services.segments.plugin [-] Segment 1ba9d910-9370-4c34-8284-6e6e76040b7c resource provider aggregate not found
2026-06-23 19:54:43.877 9 INFO neutron.services.segments.plugin [-] Segment 1ba9d910-9370-4c34-8284-6e6e76040b7c resource provider not found; error: Placement Client Error (4xx): {"errors": [{"status": 404, "title": "Not Found", "detail": "The resource could not be found.\n\n No resource provider with uuid 1ba9d910-9370-4c34-8284-6e6e76040b7c found for delete ", "request_id": "req-404bded1-000f-4243-a996-f914c76c2fdc"}]}
2026-06-23 19:54:43.891 9 INFO neutron.services.segments.plugin [-] Segment 1ba9d910-9370-4c34-8284-6e6e76040b7c resource provider not found; error: Placement Client Error (4xx): {"errors": [{"status": 404, "title": "Not Found", "detail": "The resource could not be found.\n\n No resource provider with uuid 1ba9d910-9370-4c34-8284-6e6e76040b7c found for delete ", "request_id": "req-0c14f77f-a216-419a-a16d-e9aff3c75a33"}]}
2026-06-23 19:54:43.914 9 INFO neutron.wsgi [None req-bea3a596-a51e-4e8e-870b-6fab4bd32ce8 04f32611754241198bd080458d5348eb f37e8d88c534443eac69215fa2751470 - - default default] 10.0.0.93 "DELETE /v2.0/networks/2e032e7c-935f-4572-801a-e4e3f3504e76 HTTP/1.1" status: 204 len: 168 time: 0.6254148
2026-06-23 19:54:43.935 9 INFO neutron.pecan_wsgi.hooks.translation [None req-9929671f-d032-472d-9f57-b87355105f93 04f32611754241198bd080458d5348eb f37e8d88c534443eac69215fa2751470 - - default default] DELETE failed (client error): The resource could not be found.
2026-06-23 19:54:43.937 9 INFO neutron.wsgi [None req-9929671f-d032-472d-9f57-b87355105f93 04f32611754241198bd080458d5348eb f37e8d88c534443eac69215fa2751470 - - default default] 10.0.0.93 "DELETE /v2.0/networks/2e032e7c-935f-4572-801a-e4e3f3504e76 HTTP/1.1" status: 404 len: 339 time: 0.0140374
2026-06-23 19:54:43.975 9 INFO neutron.wsgi [-] 10.0.0.239 "GET / HTTP/1.1" status: 200 len: 246 time: 0.0013125
2026-06-23 19:54:43.975 10 INFO neutron.wsgi [-] 10.0.0.239 "GET / HTTP/1.1" status: 200 len: 246 time: 0.0015113
2026-06-23 19:54:44.071 9 INFO neutron.wsgi [None req-f3b28c82-8d7d-4121-abd7-a580615a68ba 04f32611754241198bd080458d5348eb f37e8d88c534443eac69215fa2751470 - - default default] 10.0.0.93 "GET /v2.0/networks?router%3Aexternal=True HTTP/1.1" status: 200 len: 845 time: 0.1272151
2026-06-23 19:54:44.121 9 INFO neutron.wsgi [None req-3733b0ff-f12e-4bda-9c3a-daaed16f71ab 04f32611754241198bd080458d5348eb f37e8d88c534443eac69215fa2751470 - - default default] 10.0.0.93 "GET /v2.0/subnets?network_id=40607a6e-90de-4a78-89f4-9721d51919dd HTTP/1.1" status: 200 len: 820 time: 0.0438585
2026-06-23 19:54:44.136 9 INFO neutron.wsgi [None req-41e0070c-dcf9-4c3a-919f-6e07db48f6d9 04f32611754241198bd080458d5348eb f37e8d88c534443eac69215fa2751470 - - default default] 10.0.0.93 "GET /v2.0/extensions HTTP/1.1" status: 200 len: 16520 time: 0.0066907
