2026-06-23 19:52:56.938 9 INFO neutron.wsgi [req-743a739b-dbbc-46fb-a2fb-691052d50ad9 req-d778f04d-6bbc-4495-a4cf-7b32bc7c2411 6f4f30bf7cba42668a7ca8990c172dfd e1fad1e9d9474683adc8c094c81f7748 - - cbb44453c8884041b81e710af37951b4 cbb44453c8884041b81e710af37951b4] 199.204.45.19 "GET /v2.0/ports?network_id=2af0759a-bb16-4782-945c-01085cc9d49c&device_owner=network%3Adhcp HTTP/1.1" status: 200 len: 210 time: 0.0267637
2026-06-23 19:52:56.940 10 INFO neutron.wsgi [None req-09b77bc4-d4f1-4c60-8516-88dad4b8f7b1 f4d32792e4374e4a8beeb973260654e7 8959617792b14915a692252cede52040 - - default default] 10.0.0.93 "GET /v2.0/extensions/subnet-segmentid-writable HTTP/1.1" status: 200 len: 421 time: 0.0077257
2026-06-23 19:52:56.955 10 INFO neutron.wsgi [None req-5ed5a1b7-782f-4028-bd31-f2f12bd13a28 f4d32792e4374e4a8beeb973260654e7 8959617792b14915a692252cede52040 - - default default] 10.0.0.93 "GET /v2.0/extensions/subnet-service-types HTTP/1.1" status: 200 len: 400 time: 0.0065694
2026-06-23 19:52:56.963 10 INFO neutron.wsgi [None req-b71a9248-1d11-4613-b73a-706c5a69fc7b f4d32792e4374e4a8beeb973260654e7 8959617792b14915a692252cede52040 - - default default] 10.0.0.93 "GET /v2.0/extensions/subnet_allocation HTTP/1.1" status: 200 len: 388 time: 0.0046766
2026-06-23 19:52:56.970 10 INFO neutron.wsgi [None req-a6bbba91-cd62-409a-a655-498f0ab8287f f4d32792e4374e4a8beeb973260654e7 8959617792b14915a692252cede52040 - - default default] 10.0.0.93 "GET /v2.0/extensions/subnetpool-prefix-ops HTTP/1.1" status: 200 len: 418 time: 0.0031807
2026-06-23 19:52:56.978 10 INFO neutron.wsgi [None req-9daf8b8a-aab9-48af-9eb0-4e14b323a78f f4d32792e4374e4a8beeb973260654e7 8959617792b14915a692252cede52040 - - default default] 10.0.0.93 "GET /v2.0/extensions/standard-attr-tag HTTP/1.1" status: 200 len: 537 time: 0.0049238
2026-06-23 19:52:56.986 10 INFO neutron.wsgi [None req-84c4fc50-e6c3-48a6-9648-e73ce7add280 f4d32792e4374e4a8beeb973260654e7 8959617792b14915a692252cede52040 - - default default] 10.0.0.93 "GET /v2.0/extensions/standard-attr-timestamp HTTP/1.1" status: 200 len: 449 time: 0.0048347
2026-06-23 19:52:56.996 9 INFO neutron.wsgi [None req-64455fae-c8d4-43d6-80ec-a5c72bea0791 f4d32792e4374e4a8beeb973260654e7 8959617792b14915a692252cede52040 - - default default] 10.0.0.93 "GET /v2.0/extensions/trunk HTTP/1.1" status: 200 len: 358 time: 0.0062568
2026-06-23 19:52:57.003 10 INFO neutron.wsgi [None req-1e490eba-7ffc-4d6a-9bf5-1c96645803bb f4d32792e4374e4a8beeb973260654e7 8959617792b14915a692252cede52040 - - default default] 10.0.0.93 "GET /v2.0/extensions/trunk-details HTTP/1.1" status: 200 len: 362 time: 0.0048771
2026-06-23 19:52:57.006 9 INFO neutron.wsgi [req-743a739b-dbbc-46fb-a2fb-691052d50ad9 req-bee32be5-94a2-4d2b-a94b-a22ca7a9bfa1 6f4f30bf7cba42668a7ca8990c172dfd e1fad1e9d9474683adc8c094c81f7748 - - cbb44453c8884041b81e710af37951b4 cbb44453c8884041b81e710af37951b4] 199.204.45.19 "GET /v2.0/networks/2af0759a-bb16-4782-945c-01085cc9d49c?fields=segments HTTP/1.1" status: 200 len: 212 time: 0.0628581
2026-06-23 19:52:57.071 10 INFO neutron.db.ovn_revision_numbers_db [None req-9fe38fc8-c964-43af-8682-3f69cebc539c 4cbcf267578148f5a0a3726c23b09931 e4a369b3aa364ad7839e9c4a619420e7 - - default default] Successfully bumped revision number for resource aafdec23-dfc3-454c-954c-b8462565b143 (type: security_group_rules) to 0
2026-06-23 19:52:57.078 9 INFO neutron.wsgi [req-743a739b-dbbc-46fb-a2fb-691052d50ad9 req-777785a2-a6c7-42bc-b065-12630ffacb94 6f4f30bf7cba42668a7ca8990c172dfd e1fad1e9d9474683adc8c094c81f7748 - - cbb44453c8884041b81e710af37951b4 cbb44453c8884041b81e710af37951b4] 199.204.45.19 "GET /v2.0/networks/2af0759a-bb16-4782-945c-01085cc9d49c?fields=provider%3Aphysical_network&fields=provider%3Anetwork_type HTTP/1.1" status: 200 len: 277 time: 0.0640364
2026-06-23 19:52:57.101 10 INFO neutron.wsgi [None req-9fe38fc8-c964-43af-8682-3f69cebc539c 4cbcf267578148f5a0a3726c23b09931 e4a369b3aa364ad7839e9c4a619420e7 - - default default] 10.0.0.93 "POST /v2.0/security-group-rules HTTP/1.1" status: 201 len: 764 time: 0.2537763
2026-06-23 19:52:57.240 10 INFO neutron.db.ovn_revision_numbers_db [None req-252f713d-3db6-405e-9023-f27e73cf8396 4cbcf267578148f5a0a3726c23b09931 e4a369b3aa364ad7839e9c4a619420e7 - - default default] Successfully bumped revision number for resource b4983a52-cb2b-4a1d-9f15-a75461703dc8 (type: security_group_rules) to 0
2026-06-23 19:52:57.262 10 INFO neutron.wsgi [None req-252f713d-3db6-405e-9023-f27e73cf8396 4cbcf267578148f5a0a3726c23b09931 e4a369b3aa364ad7839e9c4a619420e7 - - default default] 10.0.0.93 "POST /v2.0/security-group-rules HTTP/1.1" status: 201 len: 769 time: 0.1565652
2026-06-23 19:52:57.549 10 INFO neutron.plugins.ml2.drivers.ovn.mech_driver.mech_driver [None req-39ba069d-e556-42b2-b945-e7cabd4c0509 - - - - - -] OVN reports status up for port: 09ce51ca-12bd-4818-87f2-c886b06d4ba5
2026-06-23 19:52:57.565 10 INFO neutron.plugins.ml2.plugin [None req-39ba069d-e556-42b2-b945-e7cabd4c0509 - - - - - -] Attempt 1 to provision port 09ce51ca-12bd-4818-87f2-c886b06d4ba5
2026-06-23 19:52:57.589 9 WARNING neutron.scheduler.dhcp_agent_scheduler [None req-c0906287-dfc6-4a4a-a809-fa90c37213f7 4cbcf267578148f5a0a3726c23b09931 e4a369b3aa364ad7839e9c4a619420e7 - - default default] No more DHCP agents
2026-06-23 19:52:57.592 9 WARNING neutron.api.rpc.agentnotifiers.dhcp_rpc_agent_api [None req-c0906287-dfc6-4a4a-a809-fa90c37213f7 4cbcf267578148f5a0a3726c23b09931 e4a369b3aa364ad7839e9c4a619420e7 - - default default] Unable to schedule network 40607a6e-90de-4a78-89f4-9721d51919dd: no agents available; will retry on subsequent port and subnet creation events.
2026-06-23 19:52:57.703 10 INFO neutron.notifiers.nova [-] Nova event matching ['req-5e68562f-7e0e-45d6-baf1-c370d9a04a47'] response: {'server_uuid': 'e27a07c8-c803-441a-a52e-df2d9bc30f43', 'name': 'network-vif-plugged', 'status': 'completed', 'tag': '09ce51ca-12bd-4818-87f2-c886b06d4ba5', 'code': 200}
2026-06-23 19:52:57.876 10 INFO neutron.db.ovn_revision_numbers_db [None req-a681cf9f-c14d-4b16-abb8-0d6e287e0a8c 2b18d60b87384b7b9789aa7c2c44bc0d f2920c33348246b08d55932abdebf6a6 - - default default] Successfully bumped revision number for resource b1a37c4d-414d-49c3-a679-9f168cd996b1 (type: security_groups) to 1
2026-06-23 19:52:57.905 10 INFO neutron.db.ovn_revision_numbers_db [None req-a681cf9f-c14d-4b16-abb8-0d6e287e0a8c 2b18d60b87384b7b9789aa7c2c44bc0d f2920c33348246b08d55932abdebf6a6 - - default default] Successfully bumped revision number for resource 0112f466-46c3-49d0-89af-18d49855ce5f (type: security_group_rules) to 0
2026-06-23 19:52:57.920 10 INFO neutron.db.ovn_revision_numbers_db [None req-39ba069d-e556-42b2-b945-e7cabd4c0509 - - - - - -] Successfully bumped revision number for resource 09ce51ca-12bd-4818-87f2-c886b06d4ba5 (type: ports) to 4
2026-06-23 19:52:57.923 10 INFO neutron.db.ovn_revision_numbers_db [None req-a681cf9f-c14d-4b16-abb8-0d6e287e0a8c 2b18d60b87384b7b9789aa7c2c44bc0d f2920c33348246b08d55932abdebf6a6 - - default default] Successfully bumped revision number for resource 11a3c563-6a34-4c41-b17e-44cb2e3bf090 (type: security_group_rules) to 0
2026-06-23 19:52:57.942 9 INFO neutron.db.ovn_revision_numbers_db [None req-c0906287-dfc6-4a4a-a809-fa90c37213f7 4cbcf267578148f5a0a3726c23b09931 e4a369b3aa364ad7839e9c4a619420e7 - - default default] Successfully bumped revision number for resource 031ba40a-6041-4300-8be8-0405b5fa36c1 (type: floatingips) to 0
2026-06-23 19:52:57.948 10 INFO neutron.db.ovn_revision_numbers_db [None req-a681cf9f-c14d-4b16-abb8-0d6e287e0a8c 2b18d60b87384b7b9789aa7c2c44bc0d f2920c33348246b08d55932abdebf6a6 - - default default] Successfully bumped revision number for resource 60dce691-dd42-4a55-9a0b-559e69053b4e (type: security_group_rules) to 0
2026-06-23 19:52:57.962 9 INFO neutron.wsgi [None req-c0906287-dfc6-4a4a-a809-fa90c37213f7 4cbcf267578148f5a0a3726c23b09931 e4a369b3aa364ad7839e9c4a619420e7 - - default default] 10.0.0.93 "POST /v2.0/floatingips HTTP/1.1" status: 201 len: 751 time: 0.6925209
2026-06-23 19:52:57.985 10 INFO neutron.db.ovn_revision_numbers_db [None req-a681cf9f-c14d-4b16-abb8-0d6e287e0a8c 2b18d60b87384b7b9789aa7c2c44bc0d f2920c33348246b08d55932abdebf6a6 - - default default] Successfully bumped revision number for resource 6bc2ad27-3a86-4a27-ae31-5dc488a15c84 (type: security_group_rules) to 0
2026-06-23 19:52:58.007 9 INFO neutron.wsgi [req-7fb51367-25d7-43df-98d2-b28ee71a79c2 req-5191a856-26f9-4de9-a869-384e3c4e4234 87e8e2b7dc3a4b8193055ef92c677a49 a7dd2e5a81594c38a4f9530ddfec8641 - - default default] 10.0.0.120 "GET /v2.0/ports?device_id=e27a07c8-c803-441a-a52e-df2d9bc30f43 HTTP/1.1" status: 200 len: 1170 time: 0.0879714
2026-06-23 19:52:58.053 9 INFO neutron.wsgi [req-7fb51367-25d7-43df-98d2-b28ee71a79c2 req-e05208f7-6194-4af1-b3ba-de7946359d92 87e8e2b7dc3a4b8193055ef92c677a49 a7dd2e5a81594c38a4f9530ddfec8641 - - default default] 10.0.0.120 "GET /v2.0/security-groups?id=1c2b253d-0630-4cc2-93ed-bfc19b169127&fields=id&fields=name HTTP/1.1" status: 200 len: 313 time: 0.0382655
2026-06-23 19:52:58.160 10 INFO neutron.wsgi [None req-a681cf9f-c14d-4b16-abb8-0d6e287e0a8c 2b18d60b87384b7b9789aa7c2c44bc0d f2920c33348246b08d55932abdebf6a6 - - default default] 10.0.0.93 "GET /v2.0/security-groups?tenant_id=8959617792b14915a692252cede52040&name=default HTTP/1.1" status: 200 len: 2996 time: 0.5389533 /var/lib/openstack/lib/python3.10/site-packages/pycadf/identifier.py:71: UserWarning: Invalid uuid: neutron. To ensure interoperability, identifiers should be a valid uuid. warnings.warn(('Invalid uuid: %s. To ensure interoperability, '
2026-06-23 19:52:58.213 10 INFO neutron.wsgi [req-dc6cd53d-63db-42c4-8954-0ede17b92647 req-14e3f36c-a3aa-4dcf-9975-3879dd89a245 618fa5d473b34aa79a6b3f167dba5609 a95b0560656f4538a67e159ce4f2a7e1 - - default default] 10.0.0.120 "GET /v2.0/ports?device_id=c792a246-64dd-42c6-bf01-344359177536 HTTP/1.1" status: 200 len: 1174 time: 0.2626729
2026-06-23 19:52:58.354 9 INFO neutron.wsgi [req-ba181561-392f-48ff-8574-54627ad30547 req-3c3884f6-42fb-4a58-a758-3e2bc5c4698f 618fa5d473b34aa79a6b3f167dba5609 a95b0560656f4538a67e159ce4f2a7e1 - - default default] 10.0.0.120 "GET /v2.0/ports/6ad641e4-6139-47de-a8b2-e6fceb2943c3 HTTP/1.1" status: 200 len: 1171 time: 0.0873158
2026-06-23 19:52:58.431 10 INFO neutron.wsgi [req-7d761920-6cb3-43de-95ae-86e08e25ab08 req-10564150-e1c6-4db6-bdda-a39986a124db 4cbcf267578148f5a0a3726c23b09931 e4a369b3aa364ad7839e9c4a619420e7 - - default default] 10.0.0.120 "GET /v2.0/security-groups?name=tempest-securitygroup--2000801144&fields=id&tenant_id=e4a369b3aa364ad7839e9c4a619420e7 HTTP/1.1" status: 200 len: 267 time: 0.0503521
2026-06-23 19:52:58.440 10 INFO neutron.wsgi [None req-dc868842-01fa-4fd8-b484-e1c66bedca12 2b18d60b87384b7b9789aa7c2c44bc0d f2920c33348246b08d55932abdebf6a6 - - default default] 10.0.0.93 "DELETE /v2.0/security-groups/b1a37c4d-414d-49c3-a679-9f168cd996b1 HTTP/1.1" status: 204 len: 168 time: 0.2752697
2026-06-23 19:52:58.515 10 INFO neutron.wsgi [req-7d761920-6cb3-43de-95ae-86e08e25ab08 req-c9daea01-a8ab-4259-8ac7-f6a2562910d4 4cbcf267578148f5a0a3726c23b09931 e4a369b3aa364ad7839e9c4a619420e7 - - default default] 10.0.0.120 "GET /v2.0/networks?id=eab04fcb-a822-4735-b215-4010b199bdc2 HTTP/1.1" status: 200 len: 875 time: 0.0777371
2026-06-23 19:52:58.530 10 INFO neutron.wsgi [req-7d761920-6cb3-43de-95ae-86e08e25ab08 req-9a4e984e-50b5-4d91-8ebd-5546f4fdc148 4cbcf267578148f5a0a3726c23b09931 e4a369b3aa364ad7839e9c4a619420e7 - - default default] 10.0.0.120 "GET /v2.0/quotas/e4a369b3aa364ad7839e9c4a619420e7 HTTP/1.1" status: 200 len: 386 time: 0.0108316
2026-06-23 19:52:58.625 10 INFO neutron.wsgi [req-7d761920-6cb3-43de-95ae-86e08e25ab08 req-980b27c5-4ac9-4772-8576-12cd4e3c6627 4cbcf267578148f5a0a3726c23b09931 e4a369b3aa364ad7839e9c4a619420e7 - - default default] 10.0.0.120 "GET /v2.0/ports?tenant_id=e4a369b3aa364ad7839e9c4a619420e7&fields=id HTTP/1.1" status: 200 len: 302 time: 0.0899286
2026-06-23 19:52:58.710 10 INFO neutron.wsgi [req-7d761920-6cb3-43de-95ae-86e08e25ab08 req-cc297e22-419f-409b-8fda-1554018dfb6f 6f4f30bf7cba42668a7ca8990c172dfd e1fad1e9d9474683adc8c094c81f7748 - - cbb44453c8884041b81e710af37951b4 cbb44453c8884041b81e710af37951b4] 10.0.0.120 "GET /v2.0/networks/eab04fcb-a822-4735-b215-4010b199bdc2?fields=segments HTTP/1.1" status: 200 len: 212 time: 0.0565305
2026-06-23 19:52:58.791 10 INFO neutron.wsgi [req-7d761920-6cb3-43de-95ae-86e08e25ab08 req-cd4fc52a-4859-41e4-a97a-35b4f7ebaf72 6f4f30bf7cba42668a7ca8990c172dfd e1fad1e9d9474683adc8c094c81f7748 - - cbb44453c8884041b81e710af37951b4 cbb44453c8884041b81e710af37951b4] 10.0.0.120 "GET /v2.0/networks/eab04fcb-a822-4735-b215-4010b199bdc2?fields=provider%3Aphysical_network&fields=provider%3Anetwork_type HTTP/1.1" status: 200 len: 277 time: 0.0732443
2026-06-23 19:52:58.859 9 INFO neutron.wsgi [req-8daeb3d2-5ad4-4287-b222-0dae74eaeed2 req-62269567-bc2a-4c48-ac9e-3dbe6f08fc65 618fa5d473b34aa79a6b3f167dba5609 a95b0560656f4538a67e159ce4f2a7e1 - - default default] 199.204.45.19 "GET /v2.0/subnets?network_id=f7299436-b073-437a-917a-ebc75aef9778 HTTP/1.1" status: 200 len: 857 time: 0.0623646
2026-06-23 19:52:58.922 9 INFO neutron.wsgi [req-8daeb3d2-5ad4-4287-b222-0dae74eaeed2 req-19e8a8dd-114c-4bed-b4bb-4551998b19d3 618fa5d473b34aa79a6b3f167dba5609 a95b0560656f4538a67e159ce4f2a7e1 - - default default] 199.204.45.19 "GET /v2.0/ports?device_id=c792a246-64dd-42c6-bf01-344359177536&device_owner=compute%3Anova&network_id=f7299436-b073-437a-917a-ebc75aef9778 HTTP/1.1" status: 200 len: 1174 time: 0.0568964
2026-06-23 19:52:58.982 10 INFO neutron.wsgi [-] 10.0.0.239 "GET / HTTP/1.1" status: 200 len: 246 time: 0.0016406
2026-06-23 19:52:58.984 10 INFO neutron.wsgi [-] 10.0.0.239 "GET / HTTP/1.1" status: 200 len: 246 time: 0.0012178
2026-06-23 19:52:58.986 9 INFO neutron.wsgi [req-6a8e4cc4-6d18-4e7c-ba29-0256356c59ff req-7baaa0e6-f710-49f7-98c8-c5144f159040 4cbcf267578148f5a0a3726c23b09931 e4a369b3aa364ad7839e9c4a619420e7 - - default default] 10.0.0.120 "GET /v2.0/ports?device_id=d3b2c03d-941d-4f78-b94e-40f93be73bcb HTTP/1.1" status: 200 len: 210 time: 0.0379403
2026-06-23 19:52:59.164 10 INFO neutron.wsgi [req-50fe3c49-87c8-472b-ac5d-e75046882d77 req-6b9d4a54-b2b9-4341-9bd5-b211fbf3856c 87e8e2b7dc3a4b8193055ef92c677a49 a7dd2e5a81594c38a4f9530ddfec8641 - - default default] 10.0.0.120 "GET /v2.0/ports?device_id=e27a07c8-c803-441a-a52e-df2d9bc30f43 HTTP/1.1" status: 200 len: 1170 time: 0.0437350
2026-06-23 19:52:59.222 10 INFO neutron.wsgi [req-50fe3c49-87c8-472b-ac5d-e75046882d77 req-f847e273-f0d0-45c5-b2c0-7f001983a951 87e8e2b7dc3a4b8193055ef92c677a49 a7dd2e5a81594c38a4f9530ddfec8641 - - default default] 10.0.0.120 "GET /v2.0/security-groups?id=1c2b253d-0630-4cc2-93ed-bfc19b169127&fields=id&fields=name HTTP/1.1" status: 200 len: 313 time: 0.0527463
2026-06-23 19:52:59.350 9 INFO neutron.wsgi [req-1c3a7e67-737e-4c2a-9841-0e3c55d8298d req-bbc5c52b-3fcd-4a97-96e1-19d798befe22 87e8e2b7dc3a4b8193055ef92c677a49 a7dd2e5a81594c38a4f9530ddfec8641 - - default default] 10.0.0.120 "GET /v2.0/ports?device_id=e27a07c8-c803-441a-a52e-df2d9bc30f43 HTTP/1.1" status: 200 len: 1170 time: 0.0525544
2026-06-23 19:52:59.522 9 INFO neutron.db.ovn_revision_numbers_db [req-8daeb3d2-5ad4-4287-b222-0dae74eaeed2 req-b3f26396-182d-4267-b6be-ed7e69653bc5 618fa5d473b34aa79a6b3f167dba5609 a95b0560656f4538a67e159ce4f2a7e1 - - default default] Successfully bumped revision number for resource 6ad641e4-6139-47de-a8b2-e6fceb2943c3 (type: ports) to 5
2026-06-23 19:52:59.534 9 INFO neutron.wsgi [req-8daeb3d2-5ad4-4287-b222-0dae74eaeed2 req-b3f26396-182d-4267-b6be-ed7e69653bc5 618fa5d473b34aa79a6b3f167dba5609 a95b0560656f4538a67e159ce4f2a7e1 - - default default] 199.204.45.19 "PUT /v2.0/ports/6ad641e4-6139-47de-a8b2-e6fceb2943c3 HTTP/1.1" status: 200 len: 1353 time: 0.6058116 /var/lib/openstack/lib/python3.10/site-packages/pycadf/identifier.py:71: UserWarning: Invalid uuid: neutron. To ensure interoperability, identifiers should be a valid uuid. warnings.warn(('Invalid uuid: %s. To ensure interoperability, '
2026-06-23 19:52:59.571 9 INFO neutron.notifiers.nova [-] Nova event matching ['req-c58317ff-058f-4e16-92a5-3043659a5bb8'] response: {'name': 'network-changed', 'server_uuid': 'c792a246-64dd-42c6-bf01-344359177536', 'tag': '6ad641e4-6139-47de-a8b2-e6fceb2943c3', 'status': 'completed', 'code': 200}
2026-06-23 19:52:59.605 9 INFO neutron.wsgi [req-8daeb3d2-5ad4-4287-b222-0dae74eaeed2 req-08b04a33-42bb-462c-b7de-31464f72f0c2 6f4f30bf7cba42668a7ca8990c172dfd e1fad1e9d9474683adc8c094c81f7748 - - cbb44453c8884041b81e710af37951b4 cbb44453c8884041b81e710af37951b4] 199.204.45.19 "GET /v2.0/ports?tenant_id=a95b0560656f4538a67e159ce4f2a7e1&device_id=c792a246-64dd-42c6-bf01-344359177536 HTTP/1.1" status: 200 len: 1594 time: 0.0455415
2026-06-23 19:52:59.637 10 INFO neutron.db.l3_db [None req-de93fcdd-3b5f-40f0-beb2-c1d6baf2e36e 87e8e2b7dc3a4b8193055ef92c677a49 a7dd2e5a81594c38a4f9530ddfec8641 - - default default] Floating IP 126d6acf-ed43-4a21-8050-9d142d32b8f9 associated. External IP: 10.96.250.211, port: 09ce51ca-12bd-4818-87f2-c886b06d4ba5.
2026-06-23 19:52:59.677 9 INFO neutron.wsgi [req-8daeb3d2-5ad4-4287-b222-0dae74eaeed2 req-2e6d827d-dd9e-406c-8e23-9f75c851c904 6f4f30bf7cba42668a7ca8990c172dfd e1fad1e9d9474683adc8c094c81f7748 - - cbb44453c8884041b81e710af37951b4 cbb44453c8884041b81e710af37951b4] 199.204.45.19 "GET /v2.0/networks?id=f7299436-b073-437a-917a-ebc75aef9778 HTTP/1.1" status: 200 len: 979 time: 0.0633390
2026-06-23 19:52:59.704 9 INFO neutron.wsgi [req-8daeb3d2-5ad4-4287-b222-0dae74eaeed2 req-2d02ca37-b1ba-44f9-942c-621609f66d33 6f4f30bf7cba42668a7ca8990c172dfd e1fad1e9d9474683adc8c094c81f7748 - - cbb44453c8884041b81e710af37951b4 cbb44453c8884041b81e710af37951b4] 199.204.45.19 "GET /v2.0/floatingips?fixed_ip_address=10.100.0.12&port_id=6ad641e4-6139-47de-a8b2-e6fceb2943c3 HTTP/1.1" status: 200 len: 217 time: 0.0213532
2026-06-23 19:52:59.746 9 INFO neutron.wsgi [req-8daeb3d2-5ad4-4287-b222-0dae74eaeed2 req-7f92956d-e7ed-4cfe-a5f7-c174cb9633a2 6f4f30bf7cba42668a7ca8990c172dfd e1fad1e9d9474683adc8c094c81f7748 - - cbb44453c8884041b81e710af37951b4 cbb44453c8884041b81e710af37951b4] 199.204.45.19 "GET /v2.0/floatingips?fixed_ip_address=10.100.0.14&port_id=6ad641e4-6139-47de-a8b2-e6fceb2943c3 HTTP/1.1" status: 200 len: 1060 time: 0.0365758
2026-06-23 19:52:59.774 10 INFO neutron.notifiers.nova [-] Nova event matching ['req-d32de684-9f62-4c9d-8fdf-ae3e54cb21f2'] response: {'server_uuid': 'e27a07c8-c803-441a-a52e-df2d9bc30f43', 'name': 'network-vif-plugged', 'status': 'completed', 'tag': '09ce51ca-12bd-4818-87f2-c886b06d4ba5', 'code': 200}
2026-06-23 19:52:59.793 9 INFO neutron.wsgi [req-8daeb3d2-5ad4-4287-b222-0dae74eaeed2 req-e2e85782-7d89-4ee3-bed0-1cdae63a2108 6f4f30bf7cba42668a7ca8990c172dfd e1fad1e9d9474683adc8c094c81f7748 - - cbb44453c8884041b81e710af37951b4 cbb44453c8884041b81e710af37951b4] 199.204.45.19 "GET /v2.0/subnets?id=f4fa9a07-4911-417d-b163-217fb0fb20b1 HTTP/1.1" status: 200 len: 875 time: 0.0394378
2026-06-23 19:52:59.828 9 INFO neutron.wsgi [req-8daeb3d2-5ad4-4287-b222-0dae74eaeed2 req-2b622be5-6192-47e6-a00f-d751eaefca84 6f4f30bf7cba42668a7ca8990c172dfd e1fad1e9d9474683adc8c094c81f7748 - - cbb44453c8884041b81e710af37951b4 cbb44453c8884041b81e710af37951b4] 199.204.45.19 "GET /v2.0/ports?network_id=f7299436-b073-437a-917a-ebc75aef9778&device_owner=network%3Adhcp HTTP/1.1" status: 200 len: 210 time: 0.0247128
2026-06-23 19:52:59.869 10 INFO neutron.db.ovn_revision_numbers_db [None req-de93fcdd-3b5f-40f0-beb2-c1d6baf2e36e 87e8e2b7dc3a4b8193055ef92c677a49 a7dd2e5a81594c38a4f9530ddfec8641 - - default default] Successfully bumped revision number for resource 126d6acf-ed43-4a21-8050-9d142d32b8f9 (type: floatingips) to 1
2026-06-23 19:52:59.906 9 INFO neutron.wsgi [req-8daeb3d2-5ad4-4287-b222-0dae74eaeed2 req-b08f2889-6b33-47ff-af70-d9a633086e7d 6f4f30bf7cba42668a7ca8990c172dfd e1fad1e9d9474683adc8c094c81f7748 - - cbb44453c8884041b81e710af37951b4 cbb44453c8884041b81e710af37951b4] 199.204.45.19 "GET /v2.0/networks/f7299436-b073-437a-917a-ebc75aef9778?fields=segments HTTP/1.1" status: 200 len: 212 time: 0.0737100
2026-06-23 19:52:59.971 9 INFO neutron.wsgi [req-8daeb3d2-5ad4-4287-b222-0dae74eaeed2 req-bc4c6f20-4768-4fad-9381-e2e00c9f7917 6f4f30bf7cba42668a7ca8990c172dfd e1fad1e9d9474683adc8c094c81f7748 - - cbb44453c8884041b81e710af37951b4 cbb44453c8884041b81e710af37951b4] 199.204.45.19 "GET /v2.0/networks/f7299436-b073-437a-917a-ebc75aef9778?fields=provider%3Aphysical_network&fields=provider%3Anetwork_type HTTP/1.1" status: 200 len: 277 time: 0.0523021
2026-06-23 19:53:00.002 10 INFO neutron.db.ovn_revision_numbers_db [None req-de93fcdd-3b5f-40f0-beb2-c1d6baf2e36e 87e8e2b7dc3a4b8193055ef92c677a49 a7dd2e5a81594c38a4f9530ddfec8641 - - default default] Successfully bumped revision number for resource 126d6acf-ed43-4a21-8050-9d142d32b8f9 (type: floatingips) to 2
2026-06-23 19:53:00.041 10 INFO neutron.wsgi [None req-de93fcdd-3b5f-40f0-beb2-c1d6baf2e36e 87e8e2b7dc3a4b8193055ef92c677a49 a7dd2e5a81594c38a4f9530ddfec8641 - - default default] 10.0.0.93 "PUT /v2.0/floatingips/126d6acf-ed43-4a21-8050-9d142d32b8f9 HTTP/1.1" status: 200 len: 1049 time: 0.6787326
2026-06-23 19:53:00.094 10 INFO neutron.wsgi [req-d8fc15c3-6124-457e-ac8f-6057dba3ef48 req-b2982fb3-35ec-47bb-aa0e-3d09581d1e02 4cbcf267578148f5a0a3726c23b09931 e4a369b3aa364ad7839e9c4a619420e7 - - default default] 10.0.0.120 "GET /v2.0/ports?device_id=d3b2c03d-941d-4f78-b94e-40f93be73bcb HTTP/1.1" status: 200 len: 210 time: 0.0239015
2026-06-23 19:53:00.237 9 INFO neutron.wsgi [req-7d761920-6cb3-43de-95ae-86e08e25ab08 req-b54fb4ba-1e59-441f-ba67-7288c3120b11 4cbcf267578148f5a0a3726c23b09931 e4a369b3aa364ad7839e9c4a619420e7 - - default default] 199.204.45.19 "GET /v2.0/networks?id=eab04fcb-a822-4735-b215-4010b199bdc2 HTTP/1.1" status: 200 len: 875 time: 0.2500000
2026-06-23 19:53:00.245 9 INFO neutron.wsgi [req-c92067e2-1557-4a0e-a1fe-5401a7d77f6b req-220a49cb-461b-4db7-98bd-23502a8af521 6f4f30bf7cba42668a7ca8990c172dfd e1fad1e9d9474683adc8c094c81f7748 - - cbb44453c8884041b81e710af37951b4 cbb44453c8884041b81e710af37951b4] 199.204.45.19 "GET /v2.0/ports?tenant_id=a95b0560656f4538a67e159ce4f2a7e1&device_id=c792a246-64dd-42c6-bf01-344359177536 HTTP/1.1" status: 200 len: 1594 time: 0.2189136
2026-06-23 19:53:00.281 9 INFO neutron.wsgi [req-a33ebe94-7349-4d19-9e9b-977d38cafe29 req-4e2ac51c-8a68-42c3-a9f4-32f17939126a 87e8e2b7dc3a4b8193055ef92c677a49 a7dd2e5a81594c38a4f9530ddfec8641 - - default default] 10.0.0.120 "GET /v2.0/ports?device_id=e27a07c8-c803-441a-a52e-df2d9bc30f43 HTTP/1.1" status: 200 len: 1170 time: 0.0516379
2026-06-23 19:53:00.320 9 INFO neutron.wsgi [req-7d761920-6cb3-43de-95ae-86e08e25ab08 req-47550dfb-2628-4dc5-b17a-a8c43acddd04 4cbcf267578148f5a0a3726c23b09931 e4a369b3aa364ad7839e9c4a619420e7 - - default default] 199.204.45.19 "GET /v2.0/security-groups?fields=id&fields=name&tenant_id=e4a369b3aa364ad7839e9c4a619420e7 HTTP/1.1" status: 200 len: 380 time: 0.0743616
2026-06-23 19:53:00.362 9 INFO neutron.wsgi [req-a33ebe94-7349-4d19-9e9b-977d38cafe29 req-e6585c06-c53e-42a5-a3eb-92ad8e69c7e1 87e8e2b7dc3a4b8193055ef92c677a49 a7dd2e5a81594c38a4f9530ddfec8641 - - default default] 10.0.0.120 "GET /v2.0/security-groups?id=1c2b253d-0630-4cc2-93ed-bfc19b169127&fields=id&fields=name HTTP/1.1" status: 200 len: 313 time: 0.0719771
2026-06-23 19:53:00.384 9 INFO neutron.wsgi [req-c92067e2-1557-4a0e-a1fe-5401a7d77f6b req-dcebb5d2-4003-4364-a39b-f79abcfe0300 6f4f30bf7cba42668a7ca8990c172dfd e1fad1e9d9474683adc8c094c81f7748 - - cbb44453c8884041b81e710af37951b4 cbb44453c8884041b81e710af37951b4] 199.204.45.19 "GET /v2.0/networks?id=f7299436-b073-437a-917a-ebc75aef9778 HTTP/1.1" status: 200 len: 979 time: 0.1329706
2026-06-23 19:53:00.426 9 INFO neutron.wsgi [req-c92067e2-1557-4a0e-a1fe-5401a7d77f6b req-d4ef2af4-04a3-44de-9fc5-ab4ae538442f 6f4f30bf7cba42668a7ca8990c172dfd e1fad1e9d9474683adc8c094c81f7748 - - cbb44453c8884041b81e710af37951b4 cbb44453c8884041b81e710af37951b4] 199.204.45.19 "GET /v2.0/floatingips?fixed_ip_address=10.100.0.12&port_id=6ad641e4-6139-47de-a8b2-e6fceb2943c3 HTTP/1.1" status: 200 len: 217 time: 0.0247178
2026-06-23 19:53:00.477 9 INFO neutron.wsgi [req-c92067e2-1557-4a0e-a1fe-5401a7d77f6b req-79775856-48dc-44b0-88c4-1aa1c7b22d6e 6f4f30bf7cba42668a7ca8990c172dfd e1fad1e9d9474683adc8c094c81f7748 - - cbb44453c8884041b81e710af37951b4 cbb44453c8884041b81e710af37951b4] 199.204.45.19 "GET /v2.0/floatingips?fixed_ip_address=10.100.0.14&port_id=6ad641e4-6139-47de-a8b2-e6fceb2943c3 HTTP/1.1" status: 200 len: 1060 time: 0.0454130
2026-06-23 19:53:00.535 9 INFO neutron.wsgi [req-c92067e2-1557-4a0e-a1fe-5401a7d77f6b req-c10485e6-8372-4ee2-b315-beb2f1d69310 6f4f30bf7cba42668a7ca8990c172dfd e1fad1e9d9474683adc8c094c81f7748 - - cbb44453c8884041b81e710af37951b4 cbb44453c8884041b81e710af37951b4] 199.204.45.19 "GET /v2.0/subnets?id=f4fa9a07-4911-417d-b163-217fb0fb20b1 HTTP/1.1" status: 200 len: 875 time: 0.0514040
2026-06-23 19:53:00.577 9 INFO neutron.wsgi [req-c92067e2-1557-4a0e-a1fe-5401a7d77f6b req-3946858c-0e2c-43ff-89af-26f3498582be 6f4f30bf7cba42668a7ca8990c172dfd e1fad1e9d9474683adc8c094c81f7748 - - cbb44453c8884041b81e710af37951b4 cbb44453c8884041b81e710af37951b4] 199.204.45.19 "GET /v2.0/ports?network_id=f7299436-b073-437a-917a-ebc75aef9778&device_owner=network%3Adhcp HTTP/1.1" status: 200 len: 210 time: 0.0298107
2026-06-23 19:53:00.661 9 INFO neutron.wsgi [req-c92067e2-1557-4a0e-a1fe-5401a7d77f6b req-f7d33239-3ff1-4e11-9fb3-334914192b8e 6f4f30bf7cba42668a7ca8990c172dfd e1fad1e9d9474683adc8c094c81f7748 - - cbb44453c8884041b81e710af37951b4 cbb44453c8884041b81e710af37951b4] 199.204.45.19 "GET /v2.0/networks/f7299436-b073-437a-917a-ebc75aef9778?fields=segments HTTP/1.1" status: 200 len: 212 time: 0.0782685 /var/lib/openstack/lib/python3.10/site-packages/pycadf/identifier.py:71: UserWarning: Invalid uuid: neutron. To ensure interoperability, identifiers should be a valid uuid. warnings.warn(('Invalid uuid: %s. To ensure interoperability, '
2026-06-23 19:53:00.710 9 INFO neutron.wsgi [req-1ed4e1b5-780b-4229-a325-418258104f5f req-fbc41475-54cd-432d-8dce-8737fcc41bff 87e8e2b7dc3a4b8193055ef92c677a49 a7dd2e5a81594c38a4f9530ddfec8641 - - default default] 10.0.0.120 "GET /v2.0/ports?device_id=e27a07c8-c803-441a-a52e-df2d9bc30f43 HTTP/1.1" status: 200 len: 1170 time: 0.0471513
2026-06-23 19:53:00.735 10 INFO neutron.wsgi [req-0a819347-5fec-47ea-bba2-cba2325d504f req-2e2b88cb-e3cb-4b35-bdca-6fe64bd5cfd9 618fa5d473b34aa79a6b3f167dba5609 a95b0560656f4538a67e159ce4f2a7e1 - - default default] 10.0.0.120 "GET /v2.0/ports?device_id=c792a246-64dd-42c6-bf01-344359177536 HTTP/1.1" status: 200 len: 1356 time: 0.0690100
2026-06-23 19:53:00.739 10 INFO neutron.plugins.ml2.drivers.ovn.mech_driver.mech_driver [None req-39ba069d-e556-42b2-b945-e7cabd4c0509 - - - - - -] OVN reports status down for port: 09ce51ca-12bd-4818-87f2-c886b06d4ba5
2026-06-23 19:53:00.739 9 WARNING neutron.scheduler.dhcp_agent_scheduler [req-7d761920-6cb3-43de-95ae-86e08e25ab08 req-6bbe5e66-b127-4d00-9424-22498e2f1b47 4cbcf267578148f5a0a3726c23b09931 e4a369b3aa364ad7839e9c4a619420e7 - - default default] No more DHCP agents
2026-06-23 19:53:00.749 9 WARNING neutron.api.rpc.agentnotifiers.dhcp_rpc_agent_api [req-7d761920-6cb3-43de-95ae-86e08e25ab08 req-6bbe5e66-b127-4d00-9424-22498e2f1b47 4cbcf267578148f5a0a3726c23b09931 e4a369b3aa364ad7839e9c4a619420e7 - - default default] Unable to schedule network eab04fcb-a822-4735-b215-4010b199bdc2: no agents available; will retry on subsequent port and subnet creation events.
2026-06-23 19:53:00.778 9 INFO neutron.wsgi [req-c92067e2-1557-4a0e-a1fe-5401a7d77f6b req-c8cbcad5-5a6d-482c-97d4-856bcd7cc288 6f4f30bf7cba42668a7ca8990c172dfd e1fad1e9d9474683adc8c094c81f7748 - - cbb44453c8884041b81e710af37951b4 cbb44453c8884041b81e710af37951b4] 199.204.45.19 "GET /v2.0/networks/f7299436-b073-437a-917a-ebc75aef9778?fields=provider%3Aphysical_network&fields=provider%3Anetwork_type HTTP/1.1" status: 200 len: 277 time: 0.1062262
2026-06-23 19:53:00.796 9 INFO neutron.wsgi [req-1ed4e1b5-780b-4229-a325-418258104f5f req-5b1497ae-e285-4eaa-9fe5-9aaff5465f44 87e8e2b7dc3a4b8193055ef92c677a49 a7dd2e5a81594c38a4f9530ddfec8641 - - default default] 10.0.0.120 "GET /v2.0/security-groups?id=1c2b253d-0630-4cc2-93ed-bfc19b169127&fields=id&fields=name HTTP/1.1" status: 200 len: 313 time: 0.0699904
2026-06-23 19:53:00.827 10 INFO neutron.wsgi [req-0a819347-5fec-47ea-bba2-cba2325d504f req-9d07c9d8-6146-402c-9028-486afc8c7297 618fa5d473b34aa79a6b3f167dba5609 a95b0560656f4538a67e159ce4f2a7e1 - - default default] 10.0.0.120 "GET /v2.0/security-groups?id=09ae3949-6f69-43b3-8282-35c8322e2804&fields=id&fields=name HTTP/1.1" status: 200 len: 313 time: 0.0755363
2026-06-23 19:53:00.919 10 INFO neutron.db.ovn_revision_numbers_db [None req-85f4586a-1b97-4036-8d1d-db9a48ec9b61 7a53710bc9cd4ec7b64a4fc4516e2e2c 906a464c69d84baa919863d38e4e20bc - - default default] Successfully bumped revision number for resource b63ec968-14ce-4932-8331-79c99b67e4aa (type: security_groups) to 1
2026-06-23 19:53:00.950 10 INFO neutron.db.ovn_revision_numbers_db [None req-85f4586a-1b97-4036-8d1d-db9a48ec9b61 7a53710bc9cd4ec7b64a4fc4516e2e2c 906a464c69d84baa919863d38e4e20bc - - default default] Successfully bumped revision number for resource 3b151798-714a-434c-90b6-62620dff686a (type: security_group_rules) to 0
2026-06-23 19:53:00.981 10 INFO neutron.db.ovn_revision_numbers_db [None req-85f4586a-1b97-4036-8d1d-db9a48ec9b61 7a53710bc9cd4ec7b64a4fc4516e2e2c 906a464c69d84baa919863d38e4e20bc - - default default] Successfully bumped revision number for resource 97e84d12-1c04-40f1-a699-f0fa31116faa (type: security_group_rules) to 0 /var/lib/openstack/lib/python3.10/site-packages/pycadf/identifier.py:71: UserWarning: Invalid uuid: neutron. To ensure interoperability, identifiers should be a valid uuid. warnings.warn(('Invalid uuid: %s. To ensure interoperability, '
2026-06-23 19:53:01.003 10 INFO neutron.db.ovn_revision_numbers_db [None req-85f4586a-1b97-4036-8d1d-db9a48ec9b61 7a53710bc9cd4ec7b64a4fc4516e2e2c 906a464c69d84baa919863d38e4e20bc - - default default] Successfully bumped revision number for resource b5913c51-b976-4d44-9f6a-8b5b0747e095 (type: security_group_rules) to 0
2026-06-23 19:53:01.027 9 INFO neutron.db.ovn_revision_numbers_db [req-7d761920-6cb3-43de-95ae-86e08e25ab08 req-6bbe5e66-b127-4d00-9424-22498e2f1b47 4cbcf267578148f5a0a3726c23b09931 e4a369b3aa364ad7839e9c4a619420e7 - - default default] Successfully bumped revision number for resource dc47c36d-a851-43dc-888c-f3b6044d1f4f (type: ports) to 1
2026-06-23 19:53:01.030 10 INFO neutron.db.ovn_revision_numbers_db [None req-85f4586a-1b97-4036-8d1d-db9a48ec9b61 7a53710bc9cd4ec7b64a4fc4516e2e2c 906a464c69d84baa919863d38e4e20bc - - default default] Successfully bumped revision number for resource c316a8ed-8018-4f12-95cc-480d4005d0d6 (type: security_group_rules) to 0
2026-06-23 19:53:01.046 9 INFO neutron.wsgi [req-6170a3bb-ef63-4e67-873a-149a3fe94fbc req-739efe8b-5788-45d4-87ce-19e96b20bc06 618fa5d473b34aa79a6b3f167dba5609 a95b0560656f4538a67e159ce4f2a7e1 - - default default] 199.204.45.19 "GET /v2.0/ports?device_id=c792a246-64dd-42c6-bf01-344359177536&device_owner=compute%3Anova&fixed_ips=ip_address%3D10.100.0.12 HTTP/1.1" status: 200 len: 1356 time: 0.0695179
2026-06-23 19:53:01.075 9 INFO neutron.wsgi [req-7d761920-6cb3-43de-95ae-86e08e25ab08 req-6bbe5e66-b127-4d00-9424-22498e2f1b47 4cbcf267578148f5a0a3726c23b09931 e4a369b3aa364ad7839e9c4a619420e7 - - default default] 199.204.45.19 "POST /v2.0/ports HTTP/1.1" status: 201 len: 1162 time: 0.7482426
2026-06-23 19:53:01.134 10 INFO neutron.db.segments_db [None req-85f4586a-1b97-4036-8d1d-db9a48ec9b61 7a53710bc9cd4ec7b64a4fc4516e2e2c 906a464c69d84baa919863d38e4e20bc - - default default] Added segment 02a6dad3-301d-4d9b-85f4-c3233e78cc48 of type geneve for network eed84b53-fdee-4e74-846f-c24b85a141d0
2026-06-23 19:53:01.158 10 INFO neutron.wsgi [req-7956ae0b-0002-47a2-9200-6dab453ceedd req-d2528ace-a058-42ca-a714-7234e38e19d3 87e8e2b7dc3a4b8193055ef92c677a49 a7dd2e5a81594c38a4f9530ddfec8641 - - default default] 199.204.45.19 "GET /v2.0/ports?device_id=e27a07c8-c803-441a-a52e-df2d9bc30f43 HTTP/1.1" status: 200 len: 1168 time: 0.1381907
2026-06-23 19:53:01.161 10 INFO neutron.db.ovn_revision_numbers_db [None req-39ba069d-e556-42b2-b945-e7cabd4c0509 - - - - - -] Successfully bumped revision number for resource 09ce51ca-12bd-4818-87f2-c886b06d4ba5 (type: ports) to 5
2026-06-23 19:53:01.320 9 INFO neutron.wsgi [req-f66fa699-f1de-4dcb-8d39-bf51619ca515 req-b9fd44ff-367b-40a7-9ced-ea3396fdaf1e 4cbcf267578148f5a0a3726c23b09931 e4a369b3aa364ad7839e9c4a619420e7 - - default default] 10.0.0.120 "GET /v2.0/ports?device_id=d3b2c03d-941d-4f78-b94e-40f93be73bcb HTTP/1.1" status: 200 len: 1160 time: 0.1277544
2026-06-23 19:53:01.382 10 INFO neutron.db.ovn_revision_numbers_db [None req-85f4586a-1b97-4036-8d1d-db9a48ec9b61 7a53710bc9cd4ec7b64a4fc4516e2e2c 906a464c69d84baa919863d38e4e20bc - - default default] Successfully bumped revision number for resource eed84b53-fdee-4e74-846f-c24b85a141d0 (type: networks) to 1
2026-06-23 19:53:01.416 9 INFO neutron.wsgi [req-f66fa699-f1de-4dcb-8d39-bf51619ca515 req-5c40a9e3-4e9a-4166-87d6-7694376de762 4cbcf267578148f5a0a3726c23b09931 e4a369b3aa364ad7839e9c4a619420e7 - - default default] 10.0.0.120 "GET /v2.0/security-groups?id=51af2923-09a2-41d4-b442-1408fbcda758&fields=id&fields=name HTTP/1.1" status: 200 len: 313 time: 0.0886354
2026-06-23 19:53:01.663 9 INFO neutron.db.ovn_revision_numbers_db [req-7d761920-6cb3-43de-95ae-86e08e25ab08 req-2bab636e-03be-4390-ab5d-2d1ba8e3640f 6f4f30bf7cba42668a7ca8990c172dfd e1fad1e9d9474683adc8c094c81f7748 - - cbb44453c8884041b81e710af37951b4 cbb44453c8884041b81e710af37951b4] Successfully bumped revision number for resource dc47c36d-a851-43dc-888c-f3b6044d1f4f (type: ports) to 2
2026-06-23 19:53:01.709 9 INFO neutron.db.ovn_revision_numbers_db [req-6170a3bb-ef63-4e67-873a-149a3fe94fbc req-994fd0ad-c807-418b-86ec-ec85b4a6bf39 618fa5d473b34aa79a6b3f167dba5609 a95b0560656f4538a67e159ce4f2a7e1 - - default default] Successfully bumped revision number for resource 6ad641e4-6139-47de-a8b2-e6fceb2943c3 (type: ports) to 6
2026-06-23 19:53:01.725 9 INFO neutron.wsgi [req-6170a3bb-ef63-4e67-873a-149a3fe94fbc req-994fd0ad-c807-418b-86ec-ec85b4a6bf39 618fa5d473b34aa79a6b3f167dba5609 a95b0560656f4538a67e159ce4f2a7e1 - - default default] 199.204.45.19 "PUT /v2.0/ports/6ad641e4-6139-47de-a8b2-e6fceb2943c3 HTTP/1.1" status: 200 len: 1171 time: 0.6742499 /var/lib/openstack/lib/python3.10/site-packages/pycadf/identifier.py:71: UserWarning: Invalid uuid: neutron. To ensure interoperability, identifiers should be a valid uuid. warnings.warn(('Invalid uuid: %s. To ensure interoperability, '
2026-06-23 19:53:01.776 9 INFO neutron.notifiers.nova [-] Nova event matching ['req-6a1a5ed5-f42f-4a12-a83a-7d57ebd92b1d'] response: {'name': 'network-changed', 'server_uuid': 'c792a246-64dd-42c6-bf01-344359177536', 'tag': '6ad641e4-6139-47de-a8b2-e6fceb2943c3', 'status': 'completed', 'code': 200}
2026-06-23 19:53:01.779 9 INFO neutron.wsgi [req-6170a3bb-ef63-4e67-873a-149a3fe94fbc req-aa7633ad-ab94-4117-8633-a73a2478458d 6f4f30bf7cba42668a7ca8990c172dfd e1fad1e9d9474683adc8c094c81f7748 - - cbb44453c8884041b81e710af37951b4 cbb44453c8884041b81e710af37951b4] 199.204.45.19 "GET /v2.0/ports?tenant_id=a95b0560656f4538a67e159ce4f2a7e1&device_id=c792a246-64dd-42c6-bf01-344359177536 HTTP/1.1" status: 200 len: 1413 time: 0.0367246
2026-06-23 19:53:01.831 10 INFO neutron.notifiers.nova [-] Nova event matching ['req-b8181f50-ddab-4827-80c4-3e500b1b6a37'] response: {'name': 'network-changed', 'server_uuid': 'e27a07c8-c803-441a-a52e-df2d9bc30f43', 'tag': '09ce51ca-12bd-4818-87f2-c886b06d4ba5', 'status': 'completed', 'code': 200}
2026-06-23 19:53:01.832 10 INFO neutron.notifiers.nova [-] Nova event matching ['req-b8181f50-ddab-4827-80c4-3e500b1b6a37'] response: {'server_uuid': 'e27a07c8-c803-441a-a52e-df2d9bc30f43', 'name': 'network-vif-unplugged', 'status': 'completed', 'tag': '09ce51ca-12bd-4818-87f2-c886b06d4ba5', 'code': 200}
2026-06-23 19:53:01.832 10 INFO neutron.notifiers.nova [-] Nova event matching ['req-b8181f50-ddab-4827-80c4-3e500b1b6a37'] response: {'server_uuid': 'e27a07c8-c803-441a-a52e-df2d9bc30f43', 'name': 'network-vif-plugged', 'status': 'completed', 'tag': '09ce51ca-12bd-4818-87f2-c886b06d4ba5', 'code': 200}
2026-06-23 19:53:01.851 10 WARNING neutron.scheduler.dhcp_agent_scheduler [None req-85f4586a-1b97-4036-8d1d-db9a48ec9b61 7a53710bc9cd4ec7b64a4fc4516e2e2c 906a464c69d84baa919863d38e4e20bc - - default default] No more DHCP agents
2026-06-23 19:53:01.857 10 WARNING neutron.api.rpc.agentnotifiers.dhcp_rpc_agent_api [None req-85f4586a-1b97-4036-8d1d-db9a48ec9b61 7a53710bc9cd4ec7b64a4fc4516e2e2c 906a464c69d84baa919863d38e4e20bc - - default default] Unable to schedule network eed84b53-fdee-4e74-846f-c24b85a141d0: no agents available; will retry on subsequent port and subnet creation events.
2026-06-23 19:53:01.860 10 INFO neutron.db.l3_db [req-7956ae0b-0002-47a2-9200-6dab453ceedd req-0179a205-a069-4629-b75a-d1028c75d4ad 87e8e2b7dc3a4b8193055ef92c677a49 a7dd2e5a81594c38a4f9530ddfec8641 - - default default] Floating IP 126d6acf-ed43-4a21-8050-9d142d32b8f9 disassociated. External IP: 10.96.250.211, port: 09ce51ca-12bd-4818-87f2-c886b06d4ba5. /var/lib/openstack/lib/python3.10/site-packages/pycadf/identifier.py:71: UserWarning: Invalid uuid: neutron. To ensure interoperability, identifiers should be a valid uuid. warnings.warn(('Invalid uuid: %s. To ensure interoperability, '
2026-06-23 19:53:01.910 9 WARNING neutron.plugins.ml2.drivers.ovn.mech_driver.ovsdb.ovn_client [None req-4df46f37-8bdc-4170-b649-fd88ecb8fd25 - - - - - -] No hosting information found for port 06efce8f-66ac-4755-a6e3-357a41fc55de: RuntimeError: No hosting information found for port 06efce8f-66ac-4755-a6e3-357a41fc55de
2026-06-23 19:53:01.997 10 INFO neutron.wsgi [req-facadb3a-75ea-4228-85d1-edbe53f1e056 req-406a1933-dcbd-415b-8369-611f894cce6e 87e8e2b7dc3a4b8193055ef92c677a49 a7dd2e5a81594c38a4f9530ddfec8641 - - default default] 10.0.0.120 "GET /v2.0/ports?device_id=e27a07c8-c803-441a-a52e-df2d9bc30f43 HTTP/1.1" status: 200 len: 1168 time: 0.1003633
2026-06-23 19:53:01.998 10 INFO neutron.wsgi [req-0403bb46-a2e3-45a8-af14-31f0d671d801 req-7bf8abb6-ea45-4c63-b92b-540f25b05fef 6f4f30bf7cba42668a7ca8990c172dfd e1fad1e9d9474683adc8c094c81f7748 - - cbb44453c8884041b81e710af37951b4 cbb44453c8884041b81e710af37951b4] 199.204.45.19 "GET /v2.0/ports?tenant_id=a7dd2e5a81594c38a4f9530ddfec8641&device_id=e27a07c8-c803-441a-a52e-df2d9bc30f43 HTTP/1.1" status: 200 len: 1407 time: 0.1273222
2026-06-23 19:53:02.019 9 INFO neutron.wsgi [req-6170a3bb-ef63-4e67-873a-149a3fe94fbc req-24483b80-1158-438e-8fdd-a98c5289d300 6f4f30bf7cba42668a7ca8990c172dfd e1fad1e9d9474683adc8c094c81f7748 - - cbb44453c8884041b81e710af37951b4 cbb44453c8884041b81e710af37951b4] 199.204.45.19 "GET /v2.0/networks?id=f7299436-b073-437a-917a-ebc75aef9778 HTTP/1.1" status: 200 len: 979 time: 0.2337151 /var/lib/openstack/lib/python3.10/site-packages/pycadf/identifier.py:71: UserWarning: Invalid uuid: neutron. To ensure interoperability, identifiers should be a valid uuid. warnings.warn(('Invalid uuid: %s. To ensure interoperability, '
2026-06-23 19:53:02.082 9 INFO neutron.wsgi [req-6170a3bb-ef63-4e67-873a-149a3fe94fbc req-a0200a24-4e60-482e-94b6-8c4fd890a0c6 6f4f30bf7cba42668a7ca8990c172dfd e1fad1e9d9474683adc8c094c81f7748 - - cbb44453c8884041b81e710af37951b4 cbb44453c8884041b81e710af37951b4] 199.204.45.19 "GET /v2.0/floatingips?fixed_ip_address=10.100.0.14&port_id=6ad641e4-6139-47de-a8b2-e6fceb2943c3 HTTP/1.1" status: 200 len: 1060 time: 0.0594668
2026-06-23 19:53:02.096 9 INFO neutron.db.ovn_revision_numbers_db [req-7d761920-6cb3-43de-95ae-86e08e25ab08 req-2bab636e-03be-4390-ab5d-2d1ba8e3640f 6f4f30bf7cba42668a7ca8990c172dfd e1fad1e9d9474683adc8c094c81f7748 - - cbb44453c8884041b81e710af37951b4 cbb44453c8884041b81e710af37951b4] Successfully bumped revision number for resource dc47c36d-a851-43dc-888c-f3b6044d1f4f (type: ports) to 2
2026-06-23 19:53:02.114 10 INFO neutron.db.ovn_revision_numbers_db [None req-85f4586a-1b97-4036-8d1d-db9a48ec9b61 7a53710bc9cd4ec7b64a4fc4516e2e2c 906a464c69d84baa919863d38e4e20bc - - default default] Successfully bumped revision number for resource 0819a3cb-3d04-44ef-a770-5db517e585fa (type: ports) to 1
2026-06-23 19:53:02.123 10 INFO neutron.wsgi [req-facadb3a-75ea-4228-85d1-edbe53f1e056 req-ad7104d2-d063-465d-9f6c-2e0b1741539f 87e8e2b7dc3a4b8193055ef92c677a49 a7dd2e5a81594c38a4f9530ddfec8641 - - default default] 10.0.0.120 "GET /v2.0/security-groups?id=1c2b253d-0630-4cc2-93ed-bfc19b169127&fields=id&fields=name HTTP/1.1" status: 200 len: 313 time: 0.1180742
2026-06-23 19:53:02.136 9 INFO neutron.wsgi [req-7d761920-6cb3-43de-95ae-86e08e25ab08 req-2bab636e-03be-4390-ab5d-2d1ba8e3640f 6f4f30bf7cba42668a7ca8990c172dfd e1fad1e9d9474683adc8c094c81f7748 - - cbb44453c8884041b81e710af37951b4 cbb44453c8884041b81e710af37951b4] 199.204.45.19 "PUT /v2.0/ports/dc47c36d-a851-43dc-888c-f3b6044d1f4f HTTP/1.1" status: 200 len: 1380 time: 1.0528646
2026-06-23 19:53:02.141 10 INFO neutron.wsgi [req-0403bb46-a2e3-45a8-af14-31f0d671d801 req-97f5d3cb-fbb9-45ff-a467-0242e8710171 6f4f30bf7cba42668a7ca8990c172dfd e1fad1e9d9474683adc8c094c81f7748 - - cbb44453c8884041b81e710af37951b4 cbb44453c8884041b81e710af37951b4] 199.204.45.19 "GET /v2.0/networks?id=2af0759a-bb16-4782-945c-01085cc9d49c HTTP/1.1" status: 200 len: 978 time: 0.1379988
2026-06-23 19:53:02.149 9 INFO neutron.wsgi [req-6170a3bb-ef63-4e67-873a-149a3fe94fbc req-7cc089d2-4dd1-4745-9c5f-47faa9a12245 6f4f30bf7cba42668a7ca8990c172dfd e1fad1e9d9474683adc8c094c81f7748 - - cbb44453c8884041b81e710af37951b4 cbb44453c8884041b81e710af37951b4] 199.204.45.19 "GET /v2.0/subnets?id=f4fa9a07-4911-417d-b163-217fb0fb20b1 HTTP/1.1" status: 200 len: 875 time: 0.0561512
2026-06-23 19:53:02.152 10 INFO neutron.wsgi [None req-85f4586a-1b97-4036-8d1d-db9a48ec9b61 7a53710bc9cd4ec7b64a4fc4516e2e2c 906a464c69d84baa919863d38e4e20bc - - default default] 10.0.0.93 "POST /v2.0/networks HTTP/1.1" status: 201 len: 847 time: 1.6826880
2026-06-23 19:53:02.186 9 INFO neutron.wsgi [req-6170a3bb-ef63-4e67-873a-149a3fe94fbc req-f53e6f60-f366-4642-90f1-c1b7eebabb15 6f4f30bf7cba42668a7ca8990c172dfd e1fad1e9d9474683adc8c094c81f7748 - - cbb44453c8884041b81e710af37951b4 cbb44453c8884041b81e710af37951b4] 199.204.45.19 "GET /v2.0/ports?network_id=f7299436-b073-437a-917a-ebc75aef9778&device_owner=network%3Adhcp HTTP/1.1" status: 200 len: 210 time: 0.0299103
2026-06-23 19:53:02.210 9 INFO neutron.wsgi [req-7d761920-6cb3-43de-95ae-86e08e25ab08 req-870efb2c-ca37-4088-9d12-d8aed6e33920 6f4f30bf7cba42668a7ca8990c172dfd e1fad1e9d9474683adc8c094c81f7748 - - cbb44453c8884041b81e710af37951b4 cbb44453c8884041b81e710af37951b4] 199.204.45.19 "GET /v2.0/ports?tenant_id=e4a369b3aa364ad7839e9c4a619420e7&device_id=d3b2c03d-941d-4f78-b94e-40f93be73bcb HTTP/1.1" status: 200 len: 1411 time: 0.0321553
2026-06-23 19:53:02.238 10 INFO neutron.wsgi [req-0403bb46-a2e3-45a8-af14-31f0d671d801 req-f54e2a26-f153-412c-bc59-9460427fc823 6f4f30bf7cba42668a7ca8990c172dfd e1fad1e9d9474683adc8c094c81f7748 - - cbb44453c8884041b81e710af37951b4 cbb44453c8884041b81e710af37951b4] 199.204.45.19 "GET /v2.0/floatingips?fixed_ip_address=10.100.0.6&port_id=09ce51ca-12bd-4818-87f2-c886b06d4ba5 HTTP/1.1" status: 200 len: 1057 time: 0.0908992
2026-06-23 19:53:02.241 9 INFO neutron.wsgi [req-7d761920-6cb3-43de-95ae-86e08e25ab08 req-e9cfdb94-6973-469c-85ff-519e52dacb0e 6f4f30bf7cba42668a7ca8990c172dfd e1fad1e9d9474683adc8c094c81f7748 - - cbb44453c8884041b81e710af37951b4 cbb44453c8884041b81e710af37951b4] 199.204.45.19 "GET /v2.0/floatingips?fixed_ip_address=10.100.0.13&port_id=dc47c36d-a851-43dc-888c-f3b6044d1f4f HTTP/1.1" status: 200 len: 217 time: 0.0207884
2026-06-23 19:53:02.272 9 INFO neutron.wsgi [req-6170a3bb-ef63-4e67-873a-149a3fe94fbc req-9011a381-7fe1-4ac3-8f2b-57b7d106b455 6f4f30bf7cba42668a7ca8990c172dfd e1fad1e9d9474683adc8c094c81f7748 - - cbb44453c8884041b81e710af37951b4 cbb44453c8884041b81e710af37951b4] 199.204.45.19 "GET /v2.0/networks/f7299436-b073-437a-917a-ebc75aef9778?fields=segments HTTP/1.1" status: 200 len: 212 time: 0.0802000
2026-06-23 19:53:02.277 9 INFO neutron.wsgi [req-7d761920-6cb3-43de-95ae-86e08e25ab08 req-45ef7ecc-2f44-4251-bfdf-900a56207dd4 6f4f30bf7cba42668a7ca8990c172dfd e1fad1e9d9474683adc8c094c81f7748 - - cbb44453c8884041b81e710af37951b4 cbb44453c8884041b81e710af37951b4] 199.204.45.19 "GET /v2.0/subnets?id=49377cb9-91d2-4612-9af6-5d2ab2eff031 HTTP/1.1" status: 200 len: 869 time: 0.0319495
2026-06-23 19:53:02.286 10 INFO neutron.wsgi [req-7956ae0b-0002-47a2-9200-6dab453ceedd req-0179a205-a069-4629-b75a-d1028c75d4ad 87e8e2b7dc3a4b8193055ef92c677a49 a7dd2e5a81594c38a4f9530ddfec8641 - - default default] 199.204.45.19 "DELETE /v2.0/ports/09ce51ca-12bd-4818-87f2-c886b06d4ba5 HTTP/1.1" status: 204 len: 173 time: 1.1153600
2026-06-23 19:53:02.289 10 INFO neutron.wsgi [req-0403bb46-a2e3-45a8-af14-31f0d671d801 req-1f4fa5bd-d079-4917-8b32-2d932a6991ee 6f4f30bf7cba42668a7ca8990c172dfd e1fad1e9d9474683adc8c094c81f7748 - - cbb44453c8884041b81e710af37951b4 cbb44453c8884041b81e710af37951b4] 199.204.45.19 "GET /v2.0/subnets?id=5b2ba668-0682-436c-bf8a-f7e416bad94f HTTP/1.1" status: 200 len: 873 time: 0.0434518
2026-06-23 19:53:02.301 9 INFO neutron.wsgi [req-7d761920-6cb3-43de-95ae-86e08e25ab08 req-62a4a9ae-efbe-424b-a66c-c39814d67165 6f4f30bf7cba42668a7ca8990c172dfd e1fad1e9d9474683adc8c094c81f7748 - - cbb44453c8884041b81e710af37951b4 cbb44453c8884041b81e710af37951b4] 199.204.45.19 "GET /v2.0/ports?network_id=eab04fcb-a822-4735-b215-4010b199bdc2&device_owner=network%3Adhcp HTTP/1.1" status: 200 len: 210 time: 0.0179276
2026-06-23 19:53:02.340 10 INFO neutron.wsgi [req-0403bb46-a2e3-45a8-af14-31f0d671d801 req-44a7b3a0-ce78-48c2-90fa-9331bcc523af 6f4f30bf7cba42668a7ca8990c172dfd e1fad1e9d9474683adc8c094c81f7748 - - cbb44453c8884041b81e710af37951b4 cbb44453c8884041b81e710af37951b4] 199.204.45.19 "GET /v2.0/ports?network_id=2af0759a-bb16-4782-945c-01085cc9d49c&device_owner=network%3Adhcp HTTP/1.1" status: 200 len: 210 time: 0.0467792
2026-06-23 19:53:02.358 9 INFO neutron.wsgi [req-6170a3bb-ef63-4e67-873a-149a3fe94fbc req-72414802-e1d5-49a8-8911-fac2dc4fb166 6f4f30bf7cba42668a7ca8990c172dfd e1fad1e9d9474683adc8c094c81f7748 - - cbb44453c8884041b81e710af37951b4 cbb44453c8884041b81e710af37951b4] 199.204.45.19 "GET /v2.0/networks/f7299436-b073-437a-917a-ebc75aef9778?fields=provider%3Aphysical_network&fields=provider%3Anetwork_type HTTP/1.1" status: 200 len: 277 time: 0.0803185
2026-06-23 19:53:02.371 9 INFO neutron.wsgi [req-7d761920-6cb3-43de-95ae-86e08e25ab08 req-a8b512b9-70dd-4cb3-b766-a93554e6382d 6f4f30bf7cba42668a7ca8990c172dfd e1fad1e9d9474683adc8c094c81f7748 - - cbb44453c8884041b81e710af37951b4 cbb44453c8884041b81e710af37951b4] 199.204.45.19 "GET /v2.0/networks/eab04fcb-a822-4735-b215-4010b199bdc2?fields=segments HTTP/1.1" status: 200 len: 212 time: 0.0596762
2026-06-23 19:53:02.425 10 INFO neutron.wsgi [req-0403bb46-a2e3-45a8-af14-31f0d671d801 req-710bdc28-04b9-419c-a3d8-e38bc98d1ee1 6f4f30bf7cba42668a7ca8990c172dfd e1fad1e9d9474683adc8c094c81f7748 - - cbb44453c8884041b81e710af37951b4 cbb44453c8884041b81e710af37951b4] 199.204.45.19 "GET /v2.0/networks/2af0759a-bb16-4782-945c-01085cc9d49c?fields=segments HTTP/1.1" status: 200 len: 212 time: 0.0798864
2026-06-23 19:53:02.530 10 INFO neutron.wsgi [req-0403bb46-a2e3-45a8-af14-31f0d671d801 req-0a20f8c7-aaf4-45a0-a963-cc73b2532bc1 6f4f30bf7cba42668a7ca8990c172dfd e1fad1e9d9474683adc8c094c81f7748 - - cbb44453c8884041b81e710af37951b4 cbb44453c8884041b81e710af37951b4] 199.204.45.19 "GET /v2.0/networks/2af0759a-bb16-4782-945c-01085cc9d49c?fields=provider%3Aphysical_network&fields=provider%3Anetwork_type HTTP/1.1" status: 200 len: 277 time: 0.0960231
2026-06-23 19:53:02.534 10 WARNING neutron.scheduler.dhcp_agent_scheduler [None req-ddacd03d-0d22-4d9a-a0d7-f19addeabee3 7a53710bc9cd4ec7b64a4fc4516e2e2c 906a464c69d84baa919863d38e4e20bc - - default default] No more DHCP agents
2026-06-23 19:53:02.538 10 WARNING neutron.api.rpc.agentnotifiers.dhcp_rpc_agent_api [None req-ddacd03d-0d22-4d9a-a0d7-f19addeabee3 7a53710bc9cd4ec7b64a4fc4516e2e2c 906a464c69d84baa919863d38e4e20bc - - default default] Unable to schedule network eed84b53-fdee-4e74-846f-c24b85a141d0: no agents available; will retry on subsequent port and subnet creation events.
2026-06-23 19:53:02.623 10 INFO neutron.db.ovn_revision_numbers_db [None req-ddacd03d-0d22-4d9a-a0d7-f19addeabee3 7a53710bc9cd4ec7b64a4fc4516e2e2c 906a464c69d84baa919863d38e4e20bc - - default default] Successfully bumped revision number for resource 195aedc8-1395-4c71-bd07-28dbd02ed2e2 (type: ports) to 1
2026-06-23 19:53:02.642 10 INFO neutron.wsgi [None req-ddacd03d-0d22-4d9a-a0d7-f19addeabee3 7a53710bc9cd4ec7b64a4fc4516e2e2c 906a464c69d84baa919863d38e4e20bc - - default default] 10.0.0.93 "POST /v2.0/ports HTTP/1.1" status: 201 len: 978 time: 0.4758725
2026-06-23 19:53:02.643 9 INFO neutron.wsgi [req-0d56db78-2ae2-4b0c-ac3e-dbda0a058cd8 req-6387d31f-8b6e-49c7-ace8-63f5abd295b2 6f4f30bf7cba42668a7ca8990c172dfd e1fad1e9d9474683adc8c094c81f7748 - - cbb44453c8884041b81e710af37951b4 cbb44453c8884041b81e710af37951b4] 199.204.45.19 "GET /v2.0/ports?tenant_id=a95b0560656f4538a67e159ce4f2a7e1&device_id=c792a246-64dd-42c6-bf01-344359177536 HTTP/1.1" status: 200 len: 1413 time: 0.2471747 /var/lib/openstack/lib/python3.10/site-packages/pycadf/identifier.py:71: UserWarning: Invalid uuid: neutron. To ensure interoperability, identifiers should be a valid uuid. warnings.warn(('Invalid uuid: %s. To ensure interoperability, '
