2026-06-23 19:36:13.976 10 INFO neutron.wsgi [-] 10.0.0.239 "GET / HTTP/1.1" status: 200 len: 246 time: 0.0017405
2026-06-23 19:36:13.977 9 INFO neutron.wsgi [-] 10.0.0.239 "GET / HTTP/1.1" status: 200 len: 246 time: 0.0022442
2026-06-23 19:36:28.976 10 INFO neutron.wsgi [-] 10.0.0.239 "GET / HTTP/1.1" status: 200 len: 246 time: 0.0024855
2026-06-23 19:36:28.978 9 INFO neutron.wsgi [-] 10.0.0.239 "GET / HTTP/1.1" status: 200 len: 246 time: 0.0041008
2026-06-23 19:36:43.978 10 INFO neutron.wsgi [-] 10.0.0.239 "GET / HTTP/1.1" status: 200 len: 246 time: 0.0036335
2026-06-23 19:36:43.981 10 INFO neutron.wsgi [-] 10.0.0.239 "GET / HTTP/1.1" status: 200 len: 246 time: 0.0018806
2026-06-23 19:36:48.142 9 INFO neutron.wsgi [None req-c292426a-f294-4998-a1ba-ebcfe9d1a0a3 d459e4d3c9ab49498c92e58acd19136e e1fad1e9d9474683adc8c094c81f7748 - - cbb44453c8884041b81e710af37951b4 cbb44453c8884041b81e710af37951b4] 199.204.45.19 "GET /v2.0/networks?tenant_id=e1fad1e9d9474683adc8c094c81f7748&shared=False HTTP/1.1" status: 200 len: 213 time: 0.1234403
2026-06-23 19:36:48.233 9 INFO neutron.db.segments_db [None req-fde7115f-e0c4-4161-a8ec-ea1ad6eceeea d459e4d3c9ab49498c92e58acd19136e e1fad1e9d9474683adc8c094c81f7748 - - cbb44453c8884041b81e710af37951b4 cbb44453c8884041b81e710af37951b4] Added segment 9e9e8e90-18e4-4597-bbec-88bfd3fa3bb4 of type geneve for network bbf840e4-0649-46d6-a953-0850cd9bef58
2026-06-23 19:36:48.424 9 INFO neutron.db.ovn_revision_numbers_db [None req-fde7115f-e0c4-4161-a8ec-ea1ad6eceeea d459e4d3c9ab49498c92e58acd19136e e1fad1e9d9474683adc8c094c81f7748 - - cbb44453c8884041b81e710af37951b4 cbb44453c8884041b81e710af37951b4] Successfully bumped revision number for resource bbf840e4-0649-46d6-a953-0850cd9bef58 (type: networks) to 1
2026-06-23 19:36:48.593 9 WARNING neutron.scheduler.dhcp_agent_scheduler [None req-fde7115f-e0c4-4161-a8ec-ea1ad6eceeea d459e4d3c9ab49498c92e58acd19136e e1fad1e9d9474683adc8c094c81f7748 - - cbb44453c8884041b81e710af37951b4 cbb44453c8884041b81e710af37951b4] No more DHCP agents
2026-06-23 19:36:48.594 9 WARNING neutron.api.rpc.agentnotifiers.dhcp_rpc_agent_api [None req-fde7115f-e0c4-4161-a8ec-ea1ad6eceeea d459e4d3c9ab49498c92e58acd19136e e1fad1e9d9474683adc8c094c81f7748 - - cbb44453c8884041b81e710af37951b4 cbb44453c8884041b81e710af37951b4] Unable to schedule network bbf840e4-0649-46d6-a953-0850cd9bef58: no agents available; will retry on subsequent port and subnet creation events.
2026-06-23 19:36:48.671 9 INFO neutron.db.ovn_revision_numbers_db [None req-fde7115f-e0c4-4161-a8ec-ea1ad6eceeea d459e4d3c9ab49498c92e58acd19136e e1fad1e9d9474683adc8c094c81f7748 - - cbb44453c8884041b81e710af37951b4 cbb44453c8884041b81e710af37951b4] Successfully bumped revision number for resource 05507817-f283-4ebe-9d14-1873571cf2fb (type: ports) to 1
2026-06-23 19:36:48.690 9 INFO neutron.wsgi [None req-fde7115f-e0c4-4161-a8ec-ea1ad6eceeea d459e4d3c9ab49498c92e58acd19136e e1fad1e9d9474683adc8c094c81f7748 - - cbb44453c8884041b81e710af37951b4 cbb44453c8884041b81e710af37951b4] 199.204.45.19 "POST /v2.0/networks HTTP/1.1" status: 201 len: 925 time: 0.5400629
2026-06-23 19:36:48.730 9 INFO neutron.wsgi [None req-18686606-7f1e-423e-8f4d-4214ba87a2cd d459e4d3c9ab49498c92e58acd19136e e1fad1e9d9474683adc8c094c81f7748 - - cbb44453c8884041b81e710af37951b4 cbb44453c8884041b81e710af37951b4] 199.204.45.19 "GET /v2.0/ports?device_id=manila-share&binding%3Ahost_id=instance HTTP/1.1" status: 200 len: 210 time: 0.0310197
2026-06-23 19:36:48.744 9 INFO neutron.wsgi [None req-6d1d5987-3b97-4fd7-a6f9-be1904025063 d459e4d3c9ab49498c92e58acd19136e e1fad1e9d9474683adc8c094c81f7748 - - cbb44453c8884041b81e710af37951b4 cbb44453c8884041b81e710af37951b4] 199.204.45.19 "GET /v2.0/extensions HTTP/1.1" status: 200 len: 16525 time: 0.0071692
2026-06-23 19:36:48.966 9 WARNING neutron.scheduler.dhcp_agent_scheduler [None req-dce6707e-7288-431c-8591-1650c481d7b6 d459e4d3c9ab49498c92e58acd19136e e1fad1e9d9474683adc8c094c81f7748 - - cbb44453c8884041b81e710af37951b4 cbb44453c8884041b81e710af37951b4] No more DHCP agents
2026-06-23 19:36:48.969 9 WARNING neutron.api.rpc.agentnotifiers.dhcp_rpc_agent_api [None req-dce6707e-7288-431c-8591-1650c481d7b6 d459e4d3c9ab49498c92e58acd19136e e1fad1e9d9474683adc8c094c81f7748 - - cbb44453c8884041b81e710af37951b4 cbb44453c8884041b81e710af37951b4] Unable to schedule network bbf840e4-0649-46d6-a953-0850cd9bef58: no agents available; will retry on subsequent port and subnet creation events.
2026-06-23 19:36:49.046 9 INFO neutron.db.ovn_revision_numbers_db [None req-dce6707e-7288-431c-8591-1650c481d7b6 d459e4d3c9ab49498c92e58acd19136e e1fad1e9d9474683adc8c094c81f7748 - - cbb44453c8884041b81e710af37951b4 cbb44453c8884041b81e710af37951b4] Successfully bumped revision number for resource 436dc154-a2cb-49dc-aff8-2d99f87d3d7f (type: ports) to 1
2026-06-23 19:36:49.231 9 INFO neutron.db.ovn_revision_numbers_db [None req-dce6707e-7288-431c-8591-1650c481d7b6 d459e4d3c9ab49498c92e58acd19136e e1fad1e9d9474683adc8c094c81f7748 - - cbb44453c8884041b81e710af37951b4 cbb44453c8884041b81e710af37951b4] Successfully bumped revision number for resource 436dc154-a2cb-49dc-aff8-2d99f87d3d7f (type: ports) to 1
2026-06-23 19:36:49.259 9 INFO neutron.wsgi [None req-dce6707e-7288-431c-8591-1650c481d7b6 d459e4d3c9ab49498c92e58acd19136e e1fad1e9d9474683adc8c094c81f7748 - - cbb44453c8884041b81e710af37951b4 cbb44453c8884041b81e710af37951b4] 199.204.45.19 "POST /v2.0/ports HTTP/1.1" status: 201 len: 1144 time: 0.5097899
2026-06-23 19:36:49.316 9 INFO neutron.wsgi [None req-52f3cd43-e1f3-405f-a8da-82de5f4712b8 d459e4d3c9ab49498c92e58acd19136e e1fad1e9d9474683adc8c094c81f7748 - - cbb44453c8884041b81e710af37951b4 cbb44453c8884041b81e710af37951b4] 199.204.45.19 "GET /v2.0/networks/bbf840e4-0649-46d6-a953-0850cd9bef58 HTTP/1.1" status: 200 len: 907 time: 0.0513437
2026-06-23 19:36:50.124 10 INFO neutron.plugins.ml2.drivers.ovn.mech_driver.mech_driver [None req-39ba069d-e556-42b2-b945-e7cabd4c0509 - - - - - -] OVN reports status up for port: 436dc154-a2cb-49dc-aff8-2d99f87d3d7f
2026-06-23 19:36:50.137 10 INFO neutron.plugins.ml2.plugin [None req-39ba069d-e556-42b2-b945-e7cabd4c0509 - - - - - -] Attempt 1 to provision port 436dc154-a2cb-49dc-aff8-2d99f87d3d7f
2026-06-23 19:36:50.410 10 INFO neutron.db.ovn_revision_numbers_db [None req-39ba069d-e556-42b2-b945-e7cabd4c0509 - - - - - -] Successfully bumped revision number for resource 436dc154-a2cb-49dc-aff8-2d99f87d3d7f (type: ports) to 3
2026-06-23 19:36:51.694 9 INFO neutron.wsgi [None req-8aef98fc-d9b6-4b62-af67-0dc1394f88e5 d459e4d3c9ab49498c92e58acd19136e e1fad1e9d9474683adc8c094c81f7748 - - cbb44453c8884041b81e710af37951b4 cbb44453c8884041b81e710af37951b4] 199.204.45.19 "GET /v2.0/ports?device_id=manila-share&binding%3Ahost_id=instance HTTP/1.1" status: 200 len: 1172 time: 0.0353954
2026-06-23 19:36:51.733 9 INFO neutron.wsgi [None req-b63d7cea-e6dd-4a17-9f97-1f079d977833 d459e4d3c9ab49498c92e58acd19136e e1fad1e9d9474683adc8c094c81f7748 - - cbb44453c8884041b81e710af37951b4 cbb44453c8884041b81e710af37951b4] 199.204.45.19 "GET /v2.0/networks/bbf840e4-0649-46d6-a953-0850cd9bef58 HTTP/1.1" status: 200 len: 907 time: 0.0342083
2026-06-23 19:36:58.977 10 INFO neutron.wsgi [-] 10.0.0.239 "GET / HTTP/1.1" status: 200 len: 246 time: 0.0026889
2026-06-23 19:36:58.977 9 INFO neutron.wsgi [-] 10.0.0.239 "GET / HTTP/1.1" status: 200 len: 246 time: 0.0027957 /var/lib/openstack/lib/python3.10/site-packages/pycadf/identifier.py:71: UserWarning: Invalid uuid: unknown. To ensure interoperability, identifiers should be a valid uuid. warnings.warn(('Invalid uuid: %s. To ensure interoperability, '
2026-06-23 19:37:01.947 10 INFO neutron.wsgi [None req-a308ece4-9fbb-4426-ab9d-5eb6a5b0773c 2b18d60b87384b7b9789aa7c2c44bc0d f2920c33348246b08d55932abdebf6a6 - - default default] 199.204.45.19,10.0.0.239 "GET /v2.0/quotas/e1fad1e9d9474683adc8c094c81f7748 HTTP/1.1" status: 200 len: 362 time: 0.0154064 /var/lib/openstack/lib/python3.10/site-packages/neutron/extensions/quotasv2.py:140: UserWarning: Neutron quota engine will require "--force" parameter to set a quota limit without checking the resource usage. warnings.warn('Neutron quota engine will require "--force" '
2026-06-23 19:37:02.330 10 INFO neutron.wsgi [None req-a74817bd-58df-4b79-bb8d-bb7dbc362bf7 2b18d60b87384b7b9789aa7c2c44bc0d f2920c33348246b08d55932abdebf6a6 - - default default] 199.204.45.19,10.0.0.239 "PUT /v2.0/quotas/e1fad1e9d9474683adc8c094c81f7748 HTTP/1.1" status: 200 len: 361 time: 0.0312078
2026-06-23 19:37:02.612 10 INFO neutron.wsgi [None req-3e3f775c-01ee-4e16-aaa8-2f5b13a680b2 2b18d60b87384b7b9789aa7c2c44bc0d f2920c33348246b08d55932abdebf6a6 - - default default] 199.204.45.19,10.0.0.239 "GET /v2.0/quotas/e1fad1e9d9474683adc8c094c81f7748 HTTP/1.1" status: 200 len: 361 time: 0.0093150
2026-06-23 19:37:13.978 10 INFO neutron.wsgi [-] 10.0.0.239 "GET / HTTP/1.1" status: 200 len: 246 time: 0.0032396
2026-06-23 19:37:13.978 9 INFO neutron.wsgi [-] 10.0.0.239 "GET / HTTP/1.1" status: 200 len: 246 time: 0.0040321
2026-06-23 19:37:25.801 15 INFO neutron.db.ovn_revision_numbers_db [None req-21a9f1e5-bc74-4543-87c2-8d63d488030c - - - - - -] Successfully bumped revision number for resource 46e48e7e-7b51-49a9-8cb5-a83cccdcf84c (type: security_groups) to 5
2026-06-23 19:37:25.802 15 INFO neutron.plugins.ml2.drivers.ovn.mech_driver.ovsdb.maintenance [None req-21a9f1e5-bc74-4543-87c2-8d63d488030c - - - - - -] Maintenance task: Synchronization finished (took 0.05 seconds)
2026-06-23 19:37:28.977 9 INFO neutron.wsgi [-] 10.0.0.239 "GET / HTTP/1.1" status: 200 len: 246 time: 0.0024602
2026-06-23 19:37:28.977 10 INFO neutron.wsgi [-] 10.0.0.239 "GET / HTTP/1.1" status: 200 len: 246 time: 0.0030465
2026-06-23 19:37:43.976 9 INFO neutron.wsgi [-] 10.0.0.239 "GET / HTTP/1.1" status: 200 len: 246 time: 0.0018864
2026-06-23 19:37:43.977 9 INFO neutron.wsgi [-] 10.0.0.239 "GET / HTTP/1.1" status: 200 len: 246 time: 0.0009632
2026-06-23 19:37:58.975 9 INFO neutron.wsgi [-] 10.0.0.239 "GET / HTTP/1.1" status: 200 len: 246 time: 0.0013399
2026-06-23 19:37:58.975 10 INFO neutron.wsgi [-] 10.0.0.239 "GET / HTTP/1.1" status: 200 len: 246 time: 0.0016048
2026-06-23 19:38:13.975 10 INFO neutron.wsgi [-] 10.0.0.239 "GET / HTTP/1.1" status: 200 len: 246 time: 0.0017080
2026-06-23 19:38:13.976 9 INFO neutron.wsgi [-] 10.0.0.239 "GET / HTTP/1.1" status: 200 len: 246 time: 0.0026302
2026-06-23 19:38:18.695 9 INFO neutron.wsgi [None req-e08d2b43-e63b-4072-962c-dce84bc579fc 2b18d60b87384b7b9789aa7c2c44bc0d f2920c33348246b08d55932abdebf6a6 - - default default] 10.0.0.98 "GET /v2.0/subnets HTTP/1.1" status: 200 len: 1437 time: 0.0836003
2026-06-23 19:38:18.715 9 INFO neutron.wsgi [None req-9c502ae2-e74f-40b0-84b9-f9bc6f396e25 2b18d60b87384b7b9789aa7c2c44bc0d f2920c33348246b08d55932abdebf6a6 - - default default] 10.0.0.98 "GET /v2.0/subnetpools HTTP/1.1" status: 200 len: 193 time: 0.0191002
2026-06-23 19:38:18.742 9 INFO neutron.wsgi [None req-490c89ab-3e2d-40f1-a932-f8564a805ed6 2b18d60b87384b7b9789aa7c2c44bc0d f2920c33348246b08d55932abdebf6a6 - - default default] 10.0.0.98 "GET /v2.0/subnets HTTP/1.1" status: 200 len: 1437 time: 0.0256274
2026-06-23 19:38:18.774 9 INFO neutron.wsgi [None req-cb2fa491-da56-40f2-8754-8723442f048c 2b18d60b87384b7b9789aa7c2c44bc0d f2920c33348246b08d55932abdebf6a6 - - default default] 10.0.0.98 "GET /v2.0/agents HTTP/1.1" status: 200 len: 997 time: 0.0311134
2026-06-23 19:38:18.814 9 INFO neutron.wsgi [None req-2c7b20ca-48d6-4d70-904a-6404e7fc1ac1 2b18d60b87384b7b9789aa7c2c44bc0d f2920c33348246b08d55932abdebf6a6 - - default default] 10.0.0.98 "GET /v2.0/floatingips HTTP/1.1" status: 200 len: 193 time: 0.0386827
2026-06-23 19:38:18.888 9 INFO neutron.wsgi [None req-53702677-53a2-4dda-932c-101a82043b14 2b18d60b87384b7b9789aa7c2c44bc0d f2920c33348246b08d55932abdebf6a6 - - default default] 10.0.0.98 "GET /v2.0/networks HTTP/1.1" status: 200 len: 2350 time: 0.0734882
2026-06-23 19:38:18.947 9 INFO neutron.wsgi [None req-a03d9f41-4d42-4ecd-9dc5-da4c80a6e4e8 2b18d60b87384b7b9789aa7c2c44bc0d f2920c33348246b08d55932abdebf6a6 - - default default] 10.0.0.98 "GET /v2.0/security-groups HTTP/1.1" status: 200 len: 16803 time: 0.0526309
2026-06-23 19:38:19.003 9 INFO neutron.wsgi [None req-cfc92f7b-44ed-444a-9dff-30d24f285d79 2b18d60b87384b7b9789aa7c2c44bc0d f2920c33348246b08d55932abdebf6a6 - - default default] 10.0.0.98 "GET /v2.0/ports HTTP/1.1" status: 200 len: 5351 time: 0.0499716
2026-06-23 19:38:19.099 9 INFO neutron.wsgi [None req-4a182875-8227-465c-981d-82c09a4e04a2 2b18d60b87384b7b9789aa7c2c44bc0d f2920c33348246b08d55932abdebf6a6 - - default default] 10.0.0.98 "GET /v2.0/routers HTTP/1.1" status: 200 len: 189 time: 0.0920641
2026-06-23 19:38:19.111 9 INFO neutron.wsgi [None req-bc4ce6a3-9d7c-4212-9e8f-2cdbf4f93c22 2b18d60b87384b7b9789aa7c2c44bc0d f2920c33348246b08d55932abdebf6a6 - - default default] 10.0.0.98 "GET /v2.0/agents?binary=ovn-controller HTTP/1.1" status: 200 len: 591 time: 0.0107501
2026-06-23 19:38:19.122 9 INFO neutron.wsgi [None req-281ca9a8-679d-4096-addd-f8e79ec8e623 2b18d60b87384b7b9789aa7c2c44bc0d f2920c33348246b08d55932abdebf6a6 - - default default] 10.0.0.98 "GET /v2.0/network-ip-availabilities HTTP/1.1" status: 200 len: 1280 time: 0.0106885
2026-06-23 19:38:28.975 9 INFO neutron.wsgi [-] 10.0.0.239 "GET / HTTP/1.1" status: 200 len: 246 time: 0.0013015
2026-06-23 19:38:28.976 10 INFO neutron.wsgi [-] 10.0.0.239 "GET / HTTP/1.1" status: 200 len: 246 time: 0.0017118
2026-06-23 19:38:43.976 9 INFO neutron.wsgi [-] 10.0.0.239 "GET / HTTP/1.1" status: 200 len: 246 time: 0.0018423
2026-06-23 19:38:43.978 10 INFO neutron.wsgi [-] 10.0.0.239 "GET / HTTP/1.1" status: 200 len: 246 time: 0.0032997
2026-06-23 19:38:58.977 9 INFO neutron.wsgi [-] 10.0.0.239 "GET / HTTP/1.1" status: 200 len: 246 time: 0.0031531
2026-06-23 19:38:58.977 10 INFO neutron.wsgi [-] 10.0.0.239 "GET / HTTP/1.1" status: 200 len: 246 time: 0.0036039
2026-06-23 19:39:13.975 9 INFO neutron.wsgi [-] 10.0.0.239 "GET / HTTP/1.1" status: 200 len: 246 time: 0.0016108
2026-06-23 19:39:13.976 10 INFO neutron.wsgi [-] 10.0.0.239 "GET / HTTP/1.1" status: 200 len: 246 time: 0.0017803
2026-06-23 19:39:18.753 9 INFO neutron.wsgi [None req-5a0abbd2-2c69-4664-8820-411ee766e756 2b18d60b87384b7b9789aa7c2c44bc0d f2920c33348246b08d55932abdebf6a6 - - default default] 10.0.0.98 "GET /v2.0/routers HTTP/1.1" status: 200 len: 189 time: 0.0888898
2026-06-23 19:39:18.792 9 INFO neutron.wsgi [None req-6ad92fc6-c39a-482b-96a2-304117f6292d 2b18d60b87384b7b9789aa7c2c44bc0d f2920c33348246b08d55932abdebf6a6 - - default default] 10.0.0.98 "GET /v2.0/agents?binary=ovn-controller HTTP/1.1" status: 200 len: 591 time: 0.0376554
2026-06-23 19:39:18.829 9 INFO neutron.wsgi [None req-848d081f-c9da-4c6b-82e3-0d48d4820d25 2b18d60b87384b7b9789aa7c2c44bc0d f2920c33348246b08d55932abdebf6a6 - - default default] 10.0.0.98 "GET /v2.0/subnets HTTP/1.1" status: 200 len: 1437 time: 0.0358787
2026-06-23 19:39:18.839 9 INFO neutron.wsgi [None req-56ee6407-0837-4910-b713-7d0eb199915e 2b18d60b87384b7b9789aa7c2c44bc0d f2920c33348246b08d55932abdebf6a6 - - default default] 10.0.0.98 "GET /v2.0/subnetpools HTTP/1.1" status: 200 len: 193 time: 0.0096302
2026-06-23 19:39:18.861 9 INFO neutron.wsgi [None req-2ce5d82b-4cd8-465d-b893-60915ff0a355 2b18d60b87384b7b9789aa7c2c44bc0d f2920c33348246b08d55932abdebf6a6 - - default default] 10.0.0.98 "GET /v2.0/floatingips HTTP/1.1" status: 200 len: 193 time: 0.0207102
2026-06-23 19:39:18.907 9 INFO neutron.wsgi [None req-614fa0d7-0b06-4573-9358-5c38eaa76806 2b18d60b87384b7b9789aa7c2c44bc0d f2920c33348246b08d55932abdebf6a6 - - default default] 10.0.0.98 "GET /v2.0/security-groups HTTP/1.1" status: 200 len: 16803 time: 0.0451458
2026-06-23 19:39:18.972 9 INFO neutron.wsgi [None req-fa8be647-ffb2-4f29-832f-e8ac95c575cc 2b18d60b87384b7b9789aa7c2c44bc0d f2920c33348246b08d55932abdebf6a6 - - default default] 10.0.0.98 "GET /v2.0/networks HTTP/1.1" status: 200 len: 2350 time: 0.0584099
2026-06-23 19:39:19.004 9 INFO neutron.wsgi [None req-7a08d673-ec1c-4cf6-b110-0bfd82783f52 2b18d60b87384b7b9789aa7c2c44bc0d f2920c33348246b08d55932abdebf6a6 - - default default] 10.0.0.98 "GET /v2.0/subnets HTTP/1.1" status: 200 len: 1437 time: 0.0288103
2026-06-23 19:39:19.037 9 INFO neutron.wsgi [None req-008cb939-c1f2-4f49-ba5b-b68d1ca9a6f2 2b18d60b87384b7b9789aa7c2c44bc0d f2920c33348246b08d55932abdebf6a6 - - default default] 10.0.0.98 "GET /v2.0/ports HTTP/1.1" status: 200 len: 5351 time: 0.0328209
2026-06-23 19:39:19.052 9 INFO neutron.wsgi [None req-0c4863a6-3488-4e02-a6df-1d5785cbcf9b 2b18d60b87384b7b9789aa7c2c44bc0d f2920c33348246b08d55932abdebf6a6 - - default default] 10.0.0.98 "GET /v2.0/agents HTTP/1.1" status: 200 len: 997 time: 0.0103867
2026-06-23 19:39:19.062 9 INFO neutron.wsgi [None req-42976fc5-9bf1-4805-8094-8e1c422e56f7 2b18d60b87384b7b9789aa7c2c44bc0d f2920c33348246b08d55932abdebf6a6 - - default default] 10.0.0.98 "GET /v2.0/network-ip-availabilities HTTP/1.1" status: 200 len: 1280 time: 0.0090666
2026-06-23 19:39:28.976 10 INFO neutron.wsgi [-] 10.0.0.239 "GET / HTTP/1.1" status: 200 len: 246 time: 0.0024998
2026-06-23 19:39:28.977 9 INFO neutron.wsgi [-] 10.0.0.239 "GET / HTTP/1.1" status: 200 len: 246 time: 0.0030236
2026-06-23 19:39:43.977 10 INFO neutron.wsgi [-] 10.0.0.239 "GET / HTTP/1.1" status: 200 len: 246 time: 0.0031667
2026-06-23 19:39:43.977 9 INFO neutron.wsgi [-] 10.0.0.239 "GET / HTTP/1.1" status: 200 len: 246 time: 0.0031581
2026-06-23 19:39:58.976 9 INFO neutron.wsgi [-] 10.0.0.239 "GET / HTTP/1.1" status: 200 len: 246 time: 0.0021122
2026-06-23 19:39:58.977 10 INFO neutron.wsgi [-] 10.0.0.239 "GET / HTTP/1.1" status: 200 len: 246 time: 0.0026081
2026-06-23 19:40:13.977 9 INFO neutron.wsgi [-] 10.0.0.239 "GET / HTTP/1.1" status: 200 len: 246 time: 0.0024726
2026-06-23 19:40:13.977 10 INFO neutron.wsgi [-] 10.0.0.239 "GET / HTTP/1.1" status: 200 len: 246 time: 0.0028474
2026-06-23 19:40:18.726 9 INFO neutron.wsgi [None req-eec2d500-d210-4291-8e8e-de61100ff3b5 2b18d60b87384b7b9789aa7c2c44bc0d f2920c33348246b08d55932abdebf6a6 - - default default] 10.0.0.98 "GET /v2.0/security-groups HTTP/1.1" status: 200 len: 16803 time: 0.1192226
2026-06-23 19:40:18.768 9 INFO neutron.wsgi [None req-3382f0c0-26af-45f9-a87f-3ce9eb6fad21 2b18d60b87384b7b9789aa7c2c44bc0d f2920c33348246b08d55932abdebf6a6 - - default default] 10.0.0.98 "GET /v2.0/subnets HTTP/1.1" status: 200 len: 1437 time: 0.0369639
2026-06-23 19:40:18.798 9 INFO neutron.wsgi [None req-cecb2a65-9f49-4b21-a1e0-ab0dbc4edd82 2b18d60b87384b7b9789aa7c2c44bc0d f2920c33348246b08d55932abdebf6a6 - - default default] 10.0.0.98 "GET /v2.0/routers HTTP/1.1" status: 200 len: 189 time: 0.0284216
2026-06-23 19:40:18.829 9 INFO neutron.wsgi [None req-51bb9716-e1e5-4882-ad33-282da3ce8596 2b18d60b87384b7b9789aa7c2c44bc0d f2920c33348246b08d55932abdebf6a6 - - default default] 10.0.0.98 "GET /v2.0/agents?binary=ovn-controller HTTP/1.1" status: 200 len: 591 time: 0.0305457
2026-06-23 19:40:18.917 9 INFO neutron.wsgi [None req-765b5e1d-67e8-43ae-9c00-1c725ca7c0a8 2b18d60b87384b7b9789aa7c2c44bc0d f2920c33348246b08d55932abdebf6a6 - - default default] 10.0.0.98 "GET /v2.0/networks HTTP/1.1" status: 200 len: 2350 time: 0.0869203
2026-06-23 19:40:18.958 9 INFO neutron.wsgi [None req-5f2ed524-9d96-4e67-846e-54b58027a7ef 2b18d60b87384b7b9789aa7c2c44bc0d f2920c33348246b08d55932abdebf6a6 - - default default] 10.0.0.98 "GET /v2.0/subnets HTTP/1.1" status: 200 len: 1437 time: 0.0386291
2026-06-23 19:40:18.971 9 INFO neutron.wsgi [None req-7d032b18-3bce-455b-8087-76feff115491 2b18d60b87384b7b9789aa7c2c44bc0d f2920c33348246b08d55932abdebf6a6 - - default default] 10.0.0.98 "GET /v2.0/subnetpools HTTP/1.1" status: 200 len: 193 time: 0.0111349
2026-06-23 19:40:18.980 9 INFO neutron.wsgi [None req-c89f75ce-4fa0-4968-8615-4bd86ef49e09 2b18d60b87384b7b9789aa7c2c44bc0d f2920c33348246b08d55932abdebf6a6 - - default default] 10.0.0.98 "GET /v2.0/network-ip-availabilities HTTP/1.1" status: 200 len: 1280 time: 0.0091600
2026-06-23 19:40:19.008 9 INFO neutron.wsgi [None req-b95804a3-dcdf-433d-b66c-fbaaaeb2c413 2b18d60b87384b7b9789aa7c2c44bc0d f2920c33348246b08d55932abdebf6a6 - - default default] 10.0.0.98 "GET /v2.0/ports HTTP/1.1" status: 200 len: 5351 time: 0.0269318
2026-06-23 19:40:19.032 9 INFO neutron.wsgi [None req-7d254c3a-d99b-47f9-b067-ca8fb549ea0c 2b18d60b87384b7b9789aa7c2c44bc0d f2920c33348246b08d55932abdebf6a6 - - default default] 10.0.0.98 "GET /v2.0/floatingips HTTP/1.1" status: 200 len: 193 time: 0.0186317
2026-06-23 19:40:19.043 9 INFO neutron.wsgi [None req-807ece84-3a56-4c99-9a95-37058a5c6a3e 2b18d60b87384b7b9789aa7c2c44bc0d f2920c33348246b08d55932abdebf6a6 - - default default] 10.0.0.98 "GET /v2.0/agents HTTP/1.1" status: 200 len: 997 time: 0.0097649
2026-06-23 19:40:28.976 10 INFO neutron.wsgi [-] 10.0.0.239 "GET / HTTP/1.1" status: 200 len: 246 time: 0.0017500
2026-06-23 19:40:28.977 9 INFO neutron.wsgi [-] 10.0.0.239 "GET / HTTP/1.1" status: 200 len: 246 time: 0.0025141
2026-06-23 19:40:43.975 9 INFO neutron.wsgi [-] 10.0.0.239 "GET / HTTP/1.1" status: 200 len: 246 time: 0.0012741
2026-06-23 19:40:43.977 10 INFO neutron.wsgi [-] 10.0.0.239 "GET / HTTP/1.1" status: 200 len: 246 time: 0.0028944
2026-06-23 19:40:58.976 10 INFO neutron.wsgi [-] 10.0.0.239 "GET / HTTP/1.1" status: 200 len: 246 time: 0.0022755
2026-06-23 19:40:58.978 9 INFO neutron.wsgi [-] 10.0.0.239 "GET / HTTP/1.1" status: 200 len: 246 time: 0.0040500
2026-06-23 19:41:13.977 10 INFO neutron.wsgi [-] 10.0.0.239 "GET / HTTP/1.1" status: 200 len: 246 time: 0.0027826
2026-06-23 19:41:13.980 10 INFO neutron.wsgi [-] 10.0.0.239 "GET / HTTP/1.1" status: 200 len: 246 time: 0.0015535
2026-06-23 19:41:18.698 9 INFO neutron.wsgi [None req-ae40351a-b754-409e-a409-3f68a49e5308 2b18d60b87384b7b9789aa7c2c44bc0d f2920c33348246b08d55932abdebf6a6 - - default default] 10.0.0.98 "GET /v2.0/security-groups HTTP/1.1" status: 200 len: 16803 time: 0.0975411
2026-06-23 19:41:18.726 9 INFO neutron.wsgi [None req-d3778cac-1041-430f-b7d5-b1f58c7763dc 2b18d60b87384b7b9789aa7c2c44bc0d f2920c33348246b08d55932abdebf6a6 - - default default] 10.0.0.98 "GET /v2.0/routers HTTP/1.1" status: 200 len: 189 time: 0.0233769
2026-06-23 19:41:18.754 9 INFO neutron.wsgi [None req-94346288-e017-47ad-a67d-e5b1c46bdf46 2b18d60b87384b7b9789aa7c2c44bc0d f2920c33348246b08d55932abdebf6a6 - - default default] 10.0.0.98 "GET /v2.0/agents?binary=ovn-controller HTTP/1.1" status: 200 len: 591 time: 0.0277495
2026-06-23 19:41:18.765 9 INFO neutron.wsgi [None req-43d1299d-2e05-4b62-ac5a-fd26ce6d2327 2b18d60b87384b7b9789aa7c2c44bc0d f2920c33348246b08d55932abdebf6a6 - - default default] 10.0.0.98 "GET /v2.0/network-ip-availabilities HTTP/1.1" status: 200 len: 1280 time: 0.0097208
2026-06-23 19:41:18.845 9 INFO neutron.wsgi [None req-ca233ca3-41ba-4f20-86d9-0306d1bc4594 2b18d60b87384b7b9789aa7c2c44bc0d f2920c33348246b08d55932abdebf6a6 - - default default] 10.0.0.98 "GET /v2.0/networks HTTP/1.1" status: 200 len: 2350 time: 0.0789149
2026-06-23 19:41:18.883 9 INFO neutron.wsgi [None req-993f7a8d-10c0-4504-bf4b-6df9cc67b408 2b18d60b87384b7b9789aa7c2c44bc0d f2920c33348246b08d55932abdebf6a6 - - default default] 10.0.0.98 "GET /v2.0/subnets HTTP/1.1" status: 200 len: 1437 time: 0.0348117
2026-06-23 19:41:18.909 9 INFO neutron.wsgi [None req-59ccee97-c77d-4422-8d31-3a19de984f4b 2b18d60b87384b7b9789aa7c2c44bc0d f2920c33348246b08d55932abdebf6a6 - - default default] 10.0.0.98 "GET /v2.0/floatingips HTTP/1.1" status: 200 len: 193 time: 0.0247779
2026-06-23 19:41:18.940 9 INFO neutron.wsgi [None req-e0565fa9-859a-431f-8185-895964d1a5b2 2b18d60b87384b7b9789aa7c2c44bc0d f2920c33348246b08d55932abdebf6a6 - - default default] 10.0.0.98 "GET /v2.0/ports HTTP/1.1" status: 200 len: 5351 time: 0.0284231
2026-06-23 19:41:18.955 9 INFO neutron.wsgi [None req-fb13e465-aacb-47be-9291-13ead09c905f 2b18d60b87384b7b9789aa7c2c44bc0d f2920c33348246b08d55932abdebf6a6 - - default default] 10.0.0.98 "GET /v2.0/agents HTTP/1.1" status: 200 len: 997 time: 0.0099812
2026-06-23 19:41:18.989 9 INFO neutron.wsgi [None req-18dc297d-83fd-4e8c-af6b-fed575294143 2b18d60b87384b7b9789aa7c2c44bc0d f2920c33348246b08d55932abdebf6a6 - - default default] 10.0.0.98 "GET /v2.0/subnets HTTP/1.1" status: 200 len: 1437 time: 0.0332816
2026-06-23 19:41:19.000 9 INFO neutron.wsgi [None req-1f67a025-43bf-43c6-86a4-b6d4b6a09bf2 2b18d60b87384b7b9789aa7c2c44bc0d f2920c33348246b08d55932abdebf6a6 - - default default] 10.0.0.98 "GET /v2.0/subnetpools HTTP/1.1" status: 200 len: 193 time: 0.0096116
2026-06-23 19:41:28.976 10 INFO neutron.wsgi [-] 10.0.0.239 "GET / HTTP/1.1" status: 200 len: 246 time: 0.0024574
2026-06-23 19:41:28.976 9 INFO neutron.wsgi [-] 10.0.0.239 "GET / HTTP/1.1" status: 200 len: 246 time: 0.0025187
2026-06-23 19:41:43.975 9 INFO neutron.wsgi [-] 10.0.0.239 "GET / HTTP/1.1" status: 200 len: 246 time: 0.0012302
2026-06-23 19:41:43.975 10 INFO neutron.wsgi [-] 10.0.0.239 "GET / HTTP/1.1" status: 200 len: 246 time: 0.0016327
2026-06-23 19:41:58.977 9 INFO neutron.wsgi [-] 10.0.0.239 "GET / HTTP/1.1" status: 200 len: 246 time: 0.0033684
2026-06-23 19:41:58.979 10 INFO neutron.wsgi [-] 10.0.0.239 "GET / HTTP/1.1" status: 200 len: 246 time: 0.0038631
2026-06-23 19:42:13.977 10 INFO neutron.wsgi [-] 10.0.0.239 "GET / HTTP/1.1" status: 200 len: 246 time: 0.0024986
2026-06-23 19:42:13.980 10 INFO neutron.wsgi [-] 10.0.0.239 "GET / HTTP/1.1" status: 200 len: 246 time: 0.0021722
2026-06-23 19:42:18.691 9 INFO neutron.wsgi [None req-38378886-c84b-4f34-bd18-4d60247a46c3 2b18d60b87384b7b9789aa7c2c44bc0d f2920c33348246b08d55932abdebf6a6 - - default default] 10.0.0.98 "GET /v2.0/ports HTTP/1.1" status: 200 len: 5351 time: 0.0867562
2026-06-23 19:42:18.713 9 INFO neutron.wsgi [None req-ce95bb71-aee5-48fb-8e1d-65ed5f126c32 2b18d60b87384b7b9789aa7c2c44bc0d f2920c33348246b08d55932abdebf6a6 - - default default] 10.0.0.98 "GET /v2.0/floatingips HTTP/1.1" status: 200 len: 193 time: 0.0190954
2026-06-23 19:42:18.746 9 INFO neutron.wsgi [None req-7323471d-8dd0-4566-aea6-d6ceb2eb92e0 2b18d60b87384b7b9789aa7c2c44bc0d f2920c33348246b08d55932abdebf6a6 - - default default] 10.0.0.98 "GET /v2.0/subnets HTTP/1.1" status: 200 len: 1437 time: 0.0324154
2026-06-23 19:42:18.757 9 INFO neutron.wsgi [None req-7311fb69-d47a-444f-b589-c627caf43147 2b18d60b87384b7b9789aa7c2c44bc0d f2920c33348246b08d55932abdebf6a6 - - default default] 10.0.0.98 "GET /v2.0/subnetpools HTTP/1.1" status: 200 len: 193 time: 0.0098264
2026-06-23 19:42:18.789 9 INFO neutron.wsgi [None req-314e5cb3-9c81-4d64-bb2c-98c2e404f8ef 2b18d60b87384b7b9789aa7c2c44bc0d f2920c33348246b08d55932abdebf6a6 - - default default] 10.0.0.98 "GET /v2.0/agents HTTP/1.1" status: 200 len: 997 time: 0.0310242
2026-06-23 19:42:18.815 9 INFO neutron.wsgi [None req-340d3405-8394-41eb-b04b-a095a37413ee 2b18d60b87384b7b9789aa7c2c44bc0d f2920c33348246b08d55932abdebf6a6 - - default default] 10.0.0.98 "GET /v2.0/routers HTTP/1.1" status: 200 len: 189 time: 0.0251505
2026-06-23 19:42:18.829 9 INFO neutron.wsgi [None req-94136904-6818-4356-af8d-e9fbe9e0ca50 2b18d60b87384b7b9789aa7c2c44bc0d f2920c33348246b08d55932abdebf6a6 - - default default] 10.0.0.98 "GET /v2.0/agents?binary=ovn-controller HTTP/1.1" status: 200 len: 591 time: 0.0131190
2026-06-23 19:42:18.901 9 INFO neutron.wsgi [None req-d0cf0e2e-0a88-45d6-8c39-7f69d1e2a858 2b18d60b87384b7b9789aa7c2c44bc0d f2920c33348246b08d55932abdebf6a6 - - default default] 10.0.0.98 "GET /v2.0/networks HTTP/1.1" status: 200 len: 2350 time: 0.0713513
2026-06-23 19:42:18.952 9 INFO neutron.wsgi [None req-149be571-1b54-49a4-916d-69deb16ee6e7 2b18d60b87384b7b9789aa7c2c44bc0d f2920c33348246b08d55932abdebf6a6 - - default default] 10.0.0.98 "GET /v2.0/security-groups HTTP/1.1" status: 200 len: 16803 time: 0.0469627
2026-06-23 19:42:18.993 9 INFO neutron.wsgi [None req-9f3618dc-cf8e-4ce0-977d-70174d17cee6 2b18d60b87384b7b9789aa7c2c44bc0d f2920c33348246b08d55932abdebf6a6 - - default default] 10.0.0.98 "GET /v2.0/subnets HTTP/1.1" status: 200 len: 1437 time: 0.0323865
2026-06-23 19:42:19.003 9 INFO neutron.wsgi [None req-a3087601-b524-4098-b75d-384d2ad95b0d 2b18d60b87384b7b9789aa7c2c44bc0d f2920c33348246b08d55932abdebf6a6 - - default default] 10.0.0.98 "GET /v2.0/network-ip-availabilities HTTP/1.1" status: 200 len: 1280 time: 0.0096056
2026-06-23 19:42:28.976 9 INFO neutron.wsgi [-] 10.0.0.239 "GET / HTTP/1.1" status: 200 len: 246 time: 0.0023658
2026-06-23 19:42:28.980 9 INFO neutron.wsgi [-] 10.0.0.239 "GET / HTTP/1.1" status: 200 len: 246 time: 0.0019419
2026-06-23 19:42:43.976 9 INFO neutron.wsgi [-] 10.0.0.239 "GET / HTTP/1.1" status: 200 len: 246 time: 0.0025780
2026-06-23 19:42:43.980 9 INFO neutron.wsgi [-] 10.0.0.239 "GET / HTTP/1.1" status: 200 len: 246 time: 0.0015044
2026-06-23 19:42:58.975 10 INFO neutron.wsgi [-] 10.0.0.239 "GET / HTTP/1.1" status: 200 len: 246 time: 0.0017688
2026-06-23 19:42:58.977 9 INFO neutron.wsgi [-] 10.0.0.239 "GET / HTTP/1.1" status: 200 len: 246 time: 0.0027757
2026-06-23 19:43:13.977 9 INFO neutron.wsgi [-] 10.0.0.239 "GET / HTTP/1.1" status: 200 len: 246 time: 0.0027215
2026-06-23 19:43:13.977 10 INFO neutron.wsgi [-] 10.0.0.239 "GET / HTTP/1.1" status: 200 len: 246 time: 0.0027394
2026-06-23 19:43:18.671 9 INFO neutron.wsgi [None req-4f8431fc-44f1-4fc2-9acf-a2462d4e3881 2b18d60b87384b7b9789aa7c2c44bc0d f2920c33348246b08d55932abdebf6a6 - - default default] 10.0.0.98 "GET /v2.0/network-ip-availabilities HTTP/1.1" status: 200 len: 1280 time: 0.0593779
2026-06-23 19:43:18.709 9 INFO neutron.wsgi [None req-73950e17-01fd-45f3-888c-555b58719c99 2b18d60b87384b7b9789aa7c2c44bc0d f2920c33348246b08d55932abdebf6a6 - - default default] 10.0.0.98 "GET /v2.0/subnets HTTP/1.1" status: 200 len: 1437 time: 0.0350316
2026-06-23 19:43:18.731 9 INFO neutron.wsgi [None req-a53ad99e-9a0e-45b9-826e-4c6694c669a1 2b18d60b87384b7b9789aa7c2c44bc0d f2920c33348246b08d55932abdebf6a6 - - default default] 10.0.0.98 "GET /v2.0/floatingips HTTP/1.1" status: 200 len: 193 time: 0.0207691
2026-06-23 19:43:18.780 9 INFO neutron.wsgi [None req-5a62a499-e4b4-4bf1-93d0-93ee39898663 2b18d60b87384b7b9789aa7c2c44bc0d f2920c33348246b08d55932abdebf6a6 - - default default] 10.0.0.98 "GET /v2.0/security-groups HTTP/1.1" status: 200 len: 16803 time: 0.0489144
2026-06-23 19:43:18.830 9 INFO neutron.wsgi [None req-035c71bc-b1c6-40a4-a53b-d1ff3b1a88ec 2b18d60b87384b7b9789aa7c2c44bc0d f2920c33348246b08d55932abdebf6a6 - - default default] 10.0.0.98 "GET /v2.0/subnets HTTP/1.1" status: 200 len: 1437 time: 0.0461462
2026-06-23 19:43:18.839 9 INFO neutron.wsgi [None req-e1a5b95e-faf3-4119-87ad-05cd04df9585 2b18d60b87384b7b9789aa7c2c44bc0d f2920c33348246b08d55932abdebf6a6 - - default default] 10.0.0.98 "GET /v2.0/subnetpools HTTP/1.1" status: 200 len: 193 time: 0.0086167
2026-06-23 19:43:18.898 9 INFO neutron.wsgi [None req-eacd7322-4d9c-4462-8817-25d426382718 2b18d60b87384b7b9789aa7c2c44bc0d f2920c33348246b08d55932abdebf6a6 - - default default] 10.0.0.98 "GET /v2.0/networks HTTP/1.1" status: 200 len: 2350 time: 0.0581336
2026-06-23 19:43:18.936 9 INFO neutron.wsgi [None req-629d3046-5ebd-42ae-80cd-fbcd33a50cc5 2b18d60b87384b7b9789aa7c2c44bc0d f2920c33348246b08d55932abdebf6a6 - - default default] 10.0.0.98 "GET /v2.0/ports HTTP/1.1" status: 200 len: 5351 time: 0.0347927
2026-06-23 19:43:18.961 9 INFO neutron.wsgi [None req-60025096-da38-4843-a87d-8316ce9afe7a 2b18d60b87384b7b9789aa7c2c44bc0d f2920c33348246b08d55932abdebf6a6 - - default default] 10.0.0.98 "GET /v2.0/routers HTTP/1.1" status: 200 len: 189 time: 0.0220644
2026-06-23 19:43:18.992 9 INFO neutron.wsgi [None req-0a99f69c-3cc7-4816-a3d0-6a0ce1054914 2b18d60b87384b7b9789aa7c2c44bc0d f2920c33348246b08d55932abdebf6a6 - - default default] 10.0.0.98 "GET /v2.0/agents?binary=ovn-controller HTTP/1.1" status: 200 len: 591 time: 0.0299940
2026-06-23 19:43:19.001 9 INFO neutron.wsgi [None req-1706873c-33e1-40d7-9f15-7fd91068f821 2b18d60b87384b7b9789aa7c2c44bc0d f2920c33348246b08d55932abdebf6a6 - - default default] 10.0.0.98 "GET /v2.0/agents HTTP/1.1" status: 200 len: 997 time: 0.0089312
2026-06-23 19:43:28.981 9 INFO neutron.wsgi [-] 10.0.0.239 "GET / HTTP/1.1" status: 200 len: 246 time: 0.0036941
2026-06-23 19:43:28.982 10 INFO neutron.wsgi [-] 10.0.0.239 "GET / HTTP/1.1" status: 200 len: 246 time: 0.0014079
2026-06-23 19:43:43.979 9 INFO neutron.wsgi [-] 10.0.0.239 "GET / HTTP/1.1" status: 200 len: 246 time: 0.0023739
2026-06-23 19:43:43.983 9 INFO neutron.wsgi [-] 10.0.0.239 "GET / HTTP/1.1" status: 200 len: 246 time: 0.0025070
2026-06-23 19:43:58.976 9 INFO neutron.wsgi [-] 10.0.0.239 "GET / HTTP/1.1" status: 200 len: 246 time: 0.0024149
2026-06-23 19:43:58.979 9 INFO neutron.wsgi [-] 10.0.0.239 "GET / HTTP/1.1" status: 200 len: 246 time: 0.0021083
2026-06-23 19:44:13.977 9 INFO neutron.wsgi [-] 10.0.0.239 "GET / HTTP/1.1" status: 200 len: 246 time: 0.0027397
2026-06-23 19:44:13.977 10 INFO neutron.wsgi [-] 10.0.0.239 "GET / HTTP/1.1" status: 200 len: 246 time: 0.0028200
2026-06-23 19:44:18.685 9 INFO neutron.wsgi [None req-660b27c5-b5af-494e-82cd-dd476937e56f 2b18d60b87384b7b9789aa7c2c44bc0d f2920c33348246b08d55932abdebf6a6 - - default default] 10.0.0.98 "GET /v2.0/subnets HTTP/1.1" status: 200 len: 1437 time: 0.0822618
2026-06-23 19:44:18.695 9 INFO neutron.wsgi [None req-fb96fce7-cdf2-48c8-83a9-6f30d1c1d779 2b18d60b87384b7b9789aa7c2c44bc0d f2920c33348246b08d55932abdebf6a6 - - default default] 10.0.0.98 "GET /v2.0/network-ip-availabilities HTTP/1.1" status: 200 len: 1280 time: 0.0085981
2026-06-23 19:44:18.752 9 INFO neutron.wsgi [None req-4dbed431-45f9-4d9f-8a8b-d5d832b3a708 2b18d60b87384b7b9789aa7c2c44bc0d f2920c33348246b08d55932abdebf6a6 - - default default] 10.0.0.98 "GET /v2.0/networks HTTP/1.1" status: 200 len: 2350 time: 0.0561221
2026-06-23 19:44:18.812 9 INFO neutron.wsgi [None req-e7a8be98-2c38-464a-96a7-6dcbd81fa8ea 2b18d60b87384b7b9789aa7c2c44bc0d f2920c33348246b08d55932abdebf6a6 - - default default] 10.0.0.98 "GET /v2.0/security-groups HTTP/1.1" status: 200 len: 16803 time: 0.0585921
2026-06-23 19:44:18.841 9 INFO neutron.wsgi [None req-330b169c-a51c-4a33-bb3d-eb007f083f16 2b18d60b87384b7b9789aa7c2c44bc0d f2920c33348246b08d55932abdebf6a6 - - default default] 10.0.0.98 "GET /v2.0/routers HTTP/1.1" status: 200 len: 189 time: 0.0220492
2026-06-23 19:44:18.873 9 INFO neutron.wsgi [None req-9adea052-3abf-45b1-bd5c-5000390a7a64 2b18d60b87384b7b9789aa7c2c44bc0d f2920c33348246b08d55932abdebf6a6 - - default default] 10.0.0.98 "GET /v2.0/agents?binary=ovn-controller HTTP/1.1" status: 200 len: 591 time: 0.0307128
2026-06-23 19:44:18.907 9 INFO neutron.wsgi [None req-98c65151-9abe-4412-bb8d-098759bd47c6 2b18d60b87384b7b9789aa7c2c44bc0d f2920c33348246b08d55932abdebf6a6 - - default default] 10.0.0.98 "GET /v2.0/ports HTTP/1.1" status: 200 len: 5351 time: 0.0336969
2026-06-23 19:44:18.922 9 INFO neutron.wsgi [None req-5374c52b-f1a0-444f-a2cd-f2be29dd70a5 2b18d60b87384b7b9789aa7c2c44bc0d f2920c33348246b08d55932abdebf6a6 - - default default] 10.0.0.98 "GET /v2.0/agents HTTP/1.1" status: 200 len: 997 time: 0.0123394
2026-06-23 19:44:18.954 9 INFO neutron.wsgi [None req-07168c61-d777-4df6-b86f-68615f226299 2b18d60b87384b7b9789aa7c2c44bc0d f2920c33348246b08d55932abdebf6a6 - - default default] 10.0.0.98 "GET /v2.0/subnets HTTP/1.1" status: 200 len: 1437 time: 0.0319247
2026-06-23 19:44:18.967 9 INFO neutron.wsgi [None req-b70b426c-809f-4d0a-ae74-c462ee10f46b 2b18d60b87384b7b9789aa7c2c44bc0d f2920c33348246b08d55932abdebf6a6 - - default default] 10.0.0.98 "GET /v2.0/subnetpools HTTP/1.1" status: 200 len: 193 time: 0.0111220
2026-06-23 19:44:18.987 9 INFO neutron.wsgi [None req-bf00a265-e311-46ec-bc00-274be8195ab9 2b18d60b87384b7b9789aa7c2c44bc0d f2920c33348246b08d55932abdebf6a6 - - default default] 10.0.0.98 "GET /v2.0/floatingips HTTP/1.1" status: 200 len: 193 time: 0.0194533
2026-06-23 19:44:28.976 10 INFO neutron.wsgi [-] 10.0.0.239 "GET / HTTP/1.1" status: 200 len: 246 time: 0.0024958
2026-06-23 19:44:28.977 9 INFO neutron.wsgi [-] 10.0.0.239 "GET / HTTP/1.1" status: 200 len: 246 time: 0.0029869
2026-06-23 19:44:43.975 9 INFO neutron.wsgi [-] 10.0.0.239 "GET / HTTP/1.1" status: 200 len: 246 time: 0.0016403
2026-06-23 19:44:43.976 10 INFO neutron.wsgi [-] 10.0.0.239 "GET / HTTP/1.1" status: 200 len: 246 time: 0.0020442
2026-06-23 19:44:58.977 10 INFO neutron.wsgi [-] 10.0.0.239 "GET / HTTP/1.1" status: 200 len: 246 time: 0.0028908
2026-06-23 19:44:58.981 10 INFO neutron.wsgi [-] 10.0.0.239 "GET / HTTP/1.1" status: 200 len: 246 time: 0.0022893
2026-06-23 19:45:13.977 10 INFO neutron.wsgi [-] 10.0.0.239 "GET / HTTP/1.1" status: 200 len: 246 time: 0.0028331
2026-06-23 19:45:13.978 9 INFO neutron.wsgi [-] 10.0.0.239 "GET / HTTP/1.1" status: 200 len: 246 time: 0.0035350
2026-06-23 19:45:18.767 9 INFO neutron.wsgi [None req-516bbf14-f47c-49a9-bbef-4cc92cf293c1 2b18d60b87384b7b9789aa7c2c44bc0d f2920c33348246b08d55932abdebf6a6 - - default default] 10.0.0.98 "GET /v2.0/networks HTTP/1.1" status: 200 len: 2350 time: 0.1822562
2026-06-23 19:45:18.779 9 INFO neutron.wsgi [None req-d5e291b9-14b3-44fa-9555-abdacc643cb8 2b18d60b87384b7b9789aa7c2c44bc0d f2920c33348246b08d55932abdebf6a6 - - default default] 10.0.0.98 "GET /v2.0/network-ip-availabilities HTTP/1.1" status: 200 len: 1280 time: 0.0108054
2026-06-23 19:45:18.811 9 INFO neutron.wsgi [None req-c1713048-8805-49c8-a579-69921ea4eef5 2b18d60b87384b7b9789aa7c2c44bc0d f2920c33348246b08d55932abdebf6a6 - - default default] 10.0.0.98 "GET /v2.0/ports HTTP/1.1" status: 200 len: 5351 time: 0.0302818
2026-06-23 19:45:18.843 9 INFO neutron.wsgi [None req-6eaf4ef7-741b-48e6-a748-9df78972a3b3 2b18d60b87384b7b9789aa7c2c44bc0d f2920c33348246b08d55932abdebf6a6 - - default default] 10.0.0.98 "GET /v2.0/routers HTTP/1.1" status: 200 len: 189 time: 0.0269358
2026-06-23 19:45:18.876 9 INFO neutron.wsgi [None req-aa1ffce5-5640-4ab5-a204-850669c7452d 2b18d60b87384b7b9789aa7c2c44bc0d f2920c33348246b08d55932abdebf6a6 - - default default] 10.0.0.98 "GET /v2.0/agents?binary=ovn-controller HTTP/1.1" status: 200 len: 591 time: 0.0318928
2026-06-23 19:45:18.896 9 INFO neutron.wsgi [None req-77dc6270-4191-4064-88b9-59bc48fab0ed 2b18d60b87384b7b9789aa7c2c44bc0d f2920c33348246b08d55932abdebf6a6 - - default default] 10.0.0.98 "GET /v2.0/agents HTTP/1.1" status: 200 len: 997 time: 0.0147064
2026-06-23 19:45:18.937 9 INFO neutron.wsgi [None req-67745c72-3475-45c4-9d62-03976625096d 2b18d60b87384b7b9789aa7c2c44bc0d f2920c33348246b08d55932abdebf6a6 - - default default] 10.0.0.98 "GET /v2.0/security-groups HTTP/1.1" status: 200 len: 16803 time: 0.0399568
2026-06-23 19:45:18.963 9 INFO neutron.wsgi [None req-5d64709e-2f86-43ce-9c3a-20b0f6d224ff 2b18d60b87384b7b9789aa7c2c44bc0d f2920c33348246b08d55932abdebf6a6 - - default default] 10.0.0.98 "GET /v2.0/floatingips HTTP/1.1" status: 200 len: 193 time: 0.0233080
2026-06-23 19:45:18.994 9 INFO neutron.wsgi [None req-0d5aae64-ba95-43ad-921f-845755b59f81 2b18d60b87384b7b9789aa7c2c44bc0d f2920c33348246b08d55932abdebf6a6 - - default default] 10.0.0.98 "GET /v2.0/subnets HTTP/1.1" status: 200 len: 1437 time: 0.0306315
2026-06-23 19:45:19.022 9 INFO neutron.wsgi [None req-71790345-ccaa-4123-8eef-0762279546b5 2b18d60b87384b7b9789aa7c2c44bc0d f2920c33348246b08d55932abdebf6a6 - - default default] 10.0.0.98 "GET /v2.0/subnets HTTP/1.1" status: 200 len: 1437 time: 0.0266073
2026-06-23 19:45:19.031 9 INFO neutron.wsgi [None req-4856e0fa-1e6d-4486-9449-3ebc574259ab 2b18d60b87384b7b9789aa7c2c44bc0d f2920c33348246b08d55932abdebf6a6 - - default default] 10.0.0.98 "GET /v2.0/subnetpools HTTP/1.1" status: 200 len: 193 time: 0.0080931
2026-06-23 19:45:28.977 10 INFO neutron.wsgi [-] 10.0.0.239 "GET / HTTP/1.1" status: 200 len: 246 time: 0.0024910
2026-06-23 19:45:28.980 10 INFO neutron.wsgi [-] 10.0.0.239 "GET / HTTP/1.1" status: 200 len: 246 time: 0.0019546
2026-06-23 19:45:43.977 10 INFO neutron.wsgi [-] 10.0.0.239 "GET / HTTP/1.1" status: 200 len: 246 time: 0.0025864
2026-06-23 19:45:43.979 10 INFO neutron.wsgi [-] 10.0.0.239 "GET / HTTP/1.1" status: 200 len: 246 time: 0.0012434
2026-06-23 19:45:58.974 9 INFO neutron.wsgi [-] 10.0.0.239 "GET / HTTP/1.1" status: 200 len: 246 time: 0.0012436
2026-06-23 19:45:58.977 9 INFO neutron.wsgi [-] 10.0.0.239 "GET / HTTP/1.1" status: 200 len: 246 time: 0.0013437
2026-06-23 19:46:13.976 10 INFO neutron.wsgi [-] 10.0.0.239 "GET / HTTP/1.1" status: 200 len: 246 time: 0.0017073
2026-06-23 19:46:13.978 9 INFO neutron.wsgi [-] 10.0.0.239 "GET / HTTP/1.1" status: 200 len: 246 time: 0.0026715
2026-06-23 19:46:18.736 9 INFO neutron.wsgi [None req-7fdb7080-82df-4865-ac61-ce82e17ccb6f 2b18d60b87384b7b9789aa7c2c44bc0d f2920c33348246b08d55932abdebf6a6 - - default default] 10.0.0.98 "GET /v2.0/ports HTTP/1.1" status: 200 len: 5351 time: 0.0927460
2026-06-23 19:46:18.765 9 INFO neutron.wsgi [None req-43d97bc5-4b91-4c3b-a639-f397054e2b10 2b18d60b87384b7b9789aa7c2c44bc0d f2920c33348246b08d55932abdebf6a6 - - default default] 10.0.0.98 "GET /v2.0/routers HTTP/1.1" status: 200 len: 189 time: 0.0238211
2026-06-23 19:46:18.805 9 INFO neutron.wsgi [None req-be46b89f-abb7-4b84-9d44-bef2445e572d 2b18d60b87384b7b9789aa7c2c44bc0d f2920c33348246b08d55932abdebf6a6 - - default default] 10.0.0.98 "GET /v2.0/agents?binary=ovn-controller HTTP/1.1" status: 200 len: 591 time: 0.0392830
2026-06-23 19:46:18.868 9 INFO neutron.wsgi [None req-4aed71f6-68d6-4124-be97-03ab5dbeba70 2b18d60b87384b7b9789aa7c2c44bc0d f2920c33348246b08d55932abdebf6a6 - - default default] 10.0.0.98 "GET /v2.0/subnets HTTP/1.1" status: 200 len: 1437 time: 0.0625482
2026-06-23 19:46:18.880 9 INFO neutron.wsgi [None req-ea462f69-99bc-4eae-aaaf-4069fd61d90d 2b18d60b87384b7b9789aa7c2c44bc0d f2920c33348246b08d55932abdebf6a6 - - default default] 10.0.0.98 "GET /v2.0/subnetpools HTTP/1.1" status: 200 len: 193 time: 0.0112410
2026-06-23 19:46:18.930 9 INFO neutron.wsgi [None req-a51b3dd1-7522-4ad4-9313-5903e1aee3af 2b18d60b87384b7b9789aa7c2c44bc0d f2920c33348246b08d55932abdebf6a6 - - default default] 10.0.0.98 "GET /v2.0/subnets HTTP/1.1" status: 200 len: 1437 time: 0.0487318
2026-06-23 19:46:18.941 9 INFO neutron.wsgi [None req-2b12dba4-7592-423f-b988-42d8a56dea47 2b18d60b87384b7b9789aa7c2c44bc0d f2920c33348246b08d55932abdebf6a6 - - default default] 10.0.0.98 "GET /v2.0/agents HTTP/1.1" status: 200 len: 997 time: 0.0100965
2026-06-23 19:46:18.954 9 INFO neutron.wsgi [None req-bb69a52f-43d9-4794-b3d0-940cc5ec5abc 2b18d60b87384b7b9789aa7c2c44bc0d f2920c33348246b08d55932abdebf6a6 - - default default] 10.0.0.98 "GET /v2.0/network-ip-availabilities HTTP/1.1" status: 200 len: 1280 time: 0.0112505
2026-06-23 19:46:19.027 9 INFO neutron.wsgi [None req-f7e4f28f-06f6-4fcb-92a8-68414437b4fb 2b18d60b87384b7b9789aa7c2c44bc0d f2920c33348246b08d55932abdebf6a6 - - default default] 10.0.0.98 "GET /v2.0/networks HTTP/1.1" status: 200 len: 2350 time: 0.0717556
2026-06-23 19:46:19.077 9 INFO neutron.wsgi [None req-9332f458-2d01-47fb-b032-313bb0f24460 2b18d60b87384b7b9789aa7c2c44bc0d f2920c33348246b08d55932abdebf6a6 - - default default] 10.0.0.98 "GET /v2.0/security-groups HTTP/1.1" status: 200 len: 16803 time: 0.0474927
2026-06-23 19:46:19.104 9 INFO neutron.wsgi [None req-46c02e3a-2958-4d2d-9596-d3835b82dfc1 2b18d60b87384b7b9789aa7c2c44bc0d f2920c33348246b08d55932abdebf6a6 - - default default] 10.0.0.98 "GET /v2.0/floatingips HTTP/1.1" status: 200 len: 193 time: 0.0199766
2026-06-23 19:46:28.978 9 INFO neutron.wsgi [-] 10.0.0.239 "GET / HTTP/1.1" status: 200 len: 246 time: 0.0041373
2026-06-23 19:46:28.980 10 INFO neutron.wsgi [-] 10.0.0.239 "GET / HTTP/1.1" status: 200 len: 246 time: 0.0058308
2026-06-23 19:46:43.976 10 INFO neutron.wsgi [-] 10.0.0.239 "GET / HTTP/1.1" status: 200 len: 246 time: 0.0026283
2026-06-23 19:46:43.977 9 INFO neutron.wsgi [-] 10.0.0.239 "GET / HTTP/1.1" status: 200 len: 246 time: 0.0027783
2026-06-23 19:46:58.975 9 INFO neutron.wsgi [-] 10.0.0.239 "GET / HTTP/1.1" status: 200 len: 246 time: 0.0017753
2026-06-23 19:46:58.976 10 INFO neutron.wsgi [-] 10.0.0.239 "GET / HTTP/1.1" status: 200 len: 246 time: 0.0024266
2026-06-23 19:47:13.975 10 INFO neutron.wsgi [-] 10.0.0.239 "GET / HTTP/1.1" status: 200 len: 246 time: 0.0019569
2026-06-23 19:47:13.977 9 INFO neutron.wsgi [-] 10.0.0.239 "GET / HTTP/1.1" status: 200 len: 246 time: 0.0034592
2026-06-23 19:47:18.768 9 INFO neutron.wsgi [None req-b93d8c99-6cb7-4d64-a02f-76c4dbb280cc 2b18d60b87384b7b9789aa7c2c44bc0d f2920c33348246b08d55932abdebf6a6 - - default default] 10.0.0.98 "GET /v2.0/network-ip-availabilities HTTP/1.1" status: 200 len: 1280 time: 0.1591818
2026-06-23 19:47:18.802 9 INFO neutron.wsgi [None req-5e6da583-eec8-43ac-be11-c1a7ebc1418b 2b18d60b87384b7b9789aa7c2c44bc0d f2920c33348246b08d55932abdebf6a6 - - default default] 10.0.0.98 "GET /v2.0/floatingips HTTP/1.1" status: 200 len: 193 time: 0.0321047
2026-06-23 19:47:18.849 9 INFO neutron.wsgi [None req-a9d668e1-bc07-4959-96ed-9f33c6ba6e16 2b18d60b87384b7b9789aa7c2c44bc0d f2920c33348246b08d55932abdebf6a6 - - default default] 10.0.0.98 "GET /v2.0/subnets HTTP/1.1" status: 200 len: 1437 time: 0.0466635
2026-06-23 19:47:18.897 9 INFO neutron.wsgi [None req-b94cecad-89a0-4bbd-be24-815d6dc2a4d3 2b18d60b87384b7b9789aa7c2c44bc0d f2920c33348246b08d55932abdebf6a6 - - default default] 10.0.0.98 "GET /v2.0/agents HTTP/1.1" status: 200 len: 997 time: 0.0465107
2026-06-23 19:47:18.928 9 INFO neutron.wsgi [None req-5ddc692f-c963-47f7-963c-5e08db8dd5e7 2b18d60b87384b7b9789aa7c2c44bc0d f2920c33348246b08d55932abdebf6a6 - - default default] 10.0.0.98 "GET /v2.0/subnets HTTP/1.1" status: 200 len: 1437 time: 0.0296693
2026-06-23 19:47:18.946 9 INFO neutron.wsgi [None req-7debc73d-f2d4-415b-b4c2-b64c8cdeba4b 2b18d60b87384b7b9789aa7c2c44bc0d f2920c33348246b08d55932abdebf6a6 - - default default] 10.0.0.98 "GET /v2.0/subnetpools HTTP/1.1" status: 200 len: 193 time: 0.0171585
2026-06-23 19:47:18.969 9 INFO neutron.wsgi [None req-533124da-986f-4ad1-a1bf-16d100ce52b3 2b18d60b87384b7b9789aa7c2c44bc0d f2920c33348246b08d55932abdebf6a6 - - default default] 10.0.0.98 "GET /v2.0/routers HTTP/1.1" status: 200 len: 189 time: 0.0221732
2026-06-23 19:47:18.978 9 INFO neutron.wsgi [None req-4b023cfd-da7d-462e-9feb-4e4439411b9b 2b18d60b87384b7b9789aa7c2c44bc0d f2920c33348246b08d55932abdebf6a6 - - default default] 10.0.0.98 "GET /v2.0/agents?binary=ovn-controller HTTP/1.1" status: 200 len: 591 time: 0.0079970
2026-06-23 19:47:19.058 9 INFO neutron.wsgi [None req-fcc07181-19ac-4520-9323-5587d02bf81b 2b18d60b87384b7b9789aa7c2c44bc0d f2920c33348246b08d55932abdebf6a6 - - default default] 10.0.0.98 "GET /v2.0/networks HTTP/1.1" status: 200 len: 2350 time: 0.0778873
2026-06-23 19:47:19.114 9 INFO neutron.wsgi [None req-59c1aab9-accc-4ea0-abcf-4035948cc10e 2b18d60b87384b7b9789aa7c2c44bc0d f2920c33348246b08d55932abdebf6a6 - - default default] 10.0.0.98 "GET /v2.0/security-groups HTTP/1.1" status: 200 len: 16803 time: 0.0534549
2026-06-23 19:47:19.175 9 INFO neutron.wsgi [None req-aad56913-5bda-4ce9-baeb-9266eae08a9d 2b18d60b87384b7b9789aa7c2c44bc0d f2920c33348246b08d55932abdebf6a6 - - default default] 10.0.0.98 "GET /v2.0/ports HTTP/1.1" status: 200 len: 5351 time: 0.0386322
2026-06-23 19:47:28.977 10 INFO neutron.wsgi [-] 10.0.0.239 "GET / HTTP/1.1" status: 200 len: 246 time: 0.0028131
2026-06-23 19:47:28.977 9 INFO neutron.wsgi [-] 10.0.0.239 "GET / HTTP/1.1" status: 200 len: 246 time: 0.0027039
2026-06-23 19:47:43.976 10 INFO neutron.wsgi [-] 10.0.0.239 "GET / HTTP/1.1" status: 200 len: 246 time: 0.0022931
2026-06-23 19:47:43.977 9 INFO neutron.wsgi [-] 10.0.0.239 "GET / HTTP/1.1" status: 200 len: 246 time: 0.0020344
2026-06-23 19:47:58.977 9 INFO neutron.wsgi [-] 10.0.0.239 "GET / HTTP/1.1" status: 200 len: 246 time: 0.0026846
2026-06-23 19:47:58.977 10 INFO neutron.wsgi [-] 10.0.0.239 "GET / HTTP/1.1" status: 200 len: 246 time: 0.0025630
2026-06-23 19:48:13.977 10 INFO neutron.wsgi [-] 10.0.0.239 "GET / HTTP/1.1" status: 200 len: 246 time: 0.0024612
2026-06-23 19:48:13.978 9 INFO neutron.wsgi [-] 10.0.0.239 "GET / HTTP/1.1" status: 200 len: 246 time: 0.0034173
2026-06-23 19:48:18.709 9 INFO neutron.wsgi [None req-ee895a64-87fa-4eeb-a0e3-5e60280fca91 2b18d60b87384b7b9789aa7c2c44bc0d f2920c33348246b08d55932abdebf6a6 - - default default] 10.0.0.98 "GET /v2.0/routers HTTP/1.1" status: 200 len: 189 time: 0.1020200
2026-06-23 19:48:18.741 9 INFO neutron.wsgi [None req-670d0050-1094-4244-af9c-6ffad36bc471 2b18d60b87384b7b9789aa7c2c44bc0d f2920c33348246b08d55932abdebf6a6 - - default default] 10.0.0.98 "GET /v2.0/agents?binary=ovn-controller HTTP/1.1" status: 200 len: 591 time: 0.0312417
2026-06-23 19:48:18.764 9 INFO neutron.wsgi [None req-d05b57cb-da5c-4631-8089-af05f02fcb51 2b18d60b87384b7b9789aa7c2c44bc0d f2920c33348246b08d55932abdebf6a6 - - default default] 10.0.0.98 "GET /v2.0/floatingips HTTP/1.1" status: 200 len: 193 time: 0.0217326
2026-06-23 19:48:18.820 9 INFO neutron.wsgi [None req-c2aef5a6-de01-4a7b-a6a5-6770e6a26d6c 2b18d60b87384b7b9789aa7c2c44bc0d f2920c33348246b08d55932abdebf6a6 - - default default] 10.0.0.98 "GET /v2.0/security-groups HTTP/1.1" status: 200 len: 16803 time: 0.0546916
2026-06-23 19:48:18.848 9 INFO neutron.wsgi [None req-58d7a490-2ab5-4276-b89e-0ba5e751f316 2b18d60b87384b7b9789aa7c2c44bc0d f2920c33348246b08d55932abdebf6a6 - - default default] 10.0.0.98 "GET /v2.0/agents HTTP/1.1" status: 200 len: 997 time: 0.0130007
2026-06-23 19:48:18.886 9 INFO neutron.wsgi [None req-78d8146b-589a-4dc5-8c32-495335084087 2b18d60b87384b7b9789aa7c2c44bc0d f2920c33348246b08d55932abdebf6a6 - - default default] 10.0.0.98 "GET /v2.0/subnets HTTP/1.1" status: 200 len: 1437 time: 0.0372443
2026-06-23 19:48:18.896 9 INFO neutron.wsgi [None req-76fa5334-ccd6-4331-8736-96d972daa883 2b18d60b87384b7b9789aa7c2c44bc0d f2920c33348246b08d55932abdebf6a6 - - default default] 10.0.0.98 "GET /v2.0/subnetpools HTTP/1.1" status: 200 len: 193 time: 0.0088706
