2026-06-23 19:56:25.130 9 INFO neutron.wsgi [req-e29da607-d14c-4211-abc1-67e0bd8d7ffe req-856a8411-b78a-4d4c-beb9-31547e19bab4 8bae624c2f2c4bc084ef71d8f52d0ff4 5b118ae857d24f25b9818147ad922d70 - - default default] 10.0.0.120 "GET /v2.0/quotas/5b118ae857d24f25b9818147ad922d70 HTTP/1.1" status: 200 len: 386 time: 0.0122349
2026-06-23 19:56:25.196 9 INFO neutron.wsgi [None req-19e54fd4-519a-4c64-a013-05f870b8c143 1059f175af2045e0a29938822b023436 a4869347eb2542968793ac23067f1a1d - - default default] 10.0.0.93 "GET /v2.0/networks/f74bde2b-e3fd-4918-b4ba-179f299aafcc/tags HTTP/1.1" status: 200 len: 218 time: 0.0631185
2026-06-23 19:56:25.247 10 INFO neutron.wsgi [None req-23869a39-6ef8-4712-98f4-aadcb1e5fbbf 1059f175af2045e0a29938822b023436 a4869347eb2542968793ac23067f1a1d - - default default] 10.0.0.93 "PUT /v2.0/networks/f74bde2b-e3fd-4918-b4ba-179f299aafcc/tags/green HTTP/1.1" status: 201 len: 201 time: 0.0466652
2026-06-23 19:56:25.291 10 INFO neutron.wsgi [None req-83b69aac-7c0c-4f3e-895f-ec1cb2a1b3df 1059f175af2045e0a29938822b023436 a4869347eb2542968793ac23067f1a1d - - default default] 10.0.0.93 "GET /v2.0/networks/f74bde2b-e3fd-4918-b4ba-179f299aafcc/tags HTTP/1.1" status: 200 len: 227 time: 0.0397224
2026-06-23 19:56:25.333 10 INFO neutron.wsgi [None req-98a069c3-1727-44fd-88e7-3e6fcb1a291c 1059f175af2045e0a29938822b023436 a4869347eb2542968793ac23067f1a1d - - default default] 10.0.0.93 "PUT /v2.0/networks/f74bde2b-e3fd-4918-b4ba-179f299aafcc/tags/red HTTP/1.1" status: 201 len: 201 time: 0.0369346
2026-06-23 19:56:25.349 9 INFO neutron.wsgi [req-e29da607-d14c-4211-abc1-67e0bd8d7ffe req-1f2a618d-00b7-4487-b31e-5a2a905b6429 8bae624c2f2c4bc084ef71d8f52d0ff4 5b118ae857d24f25b9818147ad922d70 - - default default] 10.0.0.120 "GET /v2.0/ports?tenant_id=5b118ae857d24f25b9818147ad922d70&fields=id HTTP/1.1" status: 200 len: 486 time: 0.2111685
2026-06-23 19:56:25.378 10 INFO neutron.wsgi [None req-be579f33-a997-4023-9f41-b3c76e253989 1059f175af2045e0a29938822b023436 a4869347eb2542968793ac23067f1a1d - - default default] 10.0.0.93 "GET /v2.0/networks/f74bde2b-e3fd-4918-b4ba-179f299aafcc/tags HTTP/1.1" status: 200 len: 227 time: 0.0404782
2026-06-23 19:56:25.434 10 INFO neutron.wsgi [None req-e81ba77c-97b3-4648-bee1-9768b23f9fd5 1059f175af2045e0a29938822b023436 a4869347eb2542968793ac23067f1a1d - - default default] 10.0.0.93 "PUT /v2.0/networks/f74bde2b-e3fd-4918-b4ba-179f299aafcc/tags/black.or.white HTTP/1.1" status: 201 len: 201 time: 0.0499923
2026-06-23 19:56:25.437 9 INFO neutron.wsgi [req-e29da607-d14c-4211-abc1-67e0bd8d7ffe req-5b35ef16-dcbc-4154-86fa-506563c593f0 6f4f30bf7cba42668a7ca8990c172dfd e1fad1e9d9474683adc8c094c81f7748 - - cbb44453c8884041b81e710af37951b4 cbb44453c8884041b81e710af37951b4] 10.0.0.120 "GET /v2.0/networks/8715c05d-33c5-4a66-aec0-47410e86df5e?fields=segments HTTP/1.1" status: 200 len: 212 time: 0.0684259
2026-06-23 19:56:25.473 10 INFO neutron.wsgi [None req-bc904c05-d26d-427b-ba8b-c3e7b1d2b48e 1059f175af2045e0a29938822b023436 a4869347eb2542968793ac23067f1a1d - - default default] 10.0.0.93 "GET /v2.0/networks/f74bde2b-e3fd-4918-b4ba-179f299aafcc/tags HTTP/1.1" status: 200 len: 245 time: 0.0336266
2026-06-23 19:56:25.498 9 INFO neutron.wsgi [req-e29da607-d14c-4211-abc1-67e0bd8d7ffe req-3de0367a-b142-4ca7-8e88-3e7fe346cfe8 6f4f30bf7cba42668a7ca8990c172dfd e1fad1e9d9474683adc8c094c81f7748 - - cbb44453c8884041b81e710af37951b4 cbb44453c8884041b81e710af37951b4] 10.0.0.120 "GET /v2.0/networks/8715c05d-33c5-4a66-aec0-47410e86df5e?fields=provider%3Aphysical_network&fields=provider%3Anetwork_type HTTP/1.1" status: 200 len: 277 time: 0.0568452
2026-06-23 19:56:25.528 10 WARNING neutron.plugins.ml2.drivers.ovn.mech_driver.ovsdb.ovn_client [None req-39ba069d-e556-42b2-b945-e7cabd4c0509 - - - - - -] No hosting information found for port 8c736d63-b4f0-423e-96b2-38f9f639d7ba: RuntimeError: No hosting information found for port 8c736d63-b4f0-423e-96b2-38f9f639d7ba
2026-06-23 19:56:25.531 10 INFO neutron.wsgi [None req-624051b5-6f06-4e42-b0d6-181e4b5b139c 1059f175af2045e0a29938822b023436 a4869347eb2542968793ac23067f1a1d - - default default] 10.0.0.93 "PUT /v2.0/networks/f74bde2b-e3fd-4918-b4ba-179f299aafcc/tags HTTP/1.1" status: 200 len: 230 time: 0.0537441
2026-06-23 19:56:25.566 10 INFO neutron.wsgi [None req-34a14d4a-be23-40a4-846b-5fb50e18f1eb 1059f175af2045e0a29938822b023436 a4869347eb2542968793ac23067f1a1d - - default default] 10.0.0.93 "GET /v2.0/networks/f74bde2b-e3fd-4918-b4ba-179f299aafcc/tags HTTP/1.1" status: 200 len: 230 time: 0.0307529
2026-06-23 19:56:25.618 10 INFO neutron.wsgi [None req-e054ce80-940f-44fb-9265-5f8adebb42c3 1059f175af2045e0a29938822b023436 a4869347eb2542968793ac23067f1a1d - - default default] 10.0.0.93 "GET /v2.0/networks/f74bde2b-e3fd-4918-b4ba-179f299aafcc/tags/red HTTP/1.1" status: 204 len: 168 time: 0.0469632
2026-06-23 19:56:25.620 10 INFO neutron.wsgi [req-f5d5c45a-d82d-408b-9916-5edcc0e53d26 req-d4e259b0-1299-4fa8-a2eb-e64313c4c0d5 8bae624c2f2c4bc084ef71d8f52d0ff4 5b118ae857d24f25b9818147ad922d70 - - default default] 10.0.0.120 "GET /v2.0/ports?device_id=f018fec8-81ad-4484-b9e6-9eacfe0c4ad7 HTTP/1.1" status: 200 len: 210 time: 0.0199649
2026-06-23 19:56:25.649 10 INFO neutron.api.v2.resource [None req-912bae61-2ce0-4f50-a063-eff945313124 1059f175af2045e0a29938822b023436 a4869347eb2542968793ac23067f1a1d - - default default] show failed (client error): The resource could not be found.
2026-06-23 19:56:25.650 10 INFO neutron.wsgi [None req-912bae61-2ce0-4f50-a063-eff945313124 1059f175af2045e0a29938822b023436 a4869347eb2542968793ac23067f1a1d - - default default] 10.0.0.93 "GET /v2.0/networks/f74bde2b-e3fd-4918-b4ba-179f299aafcc/tags/green HTTP/1.1" status: 404 len: 299 time: 0.0283439
2026-06-23 19:56:25.701 10 INFO neutron.wsgi [None req-e7e40f40-2bcd-4a1a-948d-e9ddf29517c4 1059f175af2045e0a29938822b023436 a4869347eb2542968793ac23067f1a1d - - default default] 10.0.0.93 "DELETE /v2.0/networks/f74bde2b-e3fd-4918-b4ba-179f299aafcc/tags/red HTTP/1.1" status: 204 len: 168 time: 0.0467601
2026-06-23 19:56:25.743 10 INFO neutron.wsgi [None req-9cb96240-b90e-4839-9999-533b54e90c87 1059f175af2045e0a29938822b023436 a4869347eb2542968793ac23067f1a1d - - default default] 10.0.0.93 "GET /v2.0/networks/f74bde2b-e3fd-4918-b4ba-179f299aafcc/tags HTTP/1.1" status: 200 len: 223 time: 0.0377793
2026-06-23 19:56:25.787 10 INFO neutron.api.v2.resource [None req-b4020cf6-6bd6-4983-85ab-91cdde52a9ea 1059f175af2045e0a29938822b023436 a4869347eb2542968793ac23067f1a1d - - default default] delete failed (client error): The resource could not be found.
2026-06-23 19:56:25.788 10 INFO neutron.wsgi [None req-b4020cf6-6bd6-4983-85ab-91cdde52a9ea 1059f175af2045e0a29938822b023436 a4869347eb2542968793ac23067f1a1d - - default default] 10.0.0.93 "DELETE /v2.0/networks/f74bde2b-e3fd-4918-b4ba-179f299aafcc/tags/green HTTP/1.1" status: 404 len: 299 time: 0.0401616
2026-06-23 19:56:25.870 10 INFO neutron.wsgi [None req-c8093d62-58d6-49bd-b339-969132610590 1059f175af2045e0a29938822b023436 a4869347eb2542968793ac23067f1a1d - - default default] 10.0.0.93 "DELETE /v2.0/networks/f74bde2b-e3fd-4918-b4ba-179f299aafcc/tags HTTP/1.1" status: 204 len: 168 time: 0.0779760
2026-06-23 19:56:25.944 10 INFO neutron.wsgi [None req-f81f08fd-4387-4bec-83e8-bd9e064f539d 1059f175af2045e0a29938822b023436 a4869347eb2542968793ac23067f1a1d - - default default] 10.0.0.93 "GET /v2.0/networks/f74bde2b-e3fd-4918-b4ba-179f299aafcc/tags HTTP/1.1" status: 200 len: 205 time: 0.0675097
2026-06-23 19:56:26.309 10 INFO neutron.services.segments.plugin [-] Segment 9cee29f2-5c9e-451f-baf5-9e5549eba779 resource provider aggregate not found
2026-06-23 19:56:26.315 10 INFO neutron.services.segments.plugin [-] Segment 9cee29f2-5c9e-451f-baf5-9e5549eba779 resource provider aggregate not found
2026-06-23 19:56:26.332 10 INFO neutron.services.segments.plugin [-] Segment 9cee29f2-5c9e-451f-baf5-9e5549eba779 resource provider not found; error: Placement Client Error (4xx): {"errors": [{"status": 404, "title": "Not Found", "detail": "The resource could not be found.\n\n No resource provider with uuid 9cee29f2-5c9e-451f-baf5-9e5549eba779 found for delete ", "request_id": "req-f13e4fb3-2cd0-4a49-a222-8bc16894a0b8"}]}
2026-06-23 19:56:26.335 10 INFO neutron.services.segments.plugin [-] Segment 9cee29f2-5c9e-451f-baf5-9e5549eba779 resource provider not found; error: Placement Client Error (4xx): {"errors": [{"status": 404, "title": "Not Found", "detail": "The resource could not be found.\n\n No resource provider with uuid 9cee29f2-5c9e-451f-baf5-9e5549eba779 found for delete ", "request_id": "req-96597db0-c3b5-4867-95b1-7dba4ab6fc3c"}]}
2026-06-23 19:56:26.338 9 INFO neutron.wsgi [req-e29da607-d14c-4211-abc1-67e0bd8d7ffe req-c4319e00-3e7c-4575-b449-2778ed49ce46 8bae624c2f2c4bc084ef71d8f52d0ff4 5b118ae857d24f25b9818147ad922d70 - - default default] 199.204.45.19 "GET /v2.0/networks?id=8715c05d-33c5-4a66-aec0-47410e86df5e HTTP/1.1" status: 200 len: 904 time: 0.0648606
2026-06-23 19:56:26.366 10 INFO neutron.wsgi [None req-434e6bfd-417f-446f-8a8a-bd9ee75e3a66 1059f175af2045e0a29938822b023436 a4869347eb2542968793ac23067f1a1d - - default default] 10.0.0.93 "DELETE /v2.0/networks/f74bde2b-e3fd-4918-b4ba-179f299aafcc HTTP/1.1" status: 204 len: 168 time: 0.4139721
2026-06-23 19:56:26.390 9 INFO neutron.wsgi [req-e29da607-d14c-4211-abc1-67e0bd8d7ffe req-2725a234-6067-49bf-95f0-39207a32489f 8bae624c2f2c4bc084ef71d8f52d0ff4 5b118ae857d24f25b9818147ad922d70 - - default default] 199.204.45.19 "GET /v2.0/security-groups?fields=id&fields=name&tenant_id=5b118ae857d24f25b9818147ad922d70 HTTP/1.1" status: 200 len: 378 time: 0.0471907
2026-06-23 19:56:26.785 9 WARNING neutron.scheduler.dhcp_agent_scheduler [req-e29da607-d14c-4211-abc1-67e0bd8d7ffe req-793f2943-adf2-4a21-8c21-ea727879179d 8bae624c2f2c4bc084ef71d8f52d0ff4 5b118ae857d24f25b9818147ad922d70 - - default default] No more DHCP agents
2026-06-23 19:56:26.791 9 WARNING neutron.api.rpc.agentnotifiers.dhcp_rpc_agent_api [req-e29da607-d14c-4211-abc1-67e0bd8d7ffe req-793f2943-adf2-4a21-8c21-ea727879179d 8bae624c2f2c4bc084ef71d8f52d0ff4 5b118ae857d24f25b9818147ad922d70 - - default default] Unable to schedule network 8715c05d-33c5-4a66-aec0-47410e86df5e: no agents available; will retry on subsequent port and subnet creation events.
2026-06-23 19:56:26.987 9 INFO neutron.db.ovn_revision_numbers_db [req-e29da607-d14c-4211-abc1-67e0bd8d7ffe req-793f2943-adf2-4a21-8c21-ea727879179d 8bae624c2f2c4bc084ef71d8f52d0ff4 5b118ae857d24f25b9818147ad922d70 - - default default] Successfully bumped revision number for resource e7ce53ab-5076-444a-8635-bbf15c8c5cf5 (type: ports) to 1
2026-06-23 19:56:27.013 9 INFO neutron.wsgi [req-e29da607-d14c-4211-abc1-67e0bd8d7ffe req-793f2943-adf2-4a21-8c21-ea727879179d 8bae624c2f2c4bc084ef71d8f52d0ff4 5b118ae857d24f25b9818147ad922d70 - - default default] 199.204.45.19 "POST /v2.0/ports HTTP/1.1" status: 201 len: 1384 time: 0.6163266 /var/lib/openstack/lib/python3.10/site-packages/pycadf/identifier.py:71: UserWarning: Invalid uuid: neutron. To ensure interoperability, identifiers should be a valid uuid. warnings.warn(('Invalid uuid: %s. To ensure interoperability, '
2026-06-23 19:56:27.371 10 INFO neutron.wsgi [None req-ed727927-3fbd-4cd3-8c1b-c7827352ed9a 2b18d60b87384b7b9789aa7c2c44bc0d f2920c33348246b08d55932abdebf6a6 - - default default] 10.0.0.93 "GET /v2.0/security-groups?tenant_id=a4869347eb2542968793ac23067f1a1d&name=default HTTP/1.1" status: 200 len: 3000 time: 0.1578319
2026-06-23 19:56:27.439 9 INFO neutron.db.ovn_revision_numbers_db [req-e29da607-d14c-4211-abc1-67e0bd8d7ffe req-6e08157d-41fe-4275-8fd1-3c7b89c3e0db 6f4f30bf7cba42668a7ca8990c172dfd e1fad1e9d9474683adc8c094c81f7748 - - cbb44453c8884041b81e710af37951b4 cbb44453c8884041b81e710af37951b4] Successfully bumped revision number for resource e7ce53ab-5076-444a-8635-bbf15c8c5cf5 (type: ports) to 2
2026-06-23 19:56:27.568 10 INFO neutron.wsgi [None req-de3049ca-ade3-4232-9d16-8a46439d541c 2b18d60b87384b7b9789aa7c2c44bc0d f2920c33348246b08d55932abdebf6a6 - - default default] 10.0.0.93 "DELETE /v2.0/security-groups/d8150bde-8a10-4f8f-b22e-14453e2a6e64 HTTP/1.1" status: 204 len: 168 time: 0.1890106
2026-06-23 19:56:27.670 9 INFO neutron.db.ovn_revision_numbers_db [req-e29da607-d14c-4211-abc1-67e0bd8d7ffe req-6e08157d-41fe-4275-8fd1-3c7b89c3e0db 6f4f30bf7cba42668a7ca8990c172dfd e1fad1e9d9474683adc8c094c81f7748 - - cbb44453c8884041b81e710af37951b4 cbb44453c8884041b81e710af37951b4] Successfully bumped revision number for resource e7ce53ab-5076-444a-8635-bbf15c8c5cf5 (type: ports) to 2
2026-06-23 19:56:27.686 9 INFO neutron.wsgi [req-e29da607-d14c-4211-abc1-67e0bd8d7ffe req-6e08157d-41fe-4275-8fd1-3c7b89c3e0db 6f4f30bf7cba42668a7ca8990c172dfd e1fad1e9d9474683adc8c094c81f7748 - - cbb44453c8884041b81e710af37951b4 cbb44453c8884041b81e710af37951b4] 199.204.45.19 "PUT /v2.0/ports/e7ce53ab-5076-444a-8635-bbf15c8c5cf5 HTTP/1.1" status: 200 len: 1601 time: 0.6638327 /var/lib/openstack/lib/python3.10/site-packages/pycadf/identifier.py:71: UserWarning: Invalid uuid: neutron. To ensure interoperability, identifiers should be a valid uuid. warnings.warn(('Invalid uuid: %s. To ensure interoperability, '
2026-06-23 19:56:27.734 9 INFO neutron.notifiers.nova [-] Nova event matching ['req-dfb6f979-29df-4cee-bc58-6adf480f4e2a'] response: {'name': 'network-changed', 'server_uuid': 'f018fec8-81ad-4484-b9e6-9eacfe0c4ad7', 'tag': 'e7ce53ab-5076-444a-8635-bbf15c8c5cf5', 'status': 'completed', 'code': 200}
2026-06-23 19:56:27.760 9 INFO neutron.wsgi [req-e29da607-d14c-4211-abc1-67e0bd8d7ffe req-947f8656-cb57-4c68-8afa-c4e1fd2716b5 6f4f30bf7cba42668a7ca8990c172dfd e1fad1e9d9474683adc8c094c81f7748 - - cbb44453c8884041b81e710af37951b4 cbb44453c8884041b81e710af37951b4] 199.204.45.19 "GET /v2.0/ports?tenant_id=5b118ae857d24f25b9818147ad922d70&device_id=f018fec8-81ad-4484-b9e6-9eacfe0c4ad7 HTTP/1.1" status: 200 len: 1632 time: 0.0381668
2026-06-23 19:56:27.802 9 INFO neutron.wsgi [req-e29da607-d14c-4211-abc1-67e0bd8d7ffe req-b21acfdc-dfb7-4adc-b4db-522a50135edf 6f4f30bf7cba42668a7ca8990c172dfd e1fad1e9d9474683adc8c094c81f7748 - - cbb44453c8884041b81e710af37951b4 cbb44453c8884041b81e710af37951b4] 199.204.45.19 "GET /v2.0/floatingips?fixed_ip_address=10.2.1.56&port_id=e7ce53ab-5076-444a-8635-bbf15c8c5cf5 HTTP/1.1" status: 200 len: 217 time: 0.0262971
2026-06-23 19:56:27.804 10 INFO neutron.db.ovn_revision_numbers_db [None req-73806b89-2eb9-4723-8f0f-60abed324f76 2b18d60b87384b7b9789aa7c2c44bc0d f2920c33348246b08d55932abdebf6a6 - - default default] Successfully bumped revision number for resource 550d8256-e0fd-413d-be49-6631a1670004 (type: security_groups) to 1
2026-06-23 19:56:27.827 10 INFO neutron.db.ovn_revision_numbers_db [None req-73806b89-2eb9-4723-8f0f-60abed324f76 2b18d60b87384b7b9789aa7c2c44bc0d f2920c33348246b08d55932abdebf6a6 - - default default] Successfully bumped revision number for resource 09cc5a13-2191-4c08-8bbf-464ba569dc15 (type: security_group_rules) to 0
2026-06-23 19:56:27.833 9 INFO neutron.wsgi [req-e29da607-d14c-4211-abc1-67e0bd8d7ffe req-1a0fa63a-47d4-4a7f-97c1-663903be1377 6f4f30bf7cba42668a7ca8990c172dfd e1fad1e9d9474683adc8c094c81f7748 - - cbb44453c8884041b81e710af37951b4 cbb44453c8884041b81e710af37951b4] 199.204.45.19 "GET /v2.0/floatingips?fixed_ip_address=fd7b%3Af9f7%3Afff%3A4eca%3A%3A388&port_id=e7ce53ab-5076-444a-8635-bbf15c8c5cf5 HTTP/1.1" status: 200 len: 217 time: 0.0234704
2026-06-23 19:56:27.850 10 INFO neutron.db.ovn_revision_numbers_db [None req-73806b89-2eb9-4723-8f0f-60abed324f76 2b18d60b87384b7b9789aa7c2c44bc0d f2920c33348246b08d55932abdebf6a6 - - default default] Successfully bumped revision number for resource 9d02c79c-fe6b-49f8-aee4-3f0958a4c8b0 (type: security_group_rules) to 0
2026-06-23 19:56:27.869 10 INFO neutron.db.ovn_revision_numbers_db [None req-73806b89-2eb9-4723-8f0f-60abed324f76 2b18d60b87384b7b9789aa7c2c44bc0d f2920c33348246b08d55932abdebf6a6 - - default default] Successfully bumped revision number for resource e55494fd-934e-49fc-a1e5-8e91fe313a6b (type: security_group_rules) to 0
2026-06-23 19:56:27.878 9 INFO neutron.wsgi [req-e29da607-d14c-4211-abc1-67e0bd8d7ffe req-3912f5ac-089d-4434-bc32-20bb62fbb7a7 6f4f30bf7cba42668a7ca8990c172dfd e1fad1e9d9474683adc8c094c81f7748 - - cbb44453c8884041b81e710af37951b4 cbb44453c8884041b81e710af37951b4] 199.204.45.19 "GET /v2.0/subnets?id=dd934d0b-c238-4221-a13b-a2e1bfe98df9&id=49591466-ad3b-4b79-a6ef-e7a9e8d27184 HTTP/1.1" status: 200 len: 1562 time: 0.0329773
2026-06-23 19:56:27.897 10 INFO neutron.db.ovn_revision_numbers_db [None req-73806b89-2eb9-4723-8f0f-60abed324f76 2b18d60b87384b7b9789aa7c2c44bc0d f2920c33348246b08d55932abdebf6a6 - - default default] Successfully bumped revision number for resource fe8be22e-7bfa-4647-9014-a2864e3c490e (type: security_group_rules) to 0
2026-06-23 19:56:27.909 9 INFO neutron.wsgi [req-e29da607-d14c-4211-abc1-67e0bd8d7ffe req-616f419b-d234-40d8-8e7a-89c993ac79f3 6f4f30bf7cba42668a7ca8990c172dfd e1fad1e9d9474683adc8c094c81f7748 - - cbb44453c8884041b81e710af37951b4 cbb44453c8884041b81e710af37951b4] 199.204.45.19 "GET /v2.0/ports?network_id=8715c05d-33c5-4a66-aec0-47410e86df5e&device_owner=network%3Adhcp HTTP/1.1" status: 200 len: 210 time: 0.0261242
2026-06-23 19:56:27.931 9 INFO neutron.wsgi [req-e29da607-d14c-4211-abc1-67e0bd8d7ffe req-0d43de3a-3510-42a3-9f54-775fcdc74fc3 6f4f30bf7cba42668a7ca8990c172dfd e1fad1e9d9474683adc8c094c81f7748 - - cbb44453c8884041b81e710af37951b4 cbb44453c8884041b81e710af37951b4] 199.204.45.19 "GET /v2.0/ports?network_id=8715c05d-33c5-4a66-aec0-47410e86df5e&device_owner=network%3Adhcp HTTP/1.1" status: 200 len: 210 time: 0.0171504
2026-06-23 19:56:27.939 10 INFO neutron.wsgi [None req-73806b89-2eb9-4723-8f0f-60abed324f76 2b18d60b87384b7b9789aa7c2c44bc0d f2920c33348246b08d55932abdebf6a6 - - default default] 10.0.0.93 "GET /v2.0/security-groups?tenant_id=cd6fa4a2044d404e951c0461f8ff005c&name=default HTTP/1.1" status: 200 len: 3000 time: 0.2652626
2026-06-23 19:56:27.987 9 WARNING neutron.plugins.ml2.drivers.ovn.mech_driver.ovsdb.ovn_client [None req-4df46f37-8bdc-4170-b649-fd88ecb8fd25 - - - - - -] No hosting information found for port 7ff96b78-dbbd-400a-be04-0dd6fe01925a: RuntimeError: No hosting information found for port 7ff96b78-dbbd-400a-be04-0dd6fe01925a
2026-06-23 19:56:28.004 9 INFO neutron.wsgi [req-e29da607-d14c-4211-abc1-67e0bd8d7ffe req-7c881ed9-98db-41b3-87f2-dfefe12a4328 6f4f30bf7cba42668a7ca8990c172dfd e1fad1e9d9474683adc8c094c81f7748 - - cbb44453c8884041b81e710af37951b4 cbb44453c8884041b81e710af37951b4] 199.204.45.19 "GET /v2.0/networks/8715c05d-33c5-4a66-aec0-47410e86df5e?fields=segments HTTP/1.1" status: 200 len: 212 time: 0.0686178
2026-06-23 19:56:28.068 9 INFO neutron.wsgi [req-e29da607-d14c-4211-abc1-67e0bd8d7ffe req-a45de3af-eb22-4933-a59e-fa668e3fa0b0 6f4f30bf7cba42668a7ca8990c172dfd e1fad1e9d9474683adc8c094c81f7748 - - cbb44453c8884041b81e710af37951b4 cbb44453c8884041b81e710af37951b4] 199.204.45.19 "GET /v2.0/networks/8715c05d-33c5-4a66-aec0-47410e86df5e?fields=provider%3Aphysical_network&fields=provider%3Anetwork_type HTTP/1.1" status: 200 len: 277 time: 0.0611215
2026-06-23 19:56:28.134 9 INFO neutron.wsgi [req-605d3cf3-f540-4430-977b-11b213487ef7 req-1185a5c6-119d-4ff9-bf10-605d1fddac3f 6f4f30bf7cba42668a7ca8990c172dfd e1fad1e9d9474683adc8c094c81f7748 - - cbb44453c8884041b81e710af37951b4 cbb44453c8884041b81e710af37951b4] 199.204.45.19 "GET /v2.0/ports?tenant_id=5b118ae857d24f25b9818147ad922d70&device_id=f018fec8-81ad-4484-b9e6-9eacfe0c4ad7 HTTP/1.1" status: 200 len: 1632 time: 0.0384257
2026-06-23 19:56:28.135 10 INFO neutron.wsgi [None req-087be90e-2386-44a1-8d39-9d5a12f7cc02 2b18d60b87384b7b9789aa7c2c44bc0d f2920c33348246b08d55932abdebf6a6 - - default default] 10.0.0.93 "DELETE /v2.0/security-groups/550d8256-e0fd-413d-be49-6631a1670004 HTTP/1.1" status: 204 len: 168 time: 0.1912780
2026-06-23 19:56:28.207 9 INFO neutron.wsgi [req-605d3cf3-f540-4430-977b-11b213487ef7 req-b0ea590b-50ac-4b61-a073-d473593cde0f 6f4f30bf7cba42668a7ca8990c172dfd e1fad1e9d9474683adc8c094c81f7748 - - cbb44453c8884041b81e710af37951b4 cbb44453c8884041b81e710af37951b4] 199.204.45.19 "GET /v2.0/networks?id=8715c05d-33c5-4a66-aec0-47410e86df5e HTTP/1.1" status: 200 len: 1003 time: 0.0686061
2026-06-23 19:56:28.244 9 INFO neutron.wsgi [req-605d3cf3-f540-4430-977b-11b213487ef7 req-79c85675-c0ec-4dac-ab3d-de927e45db6f 6f4f30bf7cba42668a7ca8990c172dfd e1fad1e9d9474683adc8c094c81f7748 - - cbb44453c8884041b81e710af37951b4 cbb44453c8884041b81e710af37951b4] 199.204.45.19 "GET /v2.0/floatingips?fixed_ip_address=10.2.1.56&port_id=e7ce53ab-5076-444a-8635-bbf15c8c5cf5 HTTP/1.1" status: 200 len: 217 time: 0.0278649
2026-06-23 19:56:28.262 9 INFO neutron.plugins.ml2.drivers.ovn.mech_driver.mech_driver [None req-4df46f37-8bdc-4170-b649-fd88ecb8fd25 - - - - - -] OVN reports status up for port: e7ce53ab-5076-444a-8635-bbf15c8c5cf5
2026-06-23 19:56:28.292 9 INFO neutron.wsgi [req-605d3cf3-f540-4430-977b-11b213487ef7 req-0f828b17-d79f-404d-9330-08c2dc10da61 6f4f30bf7cba42668a7ca8990c172dfd e1fad1e9d9474683adc8c094c81f7748 - - cbb44453c8884041b81e710af37951b4 cbb44453c8884041b81e710af37951b4] 199.204.45.19 "GET /v2.0/floatingips?fixed_ip_address=fd7b%3Af9f7%3Afff%3A4eca%3A%3A388&port_id=e7ce53ab-5076-444a-8635-bbf15c8c5cf5 HTTP/1.1" status: 200 len: 217 time: 0.0427837
2026-06-23 19:56:28.297 9 INFO neutron.plugins.ml2.plugin [None req-4df46f37-8bdc-4170-b649-fd88ecb8fd25 - - - - - -] Attempt 1 to provision port e7ce53ab-5076-444a-8635-bbf15c8c5cf5
2026-06-23 19:56:28.356 9 INFO neutron.wsgi [req-605d3cf3-f540-4430-977b-11b213487ef7 req-5b77f5fa-938b-4272-b838-36c3f7370623 6f4f30bf7cba42668a7ca8990c172dfd e1fad1e9d9474683adc8c094c81f7748 - - cbb44453c8884041b81e710af37951b4 cbb44453c8884041b81e710af37951b4] 199.204.45.19 "GET /v2.0/subnets?id=dd934d0b-c238-4221-a13b-a2e1bfe98df9&id=49591466-ad3b-4b79-a6ef-e7a9e8d27184 HTTP/1.1" status: 200 len: 1562 time: 0.0558407
2026-06-23 19:56:28.388 9 INFO neutron.wsgi [req-605d3cf3-f540-4430-977b-11b213487ef7 req-92192433-218f-4935-95bb-759d142dde86 6f4f30bf7cba42668a7ca8990c172dfd e1fad1e9d9474683adc8c094c81f7748 - - cbb44453c8884041b81e710af37951b4 cbb44453c8884041b81e710af37951b4] 199.204.45.19 "GET /v2.0/ports?network_id=8715c05d-33c5-4a66-aec0-47410e86df5e&device_owner=network%3Adhcp HTTP/1.1" status: 200 len: 210 time: 0.0179996
2026-06-23 19:56:28.415 9 INFO neutron.wsgi [req-605d3cf3-f540-4430-977b-11b213487ef7 req-2a5de385-5177-4fe2-858a-9bedaaa4339d 6f4f30bf7cba42668a7ca8990c172dfd e1fad1e9d9474683adc8c094c81f7748 - - cbb44453c8884041b81e710af37951b4 cbb44453c8884041b81e710af37951b4] 199.204.45.19 "GET /v2.0/ports?network_id=8715c05d-33c5-4a66-aec0-47410e86df5e&device_owner=network%3Adhcp HTTP/1.1" status: 200 len: 210 time: 0.0210011
2026-06-23 19:56:28.493 9 INFO neutron.wsgi [req-605d3cf3-f540-4430-977b-11b213487ef7 req-36de843c-9236-4fa7-a6b2-42342d7d9735 6f4f30bf7cba42668a7ca8990c172dfd e1fad1e9d9474683adc8c094c81f7748 - - cbb44453c8884041b81e710af37951b4 cbb44453c8884041b81e710af37951b4] 199.204.45.19 "GET /v2.0/networks/8715c05d-33c5-4a66-aec0-47410e86df5e?fields=segments HTTP/1.1" status: 200 len: 212 time: 0.0712857
2026-06-23 19:56:28.579 9 INFO neutron.wsgi [req-605d3cf3-f540-4430-977b-11b213487ef7 req-181da867-b6e8-45d3-9099-2aeedbd354b4 6f4f30bf7cba42668a7ca8990c172dfd e1fad1e9d9474683adc8c094c81f7748 - - cbb44453c8884041b81e710af37951b4 cbb44453c8884041b81e710af37951b4] 199.204.45.19 "GET /v2.0/networks/8715c05d-33c5-4a66-aec0-47410e86df5e?fields=provider%3Aphysical_network&fields=provider%3Anetwork_type HTTP/1.1" status: 200 len: 277 time: 0.0773370
2026-06-23 19:56:28.679 9 INFO neutron.db.ovn_revision_numbers_db [None req-4df46f37-8bdc-4170-b649-fd88ecb8fd25 - - - - - -] Successfully bumped revision number for resource e7ce53ab-5076-444a-8635-bbf15c8c5cf5 (type: ports) to 4
2026-06-23 19:56:28.977 9 INFO neutron.wsgi [-] 10.0.0.239 "GET / HTTP/1.1" status: 200 len: 246 time: 0.0027440
2026-06-23 19:56:28.979 10 INFO neutron.wsgi [-] 10.0.0.239 "GET / HTTP/1.1" status: 200 len: 246 time: 0.0032880
2026-06-23 19:56:29.801 9 INFO neutron.notifiers.nova [-] Nova event matching ['req-cb6fb7f9-b072-45b7-a8db-7a9aa11aa20f'] response: {'server_uuid': 'f018fec8-81ad-4484-b9e6-9eacfe0c4ad7', 'name': 'network-vif-plugged', 'status': 'completed', 'tag': 'e7ce53ab-5076-444a-8635-bbf15c8c5cf5', 'code': 200}
2026-06-23 19:56:29.801 9 INFO neutron.notifiers.nova [-] Nova event matching ['req-cb6fb7f9-b072-45b7-a8db-7a9aa11aa20f'] response: {'server_uuid': 'f018fec8-81ad-4484-b9e6-9eacfe0c4ad7', 'name': 'network-vif-plugged', 'status': 'completed', 'tag': 'e7ce53ab-5076-444a-8635-bbf15c8c5cf5', 'code': 200} /var/lib/openstack/lib/python3.10/site-packages/pycadf/identifier.py:71: UserWarning: Invalid uuid: neutron. To ensure interoperability, identifiers should be a valid uuid. warnings.warn(('Invalid uuid: %s. To ensure interoperability, '
2026-06-23 19:56:30.793 9 INFO neutron.wsgi [req-d9813a54-e38c-43e9-b679-8138170a0e19 req-fe71a6e9-fd9a-492c-bd5b-11573d364faf 8bae624c2f2c4bc084ef71d8f52d0ff4 5b118ae857d24f25b9818147ad922d70 - - default default] 10.0.0.120 "GET /v2.0/ports?device_id=f018fec8-81ad-4484-b9e6-9eacfe0c4ad7 HTTP/1.1" status: 200 len: 1396 time: 0.0923197
2026-06-23 19:56:30.857 9 INFO neutron.wsgi [req-d9813a54-e38c-43e9-b679-8138170a0e19 req-909f09b5-d924-4e91-b776-91b8970e1164 8bae624c2f2c4bc084ef71d8f52d0ff4 5b118ae857d24f25b9818147ad922d70 - - default default] 10.0.0.120 "GET /v2.0/security-groups?id=867934ae-f696-4372-8286-1c3f1bc4ce33&fields=id&fields=name HTTP/1.1" status: 200 len: 311 time: 0.0545928
2026-06-23 19:56:30.954 9 INFO neutron.wsgi [None req-5e5f088d-2c18-44e4-8b2c-8be000a8ad7c 8bae624c2f2c4bc084ef71d8f52d0ff4 5b118ae857d24f25b9818147ad922d70 - - default default] 10.0.0.93 "GET /v2.0/ports?network_id=8715c05d-33c5-4a66-aec0-47410e86df5e&mac_address=fa%3A16%3A3e%3A6c%3A72%3A69 HTTP/1.1" status: 200 len: 1391 time: 0.0608280
2026-06-23 19:56:31.209 10 WARNING neutron.scheduler.dhcp_agent_scheduler [None req-1d29f522-5e76-4324-afca-e3c8ea34c6ff 8bae624c2f2c4bc084ef71d8f52d0ff4 5b118ae857d24f25b9818147ad922d70 - - default default] No more DHCP agents
2026-06-23 19:56:31.211 10 WARNING neutron.api.rpc.agentnotifiers.dhcp_rpc_agent_api [None req-1d29f522-5e76-4324-afca-e3c8ea34c6ff 8bae624c2f2c4bc084ef71d8f52d0ff4 5b118ae857d24f25b9818147ad922d70 - - default default] Unable to schedule network 40607a6e-90de-4a78-89f4-9721d51919dd: no agents available; will retry on subsequent port and subnet creation events.
2026-06-23 19:56:31.634 10 INFO neutron.db.l3_db [None req-1d29f522-5e76-4324-afca-e3c8ea34c6ff 8bae624c2f2c4bc084ef71d8f52d0ff4 5b118ae857d24f25b9818147ad922d70 - - default default] Floating IP d3ca64f5-f7c7-4776-92cf-38b0df10d074 associated. External IP: 10.96.250.203, port: e7ce53ab-5076-444a-8635-bbf15c8c5cf5.
2026-06-23 19:56:31.878 10 INFO neutron.db.ovn_revision_numbers_db [None req-1d29f522-5e76-4324-afca-e3c8ea34c6ff 8bae624c2f2c4bc084ef71d8f52d0ff4 5b118ae857d24f25b9818147ad922d70 - - default default] Successfully bumped revision number for resource d3ca64f5-f7c7-4776-92cf-38b0df10d074 (type: floatingips) to 0
2026-06-23 19:56:31.880 9 INFO neutron.db.ovn_revision_numbers_db [None req-4342b4fd-5ff0-4764-a6e4-0f88107d86ea 2e9504ae2e1448708315d2b100cb3670 5c4c24678cf94e16bb264a689f5c86f2 - - default default] Successfully bumped revision number for resource 72f9c683-e4f0-49f8-8c28-af73cbd12be4 (type: security_groups) to 1
2026-06-23 19:56:31.902 9 INFO neutron.db.ovn_revision_numbers_db [None req-4342b4fd-5ff0-4764-a6e4-0f88107d86ea 2e9504ae2e1448708315d2b100cb3670 5c4c24678cf94e16bb264a689f5c86f2 - - default default] Successfully bumped revision number for resource 29b6f942-2136-496b-b9dc-ad217ca69da3 (type: security_group_rules) to 0
2026-06-23 19:56:31.923 9 INFO neutron.db.ovn_revision_numbers_db [None req-4342b4fd-5ff0-4764-a6e4-0f88107d86ea 2e9504ae2e1448708315d2b100cb3670 5c4c24678cf94e16bb264a689f5c86f2 - - default default] Successfully bumped revision number for resource 418f8d8c-35a4-4b82-8ec6-998d68425e4c (type: security_group_rules) to 0
2026-06-23 19:56:31.936 9 INFO neutron.db.ovn_revision_numbers_db [None req-4342b4fd-5ff0-4764-a6e4-0f88107d86ea 2e9504ae2e1448708315d2b100cb3670 5c4c24678cf94e16bb264a689f5c86f2 - - default default] Successfully bumped revision number for resource 96f6d174-8dcd-4a75-8f54-528e2e7cf6a6 (type: security_group_rules) to 0
2026-06-23 19:56:31.951 9 INFO neutron.db.ovn_revision_numbers_db [None req-4342b4fd-5ff0-4764-a6e4-0f88107d86ea 2e9504ae2e1448708315d2b100cb3670 5c4c24678cf94e16bb264a689f5c86f2 - - default default] Successfully bumped revision number for resource c6a1a2ce-3793-4ba8-8188-665d19e0fa28 (type: security_group_rules) to 0
2026-06-23 19:56:31.998 10 INFO neutron.db.ovn_revision_numbers_db [None req-1d29f522-5e76-4324-afca-e3c8ea34c6ff 8bae624c2f2c4bc084ef71d8f52d0ff4 5b118ae857d24f25b9818147ad922d70 - - default default] Successfully bumped revision number for resource d3ca64f5-f7c7-4776-92cf-38b0df10d074 (type: floatingips) to 1
2026-06-23 19:56:32.007 9 INFO neutron.db.segments_db [None req-4342b4fd-5ff0-4764-a6e4-0f88107d86ea 2e9504ae2e1448708315d2b100cb3670 5c4c24678cf94e16bb264a689f5c86f2 - - default default] Added segment 7587b9b9-96ed-46c3-a5c5-fd1d49c9ab4d of type geneve for network 9aec224d-c5c2-4de5-bce7-c1d3b3ce3ab5
2026-06-23 19:56:32.030 10 INFO neutron.wsgi [None req-1d29f522-5e76-4324-afca-e3c8ea34c6ff 8bae624c2f2c4bc084ef71d8f52d0ff4 5b118ae857d24f25b9818147ad922d70 - - default default] 10.0.0.93 "POST /v2.0/floatingips HTTP/1.1" status: 201 len: 1053 time: 1.0635388
2026-06-23 19:56:32.063 10 INFO neutron.notifiers.nova [-] Nova event matching ['req-b6e898a6-0923-4d2b-9975-5f2686f252ec'] response: {'name': 'network-changed', 'server_uuid': 'f018fec8-81ad-4484-b9e6-9eacfe0c4ad7', 'tag': 'e7ce53ab-5076-444a-8635-bbf15c8c5cf5', 'status': 'completed', 'code': 200} /var/lib/openstack/lib/python3.10/site-packages/pycadf/identifier.py:71: UserWarning: Invalid uuid: neutron. To ensure interoperability, identifiers should be a valid uuid. warnings.warn(('Invalid uuid: %s. To ensure interoperability, '
2026-06-23 19:56:32.127 9 INFO neutron.wsgi [req-a7166509-4dfe-4e8d-a004-bbe6283a8a2d req-0c19d390-66ca-4a0d-b550-c297413822be 6f4f30bf7cba42668a7ca8990c172dfd e1fad1e9d9474683adc8c094c81f7748 - - cbb44453c8884041b81e710af37951b4 cbb44453c8884041b81e710af37951b4] 199.204.45.19 "GET /v2.0/ports?tenant_id=5b118ae857d24f25b9818147ad922d70&device_id=f018fec8-81ad-4484-b9e6-9eacfe0c4ad7 HTTP/1.1" status: 200 len: 1634 time: 0.0428751
2026-06-23 19:56:32.162 10 INFO neutron.wsgi [req-a0e96cd8-7be9-4e49-810a-884f2c43f235 req-1a1542ef-ff88-42a3-9385-f1307ff1431b 8bae624c2f2c4bc084ef71d8f52d0ff4 5b118ae857d24f25b9818147ad922d70 - - default default] 10.0.0.120 "GET /v2.0/security-groups?name=tempest-lb_member_SG-1359321908&fields=id&tenant_id=5b118ae857d24f25b9818147ad922d70 HTTP/1.1" status: 200 len: 267 time: 0.0442283
2026-06-23 19:56:32.249 10 INFO neutron.wsgi [req-a0e96cd8-7be9-4e49-810a-884f2c43f235 req-df0d22cf-96bd-44e4-9ffe-af21c8d10ba0 8bae624c2f2c4bc084ef71d8f52d0ff4 5b118ae857d24f25b9818147ad922d70 - - default default] 10.0.0.120 "GET /v2.0/networks?id=042c0d13-0bd1-4df5-97eb-ab31ded230f2 HTTP/1.1" status: 200 len: 904 time: 0.0769751
2026-06-23 19:56:32.267 10 INFO neutron.wsgi [req-a0e96cd8-7be9-4e49-810a-884f2c43f235 req-2517f353-2ed8-45e0-a618-d4b59f2264e1 8bae624c2f2c4bc084ef71d8f52d0ff4 5b118ae857d24f25b9818147ad922d70 - - default default] 10.0.0.120 "GET /v2.0/quotas/5b118ae857d24f25b9818147ad922d70 HTTP/1.1" status: 200 len: 386 time: 0.0104876
2026-06-23 19:56:32.483 10 INFO neutron.wsgi [req-a0e96cd8-7be9-4e49-810a-884f2c43f235 req-cad206d2-0595-40b3-b033-a72cab661b9b 8bae624c2f2c4bc084ef71d8f52d0ff4 5b118ae857d24f25b9818147ad922d70 - - default default] 10.0.0.120 "GET /v2.0/ports?tenant_id=5b118ae857d24f25b9818147ad922d70&fields=id HTTP/1.1" status: 200 len: 532 time: 0.2088962
2026-06-23 19:56:32.793 9 INFO neutron.db.ovn_revision_numbers_db [None req-4342b4fd-5ff0-4764-a6e4-0f88107d86ea 2e9504ae2e1448708315d2b100cb3670 5c4c24678cf94e16bb264a689f5c86f2 - - default default] Successfully bumped revision number for resource 9aec224d-c5c2-4de5-bce7-c1d3b3ce3ab5 (type: networks) to 1
2026-06-23 19:56:32.806 9 INFO neutron.wsgi [req-a7166509-4dfe-4e8d-a004-bbe6283a8a2d req-2a9ddb46-0823-4393-b79c-8a769f64a866 6f4f30bf7cba42668a7ca8990c172dfd e1fad1e9d9474683adc8c094c81f7748 - - cbb44453c8884041b81e710af37951b4 cbb44453c8884041b81e710af37951b4] 199.204.45.19 "GET /v2.0/networks?id=8715c05d-33c5-4a66-aec0-47410e86df5e HTTP/1.1" status: 200 len: 1003 time: 0.6666877
2026-06-23 19:56:32.894 9 INFO neutron.wsgi [req-a7166509-4dfe-4e8d-a004-bbe6283a8a2d req-8659e410-c8da-454f-8986-f57c5c6e0fee 6f4f30bf7cba42668a7ca8990c172dfd e1fad1e9d9474683adc8c094c81f7748 - - cbb44453c8884041b81e710af37951b4 cbb44453c8884041b81e710af37951b4] 199.204.45.19 "GET /v2.0/floatingips?fixed_ip_address=10.2.1.56&port_id=e7ce53ab-5076-444a-8635-bbf15c8c5cf5 HTTP/1.1" status: 200 len: 1058 time: 0.0784690
2026-06-23 19:56:32.926 9 INFO neutron.wsgi [req-a7166509-4dfe-4e8d-a004-bbe6283a8a2d req-a51047a4-b38b-4b01-993a-8b39da8b3586 6f4f30bf7cba42668a7ca8990c172dfd e1fad1e9d9474683adc8c094c81f7748 - - cbb44453c8884041b81e710af37951b4 cbb44453c8884041b81e710af37951b4] 199.204.45.19 "GET /v2.0/floatingips?fixed_ip_address=fd7b%3Af9f7%3Afff%3A4eca%3A%3A388&port_id=e7ce53ab-5076-444a-8635-bbf15c8c5cf5 HTTP/1.1" status: 200 len: 217 time: 0.0230486
2026-06-23 19:56:32.977 9 INFO neutron.wsgi [req-a7166509-4dfe-4e8d-a004-bbe6283a8a2d req-8fabedf6-1805-409d-bfd4-15ac325c5b76 6f4f30bf7cba42668a7ca8990c172dfd e1fad1e9d9474683adc8c094c81f7748 - - cbb44453c8884041b81e710af37951b4 cbb44453c8884041b81e710af37951b4] 199.204.45.19 "GET /v2.0/subnets?id=dd934d0b-c238-4221-a13b-a2e1bfe98df9&id=49591466-ad3b-4b79-a6ef-e7a9e8d27184 HTTP/1.1" status: 200 len: 1562 time: 0.0460591
2026-06-23 19:56:33.004 9 INFO neutron.wsgi [req-a7166509-4dfe-4e8d-a004-bbe6283a8a2d req-f2ba2aac-ac21-41f3-a3f5-9b7f7931a966 6f4f30bf7cba42668a7ca8990c172dfd e1fad1e9d9474683adc8c094c81f7748 - - cbb44453c8884041b81e710af37951b4 cbb44453c8884041b81e710af37951b4] 199.204.45.19 "GET /v2.0/ports?network_id=8715c05d-33c5-4a66-aec0-47410e86df5e&device_owner=network%3Adhcp HTTP/1.1" status: 200 len: 210 time: 0.0227349
2026-06-23 19:56:33.018 10 INFO neutron.wsgi [req-a0e96cd8-7be9-4e49-810a-884f2c43f235 req-94553def-f058-4cad-9270-2d165189abde 6f4f30bf7cba42668a7ca8990c172dfd e1fad1e9d9474683adc8c094c81f7748 - - cbb44453c8884041b81e710af37951b4 cbb44453c8884041b81e710af37951b4] 10.0.0.120 "GET /v2.0/networks/042c0d13-0bd1-4df5-97eb-ab31ded230f2?fields=segments HTTP/1.1" status: 200 len: 212 time: 0.5232284
2026-06-23 19:56:33.037 9 INFO neutron.wsgi [req-a7166509-4dfe-4e8d-a004-bbe6283a8a2d req-5c3375fb-3158-4739-be83-33dac2dd8073 6f4f30bf7cba42668a7ca8990c172dfd e1fad1e9d9474683adc8c094c81f7748 - - cbb44453c8884041b81e710af37951b4 cbb44453c8884041b81e710af37951b4] 199.204.45.19 "GET /v2.0/ports?network_id=8715c05d-33c5-4a66-aec0-47410e86df5e&device_owner=network%3Adhcp HTTP/1.1" status: 200 len: 210 time: 0.0285406
2026-06-23 19:56:33.070 10 INFO neutron.wsgi [req-a0e96cd8-7be9-4e49-810a-884f2c43f235 req-3de0d821-9fd6-4202-b56e-98968cd8e6e2 6f4f30bf7cba42668a7ca8990c172dfd e1fad1e9d9474683adc8c094c81f7748 - - cbb44453c8884041b81e710af37951b4 cbb44453c8884041b81e710af37951b4] 10.0.0.120 "GET /v2.0/networks/042c0d13-0bd1-4df5-97eb-ab31ded230f2?fields=provider%3Aphysical_network&fields=provider%3Anetwork_type HTTP/1.1" status: 200 len: 277 time: 0.0480545
2026-06-23 19:56:33.092 9 WARNING neutron.scheduler.dhcp_agent_scheduler [None req-4342b4fd-5ff0-4764-a6e4-0f88107d86ea 2e9504ae2e1448708315d2b100cb3670 5c4c24678cf94e16bb264a689f5c86f2 - - default default] No more DHCP agents
2026-06-23 19:56:33.105 9 WARNING neutron.api.rpc.agentnotifiers.dhcp_rpc_agent_api [None req-4342b4fd-5ff0-4764-a6e4-0f88107d86ea 2e9504ae2e1448708315d2b100cb3670 5c4c24678cf94e16bb264a689f5c86f2 - - default default] Unable to schedule network 9aec224d-c5c2-4de5-bce7-c1d3b3ce3ab5: no agents available; will retry on subsequent port and subnet creation events.
2026-06-23 19:56:33.169 9 INFO neutron.wsgi [req-a7166509-4dfe-4e8d-a004-bbe6283a8a2d req-ce2f2d02-bcb0-45c2-b8c6-24a6e8b36fd1 6f4f30bf7cba42668a7ca8990c172dfd e1fad1e9d9474683adc8c094c81f7748 - - cbb44453c8884041b81e710af37951b4 cbb44453c8884041b81e710af37951b4] 199.204.45.19 "GET /v2.0/networks/8715c05d-33c5-4a66-aec0-47410e86df5e?fields=segments HTTP/1.1" status: 200 len: 212 time: 0.1184025
2026-06-23 19:56:33.212 9 INFO neutron.wsgi [req-42c103f4-f44d-432b-b516-f9384de9a9ae req-9e4dc916-5a6b-4f1c-ad6d-4d5c57c64542 8bae624c2f2c4bc084ef71d8f52d0ff4 5b118ae857d24f25b9818147ad922d70 - - default default] 10.0.0.120 "GET /v2.0/ports?device_id=634979ba-e7f8-4da7-891f-b5b53a606bf8 HTTP/1.1" status: 200 len: 210 time: 0.0333169
2026-06-23 19:56:33.248 9 INFO neutron.db.ovn_revision_numbers_db [None req-4342b4fd-5ff0-4764-a6e4-0f88107d86ea 2e9504ae2e1448708315d2b100cb3670 5c4c24678cf94e16bb264a689f5c86f2 - - default default] Successfully bumped revision number for resource 6c08d266-78c6-44c6-9651-decc195057a4 (type: ports) to 1
2026-06-23 19:56:33.259 9 INFO neutron.wsgi [req-a7166509-4dfe-4e8d-a004-bbe6283a8a2d req-f512031d-66dd-496e-b0de-8dc1ea6152ba 6f4f30bf7cba42668a7ca8990c172dfd e1fad1e9d9474683adc8c094c81f7748 - - cbb44453c8884041b81e710af37951b4 cbb44453c8884041b81e710af37951b4] 199.204.45.19 "GET /v2.0/networks/8715c05d-33c5-4a66-aec0-47410e86df5e?fields=provider%3Aphysical_network&fields=provider%3Anetwork_type HTTP/1.1" status: 200 len: 277 time: 0.0841463
2026-06-23 19:56:33.280 9 INFO neutron.wsgi [None req-4342b4fd-5ff0-4764-a6e4-0f88107d86ea 2e9504ae2e1448708315d2b100cb3670 5c4c24678cf94e16bb264a689f5c86f2 - - default default] 10.0.0.93 "POST /v2.0/networks HTTP/1.1" status: 201 len: 830 time: 1.8185461
2026-06-23 19:56:33.527 9 WARNING neutron.scheduler.dhcp_agent_scheduler [None req-d6d8e441-cc10-4b22-85d2-d7b39b105439 2e9504ae2e1448708315d2b100cb3670 5c4c24678cf94e16bb264a689f5c86f2 - - default default] No more DHCP agents
2026-06-23 19:56:33.529 9 WARNING neutron.api.rpc.agentnotifiers.dhcp_rpc_agent_api [None req-d6d8e441-cc10-4b22-85d2-d7b39b105439 2e9504ae2e1448708315d2b100cb3670 5c4c24678cf94e16bb264a689f5c86f2 - - default default] Unable to schedule network 9aec224d-c5c2-4de5-bce7-c1d3b3ce3ab5: no agents available; will retry on subsequent port and subnet creation events.
2026-06-23 19:56:33.633 9 INFO neutron.db.ovn_revision_numbers_db [None req-d6d8e441-cc10-4b22-85d2-d7b39b105439 2e9504ae2e1448708315d2b100cb3670 5c4c24678cf94e16bb264a689f5c86f2 - - default default] Successfully bumped revision number for resource a820a3b3-e731-48a0-9aeb-16dc5df83a78 (type: ports) to 1
2026-06-23 19:56:33.660 9 INFO neutron.wsgi [None req-d6d8e441-cc10-4b22-85d2-d7b39b105439 2e9504ae2e1448708315d2b100cb3670 5c4c24678cf94e16bb264a689f5c86f2 - - default default] 10.0.0.93 "POST /v2.0/ports HTTP/1.1" status: 201 len: 942 time: 0.3752563 /var/lib/openstack/lib/python3.10/site-packages/pycadf/identifier.py:71: UserWarning: Invalid uuid: neutron. To ensure interoperability, identifiers should be a valid uuid. warnings.warn(('Invalid uuid: %s. To ensure interoperability, '
2026-06-23 19:56:33.702 9 INFO neutron.wsgi [None req-575d6613-dd8a-4ad4-b7d6-35ac30d1bc18 2e9504ae2e1448708315d2b100cb3670 5c4c24678cf94e16bb264a689f5c86f2 - - default default] 10.0.0.93 "PUT /v2.0/ports/a820a3b3-e731-48a0-9aeb-16dc5df83a78/tags HTTP/1.1" status: 200 len: 218 time: 0.0371866
2026-06-23 19:56:33.749 9 INFO neutron.wsgi [None req-6b866df8-c149-438e-bf18-1072cd917611 2e9504ae2e1448708315d2b100cb3670 5c4c24678cf94e16bb264a689f5c86f2 - - default default] 10.0.0.93 "GET /v2.0/ports/a820a3b3-e731-48a0-9aeb-16dc5df83a78/tags HTTP/1.1" status: 200 len: 218 time: 0.0406277
2026-06-23 19:56:33.822 9 INFO neutron.wsgi [None req-acc2d467-ba80-4ebe-bf71-cec67ea774e6 2e9504ae2e1448708315d2b100cb3670 5c4c24678cf94e16bb264a689f5c86f2 - - default default] 10.0.0.93 "PUT /v2.0/ports/a820a3b3-e731-48a0-9aeb-16dc5df83a78/tags/green HTTP/1.1" status: 201 len: 201 time: 0.0682375
2026-06-23 19:56:33.861 10 INFO neutron.wsgi [None req-9e949dc4-f292-4ba7-9f88-42fa0fe53cbf 2e9504ae2e1448708315d2b100cb3670 5c4c24678cf94e16bb264a689f5c86f2 - - default default] 10.0.0.93 "GET /v2.0/ports/a820a3b3-e731-48a0-9aeb-16dc5df83a78/tags HTTP/1.1" status: 200 len: 227 time: 0.0312471
2026-06-23 19:56:33.891 9 INFO neutron.wsgi [req-a0e96cd8-7be9-4e49-810a-884f2c43f235 req-5f27ccd8-9937-40c3-8a2b-d27472a54f58 8bae624c2f2c4bc084ef71d8f52d0ff4 5b118ae857d24f25b9818147ad922d70 - - default default] 199.204.45.19 "GET /v2.0/networks?id=042c0d13-0bd1-4df5-97eb-ab31ded230f2 HTTP/1.1" status: 200 len: 904 time: 0.0876086
2026-06-23 19:56:33.907 10 INFO neutron.wsgi [None req-3d9bdc0d-3f7b-4619-9f97-3bf6eb62636b 2e9504ae2e1448708315d2b100cb3670 5c4c24678cf94e16bb264a689f5c86f2 - - default default] 10.0.0.93 "PUT /v2.0/ports/a820a3b3-e731-48a0-9aeb-16dc5df83a78/tags/red HTTP/1.1" status: 201 len: 201 time: 0.0397441
2026-06-23 19:56:33.948 10 INFO neutron.wsgi [None req-ae9500d5-b767-4216-8871-fa60e35d7cc6 2e9504ae2e1448708315d2b100cb3670 5c4c24678cf94e16bb264a689f5c86f2 - - default default] 10.0.0.93 "GET /v2.0/ports/a820a3b3-e731-48a0-9aeb-16dc5df83a78/tags HTTP/1.1" status: 200 len: 227 time: 0.0362525
2026-06-23 19:56:33.951 9 INFO neutron.wsgi [req-a0e96cd8-7be9-4e49-810a-884f2c43f235 req-ffcd9fed-e248-4552-abd3-acdf3312d180 8bae624c2f2c4bc084ef71d8f52d0ff4 5b118ae857d24f25b9818147ad922d70 - - default default] 199.204.45.19 "GET /v2.0/security-groups?fields=id&fields=name&tenant_id=5b118ae857d24f25b9818147ad922d70 HTTP/1.1" status: 200 len: 378 time: 0.0541134
2026-06-23 19:56:34.014 9 INFO neutron.wsgi [None req-31ef7786-0f6d-44d5-83c7-d42ab6ed0c7f 2e9504ae2e1448708315d2b100cb3670 5c4c24678cf94e16bb264a689f5c86f2 - - default default] 10.0.0.93 "PUT /v2.0/ports/a820a3b3-e731-48a0-9aeb-16dc5df83a78/tags/black.or.white HTTP/1.1" status: 201 len: 201 time: 0.0609159
2026-06-23 19:56:34.054 9 INFO neutron.wsgi [None req-8bdd377e-48c1-4678-a6a5-88e2643e1d4a 2e9504ae2e1448708315d2b100cb3670 5c4c24678cf94e16bb264a689f5c86f2 - - default default] 10.0.0.93 "GET /v2.0/ports/a820a3b3-e731-48a0-9aeb-16dc5df83a78/tags HTTP/1.1" status: 200 len: 245 time: 0.0341947
2026-06-23 19:56:34.110 10 INFO neutron.wsgi [None req-005e4dd3-192c-45ba-929d-01f4fab10bc8 2e9504ae2e1448708315d2b100cb3670 5c4c24678cf94e16bb264a689f5c86f2 - - default default] 10.0.0.93 "PUT /v2.0/ports/a820a3b3-e731-48a0-9aeb-16dc5df83a78/tags HTTP/1.1" status: 200 len: 230 time: 0.0508552
2026-06-23 19:56:34.143 10 INFO neutron.wsgi [None req-19839607-92e2-467e-8242-9291ecb6af8d 2e9504ae2e1448708315d2b100cb3670 5c4c24678cf94e16bb264a689f5c86f2 - - default default] 10.0.0.93 "GET /v2.0/ports/a820a3b3-e731-48a0-9aeb-16dc5df83a78/tags HTTP/1.1" status: 200 len: 230 time: 0.0280218
2026-06-23 19:56:34.182 10 INFO neutron.wsgi [None req-9c1efc10-dde8-4f22-bc04-dedb30c06ba5 2e9504ae2e1448708315d2b100cb3670 5c4c24678cf94e16bb264a689f5c86f2 - - default default] 10.0.0.93 "GET /v2.0/ports/a820a3b3-e731-48a0-9aeb-16dc5df83a78/tags/red HTTP/1.1" status: 204 len: 168 time: 0.0346897
2026-06-23 19:56:34.221 10 INFO neutron.api.v2.resource [None req-9ced1bce-2f30-4c5e-b67d-ebb80fa8cc7b 2e9504ae2e1448708315d2b100cb3670 5c4c24678cf94e16bb264a689f5c86f2 - - default default] show failed (client error): The resource could not be found.
2026-06-23 19:56:34.222 10 INFO neutron.wsgi [None req-9ced1bce-2f30-4c5e-b67d-ebb80fa8cc7b 2e9504ae2e1448708315d2b100cb3670 5c4c24678cf94e16bb264a689f5c86f2 - - default default] 10.0.0.93 "GET /v2.0/ports/a820a3b3-e731-48a0-9aeb-16dc5df83a78/tags/green HTTP/1.1" status: 404 len: 299 time: 0.0305557
2026-06-23 19:56:34.272 10 INFO neutron.wsgi [None req-cedc8680-f1e8-41ee-8188-71d717f90c37 2e9504ae2e1448708315d2b100cb3670 5c4c24678cf94e16bb264a689f5c86f2 - - default default] 10.0.0.93 "DELETE /v2.0/ports/a820a3b3-e731-48a0-9aeb-16dc5df83a78/tags/red HTTP/1.1" status: 204 len: 168 time: 0.0442336
2026-06-23 19:56:34.305 10 INFO neutron.wsgi [None req-9b39d4b3-8e30-41e6-86a2-4cfc666370a7 2e9504ae2e1448708315d2b100cb3670 5c4c24678cf94e16bb264a689f5c86f2 - - default default] 10.0.0.93 "GET /v2.0/ports/a820a3b3-e731-48a0-9aeb-16dc5df83a78/tags HTTP/1.1" status: 200 len: 223 time: 0.0279672
2026-06-23 19:56:34.337 10 INFO neutron.api.v2.resource [None req-760ec5f0-441d-4601-bb87-554c50902999 2e9504ae2e1448708315d2b100cb3670 5c4c24678cf94e16bb264a689f5c86f2 - - default default] delete failed (client error): The resource could not be found.
2026-06-23 19:56:34.339 10 INFO neutron.wsgi [None req-760ec5f0-441d-4601-bb87-554c50902999 2e9504ae2e1448708315d2b100cb3670 5c4c24678cf94e16bb264a689f5c86f2 - - default default] 10.0.0.93 "DELETE /v2.0/ports/a820a3b3-e731-48a0-9aeb-16dc5df83a78/tags/green HTTP/1.1" status: 404 len: 299 time: 0.0295286
2026-06-23 19:56:34.434 9 WARNING neutron.scheduler.dhcp_agent_scheduler [req-a0e96cd8-7be9-4e49-810a-884f2c43f235 req-5e854716-2b33-4b85-b925-d2d294d87139 8bae624c2f2c4bc084ef71d8f52d0ff4 5b118ae857d24f25b9818147ad922d70 - - default default] No more DHCP agents
2026-06-23 19:56:34.458 9 WARNING neutron.api.rpc.agentnotifiers.dhcp_rpc_agent_api [req-a0e96cd8-7be9-4e49-810a-884f2c43f235 req-5e854716-2b33-4b85-b925-d2d294d87139 8bae624c2f2c4bc084ef71d8f52d0ff4 5b118ae857d24f25b9818147ad922d70 - - default default] Unable to schedule network 042c0d13-0bd1-4df5-97eb-ab31ded230f2: no agents available; will retry on subsequent port and subnet creation events.
2026-06-23 19:56:34.482 10 INFO neutron.wsgi [None req-bd81e936-ff8e-4130-b76b-187bf4b883e6 2e9504ae2e1448708315d2b100cb3670 5c4c24678cf94e16bb264a689f5c86f2 - - default default] 10.0.0.93 "DELETE /v2.0/ports/a820a3b3-e731-48a0-9aeb-16dc5df83a78/tags HTTP/1.1" status: 204 len: 168 time: 0.1383286
2026-06-23 19:56:34.517 10 INFO neutron.wsgi [None req-4b162f36-c95c-403c-9a35-e61ab9aef630 2e9504ae2e1448708315d2b100cb3670 5c4c24678cf94e16bb264a689f5c86f2 - - default default] 10.0.0.93 "GET /v2.0/ports/a820a3b3-e731-48a0-9aeb-16dc5df83a78/tags HTTP/1.1" status: 200 len: 205 time: 0.0314214
2026-06-23 19:56:34.621 9 INFO neutron.db.ovn_revision_numbers_db [req-a0e96cd8-7be9-4e49-810a-884f2c43f235 req-5e854716-2b33-4b85-b925-d2d294d87139 8bae624c2f2c4bc084ef71d8f52d0ff4 5b118ae857d24f25b9818147ad922d70 - - default default] Successfully bumped revision number for resource 90e97922-d39d-464e-8b9c-fe3f4c030e90 (type: ports) to 1
2026-06-23 19:56:34.641 9 INFO neutron.wsgi [req-a0e96cd8-7be9-4e49-810a-884f2c43f235 req-5e854716-2b33-4b85-b925-d2d294d87139 8bae624c2f2c4bc084ef71d8f52d0ff4 5b118ae857d24f25b9818147ad922d70 - - default default] 199.204.45.19 "POST /v2.0/ports HTTP/1.1" status: 201 len: 1392 time: 0.6819146 /var/lib/openstack/lib/python3.10/site-packages/pycadf/identifier.py:71: UserWarning: Invalid uuid: neutron. To ensure interoperability, identifiers should be a valid uuid. warnings.warn(('Invalid uuid: %s. To ensure interoperability, '
2026-06-23 19:56:34.752 10 INFO neutron.wsgi [None req-28c9ee2d-8344-47e0-94ad-c5ab3535436d 2e9504ae2e1448708315d2b100cb3670 5c4c24678cf94e16bb264a689f5c86f2 - - default default] 10.0.0.93 "DELETE /v2.0/ports/a820a3b3-e731-48a0-9aeb-16dc5df83a78 HTTP/1.1" status: 204 len: 168 time: 0.2274721
2026-06-23 19:56:35.197 9 INFO neutron.db.ovn_revision_numbers_db [req-a0e96cd8-7be9-4e49-810a-884f2c43f235 req-77f391cd-3edf-4c3f-9076-e864913c31c5 6f4f30bf7cba42668a7ca8990c172dfd e1fad1e9d9474683adc8c094c81f7748 - - cbb44453c8884041b81e710af37951b4 cbb44453c8884041b81e710af37951b4] Successfully bumped revision number for resource 90e97922-d39d-464e-8b9c-fe3f4c030e90 (type: ports) to 2
2026-06-23 19:56:35.249 9 INFO neutron.services.segments.plugin [-] Segment 7587b9b9-96ed-46c3-a5c5-fd1d49c9ab4d resource provider aggregate not found
2026-06-23 19:56:35.256 9 INFO neutron.services.segments.plugin [-] Segment 7587b9b9-96ed-46c3-a5c5-fd1d49c9ab4d resource provider aggregate not found
2026-06-23 19:56:35.268 9 INFO neutron.services.segments.plugin [-] Segment 7587b9b9-96ed-46c3-a5c5-fd1d49c9ab4d resource provider not found; error: Placement Client Error (4xx): {"errors": [{"status": 404, "title": "Not Found", "detail": "The resource could not be found.\n\n No resource provider with uuid 7587b9b9-96ed-46c3-a5c5-fd1d49c9ab4d found for delete ", "request_id": "req-57e8037f-4cf8-4e3c-bfa7-b8b5e7a88843"}]}
2026-06-23 19:56:35.270 9 INFO neutron.services.segments.plugin [-] Segment 7587b9b9-96ed-46c3-a5c5-fd1d49c9ab4d resource provider not found; error: Placement Client Error (4xx): {"errors": [{"status": 404, "title": "Not Found", "detail": "The resource could not be found.\n\n No resource provider with uuid 7587b9b9-96ed-46c3-a5c5-fd1d49c9ab4d found for delete ", "request_id": "req-41ee2444-7d31-4410-a73c-0eed84a0135b"}]}
2026-06-23 19:56:35.304 9 INFO neutron.wsgi [None req-78c65a1e-c86f-4317-8ac0-6e058e8e8134 2e9504ae2e1448708315d2b100cb3670 5c4c24678cf94e16bb264a689f5c86f2 - - default default] 10.0.0.93 "DELETE /v2.0/networks/9aec224d-c5c2-4de5-bce7-c1d3b3ce3ab5 HTTP/1.1" status: 204 len: 168 time: 0.5473843
2026-06-23 19:56:35.439 9 INFO neutron.db.ovn_revision_numbers_db [req-a0e96cd8-7be9-4e49-810a-884f2c43f235 req-77f391cd-3edf-4c3f-9076-e864913c31c5 6f4f30bf7cba42668a7ca8990c172dfd e1fad1e9d9474683adc8c094c81f7748 - - cbb44453c8884041b81e710af37951b4 cbb44453c8884041b81e710af37951b4] Successfully bumped revision number for resource 90e97922-d39d-464e-8b9c-fe3f4c030e90 (type: ports) to 2
