2026-06-23 19:54:27.164 9 INFO neutron.wsgi [req-828ea03e-86a3-4112-a694-2a151fe20ca7 req-679242a9-aab3-4c08-9cd6-a19ab3e37bca 6f4f30bf7cba42668a7ca8990c172dfd e1fad1e9d9474683adc8c094c81f7748 - - cbb44453c8884041b81e710af37951b4 cbb44453c8884041b81e710af37951b4] 199.204.45.19 "GET /v2.0/floatingips?fixed_ip_address=10.100.0.13&port_id=278a2d0e-58d3-4635-98db-536880b6276c HTTP/1.1" status: 200 len: 217 time: 0.0236757
2026-06-23 19:54:27.170 9 INFO neutron.pecan_wsgi.hooks.translation [None req-fbb6f233-01d0-4c23-aa89-220bf2fe19fa 7857c390197041dd9271de74dc1c7596 625b657a8d044e0d8fee75979ff1cab9 - - default default] DELETE failed (client error): The resource could not be found.
2026-06-23 19:54:27.171 9 INFO neutron.wsgi [None req-fbb6f233-01d0-4c23-aa89-220bf2fe19fa 7857c390197041dd9271de74dc1c7596 625b657a8d044e0d8fee75979ff1cab9 - - default default] 10.0.0.93 "DELETE /v2.0/subnets/ba41fb0d-eef5-4e8a-bd0d-7fa40920e8b9 HTTP/1.1" status: 404 len: 337 time: 0.0240164
2026-06-23 19:54:27.202 9 INFO neutron.wsgi [None req-6fe02997-3b95-45a5-84cf-2bece518e2e1 7857c390197041dd9271de74dc1c7596 625b657a8d044e0d8fee75979ff1cab9 - - default default] 10.0.0.93 "GET /v2.0/ports?device_id=02eb4992-1a5d-4c30-9147-834f5bcf1a2b HTTP/1.1" status: 200 len: 205 time: 0.0239506
2026-06-23 19:54:27.217 9 INFO neutron.wsgi [req-828ea03e-86a3-4112-a694-2a151fe20ca7 req-43ab1ef7-891a-432e-a2a8-ffda8f904da7 6f4f30bf7cba42668a7ca8990c172dfd e1fad1e9d9474683adc8c094c81f7748 - - cbb44453c8884041b81e710af37951b4 cbb44453c8884041b81e710af37951b4] 199.204.45.19 "GET /v2.0/subnets?id=97ae255e-077d-4345-8656-bfde49fc5d2c HTTP/1.1" status: 200 len: 853 time: 0.0451169
2026-06-23 19:54:27.229 9 INFO neutron.api.v2.resource [None req-76beda95-a377-4686-8234-7b8b67f4112e 7857c390197041dd9271de74dc1c7596 625b657a8d044e0d8fee75979ff1cab9 - - default default] delete failed (client error): The resource could not be found.
2026-06-23 19:54:27.230 9 INFO neutron.wsgi [None req-76beda95-a377-4686-8234-7b8b67f4112e 7857c390197041dd9271de74dc1c7596 625b657a8d044e0d8fee75979ff1cab9 - - default default] 10.0.0.93 "DELETE /v2.0/routers/02eb4992-1a5d-4c30-9147-834f5bcf1a2b HTTP/1.1" status: 404 len: 336 time: 0.0211396
2026-06-23 19:54:27.251 9 INFO neutron.wsgi [req-828ea03e-86a3-4112-a694-2a151fe20ca7 req-94fff0fb-114b-4f5d-aea8-ce7d9b41a3d4 6f4f30bf7cba42668a7ca8990c172dfd e1fad1e9d9474683adc8c094c81f7748 - - cbb44453c8884041b81e710af37951b4 cbb44453c8884041b81e710af37951b4] 199.204.45.19 "GET /v2.0/ports?network_id=fab3f996-d372-4b1b-86ef-0c5e1e261e02&device_owner=network%3Adhcp HTTP/1.1" status: 200 len: 210 time: 0.0229914
2026-06-23 19:54:27.252 9 INFO neutron.pecan_wsgi.hooks.translation [None req-fbc01b43-91f2-444b-af62-2e4a8dd28513 7857c390197041dd9271de74dc1c7596 625b657a8d044e0d8fee75979ff1cab9 - - default default] DELETE failed (client error): The resource could not be found.
2026-06-23 19:54:27.254 9 INFO neutron.wsgi [None req-fbc01b43-91f2-444b-af62-2e4a8dd28513 7857c390197041dd9271de74dc1c7596 625b657a8d044e0d8fee75979ff1cab9 - - default default] 10.0.0.93 "DELETE /v2.0/subnets/5fb8004c-ecba-4bd2-893d-7c5eafe38f7d HTTP/1.1" status: 404 len: 337 time: 0.0181425
2026-06-23 19:54:27.281 10 INFO neutron.pecan_wsgi.hooks.translation [None req-d26ab76a-c7f6-48b9-9b59-73893870848c 7857c390197041dd9271de74dc1c7596 625b657a8d044e0d8fee75979ff1cab9 - - default default] DELETE failed (client error): The resource could not be found.
2026-06-23 19:54:27.283 10 INFO neutron.wsgi [None req-d26ab76a-c7f6-48b9-9b59-73893870848c 7857c390197041dd9271de74dc1c7596 625b657a8d044e0d8fee75979ff1cab9 - - default default] 10.0.0.93 "DELETE /v2.0/subnets/7c4e652b-4273-439c-8462-49d414584e08 HTTP/1.1" status: 404 len: 337 time: 0.0207479
2026-06-23 19:54:27.305 9 INFO neutron.wsgi [None req-c7a37a25-ca4c-4891-87c3-6b12a6ce7f87 2b18d60b87384b7b9789aa7c2c44bc0d f2920c33348246b08d55932abdebf6a6 - - default default] 10.0.0.93 "DELETE /v2.0/security-groups/089ce043-b5ee-4a7e-87e0-f95106a7372c HTTP/1.1" status: 204 len: 168 time: 0.4085448
2026-06-23 19:54:27.321 9 INFO neutron.wsgi [req-828ea03e-86a3-4112-a694-2a151fe20ca7 req-1777fe57-4120-4504-83d5-32b90e03b5ac 6f4f30bf7cba42668a7ca8990c172dfd e1fad1e9d9474683adc8c094c81f7748 - - cbb44453c8884041b81e710af37951b4 cbb44453c8884041b81e710af37951b4] 199.204.45.19 "GET /v2.0/networks/fab3f996-d372-4b1b-86ef-0c5e1e261e02?fields=segments HTTP/1.1" status: 200 len: 212 time: 0.0629153
2026-06-23 19:54:27.334 10 WARNING neutron.scheduler.dhcp_agent_scheduler [None req-cab7a818-4aae-46ef-bc0b-1c6e8e43a341 bc382a268c2744949f6320e2dea4c614 db2a0c644fa8493c97a0fd32a90a1a78 - - default default] No more DHCP agents
2026-06-23 19:54:27.338 10 WARNING neutron.api.rpc.agentnotifiers.dhcp_rpc_agent_api [None req-cab7a818-4aae-46ef-bc0b-1c6e8e43a341 bc382a268c2744949f6320e2dea4c614 db2a0c644fa8493c97a0fd32a90a1a78 - - default default] Unable to schedule network 2213e7a2-e2db-4c04-bf05-26be6907a7f0: no agents available; will retry on subsequent port and subnet creation events.
2026-06-23 19:54:27.383 9 INFO neutron.wsgi [req-828ea03e-86a3-4112-a694-2a151fe20ca7 req-44e4218e-e3f2-4de4-8c51-853e319664ff 6f4f30bf7cba42668a7ca8990c172dfd e1fad1e9d9474683adc8c094c81f7748 - - cbb44453c8884041b81e710af37951b4 cbb44453c8884041b81e710af37951b4] 199.204.45.19 "GET /v2.0/networks/fab3f996-d372-4b1b-86ef-0c5e1e261e02?fields=provider%3Aphysical_network&fields=provider%3Anetwork_type HTTP/1.1" status: 200 len: 277 time: 0.0545578
2026-06-23 19:54:27.420 10 INFO neutron.db.ovn_revision_numbers_db [None req-cab7a818-4aae-46ef-bc0b-1c6e8e43a341 bc382a268c2744949f6320e2dea4c614 db2a0c644fa8493c97a0fd32a90a1a78 - - default default] Successfully bumped revision number for resource 59546d6f-24d8-4b9c-986b-68417f248414 (type: ports) to 1
2026-06-23 19:54:27.442 10 INFO neutron.wsgi [None req-cab7a818-4aae-46ef-bc0b-1c6e8e43a341 bc382a268c2744949f6320e2dea4c614 db2a0c644fa8493c97a0fd32a90a1a78 - - default default] 10.0.0.93 "POST /v2.0/networks HTTP/1.1" status: 201 len: 848 time: 0.6550972
2026-06-23 19:54:27.562 9 INFO neutron.services.segments.plugin [-] Segment 7b23af54-4107-4ccd-928c-a0747bd8c300 resource provider aggregate not found
2026-06-23 19:54:27.566 9 INFO neutron.services.segments.plugin [-] Segment 7b23af54-4107-4ccd-928c-a0747bd8c300 resource provider aggregate not found
2026-06-23 19:54:27.580 9 INFO neutron.services.segments.plugin [-] Segment 7b23af54-4107-4ccd-928c-a0747bd8c300 resource provider not found; error: Placement Client Error (4xx): {"errors": [{"status": 404, "title": "Not Found", "detail": "The resource could not be found.\n\n No resource provider with uuid 7b23af54-4107-4ccd-928c-a0747bd8c300 found for delete ", "request_id": "req-0c32d606-37a7-41fc-8223-ede5c46ea4d0"}]}
2026-06-23 19:54:27.585 9 INFO neutron.services.segments.plugin [-] Segment 7b23af54-4107-4ccd-928c-a0747bd8c300 resource provider not found; error: Placement Client Error (4xx): {"errors": [{"status": 404, "title": "Not Found", "detail": "The resource could not be found.\n\n No resource provider with uuid 7b23af54-4107-4ccd-928c-a0747bd8c300 found for delete ", "request_id": "req-6a6228cf-e844-4def-ac04-1e32ba4739c0"}]}
2026-06-23 19:54:27.903 9 INFO neutron.wsgi [None req-01d99237-f9ed-4493-a804-67cdcb0bbdc2 2b18d60b87384b7b9789aa7c2c44bc0d f2920c33348246b08d55932abdebf6a6 - - default default] 10.0.0.93 "GET /v2.0/security-groups?tenant_id=625b657a8d044e0d8fee75979ff1cab9&name=default HTTP/1.1" status: 200 len: 2996 time: 0.1714609
2026-06-23 19:54:28.006 9 WARNING neutron.scheduler.dhcp_agent_scheduler [None req-a2f9fd32-101a-4824-b4c2-0ad191d5435e bc382a268c2744949f6320e2dea4c614 db2a0c644fa8493c97a0fd32a90a1a78 - - default default] No more DHCP agents
2026-06-23 19:54:28.012 9 WARNING neutron.api.rpc.agentnotifiers.dhcp_rpc_agent_api [None req-a2f9fd32-101a-4824-b4c2-0ad191d5435e bc382a268c2744949f6320e2dea4c614 db2a0c644fa8493c97a0fd32a90a1a78 - - default default] Unable to schedule network 8d086cfd-98ed-427f-9a94-1b8b9e9caa35: no agents available; will retry on subsequent port and subnet creation events.
2026-06-23 19:54:28.153 10 INFO neutron.db.ovn_revision_numbers_db [None req-d524d0ff-8d17-40fe-b619-6466d509c4a2 e320b5cc38b245d5b2eee0a2b9463e60 020170546d7e41caaec5c8b189532116 - - default default] Successfully bumped revision number for resource 3c3d49c7-e682-4d57-9214-571cdc4d475f (type: security_groups) to 1
2026-06-23 19:54:28.176 10 INFO neutron.db.ovn_revision_numbers_db [None req-d524d0ff-8d17-40fe-b619-6466d509c4a2 e320b5cc38b245d5b2eee0a2b9463e60 020170546d7e41caaec5c8b189532116 - - default default] Successfully bumped revision number for resource 62112014-5778-47d9-b812-403f15d9bca8 (type: security_group_rules) to 0
2026-06-23 19:54:28.220 10 INFO neutron.db.ovn_revision_numbers_db [None req-d524d0ff-8d17-40fe-b619-6466d509c4a2 e320b5cc38b245d5b2eee0a2b9463e60 020170546d7e41caaec5c8b189532116 - - default default] Successfully bumped revision number for resource 92e68a58-fd2c-42fb-a25e-a90b7687642f (type: security_group_rules) to 0
2026-06-23 19:54:28.241 10 INFO neutron.wsgi [None req-d524d0ff-8d17-40fe-b619-6466d509c4a2 e320b5cc38b245d5b2eee0a2b9463e60 020170546d7e41caaec5c8b189532116 - - default default] 10.0.0.93 "POST /v2.0/security-groups HTTP/1.1" status: 201 len: 1809 time: 0.2142193
2026-06-23 19:54:28.352 10 INFO neutron.db.ovn_revision_numbers_db [None req-905e9618-797b-4e5c-9bcb-4af6e91814ac e320b5cc38b245d5b2eee0a2b9463e60 020170546d7e41caaec5c8b189532116 - - default default] Successfully bumped revision number for resource c9231d35-392e-4e51-8cae-f1dead86f070 (type: security_group_rules) to 0
2026-06-23 19:54:28.374 10 INFO neutron.wsgi [None req-905e9618-797b-4e5c-9bcb-4af6e91814ac e320b5cc38b245d5b2eee0a2b9463e60 020170546d7e41caaec5c8b189532116 - - default default] 10.0.0.93 "POST /v2.0/security-group-rules HTTP/1.1" status: 201 len: 764 time: 0.1278803
2026-06-23 19:54:28.492 10 INFO neutron.db.ovn_revision_numbers_db [None req-d373c54e-760a-4934-aeab-1e6ee4eb029f e320b5cc38b245d5b2eee0a2b9463e60 020170546d7e41caaec5c8b189532116 - - default default] Successfully bumped revision number for resource 536ef9ac-e7c9-425f-a793-230dfa0b87b1 (type: security_group_rules) to 0
2026-06-23 19:54:28.519 10 INFO neutron.wsgi [None req-d373c54e-760a-4934-aeab-1e6ee4eb029f e320b5cc38b245d5b2eee0a2b9463e60 020170546d7e41caaec5c8b189532116 - - default default] 10.0.0.93 "POST /v2.0/security-group-rules HTTP/1.1" status: 201 len: 763 time: 0.1392729
2026-06-23 19:54:28.658 10 INFO neutron.db.ovn_revision_numbers_db [None req-9d0ee03c-103b-4042-951c-61fa41f711e9 e320b5cc38b245d5b2eee0a2b9463e60 020170546d7e41caaec5c8b189532116 - - default default] Successfully bumped revision number for resource 95ec1a01-dbca-4bd3-be0f-da3d19917a37 (type: security_group_rules) to 0
2026-06-23 19:54:28.681 10 INFO neutron.wsgi [None req-9d0ee03c-103b-4042-951c-61fa41f711e9 e320b5cc38b245d5b2eee0a2b9463e60 020170546d7e41caaec5c8b189532116 - - default default] 10.0.0.93 "POST /v2.0/security-group-rules HTTP/1.1" status: 201 len: 769 time: 0.1516135
2026-06-23 19:54:28.687 9 INFO neutron.wsgi [None req-0c7f61f8-2feb-4b28-a935-4d376f3618b4 2b18d60b87384b7b9789aa7c2c44bc0d f2920c33348246b08d55932abdebf6a6 - - default default] 10.0.0.93 "DELETE /v2.0/security-groups/32c5f45a-a344-4351-9aa0-fe922a30af74 HTTP/1.1" status: 204 len: 168 time: 0.7772934
2026-06-23 19:54:28.862 10 INFO neutron.db.ovn_revision_numbers_db [None req-c71cfe68-14a4-46b3-9ff1-733c193f6d2f e320b5cc38b245d5b2eee0a2b9463e60 020170546d7e41caaec5c8b189532116 - - default default] Successfully bumped revision number for resource 87e8562d-158a-4d97-8a1e-d4cbcb369c1f (type: security_group_rules) to 0
2026-06-23 19:54:28.895 10 INFO neutron.wsgi [None req-c71cfe68-14a4-46b3-9ff1-733c193f6d2f e320b5cc38b245d5b2eee0a2b9463e60 020170546d7e41caaec5c8b189532116 - - default default] 10.0.0.93 "POST /v2.0/security-group-rules HTTP/1.1" status: 201 len: 768 time: 0.2061467
2026-06-23 19:54:28.928 10 INFO neutron.db.securitygroups_db [None req-3a96fa21-fc5b-432d-a583-6087869eb436 e320b5cc38b245d5b2eee0a2b9463e60 020170546d7e41caaec5c8b189532116 - - default default] Project 020170546d7e41caaec5c8b189532116 added a security group rule with legacy IPv6 ICMP protocol name icmp, ipv6-icmp should be used instead. It was automatically converted.
2026-06-23 19:54:28.976 9 INFO neutron.wsgi [-] 10.0.0.239 "GET / HTTP/1.1" status: 200 len: 246 time: 0.0015252
2026-06-23 19:54:28.977 10 INFO neutron.wsgi [-] 10.0.0.239 "GET / HTTP/1.1" status: 200 len: 246 time: 0.0017853
2026-06-23 19:54:29.050 10 INFO neutron.db.ovn_revision_numbers_db [None req-3a96fa21-fc5b-432d-a583-6087869eb436 e320b5cc38b245d5b2eee0a2b9463e60 020170546d7e41caaec5c8b189532116 - - default default] Successfully bumped revision number for resource f6d69cec-43d1-4147-bca4-77772a5d9e36 (type: security_group_rules) to 0
2026-06-23 19:54:29.079 10 INFO neutron.wsgi [None req-3a96fa21-fc5b-432d-a583-6087869eb436 e320b5cc38b245d5b2eee0a2b9463e60 020170546d7e41caaec5c8b189532116 - - default default] 10.0.0.93 "POST /v2.0/security-group-rules HTTP/1.1" status: 201 len: 774 time: 0.1761739
2026-06-23 19:54:29.109 10 INFO neutron.db.securitygroups_db [None req-75fe33dc-7dc6-4b69-95d7-74a52cafe592 e320b5cc38b245d5b2eee0a2b9463e60 020170546d7e41caaec5c8b189532116 - - default default] Project 020170546d7e41caaec5c8b189532116 added a security group rule with legacy IPv6 ICMP protocol name icmp, ipv6-icmp should be used instead. It was automatically converted.
2026-06-23 19:54:29.129 9 INFO neutron.db.ovn_revision_numbers_db [None req-a2f9fd32-101a-4824-b4c2-0ad191d5435e bc382a268c2744949f6320e2dea4c614 db2a0c644fa8493c97a0fd32a90a1a78 - - default default] Successfully bumped revision number for resource 1b1fc9a7-f190-4f15-8d4f-7efab4d2a0e5 (type: ports) to 2
2026-06-23 19:54:29.170 9 INFO neutron.db.ovn_revision_numbers_db [None req-a2f9fd32-101a-4824-b4c2-0ad191d5435e bc382a268c2744949f6320e2dea4c614 db2a0c644fa8493c97a0fd32a90a1a78 - - default default] Successfully bumped revision number for resource 4dc3d42b-71c0-45ad-b4b7-38734a830b1d (type: subnets) to 0
2026-06-23 19:54:29.198 9 WARNING neutron.scheduler.dhcp_agent_scheduler [None req-a2f9fd32-101a-4824-b4c2-0ad191d5435e bc382a268c2744949f6320e2dea4c614 db2a0c644fa8493c97a0fd32a90a1a78 - - default default] No more DHCP agents
2026-06-23 19:54:29.202 9 WARNING neutron.api.rpc.agentnotifiers.dhcp_rpc_agent_api [None req-a2f9fd32-101a-4824-b4c2-0ad191d5435e bc382a268c2744949f6320e2dea4c614 db2a0c644fa8493c97a0fd32a90a1a78 - - default default] Unable to schedule network 2213e7a2-e2db-4c04-bf05-26be6907a7f0: no agents available; will retry on subsequent port and subnet creation events.
2026-06-23 19:54:29.210 10 INFO neutron.db.ovn_revision_numbers_db [None req-75fe33dc-7dc6-4b69-95d7-74a52cafe592 e320b5cc38b245d5b2eee0a2b9463e60 020170546d7e41caaec5c8b189532116 - - default default] Successfully bumped revision number for resource db84cb7c-b1ae-4813-85c7-a96bc78f4bc2 (type: security_group_rules) to 0
2026-06-23 19:54:29.232 10 INFO neutron.wsgi [None req-75fe33dc-7dc6-4b69-95d7-74a52cafe592 e320b5cc38b245d5b2eee0a2b9463e60 020170546d7e41caaec5c8b189532116 - - default default] 10.0.0.93 "POST /v2.0/security-group-rules HTTP/1.1" status: 201 len: 773 time: 0.1448119
2026-06-23 19:54:29.499 9 INFO neutron.db.ovn_revision_numbers_db [None req-3b34d46f-dab1-42f2-a2dc-db083f88a5c7 37cead37d3ba4f45a9308a0b60749c17 92a0a052c58a4fc1b3bcd44443c10b26 - - default default] Successfully bumped revision number for resource c60745d0-5a24-4e9b-8476-1d7b123a1163 (type: security_groups) to 1
2026-06-23 19:54:29.532 9 INFO neutron.db.ovn_revision_numbers_db [None req-3b34d46f-dab1-42f2-a2dc-db083f88a5c7 37cead37d3ba4f45a9308a0b60749c17 92a0a052c58a4fc1b3bcd44443c10b26 - - default default] Successfully bumped revision number for resource 6e35bfe0-12fa-491e-b445-8ae29434e150 (type: security_group_rules) to 0
2026-06-23 19:54:29.554 9 INFO neutron.db.ovn_revision_numbers_db [None req-3b34d46f-dab1-42f2-a2dc-db083f88a5c7 37cead37d3ba4f45a9308a0b60749c17 92a0a052c58a4fc1b3bcd44443c10b26 - - default default] Successfully bumped revision number for resource 93efd808-f861-4240-9b5d-24507d3089c6 (type: security_group_rules) to 0
2026-06-23 19:54:29.586 9 INFO neutron.db.ovn_revision_numbers_db [None req-3b34d46f-dab1-42f2-a2dc-db083f88a5c7 37cead37d3ba4f45a9308a0b60749c17 92a0a052c58a4fc1b3bcd44443c10b26 - - default default] Successfully bumped revision number for resource 99e39018-614c-424f-8665-22bf805c5146 (type: security_group_rules) to 0
2026-06-23 19:54:29.606 9 INFO neutron.db.ovn_revision_numbers_db [None req-3b34d46f-dab1-42f2-a2dc-db083f88a5c7 37cead37d3ba4f45a9308a0b60749c17 92a0a052c58a4fc1b3bcd44443c10b26 - - default default] Successfully bumped revision number for resource bb0f0dbe-de09-41eb-b7c3-581cd4a643d0 (type: security_group_rules) to 0
2026-06-23 19:54:29.665 9 INFO neutron.db.segments_db [None req-3b34d46f-dab1-42f2-a2dc-db083f88a5c7 37cead37d3ba4f45a9308a0b60749c17 92a0a052c58a4fc1b3bcd44443c10b26 - - default default] Added segment 327051ae-f0b4-4eb4-b003-4058ae28347b of type geneve for network 53348f97-03a2-4479-b900-91a97ebcf292
2026-06-23 19:54:29.694 10 INFO neutron.wsgi [None req-db5d814c-72b0-407c-b47f-c5db84e28dcd e320b5cc38b245d5b2eee0a2b9463e60 020170546d7e41caaec5c8b189532116 - - default default] 10.0.0.93 "GET /v2.0/networks HTTP/1.1" status: 200 len: 1492 time: 0.1222968
2026-06-23 19:54:29.860 9 INFO neutron.db.ovn_revision_numbers_db [None req-a2f9fd32-101a-4824-b4c2-0ad191d5435e bc382a268c2744949f6320e2dea4c614 db2a0c644fa8493c97a0fd32a90a1a78 - - default default] Successfully bumped revision number for resource 59546d6f-24d8-4b9c-986b-68417f248414 (type: ports) to 2
2026-06-23 19:54:29.905 9 INFO neutron.db.ovn_revision_numbers_db [None req-3b34d46f-dab1-42f2-a2dc-db083f88a5c7 37cead37d3ba4f45a9308a0b60749c17 92a0a052c58a4fc1b3bcd44443c10b26 - - default default] Successfully bumped revision number for resource 53348f97-03a2-4479-b900-91a97ebcf292 (type: networks) to 1
2026-06-23 19:54:29.916 9 INFO neutron.wsgi [req-a087a4d3-2e58-49d2-8a41-9d5d32ed2c6c req-e8944d8b-da5c-4c19-b075-8edefaa509b8 e320b5cc38b245d5b2eee0a2b9463e60 020170546d7e41caaec5c8b189532116 - - default default] 10.0.0.120 "GET /v2.0/security-groups?name=tempest-secgroup-smoke-854869470&fields=id&tenant_id=020170546d7e41caaec5c8b189532116 HTTP/1.1" status: 200 len: 267 time: 0.1185474
2026-06-23 19:54:29.936 9 INFO neutron.db.ovn_revision_numbers_db [None req-a2f9fd32-101a-4824-b4c2-0ad191d5435e bc382a268c2744949f6320e2dea4c614 db2a0c644fa8493c97a0fd32a90a1a78 - - default default] Successfully bumped revision number for resource 0b12ccbf-6133-4ac2-aefb-e7549b9d1ec3 (type: subnets) to 0
2026-06-23 19:54:29.968 9 INFO neutron.wsgi [None req-a2f9fd32-101a-4824-b4c2-0ad191d5435e bc382a268c2744949f6320e2dea4c614 db2a0c644fa8493c97a0fd32a90a1a78 - - default default] 10.0.0.93 "POST /v2.0/subnets HTTP/1.1" status: 201 len: 1425 time: 2.4918621
2026-06-23 19:54:30.007 9 INFO neutron.wsgi [req-a087a4d3-2e58-49d2-8a41-9d5d32ed2c6c req-b9bac2fd-14fc-486a-834b-df5d7f49af2d e320b5cc38b245d5b2eee0a2b9463e60 020170546d7e41caaec5c8b189532116 - - default default] 10.0.0.120 "GET /v2.0/networks?id=fab3f996-d372-4b1b-86ef-0c5e1e261e02 HTTP/1.1" status: 200 len: 859 time: 0.0816655
2026-06-23 19:54:30.034 10 INFO neutron.wsgi [None req-30d7fd5b-4f21-4171-b2ab-a0c055e1ff82 bc382a268c2744949f6320e2dea4c614 db2a0c644fa8493c97a0fd32a90a1a78 - - default default] 10.0.0.93 "GET /v2.0/subnets HTTP/1.1" status: 200 len: 2033 time: 0.0574980
2026-06-23 19:54:30.047 9 INFO neutron.wsgi [req-a087a4d3-2e58-49d2-8a41-9d5d32ed2c6c req-c2a15e27-4497-4850-80fa-d8f9b2036b23 e320b5cc38b245d5b2eee0a2b9463e60 020170546d7e41caaec5c8b189532116 - - default default] 10.0.0.120 "GET /v2.0/quotas/020170546d7e41caaec5c8b189532116 HTTP/1.1" status: 200 len: 386 time: 0.0182464
2026-06-23 19:54:30.190 9 WARNING neutron.scheduler.dhcp_agent_scheduler [None req-3b34d46f-dab1-42f2-a2dc-db083f88a5c7 37cead37d3ba4f45a9308a0b60749c17 92a0a052c58a4fc1b3bcd44443c10b26 - - default default] No more DHCP agents
2026-06-23 19:54:30.198 9 WARNING neutron.api.rpc.agentnotifiers.dhcp_rpc_agent_api [None req-3b34d46f-dab1-42f2-a2dc-db083f88a5c7 37cead37d3ba4f45a9308a0b60749c17 92a0a052c58a4fc1b3bcd44443c10b26 - - default default] Unable to schedule network 53348f97-03a2-4479-b900-91a97ebcf292: no agents available; will retry on subsequent port and subnet creation events.
2026-06-23 19:54:30.209 9 INFO neutron.wsgi [req-a087a4d3-2e58-49d2-8a41-9d5d32ed2c6c req-c659ae27-ae4f-445a-8962-f69852115b5a e320b5cc38b245d5b2eee0a2b9463e60 020170546d7e41caaec5c8b189532116 - - default default] 10.0.0.120 "GET /v2.0/ports?tenant_id=020170546d7e41caaec5c8b189532116&fields=id HTTP/1.1" status: 200 len: 348 time: 0.1516185
2026-06-23 19:54:30.289 10 INFO neutron.wsgi [None req-d50d3487-9a27-4cb8-8a7a-9b261f4c5600 bc382a268c2744949f6320e2dea4c614 db2a0c644fa8493c97a0fd32a90a1a78 - - default default] 10.0.0.93 "DELETE /v2.0/subnets/4dc3d42b-71c0-45ad-b4b7-38734a830b1d HTTP/1.1" status: 204 len: 168 time: 0.2491872
2026-06-23 19:54:30.301 9 INFO neutron.wsgi [req-a087a4d3-2e58-49d2-8a41-9d5d32ed2c6c req-c86ec2c7-2cd2-4b2f-92ed-31c6dda8057b 6f4f30bf7cba42668a7ca8990c172dfd e1fad1e9d9474683adc8c094c81f7748 - - cbb44453c8884041b81e710af37951b4 cbb44453c8884041b81e710af37951b4] 10.0.0.120 "GET /v2.0/networks/fab3f996-d372-4b1b-86ef-0c5e1e261e02?fields=segments HTTP/1.1" status: 200 len: 212 time: 0.0788081
2026-06-23 19:54:30.328 9 INFO neutron.db.ovn_revision_numbers_db [None req-3b34d46f-dab1-42f2-a2dc-db083f88a5c7 37cead37d3ba4f45a9308a0b60749c17 92a0a052c58a4fc1b3bcd44443c10b26 - - default default] Successfully bumped revision number for resource ed168a69-523c-4442-b839-c29cc2951458 (type: ports) to 1
2026-06-23 19:54:30.369 9 INFO neutron.wsgi [None req-3b34d46f-dab1-42f2-a2dc-db083f88a5c7 37cead37d3ba4f45a9308a0b60749c17 92a0a052c58a4fc1b3bcd44443c10b26 - - default default] 10.0.0.93 "POST /v2.0/networks HTTP/1.1" status: 201 len: 846 time: 1.2456937
2026-06-23 19:54:30.385 9 INFO neutron.wsgi [req-a087a4d3-2e58-49d2-8a41-9d5d32ed2c6c req-89c823d6-73ae-4b29-ac0b-b22edb9d1110 6f4f30bf7cba42668a7ca8990c172dfd e1fad1e9d9474683adc8c094c81f7748 - - cbb44453c8884041b81e710af37951b4 cbb44453c8884041b81e710af37951b4] 10.0.0.120 "GET /v2.0/networks/fab3f996-d372-4b1b-86ef-0c5e1e261e02?fields=provider%3Aphysical_network&fields=provider%3Anetwork_type HTTP/1.1" status: 200 len: 277 time: 0.0755737
2026-06-23 19:54:30.475 10 INFO neutron.wsgi [None req-bd6262f9-c25f-4498-89d6-b3888e8ecabe bc382a268c2744949f6320e2dea4c614 db2a0c644fa8493c97a0fd32a90a1a78 - - default default] 10.0.0.93 "DELETE /v2.0/subnets/0b12ccbf-6133-4ac2-aefb-e7549b9d1ec3 HTTP/1.1" status: 204 len: 168 time: 0.1817448
2026-06-23 19:54:30.525 10 INFO neutron.wsgi [None req-6830f4e5-d63f-4ba8-bbb8-f0df487408f6 bc382a268c2744949f6320e2dea4c614 db2a0c644fa8493c97a0fd32a90a1a78 - - default default] 10.0.0.93 "GET /v2.0/subnets HTTP/1.1" status: 200 len: 820 time: 0.0405335
2026-06-23 19:54:30.591 10 INFO neutron.wsgi [req-3e3f355a-c95a-403f-978e-9a1cd56aed2c req-0d3d8822-3d0f-41ab-8419-b526138ea8f0 e320b5cc38b245d5b2eee0a2b9463e60 020170546d7e41caaec5c8b189532116 - - default default] 10.0.0.120 "GET /v2.0/ports?device_id=f2faabbe-f076-48f9-953b-530b6813843a HTTP/1.1" status: 200 len: 210 time: 0.0293596
2026-06-23 19:54:31.031 10 INFO neutron.services.segments.plugin [-] Segment c21089d7-fb96-4434-868e-61caf715f35e resource provider aggregate not found
2026-06-23 19:54:31.039 10 INFO neutron.services.segments.plugin [-] Segment c21089d7-fb96-4434-868e-61caf715f35e resource provider aggregate not found
2026-06-23 19:54:31.051 10 INFO neutron.services.segments.plugin [-] Segment c21089d7-fb96-4434-868e-61caf715f35e resource provider not found; error: Placement Client Error (4xx): {"errors": [{"status": 404, "title": "Not Found", "detail": "The resource could not be found.\n\n No resource provider with uuid c21089d7-fb96-4434-868e-61caf715f35e found for delete ", "request_id": "req-d487b8f1-da33-43d2-89d4-f4eb793158c2"}]}
2026-06-23 19:54:31.054 10 INFO neutron.services.segments.plugin [-] Segment c21089d7-fb96-4434-868e-61caf715f35e resource provider not found; error: Placement Client Error (4xx): {"errors": [{"status": 404, "title": "Not Found", "detail": "The resource could not be found.\n\n No resource provider with uuid c21089d7-fb96-4434-868e-61caf715f35e found for delete ", "request_id": "req-2ccbe02a-eea8-4fc8-8587-e18faffa7c4d"}]}
2026-06-23 19:54:31.094 10 INFO neutron.wsgi [None req-912f60a7-85dd-462c-a105-2c548ec4244f bc382a268c2744949f6320e2dea4c614 db2a0c644fa8493c97a0fd32a90a1a78 - - default default] 10.0.0.93 "DELETE /v2.0/networks/2213e7a2-e2db-4c04-bf05-26be6907a7f0 HTTP/1.1" status: 204 len: 168 time: 0.5577917
2026-06-23 19:54:31.381 10 WARNING neutron.scheduler.dhcp_agent_scheduler [None req-fa5e0139-aad3-4a4f-913c-61133a6dd816 37cead37d3ba4f45a9308a0b60749c17 92a0a052c58a4fc1b3bcd44443c10b26 - - default default] No more DHCP agents
2026-06-23 19:54:31.386 10 WARNING neutron.api.rpc.agentnotifiers.dhcp_rpc_agent_api [None req-fa5e0139-aad3-4a4f-913c-61133a6dd816 37cead37d3ba4f45a9308a0b60749c17 92a0a052c58a4fc1b3bcd44443c10b26 - - default default] Unable to schedule network 53348f97-03a2-4479-b900-91a97ebcf292: no agents available; will retry on subsequent port and subnet creation events.
2026-06-23 19:54:31.389 9 INFO neutron.wsgi [req-a087a4d3-2e58-49d2-8a41-9d5d32ed2c6c req-51b93f30-94d2-47ee-a838-cb453cd6bc30 e320b5cc38b245d5b2eee0a2b9463e60 020170546d7e41caaec5c8b189532116 - - default default] 199.204.45.19 "GET /v2.0/networks?id=fab3f996-d372-4b1b-86ef-0c5e1e261e02 HTTP/1.1" status: 200 len: 859 time: 0.0842721
2026-06-23 19:54:31.441 9 INFO neutron.wsgi [req-a087a4d3-2e58-49d2-8a41-9d5d32ed2c6c req-e4afe00f-a1ac-4943-86cd-bca4cd8d9c4c e320b5cc38b245d5b2eee0a2b9463e60 020170546d7e41caaec5c8b189532116 - - default default] 199.204.45.19 "GET /v2.0/security-groups?fields=id&fields=name&tenant_id=020170546d7e41caaec5c8b189532116 HTTP/1.1" status: 200 len: 471 time: 0.0450377
2026-06-23 19:54:31.460 10 INFO neutron.db.ovn_revision_numbers_db [None req-fa5e0139-aad3-4a4f-913c-61133a6dd816 37cead37d3ba4f45a9308a0b60749c17 92a0a052c58a4fc1b3bcd44443c10b26 - - default default] Successfully bumped revision number for resource 79695e5e-5198-4dc4-88d5-a5c0c35251f3 (type: subnets) to 0
2026-06-23 19:54:31.479 10 INFO neutron.wsgi [None req-fa5e0139-aad3-4a4f-913c-61133a6dd816 37cead37d3ba4f45a9308a0b60749c17 92a0a052c58a4fc1b3bcd44443c10b26 - - default default] 10.0.0.93 "POST /v2.0/subnets HTTP/1.1" status: 201 len: 848 time: 0.5194685
2026-06-23 19:54:31.547 10 WARNING neutron.plugins.ml2.drivers.ovn.mech_driver.ovsdb.ovn_client [None req-39ba069d-e556-42b2-b945-e7cabd4c0509 - - - - - -] No port found with ID d765dd04-c6df-4b77-befa-6acff017f1b2: RuntimeError: No port found with ID d765dd04-c6df-4b77-befa-6acff017f1b2
2026-06-23 19:54:31.595 9 INFO neutron.db.segments_db [None req-a832db00-7d43-403c-89e3-5775a800bc88 37cead37d3ba4f45a9308a0b60749c17 92a0a052c58a4fc1b3bcd44443c10b26 - - default default] Added segment f66cc11e-8030-498c-b6a3-b9a2f2b8daf3 of type geneve for network a54901b7-0874-4f49-a852-2430a5686faa
2026-06-23 19:54:31.700 10 INFO neutron.wsgi [None req-78f3fad8-5991-435f-89d3-39494e1954af bc382a268c2744949f6320e2dea4c614 db2a0c644fa8493c97a0fd32a90a1a78 - - default default] 10.0.0.93 "DELETE /v2.0/networks/8d086cfd-98ed-427f-9a94-1b8b9e9caa35 HTTP/1.1" status: 204 len: 168 time: 0.5968139
2026-06-23 19:54:31.704 9 INFO neutron.wsgi [req-48018ea5-30b8-40bd-a650-46b5f790ad71 req-e9f2bf72-28b3-4348-ab01-bb63b3405590 e320b5cc38b245d5b2eee0a2b9463e60 020170546d7e41caaec5c8b189532116 - - default default] 10.0.0.120 "GET /v2.0/ports?device_id=f2faabbe-f076-48f9-953b-530b6813843a HTTP/1.1" status: 200 len: 210 time: 0.0413668 /var/lib/openstack/lib/python3.10/site-packages/pycadf/identifier.py:71: UserWarning: Invalid uuid: neutron. To ensure interoperability, identifiers should be a valid uuid. warnings.warn(('Invalid uuid: %s. To ensure interoperability, '
2026-06-23 19:54:31.864 9 INFO neutron.db.ovn_revision_numbers_db [None req-a832db00-7d43-403c-89e3-5775a800bc88 37cead37d3ba4f45a9308a0b60749c17 92a0a052c58a4fc1b3bcd44443c10b26 - - default default] Successfully bumped revision number for resource a54901b7-0874-4f49-a852-2430a5686faa (type: networks) to 1
2026-06-23 19:54:31.960 9 WARNING neutron.scheduler.dhcp_agent_scheduler [req-a087a4d3-2e58-49d2-8a41-9d5d32ed2c6c req-e26465fd-3f95-4b8f-b311-ad12a5719063 e320b5cc38b245d5b2eee0a2b9463e60 020170546d7e41caaec5c8b189532116 - - default default] No more DHCP agents
2026-06-23 19:54:31.965 9 WARNING neutron.api.rpc.agentnotifiers.dhcp_rpc_agent_api [req-a087a4d3-2e58-49d2-8a41-9d5d32ed2c6c req-e26465fd-3f95-4b8f-b311-ad12a5719063 e320b5cc38b245d5b2eee0a2b9463e60 020170546d7e41caaec5c8b189532116 - - default default] Unable to schedule network fab3f996-d372-4b1b-86ef-0c5e1e261e02: no agents available; will retry on subsequent port and subnet creation events.
2026-06-23 19:54:32.101 9 WARNING neutron.scheduler.dhcp_agent_scheduler [None req-a832db00-7d43-403c-89e3-5775a800bc88 37cead37d3ba4f45a9308a0b60749c17 92a0a052c58a4fc1b3bcd44443c10b26 - - default default] No more DHCP agents
2026-06-23 19:54:32.115 9 WARNING neutron.api.rpc.agentnotifiers.dhcp_rpc_agent_api [None req-a832db00-7d43-403c-89e3-5775a800bc88 37cead37d3ba4f45a9308a0b60749c17 92a0a052c58a4fc1b3bcd44443c10b26 - - default default] Unable to schedule network a54901b7-0874-4f49-a852-2430a5686faa: no agents available; will retry on subsequent port and subnet creation events.
2026-06-23 19:54:32.144 10 INFO neutron.wsgi [None req-ce5cfdc8-69e3-41bc-991d-f9d081b43ca8 bc382a268c2744949f6320e2dea4c614 db2a0c644fa8493c97a0fd32a90a1a78 - - default default] 10.0.0.93 "DELETE /v2.0/networks/a726e37a-5159-40c7-84e5-9e5ddc918aa2 HTTP/1.1" status: 204 len: 168 time: 0.4379423
2026-06-23 19:54:32.203 9 INFO neutron.db.ovn_revision_numbers_db [req-a087a4d3-2e58-49d2-8a41-9d5d32ed2c6c req-e26465fd-3f95-4b8f-b311-ad12a5719063 e320b5cc38b245d5b2eee0a2b9463e60 020170546d7e41caaec5c8b189532116 - - default default] Successfully bumped revision number for resource 846e8114-1679-4664-a243-452fc99d48e4 (type: ports) to 1
2026-06-23 19:54:32.212 9 INFO neutron.db.ovn_revision_numbers_db [None req-a832db00-7d43-403c-89e3-5775a800bc88 37cead37d3ba4f45a9308a0b60749c17 92a0a052c58a4fc1b3bcd44443c10b26 - - default default] Successfully bumped revision number for resource b1ff3ad5-1d33-4a2f-9548-56b904c0a50b (type: ports) to 1
2026-06-23 19:54:32.225 9 INFO neutron.wsgi [req-a087a4d3-2e58-49d2-8a41-9d5d32ed2c6c req-e26465fd-3f95-4b8f-b311-ad12a5719063 e320b5cc38b245d5b2eee0a2b9463e60 020170546d7e41caaec5c8b189532116 - - default default] 199.204.45.19 "POST /v2.0/ports HTTP/1.1" status: 201 len: 1162 time: 0.7806768
2026-06-23 19:54:32.234 9 INFO neutron.wsgi [None req-a832db00-7d43-403c-89e3-5775a800bc88 37cead37d3ba4f45a9308a0b60749c17 92a0a052c58a4fc1b3bcd44443c10b26 - - default default] 10.0.0.93 "POST /v2.0/networks HTTP/1.1" status: 201 len: 847 time: 0.7479124 /var/lib/openstack/lib/python3.10/site-packages/pycadf/identifier.py:71: UserWarning: Invalid uuid: neutron. To ensure interoperability, identifiers should be a valid uuid. warnings.warn(('Invalid uuid: %s. To ensure interoperability, '
2026-06-23 19:54:32.456 10 INFO neutron.db.ovn_revision_numbers_db [None req-ce119d95-602c-423a-b9cc-668bd5b033a5 37cead37d3ba4f45a9308a0b60749c17 92a0a052c58a4fc1b3bcd44443c10b26 - - default default] Successfully bumped revision number for resource a54901b7-0874-4f49-a852-2430a5686faa (type: networks) to 2
2026-06-23 19:54:32.460 10 INFO neutron.wsgi [None req-ce119d95-602c-423a-b9cc-668bd5b033a5 37cead37d3ba4f45a9308a0b60749c17 92a0a052c58a4fc1b3bcd44443c10b26 - - default default] 10.0.0.93 "PUT /v2.0/networks/a54901b7-0874-4f49-a852-2430a5686faa HTTP/1.1" status: 200 len: 792 time: 0.2195852
2026-06-23 19:54:32.611 9 INFO neutron.db.ovn_revision_numbers_db [req-a087a4d3-2e58-49d2-8a41-9d5d32ed2c6c req-8c350c4f-959c-4475-98cb-7d06b7e95e89 6f4f30bf7cba42668a7ca8990c172dfd e1fad1e9d9474683adc8c094c81f7748 - - cbb44453c8884041b81e710af37951b4 cbb44453c8884041b81e710af37951b4] Successfully bumped revision number for resource 846e8114-1679-4664-a243-452fc99d48e4 (type: ports) to 2
2026-06-23 19:54:32.620 10 INFO neutron.wsgi [None req-2f6a70f2-26eb-4954-aa4c-39a5359333d8 bc382a268c2744949f6320e2dea4c614 db2a0c644fa8493c97a0fd32a90a1a78 - - default default] 10.0.0.93 "DELETE /v2.0/networks/db9d01b6-1d73-46bc-bac2-e452be900baf HTTP/1.1" status: 204 len: 168 time: 0.4693949
2026-06-23 19:54:32.734 10 WARNING neutron.scheduler.dhcp_agent_scheduler [None req-cca4ee7f-07e4-4d68-a4de-d30cff8112f1 37cead37d3ba4f45a9308a0b60749c17 92a0a052c58a4fc1b3bcd44443c10b26 - - default default] No more DHCP agents
2026-06-23 19:54:32.739 10 WARNING neutron.api.rpc.agentnotifiers.dhcp_rpc_agent_api [None req-cca4ee7f-07e4-4d68-a4de-d30cff8112f1 37cead37d3ba4f45a9308a0b60749c17 92a0a052c58a4fc1b3bcd44443c10b26 - - default default] Unable to schedule network a54901b7-0874-4f49-a852-2430a5686faa: no agents available; will retry on subsequent port and subnet creation events.
2026-06-23 19:54:32.777 10 INFO neutron.db.ovn_revision_numbers_db [None req-cca4ee7f-07e4-4d68-a4de-d30cff8112f1 37cead37d3ba4f45a9308a0b60749c17 92a0a052c58a4fc1b3bcd44443c10b26 - - default default] Successfully bumped revision number for resource 492c4e1e-258a-4506-97c6-feff6f176d63 (type: subnets) to 0
2026-06-23 19:54:32.802 10 INFO neutron.wsgi [None req-cca4ee7f-07e4-4d68-a4de-d30cff8112f1 37cead37d3ba4f45a9308a0b60749c17 92a0a052c58a4fc1b3bcd44443c10b26 - - default default] 10.0.0.93 "POST /v2.0/subnets HTTP/1.1" status: 201 len: 821 time: 0.3367927 /var/lib/openstack/lib/python3.10/site-packages/pycadf/identifier.py:71: UserWarning: Invalid uuid: neutron. To ensure interoperability, identifiers should be a valid uuid. warnings.warn(('Invalid uuid: %s. To ensure interoperability, '
2026-06-23 19:54:32.819 9 INFO neutron.db.ovn_revision_numbers_db [req-a087a4d3-2e58-49d2-8a41-9d5d32ed2c6c req-8c350c4f-959c-4475-98cb-7d06b7e95e89 6f4f30bf7cba42668a7ca8990c172dfd e1fad1e9d9474683adc8c094c81f7748 - - cbb44453c8884041b81e710af37951b4 cbb44453c8884041b81e710af37951b4] Successfully bumped revision number for resource 846e8114-1679-4664-a243-452fc99d48e4 (type: ports) to 2
2026-06-23 19:54:32.846 9 INFO neutron.wsgi [req-a087a4d3-2e58-49d2-8a41-9d5d32ed2c6c req-8c350c4f-959c-4475-98cb-7d06b7e95e89 6f4f30bf7cba42668a7ca8990c172dfd e1fad1e9d9474683adc8c094c81f7748 - - cbb44453c8884041b81e710af37951b4 cbb44453c8884041b81e710af37951b4] 199.204.45.19 "PUT /v2.0/ports/846e8114-1679-4664-a243-452fc99d48e4 HTTP/1.1" status: 200 len: 1380 time: 0.6107416
2026-06-23 19:54:32.863 10 INFO neutron.wsgi [req-2b5dc21e-0c1a-41ac-89f2-24cd52006740 req-fe8ba768-3459-4219-9f31-2bb41f5ec834 e320b5cc38b245d5b2eee0a2b9463e60 020170546d7e41caaec5c8b189532116 - - default default] 10.0.0.120 "GET /v2.0/ports?device_id=f2faabbe-f076-48f9-953b-530b6813843a HTTP/1.1" status: 200 len: 1172 time: 0.0956886
2026-06-23 19:54:32.883 9 INFO neutron.notifiers.nova [-] Nova event matching ['req-8afdce84-4dbe-4b2a-bdbd-551543b882db'] response: {'name': 'network-changed', 'server_uuid': 'f2faabbe-f076-48f9-953b-530b6813843a', 'tag': '846e8114-1679-4664-a243-452fc99d48e4', 'status': 'completed', 'code': 200}
2026-06-23 19:54:32.914 10 INFO neutron.wsgi [req-2b5dc21e-0c1a-41ac-89f2-24cd52006740 req-3ef72056-d4aa-4b44-b623-67ff7b3b7a40 e320b5cc38b245d5b2eee0a2b9463e60 020170546d7e41caaec5c8b189532116 - - default default] 10.0.0.120 "GET /v2.0/security-groups?id=3c3d49c7-e682-4d57-9214-571cdc4d475f&fields=id&fields=name HTTP/1.1" status: 200 len: 312 time: 0.0452311
2026-06-23 19:54:32.940 9 INFO neutron.wsgi [req-a087a4d3-2e58-49d2-8a41-9d5d32ed2c6c req-ec14c304-d640-4f7c-b265-89dc48ff5f07 6f4f30bf7cba42668a7ca8990c172dfd e1fad1e9d9474683adc8c094c81f7748 - - cbb44453c8884041b81e710af37951b4 cbb44453c8884041b81e710af37951b4] 199.204.45.19 "GET /v2.0/ports?tenant_id=020170546d7e41caaec5c8b189532116&device_id=f2faabbe-f076-48f9-953b-530b6813843a HTTP/1.1" status: 200 len: 1411 time: 0.0446801
2026-06-23 19:54:32.969 9 INFO neutron.wsgi [req-a087a4d3-2e58-49d2-8a41-9d5d32ed2c6c req-dde669b9-542e-43b8-85b0-606ccdb51058 6f4f30bf7cba42668a7ca8990c172dfd e1fad1e9d9474683adc8c094c81f7748 - - cbb44453c8884041b81e710af37951b4 cbb44453c8884041b81e710af37951b4] 199.204.45.19 "GET /v2.0/floatingips?fixed_ip_address=10.100.0.11&port_id=846e8114-1679-4664-a243-452fc99d48e4 HTTP/1.1" status: 200 len: 217 time: 0.0211456
2026-06-23 19:54:33.012 9 INFO neutron.wsgi [req-a087a4d3-2e58-49d2-8a41-9d5d32ed2c6c req-7a50160f-dac0-4687-b6f5-21df9fd74869 6f4f30bf7cba42668a7ca8990c172dfd e1fad1e9d9474683adc8c094c81f7748 - - cbb44453c8884041b81e710af37951b4 cbb44453c8884041b81e710af37951b4] 199.204.45.19 "GET /v2.0/subnets?id=97ae255e-077d-4345-8656-bfde49fc5d2c HTTP/1.1" status: 200 len: 853 time: 0.0355656
2026-06-23 19:54:33.042 9 INFO neutron.wsgi [req-a087a4d3-2e58-49d2-8a41-9d5d32ed2c6c req-8ed5937f-5749-4b9b-a783-edbc718e5cdd 6f4f30bf7cba42668a7ca8990c172dfd e1fad1e9d9474683adc8c094c81f7748 - - cbb44453c8884041b81e710af37951b4 cbb44453c8884041b81e710af37951b4] 199.204.45.19 "GET /v2.0/ports?network_id=fab3f996-d372-4b1b-86ef-0c5e1e261e02&device_owner=network%3Adhcp HTTP/1.1" status: 200 len: 210 time: 0.0194457
2026-06-23 19:54:33.074 10 INFO neutron.services.segments.plugin [-] Segment 9bc1b45d-ce84-41d6-9c13-a0d8d654b0f7 resource provider aggregate not found
2026-06-23 19:54:33.080 10 INFO neutron.services.segments.plugin [-] Segment 9bc1b45d-ce84-41d6-9c13-a0d8d654b0f7 resource provider aggregate not found
2026-06-23 19:54:33.094 10 INFO neutron.services.segments.plugin [-] Segment 9bc1b45d-ce84-41d6-9c13-a0d8d654b0f7 resource provider not found; error: Placement Client Error (4xx): {"errors": [{"status": 404, "title": "Not Found", "detail": "The resource could not be found.\n\n No resource provider with uuid 9bc1b45d-ce84-41d6-9c13-a0d8d654b0f7 found for delete ", "request_id": "req-a94d361f-a37b-4215-85be-9b5e0827b715"}]}
2026-06-23 19:54:33.100 10 INFO neutron.services.segments.plugin [-] Segment 9bc1b45d-ce84-41d6-9c13-a0d8d654b0f7 resource provider not found; error: Placement Client Error (4xx): {"errors": [{"status": 404, "title": "Not Found", "detail": "The resource could not be found.\n\n No resource provider with uuid 9bc1b45d-ce84-41d6-9c13-a0d8d654b0f7 found for delete ", "request_id": "req-0e7e5e9b-edb9-4baf-b220-50b97bd58574"}]}
2026-06-23 19:54:33.120 10 INFO neutron.services.segments.plugin [-] Segment 93c4a4e5-284d-4d4a-88d8-52330adc46ac resource provider aggregate not found
2026-06-23 19:54:33.126 10 INFO neutron.services.segments.plugin [-] Segment 93c4a4e5-284d-4d4a-88d8-52330adc46ac resource provider aggregate not found
2026-06-23 19:54:33.133 9 INFO neutron.wsgi [req-a087a4d3-2e58-49d2-8a41-9d5d32ed2c6c req-6fd65474-a2d0-45d6-8252-dd1c3db7466f 6f4f30bf7cba42668a7ca8990c172dfd e1fad1e9d9474683adc8c094c81f7748 - - cbb44453c8884041b81e710af37951b4 cbb44453c8884041b81e710af37951b4] 199.204.45.19 "GET /v2.0/networks/fab3f996-d372-4b1b-86ef-0c5e1e261e02?fields=segments HTTP/1.1" status: 200 len: 212 time: 0.0826306
2026-06-23 19:54:33.143 10 INFO neutron.services.segments.plugin [-] Segment 93c4a4e5-284d-4d4a-88d8-52330adc46ac resource provider not found; error: Placement Client Error (4xx): {"errors": [{"status": 404, "title": "Not Found", "detail": "The resource could not be found.\n\n No resource provider with uuid 93c4a4e5-284d-4d4a-88d8-52330adc46ac found for delete ", "request_id": "req-ae469dc3-e7ae-4d2b-bfe1-bd79dd7b6faf"}]}
2026-06-23 19:54:33.148 10 INFO neutron.services.segments.plugin [-] Segment 93c4a4e5-284d-4d4a-88d8-52330adc46ac resource provider not found; error: Placement Client Error (4xx): {"errors": [{"status": 404, "title": "Not Found", "detail": "The resource could not be found.\n\n No resource provider with uuid 93c4a4e5-284d-4d4a-88d8-52330adc46ac found for delete ", "request_id": "req-fdad0e7f-fc68-45f0-8f5f-e44ab92ecde4"}]}
2026-06-23 19:54:33.178 10 INFO neutron.services.segments.plugin [-] Segment 2599a838-9bba-4a39-8b23-6b351c6bb71d resource provider aggregate not found
2026-06-23 19:54:33.183 10 INFO neutron.services.segments.plugin [-] Segment 2599a838-9bba-4a39-8b23-6b351c6bb71d resource provider aggregate not found
2026-06-23 19:54:33.200 10 INFO neutron.services.segments.plugin [-] Segment 2599a838-9bba-4a39-8b23-6b351c6bb71d resource provider not found; error: Placement Client Error (4xx): {"errors": [{"status": 404, "title": "Not Found", "detail": "The resource could not be found.\n\n No resource provider with uuid 2599a838-9bba-4a39-8b23-6b351c6bb71d found for delete ", "request_id": "req-99b9477e-7e2c-4523-81d4-66bce644fc00"}]}
2026-06-23 19:54:33.201 10 INFO neutron.services.segments.plugin [-] Segment 2599a838-9bba-4a39-8b23-6b351c6bb71d resource provider not found; error: Placement Client Error (4xx): {"errors": [{"status": 404, "title": "Not Found", "detail": "The resource could not be found.\n\n No resource provider with uuid 2599a838-9bba-4a39-8b23-6b351c6bb71d found for delete ", "request_id": "req-9447f2d7-c2b7-4a7e-9736-07815578e1e1"}]}
2026-06-23 19:54:33.226 9 INFO neutron.wsgi [req-a087a4d3-2e58-49d2-8a41-9d5d32ed2c6c req-feaf8f54-de3c-4d9a-8ef9-13f411bc17f6 6f4f30bf7cba42668a7ca8990c172dfd e1fad1e9d9474683adc8c094c81f7748 - - cbb44453c8884041b81e710af37951b4 cbb44453c8884041b81e710af37951b4] 199.204.45.19 "GET /v2.0/networks/fab3f996-d372-4b1b-86ef-0c5e1e261e02?fields=provider%3Aphysical_network&fields=provider%3Anetwork_type HTTP/1.1" status: 200 len: 277 time: 0.0767980
2026-06-23 19:54:33.303 9 INFO neutron.wsgi [req-cf35ba4e-ecf2-4e43-b26f-2e4c02fe908a req-850e67ff-7076-4ee8-8b89-a12f39c04d3e 6f4f30bf7cba42668a7ca8990c172dfd e1fad1e9d9474683adc8c094c81f7748 - - cbb44453c8884041b81e710af37951b4 cbb44453c8884041b81e710af37951b4] 199.204.45.19 "GET /v2.0/ports?tenant_id=020170546d7e41caaec5c8b189532116&device_id=f2faabbe-f076-48f9-953b-530b6813843a HTTP/1.1" status: 200 len: 1411 time: 0.0338507
2026-06-23 19:54:33.393 9 INFO neutron.wsgi [req-cf35ba4e-ecf2-4e43-b26f-2e4c02fe908a req-08b87786-4be9-475d-b61c-39843eb7f584 6f4f30bf7cba42668a7ca8990c172dfd e1fad1e9d9474683adc8c094c81f7748 - - cbb44453c8884041b81e710af37951b4 cbb44453c8884041b81e710af37951b4] 199.204.45.19 "GET /v2.0/networks?id=fab3f996-d372-4b1b-86ef-0c5e1e261e02 HTTP/1.1" status: 200 len: 958 time: 0.0751138
2026-06-23 19:54:33.433 9 INFO neutron.wsgi [req-cf35ba4e-ecf2-4e43-b26f-2e4c02fe908a req-f82bab0f-12e6-4614-9c23-9e9aabab6985 6f4f30bf7cba42668a7ca8990c172dfd e1fad1e9d9474683adc8c094c81f7748 - - cbb44453c8884041b81e710af37951b4 cbb44453c8884041b81e710af37951b4] 199.204.45.19 "GET /v2.0/floatingips?fixed_ip_address=10.100.0.11&port_id=846e8114-1679-4664-a243-452fc99d48e4 HTTP/1.1" status: 200 len: 217 time: 0.0309386
2026-06-23 19:54:33.460 9 INFO neutron.plugins.ml2.drivers.ovn.mech_driver.mech_driver [None req-4df46f37-8bdc-4170-b649-fd88ecb8fd25 - - - - - -] OVN reports status up for port: 846e8114-1679-4664-a243-452fc99d48e4
2026-06-23 19:54:33.483 9 INFO neutron.wsgi [req-cf35ba4e-ecf2-4e43-b26f-2e4c02fe908a req-ea9822bd-ab87-4862-aa99-775f695bed45 6f4f30bf7cba42668a7ca8990c172dfd e1fad1e9d9474683adc8c094c81f7748 - - cbb44453c8884041b81e710af37951b4 cbb44453c8884041b81e710af37951b4] 199.204.45.19 "GET /v2.0/subnets?id=97ae255e-077d-4345-8656-bfde49fc5d2c HTTP/1.1" status: 200 len: 853 time: 0.0449946
2026-06-23 19:54:33.484 9 INFO neutron.plugins.ml2.plugin [None req-4df46f37-8bdc-4170-b649-fd88ecb8fd25 - - - - - -] Attempt 1 to provision port 846e8114-1679-4664-a243-452fc99d48e4
2026-06-23 19:54:33.536 9 INFO neutron.wsgi [req-cf35ba4e-ecf2-4e43-b26f-2e4c02fe908a req-bd746bb3-8d59-4b94-95d7-a2febb18a27d 6f4f30bf7cba42668a7ca8990c172dfd e1fad1e9d9474683adc8c094c81f7748 - - cbb44453c8884041b81e710af37951b4 cbb44453c8884041b81e710af37951b4] 199.204.45.19 "GET /v2.0/ports?network_id=fab3f996-d372-4b1b-86ef-0c5e1e261e02&device_owner=network%3Adhcp HTTP/1.1" status: 200 len: 210 time: 0.0389986
2026-06-23 19:54:33.551 9 INFO neutron.wsgi [None req-50ae31a8-1d80-4297-b42b-443c991179e2 2b18d60b87384b7b9789aa7c2c44bc0d f2920c33348246b08d55932abdebf6a6 - - default default] 10.0.0.93 "GET /v2.0/security-groups?tenant_id=db2a0c644fa8493c97a0fd32a90a1a78&name=default HTTP/1.1" status: 200 len: 2996 time: 0.2739308
2026-06-23 19:54:33.634 9 INFO neutron.wsgi [req-cf35ba4e-ecf2-4e43-b26f-2e4c02fe908a req-e9fada78-a990-449a-b702-da58760cadbb 6f4f30bf7cba42668a7ca8990c172dfd e1fad1e9d9474683adc8c094c81f7748 - - cbb44453c8884041b81e710af37951b4 cbb44453c8884041b81e710af37951b4] 199.204.45.19 "GET /v2.0/networks/fab3f996-d372-4b1b-86ef-0c5e1e261e02?fields=segments HTTP/1.1" status: 200 len: 212 time: 0.0879092
2026-06-23 19:54:33.742 9 INFO neutron.wsgi [req-cf35ba4e-ecf2-4e43-b26f-2e4c02fe908a req-7608fc6c-3916-45d9-b888-e9d30ed1f433 6f4f30bf7cba42668a7ca8990c172dfd e1fad1e9d9474683adc8c094c81f7748 - - cbb44453c8884041b81e710af37951b4 cbb44453c8884041b81e710af37951b4] 199.204.45.19 "GET /v2.0/networks/fab3f996-d372-4b1b-86ef-0c5e1e261e02?fields=provider%3Aphysical_network&fields=provider%3Anetwork_type HTTP/1.1" status: 200 len: 277 time: 0.0986822
2026-06-23 19:54:33.780 10 INFO neutron.wsgi [None req-75b0e190-f0bf-422f-972a-568382d04be4 2b18d60b87384b7b9789aa7c2c44bc0d f2920c33348246b08d55932abdebf6a6 - - default default] 10.0.0.93 "DELETE /v2.0/security-groups/c411c4eb-4a3d-42c2-82ec-7e8cbf334bcc HTTP/1.1" status: 204 len: 168 time: 0.2229233
2026-06-23 19:54:34.326 9 INFO neutron.db.ovn_revision_numbers_db [None req-c24d22ee-64d6-4bb6-b85d-3f6651d6c279 37cead37d3ba4f45a9308a0b60749c17 92a0a052c58a4fc1b3bcd44443c10b26 - - default default] Successfully bumped revision number for resource b1ff3ad5-1d33-4a2f-9548-56b904c0a50b (type: ports) to 2
2026-06-23 19:54:34.376 9 INFO neutron.wsgi [req-0f2a60e1-ed10-48c5-b4fb-56a52c9ab79b req-394209f8-b63e-4dbe-96d8-5db2faad5c7e e320b5cc38b245d5b2eee0a2b9463e60 020170546d7e41caaec5c8b189532116 - - default default] 10.0.0.120 "GET /v2.0/ports?device_id=f2faabbe-f076-48f9-953b-530b6813843a HTTP/1.1" status: 200 len: 1174 time: 0.0521607
2026-06-23 19:54:34.425 9 INFO neutron.db.ovn_revision_numbers_db [None req-c24d22ee-64d6-4bb6-b85d-3f6651d6c279 37cead37d3ba4f45a9308a0b60749c17 92a0a052c58a4fc1b3bcd44443c10b26 - - default default] Successfully bumped revision number for resource 492c4e1e-258a-4506-97c6-feff6f176d63 (type: subnets) to 1
2026-06-23 19:54:34.429 9 INFO neutron.wsgi [None req-c24d22ee-64d6-4bb6-b85d-3f6651d6c279 37cead37d3ba4f45a9308a0b60749c17 92a0a052c58a4fc1b3bcd44443c10b26 - - default default] 10.0.0.93 "PUT /v2.0/subnets/492c4e1e-258a-4506-97c6-feff6f176d63 HTTP/1.1" status: 200 len: 826 time: 1.6211495
2026-06-23 19:54:34.450 9 INFO neutron.wsgi [req-0f2a60e1-ed10-48c5-b4fb-56a52c9ab79b req-2d99317d-d2c8-4a0a-9ee2-832e77fc8ae2 e320b5cc38b245d5b2eee0a2b9463e60 020170546d7e41caaec5c8b189532116 - - default default] 10.0.0.120 "GET /v2.0/security-groups?id=3c3d49c7-e682-4d57-9214-571cdc4d475f&fields=id&fields=name HTTP/1.1" status: 200 len: 312 time: 0.0625477
2026-06-23 19:54:34.467 9 INFO neutron.db.ovn_revision_numbers_db [None req-4df46f37-8bdc-4170-b649-fd88ecb8fd25 - - - - - -] Successfully bumped revision number for resource 846e8114-1679-4664-a243-452fc99d48e4 (type: ports) to 4
2026-06-23 19:54:34.924 9 INFO neutron.notifiers.nova [-] Nova event matching ['req-72e94862-0433-4cc1-a506-14ea080fb9f5'] response: {'server_uuid': 'f2faabbe-f076-48f9-953b-530b6813843a', 'name': 'network-vif-plugged', 'status': 'completed', 'tag': '846e8114-1679-4664-a243-452fc99d48e4', 'code': 200}
2026-06-23 19:54:34.925 9 INFO neutron.notifiers.nova [-] Nova event matching ['req-72e94862-0433-4cc1-a506-14ea080fb9f5'] response: {'server_uuid': 'f2faabbe-f076-48f9-953b-530b6813843a', 'name': 'network-vif-plugged', 'status': 'completed', 'tag': '846e8114-1679-4664-a243-452fc99d48e4', 'code': 200}
2026-06-23 19:54:35.129 10 INFO neutron.wsgi [None req-c4fda166-bf30-4e49-9612-546ad407d406 37cead37d3ba4f45a9308a0b60749c17 92a0a052c58a4fc1b3bcd44443c10b26 - - default default] 10.0.0.93 "DELETE /v2.0/networks/a54901b7-0874-4f49-a852-2430a5686faa HTTP/1.1" status: 204 len: 168 time: 0.6943562
2026-06-23 19:54:35.153 10 INFO neutron.pecan_wsgi.hooks.translation [None req-d7167306-bc9f-43a5-8eac-fc80f60ddee6 37cead37d3ba4f45a9308a0b60749c17 92a0a052c58a4fc1b3bcd44443c10b26 - - default default] DELETE failed (client error): The resource could not be found.
2026-06-23 19:54:35.155 10 INFO neutron.wsgi [None req-d7167306-bc9f-43a5-8eac-fc80f60ddee6 37cead37d3ba4f45a9308a0b60749c17 92a0a052c58a4fc1b3bcd44443c10b26 - - default default] 10.0.0.93 "DELETE /v2.0/networks/a54901b7-0874-4f49-a852-2430a5686faa HTTP/1.1" status: 404 len: 339 time: 0.0174084 /var/lib/openstack/lib/python3.10/site-packages/pycadf/identifier.py:71: UserWarning: Invalid uuid: neutron. To ensure interoperability, identifiers should be a valid uuid. warnings.warn(('Invalid uuid: %s. To ensure interoperability, '
2026-06-23 19:54:35.223 10 INFO neutron.services.segments.plugin [-] Segment f66cc11e-8030-498c-b6a3-b9a2f2b8daf3 resource provider aggregate not found
2026-06-23 19:54:35.237 10 INFO neutron.services.segments.plugin [-] Segment f66cc11e-8030-498c-b6a3-b9a2f2b8daf3 resource provider aggregate not found
