2026-06-23 19:53:43.006 10 INFO neutron.db.ovn_revision_numbers_db [None req-560072eb-09d0-4e3a-a37b-4b8540347c4f 118371cf5a9041c39859ecae0190f0cf 913bbcc3eb524dc6a90b51ef7f685b27 - - default default] Successfully bumped revision number for resource 84dbef97-f73e-47ed-a8a2-7e82e53b090b (type: security_group_rules) to 0
2026-06-23 19:53:43.018 10 INFO neutron.db.ovn_revision_numbers_db [None req-560072eb-09d0-4e3a-a37b-4b8540347c4f 118371cf5a9041c39859ecae0190f0cf 913bbcc3eb524dc6a90b51ef7f685b27 - - default default] Successfully bumped revision number for resource ccd758d2-2029-4fb1-8f16-6c3e9bb4ca71 (type: security_group_rules) to 0
2026-06-23 19:53:43.033 10 INFO neutron.db.ovn_revision_numbers_db [None req-560072eb-09d0-4e3a-a37b-4b8540347c4f 118371cf5a9041c39859ecae0190f0cf 913bbcc3eb524dc6a90b51ef7f685b27 - - default default] Successfully bumped revision number for resource d6ca023a-872f-4a6b-89be-1d4e09a4eaf0 (type: security_group_rules) to 0
2026-06-23 19:53:43.078 10 INFO neutron.db.segments_db [None req-560072eb-09d0-4e3a-a37b-4b8540347c4f 118371cf5a9041c39859ecae0190f0cf 913bbcc3eb524dc6a90b51ef7f685b27 - - default default] Added segment 8b583e32-d0a2-4cd3-bf34-e19d68d10bbd of type geneve for network 515c4312-a5e8-46fe-8e57-e65063640f70
2026-06-23 19:53:43.091 9 WARNING neutron.scheduler.dhcp_agent_scheduler [req-4d6c388f-b779-42f9-9fb6-75f2662fc9f4 req-2946a98d-25aa-41b0-85bc-4ba60f8b17dd 36b39d91f6634531b2a4dfca0b8b7858 037c555a50ea4c93855a364336e3e932 - - default default] No more DHCP agents
2026-06-23 19:53:43.095 9 WARNING neutron.api.rpc.agentnotifiers.dhcp_rpc_agent_api [req-4d6c388f-b779-42f9-9fb6-75f2662fc9f4 req-2946a98d-25aa-41b0-85bc-4ba60f8b17dd 36b39d91f6634531b2a4dfca0b8b7858 037c555a50ea4c93855a364336e3e932 - - default default] Unable to schedule network 5a4e8dca-2041-4b4c-9712-99493d7b372a: no agents available; will retry on subsequent port and subnet creation events.
2026-06-23 19:53:43.258 9 INFO neutron.wsgi [None req-78318c69-715b-459f-b52b-6ad89504afe1 2b18d60b87384b7b9789aa7c2c44bc0d f2920c33348246b08d55932abdebf6a6 - - default default] 10.0.0.93 "DELETE /v2.0/security-groups/ebed2eca-b91e-4dde-8184-63ab7fb8a9df HTTP/1.1" status: 204 len: 168 time: 0.3291655
2026-06-23 19:53:43.298 9 INFO neutron.db.ovn_revision_numbers_db [req-4d6c388f-b779-42f9-9fb6-75f2662fc9f4 req-2946a98d-25aa-41b0-85bc-4ba60f8b17dd 36b39d91f6634531b2a4dfca0b8b7858 037c555a50ea4c93855a364336e3e932 - - default default] Successfully bumped revision number for resource b66ad866-23b5-4dbb-b9ce-986fbad58687 (type: ports) to 1 /var/lib/openstack/lib/python3.10/site-packages/pycadf/identifier.py:71: UserWarning: Invalid uuid: neutron. To ensure interoperability, identifiers should be a valid uuid. warnings.warn(('Invalid uuid: %s. To ensure interoperability, '
2026-06-23 19:53:43.330 9 INFO neutron.wsgi [req-4d6c388f-b779-42f9-9fb6-75f2662fc9f4 req-2946a98d-25aa-41b0-85bc-4ba60f8b17dd 36b39d91f6634531b2a4dfca0b8b7858 037c555a50ea4c93855a364336e3e932 - - default default] 199.204.45.19 "POST /v2.0/ports HTTP/1.1" status: 201 len: 1162 time: 0.6342618
2026-06-23 19:53:43.507 9 INFO neutron.wsgi [None req-fdabe3bd-0e94-4def-83ae-6401fdd5b1fc 4cbcf267578148f5a0a3726c23b09931 e4a369b3aa364ad7839e9c4a619420e7 - - default default] 10.0.0.93 "DELETE /v2.0/security-groups/51af2923-09a2-41d4-b442-1408fbcda758 HTTP/1.1" status: 204 len: 168 time: 0.1853423
2026-06-23 19:53:43.520 10 INFO neutron.db.ovn_revision_numbers_db [None req-560072eb-09d0-4e3a-a37b-4b8540347c4f 118371cf5a9041c39859ecae0190f0cf 913bbcc3eb524dc6a90b51ef7f685b27 - - default default] Successfully bumped revision number for resource 515c4312-a5e8-46fe-8e57-e65063640f70 (type: networks) to 1
2026-06-23 19:53:43.533 10 INFO neutron.api.v2.resource [None req-70745c03-9eb9-4e85-a8cb-219ea4ba76b9 4cbcf267578148f5a0a3726c23b09931 e4a369b3aa364ad7839e9c4a619420e7 - - default default] show failed (client error): The resource could not be found.
2026-06-23 19:53:43.534 10 INFO neutron.wsgi [None req-70745c03-9eb9-4e85-a8cb-219ea4ba76b9 4cbcf267578148f5a0a3726c23b09931 e4a369b3aa364ad7839e9c4a619420e7 - - default default] 10.0.0.93 "GET /v2.0/security-groups/51af2923-09a2-41d4-b442-1408fbcda758 HTTP/1.1" status: 404 len: 347 time: 0.0200155
2026-06-23 19:53:43.692 10 WARNING neutron.scheduler.dhcp_agent_scheduler [None req-560072eb-09d0-4e3a-a37b-4b8540347c4f 118371cf5a9041c39859ecae0190f0cf 913bbcc3eb524dc6a90b51ef7f685b27 - - default default] No more DHCP agents
2026-06-23 19:53:43.696 10 WARNING neutron.api.rpc.agentnotifiers.dhcp_rpc_agent_api [None req-560072eb-09d0-4e3a-a37b-4b8540347c4f 118371cf5a9041c39859ecae0190f0cf 913bbcc3eb524dc6a90b51ef7f685b27 - - default default] Unable to schedule network 515c4312-a5e8-46fe-8e57-e65063640f70: no agents available; will retry on subsequent port and subnet creation events.
2026-06-23 19:53:43.772 10 INFO neutron.db.ovn_revision_numbers_db [None req-560072eb-09d0-4e3a-a37b-4b8540347c4f 118371cf5a9041c39859ecae0190f0cf 913bbcc3eb524dc6a90b51ef7f685b27 - - default default] Successfully bumped revision number for resource 7138c9f6-459b-4e58-b097-54ccfb3f8816 (type: ports) to 1
2026-06-23 19:53:43.798 10 INFO neutron.wsgi [None req-560072eb-09d0-4e3a-a37b-4b8540347c4f 118371cf5a9041c39859ecae0190f0cf 913bbcc3eb524dc6a90b51ef7f685b27 - - default default] 10.0.0.93 "POST /v2.0/networks HTTP/1.1" status: 201 len: 843 time: 1.1424468
2026-06-23 19:53:43.825 9 INFO neutron.db.ovn_revision_numbers_db [req-4d6c388f-b779-42f9-9fb6-75f2662fc9f4 req-dfc670d8-7c7a-4131-b9b2-c5fe9bfeac52 6f4f30bf7cba42668a7ca8990c172dfd e1fad1e9d9474683adc8c094c81f7748 - - cbb44453c8884041b81e710af37951b4 cbb44453c8884041b81e710af37951b4] Successfully bumped revision number for resource b66ad866-23b5-4dbb-b9ce-986fbad58687 (type: ports) to 2
2026-06-23 19:53:43.946 9 INFO neutron.wsgi [None req-62eb1d70-0197-4425-96c9-92923c3b1ce1 4cbcf267578148f5a0a3726c23b09931 e4a369b3aa364ad7839e9c4a619420e7 - - default default] 10.0.0.93 "DELETE /v2.0/floatingips/031ba40a-6041-4300-8be8-0405b5fa36c1 HTTP/1.1" status: 204 len: 168 time: 0.4051435 /var/lib/openstack/lib/python3.10/site-packages/pycadf/identifier.py:71: UserWarning: Invalid uuid: neutron. To ensure interoperability, identifiers should be a valid uuid. warnings.warn(('Invalid uuid: %s. To ensure interoperability, '
2026-06-23 19:53:43.980 9 INFO neutron.wsgi [-] 10.0.0.239 "GET / HTTP/1.1" status: 200 len: 246 time: 0.0013778
2026-06-23 19:53:43.982 9 INFO neutron.wsgi [-] 10.0.0.239 "GET / HTTP/1.1" status: 200 len: 246 time: 0.0011272
2026-06-23 19:53:44.047 10 WARNING neutron.scheduler.dhcp_agent_scheduler [None req-35e506ce-0a69-4d5c-97f8-cbb28323c161 118371cf5a9041c39859ecae0190f0cf 913bbcc3eb524dc6a90b51ef7f685b27 - - default default] No more DHCP agents /var/lib/openstack/lib/python3.10/site-packages/pycadf/identifier.py:71: UserWarning: Invalid uuid: neutron. To ensure interoperability, identifiers should be a valid uuid. warnings.warn(('Invalid uuid: %s. To ensure interoperability, '
2026-06-23 19:53:44.049 10 WARNING neutron.api.rpc.agentnotifiers.dhcp_rpc_agent_api [None req-35e506ce-0a69-4d5c-97f8-cbb28323c161 118371cf5a9041c39859ecae0190f0cf 913bbcc3eb524dc6a90b51ef7f685b27 - - default default] Unable to schedule network 515c4312-a5e8-46fe-8e57-e65063640f70: no agents available; will retry on subsequent port and subnet creation events.
2026-06-23 19:53:44.133 10 INFO neutron.db.ovn_revision_numbers_db [None req-35e506ce-0a69-4d5c-97f8-cbb28323c161 118371cf5a9041c39859ecae0190f0cf 913bbcc3eb524dc6a90b51ef7f685b27 - - default default] Successfully bumped revision number for resource 6a252aab-3efe-4f75-86e7-60204dbbdf79 (type: ports) to 1
2026-06-23 19:53:44.134 9 INFO neutron.db.ovn_revision_numbers_db [req-4d6c388f-b779-42f9-9fb6-75f2662fc9f4 req-dfc670d8-7c7a-4131-b9b2-c5fe9bfeac52 6f4f30bf7cba42668a7ca8990c172dfd e1fad1e9d9474683adc8c094c81f7748 - - cbb44453c8884041b81e710af37951b4 cbb44453c8884041b81e710af37951b4] Successfully bumped revision number for resource b66ad866-23b5-4dbb-b9ce-986fbad58687 (type: ports) to 2
2026-06-23 19:53:44.151 10 INFO neutron.wsgi [None req-35e506ce-0a69-4d5c-97f8-cbb28323c161 118371cf5a9041c39859ecae0190f0cf 913bbcc3eb524dc6a90b51ef7f685b27 - - default default] 10.0.0.93 "POST /v2.0/ports HTTP/1.1" status: 201 len: 974 time: 0.3439133 /var/lib/openstack/lib/python3.10/site-packages/pycadf/identifier.py:71: UserWarning: Invalid uuid: neutron. To ensure interoperability, identifiers should be a valid uuid. warnings.warn(('Invalid uuid: %s. To ensure interoperability, '
2026-06-23 19:53:44.159 9 INFO neutron.wsgi [req-ed6c8aee-8517-4b74-b578-23adaa8637c6 req-3d7aca9a-1048-4ae3-8a09-e1f14445e3a8 36b39d91f6634531b2a4dfca0b8b7858 037c555a50ea4c93855a364336e3e932 - - default default] 10.0.0.120 "GET /v2.0/ports?device_id=24b9a76c-5b49-41b4-aea7-6f2b2dcfba93 HTTP/1.1" status: 200 len: 1172 time: 0.1173284
2026-06-23 19:53:44.187 9 INFO neutron.wsgi [req-4d6c388f-b779-42f9-9fb6-75f2662fc9f4 req-dfc670d8-7c7a-4131-b9b2-c5fe9bfeac52 6f4f30bf7cba42668a7ca8990c172dfd e1fad1e9d9474683adc8c094c81f7748 - - cbb44453c8884041b81e710af37951b4 cbb44453c8884041b81e710af37951b4] 199.204.45.19 "PUT /v2.0/ports/b66ad866-23b5-4dbb-b9ce-986fbad58687 HTTP/1.1" status: 200 len: 1380 time: 0.8488567
2026-06-23 19:53:44.227 10 INFO neutron.db.segments_db [None req-f0414bfe-8d4c-4031-8baf-3847708f4f3c 118371cf5a9041c39859ecae0190f0cf 913bbcc3eb524dc6a90b51ef7f685b27 - - default default] Added segment 52dea2e2-58d4-42ff-afaf-7ca22964c7e8 of type geneve for network 1a7f436b-d0a8-44bd-8fea-d862173717e1
2026-06-23 19:53:44.249 9 INFO neutron.notifiers.nova [-] Nova event matching ['req-85d0b608-4ad4-48df-85d2-793300847fda'] response: {'name': 'network-changed', 'server_uuid': '24b9a76c-5b49-41b4-aea7-6f2b2dcfba93', 'tag': 'b66ad866-23b5-4dbb-b9ce-986fbad58687', 'status': 'completed', 'code': 200}
2026-06-23 19:53:44.260 9 INFO neutron.wsgi [req-ed6c8aee-8517-4b74-b578-23adaa8637c6 req-c36dbc69-ccbe-4cc5-ae49-a53773233027 36b39d91f6634531b2a4dfca0b8b7858 037c555a50ea4c93855a364336e3e932 - - default default] 10.0.0.120 "GET /v2.0/security-groups?id=1e32f5d5-feb2-4e05-99f1-d8f3a265ec63&fields=id&fields=name HTTP/1.1" status: 200 len: 286 time: 0.0908272
2026-06-23 19:53:44.279 9 INFO neutron.wsgi [req-4d6c388f-b779-42f9-9fb6-75f2662fc9f4 req-5fc4df23-4082-46f8-af15-6960395ab2a1 6f4f30bf7cba42668a7ca8990c172dfd e1fad1e9d9474683adc8c094c81f7748 - - cbb44453c8884041b81e710af37951b4 cbb44453c8884041b81e710af37951b4] 199.204.45.19 "GET /v2.0/ports?tenant_id=037c555a50ea4c93855a364336e3e932&device_id=24b9a76c-5b49-41b4-aea7-6f2b2dcfba93 HTTP/1.1" status: 200 len: 1411 time: 0.0361502
2026-06-23 19:53:44.311 9 INFO neutron.wsgi [req-4d6c388f-b779-42f9-9fb6-75f2662fc9f4 req-ff6bf04f-2ce4-4f4a-af8b-e159e5bc6e3a 6f4f30bf7cba42668a7ca8990c172dfd e1fad1e9d9474683adc8c094c81f7748 - - cbb44453c8884041b81e710af37951b4 cbb44453c8884041b81e710af37951b4] 199.204.45.19 "GET /v2.0/floatingips?fixed_ip_address=10.100.0.12&port_id=b66ad866-23b5-4dbb-b9ce-986fbad58687 HTTP/1.1" status: 200 len: 217 time: 0.0228882
2026-06-23 19:53:44.356 9 INFO neutron.wsgi [req-4d6c388f-b779-42f9-9fb6-75f2662fc9f4 req-38224d27-092f-48e5-a1e6-3a299d4897a2 6f4f30bf7cba42668a7ca8990c172dfd e1fad1e9d9474683adc8c094c81f7748 - - cbb44453c8884041b81e710af37951b4 cbb44453c8884041b81e710af37951b4] 199.204.45.19 "GET /v2.0/subnets?id=daea3168-edca-4867-bee0-4f7b2f246ac4 HTTP/1.1" status: 200 len: 866 time: 0.0372362
2026-06-23 19:53:44.376 10 INFO neutron.db.ovn_revision_numbers_db [None req-f0414bfe-8d4c-4031-8baf-3847708f4f3c 118371cf5a9041c39859ecae0190f0cf 913bbcc3eb524dc6a90b51ef7f685b27 - - default default] Successfully bumped revision number for resource 1a7f436b-d0a8-44bd-8fea-d862173717e1 (type: networks) to 1
2026-06-23 19:53:44.388 9 INFO neutron.wsgi [req-4d6c388f-b779-42f9-9fb6-75f2662fc9f4 req-be6078b1-47d1-44b0-9638-c45d367658ea 6f4f30bf7cba42668a7ca8990c172dfd e1fad1e9d9474683adc8c094c81f7748 - - cbb44453c8884041b81e710af37951b4 cbb44453c8884041b81e710af37951b4] 199.204.45.19 "GET /v2.0/ports?network_id=5a4e8dca-2041-4b4c-9712-99493d7b372a&device_owner=network%3Adhcp HTTP/1.1" status: 200 len: 210 time: 0.0254316
2026-06-23 19:53:44.475 9 INFO neutron.wsgi [req-4d6c388f-b779-42f9-9fb6-75f2662fc9f4 req-8cdbcd1b-5be4-4f2d-b709-565802a28fb8 6f4f30bf7cba42668a7ca8990c172dfd e1fad1e9d9474683adc8c094c81f7748 - - cbb44453c8884041b81e710af37951b4 cbb44453c8884041b81e710af37951b4] 199.204.45.19 "GET /v2.0/networks/5a4e8dca-2041-4b4c-9712-99493d7b372a?fields=segments HTTP/1.1" status: 200 len: 212 time: 0.0799365
2026-06-23 19:53:44.551 10 WARNING neutron.scheduler.dhcp_agent_scheduler [None req-f0414bfe-8d4c-4031-8baf-3847708f4f3c 118371cf5a9041c39859ecae0190f0cf 913bbcc3eb524dc6a90b51ef7f685b27 - - default default] No more DHCP agents
2026-06-23 19:53:44.551 9 INFO neutron.wsgi [req-4d6c388f-b779-42f9-9fb6-75f2662fc9f4 req-cda2370c-e584-4a87-8cba-cf0ad169d671 6f4f30bf7cba42668a7ca8990c172dfd e1fad1e9d9474683adc8c094c81f7748 - - cbb44453c8884041b81e710af37951b4 cbb44453c8884041b81e710af37951b4] 199.204.45.19 "GET /v2.0/networks/5a4e8dca-2041-4b4c-9712-99493d7b372a?fields=provider%3Aphysical_network&fields=provider%3Anetwork_type HTTP/1.1" status: 200 len: 277 time: 0.0695634
2026-06-23 19:53:44.553 10 WARNING neutron.api.rpc.agentnotifiers.dhcp_rpc_agent_api [None req-f0414bfe-8d4c-4031-8baf-3847708f4f3c 118371cf5a9041c39859ecae0190f0cf 913bbcc3eb524dc6a90b51ef7f685b27 - - default default] Unable to schedule network 1a7f436b-d0a8-44bd-8fea-d862173717e1: no agents available; will retry on subsequent port and subnet creation events.
2026-06-23 19:53:44.631 9 INFO neutron.wsgi [req-e53c0cfe-73e9-4c86-b5b6-361b2c10f741 req-d052854c-69ee-405d-a71a-c4074f6ae558 6f4f30bf7cba42668a7ca8990c172dfd e1fad1e9d9474683adc8c094c81f7748 - - cbb44453c8884041b81e710af37951b4 cbb44453c8884041b81e710af37951b4] 199.204.45.19 "GET /v2.0/ports?tenant_id=037c555a50ea4c93855a364336e3e932&device_id=24b9a76c-5b49-41b4-aea7-6f2b2dcfba93 HTTP/1.1" status: 200 len: 1411 time: 0.0351083
2026-06-23 19:53:44.646 10 INFO neutron.db.ovn_revision_numbers_db [None req-f0414bfe-8d4c-4031-8baf-3847708f4f3c 118371cf5a9041c39859ecae0190f0cf 913bbcc3eb524dc6a90b51ef7f685b27 - - default default] Successfully bumped revision number for resource 581a2eaf-4fc8-4f57-b3fa-3ba44e269961 (type: ports) to 1
2026-06-23 19:53:44.676 10 INFO neutron.wsgi [None req-f0414bfe-8d4c-4031-8baf-3847708f4f3c 118371cf5a9041c39859ecae0190f0cf 913bbcc3eb524dc6a90b51ef7f685b27 - - default default] 10.0.0.93 "POST /v2.0/networks HTTP/1.1" status: 201 len: 830 time: 0.5208390
2026-06-23 19:53:44.720 9 INFO neutron.wsgi [req-e53c0cfe-73e9-4c86-b5b6-361b2c10f741 req-6a021247-88c7-4fbf-b571-15061546e87e 6f4f30bf7cba42668a7ca8990c172dfd e1fad1e9d9474683adc8c094c81f7748 - - cbb44453c8884041b81e710af37951b4 cbb44453c8884041b81e710af37951b4] 199.204.45.19 "GET /v2.0/networks?id=5a4e8dca-2041-4b4c-9712-99493d7b372a HTTP/1.1" status: 200 len: 971 time: 0.0826442
2026-06-23 19:53:44.753 9 INFO neutron.wsgi [req-e53c0cfe-73e9-4c86-b5b6-361b2c10f741 req-00dfd03b-a4ff-45a8-8e0b-cf032ef7957e 6f4f30bf7cba42668a7ca8990c172dfd e1fad1e9d9474683adc8c094c81f7748 - - cbb44453c8884041b81e710af37951b4 cbb44453c8884041b81e710af37951b4] 199.204.45.19 "GET /v2.0/floatingips?fixed_ip_address=10.100.0.12&port_id=b66ad866-23b5-4dbb-b9ce-986fbad58687 HTTP/1.1" status: 200 len: 217 time: 0.0219529
2026-06-23 19:53:44.810 9 INFO neutron.wsgi [req-e53c0cfe-73e9-4c86-b5b6-361b2c10f741 req-aeb68f54-fa1a-48bf-b0b4-0295adcfeae8 6f4f30bf7cba42668a7ca8990c172dfd e1fad1e9d9474683adc8c094c81f7748 - - cbb44453c8884041b81e710af37951b4 cbb44453c8884041b81e710af37951b4] 199.204.45.19 "GET /v2.0/subnets?id=daea3168-edca-4867-bee0-4f7b2f246ac4 HTTP/1.1" status: 200 len: 866 time: 0.0461650
2026-06-23 19:53:44.849 9 INFO neutron.wsgi [req-e53c0cfe-73e9-4c86-b5b6-361b2c10f741 req-9654135a-45d5-4c74-9ff3-bc64e5bc2ca7 6f4f30bf7cba42668a7ca8990c172dfd e1fad1e9d9474683adc8c094c81f7748 - - cbb44453c8884041b81e710af37951b4 cbb44453c8884041b81e710af37951b4] 199.204.45.19 "GET /v2.0/ports?network_id=5a4e8dca-2041-4b4c-9712-99493d7b372a&device_owner=network%3Adhcp HTTP/1.1" status: 200 len: 210 time: 0.0227900
2026-06-23 19:53:44.938 10 WARNING neutron.scheduler.dhcp_agent_scheduler [None req-bbf118ac-5dc3-4204-bdc2-5cce048a9ad5 118371cf5a9041c39859ecae0190f0cf 913bbcc3eb524dc6a90b51ef7f685b27 - - default default] No more DHCP agents
2026-06-23 19:53:44.940 10 WARNING neutron.api.rpc.agentnotifiers.dhcp_rpc_agent_api [None req-bbf118ac-5dc3-4204-bdc2-5cce048a9ad5 118371cf5a9041c39859ecae0190f0cf 913bbcc3eb524dc6a90b51ef7f685b27 - - default default] Unable to schedule network 1a7f436b-d0a8-44bd-8fea-d862173717e1: no agents available; will retry on subsequent port and subnet creation events.
2026-06-23 19:53:45.129 9 INFO neutron.wsgi [req-e53c0cfe-73e9-4c86-b5b6-361b2c10f741 req-eedbb9a7-1c05-433f-8db1-ba7571d8656f 6f4f30bf7cba42668a7ca8990c172dfd e1fad1e9d9474683adc8c094c81f7748 - - cbb44453c8884041b81e710af37951b4 cbb44453c8884041b81e710af37951b4] 199.204.45.19 "GET /v2.0/networks/5a4e8dca-2041-4b4c-9712-99493d7b372a?fields=segments HTTP/1.1" status: 200 len: 212 time: 0.2742898
2026-06-23 19:53:45.228 9 INFO neutron.wsgi [req-e53c0cfe-73e9-4c86-b5b6-361b2c10f741 req-f786af39-e6e4-4fff-8edc-3def16c3fdb9 6f4f30bf7cba42668a7ca8990c172dfd e1fad1e9d9474683adc8c094c81f7748 - - cbb44453c8884041b81e710af37951b4 cbb44453c8884041b81e710af37951b4] 199.204.45.19 "GET /v2.0/networks/5a4e8dca-2041-4b4c-9712-99493d7b372a?fields=provider%3Aphysical_network&fields=provider%3Anetwork_type HTTP/1.1" status: 200 len: 277 time: 0.0910907
2026-06-23 19:53:45.373 10 INFO neutron.wsgi [req-cb53996a-f338-45b0-8b58-0a57d24ecfcb req-e45f3a65-a213-40dc-afc4-39aba7a200df 36b39d91f6634531b2a4dfca0b8b7858 037c555a50ea4c93855a364336e3e932 - - default default] 10.0.0.120 "GET /v2.0/ports?device_id=24b9a76c-5b49-41b4-aea7-6f2b2dcfba93 HTTP/1.1" status: 200 len: 1172 time: 0.0452106
2026-06-23 19:53:45.432 9 INFO neutron.wsgi [None req-37fe252d-9835-4b71-8abb-f8d80c50d38e 2b18d60b87384b7b9789aa7c2c44bc0d f2920c33348246b08d55932abdebf6a6 - - default default] 10.0.0.93 "PUT /v2.0/routers/4d3b01bf-3ea9-46f1-932b-4f82a67b52f9/remove_router_interface HTTP/1.1" status: 200 len: 503 time: 1.4800010 /var/lib/openstack/lib/python3.10/site-packages/pycadf/identifier.py:71: UserWarning: Invalid uuid: neutron. To ensure interoperability, identifiers should be a valid uuid. warnings.warn(('Invalid uuid: %s. To ensure interoperability, '
2026-06-23 19:53:45.450 10 INFO neutron.wsgi [req-cb53996a-f338-45b0-8b58-0a57d24ecfcb req-4f9b4fc3-3191-4985-a300-b8ff029f050e 36b39d91f6634531b2a4dfca0b8b7858 037c555a50ea4c93855a364336e3e932 - - default default] 10.0.0.120 "GET /v2.0/security-groups?id=1e32f5d5-feb2-4e05-99f1-d8f3a265ec63&fields=id&fields=name HTTP/1.1" status: 200 len: 286 time: 0.0658584
2026-06-23 19:53:45.491 10 INFO neutron.db.ovn_revision_numbers_db [None req-bbf118ac-5dc3-4204-bdc2-5cce048a9ad5 118371cf5a9041c39859ecae0190f0cf 913bbcc3eb524dc6a90b51ef7f685b27 - - default default] Successfully bumped revision number for resource 581a2eaf-4fc8-4f57-b3fa-3ba44e269961 (type: ports) to 2
2026-06-23 19:53:45.525 10 INFO neutron.db.ovn_revision_numbers_db [None req-bbf118ac-5dc3-4204-bdc2-5cce048a9ad5 118371cf5a9041c39859ecae0190f0cf 913bbcc3eb524dc6a90b51ef7f685b27 - - default default] Successfully bumped revision number for resource 5787dc48-cd20-4539-81bc-0666d4eee6a9 (type: subnets) to 0
2026-06-23 19:53:45.542 10 INFO neutron.wsgi [None req-bbf118ac-5dc3-4204-bdc2-5cce048a9ad5 118371cf5a9041c39859ecae0190f0cf 913bbcc3eb524dc6a90b51ef7f685b27 - - default default] 10.0.0.93 "POST /v2.0/subnets HTTP/1.1" status: 201 len: 801 time: 0.8591418
2026-06-23 19:53:45.960 9 WARNING neutron.scheduler.dhcp_agent_scheduler [None req-c0ffae69-814d-4f3b-8e1b-3af9c3facfe6 118371cf5a9041c39859ecae0190f0cf 913bbcc3eb524dc6a90b51ef7f685b27 - - default default] No more DHCP agents
2026-06-23 19:53:45.963 9 WARNING neutron.api.rpc.agentnotifiers.dhcp_rpc_agent_api [None req-c0ffae69-814d-4f3b-8e1b-3af9c3facfe6 118371cf5a9041c39859ecae0190f0cf 913bbcc3eb524dc6a90b51ef7f685b27 - - default default] Unable to schedule network 1a7f436b-d0a8-44bd-8fea-d862173717e1: no agents available; will retry on subsequent port and subnet creation events.
2026-06-23 19:53:46.094 9 INFO neutron.wsgi [None req-a93aa645-5d04-425c-bb52-f28488e1e394 2b18d60b87384b7b9789aa7c2c44bc0d f2920c33348246b08d55932abdebf6a6 - - default default] 10.0.0.93 "DELETE /v2.0/routers/4d3b01bf-3ea9-46f1-932b-4f82a67b52f9 HTTP/1.1" status: 204 len: 168 time: 0.6571760 /var/lib/openstack/lib/python3.10/site-packages/pycadf/identifier.py:71: UserWarning: Invalid uuid: neutron. To ensure interoperability, identifiers should be a valid uuid. warnings.warn(('Invalid uuid: %s. To ensure interoperability, '
2026-06-23 19:53:46.167 9 INFO neutron.db.ovn_revision_numbers_db [None req-c0ffae69-814d-4f3b-8e1b-3af9c3facfe6 118371cf5a9041c39859ecae0190f0cf 913bbcc3eb524dc6a90b51ef7f685b27 - - default default] Successfully bumped revision number for resource 040ede28-c44b-43f1-938f-7df6aae1b169 (type: ports) to 1
2026-06-23 19:53:46.196 9 INFO neutron.wsgi [None req-c0ffae69-814d-4f3b-8e1b-3af9c3facfe6 118371cf5a9041c39859ecae0190f0cf 913bbcc3eb524dc6a90b51ef7f685b27 - - default default] 10.0.0.93 "POST /v2.0/ports HTTP/1.1" status: 201 len: 1149 time: 0.6481531
2026-06-23 19:53:46.244 9 WARNING neutron.plugins.ml2.drivers.ovn.mech_driver.ovsdb.ovn_client [None req-4df46f37-8bdc-4170-b649-fd88ecb8fd25 - - - - - -] No hosting information found for port 134f014a-9d16-42ca-b2bb-2e984f4499d8: RuntimeError: No hosting information found for port 134f014a-9d16-42ca-b2bb-2e984f4499d8
2026-06-23 19:53:46.244 9 INFO neutron.plugins.ml2.drivers.ovn.mech_driver.mech_driver [None req-4df46f37-8bdc-4170-b649-fd88ecb8fd25 - - - - - -] OVN reports status down for port: dc47c36d-a851-43dc-888c-f3b6044d1f4f
2026-06-23 19:53:46.275 9 INFO neutron.plugins.ml2.drivers.ovn.mech_driver.mech_driver [None req-4df46f37-8bdc-4170-b649-fd88ecb8fd25 - - - - - -] OVN reports status up for port: b66ad866-23b5-4dbb-b9ce-986fbad58687
2026-06-23 19:53:46.291 9 INFO neutron.plugins.ml2.plugin [None req-4df46f37-8bdc-4170-b649-fd88ecb8fd25 - - - - - -] Attempt 1 to provision port b66ad866-23b5-4dbb-b9ce-986fbad58687
2026-06-23 19:53:46.330 9 INFO neutron.wsgi [None req-9ef03254-07c4-4a68-abc5-d5b75c87d06c 2b18d60b87384b7b9789aa7c2c44bc0d f2920c33348246b08d55932abdebf6a6 - - default default] 10.0.0.93 "DELETE /v2.0/subnets/49377cb9-91d2-4612-9af6-5d2ab2eff031 HTTP/1.1" status: 204 len: 168 time: 0.2303681
2026-06-23 19:53:46.421 9 INFO neutron.notifiers.nova [-] Nova event matching ['req-64a660ff-f28e-43b9-8f16-1722d52d0210'] response: {'server_uuid': '24b9a76c-5b49-41b4-aea7-6f2b2dcfba93', 'name': 'network-vif-plugged', 'status': 'completed', 'tag': 'b66ad866-23b5-4dbb-b9ce-986fbad58687', 'code': 200}
2026-06-23 19:53:46.614 9 INFO neutron.db.ovn_revision_numbers_db [None req-4df46f37-8bdc-4170-b649-fd88ecb8fd25 - - - - - -] Successfully bumped revision number for resource b66ad866-23b5-4dbb-b9ce-986fbad58687 (type: ports) to 4
2026-06-23 19:53:46.668 10 INFO neutron.wsgi [req-4d65735f-25d4-4a53-8241-ded8aed75a8f req-2f88456a-f6a7-406a-8a78-85bdd4a93aa9 36b39d91f6634531b2a4dfca0b8b7858 037c555a50ea4c93855a364336e3e932 - - default default] 10.0.0.120 "GET /v2.0/ports?device_id=24b9a76c-5b49-41b4-aea7-6f2b2dcfba93 HTTP/1.1" status: 200 len: 1174 time: 0.1535268
2026-06-23 19:53:46.708 10 INFO neutron.wsgi [None req-564825a4-9b6e-4cdf-81fc-5ff1ac168f9a 118371cf5a9041c39859ecae0190f0cf 913bbcc3eb524dc6a90b51ef7f685b27 - - default default] 10.0.0.93 "DELETE /v2.0/ports/040ede28-c44b-43f1-938f-7df6aae1b169 HTTP/1.1" status: 204 len: 168 time: 0.5072587
2026-06-23 19:53:46.740 10 INFO neutron.pecan_wsgi.hooks.translation [None req-d1fd2a7d-ece5-41a1-9ed8-9a35d084a95a 118371cf5a9041c39859ecae0190f0cf 913bbcc3eb524dc6a90b51ef7f685b27 - - default default] DELETE failed (client error): The resource could not be found.
2026-06-23 19:53:46.742 10 INFO neutron.wsgi [None req-d1fd2a7d-ece5-41a1-9ed8-9a35d084a95a 118371cf5a9041c39859ecae0190f0cf 913bbcc3eb524dc6a90b51ef7f685b27 - - default default] 10.0.0.93 "DELETE /v2.0/ports/040ede28-c44b-43f1-938f-7df6aae1b169 HTTP/1.1" status: 404 len: 333 time: 0.0261140
2026-06-23 19:53:46.752 10 INFO neutron.wsgi [req-4d65735f-25d4-4a53-8241-ded8aed75a8f req-17821701-e4fb-4b09-a804-e3c4cc5a19d6 36b39d91f6634531b2a4dfca0b8b7858 037c555a50ea4c93855a364336e3e932 - - default default] 10.0.0.120 "GET /v2.0/security-groups?id=1e32f5d5-feb2-4e05-99f1-d8f3a265ec63&fields=id&fields=name HTTP/1.1" status: 200 len: 286 time: 0.0735009 /var/lib/openstack/lib/python3.10/site-packages/pycadf/identifier.py:71: UserWarning: Invalid uuid: neutron. To ensure interoperability, identifiers should be a valid uuid. warnings.warn(('Invalid uuid: %s. To ensure interoperability, '
2026-06-23 19:53:46.769 9 INFO neutron.pecan_wsgi.hooks.translation [None req-6fc34b57-3c33-4724-b3de-edbf2382b91b 118371cf5a9041c39859ecae0190f0cf 913bbcc3eb524dc6a90b51ef7f685b27 - - default default] GET failed (client error): The resource could not be found.
2026-06-23 19:53:46.771 9 INFO neutron.wsgi [None req-6fc34b57-3c33-4724-b3de-edbf2382b91b 118371cf5a9041c39859ecae0190f0cf 913bbcc3eb524dc6a90b51ef7f685b27 - - default default] 10.0.0.93 "GET /v2.0/ports/040ede28-c44b-43f1-938f-7df6aae1b169 HTTP/1.1" status: 404 len: 333 time: 0.0217381
2026-06-23 19:53:46.862 10 INFO neutron.services.segments.plugin [-] Segment 006bf518-450b-4cf1-9c33-8ee15fa906b6 resource provider aggregate not found
2026-06-23 19:53:46.875 10 INFO neutron.services.segments.plugin [-] Segment 006bf518-450b-4cf1-9c33-8ee15fa906b6 resource provider aggregate not found
2026-06-23 19:53:46.894 10 INFO neutron.services.segments.plugin [-] Segment 006bf518-450b-4cf1-9c33-8ee15fa906b6 resource provider not found; error: Placement Client Error (4xx): {"errors": [{"status": 404, "title": "Not Found", "detail": "The resource could not be found.\n\n No resource provider with uuid 006bf518-450b-4cf1-9c33-8ee15fa906b6 found for delete ", "request_id": "req-49a649eb-3a31-4ec4-a368-ef0fca8dd98e"}]}
2026-06-23 19:53:46.897 10 INFO neutron.services.segments.plugin [-] Segment 006bf518-450b-4cf1-9c33-8ee15fa906b6 resource provider not found; error: Placement Client Error (4xx): {"errors": [{"status": 404, "title": "Not Found", "detail": "The resource could not be found.\n\n No resource provider with uuid 006bf518-450b-4cf1-9c33-8ee15fa906b6 found for delete ", "request_id": "req-59b27ed9-a534-4bae-9370-3c3366d9de3d"}]}
2026-06-23 19:53:46.914 10 INFO neutron.wsgi [None req-4e3eec64-6a07-487f-8456-5aadae5bac45 2b18d60b87384b7b9789aa7c2c44bc0d f2920c33348246b08d55932abdebf6a6 - - default default] 10.0.0.93 "DELETE /v2.0/networks/eab04fcb-a822-4735-b215-4010b199bdc2 HTTP/1.1" status: 204 len: 168 time: 0.5778906
2026-06-23 19:53:47.054 9 INFO neutron.wsgi [None req-82d5614e-17af-4708-90e7-30dedf8713b2 118371cf5a9041c39859ecae0190f0cf 913bbcc3eb524dc6a90b51ef7f685b27 - - default default] 10.0.0.93 "DELETE /v2.0/subnets/5787dc48-cd20-4539-81bc-0666d4eee6a9 HTTP/1.1" status: 204 len: 168 time: 0.2774062
2026-06-23 19:53:47.201 9 INFO neutron.wsgi [None req-d1d5d527-1d52-4bdd-a35a-5d001dd69171 2b18d60b87384b7b9789aa7c2c44bc0d f2920c33348246b08d55932abdebf6a6 - - default default] 10.0.0.93 "GET /v2.0/security-groups?tenant_id=e4a369b3aa364ad7839e9c4a619420e7&name=default HTTP/1.1" status: 200 len: 2996 time: 0.0456815
2026-06-23 19:53:47.377 9 INFO neutron.wsgi [None req-af8a60d5-2a23-42a2-8ac9-c33a803915fb 2b18d60b87384b7b9789aa7c2c44bc0d f2920c33348246b08d55932abdebf6a6 - - default default] 10.0.0.93 "DELETE /v2.0/security-groups/8d42a7fb-84e9-45fd-a10d-1682cda879fd HTTP/1.1" status: 204 len: 168 time: 0.1699185
2026-06-23 19:53:47.443 10 INFO neutron.wsgi [None req-c58feef8-0c8d-464e-881b-1cda8621c95b 118371cf5a9041c39859ecae0190f0cf 913bbcc3eb524dc6a90b51ef7f685b27 - - default default] 10.0.0.93 "DELETE /v2.0/networks/1a7f436b-d0a8-44bd-8fea-d862173717e1 HTTP/1.1" status: 204 len: 168 time: 0.3824680
2026-06-23 19:53:47.541 10 INFO neutron.db.segments_db [None req-17837560-dd25-4fd4-af28-c340e26a95f6 118371cf5a9041c39859ecae0190f0cf 913bbcc3eb524dc6a90b51ef7f685b27 - - default default] Added segment e847cf21-48b3-4c2d-aa27-c36fb7c260db of type geneve for network 14c056a0-5260-4787-abc2-af487818af50
2026-06-23 19:53:47.673 10 INFO neutron.db.ovn_revision_numbers_db [None req-17837560-dd25-4fd4-af28-c340e26a95f6 118371cf5a9041c39859ecae0190f0cf 913bbcc3eb524dc6a90b51ef7f685b27 - - default default] Successfully bumped revision number for resource 14c056a0-5260-4787-abc2-af487818af50 (type: networks) to 1
2026-06-23 19:53:47.882 9 INFO neutron.wsgi [req-c1721c71-4194-42bb-9f5e-4cf78e2142fc req-4d9e1fa1-95ad-4c87-9ccc-9bec1a307420 36b39d91f6634531b2a4dfca0b8b7858 037c555a50ea4c93855a364336e3e932 - - default default] 10.0.0.120 "GET /v2.0/ports?device_id=24b9a76c-5b49-41b4-aea7-6f2b2dcfba93 HTTP/1.1" status: 200 len: 1174 time: 0.0587876
2026-06-23 19:53:47.888 10 WARNING neutron.scheduler.dhcp_agent_scheduler [None req-17837560-dd25-4fd4-af28-c340e26a95f6 118371cf5a9041c39859ecae0190f0cf 913bbcc3eb524dc6a90b51ef7f685b27 - - default default] No more DHCP agents
2026-06-23 19:53:47.892 10 WARNING neutron.api.rpc.agentnotifiers.dhcp_rpc_agent_api [None req-17837560-dd25-4fd4-af28-c340e26a95f6 118371cf5a9041c39859ecae0190f0cf 913bbcc3eb524dc6a90b51ef7f685b27 - - default default] Unable to schedule network 14c056a0-5260-4787-abc2-af487818af50: no agents available; will retry on subsequent port and subnet creation events.
2026-06-23 19:53:47.941 9 INFO neutron.wsgi [req-c1721c71-4194-42bb-9f5e-4cf78e2142fc req-90951f35-f40b-4043-ab77-bac871cd8c02 36b39d91f6634531b2a4dfca0b8b7858 037c555a50ea4c93855a364336e3e932 - - default default] 10.0.0.120 "GET /v2.0/security-groups?id=1e32f5d5-feb2-4e05-99f1-d8f3a265ec63&fields=id&fields=name HTTP/1.1" status: 200 len: 286 time: 0.0488861
2026-06-23 19:53:48.006 10 INFO neutron.db.ovn_revision_numbers_db [None req-17837560-dd25-4fd4-af28-c340e26a95f6 118371cf5a9041c39859ecae0190f0cf 913bbcc3eb524dc6a90b51ef7f685b27 - - default default] Successfully bumped revision number for resource 86150d33-a4a8-46e5-8f55-92923dce32f7 (type: ports) to 1
2026-06-23 19:53:48.045 10 INFO neutron.wsgi [None req-17837560-dd25-4fd4-af28-c340e26a95f6 118371cf5a9041c39859ecae0190f0cf 913bbcc3eb524dc6a90b51ef7f685b27 - - default default] 10.0.0.93 "POST /v2.0/networks HTTP/1.1" status: 201 len: 830 time: 0.5918319
2026-06-23 19:53:48.324 10 WARNING neutron.scheduler.dhcp_agent_scheduler [None req-33477811-cd18-42e6-9dd9-b61996afb271 118371cf5a9041c39859ecae0190f0cf 913bbcc3eb524dc6a90b51ef7f685b27 - - default default] No more DHCP agents
2026-06-23 19:53:48.326 10 WARNING neutron.api.rpc.agentnotifiers.dhcp_rpc_agent_api [None req-33477811-cd18-42e6-9dd9-b61996afb271 118371cf5a9041c39859ecae0190f0cf 913bbcc3eb524dc6a90b51ef7f685b27 - - default default] Unable to schedule network 14c056a0-5260-4787-abc2-af487818af50: no agents available; will retry on subsequent port and subnet creation events.
2026-06-23 19:53:48.488 9 INFO neutron.notifiers.nova [-] Nova event matching ['req-f4f2de70-e24d-4fd9-91b8-ccbd93a27277'] response: {'server_uuid': '24b9a76c-5b49-41b4-aea7-6f2b2dcfba93', 'name': 'network-vif-plugged', 'status': 'completed', 'tag': 'b66ad866-23b5-4dbb-b9ce-986fbad58687', 'code': 200}
2026-06-23 19:53:48.490 9 INFO neutron.plugins.ml2.drivers.ovn.mech_driver.mech_driver [None req-4df46f37-8bdc-4170-b649-fd88ecb8fd25 - - - - - -] OVN reports status down for port: b66ad866-23b5-4dbb-b9ce-986fbad58687
2026-06-23 19:53:48.515 9 INFO neutron.wsgi [req-d878b82e-cf1c-4d44-90e7-830b13a1e27a req-665798f4-1ea3-4bbd-b3b9-1b19bf5a9c91 36b39d91f6634531b2a4dfca0b8b7858 037c555a50ea4c93855a364336e3e932 - - default default] 10.0.0.120 "GET /v2.0/ports?device_id=24b9a76c-5b49-41b4-aea7-6f2b2dcfba93 HTTP/1.1" status: 200 len: 1174 time: 0.0572886
2026-06-23 19:53:48.567 9 INFO neutron.wsgi [req-d878b82e-cf1c-4d44-90e7-830b13a1e27a req-48a99128-26f7-48ab-885a-48325adcc6ff 36b39d91f6634531b2a4dfca0b8b7858 037c555a50ea4c93855a364336e3e932 - - default default] 10.0.0.120 "GET /v2.0/security-groups?id=1e32f5d5-feb2-4e05-99f1-d8f3a265ec63&fields=id&fields=name HTTP/1.1" status: 200 len: 286 time: 0.0419085
2026-06-23 19:53:48.819 9 INFO neutron.wsgi [req-ba0c7f3f-8ee8-4f60-8b49-948d45565979 req-0b3fbd0b-0d8c-41a4-9a26-9851f7e962fa 36b39d91f6634531b2a4dfca0b8b7858 037c555a50ea4c93855a364336e3e932 - - default default] 199.204.45.19 "GET /v2.0/ports?device_id=24b9a76c-5b49-41b4-aea7-6f2b2dcfba93 HTTP/1.1" status: 200 len: 1172 time: 0.0622334
2026-06-23 19:53:48.874 9 INFO neutron.db.ovn_revision_numbers_db [None req-4df46f37-8bdc-4170-b649-fd88ecb8fd25 - - - - - -] Successfully bumped revision number for resource b66ad866-23b5-4dbb-b9ce-986fbad58687 (type: ports) to 5
2026-06-23 19:53:48.904 10 INFO neutron.db.ovn_revision_numbers_db [None req-33477811-cd18-42e6-9dd9-b61996afb271 118371cf5a9041c39859ecae0190f0cf 913bbcc3eb524dc6a90b51ef7f685b27 - - default default] Successfully bumped revision number for resource 86150d33-a4a8-46e5-8f55-92923dce32f7 (type: ports) to 2
2026-06-23 19:53:48.919 10 INFO neutron.services.segments.plugin [-] Segment 52dea2e2-58d4-42ff-afaf-7ca22964c7e8 resource provider aggregate not found
2026-06-23 19:53:48.924 10 INFO neutron.services.segments.plugin [-] Segment 52dea2e2-58d4-42ff-afaf-7ca22964c7e8 resource provider aggregate not found
2026-06-23 19:53:48.944 10 INFO neutron.services.segments.plugin [-] Segment 52dea2e2-58d4-42ff-afaf-7ca22964c7e8 resource provider not found; error: Placement Client Error (4xx): {"errors": [{"status": 404, "title": "Not Found", "detail": "The resource could not be found.\n\n No resource provider with uuid 52dea2e2-58d4-42ff-afaf-7ca22964c7e8 found for delete ", "request_id": "req-3ba3aca9-6c0f-4729-b873-80ef4316d07f"}]}
2026-06-23 19:53:48.947 10 INFO neutron.services.segments.plugin [-] Segment 52dea2e2-58d4-42ff-afaf-7ca22964c7e8 resource provider not found; error: Placement Client Error (4xx): {"errors": [{"status": 404, "title": "Not Found", "detail": "The resource could not be found.\n\n No resource provider with uuid 52dea2e2-58d4-42ff-afaf-7ca22964c7e8 found for delete ", "request_id": "req-11d82d9a-af71-404c-a16c-c0207958427c"}]}
2026-06-23 19:53:48.952 10 INFO neutron.db.ovn_revision_numbers_db [None req-33477811-cd18-42e6-9dd9-b61996afb271 118371cf5a9041c39859ecae0190f0cf 913bbcc3eb524dc6a90b51ef7f685b27 - - default default] Successfully bumped revision number for resource 911216ab-1230-441b-84d7-45b7ab1312e7 (type: subnets) to 0
2026-06-23 19:53:48.965 10 INFO neutron.wsgi [None req-33477811-cd18-42e6-9dd9-b61996afb271 118371cf5a9041c39859ecae0190f0cf 913bbcc3eb524dc6a90b51ef7f685b27 - - default default] 10.0.0.93 "POST /v2.0/subnets HTTP/1.1" status: 201 len: 801 time: 0.9143739
2026-06-23 19:53:49.109 9 INFO neutron.wsgi [req-ba0c7f3f-8ee8-4f60-8b49-948d45565979 req-f9da1f67-9603-4ac7-97dd-c13db46d33df 36b39d91f6634531b2a4dfca0b8b7858 037c555a50ea4c93855a364336e3e932 - - default default] 199.204.45.19 "DELETE /v2.0/ports/b66ad866-23b5-4dbb-b9ce-986fbad58687 HTTP/1.1" status: 204 len: 173 time: 0.2806878
2026-06-23 19:53:49.283 10 WARNING neutron.scheduler.dhcp_agent_scheduler [None req-f056cf4f-2566-454e-aef7-c7a6fc3e98ff 118371cf5a9041c39859ecae0190f0cf 913bbcc3eb524dc6a90b51ef7f685b27 - - default default] No more DHCP agents
2026-06-23 19:53:49.286 10 WARNING neutron.api.rpc.agentnotifiers.dhcp_rpc_agent_api [None req-f056cf4f-2566-454e-aef7-c7a6fc3e98ff 118371cf5a9041c39859ecae0190f0cf 913bbcc3eb524dc6a90b51ef7f685b27 - - default default] Unable to schedule network 14c056a0-5260-4787-abc2-af487818af50: no agents available; will retry on subsequent port and subnet creation events. /var/lib/openstack/lib/python3.10/site-packages/pycadf/identifier.py:71: UserWarning: Invalid uuid: neutron. To ensure interoperability, identifiers should be a valid uuid. warnings.warn(('Invalid uuid: %s. To ensure interoperability, '
2026-06-23 19:53:49.434 10 INFO neutron.db.ovn_revision_numbers_db [None req-f056cf4f-2566-454e-aef7-c7a6fc3e98ff 118371cf5a9041c39859ecae0190f0cf 913bbcc3eb524dc6a90b51ef7f685b27 - - default default] Successfully bumped revision number for resource 5f36b3c8-f16c-4a8a-aa0a-caec5502b446 (type: ports) to 1
2026-06-23 19:53:49.457 10 INFO neutron.wsgi [None req-f056cf4f-2566-454e-aef7-c7a6fc3e98ff 118371cf5a9041c39859ecae0190f0cf 913bbcc3eb524dc6a90b51ef7f685b27 - - default default] 10.0.0.93 "POST /v2.0/ports HTTP/1.1" status: 201 len: 1110 time: 0.4872048
2026-06-23 19:53:49.472 9 INFO neutron.db.ovn_revision_numbers_db [None req-67abd957-6ea1-485a-a87b-47534d25b592 2b18d60b87384b7b9789aa7c2c44bc0d f2920c33348246b08d55932abdebf6a6 - - default default] Successfully bumped revision number for resource 9b530304-e7b6-46ed-a4ef-b5ec046eac90 (type: security_groups) to 1
2026-06-23 19:53:49.485 9 INFO neutron.db.ovn_revision_numbers_db [None req-67abd957-6ea1-485a-a87b-47534d25b592 2b18d60b87384b7b9789aa7c2c44bc0d f2920c33348246b08d55932abdebf6a6 - - default default] Successfully bumped revision number for resource 46d79bcb-7a82-4cb0-85fa-2d27f2702efe (type: security_group_rules) to 0
2026-06-23 19:53:49.502 9 INFO neutron.db.ovn_revision_numbers_db [None req-67abd957-6ea1-485a-a87b-47534d25b592 2b18d60b87384b7b9789aa7c2c44bc0d f2920c33348246b08d55932abdebf6a6 - - default default] Successfully bumped revision number for resource 65a468ba-22fc-4671-872b-c371919bd35e (type: security_group_rules) to 0
2026-06-23 19:53:49.514 9 INFO neutron.db.ovn_revision_numbers_db [None req-67abd957-6ea1-485a-a87b-47534d25b592 2b18d60b87384b7b9789aa7c2c44bc0d f2920c33348246b08d55932abdebf6a6 - - default default] Successfully bumped revision number for resource e38e870d-4885-42b3-ade4-62e3eac80d18 (type: security_group_rules) to 0
2026-06-23 19:53:49.523 9 INFO neutron.db.ovn_revision_numbers_db [None req-67abd957-6ea1-485a-a87b-47534d25b592 2b18d60b87384b7b9789aa7c2c44bc0d f2920c33348246b08d55932abdebf6a6 - - default default] Successfully bumped revision number for resource e4026e8b-a606-4461-a7ed-fc166ab4b0ec (type: security_group_rules) to 0
2026-06-23 19:53:49.544 9 INFO neutron.wsgi [None req-67abd957-6ea1-485a-a87b-47534d25b592 2b18d60b87384b7b9789aa7c2c44bc0d f2920c33348246b08d55932abdebf6a6 - - default default] 10.0.0.93 "GET /v2.0/security-groups?tenant_id=14fc7d745090458bbf6a72d9415862ca&name=default HTTP/1.1" status: 200 len: 2996 time: 0.4139757
2026-06-23 19:53:50.041 10 INFO neutron.wsgi [None req-a5433fbd-52c1-499d-afdb-9b15a2db40a9 118371cf5a9041c39859ecae0190f0cf 913bbcc3eb524dc6a90b51ef7f685b27 - - default default] 10.0.0.93 "DELETE /v2.0/ports/5f36b3c8-f16c-4a8a-aa0a-caec5502b446 HTTP/1.1" status: 204 len: 168 time: 0.5766294
2026-06-23 19:53:50.049 10 INFO neutron.wsgi [None req-132b0c45-4120-463b-82f5-88487111c9d1 2b18d60b87384b7b9789aa7c2c44bc0d f2920c33348246b08d55932abdebf6a6 - - default default] 10.0.0.93 "DELETE /v2.0/security-groups/9b530304-e7b6-46ed-a4ef-b5ec046eac90 HTTP/1.1" status: 204 len: 168 time: 0.4997303
2026-06-23 19:53:50.066 9 INFO neutron.pecan_wsgi.hooks.translation [None req-e16462c4-abe6-4b8c-8136-7c3456f88a7f 118371cf5a9041c39859ecae0190f0cf 913bbcc3eb524dc6a90b51ef7f685b27 - - default default] GET failed (client error): The resource could not be found.
2026-06-23 19:53:50.068 9 INFO neutron.wsgi [None req-e16462c4-abe6-4b8c-8136-7c3456f88a7f 118371cf5a9041c39859ecae0190f0cf 913bbcc3eb524dc6a90b51ef7f685b27 - - default default] 10.0.0.93 "GET /v2.0/ports/5f36b3c8-f16c-4a8a-aa0a-caec5502b446 HTTP/1.1" status: 404 len: 333 time: 0.0207050
2026-06-23 19:53:50.284 9 INFO neutron.db.ovn_revision_numbers_db [None req-ae158fa5-b46d-4028-a0b3-ae6d9655d974 2b18d60b87384b7b9789aa7c2c44bc0d f2920c33348246b08d55932abdebf6a6 - - default default] Successfully bumped revision number for resource 96897076-f327-4381-b9b3-bcc2b89356b8 (type: security_groups) to 1
2026-06-23 19:53:50.310 9 INFO neutron.wsgi [None req-25d04a84-b768-4d50-9089-c0d5ea1c2c44 118371cf5a9041c39859ecae0190f0cf 913bbcc3eb524dc6a90b51ef7f685b27 - - default default] 10.0.0.93 "DELETE /v2.0/subnets/911216ab-1230-441b-84d7-45b7ab1312e7 HTTP/1.1" status: 204 len: 168 time: 0.2380321
2026-06-23 19:53:50.319 9 INFO neutron.db.ovn_revision_numbers_db [None req-ae158fa5-b46d-4028-a0b3-ae6d9655d974 2b18d60b87384b7b9789aa7c2c44bc0d f2920c33348246b08d55932abdebf6a6 - - default default] Successfully bumped revision number for resource 313d52dd-ce9d-4851-ae71-edc7b558162b (type: security_group_rules) to 0
2026-06-23 19:53:50.330 9 INFO neutron.db.ovn_revision_numbers_db [None req-ae158fa5-b46d-4028-a0b3-ae6d9655d974 2b18d60b87384b7b9789aa7c2c44bc0d f2920c33348246b08d55932abdebf6a6 - - default default] Successfully bumped revision number for resource a234fec0-4523-4f4c-8fa4-80f4e5e9f225 (type: security_group_rules) to 0
2026-06-23 19:53:50.346 9 INFO neutron.db.ovn_revision_numbers_db [None req-ae158fa5-b46d-4028-a0b3-ae6d9655d974 2b18d60b87384b7b9789aa7c2c44bc0d f2920c33348246b08d55932abdebf6a6 - - default default] Successfully bumped revision number for resource c9778b05-8946-4950-8cab-201a1c126d96 (type: security_group_rules) to 0
2026-06-23 19:53:50.361 9 INFO neutron.db.ovn_revision_numbers_db [None req-ae158fa5-b46d-4028-a0b3-ae6d9655d974 2b18d60b87384b7b9789aa7c2c44bc0d f2920c33348246b08d55932abdebf6a6 - - default default] Successfully bumped revision number for resource c9a6070c-2468-49f9-803d-f448cba63c6d (type: security_group_rules) to 0
2026-06-23 19:53:50.391 9 INFO neutron.wsgi [None req-ae158fa5-b46d-4028-a0b3-ae6d9655d974 2b18d60b87384b7b9789aa7c2c44bc0d f2920c33348246b08d55932abdebf6a6 - - default default] 10.0.0.93 "GET /v2.0/security-groups?tenant_id=449027571ed24edb83a004d89e842718&name=default HTTP/1.1" status: 200 len: 2996 time: 0.2447536
2026-06-23 19:53:50.533 9 INFO neutron.notifiers.nova [-] Nova event matching ['req-ae57a88a-4413-490d-8a64-fa2849f2a64b'] response: {'server_uuid': '24b9a76c-5b49-41b4-aea7-6f2b2dcfba93', 'name': 'network-vif-unplugged', 'status': 'completed', 'tag': 'b66ad866-23b5-4dbb-b9ce-986fbad58687', 'code': 200}
2026-06-23 19:53:50.533 9 INFO neutron.notifiers.nova [-] Nova event matching ['req-ae57a88a-4413-490d-8a64-fa2849f2a64b'] response: {'server_uuid': '24b9a76c-5b49-41b4-aea7-6f2b2dcfba93', 'name': 'network-vif-plugged', 'status': 'completed', 'tag': 'b66ad866-23b5-4dbb-b9ce-986fbad58687', 'code': 200}
2026-06-23 19:53:50.533 9 INFO neutron.notifiers.nova [-] Nova event matching ['req-ae57a88a-4413-490d-8a64-fa2849f2a64b'] response: {'server_uuid': '24b9a76c-5b49-41b4-aea7-6f2b2dcfba93', 'name': 'network-vif-deleted', 'tag': 'b66ad866-23b5-4dbb-b9ce-986fbad58687', 'status': 'completed', 'code': 200}
2026-06-23 19:53:50.638 9 INFO neutron.wsgi [None req-4f4268aa-db0e-44db-b0b3-3241a20102b9 2b18d60b87384b7b9789aa7c2c44bc0d f2920c33348246b08d55932abdebf6a6 - - default default] 10.0.0.93 "DELETE /v2.0/security-groups/96897076-f327-4381-b9b3-bcc2b89356b8 HTTP/1.1" status: 204 len: 168 time: 0.2403102
2026-06-23 19:53:50.755 10 INFO neutron.wsgi [None req-3ec8a686-633f-4c51-bac5-4427280aea9b 118371cf5a9041c39859ecae0190f0cf 913bbcc3eb524dc6a90b51ef7f685b27 - - default default] 10.0.0.93 "DELETE /v2.0/networks/14c056a0-5260-4787-abc2-af487818af50 HTTP/1.1" status: 204 len: 168 time: 0.4405057
2026-06-23 19:53:50.977 10 INFO neutron.services.segments.plugin [-] Segment e847cf21-48b3-4c2d-aa27-c36fb7c260db resource provider aggregate not found
2026-06-23 19:53:50.981 10 INFO neutron.services.segments.plugin [-] Segment e847cf21-48b3-4c2d-aa27-c36fb7c260db resource provider aggregate not found
2026-06-23 19:53:50.988 10 INFO neutron.services.segments.plugin [-] Segment e847cf21-48b3-4c2d-aa27-c36fb7c260db resource provider not found; error: Placement Client Error (4xx): {"errors": [{"status": 404, "title": "Not Found", "detail": "The resource could not be found.\n\n No resource provider with uuid e847cf21-48b3-4c2d-aa27-c36fb7c260db found for delete ", "request_id": "req-71dc65cb-3a7c-4c2d-982b-7c7401e91443"}]}
2026-06-23 19:53:51.006 10 INFO neutron.services.segments.plugin [-] Segment e847cf21-48b3-4c2d-aa27-c36fb7c260db resource provider not found; error: Placement Client Error (4xx): {"errors": [{"status": 404, "title": "Not Found", "detail": "The resource could not be found.\n\n No resource provider with uuid e847cf21-48b3-4c2d-aa27-c36fb7c260db found for delete ", "request_id": "req-78c6eb00-6d08-4408-91b7-bcef3fb6ec17"}]}
2026-06-23 19:53:51.030 9 WARNING neutron.scheduler.dhcp_agent_scheduler [None req-269b92dd-9385-47cb-9147-9205ffb8e14d 118371cf5a9041c39859ecae0190f0cf 913bbcc3eb524dc6a90b51ef7f685b27 - - default default] No more DHCP agents
2026-06-23 19:53:51.035 9 WARNING neutron.api.rpc.agentnotifiers.dhcp_rpc_agent_api [None req-269b92dd-9385-47cb-9147-9205ffb8e14d 118371cf5a9041c39859ecae0190f0cf 913bbcc3eb524dc6a90b51ef7f685b27 - - default default] Unable to schedule network 515c4312-a5e8-46fe-8e57-e65063640f70: no agents available; will retry on subsequent port and subnet creation events.
2026-06-23 19:53:51.114 9 INFO neutron.db.ovn_revision_numbers_db [None req-269b92dd-9385-47cb-9147-9205ffb8e14d 118371cf5a9041c39859ecae0190f0cf 913bbcc3eb524dc6a90b51ef7f685b27 - - default default] Successfully bumped revision number for resource 1fbdcdc5-d742-4be2-9d4b-8633d2c1b5d3 (type: ports) to 1
2026-06-23 19:53:51.142 9 INFO neutron.wsgi [None req-269b92dd-9385-47cb-9147-9205ffb8e14d 118371cf5a9041c39859ecae0190f0cf 913bbcc3eb524dc6a90b51ef7f685b27 - - default default] 10.0.0.93 "POST /v2.0/ports HTTP/1.1" status: 201 len: 974 time: 0.3820226 /var/lib/openstack/lib/python3.10/site-packages/pycadf/identifier.py:71: UserWarning: Invalid uuid: neutron. To ensure interoperability, identifiers should be a valid uuid. warnings.warn(('Invalid uuid: %s. To ensure interoperability, '
2026-06-23 19:53:51.370 9 INFO neutron.plugins.ml2.drivers.ovn.mech_driver.mech_driver [None req-4df46f37-8bdc-4170-b649-fd88ecb8fd25 - - - - - -] OVN reports status down for port: 1fbdcdc5-d742-4be2-9d4b-8633d2c1b5d3
2026-06-23 19:53:51.412 9 INFO neutron.db.ovn_revision_numbers_db [None req-c295b721-96e9-43aa-9ece-4a4e3edb6f21 118371cf5a9041c39859ecae0190f0cf 913bbcc3eb524dc6a90b51ef7f685b27 - - default default] Successfully bumped revision number for resource 1fbdcdc5-d742-4be2-9d4b-8633d2c1b5d3 (type: ports) to 2
2026-06-23 19:53:51.445 9 INFO neutron.wsgi [None req-c295b721-96e9-43aa-9ece-4a4e3edb6f21 118371cf5a9041c39859ecae0190f0cf 913bbcc3eb524dc6a90b51ef7f685b27 - - default default] 10.0.0.93 "PUT /v2.0/ports/1fbdcdc5-d742-4be2-9d4b-8633d2c1b5d3 HTTP/1.1" status: 200 len: 946 time: 0.2957058 /var/lib/openstack/lib/python3.10/site-packages/pycadf/identifier.py:71: UserWarning: Invalid uuid: neutron. To ensure interoperability, identifiers should be a valid uuid. warnings.warn(('Invalid uuid: %s. To ensure interoperability, '
2026-06-23 19:53:51.694 9 INFO neutron.wsgi [None req-472300d0-e9ec-4be9-b796-0b02fae8b0af 118371cf5a9041c39859ecae0190f0cf 913bbcc3eb524dc6a90b51ef7f685b27 - - default default] 10.0.0.93 "DELETE /v2.0/ports/1fbdcdc5-d742-4be2-9d4b-8633d2c1b5d3 HTTP/1.1" status: 204 len: 168 time: 0.2423222
2026-06-23 19:53:51.779 9 INFO neutron.wsgi [None req-b1948609-a190-4212-a8a7-06817dc9cf04 118371cf5a9041c39859ecae0190f0cf 913bbcc3eb524dc6a90b51ef7f685b27 - - default default] 10.0.0.93 "GET /v2.0/ports HTTP/1.1" status: 200 len: 1729 time: 0.0809331
2026-06-23 19:53:51.789 10 INFO neutron.wsgi [None req-19f8449c-9fe6-4d21-a0fc-a2165a592d9e 2b18d60b87384b7b9789aa7c2c44bc0d f2920c33348246b08d55932abdebf6a6 - - default default] 10.0.0.93 "PUT /v2.0/routers/f2639006-9cb6-4d7f-9c89-8f7b59d7a9fd/remove_router_interface HTTP/1.1" status: 200 len: 503 time: 0.9335215 /var/lib/openstack/lib/python3.10/site-packages/pycadf/identifier.py:71: UserWarning: Invalid uuid: neutron. To ensure interoperability, identifiers should be a valid uuid. warnings.warn(('Invalid uuid: %s. To ensure interoperability, '
2026-06-23 19:53:51.807 9 INFO neutron.pecan_wsgi.hooks.translation [None req-77d19ea0-93c0-461e-aec6-f081984fdd7e 118371cf5a9041c39859ecae0190f0cf 913bbcc3eb524dc6a90b51ef7f685b27 - - default default] GET failed (client error): The resource could not be found.
2026-06-23 19:53:51.809 9 INFO neutron.wsgi [None req-77d19ea0-93c0-461e-aec6-f081984fdd7e 118371cf5a9041c39859ecae0190f0cf 913bbcc3eb524dc6a90b51ef7f685b27 - - default default] 10.0.0.93 "GET /v2.0/ports/1fbdcdc5-d742-4be2-9d4b-8633d2c1b5d3 HTTP/1.1" status: 404 len: 333 time: 0.0236654
2026-06-23 19:53:51.860 9 INFO neutron.wsgi [None req-c4bff210-4671-4a8d-93a6-58531646a5e8 118371cf5a9041c39859ecae0190f0cf 913bbcc3eb524dc6a90b51ef7f685b27 - - default default] 10.0.0.93 "GET /v2.0/ports HTTP/1.1" status: 200 len: 1729 time: 0.0440090
2026-06-23 19:53:51.975 10 INFO neutron.wsgi [None req-2473c4f8-37c1-4745-8fc1-4d782ce085bf 118371cf5a9041c39859ecae0190f0cf 913bbcc3eb524dc6a90b51ef7f685b27 - - default default] 10.0.0.93 "GET /v2.0/ports/6a252aab-3efe-4f75-86e7-60204dbbdf79 HTTP/1.1" status: 200 len: 969 time: 0.1064141
2026-06-23 19:53:52.005 10 INFO neutron.pecan_wsgi.hooks.translation [None req-2f18c14c-0d46-4670-94e8-63c73c701d91 118371cf5a9041c39859ecae0190f0cf 913bbcc3eb524dc6a90b51ef7f685b27 - - default default] DELETE failed (client error): The resource could not be found.
2026-06-23 19:53:52.007 10 INFO neutron.wsgi [None req-2f18c14c-0d46-4670-94e8-63c73c701d91 118371cf5a9041c39859ecae0190f0cf 913bbcc3eb524dc6a90b51ef7f685b27 - - default default] 10.0.0.93 "DELETE /v2.0/ports/5f36b3c8-f16c-4a8a-aa0a-caec5502b446 HTTP/1.1" status: 404 len: 333 time: 0.0262294
