2026-06-23 19:52:23.117 9 INFO neutron.plugins.ml2.drivers.ovn.mech_driver.ovsdb.ovsdb_monitor [-] Router efd7d306-abac-4a4a-9de2-df786b048b42 is bound to host instance
2026-06-23 19:52:23.127 9 INFO neutron.plugins.ml2.drivers.ovn.mech_driver.mech_driver [-] OVN reports status up for port: 9ba3e499-cf67-471c-a709-d44be062c556
2026-06-23 19:52:23.146 10 INFO neutron.db.ovn_revision_numbers_db [None req-c7726b87-9330-4b51-a977-5bed8a395481 2b18d60b87384b7b9789aa7c2c44bc0d f2920c33348246b08d55932abdebf6a6 - - default default] Successfully bumped revision number for resource 866a948e-1e1f-4751-b0cd-fc53e2a9a24f (type: security_group_rules) to 0
2026-06-23 19:52:23.155 10 INFO neutron.db.ovn_revision_numbers_db [None req-f0285d96-ff03-46ee-b77b-cf50ed01a97e 2b18d60b87384b7b9789aa7c2c44bc0d f2920c33348246b08d55932abdebf6a6 - - default default] Successfully bumped revision number for resource 9ba3e499-cf67-471c-a709-d44be062c556 (type: router_ports) to 1
2026-06-23 19:52:23.166 9 INFO neutron.plugins.ml2.plugin [None req-4df46f37-8bdc-4170-b649-fd88ecb8fd25 - - - - - -] Attempt 1 to provision port 9ba3e499-cf67-471c-a709-d44be062c556
2026-06-23 19:52:23.177 10 INFO neutron.db.ovn_revision_numbers_db [None req-c7726b87-9330-4b51-a977-5bed8a395481 2b18d60b87384b7b9789aa7c2c44bc0d f2920c33348246b08d55932abdebf6a6 - - default default] Successfully bumped revision number for resource c8189f0a-98c2-4291-b2a5-9a408691cb4b (type: security_group_rules) to 0
2026-06-23 19:52:23.213 10 INFO neutron.db.ovn_revision_numbers_db [None req-c7726b87-9330-4b51-a977-5bed8a395481 2b18d60b87384b7b9789aa7c2c44bc0d f2920c33348246b08d55932abdebf6a6 - - default default] Successfully bumped revision number for resource d0c7d054-f954-4599-9182-142f5c8c30d5 (type: security_group_rules) to 0
2026-06-23 19:52:23.279 10 INFO neutron.db.ovn_revision_numbers_db [None req-f0285d96-ff03-46ee-b77b-cf50ed01a97e 2b18d60b87384b7b9789aa7c2c44bc0d f2920c33348246b08d55932abdebf6a6 - - default default] Successfully bumped revision number for resource efd7d306-abac-4a4a-9de2-df786b048b42 (type: routers) to 2
2026-06-23 19:52:23.280 10 INFO neutron.db.segments_db [None req-c7726b87-9330-4b51-a977-5bed8a395481 2b18d60b87384b7b9789aa7c2c44bc0d f2920c33348246b08d55932abdebf6a6 - - default default] Added segment b7e794f0-d223-4f65-901f-ef1e71446ab1 of type geneve for network 4f8ae152-8b04-432e-8128-3e482adfc6a0
2026-06-23 19:52:23.325 10 INFO neutron.wsgi [None req-f0285d96-ff03-46ee-b77b-cf50ed01a97e 2b18d60b87384b7b9789aa7c2c44bc0d f2920c33348246b08d55932abdebf6a6 - - default default] 10.0.0.93 "POST /v2.0/routers HTTP/1.1" status: 201 len: 877 time: 2.2189348
2026-06-23 19:52:23.397 10 INFO neutron.db.ovn_revision_numbers_db [None req-ce8b4d3e-b000-4377-be2a-961b5a9693c7 2b18d60b87384b7b9789aa7c2c44bc0d f2920c33348246b08d55932abdebf6a6 - - default default] Successfully bumped revision number for resource 84350e04-8acc-4672-9566-11e6d0ff1898 (type: router_ports) to 1
2026-06-23 19:52:23.432 10 INFO neutron.db.ovn_revision_numbers_db [None req-c2ddff8a-edd6-4a88-a567-4c887d083c96 - - - - - -] Successfully bumped revision number for resource 0067aef4-e979-4016-b316-d148f307b40a (type: ports) to 1
2026-06-23 19:52:23.582 10 INFO neutron.db.ovn_revision_numbers_db [None req-ce8b4d3e-b000-4377-be2a-961b5a9693c7 2b18d60b87384b7b9789aa7c2c44bc0d f2920c33348246b08d55932abdebf6a6 - - default default] Successfully bumped revision number for resource f89c3491-308a-4521-842a-6fac292bffd9 (type: routers) to 2
2026-06-23 19:52:23.594 10 INFO neutron.db.ovn_revision_numbers_db [None req-c7726b87-9330-4b51-a977-5bed8a395481 2b18d60b87384b7b9789aa7c2c44bc0d f2920c33348246b08d55932abdebf6a6 - - default default] Successfully bumped revision number for resource 4f8ae152-8b04-432e-8128-3e482adfc6a0 (type: networks) to 1
2026-06-23 19:52:23.608 10 INFO neutron.wsgi [None req-ce8b4d3e-b000-4377-be2a-961b5a9693c7 2b18d60b87384b7b9789aa7c2c44bc0d f2920c33348246b08d55932abdebf6a6 - - default default] 10.0.0.93 "POST /v2.0/routers HTTP/1.1" status: 201 len: 883 time: 2.2187145
2026-06-23 19:52:23.801 10 WARNING neutron.scheduler.dhcp_agent_scheduler [None req-c7726b87-9330-4b51-a977-5bed8a395481 2b18d60b87384b7b9789aa7c2c44bc0d f2920c33348246b08d55932abdebf6a6 - - default default] No more DHCP agents
2026-06-23 19:52:23.805 10 WARNING neutron.api.rpc.agentnotifiers.dhcp_rpc_agent_api [None req-c7726b87-9330-4b51-a977-5bed8a395481 2b18d60b87384b7b9789aa7c2c44bc0d f2920c33348246b08d55932abdebf6a6 - - default default] Unable to schedule network 4f8ae152-8b04-432e-8128-3e482adfc6a0: no agents available; will retry on subsequent port and subnet creation events.
2026-06-23 19:52:23.952 9 INFO neutron.db.ovn_revision_numbers_db [None req-0d240a37-0c99-4533-9fc0-d5f969226e7c 2b18d60b87384b7b9789aa7c2c44bc0d f2920c33348246b08d55932abdebf6a6 - - default default] Successfully bumped revision number for resource 624bf687-ed53-4653-b123-5681a6fb2321 (type: router_ports) to 1
2026-06-23 19:52:23.962 10 INFO neutron.db.ovn_revision_numbers_db [None req-c7726b87-9330-4b51-a977-5bed8a395481 2b18d60b87384b7b9789aa7c2c44bc0d f2920c33348246b08d55932abdebf6a6 - - default default] Successfully bumped revision number for resource a964fe74-6e7c-4cbc-8e01-027a9388f71c (type: ports) to 1
2026-06-23 19:52:23.968 10 INFO neutron.db.ovn_revision_numbers_db [None req-c2ddff8a-edd6-4a88-a567-4c887d083c96 - - - - - -] Successfully bumped revision number for resource 0067aef4-e979-4016-b316-d148f307b40a (type: router_ports) to 3
2026-06-23 19:52:23.982 10 INFO neutron.wsgi [None req-c7726b87-9330-4b51-a977-5bed8a395481 2b18d60b87384b7b9789aa7c2c44bc0d f2920c33348246b08d55932abdebf6a6 - - default default] 10.0.0.93 "POST /v2.0/networks HTTP/1.1" status: 201 len: 950 time: 1.4372468
2026-06-23 19:52:24.115 10 INFO neutron.db.ovn_revision_numbers_db [None req-c2ddff8a-edd6-4a88-a567-4c887d083c96 - - - - - -] Successfully bumped revision number for resource 0067aef4-e979-4016-b316-d148f307b40a (type: ports) to 2
2026-06-23 19:52:24.158 10 WARNING neutron.scheduler.dhcp_agent_scheduler [None req-aa32f68b-5dc8-458f-b621-dc3c4bee45e9 2b18d60b87384b7b9789aa7c2c44bc0d f2920c33348246b08d55932abdebf6a6 - - default default] No more DHCP agents
2026-06-23 19:52:24.162 10 WARNING neutron.api.rpc.agentnotifiers.dhcp_rpc_agent_api [None req-aa32f68b-5dc8-458f-b621-dc3c4bee45e9 2b18d60b87384b7b9789aa7c2c44bc0d f2920c33348246b08d55932abdebf6a6 - - default default] Unable to schedule network 4f8ae152-8b04-432e-8128-3e482adfc6a0: no agents available; will retry on subsequent port and subnet creation events.
2026-06-23 19:52:24.225 9 INFO neutron.db.ovn_revision_numbers_db [None req-5f8b5cff-92fc-4522-a52a-a01a6398c654 - - - - - -] Successfully bumped revision number for resource 9ba3e499-cf67-471c-a709-d44be062c556 (type: ports) to 1
2026-06-23 19:52:24.243 9 INFO neutron.db.ovn_revision_numbers_db [None req-0d240a37-0c99-4533-9fc0-d5f969226e7c 2b18d60b87384b7b9789aa7c2c44bc0d f2920c33348246b08d55932abdebf6a6 - - default default] Successfully bumped revision number for resource 624bf687-ed53-4653-b123-5681a6fb2321 (type: ports) to 1
2026-06-23 19:52:24.264 9 WARNING neutron.scheduler.dhcp_agent_scheduler [None req-e8de14b0-3087-43b2-a0b2-521a7c6d0d1f 2b18d60b87384b7b9789aa7c2c44bc0d f2920c33348246b08d55932abdebf6a6 - - default default] No more DHCP agents
2026-06-23 19:52:24.269 9 WARNING neutron.api.rpc.agentnotifiers.dhcp_rpc_agent_api [None req-e8de14b0-3087-43b2-a0b2-521a7c6d0d1f 2b18d60b87384b7b9789aa7c2c44bc0d f2920c33348246b08d55932abdebf6a6 - - default default] Unable to schedule network a7b472cd-5c6d-4168-ab33-246a68e660ec: no agents available; will retry on subsequent port and subnet creation events.
2026-06-23 19:52:24.393 9 WARNING neutron.scheduler.dhcp_agent_scheduler [None req-0d240a37-0c99-4533-9fc0-d5f969226e7c 2b18d60b87384b7b9789aa7c2c44bc0d f2920c33348246b08d55932abdebf6a6 - - default default] No more DHCP agents
2026-06-23 19:52:24.395 10 INFO neutron.db.ovn_revision_numbers_db [None req-c2ddff8a-edd6-4a88-a567-4c887d083c96 - - - - - -] Successfully bumped revision number for resource 0067aef4-e979-4016-b316-d148f307b40a (type: ports) to 4
2026-06-23 19:52:24.413 9 WARNING neutron.api.rpc.agentnotifiers.dhcp_rpc_agent_api [None req-0d240a37-0c99-4533-9fc0-d5f969226e7c 2b18d60b87384b7b9789aa7c2c44bc0d f2920c33348246b08d55932abdebf6a6 - - default default] Unable to schedule network ba0f89e1-c515-44c2-9a15-af655bedd6b8: no agents available; will retry on subsequent port and subnet creation events.
2026-06-23 19:52:24.576 9 INFO neutron.db.ovn_revision_numbers_db [None req-e8de14b0-3087-43b2-a0b2-521a7c6d0d1f 2b18d60b87384b7b9789aa7c2c44bc0d f2920c33348246b08d55932abdebf6a6 - - default default] Successfully bumped revision number for resource 44da467a-37ea-49d8-b8ca-7c98a5a57663 (type: ports) to 1
2026-06-23 19:52:24.695 10 INFO neutron.plugins.ml2.drivers.ovn.mech_driver.mech_driver [None req-39ba069d-e556-42b2-b945-e7cabd4c0509 - - - - - -] OVN reports status up for port: 84350e04-8acc-4672-9566-11e6d0ff1898
2026-06-23 19:52:24.715 10 INFO neutron.plugins.ml2.plugin [None req-39ba069d-e556-42b2-b945-e7cabd4c0509 - - - - - -] Attempt 1 to provision port 84350e04-8acc-4672-9566-11e6d0ff1898
2026-06-23 19:52:24.783 9 WARNING neutron.scheduler.dhcp_agent_scheduler [None req-8834e069-e665-4377-8e68-7f71df1b744f 2b18d60b87384b7b9789aa7c2c44bc0d f2920c33348246b08d55932abdebf6a6 - - default default] No more DHCP agents
2026-06-23 19:52:24.787 9 WARNING neutron.api.rpc.agentnotifiers.dhcp_rpc_agent_api [None req-8834e069-e665-4377-8e68-7f71df1b744f 2b18d60b87384b7b9789aa7c2c44bc0d f2920c33348246b08d55932abdebf6a6 - - default default] Unable to schedule network f7299436-b073-437a-917a-ebc75aef9778: no agents available; will retry on subsequent port and subnet creation events.
2026-06-23 19:52:24.827 10 INFO neutron.db.ovn_revision_numbers_db [None req-c2ddff8a-edd6-4a88-a567-4c887d083c96 - - - - - -] Successfully bumped revision number for resource 0067aef4-e979-4016-b316-d148f307b40a (type: router_ports) to 4
2026-06-23 19:52:24.839 10 INFO neutron.db.ovn_revision_numbers_db [None req-aa32f68b-5dc8-458f-b621-dc3c4bee45e9 2b18d60b87384b7b9789aa7c2c44bc0d f2920c33348246b08d55932abdebf6a6 - - default default] Successfully bumped revision number for resource a964fe74-6e7c-4cbc-8e01-027a9388f71c (type: ports) to 2
2026-06-23 19:52:24.862 10 INFO neutron.plugins.ml2.drivers.ovn.mech_driver.ovsdb.ovsdb_monitor [None req-c2ddff8a-edd6-4a88-a567-4c887d083c96 - - - - - -] Router f89c3491-308a-4521-842a-6fac292bffd9 is bound to host instance
2026-06-23 19:52:24.884 10 INFO neutron.db.ovn_revision_numbers_db [None req-aa32f68b-5dc8-458f-b621-dc3c4bee45e9 2b18d60b87384b7b9789aa7c2c44bc0d f2920c33348246b08d55932abdebf6a6 - - default default] Successfully bumped revision number for resource d7cc5586-8c6f-4579-96ca-d9770194965d (type: subnets) to 0
2026-06-23 19:52:24.907 10 INFO neutron.wsgi [None req-aa32f68b-5dc8-458f-b621-dc3c4bee45e9 2b18d60b87384b7b9789aa7c2c44bc0d f2920c33348246b08d55932abdebf6a6 - - default default] 10.0.0.93 "POST /v2.0/subnets HTTP/1.1" status: 201 len: 870 time: 0.9191380
2026-06-23 19:52:24.928 9 INFO neutron.db.ovn_revision_numbers_db [None req-5f8b5cff-92fc-4522-a52a-a01a6398c654 - - - - - -] Successfully bumped revision number for resource 9ba3e499-cf67-471c-a709-d44be062c556 (type: router_ports) to 3
2026-06-23 19:52:25.134 9 INFO neutron.db.ovn_revision_numbers_db [None req-8834e069-e665-4377-8e68-7f71df1b744f 2b18d60b87384b7b9789aa7c2c44bc0d f2920c33348246b08d55932abdebf6a6 - - default default] Successfully bumped revision number for resource 36e1c818-55a5-4a7f-8c6f-c51de076c24b (type: ports) to 1
2026-06-23 19:52:25.316 9 INFO neutron.db.ovn_revision_numbers_db [None req-5f8b5cff-92fc-4522-a52a-a01a6398c654 - - - - - -] Successfully bumped revision number for resource 9ba3e499-cf67-471c-a709-d44be062c556 (type: ports) to 2
2026-06-23 19:52:25.581 10 INFO neutron.db.ovn_revision_numbers_db [None req-c2ddff8a-edd6-4a88-a567-4c887d083c96 - - - - - -] Successfully bumped revision number for resource 84350e04-8acc-4672-9566-11e6d0ff1898 (type: ports) to 1
2026-06-23 19:52:25.583 10 WARNING neutron.scheduler.dhcp_agent_scheduler [None req-8354838a-9681-47e4-82a3-bd1326c9ed37 2b18d60b87384b7b9789aa7c2c44bc0d f2920c33348246b08d55932abdebf6a6 - - default default] No more DHCP agents
2026-06-23 19:52:25.587 10 WARNING neutron.api.rpc.agentnotifiers.dhcp_rpc_agent_api [None req-8354838a-9681-47e4-82a3-bd1326c9ed37 2b18d60b87384b7b9789aa7c2c44bc0d f2920c33348246b08d55932abdebf6a6 - - default default] Unable to schedule network 40607a6e-90de-4a78-89f4-9721d51919dd: no agents available; will retry on subsequent port and subnet creation events.
2026-06-23 19:52:25.767 15 INFO neutron.plugins.ml2.drivers.ovn.mech_driver.ovsdb.maintenance [None req-21a9f1e5-bc74-4543-87c2-8d63d488030c - - - - - -] Maintenance task: Synchronization finished (took 0.03 seconds)
2026-06-23 19:52:25.784 10 INFO neutron.db.ovn_revision_numbers_db [None req-8354838a-9681-47e4-82a3-bd1326c9ed37 2b18d60b87384b7b9789aa7c2c44bc0d f2920c33348246b08d55932abdebf6a6 - - default default] Successfully bumped revision number for resource 8ce2e021-b76a-477e-860c-091d5ec387ff (type: ports) to 1
2026-06-23 19:52:25.915 9 INFO neutron.db.ovn_revision_numbers_db [None req-e8de14b0-3087-43b2-a0b2-521a7c6d0d1f 2b18d60b87384b7b9789aa7c2c44bc0d f2920c33348246b08d55932abdebf6a6 - - default default] Successfully bumped revision number for resource 44da467a-37ea-49d8-b8ca-7c98a5a57663 (type: router_ports) to 1
2026-06-23 19:52:25.957 9 INFO neutron.db.ovn_revision_numbers_db [None req-0d240a37-0c99-4533-9fc0-d5f969226e7c 2b18d60b87384b7b9789aa7c2c44bc0d f2920c33348246b08d55932abdebf6a6 - - default default] Successfully bumped revision number for resource 624bf687-ed53-4653-b123-5681a6fb2321 (type: router_ports) to 1
2026-06-23 19:52:25.960 9 INFO neutron.wsgi [None req-0d240a37-0c99-4533-9fc0-d5f969226e7c 2b18d60b87384b7b9789aa7c2c44bc0d f2920c33348246b08d55932abdebf6a6 - - default default] 10.0.0.93 "PUT /v2.0/routers/0cfd54d5-ee1b-4f6d-8ec0-cedda5dc4faa/add_router_interface HTTP/1.1" status: 200 len: 503 time: 3.5605357
2026-06-23 19:52:26.049 10 INFO neutron.db.ovn_revision_numbers_db [None req-c2ddff8a-edd6-4a88-a567-4c887d083c96 - - - - - -] Successfully bumped revision number for resource 84350e04-8acc-4672-9566-11e6d0ff1898 (type: router_ports) to 3
2026-06-23 19:52:26.075 9 INFO neutron.db.ovn_revision_numbers_db [None req-5f8b5cff-92fc-4522-a52a-a01a6398c654 - - - - - -] Successfully bumped revision number for resource 9ba3e499-cf67-471c-a709-d44be062c556 (type: ports) to 4
2026-06-23 19:52:26.163 9 INFO neutron.db.ovn_revision_numbers_db [None req-e8de14b0-3087-43b2-a0b2-521a7c6d0d1f 2b18d60b87384b7b9789aa7c2c44bc0d f2920c33348246b08d55932abdebf6a6 - - default default] Successfully bumped revision number for resource 44da467a-37ea-49d8-b8ca-7c98a5a57663 (type: ports) to 1
2026-06-23 19:52:26.216 10 INFO neutron.db.ovn_revision_numbers_db [None req-c2ddff8a-edd6-4a88-a567-4c887d083c96 - - - - - -] Successfully bumped revision number for resource 84350e04-8acc-4672-9566-11e6d0ff1898 (type: ports) to 2
2026-06-23 19:52:26.246 9 INFO neutron.plugins.ml2.drivers.ovn.mech_driver.mech_driver [None req-4df46f37-8bdc-4170-b649-fd88ecb8fd25 - - - - - -] OVN reports status up for port: 624bf687-ed53-4653-b123-5681a6fb2321
2026-06-23 19:52:26.267 9 INFO neutron.db.ovn_revision_numbers_db [None req-8834e069-e665-4377-8e68-7f71df1b744f 2b18d60b87384b7b9789aa7c2c44bc0d f2920c33348246b08d55932abdebf6a6 - - default default] Successfully bumped revision number for resource 36e1c818-55a5-4a7f-8c6f-c51de076c24b (type: router_ports) to 1
2026-06-23 19:52:26.274 9 INFO neutron.plugins.ml2.plugin [None req-4df46f37-8bdc-4170-b649-fd88ecb8fd25 - - - - - -] Attempt 1 to provision port 624bf687-ed53-4653-b123-5681a6fb2321
2026-06-23 19:52:26.318 9 WARNING neutron.scheduler.dhcp_agent_scheduler [None req-e8de14b0-3087-43b2-a0b2-521a7c6d0d1f 2b18d60b87384b7b9789aa7c2c44bc0d f2920c33348246b08d55932abdebf6a6 - - default default] No more DHCP agents
2026-06-23 19:52:26.331 9 WARNING neutron.api.rpc.agentnotifiers.dhcp_rpc_agent_api [None req-e8de14b0-3087-43b2-a0b2-521a7c6d0d1f 2b18d60b87384b7b9789aa7c2c44bc0d f2920c33348246b08d55932abdebf6a6 - - default default] Unable to schedule network a7b472cd-5c6d-4168-ab33-246a68e660ec: no agents available; will retry on subsequent port and subnet creation events.
2026-06-23 19:52:26.612 10 INFO neutron.db.ovn_revision_numbers_db [None req-8354838a-9681-47e4-82a3-bd1326c9ed37 2b18d60b87384b7b9789aa7c2c44bc0d f2920c33348246b08d55932abdebf6a6 - - default default] Successfully bumped revision number for resource 8ce2e021-b76a-477e-860c-091d5ec387ff (type: router_ports) to 1
2026-06-23 19:52:26.615 10 INFO neutron.db.ovn_revision_numbers_db [None req-c2ddff8a-edd6-4a88-a567-4c887d083c96 - - - - - -] Successfully bumped revision number for resource 84350e04-8acc-4672-9566-11e6d0ff1898 (type: ports) to 4
2026-06-23 19:52:26.621 9 INFO neutron.db.ovn_revision_numbers_db [None req-5f8b5cff-92fc-4522-a52a-a01a6398c654 - - - - - -] Successfully bumped revision number for resource 9ba3e499-cf67-471c-a709-d44be062c556 (type: router_ports) to 4
2026-06-23 19:52:26.665 9 INFO neutron.db.ovn_revision_numbers_db [None req-8834e069-e665-4377-8e68-7f71df1b744f 2b18d60b87384b7b9789aa7c2c44bc0d f2920c33348246b08d55932abdebf6a6 - - default default] Successfully bumped revision number for resource 36e1c818-55a5-4a7f-8c6f-c51de076c24b (type: ports) to 1
2026-06-23 19:52:26.707 10 INFO neutron.db.ovn_revision_numbers_db [None req-8354838a-9681-47e4-82a3-bd1326c9ed37 2b18d60b87384b7b9789aa7c2c44bc0d f2920c33348246b08d55932abdebf6a6 - - default default] Successfully bumped revision number for resource 0211a571-9fad-45af-8053-790e85a32d49 (type: routers) to 2
2026-06-23 19:52:26.737 10 INFO neutron.wsgi [None req-8354838a-9681-47e4-82a3-bd1326c9ed37 2b18d60b87384b7b9789aa7c2c44bc0d f2920c33348246b08d55932abdebf6a6 - - default default] 10.0.0.93 "POST /v2.0/routers HTTP/1.1" status: 201 len: 881 time: 1.8240080
2026-06-23 19:52:26.779 9 WARNING neutron.scheduler.dhcp_agent_scheduler [None req-8834e069-e665-4377-8e68-7f71df1b744f 2b18d60b87384b7b9789aa7c2c44bc0d f2920c33348246b08d55932abdebf6a6 - - default default] No more DHCP agents
2026-06-23 19:52:26.790 9 WARNING neutron.api.rpc.agentnotifiers.dhcp_rpc_agent_api [None req-8834e069-e665-4377-8e68-7f71df1b744f 2b18d60b87384b7b9789aa7c2c44bc0d f2920c33348246b08d55932abdebf6a6 - - default default] Unable to schedule network f7299436-b073-437a-917a-ebc75aef9778: no agents available; will retry on subsequent port and subnet creation events.
2026-06-23 19:52:26.938 10 INFO neutron.db.ovn_revision_numbers_db [None req-c2ddff8a-edd6-4a88-a567-4c887d083c96 - - - - - -] Successfully bumped revision number for resource 84350e04-8acc-4672-9566-11e6d0ff1898 (type: router_ports) to 4
2026-06-23 19:52:26.939 9 INFO neutron.db.ovn_revision_numbers_db [None req-4df46f37-8bdc-4170-b649-fd88ecb8fd25 - - - - - -] Successfully bumped revision number for resource 624bf687-ed53-4653-b123-5681a6fb2321 (type: ports) to 2
2026-06-23 19:52:26.971 10 INFO neutron.plugins.ml2.drivers.ovn.mech_driver.ovsdb.ovsdb_monitor [None req-c2ddff8a-edd6-4a88-a567-4c887d083c96 - - - - - -] Router 0211a571-9fad-45af-8053-790e85a32d49 is bound to host instance
2026-06-23 19:52:27.178 9 INFO neutron.db.ovn_revision_numbers_db [req-50474071-7ae5-43ca-912b-ff52e5fab18d req-f0b77f4c-7086-4b95-9096-cfbc267c7a10 c9898c98f9b040e1963bf17fc4466ab2 e422fa1378ec437f9d70dd46cb6d8272 - - default default] Successfully bumped revision number for resource 2912a08c-81e1-468c-b30e-cb220d17d8cd (type: security_groups) to 1
2026-06-23 19:52:27.311 9 INFO neutron.db.ovn_revision_numbers_db [None req-4df46f37-8bdc-4170-b649-fd88ecb8fd25 - - - - - -] Successfully bumped revision number for resource 624bf687-ed53-4653-b123-5681a6fb2321 (type: router_ports) to 2
2026-06-23 19:52:27.317 9 INFO neutron.db.ovn_revision_numbers_db [req-50474071-7ae5-43ca-912b-ff52e5fab18d req-f0b77f4c-7086-4b95-9096-cfbc267c7a10 c9898c98f9b040e1963bf17fc4466ab2 e422fa1378ec437f9d70dd46cb6d8272 - - default default] Successfully bumped revision number for resource 66f2efa4-bc7a-41c5-8d07-b8f2e74541e6 (type: security_group_rules) to 0
2026-06-23 19:52:27.335 10 WARNING neutron.scheduler.dhcp_agent_scheduler [None req-17af6328-15dd-4c69-9983-d594b7d03e12 2b18d60b87384b7b9789aa7c2c44bc0d f2920c33348246b08d55932abdebf6a6 - - default default] No more DHCP agents
2026-06-23 19:52:27.339 10 WARNING neutron.api.rpc.agentnotifiers.dhcp_rpc_agent_api [None req-17af6328-15dd-4c69-9983-d594b7d03e12 2b18d60b87384b7b9789aa7c2c44bc0d f2920c33348246b08d55932abdebf6a6 - - default default] Unable to schedule network 4f8ae152-8b04-432e-8128-3e482adfc6a0: no agents available; will retry on subsequent port and subnet creation events.
2026-06-23 19:52:27.351 9 INFO neutron.db.ovn_revision_numbers_db [req-50474071-7ae5-43ca-912b-ff52e5fab18d req-f0b77f4c-7086-4b95-9096-cfbc267c7a10 c9898c98f9b040e1963bf17fc4466ab2 e422fa1378ec437f9d70dd46cb6d8272 - - default default] Successfully bumped revision number for resource 878a0f54-2902-4b30-8813-9c845b4de274 (type: security_group_rules) to 0
2026-06-23 19:52:27.403 9 INFO neutron.wsgi [req-50474071-7ae5-43ca-912b-ff52e5fab18d req-f0b77f4c-7086-4b95-9096-cfbc267c7a10 c9898c98f9b040e1963bf17fc4466ab2 e422fa1378ec437f9d70dd46cb6d8272 - - default default] 10.0.0.120 "POST /v2.0/security-groups HTTP/1.1" status: 201 len: 1820 time: 0.5729351
2026-06-23 19:52:27.522 10 INFO neutron.db.ovn_revision_numbers_db [None req-17af6328-15dd-4c69-9983-d594b7d03e12 2b18d60b87384b7b9789aa7c2c44bc0d f2920c33348246b08d55932abdebf6a6 - - default default] Successfully bumped revision number for resource ffaebf2a-885e-48de-9d41-256e0f3ae61e (type: ports) to 1
2026-06-23 19:52:27.667 10 INFO neutron.plugins.ml2.drivers.ovn.mech_driver.mech_driver [None req-39ba069d-e556-42b2-b945-e7cabd4c0509 - - - - - -] OVN reports status up for port: 36e1c818-55a5-4a7f-8c6f-c51de076c24b
2026-06-23 19:52:27.682 10 INFO neutron.plugins.ml2.plugin [None req-39ba069d-e556-42b2-b945-e7cabd4c0509 - - - - - -] Attempt 1 to provision port 36e1c818-55a5-4a7f-8c6f-c51de076c24b
2026-06-23 19:52:27.718 9 INFO neutron.db.ovn_revision_numbers_db [None req-e8de14b0-3087-43b2-a0b2-521a7c6d0d1f 2b18d60b87384b7b9789aa7c2c44bc0d f2920c33348246b08d55932abdebf6a6 - - default default] Successfully bumped revision number for resource 44da467a-37ea-49d8-b8ca-7c98a5a57663 (type: router_ports) to 1
2026-06-23 19:52:27.721 9 INFO neutron.wsgi [None req-e8de14b0-3087-43b2-a0b2-521a7c6d0d1f 2b18d60b87384b7b9789aa7c2c44bc0d f2920c33348246b08d55932abdebf6a6 - - default default] 10.0.0.93 "PUT /v2.0/routers/efd7d306-abac-4a4a-9de2-df786b048b42/add_router_interface HTTP/1.1" status: 200 len: 503 time: 4.3866391
2026-06-23 19:52:27.731 10 INFO neutron.db.ovn_revision_numbers_db [None req-c2ddff8a-edd6-4a88-a567-4c887d083c96 - - - - - -] Successfully bumped revision number for resource 8ce2e021-b76a-477e-860c-091d5ec387ff (type: ports) to 1
2026-06-23 19:52:27.990 9 INFO neutron.db.ovn_revision_numbers_db [None req-8834e069-e665-4377-8e68-7f71df1b744f 2b18d60b87384b7b9789aa7c2c44bc0d f2920c33348246b08d55932abdebf6a6 - - default default] Successfully bumped revision number for resource 36e1c818-55a5-4a7f-8c6f-c51de076c24b (type: router_ports) to 1
2026-06-23 19:52:27.993 9 INFO neutron.wsgi [None req-8834e069-e665-4377-8e68-7f71df1b744f 2b18d60b87384b7b9789aa7c2c44bc0d f2920c33348246b08d55932abdebf6a6 - - default default] 10.0.0.93 "PUT /v2.0/routers/f89c3491-308a-4521-842a-6fac292bffd9/add_router_interface HTTP/1.1" status: 200 len: 503 time: 4.3778913
2026-06-23 19:52:28.234 10 INFO neutron.db.ovn_revision_numbers_db [req-3813f73f-1668-4d4e-9785-cd3733890c4e req-219b24ab-a7ba-4253-9b6d-8ad329625723 c9898c98f9b040e1963bf17fc4466ab2 e422fa1378ec437f9d70dd46cb6d8272 - - default default] Successfully bumped revision number for resource 9aa484b3-1922-4b05-ba3c-d8850fe689c6 (type: security_groups) to 1
2026-06-23 19:52:28.282 10 INFO neutron.db.ovn_revision_numbers_db [req-3813f73f-1668-4d4e-9785-cd3733890c4e req-219b24ab-a7ba-4253-9b6d-8ad329625723 c9898c98f9b040e1963bf17fc4466ab2 e422fa1378ec437f9d70dd46cb6d8272 - - default default] Successfully bumped revision number for resource 3382be59-8324-43f9-aac3-9d4c89f88883 (type: security_group_rules) to 0
2026-06-23 19:52:28.321 10 INFO neutron.db.ovn_revision_numbers_db [req-3813f73f-1668-4d4e-9785-cd3733890c4e req-219b24ab-a7ba-4253-9b6d-8ad329625723 c9898c98f9b040e1963bf17fc4466ab2 e422fa1378ec437f9d70dd46cb6d8272 - - default default] Successfully bumped revision number for resource ca9e6613-f9df-42a0-9728-0e97d919e2cc (type: security_group_rules) to 0
2026-06-23 19:52:28.363 9 INFO neutron.db.ovn_revision_numbers_db [None req-fe17745e-a311-4a3b-b9f1-0dc84be668f8 74e5e9ed1fdc48cdbafc1a7eee046724 f12d8d25698841ee8f47e10399746fab - - default default] Successfully bumped revision number for resource 916ca0a1-b88a-4141-aa6a-9f2f2dca38da (type: security_groups) to 1
2026-06-23 19:52:28.365 10 INFO neutron.wsgi [req-3813f73f-1668-4d4e-9785-cd3733890c4e req-219b24ab-a7ba-4253-9b6d-8ad329625723 c9898c98f9b040e1963bf17fc4466ab2 e422fa1378ec437f9d70dd46cb6d8272 - - default default] 10.0.0.120 "POST /v2.0/security-groups HTTP/1.1" status: 201 len: 1823 time: 0.5977764
2026-06-23 19:52:28.384 9 INFO neutron.db.ovn_revision_numbers_db [None req-fe17745e-a311-4a3b-b9f1-0dc84be668f8 74e5e9ed1fdc48cdbafc1a7eee046724 f12d8d25698841ee8f47e10399746fab - - default default] Successfully bumped revision number for resource 802f9d4c-dc11-43f3-90ea-43768a066e7f (type: security_group_rules) to 0
2026-06-23 19:52:28.405 9 INFO neutron.db.ovn_revision_numbers_db [None req-fe17745e-a311-4a3b-b9f1-0dc84be668f8 74e5e9ed1fdc48cdbafc1a7eee046724 f12d8d25698841ee8f47e10399746fab - - default default] Successfully bumped revision number for resource e591c15f-6f98-4c77-9161-e6b4ef96ae6b (type: security_group_rules) to 0
2026-06-23 19:52:28.426 9 INFO neutron.wsgi [None req-fe17745e-a311-4a3b-b9f1-0dc84be668f8 74e5e9ed1fdc48cdbafc1a7eee046724 f12d8d25698841ee8f47e10399746fab - - default default] 10.0.0.93 "POST /v2.0/security-groups HTTP/1.1" status: 201 len: 1796 time: 0.1644671
2026-06-23 19:52:28.446 10 INFO neutron.db.ovn_revision_numbers_db [None req-39ba069d-e556-42b2-b945-e7cabd4c0509 - - - - - -] Successfully bumped revision number for resource 36e1c818-55a5-4a7f-8c6f-c51de076c24b (type: ports) to 2
2026-06-23 19:52:28.520 10 INFO neutron.db.ovn_revision_numbers_db [None req-17af6328-15dd-4c69-9983-d594b7d03e12 2b18d60b87384b7b9789aa7c2c44bc0d f2920c33348246b08d55932abdebf6a6 - - default default] Successfully bumped revision number for resource ffaebf2a-885e-48de-9d41-256e0f3ae61e (type: router_ports) to 1
2026-06-23 19:52:28.555 10 INFO neutron.db.ovn_revision_numbers_db [None req-c2ddff8a-edd6-4a88-a567-4c887d083c96 - - - - - -] Successfully bumped revision number for resource 8ce2e021-b76a-477e-860c-091d5ec387ff (type: router_ports) to 3
2026-06-23 19:52:28.571 9 INFO neutron.db.ovn_revision_numbers_db [None req-94ce1025-df12-4419-95c2-d024bbbdf310 74e5e9ed1fdc48cdbafc1a7eee046724 f12d8d25698841ee8f47e10399746fab - - default default] Successfully bumped revision number for resource d4cecb49-3616-45f6-801c-c7f99b173eaf (type: security_group_rules) to 0
2026-06-23 19:52:28.594 9 INFO neutron.wsgi [None req-94ce1025-df12-4419-95c2-d024bbbdf310 74e5e9ed1fdc48cdbafc1a7eee046724 f12d8d25698841ee8f47e10399746fab - - default default] 10.0.0.93 "POST /v2.0/security-group-rules HTTP/1.1" status: 201 len: 764 time: 0.1637170
2026-06-23 19:52:28.619 9 INFO neutron.db.ovn_revision_numbers_db [None req-7b178be5-b286-4ea8-8109-bc5bb186ec99 618fa5d473b34aa79a6b3f167dba5609 a95b0560656f4538a67e159ce4f2a7e1 - - default default] Successfully bumped revision number for resource 09ae3949-6f69-43b3-8282-35c8322e2804 (type: security_groups) to 1
2026-06-23 19:52:28.632 9 INFO neutron.db.ovn_revision_numbers_db [None req-7b178be5-b286-4ea8-8109-bc5bb186ec99 618fa5d473b34aa79a6b3f167dba5609 a95b0560656f4538a67e159ce4f2a7e1 - - default default] Successfully bumped revision number for resource a0db5645-8c1b-4242-8114-4dc018818e31 (type: security_group_rules) to 0
2026-06-23 19:52:28.652 9 INFO neutron.db.ovn_revision_numbers_db [None req-7b178be5-b286-4ea8-8109-bc5bb186ec99 618fa5d473b34aa79a6b3f167dba5609 a95b0560656f4538a67e159ce4f2a7e1 - - default default] Successfully bumped revision number for resource bf9290b1-a99d-4fda-a722-c3e647e9b0cb (type: security_group_rules) to 0
2026-06-23 19:52:28.671 10 INFO neutron.db.ovn_revision_numbers_db [req-96056cb6-0153-4a40-b823-6610b15d6755 req-ed9f9c38-1b9a-441d-881d-1cc0dbe34e90 c9898c98f9b040e1963bf17fc4466ab2 e422fa1378ec437f9d70dd46cb6d8272 - - default default] Successfully bumped revision number for resource df9cae29-da7f-4690-8560-7507da34cbcf (type: security_groups) to 1
2026-06-23 19:52:28.676 9 INFO neutron.wsgi [None req-7b178be5-b286-4ea8-8109-bc5bb186ec99 618fa5d473b34aa79a6b3f167dba5609 a95b0560656f4538a67e159ce4f2a7e1 - - default default] 10.0.0.93 "POST /v2.0/security-groups HTTP/1.1" status: 201 len: 1797 time: 0.2145348
2026-06-23 19:52:28.695 10 INFO neutron.db.ovn_revision_numbers_db [None req-39ba069d-e556-42b2-b945-e7cabd4c0509 - - - - - -] Successfully bumped revision number for resource 36e1c818-55a5-4a7f-8c6f-c51de076c24b (type: router_ports) to 2
2026-06-23 19:52:28.712 10 INFO neutron.db.ovn_revision_numbers_db [req-96056cb6-0153-4a40-b823-6610b15d6755 req-ed9f9c38-1b9a-441d-881d-1cc0dbe34e90 c9898c98f9b040e1963bf17fc4466ab2 e422fa1378ec437f9d70dd46cb6d8272 - - default default] Successfully bumped revision number for resource b12e6f55-4ac7-46bc-9c13-acb97bd71e4d (type: security_group_rules) to 0
2026-06-23 19:52:28.724 9 INFO neutron.db.ovn_revision_numbers_db [None req-dad82070-ffd0-42a9-976b-e388020daefb 74e5e9ed1fdc48cdbafc1a7eee046724 f12d8d25698841ee8f47e10399746fab - - default default] Successfully bumped revision number for resource 34235b48-f3e7-4ac6-acd3-d3ed1244d379 (type: security_group_rules) to 0
2026-06-23 19:52:28.731 10 INFO neutron.db.ovn_revision_numbers_db [req-96056cb6-0153-4a40-b823-6610b15d6755 req-ed9f9c38-1b9a-441d-881d-1cc0dbe34e90 c9898c98f9b040e1963bf17fc4466ab2 e422fa1378ec437f9d70dd46cb6d8272 - - default default] Successfully bumped revision number for resource e2ed5b60-8e36-442b-96b8-061e5c27fa85 (type: security_group_rules) to 0
2026-06-23 19:52:28.782 10 INFO neutron.wsgi [req-96056cb6-0153-4a40-b823-6610b15d6755 req-ed9f9c38-1b9a-441d-881d-1cc0dbe34e90 c9898c98f9b040e1963bf17fc4466ab2 e422fa1378ec437f9d70dd46cb6d8272 - - default default] 10.0.0.120 "POST /v2.0/security-groups HTTP/1.1" status: 201 len: 1821 time: 0.3864214
2026-06-23 19:52:28.784 9 INFO neutron.wsgi [None req-dad82070-ffd0-42a9-976b-e388020daefb 74e5e9ed1fdc48cdbafc1a7eee046724 f12d8d25698841ee8f47e10399746fab - - default default] 10.0.0.93 "POST /v2.0/security-group-rules HTTP/1.1" status: 201 len: 769 time: 0.1824567
2026-06-23 19:52:28.791 10 INFO neutron.db.ovn_revision_numbers_db [None req-17af6328-15dd-4c69-9983-d594b7d03e12 2b18d60b87384b7b9789aa7c2c44bc0d f2920c33348246b08d55932abdebf6a6 - - default default] Successfully bumped revision number for resource ffaebf2a-885e-48de-9d41-256e0f3ae61e (type: ports) to 1
2026-06-23 19:52:28.827 10 INFO neutron.db.ovn_revision_numbers_db [None req-c2ddff8a-edd6-4a88-a567-4c887d083c96 - - - - - -] Successfully bumped revision number for resource 8ce2e021-b76a-477e-860c-091d5ec387ff (type: ports) to 2
2026-06-23 19:52:28.890 10 WARNING neutron.scheduler.dhcp_agent_scheduler [None req-17af6328-15dd-4c69-9983-d594b7d03e12 2b18d60b87384b7b9789aa7c2c44bc0d f2920c33348246b08d55932abdebf6a6 - - default default] No more DHCP agents
2026-06-23 19:52:28.891 10 WARNING neutron.api.rpc.agentnotifiers.dhcp_rpc_agent_api [None req-17af6328-15dd-4c69-9983-d594b7d03e12 2b18d60b87384b7b9789aa7c2c44bc0d f2920c33348246b08d55932abdebf6a6 - - default default] Unable to schedule network 4f8ae152-8b04-432e-8128-3e482adfc6a0: no agents available; will retry on subsequent port and subnet creation events.
2026-06-23 19:52:28.976 10 INFO neutron.wsgi [-] 10.0.0.239 "GET / HTTP/1.1" status: 200 len: 246 time: 0.0014181
2026-06-23 19:52:28.978 10 INFO neutron.wsgi [-] 10.0.0.239 "GET / HTTP/1.1" status: 200 len: 246 time: 0.0012636
2026-06-23 19:52:29.019 9 INFO neutron.db.ovn_revision_numbers_db [None req-bfc2b022-5809-4fa3-a33f-fa438f324140 618fa5d473b34aa79a6b3f167dba5609 a95b0560656f4538a67e159ce4f2a7e1 - - default default] Successfully bumped revision number for resource 591d2487-e635-48c3-a0b1-7a07a79f241f (type: security_group_rules) to 0
2026-06-23 19:52:29.058 9 INFO neutron.wsgi [req-17aefc51-49d1-4582-93c5-2a14002d77ab req-b4c83c9e-d98a-4a11-8279-81de14ad85a4 c9898c98f9b040e1963bf17fc4466ab2 e422fa1378ec437f9d70dd46cb6d8272 - - default default] 10.0.0.120 "GET /v2.0/security-groups?tenant_id=e422fa1378ec437f9d70dd46cb6d8272 HTTP/1.1" status: 200 len: 7792 time: 0.2365532
2026-06-23 19:52:29.061 9 INFO neutron.wsgi [None req-bfc2b022-5809-4fa3-a33f-fa438f324140 618fa5d473b34aa79a6b3f167dba5609 a95b0560656f4538a67e159ce4f2a7e1 - - default default] 10.0.0.93 "POST /v2.0/security-group-rules HTTP/1.1" status: 201 len: 764 time: 0.3802772
2026-06-23 19:52:29.114 9 INFO neutron.wsgi [req-17aefc51-49d1-4582-93c5-2a14002d77ab req-ba9f9972-0fe8-445c-9b28-7f3a42ca05e2 c9898c98f9b040e1963bf17fc4466ab2 e422fa1378ec437f9d70dd46cb6d8272 - - default default] 10.0.0.120 "GET /v2.0/security-groups/4629944d-a234-4c56-aaa8-00045bfb041c HTTP/1.1" status: 200 len: 2994 time: 0.0434237
2026-06-23 19:52:29.162 9 INFO neutron.wsgi [req-17aefc51-49d1-4582-93c5-2a14002d77ab req-d51e4e59-ab92-401a-8352-1aab128eba23 c9898c98f9b040e1963bf17fc4466ab2 e422fa1378ec437f9d70dd46cb6d8272 - - default default] 10.0.0.120 "GET /v2.0/security-groups/4629944d-a234-4c56-aaa8-00045bfb041c HTTP/1.1" status: 200 len: 2994 time: 0.0398972
2026-06-23 19:52:29.248 9 WARNING neutron.scheduler.dhcp_agent_scheduler [None req-b8f2e1a5-1570-43de-a710-a047fafa2451 74e5e9ed1fdc48cdbafc1a7eee046724 f12d8d25698841ee8f47e10399746fab - - default default] No more DHCP agents
2026-06-23 19:52:29.252 9 WARNING neutron.api.rpc.agentnotifiers.dhcp_rpc_agent_api [None req-b8f2e1a5-1570-43de-a710-a047fafa2451 74e5e9ed1fdc48cdbafc1a7eee046724 f12d8d25698841ee8f47e10399746fab - - default default] Unable to schedule network 40607a6e-90de-4a78-89f4-9721d51919dd: no agents available; will retry on subsequent port and subnet creation events.
2026-06-23 19:52:29.280 10 INFO neutron.db.ovn_revision_numbers_db [None req-c2ddff8a-edd6-4a88-a567-4c887d083c96 - - - - - -] Successfully bumped revision number for resource 8ce2e021-b76a-477e-860c-091d5ec387ff (type: ports) to 4
2026-06-23 19:52:29.299 10 INFO neutron.wsgi [req-876658c0-6779-46fa-8268-c1bdb8c2f93b req-4357befc-3cf6-4bbf-a83c-dcd7148bc752 c9898c98f9b040e1963bf17fc4466ab2 e422fa1378ec437f9d70dd46cb6d8272 - - default default] 10.0.0.120 "GET /v2.0/security-groups/2912a08c-81e1-468c-b30e-cb220d17d8cd HTTP/1.1" status: 200 len: 1815 time: 0.0677543
2026-06-23 19:52:29.493 10 INFO neutron.db.ovn_revision_numbers_db [None req-730f48a1-faba-4050-a5a3-d3e30bd74ea7 618fa5d473b34aa79a6b3f167dba5609 a95b0560656f4538a67e159ce4f2a7e1 - - default default] Successfully bumped revision number for resource 2c7ac718-9de5-4de1-a0b6-cf53100ed078 (type: security_group_rules) to 0
2026-06-23 19:52:29.509 9 INFO neutron.db.ovn_revision_numbers_db [None req-b8f2e1a5-1570-43de-a710-a047fafa2451 74e5e9ed1fdc48cdbafc1a7eee046724 f12d8d25698841ee8f47e10399746fab - - default default] Successfully bumped revision number for resource 3f332617-e5f6-4b36-94f6-e869c8f5db8d (type: floatingips) to 0
2026-06-23 19:52:29.523 9 INFO neutron.wsgi [None req-b8f2e1a5-1570-43de-a710-a047fafa2451 74e5e9ed1fdc48cdbafc1a7eee046724 f12d8d25698841ee8f47e10399746fab - - default default] 10.0.0.93 "POST /v2.0/floatingips HTTP/1.1" status: 201 len: 751 time: 0.7331910
2026-06-23 19:52:29.562 10 INFO neutron.wsgi [None req-730f48a1-faba-4050-a5a3-d3e30bd74ea7 618fa5d473b34aa79a6b3f167dba5609 a95b0560656f4538a67e159ce4f2a7e1 - - default default] 10.0.0.93 "POST /v2.0/security-group-rules HTTP/1.1" status: 201 len: 769 time: 0.4926827
2026-06-23 19:52:29.597 10 INFO neutron.wsgi [req-876658c0-6779-46fa-8268-c1bdb8c2f93b req-fa8e50af-661c-431d-b089-9983e2f91582 c9898c98f9b040e1963bf17fc4466ab2 e422fa1378ec437f9d70dd46cb6d8272 - - default default] 10.0.0.120 "DELETE /v2.0/security-groups/2912a08c-81e1-468c-b30e-cb220d17d8cd HTTP/1.1" status: 204 len: 173 time: 0.2903032
2026-06-23 19:52:29.638 9 INFO neutron.api.v2.resource [req-5aa1905e-5e0d-46f2-8fb2-94d9d30e9f1b req-62b973d9-a15e-42a5-bd90-be38b4145cd8 c9898c98f9b040e1963bf17fc4466ab2 e422fa1378ec437f9d70dd46cb6d8272 - - default default] show failed (client error): The resource could not be found.
2026-06-23 19:52:29.639 9 INFO neutron.wsgi [req-5aa1905e-5e0d-46f2-8fb2-94d9d30e9f1b req-62b973d9-a15e-42a5-bd90-be38b4145cd8 c9898c98f9b040e1963bf17fc4466ab2 e422fa1378ec437f9d70dd46cb6d8272 - - default default] 10.0.0.120 "GET /v2.0/security-groups/2912a08c-81e1-468c-b30e-cb220d17d8cd HTTP/1.1" status: 404 len: 352 time: 0.0131552
2026-06-23 19:52:29.717 10 INFO neutron.wsgi [req-8baf7b38-bad7-4c32-b947-49ca829d7042 req-f0fccc1f-49de-4991-bdc3-cd4565673fc1 c9898c98f9b040e1963bf17fc4466ab2 e422fa1378ec437f9d70dd46cb6d8272 - - default default] 10.0.0.120 "GET /v2.0/security-groups/9aa484b3-1922-4b05-ba3c-d8850fe689c6 HTTP/1.1" status: 200 len: 1818 time: 0.0562341
2026-06-23 19:52:29.728 10 INFO neutron.db.ovn_revision_numbers_db [None req-c2ddff8a-edd6-4a88-a567-4c887d083c96 - - - - - -] Successfully bumped revision number for resource 8ce2e021-b76a-477e-860c-091d5ec387ff (type: router_ports) to 4
2026-06-23 19:52:29.861 9 WARNING neutron.scheduler.dhcp_agent_scheduler [None req-7dd2ae1b-d9dd-4bf0-81be-a89b420b21cb 618fa5d473b34aa79a6b3f167dba5609 a95b0560656f4538a67e159ce4f2a7e1 - - default default] No more DHCP agents
2026-06-23 19:52:29.863 9 WARNING neutron.api.rpc.agentnotifiers.dhcp_rpc_agent_api [None req-7dd2ae1b-d9dd-4bf0-81be-a89b420b21cb 618fa5d473b34aa79a6b3f167dba5609 a95b0560656f4538a67e159ce4f2a7e1 - - default default] Unable to schedule network 40607a6e-90de-4a78-89f4-9721d51919dd: no agents available; will retry on subsequent port and subnet creation events.
2026-06-23 19:52:29.924 10 INFO neutron.wsgi [req-8baf7b38-bad7-4c32-b947-49ca829d7042 req-e011b5c3-fedd-4012-9fbc-ea9dbfdd7cc7 c9898c98f9b040e1963bf17fc4466ab2 e422fa1378ec437f9d70dd46cb6d8272 - - default default] 10.0.0.120 "DELETE /v2.0/security-groups/9aa484b3-1922-4b05-ba3c-d8850fe689c6 HTTP/1.1" status: 204 len: 173 time: 0.1975007
2026-06-23 19:52:29.958 10 INFO neutron.api.v2.resource [req-6c713907-5850-441c-9d75-66fff2824a31 req-a61dd4d2-7303-457d-8b88-e3dfa27b663d c9898c98f9b040e1963bf17fc4466ab2 e422fa1378ec437f9d70dd46cb6d8272 - - default default] show failed (client error): The resource could not be found.
2026-06-23 19:52:29.959 10 INFO neutron.wsgi [req-6c713907-5850-441c-9d75-66fff2824a31 req-a61dd4d2-7303-457d-8b88-e3dfa27b663d c9898c98f9b040e1963bf17fc4466ab2 e422fa1378ec437f9d70dd46cb6d8272 - - default default] 10.0.0.120 "GET /v2.0/security-groups/9aa484b3-1922-4b05-ba3c-d8850fe689c6 HTTP/1.1" status: 404 len: 352 time: 0.0140872
2026-06-23 19:52:30.003 9 INFO neutron.wsgi [req-2b413b72-c3c4-4e59-9282-2192e6f4d506 req-fe53a2d9-ee6e-42d7-920c-e419a634b6f7 74e5e9ed1fdc48cdbafc1a7eee046724 f12d8d25698841ee8f47e10399746fab - - default default] 10.0.0.120 "GET /v2.0/security-groups?name=tempest-securitygroup--1298172539&fields=id&tenant_id=f12d8d25698841ee8f47e10399746fab HTTP/1.1" status: 200 len: 267 time: 0.0658054
2026-06-23 19:52:30.024 10 INFO neutron.wsgi [req-45f5c3d5-0441-4e05-9aa0-8217fb30706a req-cf6f67af-9ddd-4e04-a981-e142072e9fe5 c9898c98f9b040e1963bf17fc4466ab2 e422fa1378ec437f9d70dd46cb6d8272 - - default default] 10.0.0.120 "GET /v2.0/security-groups/df9cae29-da7f-4690-8560-7507da34cbcf HTTP/1.1" status: 200 len: 1816 time: 0.0449989
2026-06-23 19:52:30.109 10 INFO neutron.db.ovn_revision_numbers_db [None req-17af6328-15dd-4c69-9983-d594b7d03e12 2b18d60b87384b7b9789aa7c2c44bc0d f2920c33348246b08d55932abdebf6a6 - - default default] Successfully bumped revision number for resource ffaebf2a-885e-48de-9d41-256e0f3ae61e (type: router_ports) to 1
2026-06-23 19:52:30.112 10 INFO neutron.wsgi [None req-17af6328-15dd-4c69-9983-d594b7d03e12 2b18d60b87384b7b9789aa7c2c44bc0d f2920c33348246b08d55932abdebf6a6 - - default default] 10.0.0.93 "PUT /v2.0/routers/0211a571-9fad-45af-8053-790e85a32d49/add_router_interface HTTP/1.1" status: 200 len: 503 time: 3.3701589
2026-06-23 19:52:30.133 9 INFO neutron.wsgi [req-2b413b72-c3c4-4e59-9282-2192e6f4d506 req-3109304e-e9bd-4d36-884a-ed9fec0f07c0 74e5e9ed1fdc48cdbafc1a7eee046724 f12d8d25698841ee8f47e10399746fab - - default default] 10.0.0.120 "GET /v2.0/networks?id=a7b472cd-5c6d-4168-ab33-246a68e660ec HTTP/1.1" status: 200 len: 875 time: 0.1246970
2026-06-23 19:52:30.162 9 INFO neutron.wsgi [req-2b413b72-c3c4-4e59-9282-2192e6f4d506 req-3b512db9-c95b-42d7-9e77-8684d8b0e248 74e5e9ed1fdc48cdbafc1a7eee046724 f12d8d25698841ee8f47e10399746fab - - default default] 10.0.0.120 "GET /v2.0/quotas/f12d8d25698841ee8f47e10399746fab HTTP/1.1" status: 200 len: 386 time: 0.0229592
2026-06-23 19:52:30.165 10 INFO neutron.wsgi [req-45f5c3d5-0441-4e05-9aa0-8217fb30706a req-401064ca-681c-4f18-8c53-ee102eeed3c4 c9898c98f9b040e1963bf17fc4466ab2 e422fa1378ec437f9d70dd46cb6d8272 - - default default] 10.0.0.120 "DELETE /v2.0/security-groups/df9cae29-da7f-4690-8560-7507da34cbcf HTTP/1.1" status: 204 len: 173 time: 0.1316752
2026-06-23 19:52:30.211 10 INFO neutron.api.v2.resource [req-4107a237-ac94-4c72-b2c4-0aa9e3467477 req-fa2cd25e-c803-4590-bc4b-b92f01935589 c9898c98f9b040e1963bf17fc4466ab2 e422fa1378ec437f9d70dd46cb6d8272 - - default default] show failed (client error): The resource could not be found.
2026-06-23 19:52:30.213 10 INFO neutron.wsgi [req-4107a237-ac94-4c72-b2c4-0aa9e3467477 req-fa2cd25e-c803-4590-bc4b-b92f01935589 c9898c98f9b040e1963bf17fc4466ab2 e422fa1378ec437f9d70dd46cb6d8272 - - default default] 10.0.0.120 "GET /v2.0/security-groups/df9cae29-da7f-4690-8560-7507da34cbcf HTTP/1.1" status: 404 len: 352 time: 0.0280020
2026-06-23 19:52:30.274 10 INFO neutron.wsgi [req-1ba2ae85-afbe-4e53-81d9-089c9d590b79 req-ffddab8c-a435-4875-8bb8-aa1b361ac1ca c9898c98f9b040e1963bf17fc4466ab2 e422fa1378ec437f9d70dd46cb6d8272 - - default default] 10.0.0.120 "GET /v2.0/security-groups?tenant_id=e422fa1378ec437f9d70dd46cb6d8272 HTTP/1.1" status: 200 len: 2997 time: 0.0417109
2026-06-23 19:52:30.324 10 INFO neutron.wsgi [req-1ba2ae85-afbe-4e53-81d9-089c9d590b79 req-1843da3d-c40a-4ebf-b095-f0d3968d83d5 c9898c98f9b040e1963bf17fc4466ab2 e422fa1378ec437f9d70dd46cb6d8272 - - default default] 10.0.0.120 "GET /v2.0/security-groups/4629944d-a234-4c56-aaa8-00045bfb041c HTTP/1.1" status: 200 len: 2994 time: 0.0421591
2026-06-23 19:52:30.364 10 INFO neutron.wsgi [req-1ba2ae85-afbe-4e53-81d9-089c9d590b79 req-eb8fad95-3579-40be-839c-7c39e8cb9ad1 c9898c98f9b040e1963bf17fc4466ab2 e422fa1378ec437f9d70dd46cb6d8272 - - default default] 10.0.0.120 "GET /v2.0/security-groups/4629944d-a234-4c56-aaa8-00045bfb041c HTTP/1.1" status: 200 len: 2994 time: 0.0335138
2026-06-23 19:52:30.398 9 INFO neutron.db.ovn_revision_numbers_db [None req-7dd2ae1b-d9dd-4bf0-81be-a89b420b21cb 618fa5d473b34aa79a6b3f167dba5609 a95b0560656f4538a67e159ce4f2a7e1 - - default default] Successfully bumped revision number for resource fa5547db-9c03-43ab-b70c-d78a891d71bf (type: floatingips) to 0
2026-06-23 19:52:30.414 9 INFO neutron.wsgi [None req-7dd2ae1b-d9dd-4bf0-81be-a89b420b21cb 618fa5d473b34aa79a6b3f167dba5609 a95b0560656f4538a67e159ce4f2a7e1 - - default default] 10.0.0.93 "POST /v2.0/floatingips HTTP/1.1" status: 201 len: 751 time: 0.8475959
2026-06-23 19:52:30.417 9 INFO neutron.wsgi [req-2b413b72-c3c4-4e59-9282-2192e6f4d506 req-ef1bb4f0-df25-4731-bf94-1fff9f2a9e3a 74e5e9ed1fdc48cdbafc1a7eee046724 f12d8d25698841ee8f47e10399746fab - - default default] 10.0.0.120 "GET /v2.0/ports?tenant_id=f12d8d25698841ee8f47e10399746fab&fields=id HTTP/1.1" status: 200 len: 302 time: 0.2464898
2026-06-23 19:52:30.420 10 INFO neutron.api.v2.resource [req-7a7bba57-e02e-4602-b6d8-3e2aed36923f req-d0b5fce0-b1b3-4810-ac77-2eaae412f786 c9898c98f9b040e1963bf17fc4466ab2 e422fa1378ec437f9d70dd46cb6d8272 - - default default] show failed (client error): The resource could not be found.
2026-06-23 19:52:30.422 10 INFO neutron.wsgi [req-7a7bba57-e02e-4602-b6d8-3e2aed36923f req-d0b5fce0-b1b3-4810-ac77-2eaae412f786 c9898c98f9b040e1963bf17fc4466ab2 e422fa1378ec437f9d70dd46cb6d8272 - - default default] 10.0.0.120 "GET /v2.0/security-groups/df9cae29-da7f-4690-8560-7507da34cbcf HTTP/1.1" status: 404 len: 352 time: 0.0295572
2026-06-23 19:52:30.554 10 INFO neutron.api.v2.resource [req-16d25d7e-90e1-43f4-af61-ea6810c89b78 req-0f9383bf-8192-4cb1-bafb-d150a8e63bd5 c9898c98f9b040e1963bf17fc4466ab2 e422fa1378ec437f9d70dd46cb6d8272 - - default default] show failed (client error): The resource could not be found.
2026-06-23 19:52:30.555 10 INFO neutron.wsgi [req-16d25d7e-90e1-43f4-af61-ea6810c89b78 req-0f9383bf-8192-4cb1-bafb-d150a8e63bd5 c9898c98f9b040e1963bf17fc4466ab2 e422fa1378ec437f9d70dd46cb6d8272 - - default default] 10.0.0.120 "GET /v2.0/security-groups/9aa484b3-1922-4b05-ba3c-d8850fe689c6 HTTP/1.1" status: 404 len: 352 time: 0.1089823
2026-06-23 19:52:30.750 10 INFO neutron.db.ovn_revision_numbers_db [req-41c18a55-0a0f-43e0-b63e-7f04bbbe6e17 req-f72fa7c6-be3b-4d20-bcee-cab57c37f7fd 7e4982efbc21445485310ffadfa214f9 d48a1291eacc4f94b0b13829413217e4 - - default default] Successfully bumped revision number for resource 79ad1b4d-7364-4180-b867-da856b7be48b (type: security_groups) to 1
2026-06-23 19:52:30.762 10 INFO neutron.db.ovn_revision_numbers_db [req-41c18a55-0a0f-43e0-b63e-7f04bbbe6e17 req-f72fa7c6-be3b-4d20-bcee-cab57c37f7fd 7e4982efbc21445485310ffadfa214f9 d48a1291eacc4f94b0b13829413217e4 - - default default] Successfully bumped revision number for resource 68fb1e10-8a41-4321-991b-25811ecde95a (type: security_group_rules) to 0
2026-06-23 19:52:30.776 10 INFO neutron.db.ovn_revision_numbers_db [req-41c18a55-0a0f-43e0-b63e-7f04bbbe6e17 req-f72fa7c6-be3b-4d20-bcee-cab57c37f7fd 7e4982efbc21445485310ffadfa214f9 d48a1291eacc4f94b0b13829413217e4 - - default default] Successfully bumped revision number for resource ee8a0ee6-dcf0-4758-aa6d-2e1fb3e2de8c (type: security_group_rules) to 0
2026-06-23 19:52:30.794 10 INFO neutron.wsgi [req-41c18a55-0a0f-43e0-b63e-7f04bbbe6e17 req-f72fa7c6-be3b-4d20-bcee-cab57c37f7fd 7e4982efbc21445485310ffadfa214f9 d48a1291eacc4f94b0b13829413217e4 - - default default] 10.0.0.120 "POST /v2.0/security-groups HTTP/1.1" status: 201 len: 1827 time: 0.1580036
2026-06-23 19:52:30.806 9 INFO neutron.wsgi [req-2b413b72-c3c4-4e59-9282-2192e6f4d506 req-a03410c1-40df-4e42-918e-9c644e865c18 6f4f30bf7cba42668a7ca8990c172dfd e1fad1e9d9474683adc8c094c81f7748 - - cbb44453c8884041b81e710af37951b4 cbb44453c8884041b81e710af37951b4] 10.0.0.120 "GET /v2.0/extensions HTTP/1.1" status: 200 len: 16525 time: 0.0569706
2026-06-23 19:52:30.830 10 INFO neutron.api.v2.resource [req-d665b59d-d9e1-4252-917c-37524a0521f6 req-73abcead-25d1-4973-879b-a2cf306dad22 c9898c98f9b040e1963bf17fc4466ab2 e422fa1378ec437f9d70dd46cb6d8272 - - default default] show failed (client error): The resource could not be found.
2026-06-23 19:52:30.831 10 INFO neutron.wsgi [req-d665b59d-d9e1-4252-917c-37524a0521f6 req-73abcead-25d1-4973-879b-a2cf306dad22 c9898c98f9b040e1963bf17fc4466ab2 e422fa1378ec437f9d70dd46cb6d8272 - - default default] 10.0.0.120 "GET /v2.0/security-groups/2912a08c-81e1-468c-b30e-cb220d17d8cd HTTP/1.1" status: 404 len: 352 time: 0.0214388
2026-06-23 19:52:30.874 9 INFO neutron.wsgi [req-2b413b72-c3c4-4e59-9282-2192e6f4d506 req-c9e647b6-7ba4-4f8f-bb1b-65891fac9009 6f4f30bf7cba42668a7ca8990c172dfd e1fad1e9d9474683adc8c094c81f7748 - - cbb44453c8884041b81e710af37951b4 cbb44453c8884041b81e710af37951b4] 10.0.0.120 "GET /v2.0/networks/a7b472cd-5c6d-4168-ab33-246a68e660ec?fields=segments HTTP/1.1" status: 200 len: 212 time: 0.0615854
2026-06-23 19:52:30.949 9 INFO neutron.wsgi [req-2b413b72-c3c4-4e59-9282-2192e6f4d506 req-5a9563a5-f681-46eb-9a40-2f37e3ad624e 6f4f30bf7cba42668a7ca8990c172dfd e1fad1e9d9474683adc8c094c81f7748 - - cbb44453c8884041b81e710af37951b4 cbb44453c8884041b81e710af37951b4] 10.0.0.120 "GET /v2.0/networks/a7b472cd-5c6d-4168-ab33-246a68e660ec?fields=provider%3Aphysical_network&fields=provider%3Anetwork_type HTTP/1.1" status: 200 len: 277 time: 0.0688615
2026-06-23 19:52:30.969 10 INFO neutron.wsgi [req-2c870722-7f41-4cbf-8173-381af80c1a30 req-110b817d-1171-405b-9a72-8f42a155105e 618fa5d473b34aa79a6b3f167dba5609 a95b0560656f4538a67e159ce4f2a7e1 - - default default] 10.0.0.120 "GET /v2.0/security-groups?name=tempest-securitygroup--1452715126&fields=id&tenant_id=a95b0560656f4538a67e159ce4f2a7e1 HTTP/1.1" status: 200 len: 267 time: 0.0567362
2026-06-23 19:52:31.127 10 INFO neutron.wsgi [req-2c870722-7f41-4cbf-8173-381af80c1a30 req-87d22596-2edb-4e4f-b241-40b769028e64 618fa5d473b34aa79a6b3f167dba5609 a95b0560656f4538a67e159ce4f2a7e1 - - default default] 10.0.0.120 "GET /v2.0/networks?id=f7299436-b073-437a-917a-ebc75aef9778 HTTP/1.1" status: 200 len: 881 time: 0.1469009
2026-06-23 19:52:31.131 9 INFO neutron.wsgi [req-95bf8699-f46b-4dfa-a89a-35125d5e7062 req-2b249cc3-ce2b-48de-b380-4ef071058c1a 7e4982efbc21445485310ffadfa214f9 d48a1291eacc4f94b0b13829413217e4 - - default default] 10.0.0.120 "GET /v2.0/security-groups/79ad1b4d-7364-4180-b867-da856b7be48b HTTP/1.1" status: 200 len: 1822 time: 0.0314879
