2026-06-23 19:55:32.901 9 INFO neutron.wsgi [req-d81fc65f-a531-4715-bac1-1abf0ddd19d8 req-061b5a92-6269-4276-9ff1-b0d2dd83201b a460011c531a4e078aea6b8328845494 c7b6615871934c48a368f054832c6d6a - - default default] 199.204.45.19 "GET /v2.0/networks?id=c21c6a68-241e-41bc-9918-3b0c0e87ba9a HTTP/1.1" status: 200 len: 872 time: 0.0798132
2026-06-23 19:55:32.949 9 INFO neutron.services.segments.plugin [-] Segment 946bb17d-2d47-480b-a25b-a41f665e4483 resource provider aggregate not found
2026-06-23 19:55:32.958 9 INFO neutron.services.segments.plugin [-] Segment 946bb17d-2d47-480b-a25b-a41f665e4483 resource provider aggregate not found
2026-06-23 19:55:32.966 9 INFO neutron.wsgi [req-d81fc65f-a531-4715-bac1-1abf0ddd19d8 req-f8dcead0-e537-41dc-bebc-3eb614fcf7e9 a460011c531a4e078aea6b8328845494 c7b6615871934c48a368f054832c6d6a - - default default] 199.204.45.19 "GET /v2.0/security-groups?fields=id&fields=name&tenant_id=c7b6615871934c48a368f054832c6d6a HTTP/1.1" status: 200 len: 473 time: 0.0594063
2026-06-23 19:55:32.968 9 INFO neutron.services.segments.plugin [-] Segment 946bb17d-2d47-480b-a25b-a41f665e4483 resource provider not found; error: Placement Client Error (4xx): {"errors": [{"status": 404, "title": "Not Found", "detail": "The resource could not be found.\n\n No resource provider with uuid 946bb17d-2d47-480b-a25b-a41f665e4483 found for delete ", "request_id": "req-5ae60407-d741-4850-940b-e282a694fcc7"}]}
2026-06-23 19:55:32.972 9 INFO neutron.services.segments.plugin [-] Segment 946bb17d-2d47-480b-a25b-a41f665e4483 resource provider not found; error: Placement Client Error (4xx): {"errors": [{"status": 404, "title": "Not Found", "detail": "The resource could not be found.\n\n No resource provider with uuid 946bb17d-2d47-480b-a25b-a41f665e4483 found for delete ", "request_id": "req-86b51c7d-c496-427d-a978-5493799563d3"}]}
2026-06-23 19:55:32.990 9 INFO neutron.services.segments.plugin [-] Segment 42db88a5-cc0b-4b74-aff8-7e8939e875ab resource provider aggregate not found
2026-06-23 19:55:32.994 9 INFO neutron.services.segments.plugin [-] Segment 42db88a5-cc0b-4b74-aff8-7e8939e875ab resource provider aggregate not found
2026-06-23 19:55:33.010 9 INFO neutron.services.segments.plugin [-] Segment 42db88a5-cc0b-4b74-aff8-7e8939e875ab resource provider not found; error: Placement Client Error (4xx): {"errors": [{"status": 404, "title": "Not Found", "detail": "The resource could not be found.\n\n No resource provider with uuid 42db88a5-cc0b-4b74-aff8-7e8939e875ab found for delete ", "request_id": "req-6ed3a60c-4b12-47f0-8929-3049ae453786"}]}
2026-06-23 19:55:33.013 9 INFO neutron.services.segments.plugin [-] Segment 42db88a5-cc0b-4b74-aff8-7e8939e875ab resource provider not found; error: Placement Client Error (4xx): {"errors": [{"status": 404, "title": "Not Found", "detail": "The resource could not be found.\n\n No resource provider with uuid 42db88a5-cc0b-4b74-aff8-7e8939e875ab found for delete ", "request_id": "req-937c53d3-a6c4-4d5f-8296-9db30b9d9072"}]}
2026-06-23 19:55:33.292 10 INFO neutron.wsgi [req-d352267f-9891-4c82-9434-f67489ec46c0 req-e1b6cc72-12c3-4515-8954-51fa48e90f82 a460011c531a4e078aea6b8328845494 c7b6615871934c48a368f054832c6d6a - - default default] 10.0.0.120 "GET /v2.0/ports?device_id=21c6bf9a-7294-4016-8359-e8b6a97251d6 HTTP/1.1" status: 200 len: 210 time: 0.0219483
2026-06-23 19:55:33.324 9 WARNING neutron.scheduler.dhcp_agent_scheduler [req-d81fc65f-a531-4715-bac1-1abf0ddd19d8 req-2024562c-f583-41aa-abc9-4ad3fa0783f9 a460011c531a4e078aea6b8328845494 c7b6615871934c48a368f054832c6d6a - - default default] No more DHCP agents
2026-06-23 19:55:33.326 9 WARNING neutron.api.rpc.agentnotifiers.dhcp_rpc_agent_api [req-d81fc65f-a531-4715-bac1-1abf0ddd19d8 req-2024562c-f583-41aa-abc9-4ad3fa0783f9 a460011c531a4e078aea6b8328845494 c7b6615871934c48a368f054832c6d6a - - default default] Unable to schedule network c21c6a68-241e-41bc-9918-3b0c0e87ba9a: no agents available; will retry on subsequent port and subnet creation events. /var/lib/openstack/lib/python3.10/site-packages/pycadf/identifier.py:71: UserWarning: Invalid uuid: neutron. To ensure interoperability, identifiers should be a valid uuid. warnings.warn(('Invalid uuid: %s. To ensure interoperability, '
2026-06-23 19:55:33.490 9 INFO neutron.db.ovn_revision_numbers_db [req-d81fc65f-a531-4715-bac1-1abf0ddd19d8 req-2024562c-f583-41aa-abc9-4ad3fa0783f9 a460011c531a4e078aea6b8328845494 c7b6615871934c48a368f054832c6d6a - - default default] Successfully bumped revision number for resource 6345fdd3-4220-41b6-8fc5-e9e991b36e43 (type: ports) to 1
2026-06-23 19:55:33.521 9 INFO neutron.wsgi [req-d81fc65f-a531-4715-bac1-1abf0ddd19d8 req-2024562c-f583-41aa-abc9-4ad3fa0783f9 a460011c531a4e078aea6b8328845494 c7b6615871934c48a368f054832c6d6a - - default default] 199.204.45.19 "POST /v2.0/ports HTTP/1.1" status: 201 len: 1201 time: 0.5456202
2026-06-23 19:55:33.522 9 INFO neutron.db.ovn_revision_numbers_db [None req-75250c56-c96b-4a55-8514-e01993dd9176 2b18d60b87384b7b9789aa7c2c44bc0d f2920c33348246b08d55932abdebf6a6 - - default default] Successfully bumped revision number for resource 18ad500c-cbef-4f7f-8a00-f0a1f9441316 (type: security_groups) to 1
2026-06-23 19:55:33.547 9 INFO neutron.db.ovn_revision_numbers_db [None req-75250c56-c96b-4a55-8514-e01993dd9176 2b18d60b87384b7b9789aa7c2c44bc0d f2920c33348246b08d55932abdebf6a6 - - default default] Successfully bumped revision number for resource 339bb0ea-b5c8-452f-b8b0-fab98828bb1f (type: security_group_rules) to 0
2026-06-23 19:55:33.569 9 INFO neutron.db.ovn_revision_numbers_db [None req-75250c56-c96b-4a55-8514-e01993dd9176 2b18d60b87384b7b9789aa7c2c44bc0d f2920c33348246b08d55932abdebf6a6 - - default default] Successfully bumped revision number for resource 9043bbcc-57e2-4056-88b3-e7fd0d21bba3 (type: security_group_rules) to 0
2026-06-23 19:55:33.585 9 INFO neutron.db.ovn_revision_numbers_db [None req-75250c56-c96b-4a55-8514-e01993dd9176 2b18d60b87384b7b9789aa7c2c44bc0d f2920c33348246b08d55932abdebf6a6 - - default default] Successfully bumped revision number for resource ad5f27ba-7cc8-40c2-8756-8a3c0bea8fab (type: security_group_rules) to 0
2026-06-23 19:55:33.602 9 INFO neutron.db.ovn_revision_numbers_db [None req-75250c56-c96b-4a55-8514-e01993dd9176 2b18d60b87384b7b9789aa7c2c44bc0d f2920c33348246b08d55932abdebf6a6 - - default default] Successfully bumped revision number for resource ed603f2b-7d36-45df-b3ce-1ea966878a3a (type: security_group_rules) to 0
2026-06-23 19:55:33.644 9 INFO neutron.wsgi [None req-75250c56-c96b-4a55-8514-e01993dd9176 2b18d60b87384b7b9789aa7c2c44bc0d f2920c33348246b08d55932abdebf6a6 - - default default] 10.0.0.93 "GET /v2.0/security-groups?tenant_id=4fb00a2d85904b96b9788d1007317b39&name=default HTTP/1.1" status: 200 len: 2996 time: 0.4077370
2026-06-23 19:55:33.898 10 INFO neutron.db.ovn_revision_numbers_db [None req-76fd97d2-b9fc-4822-89dd-034179296b77 43fb5866130c47dbb365a8b5560cd4e3 3dc2648655c64a0b80fa8a4ba9fafe65 - - default default] Successfully bumped revision number for resource 12cdb302-186a-40f9-a434-c27828ba810e (type: routers) to 1
2026-06-23 19:55:33.912 10 INFO neutron.wsgi [None req-76fd97d2-b9fc-4822-89dd-034179296b77 43fb5866130c47dbb365a8b5560cd4e3 3dc2648655c64a0b80fa8a4ba9fafe65 - - default default] 10.0.0.93 "POST /v2.0/routers HTTP/1.1" status: 201 len: 654 time: 0.2996633
2026-06-23 19:55:33.939 9 INFO neutron.wsgi [None req-06186c9b-b13d-4b02-a29b-3ddce86582e7 2b18d60b87384b7b9789aa7c2c44bc0d f2920c33348246b08d55932abdebf6a6 - - default default] 10.0.0.93 "DELETE /v2.0/security-groups/18ad500c-cbef-4f7f-8a00-f0a1f9441316 HTTP/1.1" status: 204 len: 168 time: 0.2873802
2026-06-23 19:55:33.993 9 INFO neutron.db.ovn_revision_numbers_db [req-d81fc65f-a531-4715-bac1-1abf0ddd19d8 req-fc874794-68cd-4dab-95f4-c0e42802e8da 6f4f30bf7cba42668a7ca8990c172dfd e1fad1e9d9474683adc8c094c81f7748 - - cbb44453c8884041b81e710af37951b4 cbb44453c8884041b81e710af37951b4] Successfully bumped revision number for resource 6345fdd3-4220-41b6-8fc5-e9e991b36e43 (type: ports) to 2
2026-06-23 19:55:34.076 10 INFO neutron.db.ovn_revision_numbers_db [None req-f0350872-a765-4659-8ec5-78ea4777e559 43fb5866130c47dbb365a8b5560cd4e3 3dc2648655c64a0b80fa8a4ba9fafe65 - - default default] Successfully bumped revision number for resource 7b6d43a6-335c-4150-af18-3c05adf504eb (type: routers) to 1
2026-06-23 19:55:34.090 10 INFO neutron.wsgi [None req-f0350872-a765-4659-8ec5-78ea4777e559 43fb5866130c47dbb365a8b5560cd4e3 3dc2648655c64a0b80fa8a4ba9fafe65 - - default default] 10.0.0.93 "POST /v2.0/routers HTTP/1.1" status: 201 len: 654 time: 0.1720881
2026-06-23 19:55:34.183 9 INFO neutron.db.ovn_revision_numbers_db [req-d81fc65f-a531-4715-bac1-1abf0ddd19d8 req-fc874794-68cd-4dab-95f4-c0e42802e8da 6f4f30bf7cba42668a7ca8990c172dfd e1fad1e9d9474683adc8c094c81f7748 - - cbb44453c8884041b81e710af37951b4 cbb44453c8884041b81e710af37951b4] Successfully bumped revision number for resource 6345fdd3-4220-41b6-8fc5-e9e991b36e43 (type: ports) to 2
2026-06-23 19:55:34.203 9 INFO neutron.wsgi [req-d81fc65f-a531-4715-bac1-1abf0ddd19d8 req-fc874794-68cd-4dab-95f4-c0e42802e8da 6f4f30bf7cba42668a7ca8990c172dfd e1fad1e9d9474683adc8c094c81f7748 - - cbb44453c8884041b81e710af37951b4 cbb44453c8884041b81e710af37951b4] 199.204.45.19 "PUT /v2.0/ports/6345fdd3-4220-41b6-8fc5-e9e991b36e43 HTTP/1.1" status: 200 len: 1419 time: 0.6725366
2026-06-23 19:55:34.240 9 INFO neutron.notifiers.nova [-] Nova event matching ['req-3e287e90-95d3-4840-b52a-6868a87a6144'] response: {'name': 'network-changed', 'server_uuid': '21c6bf9a-7294-4016-8359-e8b6a97251d6', 'tag': '6345fdd3-4220-41b6-8fc5-e9e991b36e43', 'status': 'completed', 'code': 200} /var/lib/openstack/lib/python3.10/site-packages/pycadf/identifier.py:71: UserWarning: Invalid uuid: neutron. To ensure interoperability, identifiers should be a valid uuid. warnings.warn(('Invalid uuid: %s. To ensure interoperability, '
2026-06-23 19:55:34.279 9 INFO neutron.wsgi [req-d81fc65f-a531-4715-bac1-1abf0ddd19d8 req-ebe0821d-3f14-41fb-8af5-4671ba072b54 6f4f30bf7cba42668a7ca8990c172dfd e1fad1e9d9474683adc8c094c81f7748 - - cbb44453c8884041b81e710af37951b4 cbb44453c8884041b81e710af37951b4] 199.204.45.19 "GET /v2.0/ports?tenant_id=c7b6615871934c48a368f054832c6d6a&device_id=21c6bf9a-7294-4016-8359-e8b6a97251d6 HTTP/1.1" status: 200 len: 1450 time: 0.0357687
2026-06-23 19:55:34.304 9 INFO neutron.wsgi [req-d81fc65f-a531-4715-bac1-1abf0ddd19d8 req-3471e262-3862-46b5-9380-706ccc7a8e25 6f4f30bf7cba42668a7ca8990c172dfd e1fad1e9d9474683adc8c094c81f7748 - - cbb44453c8884041b81e710af37951b4 cbb44453c8884041b81e710af37951b4] 199.204.45.19 "GET /v2.0/floatingips?fixed_ip_address=10.100.0.13&port_id=6345fdd3-4220-41b6-8fc5-e9e991b36e43 HTTP/1.1" status: 200 len: 217 time: 0.0176187
2026-06-23 19:55:34.360 9 INFO neutron.wsgi [req-d81fc65f-a531-4715-bac1-1abf0ddd19d8 req-75296aae-0492-4353-8fce-d8d1817cdc7a 6f4f30bf7cba42668a7ca8990c172dfd e1fad1e9d9474683adc8c094c81f7748 - - cbb44453c8884041b81e710af37951b4 cbb44453c8884041b81e710af37951b4] 199.204.45.19 "GET /v2.0/subnets?id=33d055f5-be1b-4e3e-9637-f46318dfd7bf HTTP/1.1" status: 200 len: 866 time: 0.0468352
2026-06-23 19:55:34.388 9 INFO neutron.wsgi [req-d81fc65f-a531-4715-bac1-1abf0ddd19d8 req-30501d39-bfcf-4685-bf75-d274bfee4de9 6f4f30bf7cba42668a7ca8990c172dfd e1fad1e9d9474683adc8c094c81f7748 - - cbb44453c8884041b81e710af37951b4 cbb44453c8884041b81e710af37951b4] 199.204.45.19 "GET /v2.0/ports?network_id=c21c6a68-241e-41bc-9918-3b0c0e87ba9a&device_owner=network%3Adhcp HTTP/1.1" status: 200 len: 210 time: 0.0185454
2026-06-23 19:55:34.434 9 INFO neutron.db.ovn_revision_numbers_db [None req-187765f4-d6c2-41d6-8906-760db72c7382 4f4878818b724c65a0ea6d4d7ab4b2dc f3763a4919124ab9902100bc5f863094 - - default default] Successfully bumped revision number for resource c121a4dc-ee79-4e03-bb61-1436fedf5e84 (type: security_groups) to 1
2026-06-23 19:55:34.452 10 INFO neutron.wsgi [req-74e386ad-3619-4207-a248-91b7732de9d5 req-5cd73533-62f6-42e3-b921-7ef853a46185 a460011c531a4e078aea6b8328845494 c7b6615871934c48a368f054832c6d6a - - default default] 10.0.0.120 "GET /v2.0/ports?device_id=21c6bf9a-7294-4016-8359-e8b6a97251d6 HTTP/1.1" status: 200 len: 1212 time: 0.0507224
2026-06-23 19:55:34.459 9 INFO neutron.wsgi [req-d81fc65f-a531-4715-bac1-1abf0ddd19d8 req-09340837-183d-4fe5-b8c8-5eab5618a957 6f4f30bf7cba42668a7ca8990c172dfd e1fad1e9d9474683adc8c094c81f7748 - - cbb44453c8884041b81e710af37951b4 cbb44453c8884041b81e710af37951b4] 199.204.45.19 "GET /v2.0/networks/c21c6a68-241e-41bc-9918-3b0c0e87ba9a?fields=segments HTTP/1.1" status: 200 len: 212 time: 0.0635893
2026-06-23 19:55:34.463 9 INFO neutron.db.ovn_revision_numbers_db [None req-187765f4-d6c2-41d6-8906-760db72c7382 4f4878818b724c65a0ea6d4d7ab4b2dc f3763a4919124ab9902100bc5f863094 - - default default] Successfully bumped revision number for resource 9ad07fc7-9e9d-4a37-bc96-5a5b0cf6db11 (type: security_group_rules) to 0
2026-06-23 19:55:34.493 9 INFO neutron.db.ovn_revision_numbers_db [None req-187765f4-d6c2-41d6-8906-760db72c7382 4f4878818b724c65a0ea6d4d7ab4b2dc f3763a4919124ab9902100bc5f863094 - - default default] Successfully bumped revision number for resource 9ea71970-0c1f-4799-90ea-f3839a30a6f3 (type: security_group_rules) to 0
2026-06-23 19:55:34.513 9 INFO neutron.db.ovn_revision_numbers_db [None req-187765f4-d6c2-41d6-8906-760db72c7382 4f4878818b724c65a0ea6d4d7ab4b2dc f3763a4919124ab9902100bc5f863094 - - default default] Successfully bumped revision number for resource bb789fb1-7414-490a-b942-eb25bfe43304 (type: security_group_rules) to 0
2026-06-23 19:55:34.521 10 INFO neutron.db.ovn_revision_numbers_db [None req-d0555f67-82bc-4a89-8855-ba8f5cb68e39 43fb5866130c47dbb365a8b5560cd4e3 3dc2648655c64a0b80fa8a4ba9fafe65 - - default default] Successfully bumped revision number for resource 4f0f2917-179f-495c-869a-ac46a95eaa35 (type: routers) to 1
2026-06-23 19:55:34.523 9 INFO neutron.wsgi [req-d81fc65f-a531-4715-bac1-1abf0ddd19d8 req-a1a065c9-27ac-45f2-8314-ed105bcc9f07 6f4f30bf7cba42668a7ca8990c172dfd e1fad1e9d9474683adc8c094c81f7748 - - cbb44453c8884041b81e710af37951b4 cbb44453c8884041b81e710af37951b4] 199.204.45.19 "GET /v2.0/networks/c21c6a68-241e-41bc-9918-3b0c0e87ba9a?fields=provider%3Aphysical_network&fields=provider%3Anetwork_type HTTP/1.1" status: 200 len: 277 time: 0.0576997
2026-06-23 19:55:34.528 9 INFO neutron.db.ovn_revision_numbers_db [None req-187765f4-d6c2-41d6-8906-760db72c7382 4f4878818b724c65a0ea6d4d7ab4b2dc f3763a4919124ab9902100bc5f863094 - - default default] Successfully bumped revision number for resource f4ed4aeb-60e4-4388-b4de-20066d35b493 (type: security_group_rules) to 0
2026-06-23 19:55:34.531 10 INFO neutron.db.ovn_revision_numbers_db [None req-83721cf4-1119-4f46-9d5f-e3685527d2c6 2b18d60b87384b7b9789aa7c2c44bc0d f2920c33348246b08d55932abdebf6a6 - - default default] Successfully bumped revision number for resource ab3dfc35-9d22-4c7a-b9b2-a3414daddd3d (type: security_groups) to 1
2026-06-23 19:55:34.535 10 INFO neutron.wsgi [req-74e386ad-3619-4207-a248-91b7732de9d5 req-f402f57a-55cb-48e7-862c-9e38bcd4ba87 a460011c531a4e078aea6b8328845494 c7b6615871934c48a368f054832c6d6a - - default default] 10.0.0.120 "GET /v2.0/security-groups?id=706014ef-d417-443a-ab01-f91e68087047&id=ae300dde-fb79-4af2-b24a-f9f0e60d0a44&fields=id&fields=name HTTP/1.1" status: 200 len: 406 time: 0.0755892
2026-06-23 19:55:34.539 10 INFO neutron.wsgi [None req-d0555f67-82bc-4a89-8855-ba8f5cb68e39 43fb5866130c47dbb365a8b5560cd4e3 3dc2648655c64a0b80fa8a4ba9fafe65 - - default default] 10.0.0.93 "POST /v2.0/routers HTTP/1.1" status: 201 len: 654 time: 0.4428158
2026-06-23 19:55:34.551 10 INFO neutron.db.ovn_revision_numbers_db [None req-83721cf4-1119-4f46-9d5f-e3685527d2c6 2b18d60b87384b7b9789aa7c2c44bc0d f2920c33348246b08d55932abdebf6a6 - - default default] Successfully bumped revision number for resource 007cbf95-dd38-4904-811c-a27aad0c54a3 (type: security_group_rules) to 0
2026-06-23 19:55:34.567 10 INFO neutron.db.ovn_revision_numbers_db [None req-83721cf4-1119-4f46-9d5f-e3685527d2c6 2b18d60b87384b7b9789aa7c2c44bc0d f2920c33348246b08d55932abdebf6a6 - - default default] Successfully bumped revision number for resource a4f086c5-35d0-413a-929c-ea7d2a689319 (type: security_group_rules) to 0
2026-06-23 19:55:34.589 10 INFO neutron.db.ovn_revision_numbers_db [None req-83721cf4-1119-4f46-9d5f-e3685527d2c6 2b18d60b87384b7b9789aa7c2c44bc0d f2920c33348246b08d55932abdebf6a6 - - default default] Successfully bumped revision number for resource d08f7e33-c38b-4e1f-b200-ea0cec74560b (type: security_group_rules) to 0
2026-06-23 19:55:34.594 9 INFO neutron.wsgi [req-2ad362fc-ce59-4e1b-ad12-3ba1a6609efa req-5296a723-4846-400a-a4fb-ec5f56829a26 6f4f30bf7cba42668a7ca8990c172dfd e1fad1e9d9474683adc8c094c81f7748 - - cbb44453c8884041b81e710af37951b4 cbb44453c8884041b81e710af37951b4] 199.204.45.19 "GET /v2.0/ports?tenant_id=c7b6615871934c48a368f054832c6d6a&device_id=21c6bf9a-7294-4016-8359-e8b6a97251d6 HTTP/1.1" status: 200 len: 1450 time: 0.0281544
2026-06-23 19:55:34.619 10 INFO neutron.db.ovn_revision_numbers_db [None req-83721cf4-1119-4f46-9d5f-e3685527d2c6 2b18d60b87384b7b9789aa7c2c44bc0d f2920c33348246b08d55932abdebf6a6 - - default default] Successfully bumped revision number for resource f296bfc5-afbb-45fa-837b-fe7c364488df (type: security_group_rules) to 0
2026-06-23 19:55:34.623 9 INFO neutron.db.ovn_revision_numbers_db [None req-187765f4-d6c2-41d6-8906-760db72c7382 4f4878818b724c65a0ea6d4d7ab4b2dc f3763a4919124ab9902100bc5f863094 - - default default] Successfully bumped revision number for resource 78af35d9-58dc-40b6-99d8-a142070513dc (type: security_groups) to 1
2026-06-23 19:55:34.644 9 INFO neutron.db.ovn_revision_numbers_db [None req-187765f4-d6c2-41d6-8906-760db72c7382 4f4878818b724c65a0ea6d4d7ab4b2dc f3763a4919124ab9902100bc5f863094 - - default default] Successfully bumped revision number for resource 2dbeafe2-8873-474e-b13a-e845dee1a964 (type: security_group_rules) to 0
2026-06-23 19:55:34.659 10 INFO neutron.wsgi [None req-83721cf4-1119-4f46-9d5f-e3685527d2c6 2b18d60b87384b7b9789aa7c2c44bc0d f2920c33348246b08d55932abdebf6a6 - - default default] 10.0.0.93 "GET /v2.0/security-groups?tenant_id=edef2b60f9904f6f821c3c62547f0f39&name=default HTTP/1.1" status: 200 len: 2996 time: 0.5470581
2026-06-23 19:55:34.663 9 INFO neutron.db.ovn_revision_numbers_db [None req-187765f4-d6c2-41d6-8906-760db72c7382 4f4878818b724c65a0ea6d4d7ab4b2dc f3763a4919124ab9902100bc5f863094 - - default default] Successfully bumped revision number for resource 4237128e-4cf7-4e76-a873-163d5bb051e2 (type: security_group_rules) to 0
2026-06-23 19:55:34.675 9 INFO neutron.wsgi [req-2ad362fc-ce59-4e1b-ad12-3ba1a6609efa req-765b7ef6-144c-4c9c-989b-4416707f99b9 6f4f30bf7cba42668a7ca8990c172dfd e1fad1e9d9474683adc8c094c81f7748 - - cbb44453c8884041b81e710af37951b4 cbb44453c8884041b81e710af37951b4] 199.204.45.19 "GET /v2.0/networks?id=c21c6a68-241e-41bc-9918-3b0c0e87ba9a HTTP/1.1" status: 200 len: 971 time: 0.0725467
2026-06-23 19:55:34.680 9 INFO neutron.wsgi [None req-187765f4-d6c2-41d6-8906-760db72c7382 4f4878818b724c65a0ea6d4d7ab4b2dc f3763a4919124ab9902100bc5f863094 - - default default] 10.0.0.93 "POST /v2.0/security-groups HTTP/1.1" status: 201 len: 1737 time: 0.5140097
2026-06-23 19:55:34.710 9 INFO neutron.wsgi [req-2ad362fc-ce59-4e1b-ad12-3ba1a6609efa req-8734dea5-c613-4e36-9d63-5b3335fc73b1 6f4f30bf7cba42668a7ca8990c172dfd e1fad1e9d9474683adc8c094c81f7748 - - cbb44453c8884041b81e710af37951b4 cbb44453c8884041b81e710af37951b4] 199.204.45.19 "GET /v2.0/floatingips?fixed_ip_address=10.100.0.13&port_id=6345fdd3-4220-41b6-8fc5-e9e991b36e43 HTTP/1.1" status: 200 len: 217 time: 0.0254152
2026-06-23 19:55:34.724 10 INFO neutron.db.ovn_revision_numbers_db [None req-5409d9f3-cd48-4675-a314-1486196f6a2e 43fb5866130c47dbb365a8b5560cd4e3 3dc2648655c64a0b80fa8a4ba9fafe65 - - default default] Successfully bumped revision number for resource faec7581-b831-4e2d-a605-5b1d813f5de6 (type: routers) to 1
2026-06-23 19:55:34.726 9 INFO neutron.wsgi [req-b7391610-f45f-4b3c-97bc-9b169cb3ff09 req-9ce8b192-ec4c-41ce-b591-bd15c89ce2d4 6f4f30bf7cba42668a7ca8990c172dfd e1fad1e9d9474683adc8c094c81f7748 - - cbb44453c8884041b81e710af37951b4 cbb44453c8884041b81e710af37951b4] 199.204.45.19 "GET /v2.0/ports?device_id=21c6bf9a-7294-4016-8359-e8b6a97251d6 HTTP/1.1" status: 200 len: 1450 time: 0.0417204
2026-06-23 19:55:34.743 10 INFO neutron.wsgi [None req-5409d9f3-cd48-4675-a314-1486196f6a2e 43fb5866130c47dbb365a8b5560cd4e3 3dc2648655c64a0b80fa8a4ba9fafe65 - - default default] 10.0.0.93 "POST /v2.0/routers HTTP/1.1" status: 201 len: 654 time: 0.1989272
2026-06-23 19:55:34.768 9 INFO neutron.wsgi [req-2ad362fc-ce59-4e1b-ad12-3ba1a6609efa req-13747734-8d47-4feb-8140-d3093860aded 6f4f30bf7cba42668a7ca8990c172dfd e1fad1e9d9474683adc8c094c81f7748 - - cbb44453c8884041b81e710af37951b4 cbb44453c8884041b81e710af37951b4] 199.204.45.19 "GET /v2.0/subnets?id=33d055f5-be1b-4e3e-9637-f46318dfd7bf HTTP/1.1" status: 200 len: 866 time: 0.0509572
2026-06-23 19:55:34.799 9 INFO neutron.wsgi [req-2ad362fc-ce59-4e1b-ad12-3ba1a6609efa req-533cd723-512f-4630-a269-77d638a2bdec 6f4f30bf7cba42668a7ca8990c172dfd e1fad1e9d9474683adc8c094c81f7748 - - cbb44453c8884041b81e710af37951b4 cbb44453c8884041b81e710af37951b4] 199.204.45.19 "GET /v2.0/ports?network_id=c21c6a68-241e-41bc-9918-3b0c0e87ba9a&device_owner=network%3Adhcp HTTP/1.1" status: 200 len: 210 time: 0.0238786
2026-06-23 19:55:34.802 9 INFO neutron.wsgi [req-b7391610-f45f-4b3c-97bc-9b169cb3ff09 req-c2808046-a9ec-4392-be21-d65205b5c7de 6f4f30bf7cba42668a7ca8990c172dfd e1fad1e9d9474683adc8c094c81f7748 - - cbb44453c8884041b81e710af37951b4 cbb44453c8884041b81e710af37951b4] 199.204.45.19 "GET /v2.0/security-groups?id=ae300dde-fb79-4af2-b24a-f9f0e60d0a44&id=706014ef-d417-443a-ab01-f91e68087047&fields=id&fields=name HTTP/1.1" status: 200 len: 406 time: 0.0699003
2026-06-23 19:55:34.848 10 INFO neutron.db.ovn_revision_numbers_db [None req-76a2d52d-8585-4412-800a-211efed5f3ad 4f4878818b724c65a0ea6d4d7ab4b2dc f3763a4919124ab9902100bc5f863094 - - default default] Successfully bumped revision number for resource 528a6a84-7e90-41bf-a9d5-4fab7e896e16 (type: security_groups) to 1
2026-06-23 19:55:34.871 10 INFO neutron.db.ovn_revision_numbers_db [None req-76a2d52d-8585-4412-800a-211efed5f3ad 4f4878818b724c65a0ea6d4d7ab4b2dc f3763a4919124ab9902100bc5f863094 - - default default] Successfully bumped revision number for resource 00607afb-146a-4f22-8739-dd4ef0c84822 (type: security_group_rules) to 0
2026-06-23 19:55:34.894 10 INFO neutron.db.ovn_revision_numbers_db [None req-76a2d52d-8585-4412-800a-211efed5f3ad 4f4878818b724c65a0ea6d4d7ab4b2dc f3763a4919124ab9902100bc5f863094 - - default default] Successfully bumped revision number for resource c35c470b-48a5-45db-979b-542ab583be2b (type: security_group_rules) to 0
2026-06-23 19:55:34.910 10 INFO neutron.wsgi [None req-76a2d52d-8585-4412-800a-211efed5f3ad 4f4878818b724c65a0ea6d4d7ab4b2dc f3763a4919124ab9902100bc5f863094 - - default default] 10.0.0.93 "POST /v2.0/security-groups HTTP/1.1" status: 201 len: 1737 time: 0.2225087
2026-06-23 19:55:34.947 9 INFO neutron.plugins.ml2.drivers.ovn.mech_driver.mech_driver [None req-4df46f37-8bdc-4170-b649-fd88ecb8fd25 - - - - - -] OVN reports status up for port: 6345fdd3-4220-41b6-8fc5-e9e991b36e43
2026-06-23 19:55:34.980 10 INFO neutron.wsgi [None req-9c221e1a-1e5d-4760-8e89-e8c925292a3e 2b18d60b87384b7b9789aa7c2c44bc0d f2920c33348246b08d55932abdebf6a6 - - default default] 10.0.0.93 "DELETE /v2.0/security-groups/ab3dfc35-9d22-4c7a-b9b2-a3414daddd3d HTTP/1.1" status: 204 len: 168 time: 0.3144429
2026-06-23 19:55:34.982 9 INFO neutron.plugins.ml2.plugin [None req-4df46f37-8bdc-4170-b649-fd88ecb8fd25 - - - - - -] Attempt 1 to provision port 6345fdd3-4220-41b6-8fc5-e9e991b36e43
2026-06-23 19:55:35.010 9 INFO neutron.wsgi [req-2ad362fc-ce59-4e1b-ad12-3ba1a6609efa req-bb6cbf47-c441-4f95-9f87-f5ea459d1010 6f4f30bf7cba42668a7ca8990c172dfd e1fad1e9d9474683adc8c094c81f7748 - - cbb44453c8884041b81e710af37951b4 cbb44453c8884041b81e710af37951b4] 199.204.45.19 "GET /v2.0/networks/c21c6a68-241e-41bc-9918-3b0c0e87ba9a?fields=segments HTTP/1.1" status: 200 len: 212 time: 0.1547563
2026-06-23 19:55:35.032 9 INFO neutron.db.ovn_revision_numbers_db [None req-16206c9d-344d-4c17-907b-8e33a12a4f00 43fb5866130c47dbb365a8b5560cd4e3 3dc2648655c64a0b80fa8a4ba9fafe65 - - default default] Successfully bumped revision number for resource f039f006-7faf-4da1-9e6d-3c672fad0069 (type: routers) to 1
2026-06-23 19:55:35.062 10 INFO neutron.db.ovn_revision_numbers_db [None req-ec3295c5-464a-49be-a40d-3ec9390920fc 4f4878818b724c65a0ea6d4d7ab4b2dc f3763a4919124ab9902100bc5f863094 - - default default] Successfully bumped revision number for resource 69f20e16-8d10-43c7-85e5-a60e0239c5a2 (type: security_groups) to 1
2026-06-23 19:55:35.062 9 INFO neutron.wsgi [None req-16206c9d-344d-4c17-907b-8e33a12a4f00 43fb5866130c47dbb365a8b5560cd4e3 3dc2648655c64a0b80fa8a4ba9fafe65 - - default default] 10.0.0.93 "POST /v2.0/routers HTTP/1.1" status: 201 len: 654 time: 0.3141427
2026-06-23 19:55:35.094 9 INFO neutron.wsgi [req-2ad362fc-ce59-4e1b-ad12-3ba1a6609efa req-420e67b8-0f46-4e84-84dd-664180c65eeb 6f4f30bf7cba42668a7ca8990c172dfd e1fad1e9d9474683adc8c094c81f7748 - - cbb44453c8884041b81e710af37951b4 cbb44453c8884041b81e710af37951b4] 199.204.45.19 "GET /v2.0/networks/c21c6a68-241e-41bc-9918-3b0c0e87ba9a?fields=provider%3Aphysical_network&fields=provider%3Anetwork_type HTTP/1.1" status: 200 len: 277 time: 0.0742645
2026-06-23 19:55:35.098 10 INFO neutron.db.ovn_revision_numbers_db [None req-ec3295c5-464a-49be-a40d-3ec9390920fc 4f4878818b724c65a0ea6d4d7ab4b2dc f3763a4919124ab9902100bc5f863094 - - default default] Successfully bumped revision number for resource 34a90c2d-9a43-42e7-9e6b-ec7b62bba643 (type: security_group_rules) to 0
2026-06-23 19:55:35.123 10 INFO neutron.db.ovn_revision_numbers_db [None req-ec3295c5-464a-49be-a40d-3ec9390920fc 4f4878818b724c65a0ea6d4d7ab4b2dc f3763a4919124ab9902100bc5f863094 - - default default] Successfully bumped revision number for resource 9043e63f-f784-4fa8-b4d8-e7a039929f9f (type: security_group_rules) to 0
2026-06-23 19:55:35.145 10 INFO neutron.wsgi [None req-dccdbc6c-8feb-443b-866c-50f96b901381 43fb5866130c47dbb365a8b5560cd4e3 3dc2648655c64a0b80fa8a4ba9fafe65 - - default default] 10.0.0.93 "PUT /v2.0/routers/12cdb302-186a-40f9-a434-c27828ba810e/tags HTTP/1.1" status: 200 len: 210 time: 0.0743070
2026-06-23 19:55:35.150 10 INFO neutron.wsgi [None req-ec3295c5-464a-49be-a40d-3ec9390920fc 4f4878818b724c65a0ea6d4d7ab4b2dc f3763a4919124ab9902100bc5f863094 - - default default] 10.0.0.93 "POST /v2.0/security-groups HTTP/1.1" status: 201 len: 1737 time: 0.2342129
2026-06-23 19:55:35.235 10 INFO neutron.wsgi [None req-e9ab1227-2fb3-4244-b17e-164957a3774d 43fb5866130c47dbb365a8b5560cd4e3 3dc2648655c64a0b80fa8a4ba9fafe65 - - default default] 10.0.0.93 "PUT /v2.0/routers/7b6d43a6-335c-4150-af18-3c05adf504eb/tags HTTP/1.1" status: 200 len: 218 time: 0.0832925
2026-06-23 19:55:35.265 10 INFO neutron.wsgi [None req-f93e5ff6-0e8a-4a4b-b0a4-f6200f3e725f 2b18d60b87384b7b9789aa7c2c44bc0d f2920c33348246b08d55932abdebf6a6 - - default default] 10.0.0.93 "GET /v2.0/security-groups?tenant_id=f4c96c6e881244c0a2049df0b0427fe5&name=default HTTP/1.1" status: 200 len: 2996 time: 0.0584879
2026-06-23 19:55:35.309 10 INFO neutron.wsgi [None req-78b5346f-1e55-46b0-bdbf-4d49591d45aa 43fb5866130c47dbb365a8b5560cd4e3 3dc2648655c64a0b80fa8a4ba9fafe65 - - default default] 10.0.0.93 "PUT /v2.0/routers/4f0f2917-179f-495c-869a-ac46a95eaa35/tags HTTP/1.1" status: 200 len: 227 time: 0.0680506
2026-06-23 19:55:35.334 9 INFO neutron.db.ovn_revision_numbers_db [None req-1b2e8736-f38e-4373-aad2-df8e58ddc9f2 4f4878818b724c65a0ea6d4d7ab4b2dc f3763a4919124ab9902100bc5f863094 - - default default] Successfully bumped revision number for resource 1e96d114-3780-4a17-9eb2-75037a478c50 (type: security_groups) to 1
2026-06-23 19:55:35.366 9 INFO neutron.db.ovn_revision_numbers_db [None req-1b2e8736-f38e-4373-aad2-df8e58ddc9f2 4f4878818b724c65a0ea6d4d7ab4b2dc f3763a4919124ab9902100bc5f863094 - - default default] Successfully bumped revision number for resource a8823809-ebc0-4576-be93-7d0a6ec04377 (type: security_group_rules) to 0
2026-06-23 19:55:35.374 9 INFO neutron.db.ovn_revision_numbers_db [None req-4df46f37-8bdc-4170-b649-fd88ecb8fd25 - - - - - -] Successfully bumped revision number for resource 6345fdd3-4220-41b6-8fc5-e9e991b36e43 (type: ports) to 4
2026-06-23 19:55:35.377 10 INFO neutron.wsgi [None req-41731285-5928-4f40-9669-4b1ce978c887 43fb5866130c47dbb365a8b5560cd4e3 3dc2648655c64a0b80fa8a4ba9fafe65 - - default default] 10.0.0.93 "PUT /v2.0/routers/faec7581-b831-4e2d-a605-5b1d813f5de6/tags HTTP/1.1" status: 200 len: 212 time: 0.0606203
2026-06-23 19:55:35.403 9 INFO neutron.db.ovn_revision_numbers_db [None req-1b2e8736-f38e-4373-aad2-df8e58ddc9f2 4f4878818b724c65a0ea6d4d7ab4b2dc f3763a4919124ab9902100bc5f863094 - - default default] Successfully bumped revision number for resource cc283af4-62ea-4c9a-b940-422be0920644 (type: security_group_rules) to 0
2026-06-23 19:55:35.440 9 INFO neutron.wsgi [None req-1b2e8736-f38e-4373-aad2-df8e58ddc9f2 4f4878818b724c65a0ea6d4d7ab4b2dc f3763a4919124ab9902100bc5f863094 - - default default] 10.0.0.93 "POST /v2.0/security-groups HTTP/1.1" status: 201 len: 1737 time: 0.2835011 /var/lib/openstack/lib/python3.10/site-packages/pycadf/identifier.py:71: UserWarning: Invalid uuid: neutron. To ensure interoperability, identifiers should be a valid uuid. warnings.warn(('Invalid uuid: %s. To ensure interoperability, '
2026-06-23 19:55:35.457 10 INFO neutron.wsgi [None req-d39d3951-a9db-42eb-9b4c-8c5a2f6d39f1 43fb5866130c47dbb365a8b5560cd4e3 3dc2648655c64a0b80fa8a4ba9fafe65 - - default default] 10.0.0.93 "GET /v2.0/routers?tags=red HTTP/1.1" status: 200 len: 1601 time: 0.0738757
2026-06-23 19:55:35.547 10 INFO neutron.wsgi [None req-c6a1a31a-cd01-472a-96d1-b518db900829 43fb5866130c47dbb365a8b5560cd4e3 3dc2648655c64a0b80fa8a4ba9fafe65 - - default default] 10.0.0.93 "GET /v2.0/routers?tags=red%2Cblue HTTP/1.1" status: 200 len: 1144 time: 0.0811348
2026-06-23 19:55:35.570 9 INFO neutron.db.ovn_revision_numbers_db [None req-8b0ffedb-af6f-400e-8f09-e8ce955e7e5e 4f4878818b724c65a0ea6d4d7ab4b2dc f3763a4919124ab9902100bc5f863094 - - default default] Successfully bumped revision number for resource f974ece5-9d4d-42e7-a8e4-e27e8af988d6 (type: security_groups) to 1
2026-06-23 19:55:35.582 9 INFO neutron.wsgi [None req-666130f2-4fdf-4fec-b709-2bf2c7c78142 2b18d60b87384b7b9789aa7c2c44bc0d f2920c33348246b08d55932abdebf6a6 - - default default] 10.0.0.93 "DELETE /v2.0/security-groups/bb14401c-e81f-4b5f-8f86-29a433129921 HTTP/1.1" status: 204 len: 168 time: 0.3117743
2026-06-23 19:55:35.587 9 INFO neutron.db.ovn_revision_numbers_db [None req-8b0ffedb-af6f-400e-8f09-e8ce955e7e5e 4f4878818b724c65a0ea6d4d7ab4b2dc f3763a4919124ab9902100bc5f863094 - - default default] Successfully bumped revision number for resource 341cd64f-b810-45d0-b59d-eb9df60abfb7 (type: security_group_rules) to 0
2026-06-23 19:55:35.598 9 INFO neutron.db.ovn_revision_numbers_db [None req-8b0ffedb-af6f-400e-8f09-e8ce955e7e5e 4f4878818b724c65a0ea6d4d7ab4b2dc f3763a4919124ab9902100bc5f863094 - - default default] Successfully bumped revision number for resource 7d680ebf-13b4-431e-b8d4-b9f6d1e7f7c2 (type: security_group_rules) to 0
2026-06-23 19:55:35.617 10 INFO neutron.wsgi [None req-2063ca84-3931-4256-944d-262ea182d0a4 43fb5866130c47dbb365a8b5560cd4e3 3dc2648655c64a0b80fa8a4ba9fafe65 - - default default] 10.0.0.93 "GET /v2.0/routers?tags-any=blue HTTP/1.1" status: 200 len: 1144 time: 0.0652475
2026-06-23 19:55:35.632 9 INFO neutron.wsgi [None req-8b0ffedb-af6f-400e-8f09-e8ce955e7e5e 4f4878818b724c65a0ea6d4d7ab4b2dc f3763a4919124ab9902100bc5f863094 - - default default] 10.0.0.93 "POST /v2.0/security-groups HTTP/1.1" status: 201 len: 1737 time: 0.1841125
2026-06-23 19:55:35.659 10 INFO neutron.wsgi [None req-d70915c3-4eca-4372-a1cb-665152c4af08 43fb5866130c47dbb365a8b5560cd4e3 3dc2648655c64a0b80fa8a4ba9fafe65 - - default default] 10.0.0.93 "GET /v2.0/routers?tags-any=red%2Cblue HTTP/1.1" status: 200 len: 1601 time: 0.0381613
2026-06-23 19:55:35.682 9 INFO neutron.wsgi [None req-821272aa-cbb2-47ce-ac43-d961ed6756d3 4f4878818b724c65a0ea6d4d7ab4b2dc f3763a4919124ab9902100bc5f863094 - - default default] 10.0.0.93 "PUT /v2.0/security-groups/78af35d9-58dc-40b6-99d8-a142070513dc/tags HTTP/1.1" status: 200 len: 210 time: 0.0437534
2026-06-23 19:55:35.707 9 INFO neutron.wsgi [req-89cd2623-5e09-429a-a2b8-8d420f62c2ce req-d1be23a8-8036-4c72-886b-5be51a84d70d a460011c531a4e078aea6b8328845494 c7b6615871934c48a368f054832c6d6a - - default default] 10.0.0.120 "GET /v2.0/ports?device_id=21c6bf9a-7294-4016-8359-e8b6a97251d6 HTTP/1.1" status: 200 len: 1214 time: 0.1077833
2026-06-23 19:55:35.719 9 INFO neutron.wsgi [None req-fda8219d-a032-424f-a34b-cf1b0f5ad66e 4f4878818b724c65a0ea6d4d7ab4b2dc f3763a4919124ab9902100bc5f863094 - - default default] 10.0.0.93 "PUT /v2.0/security-groups/528a6a84-7e90-41bf-a9d5-4fab7e896e16/tags HTTP/1.1" status: 200 len: 218 time: 0.0330434
2026-06-23 19:55:35.722 10 INFO neutron.wsgi [None req-78a751cc-3d01-4d64-a0f1-95449ae16e54 43fb5866130c47dbb365a8b5560cd4e3 3dc2648655c64a0b80fa8a4ba9fafe65 - - default default] 10.0.0.93 "GET /v2.0/routers?not-tags=red HTTP/1.1" status: 200 len: 1116 time: 0.0579305
2026-06-23 19:55:35.757 10 INFO neutron.wsgi [None req-78e52ed9-28b8-4864-971f-cc663c851992 4f4878818b724c65a0ea6d4d7ab4b2dc f3763a4919124ab9902100bc5f863094 - - default default] 10.0.0.93 "PUT /v2.0/security-groups/69f20e16-8d10-43c7-85e5-a60e0239c5a2/tags HTTP/1.1" status: 200 len: 227 time: 0.0334854
2026-06-23 19:55:35.789 10 INFO neutron.wsgi [None req-fe7d2708-b874-454a-9486-be8fc3334a99 4f4878818b724c65a0ea6d4d7ab4b2dc f3763a4919124ab9902100bc5f863094 - - default default] 10.0.0.93 "PUT /v2.0/security-groups/1e96d114-3780-4a17-9eb2-75037a478c50/tags HTTP/1.1" status: 200 len: 212 time: 0.0241380
2026-06-23 19:55:35.847 10 INFO neutron.wsgi [None req-8ebfc533-033f-4130-89b8-0d367c7f93a6 4f4878818b724c65a0ea6d4d7ab4b2dc f3763a4919124ab9902100bc5f863094 - - default default] 10.0.0.93 "GET /v2.0/security-groups?tags=red HTTP/1.1" status: 200 len: 4813 time: 0.0520713
2026-06-23 19:55:35.896 10 INFO neutron.wsgi [None req-647e8091-a029-4c4d-a640-2cd71eba7660 4f4878818b724c65a0ea6d4d7ab4b2dc f3763a4919124ab9902100bc5f863094 - - default default] 10.0.0.93 "GET /v2.0/security-groups?tags=red%2Cblue HTTP/1.1" status: 200 len: 3289 time: 0.0451772
2026-06-23 19:55:35.952 10 INFO neutron.wsgi [None req-ba98ff39-f84c-4479-8922-c45adf0c9400 4f4878818b724c65a0ea6d4d7ab4b2dc f3763a4919124ab9902100bc5f863094 - - default default] 10.0.0.93 "GET /v2.0/security-groups?tags-any=blue HTTP/1.1" status: 200 len: 3289 time: 0.0500319
2026-06-23 19:55:35.994 10 INFO neutron.wsgi [None req-cdf14129-f7f8-413f-816e-b68c47e8dd3d 4f4878818b724c65a0ea6d4d7ab4b2dc f3763a4919124ab9902100bc5f863094 - - default default] 10.0.0.93 "GET /v2.0/security-groups?tags-any=red%2Cblue HTTP/1.1" status: 200 len: 4813 time: 0.0376987
2026-06-23 19:55:36.056 10 INFO neutron.wsgi [None req-9aabf3b5-eda5-4002-8c50-0fa00abeabd9 4f4878818b724c65a0ea6d4d7ab4b2dc f3763a4919124ab9902100bc5f863094 - - default default] 10.0.0.93 "GET /v2.0/security-groups?not-tags=red HTTP/1.1" status: 200 len: 6041 time: 0.0452535
2026-06-23 19:55:36.115 10 INFO neutron.wsgi [None req-df6a1ecc-7950-4544-bb3b-04a57f61cede 4f4878818b724c65a0ea6d4d7ab4b2dc f3763a4919124ab9902100bc5f863094 - - default default] 10.0.0.93 "GET /v2.0/security-groups?not-tags=red%2Cblue HTTP/1.1" status: 200 len: 7565 time: 0.0543194
2026-06-23 19:55:36.171 10 INFO neutron.wsgi [None req-2795da47-72ec-4328-828f-82fbbad2e06a 4f4878818b724c65a0ea6d4d7ab4b2dc f3763a4919124ab9902100bc5f863094 - - default default] 10.0.0.93 "GET /v2.0/security-groups?not-tags-any=blue HTTP/1.1" status: 200 len: 7565 time: 0.0474234
2026-06-23 19:55:36.217 10 INFO neutron.wsgi [None req-8b8b7fb8-c9e7-4c9f-b61f-f18043c57e79 4f4878818b724c65a0ea6d4d7ab4b2dc f3763a4919124ab9902100bc5f863094 - - default default] 10.0.0.93 "GET /v2.0/security-groups?not-tags-any=red%2Cblue HTTP/1.1" status: 200 len: 6041 time: 0.0372603
2026-06-23 19:55:36.325 10 INFO neutron.wsgi [None req-a22186a0-2d0b-459a-81dc-b6c5aedc7013 4f4878818b724c65a0ea6d4d7ab4b2dc f3763a4919124ab9902100bc5f863094 - - default default] 10.0.0.93 "DELETE /v2.0/security-groups/78af35d9-58dc-40b6-99d8-a142070513dc HTTP/1.1" status: 204 len: 168 time: 0.1015868
2026-06-23 19:55:36.409 9 INFO neutron.wsgi [None req-b4536ab7-75b5-40a2-a75e-863718ce56d4 43fb5866130c47dbb365a8b5560cd4e3 3dc2648655c64a0b80fa8a4ba9fafe65 - - default default] 10.0.0.93 "GET /v2.0/routers?not-tags=red%2Cblue HTTP/1.1" status: 200 len: 1573 time: 0.6826289
2026-06-23 19:55:36.416 9 INFO neutron.notifiers.nova [-] Nova event matching ['req-5f257cfd-8c99-4c2b-8604-0b0f40edd59d'] response: {'server_uuid': '21c6bf9a-7294-4016-8359-e8b6a97251d6', 'name': 'network-vif-plugged', 'status': 'completed', 'tag': '6345fdd3-4220-41b6-8fc5-e9e991b36e43', 'code': 200}
2026-06-23 19:55:36.416 9 INFO neutron.notifiers.nova [-] Nova event matching ['req-5f257cfd-8c99-4c2b-8604-0b0f40edd59d'] response: {'server_uuid': '21c6bf9a-7294-4016-8359-e8b6a97251d6', 'name': 'network-vif-plugged', 'status': 'completed', 'tag': '6345fdd3-4220-41b6-8fc5-e9e991b36e43', 'code': 200}
2026-06-23 19:55:36.424 9 INFO neutron.wsgi [req-89cd2623-5e09-429a-a2b8-8d420f62c2ce req-3e26bca9-3b86-40b6-8b02-2a3d3d15e52c a460011c531a4e078aea6b8328845494 c7b6615871934c48a368f054832c6d6a - - default default] 10.0.0.120 "GET /v2.0/security-groups?id=706014ef-d417-443a-ab01-f91e68087047&id=ae300dde-fb79-4af2-b24a-f9f0e60d0a44&fields=id&fields=name HTTP/1.1" status: 200 len: 406 time: 0.7079732
2026-06-23 19:55:36.487 10 INFO neutron.wsgi [None req-059be212-1119-45d3-a80a-f0dc3dc49150 4f4878818b724c65a0ea6d4d7ab4b2dc f3763a4919124ab9902100bc5f863094 - - default default] 10.0.0.93 "DELETE /v2.0/security-groups/528a6a84-7e90-41bf-a9d5-4fab7e896e16 HTTP/1.1" status: 204 len: 168 time: 0.1567934
2026-06-23 19:55:36.532 10 INFO neutron.wsgi [None req-b389da2f-8195-4f52-9b7b-cdd12412ebd0 43fb5866130c47dbb365a8b5560cd4e3 3dc2648655c64a0b80fa8a4ba9fafe65 - - default default] 10.0.0.93 "GET /v2.0/routers?not-tags-any=blue HTTP/1.1" status: 200 len: 1573 time: 0.1121130
2026-06-23 19:55:36.604 9 INFO neutron.wsgi [None req-5560f8f6-f0c8-44d7-b0f7-332bdd7b8ced 43fb5866130c47dbb365a8b5560cd4e3 3dc2648655c64a0b80fa8a4ba9fafe65 - - default default] 10.0.0.93 "GET /v2.0/routers?not-tags-any=red%2Cblue HTTP/1.1" status: 200 len: 1116 time: 0.0672228
2026-06-23 19:55:36.658 9 INFO neutron.wsgi [None req-0cb516e9-44f6-4f6e-bb93-be64504c1f45 43fb5866130c47dbb365a8b5560cd4e3 3dc2648655c64a0b80fa8a4ba9fafe65 - - default default] 10.0.0.93 "GET /v2.0/routers/12cdb302-186a-40f9-a434-c27828ba810e HTTP/1.1" status: 200 len: 660 time: 0.0452056
2026-06-23 19:55:36.694 9 INFO neutron.wsgi [None req-c9b04e2b-60c5-4540-8d5a-5d82459bdc89 4f4878818b724c65a0ea6d4d7ab4b2dc f3763a4919124ab9902100bc5f863094 - - default default] 10.0.0.93 "DELETE /v2.0/security-groups/69f20e16-8d10-43c7-85e5-a60e0239c5a2 HTTP/1.1" status: 204 len: 168 time: 0.1999781
2026-06-23 19:55:37.137 9 INFO neutron.db.ovn_revision_numbers_db [None req-dbaefc38-222f-40bf-ab42-08db2fa0c4a9 43fb5866130c47dbb365a8b5560cd4e3 3dc2648655c64a0b80fa8a4ba9fafe65 - - default default] Successfully bumped revision number for resource 12cdb302-186a-40f9-a434-c27828ba810e (type: routers) to 2
2026-06-23 19:55:37.142 9 INFO neutron.wsgi [None req-dbaefc38-222f-40bf-ab42-08db2fa0c4a9 43fb5866130c47dbb365a8b5560cd4e3 3dc2648655c64a0b80fa8a4ba9fafe65 - - default default] 10.0.0.93 "PUT /v2.0/routers/12cdb302-186a-40f9-a434-c27828ba810e HTTP/1.1" status: 200 len: 660 time: 0.4755559
2026-06-23 19:55:37.162 10 INFO neutron.wsgi [None req-0e87802e-08cd-4a31-9fc5-f39b70c03d2c 4f4878818b724c65a0ea6d4d7ab4b2dc f3763a4919124ab9902100bc5f863094 - - default default] 10.0.0.93 "DELETE /v2.0/security-groups/1e96d114-3780-4a17-9eb2-75037a478c50 HTTP/1.1" status: 204 len: 168 time: 0.4577038
2026-06-23 19:55:37.168 9 INFO neutron.wsgi [None req-e6f7def5-7bcc-440b-bcc9-d88b8c320c23 43fb5866130c47dbb365a8b5560cd4e3 3dc2648655c64a0b80fa8a4ba9fafe65 - - default default] 10.0.0.93 "GET /v2.0/ports?device_id=12cdb302-186a-40f9-a434-c27828ba810e HTTP/1.1" status: 200 len: 205 time: 0.0201440
2026-06-23 19:55:37.287 10 INFO neutron.wsgi [None req-a20a7bae-0153-4f1d-af03-4fd40bb04ccc 4f4878818b724c65a0ea6d4d7ab4b2dc f3763a4919124ab9902100bc5f863094 - - default default] 10.0.0.93 "DELETE /v2.0/security-groups/f974ece5-9d4d-42e7-a8e4-e27e8af988d6 HTTP/1.1" status: 204 len: 168 time: 0.1180606
2026-06-23 19:55:37.381 9 INFO neutron.wsgi [None req-a1308d2c-2b88-4486-ae7a-6d4fbfb335b2 43fb5866130c47dbb365a8b5560cd4e3 3dc2648655c64a0b80fa8a4ba9fafe65 - - default default] 10.0.0.93 "DELETE /v2.0/routers/12cdb302-186a-40f9-a434-c27828ba810e HTTP/1.1" status: 204 len: 168 time: 0.2094462
2026-06-23 19:55:37.427 9 INFO neutron.wsgi [None req-df4e76e5-c6ba-4f0d-94ab-464b25ee34a9 43fb5866130c47dbb365a8b5560cd4e3 3dc2648655c64a0b80fa8a4ba9fafe65 - - default default] 10.0.0.93 "GET /v2.0/routers/7b6d43a6-335c-4150-af18-3c05adf504eb HTTP/1.1" status: 200 len: 668 time: 0.0404382
2026-06-23 19:55:37.537 9 INFO neutron.wsgi [req-226d0182-dc9c-4073-8f05-e7dcece6725c req-abe57424-1e7d-4763-a0a2-5d2063d15393 a460011c531a4e078aea6b8328845494 c7b6615871934c48a368f054832c6d6a - - default default] 10.0.0.120 "GET /v2.0/ports?device_id=21c6bf9a-7294-4016-8359-e8b6a97251d6 HTTP/1.1" status: 200 len: 1214 time: 0.0490968
2026-06-23 19:55:37.801 9 INFO neutron.wsgi [req-226d0182-dc9c-4073-8f05-e7dcece6725c req-21686b9f-d0f7-4e75-8d4e-ceff6f49e061 a460011c531a4e078aea6b8328845494 c7b6615871934c48a368f054832c6d6a - - default default] 10.0.0.120 "GET /v2.0/security-groups?id=706014ef-d417-443a-ab01-f91e68087047&id=ae300dde-fb79-4af2-b24a-f9f0e60d0a44&fields=id&fields=name HTTP/1.1" status: 200 len: 406 time: 0.2508900
2026-06-23 19:55:37.957 10 INFO neutron.wsgi [req-70275bfa-454a-4559-81b9-a8c5973ec8e2 req-f40a4efc-26cc-4365-b82b-90c9c664dbaf a460011c531a4e078aea6b8328845494 c7b6615871934c48a368f054832c6d6a - - default default] 10.0.0.120 "GET /v2.0/ports?device_id=21c6bf9a-7294-4016-8359-e8b6a97251d6 HTTP/1.1" status: 200 len: 1214 time: 0.0870762
2026-06-23 19:55:38.112 9 INFO neutron.db.ovn_revision_numbers_db [None req-52966dd0-8da0-4987-b75e-859620c83a63 43fb5866130c47dbb365a8b5560cd4e3 3dc2648655c64a0b80fa8a4ba9fafe65 - - default default] Successfully bumped revision number for resource 7b6d43a6-335c-4150-af18-3c05adf504eb (type: routers) to 2
2026-06-23 19:55:38.117 9 INFO neutron.wsgi [None req-52966dd0-8da0-4987-b75e-859620c83a63 43fb5866130c47dbb365a8b5560cd4e3 3dc2648655c64a0b80fa8a4ba9fafe65 - - default default] 10.0.0.93 "PUT /v2.0/routers/7b6d43a6-335c-4150-af18-3c05adf504eb HTTP/1.1" status: 200 len: 668 time: 0.6839249
2026-06-23 19:55:38.150 9 INFO neutron.wsgi [None req-ba5f3ff5-d8e0-4023-b50d-83ed50138748 43fb5866130c47dbb365a8b5560cd4e3 3dc2648655c64a0b80fa8a4ba9fafe65 - - default default] 10.0.0.93 "GET /v2.0/ports?device_id=7b6d43a6-335c-4150-af18-3c05adf504eb HTTP/1.1" status: 200 len: 205 time: 0.0193200
2026-06-23 19:55:38.312 10 INFO neutron.db.l3_db [None req-90161c3e-84e2-41e5-b6c9-518a03dd2157 a460011c531a4e078aea6b8328845494 c7b6615871934c48a368f054832c6d6a - - default default] Floating IP 230a5156-0373-47fb-96ab-f777e2e646c1 associated. External IP: 10.96.250.218, port: 6345fdd3-4220-41b6-8fc5-e9e991b36e43.
2026-06-23 19:55:38.390 9 INFO neutron.wsgi [None req-2baf8864-6c17-47ae-a7ab-b912e37a9e9f 43fb5866130c47dbb365a8b5560cd4e3 3dc2648655c64a0b80fa8a4ba9fafe65 - - default default] 10.0.0.93 "DELETE /v2.0/routers/7b6d43a6-335c-4150-af18-3c05adf504eb HTTP/1.1" status: 204 len: 168 time: 0.2334759
2026-06-23 19:55:38.457 9 INFO neutron.wsgi [None req-d37a74e6-52b0-48db-ae75-9016bb143843 43fb5866130c47dbb365a8b5560cd4e3 3dc2648655c64a0b80fa8a4ba9fafe65 - - default default] 10.0.0.93 "GET /v2.0/routers/4f0f2917-179f-495c-869a-ac46a95eaa35 HTTP/1.1" status: 200 len: 677 time: 0.0606883
2026-06-23 19:55:38.585 10 INFO neutron.db.ovn_revision_numbers_db [None req-90161c3e-84e2-41e5-b6c9-518a03dd2157 a460011c531a4e078aea6b8328845494 c7b6615871934c48a368f054832c6d6a - - default default] Successfully bumped revision number for resource 230a5156-0373-47fb-96ab-f777e2e646c1 (type: floatingips) to 1
2026-06-23 19:55:38.679 9 INFO neutron.db.ovn_revision_numbers_db [None req-48146907-a116-4b42-918c-0659f9253aec 2b18d60b87384b7b9789aa7c2c44bc0d f2920c33348246b08d55932abdebf6a6 - - default default] Successfully bumped revision number for resource 7e2d5bd7-34ba-461f-9a23-71e9348c52a4 (type: security_groups) to 1
2026-06-23 19:55:38.697 10 INFO neutron.db.ovn_revision_numbers_db [None req-90161c3e-84e2-41e5-b6c9-518a03dd2157 a460011c531a4e078aea6b8328845494 c7b6615871934c48a368f054832c6d6a - - default default] Successfully bumped revision number for resource 230a5156-0373-47fb-96ab-f777e2e646c1 (type: floatingips) to 2
2026-06-23 19:55:38.713 9 INFO neutron.db.ovn_revision_numbers_db [None req-48146907-a116-4b42-918c-0659f9253aec 2b18d60b87384b7b9789aa7c2c44bc0d f2920c33348246b08d55932abdebf6a6 - - default default] Successfully bumped revision number for resource 1f7fd03e-00c8-4f27-98b0-ede603e5c0cd (type: security_group_rules) to 0
2026-06-23 19:55:38.724 10 INFO neutron.wsgi [None req-90161c3e-84e2-41e5-b6c9-518a03dd2157 a460011c531a4e078aea6b8328845494 c7b6615871934c48a368f054832c6d6a - - default default] 10.0.0.93 "PUT /v2.0/floatingips/230a5156-0373-47fb-96ab-f777e2e646c1 HTTP/1.1" status: 200 len: 1050 time: 0.7558141
2026-06-23 19:55:38.749 9 INFO neutron.db.ovn_revision_numbers_db [None req-48146907-a116-4b42-918c-0659f9253aec 2b18d60b87384b7b9789aa7c2c44bc0d f2920c33348246b08d55932abdebf6a6 - - default default] Successfully bumped revision number for resource 37cfc651-7289-49ed-b484-839bfa744632 (type: security_group_rules) to 0
2026-06-23 19:55:38.763 10 INFO neutron.notifiers.nova [-] Nova event matching ['req-0c41e416-7b8e-49ce-8039-bb87b45c92c3'] response: {'name': 'network-changed', 'server_uuid': '21c6bf9a-7294-4016-8359-e8b6a97251d6', 'tag': '6345fdd3-4220-41b6-8fc5-e9e991b36e43', 'status': 'completed', 'code': 200}
2026-06-23 19:55:38.782 9 INFO neutron.db.ovn_revision_numbers_db [None req-48146907-a116-4b42-918c-0659f9253aec 2b18d60b87384b7b9789aa7c2c44bc0d f2920c33348246b08d55932abdebf6a6 - - default default] Successfully bumped revision number for resource fb0ba7ad-0415-4acd-b6a5-e5ba99bcefa3 (type: security_group_rules) to 0 /var/lib/openstack/lib/python3.10/site-packages/pycadf/identifier.py:71: UserWarning: Invalid uuid: neutron. To ensure interoperability, identifiers should be a valid uuid. warnings.warn(('Invalid uuid: %s. To ensure interoperability, '
2026-06-23 19:55:38.841 9 INFO neutron.db.ovn_revision_numbers_db [None req-48146907-a116-4b42-918c-0659f9253aec 2b18d60b87384b7b9789aa7c2c44bc0d f2920c33348246b08d55932abdebf6a6 - - default default] Successfully bumped revision number for resource fe0a3e16-946a-468b-a775-df4f2532971f (type: security_group_rules) to 0
2026-06-23 19:55:38.861 9 INFO neutron.wsgi [req-844ce343-6d17-4190-805f-3c2e392f02c2 req-01c8d3ee-272b-4968-86b3-b479a575f977 6f4f30bf7cba42668a7ca8990c172dfd e1fad1e9d9474683adc8c094c81f7748 - - cbb44453c8884041b81e710af37951b4 cbb44453c8884041b81e710af37951b4] 199.204.45.19 "GET /v2.0/ports?tenant_id=c7b6615871934c48a368f054832c6d6a&device_id=21c6bf9a-7294-4016-8359-e8b6a97251d6 HTTP/1.1" status: 200 len: 1452 time: 0.0763481
2026-06-23 19:55:38.897 9 INFO neutron.wsgi [None req-48146907-a116-4b42-918c-0659f9253aec 2b18d60b87384b7b9789aa7c2c44bc0d f2920c33348246b08d55932abdebf6a6 - - default default] 10.0.0.93 "GET /v2.0/security-groups?tenant_id=142e509fd4ec471682782645ba9e03c3&name=default HTTP/1.1" status: 200 len: 2996 time: 0.6941786
2026-06-23 19:55:39.001 9 INFO neutron.wsgi [req-844ce343-6d17-4190-805f-3c2e392f02c2 req-03c7b8a9-b9eb-462d-843d-b88a5ed281a6 6f4f30bf7cba42668a7ca8990c172dfd e1fad1e9d9474683adc8c094c81f7748 - - cbb44453c8884041b81e710af37951b4 cbb44453c8884041b81e710af37951b4] 199.204.45.19 "GET /v2.0/networks?id=c21c6a68-241e-41bc-9918-3b0c0e87ba9a HTTP/1.1" status: 200 len: 971 time: 0.1198869
2026-06-23 19:55:39.041 9 INFO neutron.db.ovn_revision_numbers_db [None req-ba389efb-7852-4b0a-8459-78200a8bacbc 43fb5866130c47dbb365a8b5560cd4e3 3dc2648655c64a0b80fa8a4ba9fafe65 - - default default] Successfully bumped revision number for resource 4f0f2917-179f-495c-869a-ac46a95eaa35 (type: routers) to 2
2026-06-23 19:55:39.044 9 INFO neutron.wsgi [None req-ba389efb-7852-4b0a-8459-78200a8bacbc 43fb5866130c47dbb365a8b5560cd4e3 3dc2648655c64a0b80fa8a4ba9fafe65 - - default default] 10.0.0.93 "PUT /v2.0/routers/4f0f2917-179f-495c-869a-ac46a95eaa35 HTTP/1.1" status: 200 len: 677 time: 0.5809882
2026-06-23 19:55:39.077 9 INFO neutron.wsgi [None req-d2b50238-6b29-4549-87a6-a9645cf235ae 43fb5866130c47dbb365a8b5560cd4e3 3dc2648655c64a0b80fa8a4ba9fafe65 - - default default] 10.0.0.93 "GET /v2.0/ports?device_id=4f0f2917-179f-495c-869a-ac46a95eaa35 HTTP/1.1" status: 200 len: 205 time: 0.0275567
2026-06-23 19:55:39.081 9 INFO neutron.wsgi [req-844ce343-6d17-4190-805f-3c2e392f02c2 req-a15b17a8-9b4c-4fc4-bb38-b28479bcceb9 6f4f30bf7cba42668a7ca8990c172dfd e1fad1e9d9474683adc8c094c81f7748 - - cbb44453c8884041b81e710af37951b4 cbb44453c8884041b81e710af37951b4] 199.204.45.19 "GET /v2.0/floatingips?fixed_ip_address=10.100.0.13&port_id=6345fdd3-4220-41b6-8fc5-e9e991b36e43 HTTP/1.1" status: 200 len: 1060 time: 0.0653191
