Jul 07 01:29:44.590258 np0000184302 devstack@neutron-api.service[102350]: INFO neutron.quota [None req-46741eef-3f33-48f4-bded-650e121f59d7 None None] Loaded quota_driver: .
Jul 07 01:29:44.590398 np0000184302 devstack@neutron-api.service[102350]: INFO neutron.plugins.ml2.plugin [None req-46741eef-3f33-48f4-bded-650e121f59d7 None None] Modular L2 Plugin initialization complete
Jul 07 01:29:44.590504 np0000184302 devstack@neutron-api.service[102350]: DEBUG neutron.manager [None req-46741eef-3f33-48f4-bded-650e121f59d7 None None] Loading services supported by the core plugin {{(pid=102350) _load_services_from_core_plugin /opt/stack/neutron/neutron/manager.py:167}}
Jul 07 01:29:44.590639 np0000184302 devstack@neutron-api.service[102350]: INFO neutron.plugins.ml2.managers [None req-46741eef-3f33-48f4-bded-650e121f59d7 None None] Got port-security extension from driver 'port_security'
Jul 07 01:29:44.590888 np0000184302 devstack@neutron-api.service[102350]: DEBUG neutron.manager [None req-46741eef-3f33-48f4-bded-650e121f59d7 None None] Loading service plugins: ['ovn-router', 'auto_allocate', 'tag', 'timestamp', 'network_ip_availability', 'flavors', 'revisions'] {{(pid=102350) _load_service_plugins /opt/stack/neutron/neutron/manager.py:192}}
Jul 07 01:29:44.590983 np0000184302 devstack@neutron-api.service[102350]: INFO neutron.manager [None req-46741eef-3f33-48f4-bded-650e121f59d7 None None] Loading Plugin: ovn-router
Jul 07 01:29:44.592719 np0000184302 devstack@neutron-api.service[102351]: DEBUG neutron.manager [None req-365343c3-49c7-46d3-98e4-7dba547353ac None None] Successfully loaded TAG plugin. Description: Tag support {{(pid=102351) _create_and_add_service_plugin /opt/stack/neutron/neutron/manager.py:236}}
Jul 07 01:29:44.593101 np0000184302 devstack@neutron-api.service[102351]: INFO neutron.manager [None req-365343c3-49c7-46d3-98e4-7dba547353ac None None] Loading Plugin: timestamp
Jul 07 01:29:44.594598 np0000184302 devstack@neutron-api.service[102351]: DEBUG neutron.manager [None req-365343c3-49c7-46d3-98e4-7dba547353ac None None] Successfully loaded timestamp plugin. Description: Adds timestamps to Neutron resources with standard attributes {{(pid=102351) _create_and_add_service_plugin /opt/stack/neutron/neutron/manager.py:236}}
Jul 07 01:29:44.594752 np0000184302 devstack@neutron-api.service[102351]: INFO neutron.manager [None req-365343c3-49c7-46d3-98e4-7dba547353ac None None] Loading Plugin: network_ip_availability
Jul 07 01:29:44.596870 np0000184302 devstack@neutron-api.service[102351]: DEBUG neutron.manager [None req-365343c3-49c7-46d3-98e4-7dba547353ac None None] Successfully loaded network-ip-availability plugin. Description: Provides IP availability data for each network and subnet. {{(pid=102351) _create_and_add_service_plugin /opt/stack/neutron/neutron/manager.py:236}}
Jul 07 01:29:44.596991 np0000184302 devstack@neutron-api.service[102351]: INFO neutron.manager [None req-365343c3-49c7-46d3-98e4-7dba547353ac None None] Loading Plugin: flavors
Jul 07 01:29:44.598011 np0000184302 devstack@neutron-api.service[102351]: DEBUG neutron.manager [None req-365343c3-49c7-46d3-98e4-7dba547353ac None None] Successfully loaded FLAVORS plugin. Description: Neutron Flavors and Service Profiles manager plugin {{(pid=102351) _create_and_add_service_plugin /opt/stack/neutron/neutron/manager.py:236}}
Jul 07 01:29:44.598089 np0000184302 devstack@neutron-api.service[102351]: INFO neutron.manager [None req-365343c3-49c7-46d3-98e4-7dba547353ac None None] Loading Plugin: revisions
Jul 07 01:29:44.599079 np0000184302 devstack@neutron-api.service[102351]: DEBUG neutron.manager [None req-365343c3-49c7-46d3-98e4-7dba547353ac None None] Successfully loaded revision_plugin plugin. Description: Adds revision numbers to resources. {{(pid=102351) _create_and_add_service_plugin /opt/stack/neutron/neutron/manager.py:236}}
Jul 07 01:29:44.599236 np0000184302 devstack@neutron-api.service[102351]: DEBUG oslo_concurrency.lockutils [None req-365343c3-49c7-46d3-98e4-7dba547353ac None None] Lock "manager" "released" by "neutron.manager.NeutronManager._create_instance" :: held 4.756s {{(pid=102351) inner /opt/stack/data/venv/lib/python3.12/site-packages/oslo_concurrency/lockutils.py:543}}
Jul 07 01:29:44.599419 np0000184302 devstack@neutron-api.service[102351]: DEBUG neutron.api.extensions [None req-365343c3-49c7-46d3-98e4-7dba547353ac None None] get_extension_paths = OrderedDict({'/opt/stack/neutron/neutron/extensions': 1}) {{(pid=102351) get_extensions_path /opt/stack/neutron/neutron/api/extensions.py:640}}
Jul 07 01:29:44.599494 np0000184302 devstack@neutron-api.service[102351]: INFO neutron.api.extensions [None req-365343c3-49c7-46d3-98e4-7dba547353ac None None] Initializing extension manager.
Jul 07 01:29:44.599743 np0000184302 devstack@neutron-api.service[102351]: DEBUG neutron.api.extensions [None req-365343c3-49c7-46d3-98e4-7dba547353ac None None] Loading extension file: __init__.py {{(pid=102351) _load_all_extensions_from_path /opt/stack/neutron/neutron/api/extensions.py:449}}
Jul 07 01:29:44.599839 np0000184302 devstack@neutron-api.service[102351]: DEBUG neutron.api.extensions [None req-365343c3-49c7-46d3-98e4-7dba547353ac None None] Loading extension file: __pycache__ {{(pid=102351) _load_all_extensions_from_path /opt/stack/neutron/neutron/api/extensions.py:449}}
Jul 07 01:29:44.599934 np0000184302 devstack@neutron-api.service[102351]: DEBUG neutron.api.extensions [None req-365343c3-49c7-46d3-98e4-7dba547353ac None None] Loading extension file: aap_reject_multicast.py {{(pid=102351) _load_all_extensions_from_path /opt/stack/neutron/neutron/api/extensions.py:449}}
Jul 07 01:29:44.600249 np0000184302 devstack@neutron-api.service[102351]: DEBUG neutron.api.extensions [None req-365343c3-49c7-46d3-98e4-7dba547353ac None None] Ext name="Allowed address pairs reject multicast extension" alias="aap-reject-multicast" description="Reject multicast addresses in Allowed Address Pairs" updated="2026-04-01T00:00:00-00:00" {{(pid=102351) _check_extension /opt/stack/neutron/neutron/api/extensions.py:415}}
Jul 07 01:29:44.600458 np0000184302 devstack@neutron-api.service[102351]: INFO neutron.api.extensions [None req-365343c3-49c7-46d3-98e4-7dba547353ac None None] Extension aap-reject-multicast not supported by any of loaded plugins
Jul 07 01:29:44.600554 np0000184302 devstack@neutron-api.service[102351]: DEBUG neutron.api.extensions [None req-365343c3-49c7-46d3-98e4-7dba547353ac None None] Loading extension file: address_group.py {{(pid=102351) _load_all_extensions_from_path /opt/stack/neutron/neutron/api/extensions.py:449}}
Jul 07 01:29:44.600871 np0000184302 devstack@neutron-api.service[102351]: DEBUG neutron.api.extensions [None req-365343c3-49c7-46d3-98e4-7dba547353ac None None] Ext name="Address group" alias="address-group" description="Support address group" updated="2020-07-15T10:00:00-00:00" {{(pid=102351) _check_extension /opt/stack/neutron/neutron/api/extensions.py:415}}
Jul 07 01:29:44.600966 np0000184302 devstack@neutron-api.service[102350]: DEBUG neutron_lib.callbacks.manager [None req-46741eef-3f33-48f4-bded-650e121f59d7 None None] Subscribe: > router before_delete 55550000, False {{(pid=102350) subscribe /opt/stack/data/venv/lib/python3.12/site-packages/neutron_lib/callbacks/manager.py:52}}
Jul 07 01:29:44.601075 np0000184302 devstack@neutron-api.service[102351]: INFO neutron.api.extensions [None req-365343c3-49c7-46d3-98e4-7dba547353ac None None] Loaded extension: address-group
Jul 07 01:29:44.601116 np0000184302 devstack@neutron-api.service[102350]: DEBUG neutron_lib.callbacks.manager [None req-46741eef-3f33-48f4-bded-650e121f59d7 None None] Subscribe: port before_update 55550000, False {{(pid=102350) subscribe /opt/stack/data/venv/lib/python3.12/site-packages/neutron_lib/callbacks/manager.py:52}}
Jul 07 01:29:44.601165 np0000184302 devstack@neutron-api.service[102351]: DEBUG neutron.api.extensions [None req-365343c3-49c7-46d3-98e4-7dba547353ac None None] Loading extension file: address_scope.py {{(pid=102351) _load_all_extensions_from_path /opt/stack/neutron/neutron/api/extensions.py:449}}
Jul 07 01:29:44.601222 np0000184302 devstack@neutron-api.service[102350]: DEBUG neutron_lib.callbacks.manager [None req-46741eef-3f33-48f4-bded-650e121f59d7 None None] Subscribe: port after_update 55550000, False {{(pid=102350) subscribe /opt/stack/data/venv/lib/python3.12/site-packages/neutron_lib/callbacks/manager.py:52}}
Jul 07 01:29:44.601327 np0000184302 devstack@neutron-api.service[102350]: DEBUG neutron_lib.callbacks.manager [None req-46741eef-3f33-48f4-bded-650e121f59d7 None None] Subscribe: > port precommit_delete 55550000, False {{(pid=102350) subscribe /opt/stack/data/venv/lib/python3.12/site-packages/neutron_lib/callbacks/manager.py:52}}
Jul 07 01:29:44.601438 np0000184302 devstack@neutron-api.service[102350]: DEBUG neutron_lib.callbacks.manager [None req-46741eef-3f33-48f4-bded-650e121f59d7 None None] Subscribe: port before_update 55550000, False {{(pid=102350) subscribe /opt/stack/data/venv/lib/python3.12/site-packages/neutron_lib/callbacks/manager.py:52}}
Jul 07 01:29:44.601479 np0000184302 devstack@neutron-api.service[102351]: DEBUG neutron.api.extensions [None req-365343c3-49c7-46d3-98e4-7dba547353ac None None] Ext name="Address scope" alias="address-scope" description="Address scopes extension." updated="2015-07-26T10:00:00-00:00" {{(pid=102351) _check_extension /opt/stack/neutron/neutron/api/extensions.py:415}}
Jul 07 01:29:44.601523 np0000184302 devstack@neutron-api.service[102350]: DEBUG neutron_lib.callbacks.manager [None req-46741eef-3f33-48f4-bded-650e121f59d7 None None] Subscribe: port before_delete 55550000, False {{(pid=102350) subscribe /opt/stack/data/venv/lib/python3.12/site-packages/neutron_lib/callbacks/manager.py:52}}
Jul 07 01:29:44.601622 np0000184302 devstack@neutron-api.service[102351]: INFO neutron.api.extensions [None req-365343c3-49c7-46d3-98e4-7dba547353ac None None] Loaded extension: address-scope
Jul 07 01:29:44.601719 np0000184302 devstack@neutron-api.service[102350]: DEBUG neutron_lib.callbacks.manager [None req-46741eef-3f33-48f4-bded-650e121f59d7 None None] Subscribe: > router precommit_create 55550000, False {{(pid=102350) subscribe /opt/stack/data/venv/lib/python3.12/site-packages/neutron_lib/callbacks/manager.py:52}}
Jul 07 01:29:44.601760 np0000184302 devstack@neutron-api.service[102351]: DEBUG neutron.api.extensions [None req-365343c3-49c7-46d3-98e4-7dba547353ac None None] Loading extension file: admin_state_down_before_update.py {{(pid=102351) _load_all_extensions_from_path /opt/stack/neutron/neutron/api/extensions.py:449}}
Jul 07 01:29:44.601797 np0000184302 devstack@neutron-api.service[102350]: DEBUG neutron_lib.callbacks.manager [None req-46741eef-3f33-48f4-bded-650e121f59d7 None None] Subscribe: > router precommit_create 55550000, False {{(pid=102350) subscribe /opt/stack/data/venv/lib/python3.12/site-packages/neutron_lib/callbacks/manager.py:52}}
Jul 07 01:29:44.601902 np0000184302 devstack@neutron-api.service[102350]: DEBUG neutron_lib.callbacks.manager [None req-46741eef-3f33-48f4-bded-650e121f59d7 None None] Subscribe: > router precommit_update 55550000, False {{(pid=102350) subscribe /opt/stack/data/venv/lib/python3.12/site-packages/neutron_lib/callbacks/manager.py:52}}
Jul 07 01:29:44.602102 np0000184302 devstack@neutron-api.service[102351]: DEBUG neutron.api.extensions [None req-365343c3-49c7-46d3-98e4-7dba547353ac None None] Ext name="Enforce Router's Admin State Down Before Update Extension" alias="router-admin-state-down-before-update" description="Ensure that the admin state of a router is DOWN (admin_state_up=False) before updating the distributed attribute" updated="2019-07-02T15:56:00" {{(pid=102351) _check_extension /opt/stack/neutron/neutron/api/extensions.py:415}}
Jul 07 01:29:44.602145 np0000184302 devstack@neutron-api.service[102350]: DEBUG neutron_lib.callbacks.manager [None req-46741eef-3f33-48f4-bded-650e121f59d7 None None] Subscribe: subnet after_update 55550000, False {{(pid=102350) subscribe /opt/stack/data/venv/lib/python3.12/site-packages/neutron_lib/callbacks/manager.py:52}}
Jul 07 01:29:44.602194 np0000184302 devstack@neutron-api.service[102351]: INFO neutron.api.extensions [None req-365343c3-49c7-46d3-98e4-7dba547353ac None None] Extension router-admin-state-down-before-update not supported by any of loaded plugins
Jul 07 01:29:44.602231 np0000184302 devstack@neutron-api.service[102351]: DEBUG neutron.api.extensions [None req-365343c3-49c7-46d3-98e4-7dba547353ac None None] Loading extension file: agent.py {{(pid=102351) _load_all_extensions_from_path /opt/stack/neutron/neutron/api/extensions.py:449}}
Jul 07 01:29:44.602356 np0000184302 devstack@neutron-api.service[102350]: DEBUG neutron.quota.resource_registry [None req-46741eef-3f33-48f4-bded-650e121f59d7 None None] Tracking information for resource: router configured {{(pid=102350) set_tracked_resource /opt/stack/neutron/neutron/quota/resource_registry.py:203}}
Jul 07 01:29:44.602450 np0000184302 devstack@neutron-api.service[102350]: DEBUG neutron.quota.resource_registry [None req-46741eef-3f33-48f4-bded-650e121f59d7 None None] Tracking information for resource: floatingip configured {{(pid=102350) set_tracked_resource /opt/stack/neutron/neutron/quota/resource_registry.py:203}}
Jul 07 01:29:44.602527 np0000184302 devstack@neutron-api.service[102351]: DEBUG neutron.api.extensions [None req-365343c3-49c7-46d3-98e4-7dba547353ac None None] Ext name="agent" alias="agent" description="The agent management extension." updated="2013-02-03T10:00:00-00:00" {{(pid=102351) _check_extension /opt/stack/neutron/neutron/api/extensions.py:415}}
Jul 07 01:29:44.602573 np0000184302 devstack@neutron-api.service[102350]: INFO neutron.services.ovn_l3.plugin [None req-46741eef-3f33-48f4-bded-650e121f59d7 None None] Starting OVNL3RouterPlugin
Jul 07 01:29:44.602705 np0000184302 devstack@neutron-api.service[102351]: INFO neutron.api.extensions [None req-365343c3-49c7-46d3-98e4-7dba547353ac None None] Loaded extension: agent
Jul 07 01:29:44.602750 np0000184302 devstack@neutron-api.service[102350]: DEBUG neutron_lib.callbacks.manager [None req-46741eef-3f33-48f4-bded-650e121f59d7 None None] Subscribe: > port_forwarding_plugin after_init 55550000, False {{(pid=102350) subscribe /opt/stack/data/venv/lib/python3.12/site-packages/neutron_lib/callbacks/manager.py:52}}
Jul 07 01:29:44.602792 np0000184302 devstack@neutron-api.service[102351]: DEBUG neutron.api.extensions [None req-365343c3-49c7-46d3-98e4-7dba547353ac None None] Loading extension file: agent_resources_synced.py {{(pid=102351) _load_all_extensions_from_path /opt/stack/neutron/neutron/api/extensions.py:449}}
Jul 07 01:29:44.602985 np0000184302 devstack@neutron-api.service[102350]: DEBUG neutron_lib.callbacks.manager [None req-46741eef-3f33-48f4-bded-650e121f59d7 None None] Subscribe: > router before_create 55550100, False {{(pid=102350) subscribe /opt/stack/data/venv/lib/python3.12/site-packages/neutron_lib/callbacks/manager.py:52}}
Jul 07 01:29:44.603027 np0000184302 devstack@neutron-api.service[102351]: DEBUG neutron.api.extensions [None req-365343c3-49c7-46d3-98e4-7dba547353ac None None] Ext name="Agent's Resource View Synced to Placement" alias="agent-resources-synced" description="Stores success/failure of last sync to Placement" updated="2018-12-19T00:00:00-00:00" {{(pid=102351) _check_extension /opt/stack/neutron/neutron/api/extensions.py:415}}
Jul 07 01:29:44.603088 np0000184302 devstack@neutron-api.service[102350]: DEBUG neutron_lib.callbacks.manager [None req-46741eef-3f33-48f4-bded-650e121f59d7 None None] Subscribe: > router precommit_delete 55550100, False {{(pid=102350) subscribe /opt/stack/data/venv/lib/python3.12/site-packages/neutron_lib/callbacks/manager.py:52}}
Jul 07 01:29:44.603195 np0000184302 devstack@neutron-api.service[102350]: DEBUG neutron_lib.callbacks.manager [None req-46741eef-3f33-48f4-bded-650e121f59d7 None None] Subscribe: > router precommit_create 55550100, False {{(pid=102350) subscribe /opt/stack/data/venv/lib/python3.12/site-packages/neutron_lib/callbacks/manager.py:52}}
Jul 07 01:29:44.603233 np0000184302 devstack@neutron-api.service[102351]: INFO neutron.api.extensions [None req-365343c3-49c7-46d3-98e4-7dba547353ac None None] Extension agent-resources-synced not supported by any of loaded plugins
Jul 07 01:29:44.603280 np0000184302 devstack@neutron-api.service[102351]: DEBUG neutron.api.extensions [None req-365343c3-49c7-46d3-98e4-7dba547353ac None None] Loading extension file: agent_sort_key.py {{(pid=102351) _load_all_extensions_from_path /opt/stack/neutron/neutron/api/extensions.py:449}}
Jul 07 01:29:44.603317 np0000184302 devstack@neutron-api.service[102350]: DEBUG neutron_lib.callbacks.manager [None req-46741eef-3f33-48f4-bded-650e121f59d7 None None] Subscribe: > router precommit_update 55550100, False {{(pid=102350) subscribe /opt/stack/data/venv/lib/python3.12/site-packages/neutron_lib/callbacks/manager.py:52}}
Jul 07 01:29:44.603511 np0000184302 devstack@neutron-api.service[102351]: DEBUG neutron.api.extensions [None req-365343c3-49c7-46d3-98e4-7dba547353ac None None] Ext name="Agents Sort Key" alias="agent_sort_key" description="Enabling the keyword sort_key for sorting in agents." updated="2013-02-03T10:00:00-00:00" {{(pid=102351) _check_extension /opt/stack/neutron/neutron/api/extensions.py:415}}
Jul 07 01:29:44.603682 np0000184302 devstack@neutron-api.service[102351]: INFO neutron.api.extensions [None req-365343c3-49c7-46d3-98e4-7dba547353ac None None] Extension agent_sort_key not supported by any of loaded plugins
Jul 07 01:29:44.603772 np0000184302 devstack@neutron-api.service[102351]: DEBUG neutron.api.extensions [None req-365343c3-49c7-46d3-98e4-7dba547353ac None None] Loading extension file: allowedaddresspairs.py {{(pid=102351) _load_all_extensions_from_path /opt/stack/neutron/neutron/api/extensions.py:449}}
Jul 07 01:29:44.604585 np0000184302 devstack@neutron-api.service[102351]: DEBUG neutron.api.extensions [None req-365343c3-49c7-46d3-98e4-7dba547353ac None None] Ext name="Allowed Address Pairs" alias="allowed-address-pairs" description="Provides allowed address pairs" updated="2013-07-23T10:00:00-00:00" {{(pid=102351) _check_extension /opt/stack/neutron/neutron/api/extensions.py:415}}
Jul 07 01:29:44.604773 np0000184302 devstack@neutron-api.service[102351]: INFO neutron.api.extensions [None req-365343c3-49c7-46d3-98e4-7dba547353ac None None] Loaded extension: allowed-address-pairs
Jul 07 01:29:44.604865 np0000184302 devstack@neutron-api.service[102351]: DEBUG neutron.api.extensions [None req-365343c3-49c7-46d3-98e4-7dba547353ac None None] Loading extension file: auto_allocated_topology.py {{(pid=102351) _load_all_extensions_from_path /opt/stack/neutron/neutron/api/extensions.py:449}}
Jul 07 01:29:44.605130 np0000184302 devstack@neutron-api.service[102351]: DEBUG neutron.api.extensions [None req-365343c3-49c7-46d3-98e4-7dba547353ac None None] Ext name="Auto Allocated Topology Services" alias="auto-allocated-topology" description="Auto Allocated Topology Services." updated="2016-01-01T00:00:00-00:00" {{(pid=102351) _check_extension /opt/stack/neutron/neutron/api/extensions.py:415}}
Jul 07 01:29:44.605307 np0000184302 devstack@neutron-api.service[102351]: INFO neutron.api.extensions [None req-365343c3-49c7-46d3-98e4-7dba547353ac None None] Loaded extension: auto-allocated-topology
Jul 07 01:29:44.605396 np0000184302 devstack@neutron-api.service[102351]: DEBUG neutron.api.extensions [None req-365343c3-49c7-46d3-98e4-7dba547353ac None None] Loading extension file: availability_zone.py {{(pid=102351) _load_all_extensions_from_path /opt/stack/neutron/neutron/api/extensions.py:449}}
Jul 07 01:29:44.605723 np0000184302 devstack@neutron-api.service[102351]: DEBUG neutron.api.extensions [None req-365343c3-49c7-46d3-98e4-7dba547353ac None None] Ext name="Availability Zone" alias="availability_zone" description="The availability zone extension." updated="2015-01-01T10:00:00-00:00" {{(pid=102351) _check_extension /opt/stack/neutron/neutron/api/extensions.py:415}}
Jul 07 01:29:44.606071 np0000184302 devstack@neutron-api.service[102351]: INFO neutron.api.extensions [None req-365343c3-49c7-46d3-98e4-7dba547353ac None None] Loaded extension: availability_zone
Jul 07 01:29:44.606169 np0000184302 devstack@neutron-api.service[102351]: DEBUG neutron.api.extensions [None req-365343c3-49c7-46d3-98e4-7dba547353ac None None] Loading extension file: availability_zone_filter.py {{(pid=102351) _load_all_extensions_from_path /opt/stack/neutron/neutron/api/extensions.py:449}}
Jul 07 01:29:44.606416 np0000184302 devstack@neutron-api.service[102351]: DEBUG neutron.api.extensions [None req-365343c3-49c7-46d3-98e4-7dba547353ac None None] Ext name="Availability Zone Filter Extension" alias="availability_zone_filter" description="Add filter parameters to AvailabilityZone resource" updated="2018-06-22T10:00:00-00:00" {{(pid=102351) _check_extension /opt/stack/neutron/neutron/api/extensions.py:415}}
Jul 07 01:29:44.606593 np0000184302 devstack@neutron-api.service[102351]: INFO neutron.api.extensions [None req-365343c3-49c7-46d3-98e4-7dba547353ac None None] Extension availability_zone_filter not supported by any of loaded plugins
Jul 07 01:29:44.606680 np0000184302 devstack@neutron-api.service[102351]: DEBUG neutron.api.extensions [None req-365343c3-49c7-46d3-98e4-7dba547353ac None None] Loading extension file: data_plane_status.py {{(pid=102351) _load_all_extensions_from_path /opt/stack/neutron/neutron/api/extensions.py:449}}
Jul 07 01:29:44.606791 np0000184302 devstack@neutron-api.service[102350]: DEBUG neutron.services.provider_configuration [None req-46741eef-3f33-48f4-bded-650e121f59d7 None None] Service providers = [] {{(pid=102350) parse_service_provider_opt /opt/stack/neutron/neutron/services/provider_configuration.py:170}}
Jul 07 01:29:44.606906 np0000184302 devstack@neutron-api.service[102350]: DEBUG neutron.db.servicetype_db [None req-46741eef-3f33-48f4-bded-650e121f59d7 None None] Adding provider configuration for service L3_ROUTER_NAT {{(pid=102350) add_provider_configuration /opt/stack/neutron/neutron/db/servicetype_db.py:45}}
Jul 07 01:29:44.606966 np0000184302 devstack@neutron-api.service[102351]: DEBUG neutron.api.extensions [None req-365343c3-49c7-46d3-98e4-7dba547353ac None None] Ext name="Port data plane status extension" alias="data-plane-status" description="Expose status of underlying data plane" updated="2017-01-24T10:00:00-00:00" {{(pid=102351) _check_extension /opt/stack/neutron/neutron/api/extensions.py:415}}
Jul 07 01:29:44.607101 np0000184302 devstack@neutron-api.service[102351]: INFO neutron.api.extensions [None req-365343c3-49c7-46d3-98e4-7dba547353ac None None] Extension data-plane-status not supported by any of loaded plugins
Jul 07 01:29:44.607192 np0000184302 devstack@neutron-api.service[102351]: DEBUG neutron.api.extensions [None req-365343c3-49c7-46d3-98e4-7dba547353ac None None] Loading extension file: default_subnetpools.py {{(pid=102351) _load_all_extensions_from_path /opt/stack/neutron/neutron/api/extensions.py:449}}
Jul 07 01:29:44.607428 np0000184302 devstack@neutron-api.service[102351]: DEBUG neutron.api.extensions [None req-365343c3-49c7-46d3-98e4-7dba547353ac None None] Ext name="Default Subnetpools" alias="default-subnetpools" description="Provides ability to mark and use a subnetpool as the default." updated="2016-02-18T18:00:00-00:00" {{(pid=102351) _check_extension /opt/stack/neutron/neutron/api/extensions.py:415}}
Jul 07 01:29:44.607598 np0000184302 devstack@neutron-api.service[102351]: INFO neutron.api.extensions [None req-365343c3-49c7-46d3-98e4-7dba547353ac None None] Loaded extension: default-subnetpools
Jul 07 01:29:44.607694 np0000184302 devstack@neutron-api.service[102351]: DEBUG neutron.api.extensions [None req-365343c3-49c7-46d3-98e4-7dba547353ac None None] Loading extension file: dhcpagentscheduler.py {{(pid=102351) _load_all_extensions_from_path /opt/stack/neutron/neutron/api/extensions.py:449}}
Jul 07 01:29:44.608095 np0000184302 devstack@neutron-api.service[102350]: DEBUG neutron_lib.callbacks.manager [None req-46741eef-3f33-48f4-bded-650e121f59d7 None None] Subscribe: > router precommit_create 55549900, False {{(pid=102350) subscribe /opt/stack/data/venv/lib/python3.12/site-packages/neutron_lib/callbacks/manager.py:52}}
Jul 07 01:29:44.608141 np0000184302 devstack@neutron-api.service[102351]: DEBUG neutron.api.extensions [None req-365343c3-49c7-46d3-98e4-7dba547353ac None None] Ext name="DHCP Agent Scheduler" alias="dhcp_agent_scheduler" description="Schedule networks among dhcp agents" updated="2013-02-07T10:00:00-00:00" {{(pid=102351) _check_extension /opt/stack/neutron/neutron/api/extensions.py:415}}
Jul 07 01:29:44.608218 np0000184302 devstack@neutron-api.service[102350]: DEBUG neutron_lib.callbacks.manager [None req-46741eef-3f33-48f4-bded-650e121f59d7 None None] Subscribe: > router_interface after_create 55550000, False {{(pid=102350) subscribe /opt/stack/data/venv/lib/python3.12/site-packages/neutron_lib/callbacks/manager.py:52}}
Jul 07 01:29:44.608273 np0000184302 devstack@neutron-api.service[102351]: INFO neutron.api.extensions [None req-365343c3-49c7-46d3-98e4-7dba547353ac None None] Loaded extension: dhcp_agent_scheduler
Jul 07 01:29:44.608356 np0000184302 devstack@neutron-api.service[102351]: DEBUG neutron.api.extensions [None req-365343c3-49c7-46d3-98e4-7dba547353ac None None] Loading extension file: dns.py {{(pid=102351) _load_all_extensions_from_path /opt/stack/neutron/neutron/api/extensions.py:449}}
Jul 07 01:29:44.608399 np0000184302 devstack@neutron-api.service[102350]: DEBUG neutron_lib.callbacks.manager [None req-46741eef-3f33-48f4-bded-650e121f59d7 None None] Subscribe: > floatingip after_create 55550000, False {{(pid=102350) subscribe /opt/stack/data/venv/lib/python3.12/site-packages/neutron_lib/callbacks/manager.py:52}}
Jul 07 01:29:44.608481 np0000184302 devstack@neutron-api.service[102350]: DEBUG neutron_lib.callbacks.manager [None req-46741eef-3f33-48f4-bded-650e121f59d7 None None] Subscribe: > floatingip precommit_create 55550000, False {{(pid=102350) subscribe /opt/stack/data/venv/lib/python3.12/site-packages/neutron_lib/callbacks/manager.py:52}}
Jul 07 01:29:44.608582 np0000184302 devstack@neutron-api.service[102350]: DEBUG neutron_lib.callbacks.manager [None req-46741eef-3f33-48f4-bded-650e121f59d7 None None] Subscribe: > floatingip precommit_update 55550000, False {{(pid=102350) subscribe /opt/stack/data/venv/lib/python3.12/site-packages/neutron_lib/callbacks/manager.py:52}}
Jul 07 01:29:44.608623 np0000184302 devstack@neutron-api.service[102351]: DEBUG neutron.api.extensions [None req-365343c3-49c7-46d3-98e4-7dba547353ac None None] Ext name="DNS Integration" alias="dns-integration" description="Provides integration with DNS." updated="2015-08-15T18:00:00-00:00" {{(pid=102351) _check_extension /opt/stack/neutron/neutron/api/extensions.py:415}}
Jul 07 01:29:44.608682 np0000184302 devstack@neutron-api.service[102350]: DEBUG neutron_lib.callbacks.manager [None req-46741eef-3f33-48f4-bded-650e121f59d7 None None] Subscribe: > floatingip after_delete 55550000, False {{(pid=102350) subscribe /opt/stack/data/venv/lib/python3.12/site-packages/neutron_lib/callbacks/manager.py:52}}
Jul 07 01:29:44.608766 np0000184302 devstack@neutron-api.service[102351]: INFO neutron.api.extensions [None req-365343c3-49c7-46d3-98e4-7dba547353ac None None] Loaded extension: dns-integration
Jul 07 01:29:44.608805 np0000184302 devstack@neutron-api.service[102350]: DEBUG neutron_lib.callbacks.manager [None req-46741eef-3f33-48f4-bded-650e121f59d7 None None] Subscribe: > floatingip after_status_update 55550000, False {{(pid=102350) subscribe /opt/stack/data/venv/lib/python3.12/site-packages/neutron_lib/callbacks/manager.py:52}}
Jul 07 01:29:44.608857 np0000184302 devstack@neutron-api.service[102351]: DEBUG neutron.api.extensions [None req-365343c3-49c7-46d3-98e4-7dba547353ac None None] Loading extension file: dns_domain_ports.py {{(pid=102351) _load_all_extensions_from_path /opt/stack/neutron/neutron/api/extensions.py:449}}
Jul 07 01:29:44.608896 np0000184302 devstack@neutron-api.service[102350]: DEBUG neutron_lib.callbacks.manager [None req-46741eef-3f33-48f4-bded-650e121f59d7 None None] Subscribe: > floatingip after_update 55550000, False {{(pid=102350) subscribe /opt/stack/data/venv/lib/python3.12/site-packages/neutron_lib/callbacks/manager.py:52}}
Jul 07 01:29:44.608987 np0000184302 devstack@neutron-api.service[102350]: DEBUG neutron_lib.callbacks.manager [None req-46741eef-3f33-48f4-bded-650e121f59d7 None None] Subscribe: > port_forwarding after_create 55550000, False {{(pid=102350) subscribe /opt/stack/data/venv/lib/python3.12/site-packages/neutron_lib/callbacks/manager.py:52}}
Jul 07 01:29:44.609091 np0000184302 devstack@neutron-api.service[102350]: DEBUG neutron_lib.callbacks.manager [None req-46741eef-3f33-48f4-bded-650e121f59d7 None None] Subscribe: > router_interface after_delete 55550000, False {{(pid=102350) subscribe /opt/stack/data/venv/lib/python3.12/site-packages/neutron_lib/callbacks/manager.py:52}}
Jul 07 01:29:44.609130 np0000184302 devstack@neutron-api.service[102351]: DEBUG neutron.api.extensions [None req-365343c3-49c7-46d3-98e4-7dba547353ac None None] Ext name="dns_domain for ports" alias="dns-domain-ports" description="Allows the DNS domain to be specified for a network port." updated="2017-04-24T10:00:00-00:00" {{(pid=102351) _check_extension /opt/stack/neutron/neutron/api/extensions.py:415}}
Jul 07 01:29:44.609204 np0000184302 devstack@neutron-api.service[102350]: DEBUG neutron_lib.callbacks.manager [None req-46741eef-3f33-48f4-bded-650e121f59d7 None None] Subscribe: > router after_create 55550000, False {{(pid=102350) subscribe /opt/stack/data/venv/lib/python3.12/site-packages/neutron_lib/callbacks/manager.py:52}}
Jul 07 01:29:44.609282 np0000184302 devstack@neutron-api.service[102351]: INFO neutron.api.extensions [None req-365343c3-49c7-46d3-98e4-7dba547353ac None None] Loaded extension: dns-domain-ports
Jul 07 01:29:44.609319 np0000184302 devstack@neutron-api.service[102350]: DEBUG neutron_lib.callbacks.manager [None req-46741eef-3f33-48f4-bded-650e121f59d7 None None] Subscribe: > router precommit_create 55550000, False {{(pid=102350) subscribe /opt/stack/data/venv/lib/python3.12/site-packages/neutron_lib/callbacks/manager.py:52}}
Jul 07 01:29:44.609366 np0000184302 devstack@neutron-api.service[102351]: DEBUG neutron.api.extensions [None req-365343c3-49c7-46d3-98e4-7dba547353ac None None] Loading extension file: dns_integration_domain_keywords.py {{(pid=102351) _load_all_extensions_from_path /opt/stack/neutron/neutron/api/extensions.py:449}}
Jul 07 01:29:44.609415 np0000184302 devstack@neutron-api.service[102350]: DEBUG neutron_lib.callbacks.manager [None req-46741eef-3f33-48f4-bded-650e121f59d7 None None] Subscribe: > router after_delete 55550000, False {{(pid=102350) subscribe /opt/stack/data/venv/lib/python3.12/site-packages/neutron_lib/callbacks/manager.py:52}}
Jul 07 01:29:44.609495 np0000184302 devstack@neutron-api.service[102350]: DEBUG neutron_lib.callbacks.manager [None req-46741eef-3f33-48f4-bded-650e121f59d7 None None] Subscribe: > router after_update 55550000, False {{(pid=102350) subscribe /opt/stack/data/venv/lib/python3.12/site-packages/neutron_lib/callbacks/manager.py:52}}
Jul 07 01:29:44.609605 np0000184302 devstack@neutron-api.service[102351]: DEBUG neutron.api.extensions [None req-365343c3-49c7-46d3-98e4-7dba547353ac None None] Ext name="DNS domain names with keywords allowed" alias="dns-integration-domain-keywords" description="Allows to use keywords like , , and as DNS domain name" updated="2020-06-15T18:00:00-00:00" {{(pid=102351) _check_extension /opt/stack/neutron/neutron/api/extensions.py:415}}
Jul 07 01:29:44.609701 np0000184302 devstack@neutron-api.service[102350]: DEBUG neutron.services.service_base [None req-46741eef-3f33-48f4-bded-650e121f59d7 None None] Loaded 'neutron.services.ovn_l3.service_providers.ovn.OvnDriver' provider for service L3_ROUTER_NAT {{(pid=102350) load_drivers /opt/stack/neutron/neutron/services/service_base.py:49}}
Jul 07 01:29:44.609796 np0000184302 devstack@neutron-api.service[102350]: DEBUG neutron_lib.callbacks.manager [None req-46741eef-3f33-48f4-bded-650e121f59d7 None None] Subscribe: > process after_init 55550001, True {{(pid=102350) subscribe /opt/stack/data/venv/lib/python3.12/site-packages/neutron_lib/callbacks/manager.py:52}}
Jul 07 01:29:44.609837 np0000184302 devstack@neutron-api.service[102351]: INFO neutron.api.extensions [None req-365343c3-49c7-46d3-98e4-7dba547353ac None None] Loaded extension: dns-integration-domain-keywords
Jul 07 01:29:44.609905 np0000184302 devstack@neutron-api.service[102351]: DEBUG neutron.api.extensions [None req-365343c3-49c7-46d3-98e4-7dba547353ac None None] Loading extension file: dvr.py {{(pid=102351) _load_all_extensions_from_path /opt/stack/neutron/neutron/api/extensions.py:449}}
Jul 07 01:29:44.609969 np0000184302 devstack@neutron-api.service[102350]: DEBUG neutron.manager [None req-46741eef-3f33-48f4-bded-650e121f59d7 None None] Successfully loaded L3_ROUTER_NAT plugin. Description: L3 Router Service Plugin for basic L3 forwarding using OVN {{(pid=102350) _create_and_add_service_plugin /opt/stack/neutron/neutron/manager.py:236}}
Jul 07 01:29:44.610018 np0000184302 devstack@neutron-api.service[102350]: INFO neutron.manager [None req-46741eef-3f33-48f4-bded-650e121f59d7 None None] Loading Plugin: auto_allocate
Jul 07 01:29:44.610282 np0000184302 devstack@neutron-api.service[102351]: DEBUG neutron.api.extensions [None req-365343c3-49c7-46d3-98e4-7dba547353ac None None] Ext name="Distributed Virtual Router" alias="dvr" description="Enables configuration of Distributed Virtual Routers." updated="2014-06-1T10:00:00-00:00" {{(pid=102351) _check_extension /opt/stack/neutron/neutron/api/extensions.py:415}}
Jul 07 01:29:44.610458 np0000184302 devstack@neutron-api.service[102351]: INFO neutron.api.extensions [None req-365343c3-49c7-46d3-98e4-7dba547353ac None None] Extension dvr not supported by any of loaded plugins
Jul 07 01:29:44.610550 np0000184302 devstack@neutron-api.service[102351]: DEBUG neutron.api.extensions [None req-365343c3-49c7-46d3-98e4-7dba547353ac None None] Loading extension file: ecmp_routes.py {{(pid=102351) _load_all_extensions_from_path /opt/stack/neutron/neutron/api/extensions.py:449}}
Jul 07 01:29:44.610793 np0000184302 devstack@neutron-api.service[102351]: DEBUG neutron.api.extensions [None req-365343c3-49c7-46d3-98e4-7dba547353ac None None] Ext name="Equal Cost Multipath Routing" alias="ecmp_routes" description="Allows traffic to reach thesame destination via multiple different links " updated="2020-11-26T18:00:00-00:00" {{(pid=102351) _check_extension /opt/stack/neutron/neutron/api/extensions.py:415}}
Jul 07 01:29:44.610906 np0000184302 devstack@neutron-api.service[102350]: DEBUG neutron_lib.callbacks.manager [None req-46741eef-3f33-48f4-bded-650e121f59d7 None None] Subscribe: network precommit_update 55550000, False {{(pid=102350) subscribe /opt/stack/data/venv/lib/python3.12/site-packages/neutron_lib/callbacks/manager.py:52}}
Jul 07 01:29:44.610981 np0000184302 devstack@neutron-api.service[102351]: INFO neutron.api.extensions [None req-365343c3-49c7-46d3-98e4-7dba547353ac None None] Extension ecmp_routes not supported by any of loaded plugins
Jul 07 01:29:44.611052 np0000184302 devstack@neutron-api.service[102350]: DEBUG neutron_lib.callbacks.manager [None req-46741eef-3f33-48f4-bded-650e121f59d7 None None] Subscribe: network precommit_create 55550000, False {{(pid=102350) subscribe /opt/stack/data/venv/lib/python3.12/site-packages/neutron_lib/callbacks/manager.py:52}}
Jul 07 01:29:44.611108 np0000184302 devstack@neutron-api.service[102351]: DEBUG neutron.api.extensions [None req-365343c3-49c7-46d3-98e4-7dba547353ac None None] Loading extension file: empty_string_filtering.py {{(pid=102351) _load_all_extensions_from_path /opt/stack/neutron/neutron/api/extensions.py:449}}
Jul 07 01:29:44.611258 np0000184302 devstack@neutron-api.service[102350]: DEBUG neutron.manager [None req-46741eef-3f33-48f4-bded-650e121f59d7 None None] Successfully loaded auto-allocated-topology plugin. Description: Auto Allocated Topology - aka get me a network. {{(pid=102350) _create_and_add_service_plugin /opt/stack/neutron/neutron/manager.py:236}}
Jul 07 01:29:44.611314 np0000184302 devstack@neutron-api.service[102351]: DEBUG neutron.api.extensions [None req-365343c3-49c7-46d3-98e4-7dba547353ac None None] Ext name="Empty String Filtering Extension" alias="empty-string-filtering" description="Allow filtering by attributes with empty string value" updated="2018-05-01T10:00:00-00:00" {{(pid=102351) _check_extension /opt/stack/neutron/neutron/api/extensions.py:415}}
Jul 07 01:29:44.611366 np0000184302 devstack@neutron-api.service[102350]: INFO neutron.manager [None req-46741eef-3f33-48f4-bded-650e121f59d7 None None] Loading Plugin: tag
Jul 07 01:29:44.611467 np0000184302 devstack@neutron-api.service[102351]: INFO neutron.api.extensions [None req-365343c3-49c7-46d3-98e4-7dba547353ac None None] Loaded extension: empty-string-filtering
Jul 07 01:29:44.611559 np0000184302 devstack@neutron-api.service[102351]: DEBUG neutron.api.extensions [None req-365343c3-49c7-46d3-98e4-7dba547353ac None None] Loading extension file: evpn.py {{(pid=102351) _load_all_extensions_from_path /opt/stack/neutron/neutron/api/extensions.py:449}}
Jul 07 01:29:44.611784 np0000184302 devstack@neutron-api.service[102351]: DEBUG neutron.api.extensions [None req-365343c3-49c7-46d3-98e4-7dba547353ac None None] Ext name="EVPN" alias="evpn" description="Router extension to support EVPN Type-5 route advertisement" updated="2026-04-28T00:00:00-00:00" {{(pid=102351) _check_extension /opt/stack/neutron/neutron/api/extensions.py:415}}
Jul 07 01:29:44.611961 np0000184302 devstack@neutron-api.service[102351]: INFO neutron.api.extensions [None req-365343c3-49c7-46d3-98e4-7dba547353ac None None] Extension evpn not supported by any of loaded plugins
Jul 07 01:29:44.612066 np0000184302 devstack@neutron-api.service[102351]: DEBUG neutron.api.extensions [None req-365343c3-49c7-46d3-98e4-7dba547353ac None None] Loading extension file: expose_l3_conntrack_helper.py {{(pid=102351) _load_all_extensions_from_path /opt/stack/neutron/neutron/api/extensions.py:449}}
Jul 07 01:29:44.612297 np0000184302 devstack@neutron-api.service[102351]: DEBUG neutron.api.extensions [None req-365343c3-49c7-46d3-98e4-7dba547353ac None None] Ext name="Expose CT target rules for conntrack helper" alias="expose-l3-conntrack-helper" description="Expose allow adding CT target rules for conntrack helper" updated="2019-04-04T10:00:00-00:00" {{(pid=102351) _check_extension /opt/stack/neutron/neutron/api/extensions.py:415}}
Jul 07 01:29:44.612467 np0000184302 devstack@neutron-api.service[102351]: INFO neutron.api.extensions [None req-365343c3-49c7-46d3-98e4-7dba547353ac None None] Extension expose-l3-conntrack-helper not supported by any of loaded plugins
Jul 07 01:29:44.612557 np0000184302 devstack@neutron-api.service[102351]: DEBUG neutron.api.extensions [None req-365343c3-49c7-46d3-98e4-7dba547353ac None None] Loading extension file: expose_port_forwarding_in_fip.py {{(pid=102351) _load_all_extensions_from_path /opt/stack/neutron/neutron/api/extensions.py:449}}
Jul 07 01:29:44.612788 np0000184302 devstack@neutron-api.service[102351]: DEBUG neutron.api.extensions [None req-365343c3-49c7-46d3-98e4-7dba547353ac None None] Ext name="Expose Floating IP port forwardings" alias="expose-port-forwarding-in-fip" description="Expose port forwarding fields in floating IP response" updated="2018-06-28T16:00:00-00:00" {{(pid=102351) _check_extension /opt/stack/neutron/neutron/api/extensions.py:415}}
Jul 07 01:29:44.612961 np0000184302 devstack@neutron-api.service[102351]: INFO neutron.api.extensions [None req-365343c3-49c7-46d3-98e4-7dba547353ac None None] Extension expose-port-forwarding-in-fip not supported by any of loaded plugins
Jul 07 01:29:44.613065 np0000184302 devstack@neutron-api.service[102351]: DEBUG neutron.api.extensions [None req-365343c3-49c7-46d3-98e4-7dba547353ac None None] Loading extension file: external_net.py {{(pid=102351) _load_all_extensions_from_path /opt/stack/neutron/neutron/api/extensions.py:449}}
Jul 07 01:29:44.613293 np0000184302 devstack@neutron-api.service[102351]: DEBUG neutron.api.extensions [None req-365343c3-49c7-46d3-98e4-7dba547353ac None None] Ext name="Neutron external network" alias="external-net" description="Adds external network attribute to network resource." updated="2013-01-14T10:00:00-00:00" {{(pid=102351) _check_extension /opt/stack/neutron/neutron/api/extensions.py:415}}
Jul 07 01:29:44.613464 np0000184302 devstack@neutron-api.service[102351]: INFO neutron.api.extensions [None req-365343c3-49c7-46d3-98e4-7dba547353ac None None] Loaded extension: external-net
Jul 07 01:29:44.613555 np0000184302 devstack@neutron-api.service[102351]: DEBUG neutron.api.extensions [None req-365343c3-49c7-46d3-98e4-7dba547353ac None None] Loading extension file: extra_dhcp_opt.py {{(pid=102351) _load_all_extensions_from_path /opt/stack/neutron/neutron/api/extensions.py:449}}
Jul 07 01:29:44.613855 np0000184302 devstack@neutron-api.service[102351]: DEBUG neutron.api.extensions [None req-365343c3-49c7-46d3-98e4-7dba547353ac None None] Ext name="Neutron Extra DHCP options" alias="extra_dhcp_opt" description="Extra options configuration for DHCP. For example PXE boot options to DHCP clients can be specified (e.g. tftp-server, server-ip-address, bootfile-name)" updated="2013-03-17T12:00:00-00:00" {{(pid=102351) _check_extension /opt/stack/neutron/neutron/api/extensions.py:415}}
Jul 07 01:29:44.614047 np0000184302 devstack@neutron-api.service[102351]: INFO neutron.api.extensions [None req-365343c3-49c7-46d3-98e4-7dba547353ac None None] Loaded extension: extra_dhcp_opt
Jul 07 01:29:44.614122 np0000184302 devstack@neutron-api.service[102351]: DEBUG neutron.api.extensions [None req-365343c3-49c7-46d3-98e4-7dba547353ac None None] Loading extension file: extraroute.py {{(pid=102351) _load_all_extensions_from_path /opt/stack/neutron/neutron/api/extensions.py:449}}
Jul 07 01:29:44.614216 np0000184302 devstack@neutron-api.service[102350]: DEBUG neutron.manager [None req-46741eef-3f33-48f4-bded-650e121f59d7 None None] Successfully loaded TAG plugin. Description: Tag support {{(pid=102350) _create_and_add_service_plugin /opt/stack/neutron/neutron/manager.py:236}}
Jul 07 01:29:44.614310 np0000184302 devstack@neutron-api.service[102350]: INFO neutron.manager [None req-46741eef-3f33-48f4-bded-650e121f59d7 None None] Loading Plugin: timestamp
Jul 07 01:29:44.614377 np0000184302 devstack@neutron-api.service[102351]: DEBUG neutron.api.extensions [None req-365343c3-49c7-46d3-98e4-7dba547353ac None None] Ext name="Neutron Extra Route" alias="extraroute" description="Extra routes configuration for L3 router" updated="2013-02-01T10:00:00-00:00" {{(pid=102351) _check_extension /opt/stack/neutron/neutron/api/extensions.py:415}}
Jul 07 01:29:44.614547 np0000184302 devstack@neutron-api.service[102351]: INFO neutron.api.extensions [None req-365343c3-49c7-46d3-98e4-7dba547353ac None None] Loaded extension: extraroute
Jul 07 01:29:44.614628 np0000184302 devstack@neutron-api.service[102351]: DEBUG neutron.api.extensions [None req-365343c3-49c7-46d3-98e4-7dba547353ac None None] Loading extension file: extraroute_atomic.py {{(pid=102351) _load_all_extensions_from_path /opt/stack/neutron/neutron/api/extensions.py:449}}
Jul 07 01:29:44.614886 np0000184302 devstack@neutron-api.service[102351]: DEBUG neutron.api.extensions [None req-365343c3-49c7-46d3-98e4-7dba547353ac None None] Ext name="Atomically add/remove extra routes" alias="extraroute-atomic" description="Edit extra routes of a router on server side by atomically adding/removing extra routes" updated="2019-07-10T00:00:00+00:00" {{(pid=102351) _check_extension /opt/stack/neutron/neutron/api/extensions.py:415}}
Jul 07 01:29:44.615141 np0000184302 devstack@neutron-api.service[102351]: INFO neutron.api.extensions [None req-365343c3-49c7-46d3-98e4-7dba547353ac None None] Loaded extension: extraroute-atomic
Jul 07 01:29:44.615259 np0000184302 devstack@neutron-api.service[102351]: DEBUG neutron.api.extensions [None req-365343c3-49c7-46d3-98e4-7dba547353ac None None] Loading extension file: filter_validation.py {{(pid=102351) _load_all_extensions_from_path /opt/stack/neutron/neutron/api/extensions.py:449}}
Jul 07 01:29:44.615579 np0000184302 devstack@neutron-api.service[102351]: DEBUG neutron.api.extensions [None req-365343c3-49c7-46d3-98e4-7dba547353ac None None] Ext name="Filter parameters validation" alias="filter-validation" description="Provides validation on filter parameters." updated="2018-07-04T10:00:00-00:00" {{(pid=102351) _check_extension /opt/stack/neutron/neutron/api/extensions.py:415}}
Jul 07 01:29:44.615637 np0000184302 devstack@neutron-api.service[102350]: DEBUG neutron.manager [None req-46741eef-3f33-48f4-bded-650e121f59d7 None None] Successfully loaded timestamp plugin. Description: Adds timestamps to Neutron resources with standard attributes {{(pid=102350) _create_and_add_service_plugin /opt/stack/neutron/neutron/manager.py:236}}
Jul 07 01:29:44.615709 np0000184302 devstack@neutron-api.service[102350]: INFO neutron.manager [None req-46741eef-3f33-48f4-bded-650e121f59d7 None None] Loading Plugin: network_ip_availability
Jul 07 01:29:44.615768 np0000184302 devstack@neutron-api.service[102351]: INFO neutron.api.extensions [None req-365343c3-49c7-46d3-98e4-7dba547353ac None None] Loaded extension: filter-validation
Jul 07 01:29:44.615890 np0000184302 devstack@neutron-api.service[102351]: DEBUG neutron.api.extensions [None req-365343c3-49c7-46d3-98e4-7dba547353ac None None] Loading extension file: fip_pf_description.py {{(pid=102351) _load_all_extensions_from_path /opt/stack/neutron/neutron/api/extensions.py:449}}
Jul 07 01:29:44.616145 np0000184302 devstack@neutron-api.service[102351]: DEBUG neutron.api.extensions [None req-365343c3-49c7-46d3-98e4-7dba547353ac None None] Ext name="Floating IP Port Forwarding new attribute description" alias="floating-ip-port-forwarding-description" description="Add a description field to Port Forwarding rules" updated="2019-11-01T10:00:00-00:00" {{(pid=102351) _check_extension /opt/stack/neutron/neutron/api/extensions.py:415}}
Jul 07 01:29:44.616321 np0000184302 devstack@neutron-api.service[102351]: INFO neutron.api.extensions [None req-365343c3-49c7-46d3-98e4-7dba547353ac None None] Extension floating-ip-port-forwarding-description not supported by any of loaded plugins
Jul 07 01:29:44.616398 np0000184302 devstack@neutron-api.service[102351]: DEBUG neutron.api.extensions [None req-365343c3-49c7-46d3-98e4-7dba547353ac None None] Loading extension file: fip_pf_detail.py {{(pid=102351) _load_all_extensions_from_path /opt/stack/neutron/neutron/api/extensions.py:449}}
Jul 07 01:29:44.616637 np0000184302 devstack@neutron-api.service[102351]: DEBUG neutron.api.extensions [None req-365343c3-49c7-46d3-98e4-7dba547353ac None None] Ext name="Floating IP port forwarding detail" alias="floating-ip-port-forwarding-detail" description="Allow list floating ip return more port forwarding data, include'id' and 'internal_port_id'" updated="2022-05-06T10:00:00-00:00" {{(pid=102351) _check_extension /opt/stack/neutron/neutron/api/extensions.py:415}}
Jul 07 01:29:44.616801 np0000184302 devstack@neutron-api.service[102351]: INFO neutron.api.extensions [None req-365343c3-49c7-46d3-98e4-7dba547353ac None None] Loaded extension: floating-ip-port-forwarding-detail
Jul 07 01:29:44.616875 np0000184302 devstack@neutron-api.service[102351]: DEBUG neutron.api.extensions [None req-365343c3-49c7-46d3-98e4-7dba547353ac None None] Loading extension file: fip_pf_port_range.py {{(pid=102351) _load_all_extensions_from_path /opt/stack/neutron/neutron/api/extensions.py:449}}
Jul 07 01:29:44.617141 np0000184302 devstack@neutron-api.service[102351]: DEBUG neutron.api.extensions [None req-365343c3-49c7-46d3-98e4-7dba547353ac None None] Ext name="Floating IP Port Forwarding support port ranges" alias="floating-ip-port-forwarding-port-ranges" description="Add support to port ranges" updated="2020-07-01T10:00:00-00:00" {{(pid=102351) _check_extension /opt/stack/neutron/neutron/api/extensions.py:415}}
Jul 07 01:29:44.617385 np0000184302 devstack@neutron-api.service[102351]: INFO neutron.api.extensions [None req-365343c3-49c7-46d3-98e4-7dba547353ac None None] Extension floating-ip-port-forwarding-port-ranges not supported by any of loaded plugins
Jul 07 01:29:44.617534 np0000184302 devstack@neutron-api.service[102351]: DEBUG neutron.api.extensions [None req-365343c3-49c7-46d3-98e4-7dba547353ac None None] Loading extension file: fip_port_details.py {{(pid=102351) _load_all_extensions_from_path /opt/stack/neutron/neutron/api/extensions.py:449}}
Jul 07 01:29:44.617775 np0000184302 devstack@neutron-api.service[102351]: DEBUG neutron.api.extensions [None req-365343c3-49c7-46d3-98e4-7dba547353ac None None] Ext name="Floating IP Port Details Extension" alias="fip-port-details" description="Add port_details attribute to Floating IP resource" updated="2018-04-09T10:00:00-00:00" {{(pid=102351) _check_extension /opt/stack/neutron/neutron/api/extensions.py:415}}
Jul 07 01:29:44.617839 np0000184302 devstack@neutron-api.service[102350]: DEBUG neutron.manager [None req-46741eef-3f33-48f4-bded-650e121f59d7 None None] Successfully loaded network-ip-availability plugin. Description: Provides IP availability data for each network and subnet. {{(pid=102350) _create_and_add_service_plugin /opt/stack/neutron/neutron/manager.py:236}}
