Jul 07 01:33:19.993900 np0000184302 devstack@neutron-api.service[102351]: DEBUG neutron.plugins.ml2.drivers.ovn.mech_driver.ovsdb.ovsdb_monitor [None req-0b81ef1a-471d-4de8-a552-fc0d1125df1b None None] Hash Ring: Node f4582cd81ee15500a02f1c4387d459d6 (host: np0000184302) handling event "create" for row 32b7d3a2-e77d-496a-bd26-16fa6447d1ca (table: Logical_Switch_Port) {{(pid=102351) notify /opt/stack/neutron/neutron/plugins/ml2/drivers/ovn/mech_driver/ovsdb/ovsdb_monitor.py:1015}}
Jul 07 01:33:19.995036 np0000184302 devstack@neutron-api.service[102351]: DEBUG ovsdbapp.backend.ovs_idl.event [None req-0b81ef1a-471d-4de8-a552-fc0d1125df1b None None] Matched CREATE: LogicalSwitchPortCreateEvent(events=('create',), table='Logical_Switch_Port', conditions=[], old_conditions=None), priority=20 to row=Logical_Switch_Port(uuid=32b7d3a2-e77d-496a-bd26-16fa6447d1ca, addresses=['fa:16:3e:58:09:5f 10.2.5.239', 'unknown'], dhcpv4_options=027feaf8-2c81-4770-9171-d133b21ed6ab, dhcpv6_options=[], dynamic_addresses=[], enabled=True, external_ids={'neutron:cidrs': '10.2.5.239/24', 'neutron:device_id': 'manila-admin-share', 'neutron:device_owner': 'manila:share', 'neutron:mtu': '', 'neutron:network_name': 'neutron-5c7cbd94-af5a-498a-9ac0-a96aa1094253', 'neutron:port_capabilities': '', 'neutron:port_name': '', 'neutron:project_id': '23807960be5e43aaabe583f8e3372fc4', 'neutron:revision_number': '1', 'neutron:security_group_ids': '', 'neutron:subnet_pool_addr_scope4': '', 'neutron:subnet_pool_addr_scope6': '', 'neutron:vnic_type': 'normal'}, ha_chassis_group=[], mirror_rules=[], name='4ffb734e-dc15-4107-90c2-5b8816d711ee', options={'requested-chassis': 'np0000184302'}, parent_name=[], port_security=[], tag=[], tag_request=[], type='', up=[]) old= {{(pid=102351) matches /opt/stack/data/venv/lib/python3.12/site-packages/ovsdbapp/backend/ovs_idl/event.py:55}}
Jul 07 01:33:19.995817 np0000184302 devstack@neutron-api.service[102350]: DEBUG neutron.plugins.ml2.drivers.ovn.mech_driver.ovsdb.ovsdb_monitor [None req-2d1ca066-eedc-4915-8d60-e5b9510363a3 None None] Hash Ring: Node 9f153e77ec2854bfb7ccafff8c81624c (host: np0000184302) handling event "create" for row 3a98b9a4-6e6f-4ec5-aae9-63dfd326d11d (table: Port_Binding) {{(pid=102350) notify /opt/stack/neutron/neutron/plugins/ml2/drivers/ovn/mech_driver/ovsdb/ovsdb_monitor.py:1015}}
Jul 07 01:33:19.996027 np0000184302 devstack@neutron-api.service[102351]: INFO neutron.plugins.ml2.drivers.ovn.mech_driver.mech_driver [None req-96f3292b-072d-471d-8ae0-cdfe7331f32b None None] OVN reports status down for port: 4ffb734e-dc15-4107-90c2-5b8816d711ee
Jul 07 01:33:19.998620 np0000184302 devstack@neutron-api.service[102351]: DEBUG neutron.plugins.ml2.drivers.ovn.mech_driver.ovsdb.ovsdb_monitor [None req-0b81ef1a-471d-4de8-a552-fc0d1125df1b None None] Touching Hash Ring node "f4582cd81ee15500a02f1c4387d459d6" from IDL notify handler {{(pid=102351) notify /opt/stack/neutron/neutron/plugins/ml2/drivers/ovn/mech_driver/ovsdb/ovsdb_monitor.py:1007}}
Jul 07 01:33:20.001033 np0000184302 devstack@neutron-api.service[102351]: DEBUG neutron.plugins.ml2.drivers.ovn.mech_driver.ovsdb.ovsdb_monitor [None req-0b81ef1a-471d-4de8-a552-fc0d1125df1b None None] Hash Ring: Node f4582cd81ee15500a02f1c4387d459d6 (host: np0000184302) handling event "update" for row 32b7d3a2-e77d-496a-bd26-16fa6447d1ca (table: Logical_Switch_Port) {{(pid=102351) notify /opt/stack/neutron/neutron/plugins/ml2/drivers/ovn/mech_driver/ovsdb/ovsdb_monitor.py:1015}}
Jul 07 01:33:20.062345 np0000184302 devstack@neutron-api.service[102351]: DEBUG neutron.db.provisioning_blocks [None req-96f3292b-072d-471d-8ae0-cdfe7331f32b None None] Ignored duplicate provisioning block setup for port 4ffb734e-dc15-4107-90c2-5b8816d711ee by entity L2. {{(pid=102351) add_provisioning_component /opt/stack/neutron/neutron/db/provisioning_blocks.py:69}}
Jul 07 01:33:20.064553 np0000184302 devstack@neutron-api.service[102351]: INFO neutron.db.ovn_revision_numbers_db [None req-a2a6cd8e-ba89-48f4-88a7-0b64d612a5a4 service neutron] Successfully bumped revision number for resource 4ffb734e-dc15-4107-90c2-5b8816d711ee (type: ports) to 1
Jul 07 01:33:20.109094 np0000184302 devstack@neutron-api.service[102351]: DEBUG neutron.plugins.ml2.managers [None req-a2a6cd8e-ba89-48f4-88a7-0b64d612a5a4 service neutron] Attempting to bind port 4ffb734e-dc15-4107-90c2-5b8816d711ee on host np0000184302 for vnic_type normal with profile {{(pid=102351) bind_port /opt/stack/neutron/neutron/plugins/ml2/managers.py:865}}
Jul 07 01:33:20.109278 np0000184302 devstack@neutron-api.service[102351]: DEBUG neutron.plugins.ml2.managers [None req-a2a6cd8e-ba89-48f4-88a7-0b64d612a5a4 service neutron] Attempting to bind port 4ffb734e-dc15-4107-90c2-5b8816d711ee by drivers ovn on host np0000184302 at level 0 using segments [{'id': '6cd704b0-f81b-4cd9-937e-f94ae75299c5', 'network_type': 'geneve', 'physical_network': None, 'segmentation_id': 58055, 'network_id': '5c7cbd94-af5a-498a-9ac0-a96aa1094253'}] {{(pid=102351) _bind_port_level /opt/stack/neutron/neutron/plugins/ml2/managers.py:890}}
Jul 07 01:33:20.110851 np0000184302 devstack@neutron-api.service[102351]: DEBUG neutron.plugins.ml2.drivers.ovn.mech_driver.mech_driver [None req-a2a6cd8e-ba89-48f4-88a7-0b64d612a5a4 service neutron] Attempting to bind port 4ffb734e-dc15-4107-90c2-5b8816d711ee on host np0000184302 for network segment with type geneve, segmentation ID 58055, physical network None {{(pid=102351) bind_port /opt/stack/neutron/neutron/plugins/ml2/drivers/ovn/mech_driver/mech_driver.py:1209}}
Jul 07 01:33:20.112983 np0000184302 devstack@neutron-api.service[102351]: DEBUG neutron.plugins.ml2.managers [None req-a2a6cd8e-ba89-48f4-88a7-0b64d612a5a4 service neutron] Bound port: 4ffb734e-dc15-4107-90c2-5b8816d711ee, host: np0000184302, vif_type: ovs, vif_details: {"port_filter": true, "connectivity": "l2", "ovs_create_tap": true, "bridge_name": "br-int", "datapath_type": "system"}, binding_levels: [{'bound_driver': 'ovn', 'bound_segment': {'id': '6cd704b0-f81b-4cd9-937e-f94ae75299c5', 'network_type': 'geneve', 'physical_network': None, 'segmentation_id': 58055, 'network_id': '5c7cbd94-af5a-498a-9ac0-a96aa1094253'}}] {{(pid=102351) _bind_port_level /opt/stack/neutron/neutron/plugins/ml2/managers.py:1001}}
Jul 07 01:33:20.112983 np0000184302 devstack@neutron-api.service[102351]: DEBUG neutron_lib.callbacks.manager [None req-a2a6cd8e-ba89-48f4-88a7-0b64d612a5a4 service neutron] Publish callbacks ['neutron.plugins.ml2.plugin.SecurityGroupDbMixin._ensure_default_security_group_handler-15913269', 'neutron.services.ovn_l3.plugin.OVNL3RouterPlugin._port_update-7715663993456', 'neutron.db.l3_db.L3_NAT_dbonly_mixin._prevent_internal_ip_change_for_fip-7715665038530'] for port (4ffb734e-dc15-4107-90c2-5b8816d711ee), before_update {{(pid=102351) _notify_loop /opt/stack/data/venv/lib/python3.12/site-packages/neutron_lib/callbacks/manager.py:184}}
Jul 07 01:33:20.120844 np0000184302 devstack@neutron-api.service[102351]: DEBUG neutron.plugins.ml2.plugin [None req-96f3292b-072d-471d-8ae0-cdfe7331f32b None None] Current status of the port 4ffb734e-dc15-4107-90c2-5b8816d711ee is: DOWN; New status is: DOWN {{(pid=102351) _update_individual_port_db_status /opt/stack/neutron/neutron/plugins/ml2/plugin.py:2473}}
Jul 07 01:33:20.123628 np0000184302 devstack@neutron-api.service[102351]: DEBUG ovsdbapp.backend.ovs_idl.transaction [None req-0b81ef1a-471d-4de8-a552-fc0d1125df1b None None] Running txn n=1 command(idx=0): DbRemoveCommand(_result=None, table=Logical_Switch_Port, record=4ffb734e-dc15-4107-90c2-5b8816d711ee, column=external_ids, values=('neutron:host_id',), keyvalues={}, if_exists=True) {{(pid=102351) do_commit /opt/stack/data/venv/lib/python3.12/site-packages/ovsdbapp/backend/ovs_idl/transaction.py:89}}
Jul 07 01:33:20.161817 np0000184302 devstack@neutron-api.service[102351]: DEBUG neutron.plugins.ml2.db [None req-a2a6cd8e-ba89-48f4-88a7-0b64d612a5a4 service neutron] For port 4ffb734e-dc15-4107-90c2-5b8816d711ee, host np0000184302, cleared binding levels {{(pid=102351) clear_binding_levels /opt/stack/neutron/neutron/plugins/ml2/db.py:87}}
Jul 07 01:33:20.163480 np0000184302 devstack@neutron-api.service[102351]: DEBUG neutron.plugins.ml2.db [None req-a2a6cd8e-ba89-48f4-88a7-0b64d612a5a4 service neutron] For port 4ffb734e-dc15-4107-90c2-5b8816d711ee, host np0000184302, set binding levels [PortBindingLevel(driver='ovn',host='np0000184302',level=0,port_id=4ffb734e-dc15-4107-90c2-5b8816d711ee,segment=NetworkSegment(6cd704b0-f81b-4cd9-937e-f94ae75299c5),segment_id=6cd704b0-f81b-4cd9-937e-f94ae75299c5)] {{(pid=102351) set_binding_levels /opt/stack/neutron/neutron/plugins/ml2/db.py:59}}
Jul 07 01:33:20.164815 np0000184302 devstack@neutron-api.service[102351]: DEBUG neutron.plugins.ml2.drivers.ovn.mech_driver.mech_driver [None req-a2a6cd8e-ba89-48f4-88a7-0b64d612a5a4 service neutron] No provisioning block for port 4ffb734e-dc15-4107-90c2-5b8816d711ee since host unchanged {{(pid=102351) _is_port_provisioning_required /opt/stack/neutron/neutron/plugins/ml2/drivers/ovn/mech_driver/mech_driver.py:904}}
Jul 07 01:33:20.179330 np0000184302 devstack@neutron-api.service[102351]: DEBUG neutron_lib.callbacks.manager [None req-a2a6cd8e-ba89-48f4-88a7-0b64d612a5a4 service neutron] Publish callbacks ['neutron.plugins.ml2.ovo_rpc._ObjectChangeHandler.handle_event-1202519', 'neutron.services.ovn_l3.plugin.OVNL3RouterPlugin._port_update-7715663993456'] for port (4ffb734e-dc15-4107-90c2-5b8816d711ee), after_update {{(pid=102351) _notify_loop /opt/stack/data/venv/lib/python3.12/site-packages/neutron_lib/callbacks/manager.py:184}}
Jul 07 01:33:20.209655 np0000184302 devstack@neutron-api.service[102351]: DEBUG neutron.api.rpc.handlers.resources_rpc [None req-a2a6cd8e-ba89-48f4-88a7-0b64d612a5a4 service neutron] Pushing event updated for resources: {'Port': ['ID=4ffb734e-dc15-4107-90c2-5b8816d711ee,revision_number=3']} {{(pid=102351) push /opt/stack/neutron/neutron/api/rpc/handlers/resources_rpc.py:237}}
Jul 07 01:33:20.236654 np0000184302 devstack@neutron-api.service[102351]: DEBUG neutron.plugins.ml2.drivers.ovn.mech_driver.ovsdb.commands [None req-a2a6cd8e-ba89-48f4-88a7-0b64d612a5a4 service neutron] Converting tag [] to a tag_request {{(pid=102351) _tag_column_to_tag_request /opt/stack/neutron/neutron/plugins/ml2/drivers/ovn/mech_driver/ovsdb/commands.py:205}}
Jul 07 01:33:20.237718 np0000184302 devstack@neutron-api.service[102351]: DEBUG ovsdbapp.backend.ovs_idl.transaction [None req-0b81ef1a-471d-4de8-a552-fc0d1125df1b None None] Running txn n=1 command(idx=0): CheckRevisionNumberCommand(_result=None, name=4ffb734e-dc15-4107-90c2-5b8816d711ee, resource={'id': '4ffb734e-dc15-4107-90c2-5b8816d711ee', 'name': '', 'network_id': '5c7cbd94-af5a-498a-9ac0-a96aa1094253', 'project_id': '23807960be5e43aaabe583f8e3372fc4', 'mac_address': 'fa:16:3e:58:09:5f', 'admin_state_up': True, 'status': 'DOWN', 'device_id': 'manila-admin-share', 'device_owner': 'manila:share', 'standard_attr_id': 46, 'fixed_ips': [{'subnet_id': '8cc18b5b-08d2-46c3-a9d1-339022bf3295', 'ip_address': '10.2.5.239'}], 'allowed_address_pairs': [], 'extra_dhcp_opts': [], 'security_groups': [], 'description': '', 'binding:vnic_type': 'normal', 'binding:profile': {}, 'binding:host_id': 'np0000184302', 'binding:vif_type': 'ovs', 'binding:vif_details': {'port_filter': True, 'connectivity': 'l2', 'ovs_create_tap': True, 'bridge_name': 'br-int', 'datapath_type': 'system', 'bound_drivers': {'0': 'ovn'}}, 'port_security_enabled': False, 'tags': [], 'created_at': '2026-07-07T01:33:19Z', 'updated_at': '2026-07-07T01:33:20Z', 'revision_number': 3, 'tenant_id': '23807960be5e43aaabe583f8e3372fc4', 'network': {'id': '5c7cbd94-af5a-498a-9ac0-a96aa1094253', 'name': 'admin_net', 'tenant_id': '23807960be5e43aaabe583f8e3372fc4', 'project_id': '23807960be5e43aaabe583f8e3372fc4', 'admin_state_up': True, 'mtu': 1372, 'status': 'ACTIVE', 'subnets': ['8cc18b5b-08d2-46c3-a9d1-339022bf3295'], 'standard_attr_id': 42, 'shared': False, 'availability_zone_hints': [], 'availability_zones': [], 'ipv4_address_scope': None, 'ipv6_address_scope': None, 'router:external': False, 'qinq': False, 'vlan_transparent': False, 'description': '', 'port_security_enabled': True, 'tags': [], 'created_at': '2026-07-07T01:33:12Z', 'updated_at': '2026-07-07T01:33:14Z', 'revision_number': 2, 'provider:network_type': 'geneve', 'provider:physical_network': None, 'provider:segmentation_id': 58055}}, resource_type=ports, if_exists=True) {{(pid=102351) do_commit /opt/stack/data/venv/lib/python3.12/site-packages/ovsdbapp/backend/ovs_idl/transaction.py:89}}
Jul 07 01:33:20.238323 np0000184302 devstack@neutron-api.service[102351]: DEBUG ovsdbapp.backend.ovs_idl.transaction [None req-0b81ef1a-471d-4de8-a552-fc0d1125df1b None None] Running txn n=1 command(idx=1): SetLSwitchPortCommand(_result=None, lport=4ffb734e-dc15-4107-90c2-5b8816d711ee, external_ids_update=None, columns={'external_ids': {'neutron:port_name': '', 'neutron:device_id': 'manila-admin-share', 'neutron:project_id': '23807960be5e43aaabe583f8e3372fc4', 'neutron:cidrs': '10.2.5.239/24', 'neutron:device_owner': 'manila:share', 'neutron:subnet_pool_addr_scope4': '', 'neutron:subnet_pool_addr_scope6': '', 'neutron:network_name': 'neutron-5c7cbd94-af5a-498a-9ac0-a96aa1094253', 'neutron:security_group_ids': '', 'neutron:revision_number': '3', 'neutron:vnic_type': 'normal', 'neutron:port_capabilities': '', 'neutron:mtu': ''}, 'parent_name': [], 'options': {'requested-chassis': 'np0000184302'}, 'enabled': True, 'port_security': [], 'dhcpv4_options': [UUID('027feaf8-2c81-4770-9171-d133b21ed6ab')], 'dhcpv6_options': [], 'type': '', 'addresses': ['fa:16:3e:58:09:5f 10.2.5.239', 'unknown'], 'ha_chassis_group': [], 'tag_request': []}, if_exists=False) {{(pid=102351) do_commit /opt/stack/data/venv/lib/python3.12/site-packages/ovsdbapp/backend/ovs_idl/transaction.py:89}}
Jul 07 01:33:20.239371 np0000184302 devstack@neutron-api.service[102351]: DEBUG ovsdbapp.backend.ovs_idl.transaction [None req-0b81ef1a-471d-4de8-a552-fc0d1125df1b None None] Running txn n=1 command(idx=2): PgDelPortCommand(_result=None, port_group=neutron_pg_drop, lsp=['4ffb734e-dc15-4107-90c2-5b8816d711ee'], if_exists=False) {{(pid=102351) do_commit /opt/stack/data/venv/lib/python3.12/site-packages/ovsdbapp/backend/ovs_idl/transaction.py:89}}
Jul 07 01:33:20.242406 np0000184302 devstack@neutron-api.service[102351]: DEBUG neutron.plugins.ml2.drivers.ovn.mech_driver.ovsdb.ovsdb_monitor [None req-0b81ef1a-471d-4de8-a552-fc0d1125df1b None None] Touching Hash Ring node "f4582cd81ee15500a02f1c4387d459d6" from IDL notify handler {{(pid=102351) notify /opt/stack/neutron/neutron/plugins/ml2/drivers/ovn/mech_driver/ovsdb/ovsdb_monitor.py:1007}}
Jul 07 01:33:20.248215 np0000184302 devstack@neutron-api.service[102351]: DEBUG neutron.plugins.ml2.drivers.ovn.mech_driver.ovsdb.ovsdb_monitor [None req-0b81ef1a-471d-4de8-a552-fc0d1125df1b None None] Hash Ring: Node f4582cd81ee15500a02f1c4387d459d6 (host: np0000184302) handling event "update" for row 32b7d3a2-e77d-496a-bd26-16fa6447d1ca (table: Logical_Switch_Port) {{(pid=102351) notify /opt/stack/neutron/neutron/plugins/ml2/drivers/ovn/mech_driver/ovsdb/ovsdb_monitor.py:1015}}
Jul 07 01:33:20.250242 np0000184302 devstack@neutron-api.service[102350]: DEBUG neutron.plugins.ml2.drivers.ovn.mech_driver.ovsdb.ovsdb_monitor [None req-2d1ca066-eedc-4915-8d60-e5b9510363a3 None None] Touching Hash Ring node "9f153e77ec2854bfb7ccafff8c81624c" from IDL notify handler {{(pid=102350) notify /opt/stack/neutron/neutron/plugins/ml2/drivers/ovn/mech_driver/ovsdb/ovsdb_monitor.py:1007}}
Jul 07 01:33:20.254076 np0000184302 devstack@neutron-api.service[102350]: DEBUG neutron.plugins.ml2.drivers.ovn.mech_driver.ovsdb.ovsdb_monitor [None req-2d1ca066-eedc-4915-8d60-e5b9510363a3 None None] Hash Ring: Node 9f153e77ec2854bfb7ccafff8c81624c (host: np0000184302) handling event "update" for row 3a98b9a4-6e6f-4ec5-aae9-63dfd326d11d (table: Port_Binding) {{(pid=102350) notify /opt/stack/neutron/neutron/plugins/ml2/drivers/ovn/mech_driver/ovsdb/ovsdb_monitor.py:1015}}
Jul 07 01:33:20.290983 np0000184302 devstack@neutron-api.service[102351]: INFO neutron.db.ovn_revision_numbers_db [None req-a2a6cd8e-ba89-48f4-88a7-0b64d612a5a4 service neutron] Successfully bumped revision number for resource 4ffb734e-dc15-4107-90c2-5b8816d711ee (type: ports) to 3
Jul 07 01:33:20.305291 np0000184302 devstack@neutron-api.service[102351]: DEBUG neutron.pecan_wsgi.hooks.policy_enforcement [None req-a2a6cd8e-ba89-48f4-88a7-0b64d612a5a4 service neutron] Attributes excluded by policy engine: ['standard_attr_id'] {{(pid=102351) _exclude_attributes_by_policy /opt/stack/neutron/neutron/pecan_wsgi/hooks/policy_enforcement.py:259}}
Jul 07 01:33:20.305647 np0000184302 devstack@neutron-api.service[102351]: DEBUG neutron_lib.callbacks.manager [None req-a2a6cd8e-ba89-48f4-88a7-0b64d612a5a4 service neutron] Publish callbacks ['neutron.notifiers.nova.Notifier._send_nova_notification-149156'] for port (None), before_response {{(pid=102351) _notify_loop /opt/stack/data/venv/lib/python3.12/site-packages/neutron_lib/callbacks/manager.py:184}}
Jul 07 01:33:20.319912 np0000184302 devstack@neutron-api.service[102351]: [pid: 102351|app: 0|req: 26/104] 199.19.213.216 () {68 vars in 1304 bytes} [Tue Jul 7 01:33:19 2026] POST /networking/v2.0/ports => generated 926 bytes in 586 msecs (HTTP/1.1 201) 4 headers in 162 bytes (1 switches on core 0)
Jul 07 01:33:20.680166 np0000184302 devstack@neutron-api.service[102350]: DEBUG neutron.plugins.ml2.drivers.ovn.mech_driver.ovsdb.ovsdb_monitor [None req-2d1ca066-eedc-4915-8d60-e5b9510363a3 None None] Touching Hash Ring node "9f153e77ec2854bfb7ccafff8c81624c" from IDL notify handler {{(pid=102350) notify /opt/stack/neutron/neutron/plugins/ml2/drivers/ovn/mech_driver/ovsdb/ovsdb_monitor.py:1007}}
Jul 07 01:33:20.693419 np0000184302 devstack@neutron-api.service[102350]: DEBUG neutron.plugins.ml2.drivers.ovn.mech_driver.ovsdb.ovsdb_monitor [None req-2d1ca066-eedc-4915-8d60-e5b9510363a3 None None] Hash Ring: Node 9f153e77ec2854bfb7ccafff8c81624c (host: np0000184302) handling event "update" for row 3a98b9a4-6e6f-4ec5-aae9-63dfd326d11d (table: Port_Binding) {{(pid=102350) notify /opt/stack/neutron/neutron/plugins/ml2/drivers/ovn/mech_driver/ovsdb/ovsdb_monitor.py:1015}}
Jul 07 01:33:20.734055 np0000184302 devstack@neutron-api.service[102351]: DEBUG neutron.plugins.ml2.drivers.ovn.mech_driver.ovsdb.ovsdb_monitor [None req-0b81ef1a-471d-4de8-a552-fc0d1125df1b None None] Touching Hash Ring node "f4582cd81ee15500a02f1c4387d459d6" from IDL notify handler {{(pid=102351) notify /opt/stack/neutron/neutron/plugins/ml2/drivers/ovn/mech_driver/ovsdb/ovsdb_monitor.py:1007}}
Jul 07 01:33:20.738511 np0000184302 devstack@neutron-api.service[102350]: DEBUG neutron.plugins.ml2.drivers.ovn.mech_driver.ovsdb.ovsdb_monitor [None req-2d1ca066-eedc-4915-8d60-e5b9510363a3 None None] Touching Hash Ring node "9f153e77ec2854bfb7ccafff8c81624c" from IDL notify handler {{(pid=102350) notify /opt/stack/neutron/neutron/plugins/ml2/drivers/ovn/mech_driver/ovsdb/ovsdb_monitor.py:1007}}
Jul 07 01:33:20.741187 np0000184302 devstack@neutron-api.service[102350]: DEBUG neutron.plugins.ml2.drivers.ovn.mech_driver.ovsdb.ovsdb_monitor [None req-2d1ca066-eedc-4915-8d60-e5b9510363a3 None None] Hash Ring: Node 9f153e77ec2854bfb7ccafff8c81624c (host: np0000184302) handling event "update" for row 3a98b9a4-6e6f-4ec5-aae9-63dfd326d11d (table: Port_Binding) {{(pid=102350) notify /opt/stack/neutron/neutron/plugins/ml2/drivers/ovn/mech_driver/ovsdb/ovsdb_monitor.py:1015}}
Jul 07 01:33:20.744805 np0000184302 devstack@neutron-api.service[102351]: DEBUG neutron.plugins.ml2.drivers.ovn.mech_driver.ovsdb.ovsdb_monitor [None req-0b81ef1a-471d-4de8-a552-fc0d1125df1b None None] Hash Ring: Node f4582cd81ee15500a02f1c4387d459d6 (host: np0000184302) handling event "update" for row 32b7d3a2-e77d-496a-bd26-16fa6447d1ca (table: Logical_Switch_Port) {{(pid=102351) notify /opt/stack/neutron/neutron/plugins/ml2/drivers/ovn/mech_driver/ovsdb/ovsdb_monitor.py:1015}}
Jul 07 01:33:20.747770 np0000184302 devstack@neutron-api.service[102351]: DEBUG ovsdbapp.backend.ovs_idl.event [None req-0b81ef1a-471d-4de8-a552-fc0d1125df1b None None] Matched UPDATE: LogicalSwitchPortUpdateUpEvent(events=('update',), table='Logical_Switch_Port', conditions=None, old_conditions=None), priority=20 to row=Logical_Switch_Port(uuid=32b7d3a2-e77d-496a-bd26-16fa6447d1ca, addresses=['fa:16:3e:58:09:5f 10.2.5.239', 'unknown'], dhcpv4_options=027feaf8-2c81-4770-9171-d133b21ed6ab, dhcpv6_options=[], dynamic_addresses=[], enabled=True, external_ids={'neutron:cidrs': '10.2.5.239/24', 'neutron:device_id': 'manila-admin-share', 'neutron:device_owner': 'manila:share', 'neutron:mtu': '', 'neutron:network_name': 'neutron-5c7cbd94-af5a-498a-9ac0-a96aa1094253', 'neutron:port_capabilities': '', 'neutron:port_name': '', 'neutron:project_id': '23807960be5e43aaabe583f8e3372fc4', 'neutron:revision_number': '3', 'neutron:security_group_ids': '', 'neutron:subnet_pool_addr_scope4': '', 'neutron:subnet_pool_addr_scope6': '', 'neutron:vnic_type': 'normal'}, ha_chassis_group=[], mirror_rules=[], name='4ffb734e-dc15-4107-90c2-5b8816d711ee', options={'requested-chassis': 'np0000184302'}, parent_name=[], port_security=[], tag=[], tag_request=[], type='', up=True) old=Logical_Switch_Port(uuid=32b7d3a2-e77d-496a-bd26-16fa6447d1ca, up=False) {{(pid=102351) matches /opt/stack/data/venv/lib/python3.12/site-packages/ovsdbapp/backend/ovs_idl/event.py:55}}
Jul 07 01:33:20.750788 np0000184302 devstack@neutron-api.service[102351]: INFO neutron.plugins.ml2.drivers.ovn.mech_driver.mech_driver [None req-96f3292b-072d-471d-8ae0-cdfe7331f32b None None] OVN reports status up for port: 4ffb734e-dc15-4107-90c2-5b8816d711ee
Jul 07 01:33:20.758386 np0000184302 devstack@neutron-api.service[102351]: DEBUG neutron.db.provisioning_blocks [None req-96f3292b-072d-471d-8ae0-cdfe7331f32b None None] Provisioning for port 4ffb734e-dc15-4107-90c2-5b8816d711ee completed by entity L2. {{(pid=102351) provisioning_complete /opt/stack/neutron/neutron/db/provisioning_blocks.py:133}}
Jul 07 01:33:20.768489 np0000184302 devstack@neutron-api.service[102351]: DEBUG neutron.db.provisioning_blocks [None req-96f3292b-072d-471d-8ae0-cdfe7331f32b None None] Provisioning complete for port 4ffb734e-dc15-4107-90c2-5b8816d711ee triggered by entity L2. {{(pid=102351) provisioning_complete /opt/stack/neutron/neutron/db/provisioning_blocks.py:141}}
Jul 07 01:33:20.768663 np0000184302 devstack@neutron-api.service[102351]: DEBUG neutron_lib.callbacks.manager [None req-96f3292b-072d-471d-8ae0-cdfe7331f32b None None] Publish callbacks ['neutron.plugins.ml2.plugin.Ml2Plugin._port_provisioned-16163981'] for port (4ffb734e-dc15-4107-90c2-5b8816d711ee), provisioning_complete {{(pid=102351) _notify_loop /opt/stack/data/venv/lib/python3.12/site-packages/neutron_lib/callbacks/manager.py:184}}
Jul 07 01:33:20.768838 np0000184302 devstack@neutron-api.service[102351]: INFO neutron.plugins.ml2.plugin [None req-96f3292b-072d-471d-8ae0-cdfe7331f32b None None] Attempt 1 to provision port 4ffb734e-dc15-4107-90c2-5b8816d711ee
Jul 07 01:33:20.812527 np0000184302 devstack@neutron-api.service[102351]: DEBUG neutron.plugins.ml2.plugin [None req-96f3292b-072d-471d-8ae0-cdfe7331f32b None None] Current status of the port 4ffb734e-dc15-4107-90c2-5b8816d711ee is: DOWN; New status is: ACTIVE {{(pid=102351) _update_individual_port_db_status /opt/stack/neutron/neutron/plugins/ml2/plugin.py:2473}}
Jul 07 01:33:20.812643 np0000184302 devstack@neutron-api.service[102351]: DEBUG neutron_lib.callbacks.manager [None req-96f3292b-072d-471d-8ae0-cdfe7331f32b None None] Publish callbacks ['neutron.plugins.ml2.plugin.SecurityGroupDbMixin._ensure_default_security_group_handler-15913269', 'neutron.services.ovn_l3.plugin.OVNL3RouterPlugin._port_update-7715663993456', 'neutron.db.l3_db.L3_NAT_dbonly_mixin._prevent_internal_ip_change_for_fip-7715665038530'] for port (4ffb734e-dc15-4107-90c2-5b8816d711ee), before_update {{(pid=102351) _notify_loop /opt/stack/data/venv/lib/python3.12/site-packages/neutron_lib/callbacks/manager.py:184}}
Jul 07 01:33:20.830997 np0000184302 devstack@neutron-api.service[102351]: DEBUG neutron.plugins.ml2.db [None req-96f3292b-072d-471d-8ae0-cdfe7331f32b None None] For port 4ffb734e-dc15-4107-90c2-5b8816d711ee, host np0000184302, got binding levels [PortBindingLevel(driver='ovn',host='np0000184302',level=0,port_id=4ffb734e-dc15-4107-90c2-5b8816d711ee,segment=NetworkSegment(6cd704b0-f81b-4cd9-937e-f94ae75299c5),segment_id=6cd704b0-f81b-4cd9-937e-f94ae75299c5)] {{(pid=102351) get_binding_level_objs /opt/stack/neutron/neutron/plugins/ml2/db.py:74}}
Jul 07 01:33:20.831231 np0000184302 devstack@neutron-api.service[102351]: DEBUG neutron.plugins.ml2.drivers.ovn.mech_driver.mech_driver [None req-96f3292b-072d-471d-8ae0-cdfe7331f32b None None] No provisioning block for port 4ffb734e-dc15-4107-90c2-5b8816d711ee since it is active {{(pid=102351) _is_port_provisioning_required /opt/stack/neutron/neutron/plugins/ml2/drivers/ovn/mech_driver/mech_driver.py:894}}
Jul 07 01:33:20.894425 np0000184302 devstack@neutron-api.service[102351]: DEBUG neutron.plugins.ml2.drivers.ovn.mech_driver.ovsdb.commands [None req-96f3292b-072d-471d-8ae0-cdfe7331f32b None None] Converting tag [] to a tag_request {{(pid=102351) _tag_column_to_tag_request /opt/stack/neutron/neutron/plugins/ml2/drivers/ovn/mech_driver/ovsdb/commands.py:205}}
Jul 07 01:33:20.895372 np0000184302 devstack@neutron-api.service[102351]: DEBUG ovsdbapp.backend.ovs_idl.transaction [None req-0b81ef1a-471d-4de8-a552-fc0d1125df1b None None] Running txn n=1 command(idx=0): CheckRevisionNumberCommand(_result=None, name=4ffb734e-dc15-4107-90c2-5b8816d711ee, resource={'id': '4ffb734e-dc15-4107-90c2-5b8816d711ee', 'name': '', 'network_id': '5c7cbd94-af5a-498a-9ac0-a96aa1094253', 'project_id': '23807960be5e43aaabe583f8e3372fc4', 'mac_address': 'fa:16:3e:58:09:5f', 'admin_state_up': True, 'status': 'ACTIVE', 'device_id': 'manila-admin-share', 'device_owner': 'manila:share', 'standard_attr_id': 46, 'fixed_ips': [{'subnet_id': '8cc18b5b-08d2-46c3-a9d1-339022bf3295', 'ip_address': '10.2.5.239'}], 'allowed_address_pairs': [], 'extra_dhcp_opts': [], 'security_groups': [], 'description': '', 'binding:vnic_type': 'normal', 'binding:profile': {}, 'binding:host_id': 'np0000184302', 'binding:vif_type': 'ovs', 'binding:vif_details': {'port_filter': True, 'connectivity': 'l2', 'ovs_create_tap': True, 'bridge_name': 'br-int', 'datapath_type': 'system', 'bound_drivers': {'0': 'ovn'}}, 'port_security_enabled': False, 'tags': [], 'created_at': '2026-07-07T01:33:19Z', 'updated_at': '2026-07-07T01:33:20Z', 'revision_number': 4, 'tenant_id': '23807960be5e43aaabe583f8e3372fc4', 'network': {'id': '5c7cbd94-af5a-498a-9ac0-a96aa1094253', 'name': 'admin_net', 'tenant_id': '23807960be5e43aaabe583f8e3372fc4', 'project_id': '23807960be5e43aaabe583f8e3372fc4', 'admin_state_up': True, 'mtu': 1372, 'status': 'ACTIVE', 'subnets': ['8cc18b5b-08d2-46c3-a9d1-339022bf3295'], 'standard_attr_id': 42, 'shared': False, 'availability_zone_hints': [], 'availability_zones': [], 'ipv4_address_scope': None, 'ipv6_address_scope': None, 'router:external': False, 'qinq': False, 'vlan_transparent': False, 'description': '', 'port_security_enabled': True, 'tags': [], 'created_at': '2026-07-07T01:33:12Z', 'updated_at': '2026-07-07T01:33:14Z', 'revision_number': 2, 'provider:network_type': 'geneve', 'provider:physical_network': None, 'provider:segmentation_id': 58055}}, resource_type=ports, if_exists=True) {{(pid=102351) do_commit /opt/stack/data/venv/lib/python3.12/site-packages/ovsdbapp/backend/ovs_idl/transaction.py:89}}
Jul 07 01:33:20.895372 np0000184302 devstack@neutron-api.service[102351]: DEBUG ovsdbapp.backend.ovs_idl.transaction [None req-0b81ef1a-471d-4de8-a552-fc0d1125df1b None None] Running txn n=1 command(idx=1): SetLSwitchPortCommand(_result=None, lport=4ffb734e-dc15-4107-90c2-5b8816d711ee, external_ids_update=None, columns={'external_ids': {'neutron:port_name': '', 'neutron:device_id': 'manila-admin-share', 'neutron:project_id': '23807960be5e43aaabe583f8e3372fc4', 'neutron:cidrs': '10.2.5.239/24', 'neutron:device_owner': 'manila:share', 'neutron:subnet_pool_addr_scope4': '', 'neutron:subnet_pool_addr_scope6': '', 'neutron:network_name': 'neutron-5c7cbd94-af5a-498a-9ac0-a96aa1094253', 'neutron:security_group_ids': '', 'neutron:revision_number': '4', 'neutron:vnic_type': 'normal', 'neutron:port_capabilities': '', 'neutron:mtu': ''}, 'parent_name': [], 'options': {'requested-chassis': 'np0000184302'}, 'enabled': True, 'port_security': [], 'dhcpv4_options': [UUID('027feaf8-2c81-4770-9171-d133b21ed6ab')], 'dhcpv6_options': [], 'type': '', 'addresses': ['fa:16:3e:58:09:5f 10.2.5.239', 'unknown'], 'ha_chassis_group': [], 'tag_request': []}, if_exists=False) {{(pid=102351) do_commit /opt/stack/data/venv/lib/python3.12/site-packages/ovsdbapp/backend/ovs_idl/transaction.py:89}}
Jul 07 01:33:20.896677 np0000184302 devstack@neutron-api.service[102351]: DEBUG ovsdbapp.backend.ovs_idl.transaction [None req-0b81ef1a-471d-4de8-a552-fc0d1125df1b None None] Running txn n=1 command(idx=2): PgDelPortCommand(_result=None, port_group=neutron_pg_drop, lsp=['4ffb734e-dc15-4107-90c2-5b8816d711ee'], if_exists=False) {{(pid=102351) do_commit /opt/stack/data/venv/lib/python3.12/site-packages/ovsdbapp/backend/ovs_idl/transaction.py:89}}
Jul 07 01:33:20.899889 np0000184302 devstack@neutron-api.service[102351]: DEBUG neutron.plugins.ml2.drivers.ovn.mech_driver.ovsdb.ovsdb_monitor [None req-0b81ef1a-471d-4de8-a552-fc0d1125df1b None None] Touching Hash Ring node "f4582cd81ee15500a02f1c4387d459d6" from IDL notify handler {{(pid=102351) notify /opt/stack/neutron/neutron/plugins/ml2/drivers/ovn/mech_driver/ovsdb/ovsdb_monitor.py:1007}}
Jul 07 01:33:20.905628 np0000184302 devstack@neutron-api.service[102351]: DEBUG neutron.plugins.ml2.drivers.ovn.mech_driver.ovsdb.ovsdb_monitor [None req-0b81ef1a-471d-4de8-a552-fc0d1125df1b None None] Hash Ring: Node f4582cd81ee15500a02f1c4387d459d6 (host: np0000184302) handling event "update" for row 32b7d3a2-e77d-496a-bd26-16fa6447d1ca (table: Logical_Switch_Port) {{(pid=102351) notify /opt/stack/neutron/neutron/plugins/ml2/drivers/ovn/mech_driver/ovsdb/ovsdb_monitor.py:1015}}
Jul 07 01:33:20.906975 np0000184302 devstack@neutron-api.service[102350]: DEBUG neutron.plugins.ml2.drivers.ovn.mech_driver.ovsdb.ovsdb_monitor [None req-2d1ca066-eedc-4915-8d60-e5b9510363a3 None None] Touching Hash Ring node "9f153e77ec2854bfb7ccafff8c81624c" from IDL notify handler {{(pid=102350) notify /opt/stack/neutron/neutron/plugins/ml2/drivers/ovn/mech_driver/ovsdb/ovsdb_monitor.py:1007}}
Jul 07 01:33:20.910796 np0000184302 devstack@neutron-api.service[102350]: DEBUG neutron.plugins.ml2.drivers.ovn.mech_driver.ovsdb.ovsdb_monitor [None req-2d1ca066-eedc-4915-8d60-e5b9510363a3 None None] Hash Ring: Node 9f153e77ec2854bfb7ccafff8c81624c (host: np0000184302) handling event "update" for row 3a98b9a4-6e6f-4ec5-aae9-63dfd326d11d (table: Port_Binding) {{(pid=102350) notify /opt/stack/neutron/neutron/plugins/ml2/drivers/ovn/mech_driver/ovsdb/ovsdb_monitor.py:1015}}
Jul 07 01:33:20.935607 np0000184302 devstack@neutron-api.service[102351]: INFO neutron.db.ovn_revision_numbers_db [None req-96f3292b-072d-471d-8ae0-cdfe7331f32b None None] Successfully bumped revision number for resource 4ffb734e-dc15-4107-90c2-5b8816d711ee (type: ports) to 4
Jul 07 01:33:20.939538 np0000184302 devstack@neutron-api.service[102351]: DEBUG neutron_lib.callbacks.manager [None req-96f3292b-072d-471d-8ae0-cdfe7331f32b None None] Publish callbacks ['neutron.plugins.ml2.ovo_rpc._ObjectChangeHandler.handle_event-1202519', 'neutron.services.ovn_l3.plugin.OVNL3RouterPlugin._port_update-7715663993456'] for port (4ffb734e-dc15-4107-90c2-5b8816d711ee), after_update {{(pid=102351) _notify_loop /opt/stack/data/venv/lib/python3.12/site-packages/neutron_lib/callbacks/manager.py:184}}
Jul 07 01:33:20.959601 np0000184302 devstack@neutron-api.service[102351]: DEBUG neutron.api.rpc.handlers.resources_rpc [None req-30e39337-afdd-4f89-b059-b9d5c21a1ab9 None None] Pushing event updated for resources: {'Port': ['ID=4ffb734e-dc15-4107-90c2-5b8816d711ee,revision_number=4']} {{(pid=102351) push /opt/stack/neutron/neutron/api/rpc/handlers/resources_rpc.py:237}}
Jul 07 01:33:20.980568 np0000184302 devstack@neutron-api.service[102351]: DEBUG ovsdbapp.backend.ovs_idl.transaction [None req-0b81ef1a-471d-4de8-a552-fc0d1125df1b None None] Running txn n=1 command(idx=0): DbSetCommand(_result=None, table=Logical_Switch_Port, record=4ffb734e-dc15-4107-90c2-5b8816d711ee, col_values=(('external_ids', {'neutron:host_id': 'np0000184302'}),), if_exists=True) {{(pid=102351) do_commit /opt/stack/data/venv/lib/python3.12/site-packages/ovsdbapp/backend/ovs_idl/transaction.py:89}}
Jul 07 01:33:20.985978 np0000184302 devstack@neutron-api.service[102351]: DEBUG neutron.plugins.ml2.drivers.ovn.mech_driver.ovsdb.ovsdb_monitor [None req-0b81ef1a-471d-4de8-a552-fc0d1125df1b None None] Touching Hash Ring node "f4582cd81ee15500a02f1c4387d459d6" from IDL notify handler {{(pid=102351) notify /opt/stack/neutron/neutron/plugins/ml2/drivers/ovn/mech_driver/ovsdb/ovsdb_monitor.py:1007}}
Jul 07 01:33:20.991892 np0000184302 devstack@neutron-api.service[102351]: DEBUG neutron.plugins.ml2.drivers.ovn.mech_driver.ovsdb.ovsdb_monitor [None req-0b81ef1a-471d-4de8-a552-fc0d1125df1b None None] Hash Ring: Node f4582cd81ee15500a02f1c4387d459d6 (host: np0000184302) handling event "update" for row 32b7d3a2-e77d-496a-bd26-16fa6447d1ca (table: Logical_Switch_Port) {{(pid=102351) notify /opt/stack/neutron/neutron/plugins/ml2/drivers/ovn/mech_driver/ovsdb/ovsdb_monitor.py:1015}}
Jul 07 01:33:20.992913 np0000184302 devstack@neutron-api.service[102350]: DEBUG neutron.plugins.ml2.drivers.ovn.mech_driver.ovsdb.ovsdb_monitor [None req-2d1ca066-eedc-4915-8d60-e5b9510363a3 None None] Touching Hash Ring node "9f153e77ec2854bfb7ccafff8c81624c" from IDL notify handler {{(pid=102350) notify /opt/stack/neutron/neutron/plugins/ml2/drivers/ovn/mech_driver/ovsdb/ovsdb_monitor.py:1007}}
Jul 07 01:33:20.995855 np0000184302 devstack@neutron-api.service[102350]: DEBUG neutron.plugins.ml2.drivers.ovn.mech_driver.ovsdb.ovsdb_monitor [None req-2d1ca066-eedc-4915-8d60-e5b9510363a3 None None] Hash Ring: Node 9f153e77ec2854bfb7ccafff8c81624c (host: np0000184302) handling event "update" for row 3a98b9a4-6e6f-4ec5-aae9-63dfd326d11d (table: Port_Binding) {{(pid=102350) notify /opt/stack/neutron/neutron/plugins/ml2/drivers/ovn/mech_driver/ovsdb/ovsdb_monitor.py:1015}}
Jul 07 01:33:21.495734 np0000184302 devstack@neutron-api.service[102350]: DEBUG neutron.pecan_wsgi.hooks.policy_enforcement [None req-16d0a6a2-a043-4874-ae61-28dc7076ddfc service neutron] Attributes excluded by policy engine: ['standard_attr_id', 'shared'] {{(pid=102350) _exclude_attributes_by_policy /opt/stack/neutron/neutron/pecan_wsgi/hooks/policy_enforcement.py:259}}
Jul 07 01:33:21.497258 np0000184302 devstack@neutron-api.service[102350]: [pid: 102350|app: 0|req: 26/105] 199.19.213.216 () {64 vars in 1367 bytes} [Tue Jul 7 01:33:21 2026] GET /networking/v2.0/subnets/8cc18b5b-08d2-46c3-a9d1-339022bf3295 => generated 625 bytes in 34 msecs (HTTP/1.1 200) 4 headers in 157 bytes (1 switches on core 0)
Jul 07 01:33:22.358600 np0000184302 devstack@neutron-api.service[102352]: DEBUG neutron.pecan_wsgi.hooks.policy_enforcement [None req-1b2749ec-73f7-4524-800a-2e330b9a1a9a service neutron] Attributes excluded by policy engine: ['standard_attr_id'] {{(pid=102352) _exclude_attributes_by_policy /opt/stack/neutron/neutron/pecan_wsgi/hooks/policy_enforcement.py:259}}
Jul 07 01:33:22.360075 np0000184302 devstack@neutron-api.service[102352]: [pid: 102352|app: 0|req: 28/106] 199.19.213.216 () {64 vars in 1369 bytes} [Tue Jul 7 01:33:22 2026] GET /networking/v2.0/ports?device_id=manila-admin-share&binding%3Ahost_id=np0000184302 => generated 931 bytes in 34 msecs (HTTP/1.1 200) 4 headers in 157 bytes (1 switches on core 0)
Jul 07 01:33:22.836469 np0000184302 devstack@neutron-api.service[102353]: DEBUG neutron.pecan_wsgi.hooks.policy_enforcement [None req-a78ebe3d-a416-4c6c-b4a0-4852e2918921 service neutron] Attributes excluded by policy engine: ['standard_attr_id', 'shared'] {{(pid=102353) _exclude_attributes_by_policy /opt/stack/neutron/neutron/pecan_wsgi/hooks/policy_enforcement.py:259}}
Jul 07 01:33:22.838447 np0000184302 devstack@neutron-api.service[102353]: [pid: 102353|app: 0|req: 27/107] 199.19.213.216 () {64 vars in 1367 bytes} [Tue Jul 7 01:33:22 2026] GET /networking/v2.0/subnets/8cc18b5b-08d2-46c3-a9d1-339022bf3295 => generated 625 bytes in 28 msecs (HTTP/1.1 200) 4 headers in 157 bytes (1 switches on core 0)
Jul 07 01:33:29.046446 np0000184302 devstack@neutron-api.service[102352]: DEBUG futurist.periodics [-] Submitting periodic callback 'neutron.plugins.ml2.drivers.ovn.mech_driver.ovsdb.maintenance.HashRingHealthCheckPeriodics.touch_hash_ring_node' {{(pid=102352) _process_scheduled /opt/stack/data/venv/lib/python3.12/site-packages/futurist/periodics.py:784}}
Jul 07 01:33:29.047217 np0000184302 devstack@neutron-api.service[102352]: DEBUG neutron.plugins.ml2.drivers.ovn.mech_driver.ovsdb.maintenance [-] Touching Hash Ring node "578d08a5f88e502da43bea0ad33cf1b4" from periodic health check thread {{(pid=102352) touch_hash_ring_node /opt/stack/neutron/neutron/plugins/ml2/drivers/ovn/mech_driver/ovsdb/maintenance.py:1419}}
Jul 07 01:33:29.894218 np0000184302 devstack@neutron-api.service[102353]: DEBUG futurist.periodics [-] Submitting periodic callback 'neutron.plugins.ml2.drivers.ovn.mech_driver.ovsdb.maintenance.HashRingHealthCheckPeriodics.touch_hash_ring_node' {{(pid=102353) _process_scheduled /opt/stack/data/venv/lib/python3.12/site-packages/futurist/periodics.py:784}}
Jul 07 01:33:29.894868 np0000184302 devstack@neutron-api.service[102353]: DEBUG neutron.plugins.ml2.drivers.ovn.mech_driver.ovsdb.maintenance [-] Touching Hash Ring node "b494ae1f7d045c9cb86164b80b7d5d5e" from periodic health check thread {{(pid=102353) touch_hash_ring_node /opt/stack/neutron/neutron/plugins/ml2/drivers/ovn/mech_driver/ovsdb/maintenance.py:1419}}
Jul 07 01:33:29.959863 np0000184302 devstack@neutron-api.service[102351]: DEBUG futurist.periodics [-] Submitting periodic callback 'neutron.plugins.ml2.drivers.ovn.mech_driver.ovsdb.maintenance.HashRingHealthCheckPeriodics.touch_hash_ring_node' {{(pid=102351) _process_scheduled /opt/stack/data/venv/lib/python3.12/site-packages/futurist/periodics.py:784}}
Jul 07 01:33:29.960434 np0000184302 devstack@neutron-api.service[102351]: DEBUG neutron.plugins.ml2.drivers.ovn.mech_driver.ovsdb.maintenance [-] Touching Hash Ring node "f4582cd81ee15500a02f1c4387d459d6" from periodic health check thread {{(pid=102351) touch_hash_ring_node /opt/stack/neutron/neutron/plugins/ml2/drivers/ovn/mech_driver/ovsdb/maintenance.py:1419}}
Jul 07 01:33:30.036275 np0000184302 devstack@neutron-api.service[102350]: DEBUG futurist.periodics [-] Submitting periodic callback 'neutron.plugins.ml2.drivers.ovn.mech_driver.ovsdb.maintenance.HashRingHealthCheckPeriodics.touch_hash_ring_node' {{(pid=102350) _process_scheduled /opt/stack/data/venv/lib/python3.12/site-packages/futurist/periodics.py:784}}
Jul 07 01:33:30.036841 np0000184302 devstack@neutron-api.service[102350]: DEBUG neutron.plugins.ml2.drivers.ovn.mech_driver.ovsdb.maintenance [-] Touching Hash Ring node "9f153e77ec2854bfb7ccafff8c81624c" from periodic health check thread {{(pid=102350) touch_hash_ring_node /opt/stack/neutron/neutron/plugins/ml2/drivers/ovn/mech_driver/ovsdb/maintenance.py:1419}}
Jul 07 01:33:35.600577 np0000184302 devstack@neutron-api.service[102351]: [pid: 102351|app: 0|req: 27/108] 199.19.213.216 () {62 vars in 1059 bytes} [Tue Jul 7 01:33:35 2026] GET /networking => generated 130 bytes in 3 msecs (HTTP/1.1 200) 3 headers in 91 bytes (1 switches on core 0)
Jul 07 01:33:35.700403 np0000184302 devstack@neutron-api.service[102350]: DEBUG neutron.pecan_wsgi.hooks.policy_enforcement [None req-3f89b75b-0ccf-430a-abd7-b2b20d4da53d demo demo] Attributes excluded by policy engine: ['standard_attr_id', 'provider:network_type', 'provider:physical_network', 'provider:segmentation_id'] {{(pid=102350) _exclude_attributes_by_policy /opt/stack/neutron/neutron/pecan_wsgi/hooks/policy_enforcement.py:259}}
Jul 07 01:33:35.701757 np0000184302 devstack@neutron-api.service[102350]: [pid: 102350|app: 0|req: 27/109] 199.19.213.216 () {64 vars in 1348 bytes} [Tue Jul 7 01:33:35 2026] GET /networking/v2.0/networks?router%3Aexternal=True => generated 659 bytes in 64 msecs (HTTP/1.1 200) 4 headers in 157 bytes (1 switches on core 0)
Jul 07 01:33:39.057315 np0000184302 devstack@neutron-api.service[102352]: DEBUG dbcounter [-] [102352] Writing DB stats neutron:SELECT=27,neutron:UPDATE=2 {{(pid=102352) stat_writer /opt/stack/data/venv/lib/python3.12/site-packages/dbcounter.py:115}}
Jul 07 01:33:39.905330 np0000184302 devstack@neutron-api.service[102353]: DEBUG dbcounter [-] [102353] Writing DB stats neutron:SELECT=258,neutron:INSERT=11,neutron:UPDATE=7,neutron:DELETE=2 {{(pid=102353) stat_writer /opt/stack/data/venv/lib/python3.12/site-packages/dbcounter.py:115}}
Jul 07 01:33:39.972182 np0000184302 devstack@neutron-api.service[102351]: DEBUG dbcounter [-] [102351] Writing DB stats neutron:SELECT=310,neutron:UPDATE=22,neutron:INSERT=11,neutron:DELETE=3 {{(pid=102351) stat_writer /opt/stack/data/venv/lib/python3.12/site-packages/dbcounter.py:115}}
Jul 07 01:33:40.913203 np0000184302 devstack@neutron-api.service[102352]: [pid: 102352|app: 0|req: 29/110] 199.19.213.216 () {62 vars in 1059 bytes} [Tue Jul 7 01:33:40 2026] GET /networking => generated 130 bytes in 4 msecs (HTTP/1.1 200) 3 headers in 91 bytes (1 switches on core 0)
Jul 07 01:33:41.001212 np0000184302 devstack@neutron-api.service[102353]: DEBUG neutron.pecan_wsgi.hooks.policy_enforcement [None req-6c9902d4-3c17-463c-8137-e41f90c1c8bc demo demo] Attributes excluded by policy engine: ['standard_attr_id', 'provider:network_type', 'provider:physical_network', 'provider:segmentation_id'] {{(pid=102353) _exclude_attributes_by_policy /opt/stack/neutron/neutron/pecan_wsgi/hooks/policy_enforcement.py:259}}
Jul 07 01:33:41.003138 np0000184302 devstack@neutron-api.service[102353]: [pid: 102353|app: 0|req: 28/111] 199.19.213.216 () {64 vars in 1348 bytes} [Tue Jul 7 01:33:40 2026] GET /networking/v2.0/networks?router%3Aexternal=True => generated 659 bytes in 55 msecs (HTTP/1.1 200) 4 headers in 157 bytes (1 switches on core 0)
Jul 07 01:33:44.047115 np0000184302 devstack@neutron-api.service[102352]: DEBUG futurist.periodics [-] Submitting periodic callback 'neutron.plugins.ml2.drivers.ovn.mech_driver.ovsdb.maintenance.HashRingHealthCheckPeriodics.touch_hash_ring_node' {{(pid=102352) _process_scheduled /opt/stack/data/venv/lib/python3.12/site-packages/futurist/periodics.py:784}}
Jul 07 01:33:44.047675 np0000184302 devstack@neutron-api.service[102352]: DEBUG neutron.plugins.ml2.drivers.ovn.mech_driver.ovsdb.maintenance [-] Touching Hash Ring node "578d08a5f88e502da43bea0ad33cf1b4" from periodic health check thread {{(pid=102352) touch_hash_ring_node /opt/stack/neutron/neutron/plugins/ml2/drivers/ovn/mech_driver/ovsdb/maintenance.py:1419}}
Jul 07 01:33:44.901519 np0000184302 devstack@neutron-api.service[102353]: DEBUG futurist.periodics [-] Submitting periodic callback 'neutron.plugins.ml2.drivers.ovn.mech_driver.ovsdb.maintenance.HashRingHealthCheckPeriodics.touch_hash_ring_node' {{(pid=102353) _process_scheduled /opt/stack/data/venv/lib/python3.12/site-packages/futurist/periodics.py:784}}
Jul 07 01:33:44.902349 np0000184302 devstack@neutron-api.service[102353]: DEBUG neutron.plugins.ml2.drivers.ovn.mech_driver.ovsdb.maintenance [-] Touching Hash Ring node "b494ae1f7d045c9cb86164b80b7d5d5e" from periodic health check thread {{(pid=102353) touch_hash_ring_node /opt/stack/neutron/neutron/plugins/ml2/drivers/ovn/mech_driver/ovsdb/maintenance.py:1419}}
Jul 07 01:33:44.960724 np0000184302 devstack@neutron-api.service[102351]: DEBUG futurist.periodics [-] Submitting periodic callback 'neutron.plugins.ml2.drivers.ovn.mech_driver.ovsdb.maintenance.HashRingHealthCheckPeriodics.touch_hash_ring_node' {{(pid=102351) _process_scheduled /opt/stack/data/venv/lib/python3.12/site-packages/futurist/periodics.py:784}}
Jul 07 01:33:44.961335 np0000184302 devstack@neutron-api.service[102351]: DEBUG neutron.plugins.ml2.drivers.ovn.mech_driver.ovsdb.maintenance [-] Touching Hash Ring node "f4582cd81ee15500a02f1c4387d459d6" from periodic health check thread {{(pid=102351) touch_hash_ring_node /opt/stack/neutron/neutron/plugins/ml2/drivers/ovn/mech_driver/ovsdb/maintenance.py:1419}}
Jul 07 01:33:45.037009 np0000184302 devstack@neutron-api.service[102350]: DEBUG futurist.periodics [-] Submitting periodic callback 'neutron.plugins.ml2.drivers.ovn.mech_driver.ovsdb.maintenance.HashRingHealthCheckPeriodics.touch_hash_ring_node' {{(pid=102350) _process_scheduled /opt/stack/data/venv/lib/python3.12/site-packages/futurist/periodics.py:784}}
Jul 07 01:33:45.038046 np0000184302 devstack@neutron-api.service[102350]: DEBUG neutron.plugins.ml2.drivers.ovn.mech_driver.ovsdb.maintenance [-] Touching Hash Ring node "9f153e77ec2854bfb7ccafff8c81624c" from periodic health check thread {{(pid=102350) touch_hash_ring_node /opt/stack/neutron/neutron/plugins/ml2/drivers/ovn/mech_driver/ovsdb/maintenance.py:1419}}
Jul 07 01:33:49.507769 np0000184302 devstack@neutron-api.service[102351]: [pid: 102351|app: 0|req: 28/112] 199.19.213.216 () {62 vars in 1070 bytes} [Tue Jul 7 01:33:49 2026] GET /networking => generated 130 bytes in 3 msecs (HTTP/1.1 200) 3 headers in 91 bytes (1 switches on core 0)
Jul 07 01:33:49.602671 np0000184302 devstack@neutron-api.service[102350]: DEBUG neutron.pecan_wsgi.hooks.policy_enforcement [None req-b6b29b87-b42a-4385-8e80-4606db73e448 demo demo] Attributes excluded by policy engine: ['standard_attr_id', 'provider:network_type', 'provider:physical_network', 'provider:segmentation_id'] {{(pid=102350) _exclude_attributes_by_policy /opt/stack/neutron/neutron/pecan_wsgi/hooks/policy_enforcement.py:259}}
Jul 07 01:33:49.604109 np0000184302 devstack@neutron-api.service[102350]: [pid: 102350|app: 0|req: 28/113] 199.19.213.216 () {64 vars in 1383 bytes} [Tue Jul 7 01:33:49 2026] GET /networking/v2.0/networks?name=public&router%3Aexternal=True => generated 659 bytes in 61 msecs (HTTP/1.1 200) 4 headers in 157 bytes (1 switches on core 0)
Jul 07 01:33:51.805809 np0000184302 devstack@neutron-api.service[102352]: [pid: 102352|app: 0|req: 30/114] 199.19.213.216 () {64 vars in 1267 bytes} [Tue Jul 7 01:33:51 2026] GET /networking/ => generated 130 bytes in 2 msecs (HTTP/1.1 200) 3 headers in 91 bytes (1 switches on core 0)
Jul 07 01:33:51.948565 np0000184302 devstack@neutron-api.service[102353]: DEBUG neutron.pecan_wsgi.hooks.policy_enforcement [None req-652d16e5-abb7-4ef5-87ee-00c84f0f4c47 demo demo] Attributes excluded by policy engine: ['standard_attr_id', 'provider:network_type', 'provider:physical_network', 'provider:segmentation_id'] {{(pid=102353) _exclude_attributes_by_policy /opt/stack/neutron/neutron/pecan_wsgi/hooks/policy_enforcement.py:259}}
Jul 07 01:33:51.949854 np0000184302 devstack@neutron-api.service[102353]: [pid: 102353|app: 0|req: 29/115] 199.19.213.216 () {64 vars in 1416 bytes} [Tue Jul 7 01:33:51 2026] GET /networking/v2.0/networks/31ddd9e6-575b-4cec-bf55-e09dc02e297d => generated 656 bytes in 136 msecs (HTTP/1.1 200) 4 headers in 157 bytes (1 switches on core 0)
Jul 07 01:33:51.987873 np0000184302 devstack@neutron-api.service[102351]: [pid: 102351|app: 0|req: 29/116] 199.19.213.216 () {64 vars in 1410 bytes} [Tue Jul 7 01:33:51 2026] GET /networking/v2.0/networks?name=k8s-clusterapi-cluster-magnum-system-kube-4owy6 => generated 15 bytes in 29 msecs (HTTP/1.1 200) 4 headers in 156 bytes (1 switches on core 0)
Jul 07 01:33:52.000129 np0000184302 devstack@neutron-api.service[102350]: DEBUG neutron.api.v2.base [None req-d330db61-c6cd-4ee9-9335-9c07c0d3ee46 demo demo] Request body: {'network': {'admin_state_up': True, 'name': 'k8s-clusterapi-cluster-magnum-system-kube-4owy6'}} {{(pid=102350) prepare_request_body /opt/stack/neutron/neutron/api/v2/base.py:727}}
Jul 07 01:33:52.017365 np0000184302 devstack@neutron-api.service[102350]: DEBUG neutron.pecan_wsgi.hooks.quota_enforcement [None req-d330db61-c6cd-4ee9-9335-9c07c0d3ee46 demo demo] Made reservation on behalf of e9078483e0964c04b58935fd58c5931f for: {'network': 1} {{(pid=102350) before /opt/stack/neutron/neutron/pecan_wsgi/hooks/quota_enforcement.py:66}}
Jul 07 01:33:52.022767 np0000184302 devstack@neutron-api.service[102350]: DEBUG neutron_lib.callbacks.manager [None req-d330db61-c6cd-4ee9-9335-9c07c0d3ee46 demo demo] Publish callbacks ['neutron.plugins.ml2.plugin.SecurityGroupDbMixin._ensure_default_security_group_handler-759253'] for network (None), before_create {{(pid=102350) _notify_loop /opt/stack/data/venv/lib/python3.12/site-packages/neutron_lib/callbacks/manager.py:184}}
Jul 07 01:33:52.028244 np0000184302 devstack@neutron-api.service[102350]: DEBUG neutron_lib.callbacks.manager [None req-d330db61-c6cd-4ee9-9335-9c07c0d3ee46 demo demo] Publish callbacks [] for security_group (None), before_create {{(pid=102350) _notify_loop /opt/stack/data/venv/lib/python3.12/site-packages/neutron_lib/callbacks/manager.py:184}}
