Jul 07 01:30:16.366299 np0000184302 systemd[1]: Starting devstack@n-api-meta.service - Devstack devstack@n-api-meta.service...
Jul 07 01:30:16.371984 np0000184302 devstack@n-api-meta.service[107527]: [uWSGI] getting INI configuration from /etc/nova/nova-metadata-uwsgi.ini
Jul 07 01:30:16.374331 np0000184302 devstack@n-api-meta.service[107527]: *** Starting uWSGI 2.0.24-debian (64bit) on [Tue Jul 7 01:30:16 2026] ***
Jul 07 01:30:16.374331 np0000184302 devstack@n-api-meta.service[107527]: compiled with version: 13.2.0 on 17 April 2024 16:23:48
Jul 07 01:30:16.374331 np0000184302 devstack@n-api-meta.service[107527]: os: Linux-6.8.0-134-generic #134-Ubuntu SMP PREEMPT_DYNAMIC Fri Jun 26 18:43:11 UTC 2026
Jul 07 01:30:16.374331 np0000184302 devstack@n-api-meta.service[107527]: nodename: np0000184302
Jul 07 01:30:16.374331 np0000184302 devstack@n-api-meta.service[107527]: machine: x86_64
Jul 07 01:30:16.374331 np0000184302 devstack@n-api-meta.service[107527]: clock source: unix
Jul 07 01:30:16.374331 np0000184302 devstack@n-api-meta.service[107527]: pcre jit disabled
Jul 07 01:30:16.374331 np0000184302 devstack@n-api-meta.service[107527]: detected number of CPU cores: 16
Jul 07 01:30:16.374331 np0000184302 devstack@n-api-meta.service[107527]: current working directory: /
Jul 07 01:30:16.374331 np0000184302 devstack@n-api-meta.service[107527]: detected binary path: /usr/bin/uwsgi-core
Jul 07 01:30:16.374331 np0000184302 devstack@n-api-meta.service[107527]: your processes number limit is 256916
Jul 07 01:30:16.374331 np0000184302 devstack@n-api-meta.service[107527]: your memory page size is 4096 bytes
Jul 07 01:30:16.374331 np0000184302 devstack@n-api-meta.service[107527]: detected max file descriptor number: 2048
Jul 07 01:30:16.374331 np0000184302 devstack@n-api-meta.service[107527]: lock engine: pthread robust mutexes
Jul 07 01:30:16.375146 np0000184302 devstack@n-api-meta.service[107527]: thunder lock: enabled
Jul 07 01:30:16.375146 np0000184302 devstack@n-api-meta.service[107527]: uWSGI http bound on 0.0.0.0:8775 fd 5
Jul 07 01:30:16.375146 np0000184302 devstack@n-api-meta.service[107527]: uwsgi socket 0 bound to TCP address 127.0.0.1:46713 (port auto-assigned) fd 4
Jul 07 01:30:16.375146 np0000184302 devstack@n-api-meta.service[107527]: Python version: 3.12.3 (main, Jun 19 2026, 12:46:00) [GCC 13.3.0]
Jul 07 01:30:16.375146 np0000184302 devstack@n-api-meta.service[107527]: PEP 405 virtualenv detected: /opt/stack/data/venv
Jul 07 01:30:16.375146 np0000184302 devstack@n-api-meta.service[107527]: Set PythonHome to /opt/stack/data/venv
Jul 07 01:30:16.408809 np0000184302 devstack@n-api-meta.service[107527]: Python main interpreter initialized at 0x7b91ed2a4668
Jul 07 01:30:16.408809 np0000184302 devstack@n-api-meta.service[107527]: python threads support enabled
Jul 07 01:30:16.408809 np0000184302 devstack@n-api-meta.service[107527]: your server socket listen backlog is limited to 100 connections
Jul 07 01:30:16.408809 np0000184302 devstack@n-api-meta.service[107527]: your mercy for graceful operations on workers is 80 seconds
Jul 07 01:30:16.409418 np0000184302 devstack@n-api-meta.service[107527]: mapped 671795 bytes (656 KB) for 4 cores
Jul 07 01:30:16.409418 np0000184302 devstack@n-api-meta.service[107527]: *** Operational MODE: preforking ***
Jul 07 01:30:16.409560 np0000184302 devstack@n-api-meta.service[107527]: *** uWSGI is running in multiple interpreter mode ***
Jul 07 01:30:16.409560 np0000184302 devstack@n-api-meta.service[107527]: spawned uWSGI master process (pid: 107527)
Jul 07 01:30:16.409736 np0000184302 systemd[1]: Started devstack@n-api-meta.service - Devstack devstack@n-api-meta.service.
Jul 07 01:30:16.410433 np0000184302 devstack@n-api-meta.service[107527]: spawned uWSGI worker 1 (pid: 107528, cores: 1)
Jul 07 01:30:16.410935 np0000184302 devstack@n-api-meta.service[107527]: spawned uWSGI worker 2 (pid: 107529, cores: 1)
Jul 07 01:30:16.411534 np0000184302 devstack@n-api-meta.service[107527]: spawned uWSGI worker 3 (pid: 107530, cores: 1)
Jul 07 01:30:16.412168 np0000184302 devstack@n-api-meta.service[107527]: spawned uWSGI worker 4 (pid: 107531, cores: 1)
Jul 07 01:30:16.412765 np0000184302 devstack@n-api-meta.service[107527]: spawned uWSGI http 1 (pid: 107532)
Jul 07 01:30:16.412765 np0000184302 devstack@n-api-meta.service[107527]: running "unix_signal:15 gracefully_kill_them_all" (master-start)...
Jul 07 01:30:18.072066 np0000184302 devstack@n-api-meta.service[107528]: INFO dbcounter [None req-ad16b889-a676-4808-94dd-69ad1c674f97 None None] Registered counter for database nova_api
Jul 07 01:30:18.118874 np0000184302 devstack@n-api-meta.service[107528]: DEBUG oslo_db.sqlalchemy.engines [None req-ad16b889-a676-4808-94dd-69ad1c674f97 None None] MySQL server mode set to STRICT_TRANS_TABLES,STRICT_ALL_TABLES,NO_ZERO_IN_DATE,NO_ZERO_DATE,ERROR_FOR_DIVISION_BY_ZERO,TRADITIONAL,NO_ENGINE_SUBSTITUTION {{(pid=107528) _check_effective_sql_mode /opt/stack/data/venv/lib/python3.12/site-packages/oslo_db/sqlalchemy/engines.py:325}}
Jul 07 01:30:18.149370 np0000184302 devstack@n-api-meta.service[107529]: INFO dbcounter [None req-4b6a9393-6468-4ffc-97ee-5d634972cf00 None None] Registered counter for database nova_api
Jul 07 01:30:18.150031 np0000184302 devstack@n-api-meta.service[107531]: INFO dbcounter [None req-85520628-2ff9-491b-bc1d-443794821d96 None None] Registered counter for database nova_api
Jul 07 01:30:18.155031 np0000184302 devstack@n-api-meta.service[107528]: DEBUG dbcounter [-] [107528] Writer thread running {{(pid=107528) stat_writer /opt/stack/data/venv/lib/python3.12/site-packages/dbcounter.py:102}}
Jul 07 01:30:18.155551 np0000184302 devstack@n-api-meta.service[107530]: INFO dbcounter [None req-0bd76b60-a9c2-444f-8ffe-77b9f432e93a None None] Registered counter for database nova_api
Jul 07 01:30:18.158306 np0000184302 devstack@n-api-meta.service[107528]: DEBUG nova.context [None req-ad16b889-a676-4808-94dd-69ad1c674f97 None None] Found 2 cells: 00000000-0000-0000-0000-000000000000(cell0),050d40f2-2036-423a-85ac-457124abbc5f(cell1) {{(pid=107528) load_cells /opt/stack/nova/nova/context.py:509}}
Jul 07 01:30:18.158609 np0000184302 devstack@n-api-meta.service[107528]: INFO nova.utils [None req-ad16b889-a676-4808-94dd-69ad1c674f97 None None] The cell worker thread pool MainProcess.cell_worker is initialized
Jul 07 01:30:18.160982 np0000184302 devstack@n-api-meta.service[107528]: DEBUG oslo_concurrency.lockutils [None req-ad16b889-a676-4808-94dd-69ad1c674f97 None None] Acquiring lock "00000000-0000-0000-0000-000000000000" by "nova.context.set_target_cell..get_or_set_cached_cell_and_set_connections" {{(pid=107528) inner /opt/stack/data/venv/lib/python3.12/site-packages/oslo_concurrency/lockutils.py:511}}
Jul 07 01:30:18.161275 np0000184302 devstack@n-api-meta.service[107528]: DEBUG oslo_concurrency.lockutils [None req-ad16b889-a676-4808-94dd-69ad1c674f97 None None] Lock "00000000-0000-0000-0000-000000000000" acquired by "nova.context.set_target_cell..get_or_set_cached_cell_and_set_connections" :: waited 0.000s {{(pid=107528) inner /opt/stack/data/venv/lib/python3.12/site-packages/oslo_concurrency/lockutils.py:524}}
Jul 07 01:30:18.161809 np0000184302 devstack@n-api-meta.service[107528]: DEBUG oslo_concurrency.lockutils [None req-ad16b889-a676-4808-94dd-69ad1c674f97 None None] Lock "00000000-0000-0000-0000-000000000000" "released" by "nova.context.set_target_cell..get_or_set_cached_cell_and_set_connections" :: held 0.001s {{(pid=107528) inner /opt/stack/data/venv/lib/python3.12/site-packages/oslo_concurrency/lockutils.py:543}}
Jul 07 01:30:18.162748 np0000184302 devstack@n-api-meta.service[107528]: DEBUG oslo_concurrency.lockutils [None req-ad16b889-a676-4808-94dd-69ad1c674f97 None None] Acquiring lock "050d40f2-2036-423a-85ac-457124abbc5f" by "nova.context.set_target_cell..get_or_set_cached_cell_and_set_connections" {{(pid=107528) inner /opt/stack/data/venv/lib/python3.12/site-packages/oslo_concurrency/lockutils.py:511}}
Jul 07 01:30:18.165093 np0000184302 devstack@n-api-meta.service[107528]: INFO dbcounter [None req-ad16b889-a676-4808-94dd-69ad1c674f97 None None] Registered counter for database nova_cell0
Jul 07 01:30:18.166689 np0000184302 devstack@n-api-meta.service[107528]: DEBUG oslo_concurrency.lockutils [None req-ad16b889-a676-4808-94dd-69ad1c674f97 None None] Lock "050d40f2-2036-423a-85ac-457124abbc5f" acquired by "nova.context.set_target_cell..get_or_set_cached_cell_and_set_connections" :: waited 0.002s {{(pid=107528) inner /opt/stack/data/venv/lib/python3.12/site-packages/oslo_concurrency/lockutils.py:524}}
Jul 07 01:30:18.168329 np0000184302 devstack@n-api-meta.service[107528]: DEBUG oslo_concurrency.lockutils [None req-ad16b889-a676-4808-94dd-69ad1c674f97 None None] Lock "050d40f2-2036-423a-85ac-457124abbc5f" "released" by "nova.context.set_target_cell..get_or_set_cached_cell_and_set_connections" :: held 0.003s {{(pid=107528) inner /opt/stack/data/venv/lib/python3.12/site-packages/oslo_concurrency/lockutils.py:543}}
Jul 07 01:30:18.174130 np0000184302 devstack@n-api-meta.service[107528]: INFO dbcounter [None req-ad16b889-a676-4808-94dd-69ad1c674f97 None None] Registered counter for database nova_cell1
Jul 07 01:30:18.191318 np0000184302 devstack@n-api-meta.service[107529]: DEBUG oslo_db.sqlalchemy.engines [None req-4b6a9393-6468-4ffc-97ee-5d634972cf00 None None] MySQL server mode set to STRICT_TRANS_TABLES,STRICT_ALL_TABLES,NO_ZERO_IN_DATE,NO_ZERO_DATE,ERROR_FOR_DIVISION_BY_ZERO,TRADITIONAL,NO_ENGINE_SUBSTITUTION {{(pid=107529) _check_effective_sql_mode /opt/stack/data/venv/lib/python3.12/site-packages/oslo_db/sqlalchemy/engines.py:325}}
Jul 07 01:30:18.195700 np0000184302 devstack@n-api-meta.service[107531]: DEBUG oslo_db.sqlalchemy.engines [None req-85520628-2ff9-491b-bc1d-443794821d96 None None] MySQL server mode set to STRICT_TRANS_TABLES,STRICT_ALL_TABLES,NO_ZERO_IN_DATE,NO_ZERO_DATE,ERROR_FOR_DIVISION_BY_ZERO,TRADITIONAL,NO_ENGINE_SUBSTITUTION {{(pid=107531) _check_effective_sql_mode /opt/stack/data/venv/lib/python3.12/site-packages/oslo_db/sqlalchemy/engines.py:325}}
Jul 07 01:30:18.199658 np0000184302 devstack@n-api-meta.service[107530]: DEBUG oslo_db.sqlalchemy.engines [None req-0bd76b60-a9c2-444f-8ffe-77b9f432e93a None None] MySQL server mode set to STRICT_TRANS_TABLES,STRICT_ALL_TABLES,NO_ZERO_IN_DATE,NO_ZERO_DATE,ERROR_FOR_DIVISION_BY_ZERO,TRADITIONAL,NO_ENGINE_SUBSTITUTION {{(pid=107530) _check_effective_sql_mode /opt/stack/data/venv/lib/python3.12/site-packages/oslo_db/sqlalchemy/engines.py:325}}
Jul 07 01:30:18.224728 np0000184302 devstack@n-api-meta.service[107529]: DEBUG dbcounter [-] [107529] Writer thread running {{(pid=107529) stat_writer /opt/stack/data/venv/lib/python3.12/site-packages/dbcounter.py:102}}
Jul 07 01:30:18.227519 np0000184302 devstack@n-api-meta.service[107529]: DEBUG nova.context [None req-4b6a9393-6468-4ffc-97ee-5d634972cf00 None None] Found 2 cells: 00000000-0000-0000-0000-000000000000(cell0),050d40f2-2036-423a-85ac-457124abbc5f(cell1) {{(pid=107529) load_cells /opt/stack/nova/nova/context.py:509}}
Jul 07 01:30:18.227817 np0000184302 devstack@n-api-meta.service[107529]: INFO nova.utils [None req-4b6a9393-6468-4ffc-97ee-5d634972cf00 None None] The cell worker thread pool MainProcess.cell_worker is initialized
Jul 07 01:30:18.230178 np0000184302 devstack@n-api-meta.service[107529]: DEBUG oslo_concurrency.lockutils [None req-4b6a9393-6468-4ffc-97ee-5d634972cf00 None None] Acquiring lock "00000000-0000-0000-0000-000000000000" by "nova.context.set_target_cell..get_or_set_cached_cell_and_set_connections" {{(pid=107529) inner /opt/stack/data/venv/lib/python3.12/site-packages/oslo_concurrency/lockutils.py:511}}
Jul 07 01:30:18.230413 np0000184302 devstack@n-api-meta.service[107529]: DEBUG oslo_concurrency.lockutils [None req-4b6a9393-6468-4ffc-97ee-5d634972cf00 None None] Lock "00000000-0000-0000-0000-000000000000" acquired by "nova.context.set_target_cell..get_or_set_cached_cell_and_set_connections" :: waited 0.000s {{(pid=107529) inner /opt/stack/data/venv/lib/python3.12/site-packages/oslo_concurrency/lockutils.py:524}}
Jul 07 01:30:18.230890 np0000184302 devstack@n-api-meta.service[107529]: DEBUG oslo_concurrency.lockutils [None req-4b6a9393-6468-4ffc-97ee-5d634972cf00 None None] Lock "00000000-0000-0000-0000-000000000000" "released" by "nova.context.set_target_cell..get_or_set_cached_cell_and_set_connections" :: held 0.000s {{(pid=107529) inner /opt/stack/data/venv/lib/python3.12/site-packages/oslo_concurrency/lockutils.py:543}}
Jul 07 01:30:18.231814 np0000184302 devstack@n-api-meta.service[107529]: DEBUG oslo_concurrency.lockutils [None req-4b6a9393-6468-4ffc-97ee-5d634972cf00 None None] Acquiring lock "050d40f2-2036-423a-85ac-457124abbc5f" by "nova.context.set_target_cell..get_or_set_cached_cell_and_set_connections" {{(pid=107529) inner /opt/stack/data/venv/lib/python3.12/site-packages/oslo_concurrency/lockutils.py:511}}
Jul 07 01:30:18.232077 np0000184302 devstack@n-api-meta.service[107529]: DEBUG oslo_concurrency.lockutils [None req-4b6a9393-6468-4ffc-97ee-5d634972cf00 None None] Lock "050d40f2-2036-423a-85ac-457124abbc5f" acquired by "nova.context.set_target_cell..get_or_set_cached_cell_and_set_connections" :: waited 0.000s {{(pid=107529) inner /opt/stack/data/venv/lib/python3.12/site-packages/oslo_concurrency/lockutils.py:524}}
Jul 07 01:30:18.233228 np0000184302 devstack@n-api-meta.service[107529]: DEBUG oslo_concurrency.lockutils [None req-4b6a9393-6468-4ffc-97ee-5d634972cf00 None None] Lock "050d40f2-2036-423a-85ac-457124abbc5f" "released" by "nova.context.set_target_cell..get_or_set_cached_cell_and_set_connections" :: held 0.001s {{(pid=107529) inner /opt/stack/data/venv/lib/python3.12/site-packages/oslo_concurrency/lockutils.py:543}}
Jul 07 01:30:18.236976 np0000184302 devstack@n-api-meta.service[107529]: INFO dbcounter [None req-4b6a9393-6468-4ffc-97ee-5d634972cf00 None None] Registered counter for database nova_cell0
Jul 07 01:30:18.240086 np0000184302 devstack@n-api-meta.service[107528]: DEBUG oslo_db.sqlalchemy.engines [None req-ad16b889-a676-4808-94dd-69ad1c674f97 None None] MySQL server mode set to STRICT_TRANS_TABLES,STRICT_ALL_TABLES,NO_ZERO_IN_DATE,NO_ZERO_DATE,ERROR_FOR_DIVISION_BY_ZERO,TRADITIONAL,NO_ENGINE_SUBSTITUTION {{(pid=107528) _check_effective_sql_mode /opt/stack/data/venv/lib/python3.12/site-packages/oslo_db/sqlalchemy/engines.py:325}}
Jul 07 01:30:18.240747 np0000184302 devstack@n-api-meta.service[107529]: INFO dbcounter [None req-4b6a9393-6468-4ffc-97ee-5d634972cf00 None None] Registered counter for database nova_cell1
Jul 07 01:30:18.248006 np0000184302 devstack@n-api-meta.service[107528]: DEBUG oslo_db.sqlalchemy.engines [None req-ad16b889-a676-4808-94dd-69ad1c674f97 None None] MySQL server mode set to STRICT_TRANS_TABLES,STRICT_ALL_TABLES,NO_ZERO_IN_DATE,NO_ZERO_DATE,ERROR_FOR_DIVISION_BY_ZERO,TRADITIONAL,NO_ENGINE_SUBSTITUTION {{(pid=107528) _check_effective_sql_mode /opt/stack/data/venv/lib/python3.12/site-packages/oslo_db/sqlalchemy/engines.py:325}}
Jul 07 01:30:18.248173 np0000184302 devstack@n-api-meta.service[107531]: DEBUG dbcounter [-] [107531] Writer thread running {{(pid=107531) stat_writer /opt/stack/data/venv/lib/python3.12/site-packages/dbcounter.py:102}}
Jul 07 01:30:18.249123 np0000184302 devstack@n-api-meta.service[107530]: DEBUG dbcounter [-] [107530] Writer thread running {{(pid=107530) stat_writer /opt/stack/data/venv/lib/python3.12/site-packages/dbcounter.py:102}}
Jul 07 01:30:18.250911 np0000184302 devstack@n-api-meta.service[107531]: DEBUG nova.context [None req-85520628-2ff9-491b-bc1d-443794821d96 None None] Found 2 cells: 00000000-0000-0000-0000-000000000000(cell0),050d40f2-2036-423a-85ac-457124abbc5f(cell1) {{(pid=107531) load_cells /opt/stack/nova/nova/context.py:509}}
Jul 07 01:30:18.251253 np0000184302 devstack@n-api-meta.service[107531]: INFO nova.utils [None req-85520628-2ff9-491b-bc1d-443794821d96 None None] The cell worker thread pool MainProcess.cell_worker is initialized
Jul 07 01:30:18.252077 np0000184302 devstack@n-api-meta.service[107530]: DEBUG nova.context [None req-0bd76b60-a9c2-444f-8ffe-77b9f432e93a None None] Found 2 cells: 00000000-0000-0000-0000-000000000000(cell0),050d40f2-2036-423a-85ac-457124abbc5f(cell1) {{(pid=107530) load_cells /opt/stack/nova/nova/context.py:509}}
Jul 07 01:30:18.252388 np0000184302 devstack@n-api-meta.service[107530]: INFO nova.utils [None req-0bd76b60-a9c2-444f-8ffe-77b9f432e93a None None] The cell worker thread pool MainProcess.cell_worker is initialized
Jul 07 01:30:18.253714 np0000184302 devstack@n-api-meta.service[107531]: DEBUG oslo_concurrency.lockutils [None req-85520628-2ff9-491b-bc1d-443794821d96 None None] Acquiring lock "00000000-0000-0000-0000-000000000000" by "nova.context.set_target_cell..get_or_set_cached_cell_and_set_connections" {{(pid=107531) inner /opt/stack/data/venv/lib/python3.12/site-packages/oslo_concurrency/lockutils.py:511}}
Jul 07 01:30:18.253997 np0000184302 devstack@n-api-meta.service[107531]: DEBUG oslo_concurrency.lockutils [None req-85520628-2ff9-491b-bc1d-443794821d96 None None] Lock "00000000-0000-0000-0000-000000000000" acquired by "nova.context.set_target_cell..get_or_set_cached_cell_and_set_connections" :: waited 0.000s {{(pid=107531) inner /opt/stack/data/venv/lib/python3.12/site-packages/oslo_concurrency/lockutils.py:524}}
Jul 07 01:30:18.254576 np0000184302 devstack@n-api-meta.service[107531]: DEBUG oslo_concurrency.lockutils [None req-85520628-2ff9-491b-bc1d-443794821d96 None None] Lock "00000000-0000-0000-0000-000000000000" "released" by "nova.context.set_target_cell..get_or_set_cached_cell_and_set_connections" :: held 0.001s {{(pid=107531) inner /opt/stack/data/venv/lib/python3.12/site-packages/oslo_concurrency/lockutils.py:543}}
Jul 07 01:30:18.254799 np0000184302 devstack@n-api-meta.service[107530]: DEBUG oslo_concurrency.lockutils [None req-0bd76b60-a9c2-444f-8ffe-77b9f432e93a None None] Acquiring lock "00000000-0000-0000-0000-000000000000" by "nova.context.set_target_cell..get_or_set_cached_cell_and_set_connections" {{(pid=107530) inner /opt/stack/data/venv/lib/python3.12/site-packages/oslo_concurrency/lockutils.py:511}}
Jul 07 01:30:18.255050 np0000184302 devstack@n-api-meta.service[107530]: DEBUG oslo_concurrency.lockutils [None req-0bd76b60-a9c2-444f-8ffe-77b9f432e93a None None] Lock "00000000-0000-0000-0000-000000000000" acquired by "nova.context.set_target_cell..get_or_set_cached_cell_and_set_connections" :: waited 0.000s {{(pid=107530) inner /opt/stack/data/venv/lib/python3.12/site-packages/oslo_concurrency/lockutils.py:524}}
Jul 07 01:30:18.255388 np0000184302 devstack@n-api-meta.service[107531]: DEBUG oslo_concurrency.lockutils [None req-85520628-2ff9-491b-bc1d-443794821d96 None None] Acquiring lock "050d40f2-2036-423a-85ac-457124abbc5f" by "nova.context.set_target_cell..get_or_set_cached_cell_and_set_connections" {{(pid=107531) inner /opt/stack/data/venv/lib/python3.12/site-packages/oslo_concurrency/lockutils.py:511}}
Jul 07 01:30:18.255568 np0000184302 devstack@n-api-meta.service[107530]: DEBUG oslo_concurrency.lockutils [None req-0bd76b60-a9c2-444f-8ffe-77b9f432e93a None None] Lock "00000000-0000-0000-0000-000000000000" "released" by "nova.context.set_target_cell..get_or_set_cached_cell_and_set_connections" :: held 0.001s {{(pid=107530) inner /opt/stack/data/venv/lib/python3.12/site-packages/oslo_concurrency/lockutils.py:543}}
Jul 07 01:30:18.255653 np0000184302 devstack@n-api-meta.service[107531]: DEBUG oslo_concurrency.lockutils [None req-85520628-2ff9-491b-bc1d-443794821d96 None None] Lock "050d40f2-2036-423a-85ac-457124abbc5f" acquired by "nova.context.set_target_cell..get_or_set_cached_cell_and_set_connections" :: waited 0.000s {{(pid=107531) inner /opt/stack/data/venv/lib/python3.12/site-packages/oslo_concurrency/lockutils.py:524}}
Jul 07 01:30:18.256372 np0000184302 devstack@n-api-meta.service[107530]: DEBUG oslo_concurrency.lockutils [None req-0bd76b60-a9c2-444f-8ffe-77b9f432e93a None None] Acquiring lock "050d40f2-2036-423a-85ac-457124abbc5f" by "nova.context.set_target_cell..get_or_set_cached_cell_and_set_connections" {{(pid=107530) inner /opt/stack/data/venv/lib/python3.12/site-packages/oslo_concurrency/lockutils.py:511}}
Jul 07 01:30:18.256574 np0000184302 devstack@n-api-meta.service[107530]: DEBUG oslo_concurrency.lockutils [None req-0bd76b60-a9c2-444f-8ffe-77b9f432e93a None None] Lock "050d40f2-2036-423a-85ac-457124abbc5f" acquired by "nova.context.set_target_cell..get_or_set_cached_cell_and_set_connections" :: waited 0.000s {{(pid=107530) inner /opt/stack/data/venv/lib/python3.12/site-packages/oslo_concurrency/lockutils.py:524}}
Jul 07 01:30:18.256802 np0000184302 devstack@n-api-meta.service[107531]: DEBUG oslo_concurrency.lockutils [None req-85520628-2ff9-491b-bc1d-443794821d96 None None] Lock "050d40f2-2036-423a-85ac-457124abbc5f" "released" by "nova.context.set_target_cell..get_or_set_cached_cell_and_set_connections" :: held 0.001s {{(pid=107531) inner /opt/stack/data/venv/lib/python3.12/site-packages/oslo_concurrency/lockutils.py:543}}
Jul 07 01:30:18.257571 np0000184302 devstack@n-api-meta.service[107530]: DEBUG oslo_concurrency.lockutils [None req-0bd76b60-a9c2-444f-8ffe-77b9f432e93a None None] Lock "050d40f2-2036-423a-85ac-457124abbc5f" "released" by "nova.context.set_target_cell..get_or_set_cached_cell_and_set_connections" :: held 0.001s {{(pid=107530) inner /opt/stack/data/venv/lib/python3.12/site-packages/oslo_concurrency/lockutils.py:543}}
Jul 07 01:30:18.259382 np0000184302 devstack@n-api-meta.service[107531]: INFO dbcounter [None req-85520628-2ff9-491b-bc1d-443794821d96 None None] Registered counter for database nova_cell0
Jul 07 01:30:18.259828 np0000184302 devstack@n-api-meta.service[107530]: INFO dbcounter [None req-0bd76b60-a9c2-444f-8ffe-77b9f432e93a None None] Registered counter for database nova_cell0
Jul 07 01:30:18.264196 np0000184302 devstack@n-api-meta.service[107531]: INFO dbcounter [None req-85520628-2ff9-491b-bc1d-443794821d96 None None] Registered counter for database nova_cell1
Jul 07 01:30:18.264298 np0000184302 devstack@n-api-meta.service[107530]: INFO dbcounter [None req-0bd76b60-a9c2-444f-8ffe-77b9f432e93a None None] Registered counter for database nova_cell1
Jul 07 01:30:18.297541 np0000184302 devstack@n-api-meta.service[107529]: DEBUG oslo_db.sqlalchemy.engines [None req-4b6a9393-6468-4ffc-97ee-5d634972cf00 None None] MySQL server mode set to STRICT_TRANS_TABLES,STRICT_ALL_TABLES,NO_ZERO_IN_DATE,NO_ZERO_DATE,ERROR_FOR_DIVISION_BY_ZERO,TRADITIONAL,NO_ENGINE_SUBSTITUTION {{(pid=107529) _check_effective_sql_mode /opt/stack/data/venv/lib/python3.12/site-packages/oslo_db/sqlalchemy/engines.py:325}}
Jul 07 01:30:18.305583 np0000184302 devstack@n-api-meta.service[107529]: DEBUG oslo_db.sqlalchemy.engines [None req-4b6a9393-6468-4ffc-97ee-5d634972cf00 None None] MySQL server mode set to STRICT_TRANS_TABLES,STRICT_ALL_TABLES,NO_ZERO_IN_DATE,NO_ZERO_DATE,ERROR_FOR_DIVISION_BY_ZERO,TRADITIONAL,NO_ENGINE_SUBSTITUTION {{(pid=107529) _check_effective_sql_mode /opt/stack/data/venv/lib/python3.12/site-packages/oslo_db/sqlalchemy/engines.py:325}}
Jul 07 01:30:18.325058 np0000184302 devstack@n-api-meta.service[107531]: DEBUG oslo_db.sqlalchemy.engines [None req-85520628-2ff9-491b-bc1d-443794821d96 None None] MySQL server mode set to STRICT_TRANS_TABLES,STRICT_ALL_TABLES,NO_ZERO_IN_DATE,NO_ZERO_DATE,ERROR_FOR_DIVISION_BY_ZERO,TRADITIONAL,NO_ENGINE_SUBSTITUTION {{(pid=107531) _check_effective_sql_mode /opt/stack/data/venv/lib/python3.12/site-packages/oslo_db/sqlalchemy/engines.py:325}}
Jul 07 01:30:18.330435 np0000184302 devstack@n-api-meta.service[107530]: DEBUG oslo_db.sqlalchemy.engines [None req-0bd76b60-a9c2-444f-8ffe-77b9f432e93a None None] MySQL server mode set to STRICT_TRANS_TABLES,STRICT_ALL_TABLES,NO_ZERO_IN_DATE,NO_ZERO_DATE,ERROR_FOR_DIVISION_BY_ZERO,TRADITIONAL,NO_ENGINE_SUBSTITUTION {{(pid=107530) _check_effective_sql_mode /opt/stack/data/venv/lib/python3.12/site-packages/oslo_db/sqlalchemy/engines.py:325}}
Jul 07 01:30:18.339597 np0000184302 devstack@n-api-meta.service[107531]: DEBUG oslo_db.sqlalchemy.engines [None req-85520628-2ff9-491b-bc1d-443794821d96 None None] MySQL server mode set to STRICT_TRANS_TABLES,STRICT_ALL_TABLES,NO_ZERO_IN_DATE,NO_ZERO_DATE,ERROR_FOR_DIVISION_BY_ZERO,TRADITIONAL,NO_ENGINE_SUBSTITUTION {{(pid=107531) _check_effective_sql_mode /opt/stack/data/venv/lib/python3.12/site-packages/oslo_db/sqlalchemy/engines.py:325}}
Jul 07 01:30:18.360481 np0000184302 devstack@n-api-meta.service[107528]: DEBUG dbcounter [-] [107528] Writer thread running {{(pid=107528) stat_writer /opt/stack/data/venv/lib/python3.12/site-packages/dbcounter.py:102}}
Jul 07 01:30:18.364641 np0000184302 devstack@n-api-meta.service[107528]: DEBUG dbcounter [-] [107528] Writer thread running {{(pid=107528) stat_writer /opt/stack/data/venv/lib/python3.12/site-packages/dbcounter.py:102}}
Jul 07 01:30:18.369650 np0000184302 devstack@n-api-meta.service[107528]: INFO dbcounter [None req-ad16b889-a676-4808-94dd-69ad1c674f97 None None] Registered counter for database nova_cell0
Jul 07 01:30:18.403108 np0000184302 devstack@n-api-meta.service[107530]: DEBUG oslo_db.sqlalchemy.engines [None req-0bd76b60-a9c2-444f-8ffe-77b9f432e93a None None] MySQL server mode set to STRICT_TRANS_TABLES,STRICT_ALL_TABLES,NO_ZERO_IN_DATE,NO_ZERO_DATE,ERROR_FOR_DIVISION_BY_ZERO,TRADITIONAL,NO_ENGINE_SUBSTITUTION {{(pid=107530) _check_effective_sql_mode /opt/stack/data/venv/lib/python3.12/site-packages/oslo_db/sqlalchemy/engines.py:325}}
Jul 07 01:30:18.407648 np0000184302 devstack@n-api-meta.service[107528]: DEBUG oslo_db.sqlalchemy.engines [None req-ad16b889-a676-4808-94dd-69ad1c674f97 None None] MySQL server mode set to STRICT_TRANS_TABLES,STRICT_ALL_TABLES,NO_ZERO_IN_DATE,NO_ZERO_DATE,ERROR_FOR_DIVISION_BY_ZERO,TRADITIONAL,NO_ENGINE_SUBSTITUTION {{(pid=107528) _check_effective_sql_mode /opt/stack/data/venv/lib/python3.12/site-packages/oslo_db/sqlalchemy/engines.py:325}}
Jul 07 01:30:18.410702 np0000184302 devstack@n-api-meta.service[107529]: DEBUG dbcounter [-] [107529] Writer thread running {{(pid=107529) stat_writer /opt/stack/data/venv/lib/python3.12/site-packages/dbcounter.py:102}}
Jul 07 01:30:18.411807 np0000184302 devstack@n-api-meta.service[107529]: DEBUG dbcounter [-] [107529] Writer thread running {{(pid=107529) stat_writer /opt/stack/data/venv/lib/python3.12/site-packages/dbcounter.py:102}}
Jul 07 01:30:18.414031 np0000184302 devstack@n-api-meta.service[107528]: DEBUG dbcounter [-] [107528] Writer thread running {{(pid=107528) stat_writer /opt/stack/data/venv/lib/python3.12/site-packages/dbcounter.py:102}}
Jul 07 01:30:18.416508 np0000184302 devstack@n-api-meta.service[107529]: INFO dbcounter [None req-4b6a9393-6468-4ffc-97ee-5d634972cf00 None None] Registered counter for database nova_cell0
Jul 07 01:30:18.421535 np0000184302 devstack@n-api-meta.service[107531]: DEBUG dbcounter [-] [107531] Writer thread running {{(pid=107531) stat_writer /opt/stack/data/venv/lib/python3.12/site-packages/dbcounter.py:102}}
Jul 07 01:30:18.427131 np0000184302 devstack@n-api-meta.service[107531]: DEBUG dbcounter [-] [107531] Writer thread running {{(pid=107531) stat_writer /opt/stack/data/venv/lib/python3.12/site-packages/dbcounter.py:102}}
Jul 07 01:30:18.432335 np0000184302 devstack@n-api-meta.service[107531]: INFO dbcounter [None req-85520628-2ff9-491b-bc1d-443794821d96 None None] Registered counter for database nova_cell0
Jul 07 01:30:18.445514 np0000184302 devstack@n-api-meta.service[107530]: DEBUG dbcounter [-] [107530] Writer thread running {{(pid=107530) stat_writer /opt/stack/data/venv/lib/python3.12/site-packages/dbcounter.py:102}}
Jul 07 01:30:18.453055 np0000184302 devstack@n-api-meta.service[107530]: DEBUG dbcounter [-] [107530] Writer thread running {{(pid=107530) stat_writer /opt/stack/data/venv/lib/python3.12/site-packages/dbcounter.py:102}}
Jul 07 01:30:18.456882 np0000184302 devstack@n-api-meta.service[107528]: WARNING nova.api.metadata.handler [None req-ad16b889-a676-4808-94dd-69ad1c674f97 None None] metadata_proxy_shared_secret is not configured, the metadata information returned by the proxy cannot be trusted
Jul 07 01:30:18.458143 np0000184302 devstack@n-api-meta.service[107530]: INFO dbcounter [None req-0bd76b60-a9c2-444f-8ffe-77b9f432e93a None None] Registered counter for database nova_cell0
Jul 07 01:30:18.459306 np0000184302 devstack@n-api-meta.service[107528]: DEBUG nova.api.openstack.wsgi_app [None req-ad16b889-a676-4808-94dd-69ad1c674f97 None None] ******************************************************************************** {{(pid=107528) log_opt_values /opt/stack/data/venv/lib/python3.12/site-packages/oslo_config/cfg.py:3226}}
Jul 07 01:30:18.459399 np0000184302 devstack@n-api-meta.service[107528]: DEBUG nova.api.openstack.wsgi_app [None req-ad16b889-a676-4808-94dd-69ad1c674f97 None None] Configuration options gathered from: {{(pid=107528) log_opt_values /opt/stack/data/venv/lib/python3.12/site-packages/oslo_config/cfg.py:3227}}
Jul 07 01:30:18.459520 np0000184302 devstack@n-api-meta.service[107528]: DEBUG nova.api.openstack.wsgi_app [None req-ad16b889-a676-4808-94dd-69ad1c674f97 None None] command line args: [] {{(pid=107528) log_opt_values /opt/stack/data/venv/lib/python3.12/site-packages/oslo_config/cfg.py:3228}}
Jul 07 01:30:18.459677 np0000184302 devstack@n-api-meta.service[107528]: DEBUG nova.api.openstack.wsgi_app [None req-ad16b889-a676-4808-94dd-69ad1c674f97 None None] config files: ['/etc/nova/api-paste.ini', '/etc/nova/nova.conf'] {{(pid=107528) log_opt_values /opt/stack/data/venv/lib/python3.12/site-packages/oslo_config/cfg.py:3229}}
Jul 07 01:30:18.459779 np0000184302 devstack@n-api-meta.service[107528]: DEBUG nova.api.openstack.wsgi_app [None req-ad16b889-a676-4808-94dd-69ad1c674f97 None None] ================================================================================ {{(pid=107528) log_opt_values /opt/stack/data/venv/lib/python3.12/site-packages/oslo_config/cfg.py:3234}}
Jul 07 01:30:18.459957 np0000184302 devstack@n-api-meta.service[107528]: DEBUG nova.api.openstack.wsgi_app [None req-ad16b889-a676-4808-94dd-69ad1c674f97 None None] allow_resize_to_same_host = True {{(pid=107528) log_opt_values /opt/stack/data/venv/lib/python3.12/site-packages/oslo_config/cfg.py:3242}}
Jul 07 01:30:18.460140 np0000184302 devstack@n-api-meta.service[107528]: DEBUG nova.api.openstack.wsgi_app [None req-ad16b889-a676-4808-94dd-69ad1c674f97 None None] arq_binding_timeout = 300 {{(pid=107528) log_opt_values /opt/stack/data/venv/lib/python3.12/site-packages/oslo_config/cfg.py:3242}}
Jul 07 01:30:18.460288 np0000184302 devstack@n-api-meta.service[107528]: DEBUG nova.api.openstack.wsgi_app [None req-ad16b889-a676-4808-94dd-69ad1c674f97 None None] block_device_allocate_retries = 60 {{(pid=107528) log_opt_values /opt/stack/data/venv/lib/python3.12/site-packages/oslo_config/cfg.py:3242}}
Jul 07 01:30:18.460423 np0000184302 devstack@n-api-meta.service[107528]: DEBUG nova.api.openstack.wsgi_app [None req-ad16b889-a676-4808-94dd-69ad1c674f97 None None] block_device_allocate_retries_interval = 3 {{(pid=107528) log_opt_values /opt/stack/data/venv/lib/python3.12/site-packages/oslo_config/cfg.py:3242}}
Jul 07 01:30:18.460552 np0000184302 devstack@n-api-meta.service[107528]: DEBUG nova.api.openstack.wsgi_app [None req-ad16b889-a676-4808-94dd-69ad1c674f97 None None] cell_worker_thread_pool_size = 5 {{(pid=107528) log_opt_values /opt/stack/data/venv/lib/python3.12/site-packages/oslo_config/cfg.py:3242}}
Jul 07 01:30:18.460690 np0000184302 devstack@n-api-meta.service[107528]: DEBUG nova.api.openstack.wsgi_app [None req-ad16b889-a676-4808-94dd-69ad1c674f97 None None] cert = self.pem {{(pid=107528) log_opt_values /opt/stack/data/venv/lib/python3.12/site-packages/oslo_config/cfg.py:3242}}
Jul 07 01:30:18.460862 np0000184302 devstack@n-api-meta.service[107528]: DEBUG nova.api.openstack.wsgi_app [None req-ad16b889-a676-4808-94dd-69ad1c674f97 None None] compute_driver = libvirt.LibvirtDriver {{(pid=107528) log_opt_values /opt/stack/data/venv/lib/python3.12/site-packages/oslo_config/cfg.py:3242}}
Jul 07 01:30:18.461016 np0000184302 devstack@n-api-meta.service[107528]: DEBUG nova.api.openstack.wsgi_app [None req-ad16b889-a676-4808-94dd-69ad1c674f97 None None] compute_monitors = [] {{(pid=107528) log_opt_values /opt/stack/data/venv/lib/python3.12/site-packages/oslo_config/cfg.py:3242}}
Jul 07 01:30:18.461164 np0000184302 devstack@n-api-meta.service[107528]: DEBUG nova.api.openstack.wsgi_app [None req-ad16b889-a676-4808-94dd-69ad1c674f97 None None] concurrency_backend = auto {{(pid=107528) log_opt_values /opt/stack/data/venv/lib/python3.12/site-packages/oslo_config/cfg.py:3242}}
Jul 07 01:30:18.461296 np0000184302 devstack@n-api-meta.service[107528]: DEBUG nova.api.openstack.wsgi_app [None req-ad16b889-a676-4808-94dd-69ad1c674f97 None None] config_dir = [] {{(pid=107528) log_opt_values /opt/stack/data/venv/lib/python3.12/site-packages/oslo_config/cfg.py:3242}}
Jul 07 01:30:18.461436 np0000184302 devstack@n-api-meta.service[107529]: DEBUG oslo_db.sqlalchemy.engines [None req-4b6a9393-6468-4ffc-97ee-5d634972cf00 None None] MySQL server mode set to STRICT_TRANS_TABLES,STRICT_ALL_TABLES,NO_ZERO_IN_DATE,NO_ZERO_DATE,ERROR_FOR_DIVISION_BY_ZERO,TRADITIONAL,NO_ENGINE_SUBSTITUTION {{(pid=107529) _check_effective_sql_mode /opt/stack/data/venv/lib/python3.12/site-packages/oslo_db/sqlalchemy/engines.py:325}}
Jul 07 01:30:18.461483 np0000184302 devstack@n-api-meta.service[107528]: DEBUG nova.api.openstack.wsgi_app [None req-ad16b889-a676-4808-94dd-69ad1c674f97 None None] config_drive_format = iso9660 {{(pid=107528) log_opt_values /opt/stack/data/venv/lib/python3.12/site-packages/oslo_config/cfg.py:3242}}
Jul 07 01:30:18.461540 np0000184302 devstack@n-api-meta.service[107528]: DEBUG nova.api.openstack.wsgi_app [None req-ad16b889-a676-4808-94dd-69ad1c674f97 None None] config_file = ['/etc/nova/api-paste.ini', '/etc/nova/nova.conf'] {{(pid=107528) log_opt_values /opt/stack/data/venv/lib/python3.12/site-packages/oslo_config/cfg.py:3242}}
Jul 07 01:30:18.461692 np0000184302 devstack@n-api-meta.service[107528]: DEBUG nova.api.openstack.wsgi_app [None req-ad16b889-a676-4808-94dd-69ad1c674f97 None None] config_source = [] {{(pid=107528) log_opt_values /opt/stack/data/venv/lib/python3.12/site-packages/oslo_config/cfg.py:3242}}
Jul 07 01:30:18.461864 np0000184302 devstack@n-api-meta.service[107528]: DEBUG nova.api.openstack.wsgi_app [None req-ad16b889-a676-4808-94dd-69ad1c674f97 None None] console_host = np0000184302 {{(pid=107528) log_opt_values /opt/stack/data/venv/lib/python3.12/site-packages/oslo_config/cfg.py:3242}}
Jul 07 01:30:18.462020 np0000184302 devstack@n-api-meta.service[107528]: DEBUG nova.api.openstack.wsgi_app [None req-ad16b889-a676-4808-94dd-69ad1c674f97 None None] control_exchange = nova {{(pid=107528) log_opt_values /opt/stack/data/venv/lib/python3.12/site-packages/oslo_config/cfg.py:3242}}
Jul 07 01:30:18.462149 np0000184302 devstack@n-api-meta.service[107528]: DEBUG nova.api.openstack.wsgi_app [None req-ad16b889-a676-4808-94dd-69ad1c674f97 None None] cpu_allocation_ratio = None {{(pid=107528) log_opt_values /opt/stack/data/venv/lib/python3.12/site-packages/oslo_config/cfg.py:3242}}
Jul 07 01:30:18.462351 np0000184302 devstack@n-api-meta.service[107528]: DEBUG nova.api.openstack.wsgi_app [None req-ad16b889-a676-4808-94dd-69ad1c674f97 None None] daemon = False {{(pid=107528) log_opt_values /opt/stack/data/venv/lib/python3.12/site-packages/oslo_config/cfg.py:3242}}
Jul 07 01:30:18.462487 np0000184302 devstack@n-api-meta.service[107528]: DEBUG nova.api.openstack.wsgi_app [None req-ad16b889-a676-4808-94dd-69ad1c674f97 None None] debug = True {{(pid=107528) log_opt_values /opt/stack/data/venv/lib/python3.12/site-packages/oslo_config/cfg.py:3242}}
Jul 07 01:30:18.462619 np0000184302 devstack@n-api-meta.service[107528]: DEBUG nova.api.openstack.wsgi_app [None req-ad16b889-a676-4808-94dd-69ad1c674f97 None None] default_access_ip_network_name = None {{(pid=107528) log_opt_values /opt/stack/data/venv/lib/python3.12/site-packages/oslo_config/cfg.py:3242}}
Jul 07 01:30:18.462753 np0000184302 devstack@n-api-meta.service[107528]: DEBUG nova.api.openstack.wsgi_app [None req-ad16b889-a676-4808-94dd-69ad1c674f97 None None] default_availability_zone = nova {{(pid=107528) log_opt_values /opt/stack/data/venv/lib/python3.12/site-packages/oslo_config/cfg.py:3242}}
Jul 07 01:30:18.462893 np0000184302 devstack@n-api-meta.service[107528]: DEBUG nova.api.openstack.wsgi_app [None req-ad16b889-a676-4808-94dd-69ad1c674f97 None None] default_ephemeral_format = ext4 {{(pid=107528) log_opt_values /opt/stack/data/venv/lib/python3.12/site-packages/oslo_config/cfg.py:3242}}
Jul 07 01:30:18.463097 np0000184302 devstack@n-api-meta.service[107528]: DEBUG nova.api.openstack.wsgi_app [None req-ad16b889-a676-4808-94dd-69ad1c674f97 None None] default_green_pool_size = 1000 {{(pid=107528) log_opt_values /opt/stack/data/venv/lib/python3.12/site-packages/oslo_config/cfg.py:3242}}
Jul 07 01:30:18.463311 np0000184302 devstack@n-api-meta.service[107528]: DEBUG nova.api.openstack.wsgi_app [None req-ad16b889-a676-4808-94dd-69ad1c674f97 None None] default_log_levels = ['amqp=WARN', 'boto=WARN', 'sqlalchemy=WARN', 'suds=INFO', 'oslo.messaging=INFO', 'oslo_messaging=INFO', 'iso8601=WARN', 'requests.packages.urllib3.connectionpool=WARN', 'urllib3.connectionpool=WARN', 'websocket=WARN', 'requests.packages.urllib3.util.retry=WARN', 'urllib3.util.retry=WARN', 'keystonemiddleware=WARN', 'routes.middleware=WARN', 'stevedore=WARN', 'taskflow=WARN', 'keystoneauth=WARN', 'oslo.cache=INFO', 'oslo_policy=INFO', 'dogpile.core.dogpile=INFO', 'glanceclient=WARN', 'oslo.privsep.daemon=INFO'] {{(pid=107528) log_opt_values /opt/stack/data/venv/lib/python3.12/site-packages/oslo_config/cfg.py:3242}}
Jul 07 01:30:18.463483 np0000184302 devstack@n-api-meta.service[107528]: DEBUG nova.api.openstack.wsgi_app [None req-ad16b889-a676-4808-94dd-69ad1c674f97 None None] default_schedule_zone = None {{(pid=107528) log_opt_values /opt/stack/data/venv/lib/python3.12/site-packages/oslo_config/cfg.py:3242}}
Jul 07 01:30:18.463616 np0000184302 devstack@n-api-meta.service[107528]: DEBUG nova.api.openstack.wsgi_app [None req-ad16b889-a676-4808-94dd-69ad1c674f97 None None] default_thread_pool_size = 10 {{(pid=107528) log_opt_values /opt/stack/data/venv/lib/python3.12/site-packages/oslo_config/cfg.py:3242}}
Jul 07 01:30:18.463742 np0000184302 devstack@n-api-meta.service[107528]: DEBUG nova.api.openstack.wsgi_app [None req-ad16b889-a676-4808-94dd-69ad1c674f97 None None] disk_allocation_ratio = None {{(pid=107528) log_opt_values /opt/stack/data/venv/lib/python3.12/site-packages/oslo_config/cfg.py:3242}}
Jul 07 01:30:18.463871 np0000184302 devstack@n-api-meta.service[107528]: DEBUG nova.api.openstack.wsgi_app [None req-ad16b889-a676-4808-94dd-69ad1c674f97 None None] enable_new_services = True {{(pid=107528) log_opt_values /opt/stack/data/venv/lib/python3.12/site-packages/oslo_config/cfg.py:3242}}
Jul 07 01:30:18.464016 np0000184302 devstack@n-api-meta.service[107528]: DEBUG nova.api.openstack.wsgi_app [None req-ad16b889-a676-4808-94dd-69ad1c674f97 None None] flat_injected = False {{(pid=107528) log_opt_values /opt/stack/data/venv/lib/python3.12/site-packages/oslo_config/cfg.py:3242}}
Jul 07 01:30:18.464188 np0000184302 devstack@n-api-meta.service[107528]: DEBUG nova.api.openstack.wsgi_app [None req-ad16b889-a676-4808-94dd-69ad1c674f97 None None] force_config_drive = False {{(pid=107528) log_opt_values /opt/stack/data/venv/lib/python3.12/site-packages/oslo_config/cfg.py:3242}}
Jul 07 01:30:18.464325 np0000184302 devstack@n-api-meta.service[107528]: DEBUG nova.api.openstack.wsgi_app [None req-ad16b889-a676-4808-94dd-69ad1c674f97 None None] force_raw_images = True {{(pid=107528) log_opt_values /opt/stack/data/venv/lib/python3.12/site-packages/oslo_config/cfg.py:3242}}
Jul 07 01:30:18.464467 np0000184302 devstack@n-api-meta.service[107528]: DEBUG nova.api.openstack.wsgi_app [None req-ad16b889-a676-4808-94dd-69ad1c674f97 None None] graceful_shutdown_timeout = 5 {{(pid=107528) log_opt_values /opt/stack/data/venv/lib/python3.12/site-packages/oslo_config/cfg.py:3242}}
Jul 07 01:30:18.464602 np0000184302 devstack@n-api-meta.service[107528]: DEBUG nova.api.openstack.wsgi_app [None req-ad16b889-a676-4808-94dd-69ad1c674f97 None None] heal_instance_info_cache_interval = -1 {{(pid=107528) log_opt_values /opt/stack/data/venv/lib/python3.12/site-packages/oslo_config/cfg.py:3242}}
Jul 07 01:30:18.464776 np0000184302 devstack@n-api-meta.service[107528]: DEBUG nova.api.openstack.wsgi_app [None req-ad16b889-a676-4808-94dd-69ad1c674f97 None None] host = np0000184302 {{(pid=107528) log_opt_values /opt/stack/data/venv/lib/python3.12/site-packages/oslo_config/cfg.py:3242}}
Jul 07 01:30:18.464911 np0000184302 devstack@n-api-meta.service[107528]: DEBUG nova.api.openstack.wsgi_app [None req-ad16b889-a676-4808-94dd-69ad1c674f97 None None] initial_cpu_allocation_ratio = 4.0 {{(pid=107528) log_opt_values /opt/stack/data/venv/lib/python3.12/site-packages/oslo_config/cfg.py:3242}}
Jul 07 01:30:18.465060 np0000184302 devstack@n-api-meta.service[107528]: DEBUG nova.api.openstack.wsgi_app [None req-ad16b889-a676-4808-94dd-69ad1c674f97 None None] initial_disk_allocation_ratio = 1.0 {{(pid=107528) log_opt_values /opt/stack/data/venv/lib/python3.12/site-packages/oslo_config/cfg.py:3242}}
Jul 07 01:30:18.465188 np0000184302 devstack@n-api-meta.service[107528]: DEBUG nova.api.openstack.wsgi_app [None req-ad16b889-a676-4808-94dd-69ad1c674f97 None None] initial_ram_allocation_ratio = 1.0 {{(pid=107528) log_opt_values /opt/stack/data/venv/lib/python3.12/site-packages/oslo_config/cfg.py:3242}}
Jul 07 01:30:18.465360 np0000184302 devstack@n-api-meta.service[107528]: DEBUG nova.api.openstack.wsgi_app [None req-ad16b889-a676-4808-94dd-69ad1c674f97 None None] injected_network_template = /opt/stack/nova/nova/virt/interfaces.template {{(pid=107528) log_opt_values /opt/stack/data/venv/lib/python3.12/site-packages/oslo_config/cfg.py:3242}}
Jul 07 01:30:18.465492 np0000184302 devstack@n-api-meta.service[107528]: DEBUG nova.api.openstack.wsgi_app [None req-ad16b889-a676-4808-94dd-69ad1c674f97 None None] instance_build_timeout = 0 {{(pid=107528) log_opt_values /opt/stack/data/venv/lib/python3.12/site-packages/oslo_config/cfg.py:3242}}
Jul 07 01:30:18.465623 np0000184302 devstack@n-api-meta.service[107528]: DEBUG nova.api.openstack.wsgi_app [None req-ad16b889-a676-4808-94dd-69ad1c674f97 None None] instance_delete_interval = 300 {{(pid=107528) log_opt_values /opt/stack/data/venv/lib/python3.12/site-packages/oslo_config/cfg.py:3242}}
Jul 07 01:30:18.465754 np0000184302 devstack@n-api-meta.service[107528]: DEBUG nova.api.openstack.wsgi_app [None req-ad16b889-a676-4808-94dd-69ad1c674f97 None None] instance_format = [instance: %(uuid)s] {{(pid=107528) log_opt_values /opt/stack/data/venv/lib/python3.12/site-packages/oslo_config/cfg.py:3242}}
Jul 07 01:30:18.465892 np0000184302 devstack@n-api-meta.service[107528]: DEBUG nova.api.openstack.wsgi_app [None req-ad16b889-a676-4808-94dd-69ad1c674f97 None None] instance_name_template = instance-%08x {{(pid=107528) log_opt_values /opt/stack/data/venv/lib/python3.12/site-packages/oslo_config/cfg.py:3242}}
Jul 07 01:30:18.466084 np0000184302 devstack@n-api-meta.service[107528]: DEBUG nova.api.openstack.wsgi_app [None req-ad16b889-a676-4808-94dd-69ad1c674f97 None None] instance_usage_audit = False {{(pid=107528) log_opt_values /opt/stack/data/venv/lib/python3.12/site-packages/oslo_config/cfg.py:3242}}
Jul 07 01:30:18.466175 np0000184302 devstack@n-api-meta.service[107528]: DEBUG nova.api.openstack.wsgi_app [None req-ad16b889-a676-4808-94dd-69ad1c674f97 None None] instance_usage_audit_period = month {{(pid=107528) log_opt_values /opt/stack/data/venv/lib/python3.12/site-packages/oslo_config/cfg.py:3242}}
Jul 07 01:30:18.466351 np0000184302 devstack@n-api-meta.service[107528]: DEBUG nova.api.openstack.wsgi_app [None req-ad16b889-a676-4808-94dd-69ad1c674f97 None None] instance_uuid_format = [instance: %(uuid)s] {{(pid=107528) log_opt_values /opt/stack/data/venv/lib/python3.12/site-packages/oslo_config/cfg.py:3242}}
Jul 07 01:30:18.466484 np0000184302 devstack@n-api-meta.service[107528]: DEBUG nova.api.openstack.wsgi_app [None req-ad16b889-a676-4808-94dd-69ad1c674f97 None None] instances_path = /opt/stack/data/nova/instances {{(pid=107528) log_opt_values /opt/stack/data/venv/lib/python3.12/site-packages/oslo_config/cfg.py:3242}}
Jul 07 01:30:18.466619 np0000184302 devstack@n-api-meta.service[107528]: DEBUG nova.api.openstack.wsgi_app [None req-ad16b889-a676-4808-94dd-69ad1c674f97 None None] internal_service_availability_zone = internal {{(pid=107528) log_opt_values /opt/stack/data/venv/lib/python3.12/site-packages/oslo_config/cfg.py:3242}}
Jul 07 01:30:18.466746 np0000184302 devstack@n-api-meta.service[107528]: DEBUG nova.api.openstack.wsgi_app [None req-ad16b889-a676-4808-94dd-69ad1c674f97 None None] key = None {{(pid=107528) log_opt_values /opt/stack/data/venv/lib/python3.12/site-packages/oslo_config/cfg.py:3242}}
Jul 07 01:30:18.466875 np0000184302 devstack@n-api-meta.service[107528]: DEBUG nova.api.openstack.wsgi_app [None req-ad16b889-a676-4808-94dd-69ad1c674f97 None None] live_migration_retry_count = 30 {{(pid=107528) log_opt_values /opt/stack/data/venv/lib/python3.12/site-packages/oslo_config/cfg.py:3242}}
Jul 07 01:30:18.467024 np0000184302 devstack@n-api-meta.service[107528]: DEBUG nova.api.openstack.wsgi_app [None req-ad16b889-a676-4808-94dd-69ad1c674f97 None None] log_color = False {{(pid=107528) log_opt_values /opt/stack/data/venv/lib/python3.12/site-packages/oslo_config/cfg.py:3242}}
Jul 07 01:30:18.467155 np0000184302 devstack@n-api-meta.service[107528]: DEBUG nova.api.openstack.wsgi_app [None req-ad16b889-a676-4808-94dd-69ad1c674f97 None None] log_config_append = None {{(pid=107528) log_opt_values /opt/stack/data/venv/lib/python3.12/site-packages/oslo_config/cfg.py:3242}}
Jul 07 01:30:18.467297 np0000184302 devstack@n-api-meta.service[107528]: DEBUG nova.api.openstack.wsgi_app [None req-ad16b889-a676-4808-94dd-69ad1c674f97 None None] log_date_format = %Y-%m-%d %H:%M:%S {{(pid=107528) log_opt_values /opt/stack/data/venv/lib/python3.12/site-packages/oslo_config/cfg.py:3242}}
Jul 07 01:30:18.467426 np0000184302 devstack@n-api-meta.service[107528]: DEBUG nova.api.openstack.wsgi_app [None req-ad16b889-a676-4808-94dd-69ad1c674f97 None None] log_dir = None {{(pid=107528) log_opt_values /opt/stack/data/venv/lib/python3.12/site-packages/oslo_config/cfg.py:3242}}
Jul 07 01:30:18.467552 np0000184302 devstack@n-api-meta.service[107528]: DEBUG nova.api.openstack.wsgi_app [None req-ad16b889-a676-4808-94dd-69ad1c674f97 None None] log_file = None {{(pid=107528) log_opt_values /opt/stack/data/venv/lib/python3.12/site-packages/oslo_config/cfg.py:3242}}
Jul 07 01:30:18.467660 np0000184302 devstack@n-api-meta.service[107528]: DEBUG nova.api.openstack.wsgi_app [None req-ad16b889-a676-4808-94dd-69ad1c674f97 None None] log_options = True {{(pid=107528) log_opt_values /opt/stack/data/venv/lib/python3.12/site-packages/oslo_config/cfg.py:3242}}
Jul 07 01:30:18.467782 np0000184302 devstack@n-api-meta.service[107528]: DEBUG nova.api.openstack.wsgi_app [None req-ad16b889-a676-4808-94dd-69ad1c674f97 None None] log_rotate_interval = 1 {{(pid=107528) log_opt_values /opt/stack/data/venv/lib/python3.12/site-packages/oslo_config/cfg.py:3242}}
Jul 07 01:30:18.467915 np0000184302 devstack@n-api-meta.service[107528]: DEBUG nova.api.openstack.wsgi_app [None req-ad16b889-a676-4808-94dd-69ad1c674f97 None None] log_rotate_interval_type = days {{(pid=107528) log_opt_values /opt/stack/data/venv/lib/python3.12/site-packages/oslo_config/cfg.py:3242}}
Jul 07 01:30:18.468061 np0000184302 devstack@n-api-meta.service[107528]: DEBUG nova.api.openstack.wsgi_app [None req-ad16b889-a676-4808-94dd-69ad1c674f97 None None] log_rotation_type = none {{(pid=107528) log_opt_values /opt/stack/data/venv/lib/python3.12/site-packages/oslo_config/cfg.py:3242}}
Jul 07 01:30:18.468185 np0000184302 devstack@n-api-meta.service[107528]: DEBUG nova.api.openstack.wsgi_app [None req-ad16b889-a676-4808-94dd-69ad1c674f97 None None] logging_context_format_string = %(color)s%(levelname)s %(name)s [%(global_request_id)s %(request_id)s %(project_name)s %(user_name)s%(color)s] %(instance)s%(color)s%(message)s {{(pid=107528) log_opt_values /opt/stack/data/venv/lib/python3.12/site-packages/oslo_config/cfg.py:3242}}
Jul 07 01:30:18.468291 np0000184302 devstack@n-api-meta.service[107528]: DEBUG nova.api.openstack.wsgi_app [None req-ad16b889-a676-4808-94dd-69ad1c674f97 None None] logging_debug_format_suffix = {{(pid=%(process)d) %(funcName)s %(pathname)s:%(lineno)d}} {{(pid=107528) log_opt_values /opt/stack/data/venv/lib/python3.12/site-packages/oslo_config/cfg.py:3242}}
Jul 07 01:30:18.468424 np0000184302 devstack@n-api-meta.service[107528]: DEBUG nova.api.openstack.wsgi_app [None req-ad16b889-a676-4808-94dd-69ad1c674f97 None None] logging_default_format_string = %(color)s%(levelname)s %(name)s [-%(color)s] %(instance)s%(color)s%(message)s {{(pid=107528) log_opt_values /opt/stack/data/venv/lib/python3.12/site-packages/oslo_config/cfg.py:3242}}
Jul 07 01:30:18.468555 np0000184302 devstack@n-api-meta.service[107528]: DEBUG nova.api.openstack.wsgi_app [None req-ad16b889-a676-4808-94dd-69ad1c674f97 None None] logging_exception_prefix = ERROR %(name)s %(instance)s {{(pid=107528) log_opt_values /opt/stack/data/venv/lib/python3.12/site-packages/oslo_config/cfg.py:3242}}
