Apr 08 23:12:42.624751 np0000164401 devstack@neutron-api.service[102748]: DEBUG ovsdbapp.backend.ovs_idl [None req-d21f9a56-8117-42e5-9309-d6afe685c606 None None] Created schema index Chassis_Template_Var.chassis {{(pid=102748) autocreate_indices /opt/stack/data/venv/lib/python3.12/site-packages/ovsdbapp/backend/ovs_idl/__init__.py:106}}
Apr 08 23:12:42.624751 np0000164401 devstack@neutron-api.service[102748]: DEBUG ovsdbapp.backend.ovs_idl [None req-d21f9a56-8117-42e5-9309-d6afe685c606 None None] Created schema index Logical_Router_Port.name {{(pid=102748) autocreate_indices /opt/stack/data/venv/lib/python3.12/site-packages/ovsdbapp/backend/ovs_idl/__init__.py:106}}
Apr 08 23:12:42.624881 np0000164401 devstack@neutron-api.service[102748]: DEBUG ovsdbapp.backend.ovs_idl [None req-d21f9a56-8117-42e5-9309-d6afe685c606 None None] Created schema index Port_Group.name {{(pid=102748) autocreate_indices /opt/stack/data/venv/lib/python3.12/site-packages/ovsdbapp/backend/ovs_idl/__init__.py:106}}
Apr 08 23:12:42.624881 np0000164401 devstack@neutron-api.service[102748]: DEBUG ovsdbapp.backend.ovs_idl [None req-d21f9a56-8117-42e5-9309-d6afe685c606 None None] Created schema index Logical_Switch_Port.name {{(pid=102748) autocreate_indices /opt/stack/data/venv/lib/python3.12/site-packages/ovsdbapp/backend/ovs_idl/__init__.py:106}}
Apr 08 23:12:42.627489 np0000164401 devstack@neutron-api.service[102748]: INFO ovsdbapp.backend.ovs_idl.vlog [None req-d21f9a56-8117-42e5-9309-d6afe685c606 None None] ssl:199.19.213.153:6641: connecting...
Apr 08 23:12:42.629207 np0000164401 devstack@neutron-api.service[102745]: DEBUG neutron.common.ovn.hash_ring_manager [None req-92b3066d-6690-4303-a2c5-a898f45d72db None None] Allow caching, nodes 4>=4 {{(pid=102745) _wait_startup_before_caching /opt/stack/neutron/neutron/common/ovn/hash_ring_manager.py:65}}
Apr 08 23:12:42.633300 np0000164401 devstack@neutron-api.service[102745]: DEBUG neutron.common.ovn.hash_ring_manager [None req-92b3066d-6690-4303-a2c5-a898f45d72db None None] Hash Ring loaded. 4 active nodes. 0 offline nodes {{(pid=102745) _load_hash_ring /opt/stack/neutron/neutron/common/ovn/hash_ring_manager.py:102}}
Apr 08 23:12:42.633517 np0000164401 devstack@neutron-api.service[102745]: DEBUG neutron.plugins.ml2.drivers.ovn.mech_driver.ovsdb.ovsdb_monitor [None req-92b3066d-6690-4303-a2c5-a898f45d72db None None] Hash Ring: Node d187fdc180e05343b3187adfb43998b5 (host: np0000164401) handling event "create" for row bf779a29-2973-43d0-a220-502cbb016582 (table: Connection) {{(pid=102745) notify /opt/stack/neutron/neutron/plugins/ml2/drivers/ovn/mech_driver/ovsdb/ovsdb_monitor.py:912}}
Apr 08 23:12:42.633785 np0000164401 devstack@neutron-api.service[102745]: DEBUG neutron.plugins.ml2.drivers.ovn.mech_driver.ovsdb.ovsdb_monitor [None req-92b3066d-6690-4303-a2c5-a898f45d72db None None] Hash Ring: Node d187fdc180e05343b3187adfb43998b5 (host: np0000164401) handling event "create" for row 5a2372b1-e4f9-4af5-b75c-4539eaa2d7fc (table: Port_Group) {{(pid=102745) notify /opt/stack/neutron/neutron/plugins/ml2/drivers/ovn/mech_driver/ovsdb/ovsdb_monitor.py:912}}
Apr 08 23:12:42.633917 np0000164401 devstack@neutron-api.service[102748]: INFO ovsdbapp.backend.ovs_idl.vlog [None req-d21f9a56-8117-42e5-9309-d6afe685c606 None None] ssl:199.19.213.153:6641: connected
Apr 08 23:12:42.634067 np0000164401 devstack@neutron-api.service[102745]: DEBUG neutron.plugins.ml2.drivers.ovn.mech_driver.ovsdb.ovsdb_monitor [None req-92b3066d-6690-4303-a2c5-a898f45d72db None None] Hash Ring: Node d187fdc180e05343b3187adfb43998b5 (host: np0000164401) handling event "create" for row 84386df7-d3b3-458c-8b8c-c07748800c1e (table: SSL) {{(pid=102745) notify /opt/stack/neutron/neutron/plugins/ml2/drivers/ovn/mech_driver/ovsdb/ovsdb_monitor.py:912}}
Apr 08 23:12:42.634654 np0000164401 devstack@neutron-api.service[102745]: INFO neutron.plugins.ml2.drivers.ovn.mech_driver.ovsdb.impl_idl_ovn [None req-92b3066d-6690-4303-a2c5-a898f45d72db None None] Getting OvsdbSbOvnIdl for WorkerService with retry
Apr 08 23:12:42.651772 np0000164401 devstack@neutron-api.service[102746]: DEBUG neutron.common.ovn.hash_ring_manager [None req-145d613d-9e05-44e1-ae60-33f0692aa91a None None] Allow caching, nodes 4>=4 {{(pid=102746) _wait_startup_before_caching /opt/stack/neutron/neutron/common/ovn/hash_ring_manager.py:65}}
Apr 08 23:12:42.659129 np0000164401 devstack@neutron-api.service[102746]: DEBUG neutron.common.ovn.hash_ring_manager [None req-145d613d-9e05-44e1-ae60-33f0692aa91a None None] Hash Ring loaded. 4 active nodes. 0 offline nodes {{(pid=102746) _load_hash_ring /opt/stack/neutron/neutron/common/ovn/hash_ring_manager.py:102}}
Apr 08 23:12:42.659374 np0000164401 devstack@neutron-api.service[102746]: DEBUG neutron.plugins.ml2.drivers.ovn.mech_driver.ovsdb.ovsdb_monitor [None req-145d613d-9e05-44e1-ae60-33f0692aa91a None None] ChassisOVNAgentWriteEvent : Matched Chassis_Private, create, None None {{(pid=102746) matches /opt/stack/neutron/neutron/plugins/ml2/drivers/ovn/mech_driver/ovsdb/ovsdb_monitor.py:64}}
Apr 08 23:12:42.659656 np0000164401 devstack@neutron-api.service[102746]: DEBUG neutron.plugins.ml2.drivers.ovn.mech_driver.ovsdb.ovsdb_monitor [None req-145d613d-9e05-44e1-ae60-33f0692aa91a None None] ChassisAgentWriteEvent : Matched Chassis_Private, create, None None {{(pid=102746) matches /opt/stack/neutron/neutron/plugins/ml2/drivers/ovn/mech_driver/ovsdb/ovsdb_monitor.py:64}}
Apr 08 23:12:42.662751 np0000164401 devstack@neutron-api.service[102746]: INFO neutron.plugins.ml2.drivers.ovn.mech_driver.mech_driver [None req-145d613d-9e05-44e1-ae60-33f0692aa91a None None] WorkerService process has finished the post initialization
Apr 08 23:12:42.664256 np0000164401 devstack@neutron-api.service[102746]: WSGI app 0 (mountpoint='') ready in 7 seconds on interpreter 0x7e91c7ea3668 pid: 102746 (default app)
Apr 08 23:12:42.665986 np0000164401 devstack@neutron-api.service[102748]: DEBUG neutron.common.ovn.hash_ring_manager [None req-d21f9a56-8117-42e5-9309-d6afe685c606 None None] Allow caching, nodes 4>=4 {{(pid=102748) _wait_startup_before_caching /opt/stack/neutron/neutron/common/ovn/hash_ring_manager.py:65}}
Apr 08 23:12:42.668087 np0000164401 devstack@neutron-api.service[102745]: DEBUG ovsdbapp.backend.ovs_idl [None req-92b3066d-6690-4303-a2c5-a898f45d72db None None] Created lookup_table index Chassis.name {{(pid=102745) autocreate_indices /opt/stack/data/venv/lib/python3.12/site-packages/ovsdbapp/backend/ovs_idl/__init__.py:87}}
Apr 08 23:12:42.668185 np0000164401 devstack@neutron-api.service[102745]: DEBUG ovsdbapp.backend.ovs_idl [None req-92b3066d-6690-4303-a2c5-a898f45d72db None None] Created lookup_table index Port_Binding.logical_port {{(pid=102745) autocreate_indices /opt/stack/data/venv/lib/python3.12/site-packages/ovsdbapp/backend/ovs_idl/__init__.py:87}}
Apr 08 23:12:42.668274 np0000164401 devstack@neutron-api.service[102745]: DEBUG ovsdbapp.backend.ovs_idl [None req-92b3066d-6690-4303-a2c5-a898f45d72db None None] Created schema index Chassis_Private.name {{(pid=102745) autocreate_indices /opt/stack/data/venv/lib/python3.12/site-packages/ovsdbapp/backend/ovs_idl/__init__.py:106}}
Apr 08 23:12:42.668425 np0000164401 devstack@neutron-api.service[102745]: DEBUG ovsdbapp.backend.ovs_idl [None req-92b3066d-6690-4303-a2c5-a898f45d72db None None] Created schema index Datapath_Binding.tunnel_key {{(pid=102745) autocreate_indices /opt/stack/data/venv/lib/python3.12/site-packages/ovsdbapp/backend/ovs_idl/__init__.py:106}}
Apr 08 23:12:42.670768 np0000164401 devstack@neutron-api.service[102745]: INFO ovsdbapp.backend.ovs_idl.vlog [None req-92b3066d-6690-4303-a2c5-a898f45d72db None None] ssl:199.19.213.153:6642: connecting...
Apr 08 23:12:42.670934 np0000164401 devstack@neutron-api.service[102748]: DEBUG neutron.common.ovn.hash_ring_manager [None req-d21f9a56-8117-42e5-9309-d6afe685c606 None None] Hash Ring loaded. 4 active nodes. 0 offline nodes {{(pid=102748) _load_hash_ring /opt/stack/neutron/neutron/common/ovn/hash_ring_manager.py:102}}
Apr 08 23:12:42.671098 np0000164401 devstack@neutron-api.service[102748]: DEBUG neutron.plugins.ml2.drivers.ovn.mech_driver.ovsdb.ovsdb_monitor [None req-d21f9a56-8117-42e5-9309-d6afe685c606 None None] Hash Ring: Node cb96568ca1c85bdd9d1de85fef05830c (host: np0000164401) handling event "create" for row 3349da12-eb06-4b45-b4e0-a248e265edbe (table: ACL) {{(pid=102748) notify /opt/stack/neutron/neutron/plugins/ml2/drivers/ovn/mech_driver/ovsdb/ovsdb_monitor.py:912}}
Apr 08 23:12:42.671962 np0000164401 devstack@neutron-api.service[102748]: INFO neutron.plugins.ml2.drivers.ovn.mech_driver.ovsdb.impl_idl_ovn [None req-d21f9a56-8117-42e5-9309-d6afe685c606 None None] Getting OvsdbSbOvnIdl for WorkerService with retry
Apr 08 23:12:42.676155 np0000164401 devstack@neutron-api.service[102745]: INFO ovsdbapp.backend.ovs_idl.vlog [None req-92b3066d-6690-4303-a2c5-a898f45d72db None None] ssl:199.19.213.153:6642: connected
Apr 08 23:12:42.701938 np0000164401 devstack@neutron-api.service[102748]: DEBUG ovsdbapp.backend.ovs_idl [None req-d21f9a56-8117-42e5-9309-d6afe685c606 None None] Created lookup_table index Chassis.name {{(pid=102748) autocreate_indices /opt/stack/data/venv/lib/python3.12/site-packages/ovsdbapp/backend/ovs_idl/__init__.py:87}}
Apr 08 23:12:42.702163 np0000164401 devstack@neutron-api.service[102748]: DEBUG ovsdbapp.backend.ovs_idl [None req-d21f9a56-8117-42e5-9309-d6afe685c606 None None] Created lookup_table index Port_Binding.logical_port {{(pid=102748) autocreate_indices /opt/stack/data/venv/lib/python3.12/site-packages/ovsdbapp/backend/ovs_idl/__init__.py:87}}
Apr 08 23:12:42.702163 np0000164401 devstack@neutron-api.service[102748]: DEBUG ovsdbapp.backend.ovs_idl [None req-d21f9a56-8117-42e5-9309-d6afe685c606 None None] Created schema index Chassis_Private.name {{(pid=102748) autocreate_indices /opt/stack/data/venv/lib/python3.12/site-packages/ovsdbapp/backend/ovs_idl/__init__.py:106}}
Apr 08 23:12:42.702163 np0000164401 devstack@neutron-api.service[102748]: DEBUG ovsdbapp.backend.ovs_idl [None req-d21f9a56-8117-42e5-9309-d6afe685c606 None None] Created schema index Datapath_Binding.tunnel_key {{(pid=102748) autocreate_indices /opt/stack/data/venv/lib/python3.12/site-packages/ovsdbapp/backend/ovs_idl/__init__.py:106}}
Apr 08 23:12:42.704023 np0000164401 devstack@neutron-api.service[102748]: INFO ovsdbapp.backend.ovs_idl.vlog [None req-d21f9a56-8117-42e5-9309-d6afe685c606 None None] ssl:199.19.213.153:6642: connecting...
Apr 08 23:12:42.709056 np0000164401 devstack@neutron-api.service[102748]: INFO ovsdbapp.backend.ovs_idl.vlog [None req-d21f9a56-8117-42e5-9309-d6afe685c606 None None] ssl:199.19.213.153:6642: connected
Apr 08 23:12:42.712428 np0000164401 devstack@neutron-api.service[102745]: DEBUG neutron.common.ovn.hash_ring_manager [None req-92b3066d-6690-4303-a2c5-a898f45d72db None None] Allow caching, nodes 4>=4 {{(pid=102745) _wait_startup_before_caching /opt/stack/neutron/neutron/common/ovn/hash_ring_manager.py:65}}
Apr 08 23:12:42.716696 np0000164401 devstack@neutron-api.service[102745]: DEBUG neutron.common.ovn.hash_ring_manager [None req-92b3066d-6690-4303-a2c5-a898f45d72db None None] Hash Ring loaded. 4 active nodes. 0 offline nodes {{(pid=102745) _load_hash_ring /opt/stack/neutron/neutron/common/ovn/hash_ring_manager.py:102}}
Apr 08 23:12:42.716905 np0000164401 devstack@neutron-api.service[102745]: DEBUG neutron.plugins.ml2.drivers.ovn.mech_driver.ovsdb.ovsdb_monitor [None req-92b3066d-6690-4303-a2c5-a898f45d72db None None] ChassisAgentWriteEvent : Matched Chassis_Private, create, None None {{(pid=102745) matches /opt/stack/neutron/neutron/plugins/ml2/drivers/ovn/mech_driver/ovsdb/ovsdb_monitor.py:64}}
Apr 08 23:12:42.717111 np0000164401 devstack@neutron-api.service[102745]: DEBUG neutron.plugins.ml2.drivers.ovn.mech_driver.ovsdb.ovsdb_monitor [None req-92b3066d-6690-4303-a2c5-a898f45d72db None None] ChassisOVNAgentWriteEvent : Matched Chassis_Private, create, None None {{(pid=102745) matches /opt/stack/neutron/neutron/plugins/ml2/drivers/ovn/mech_driver/ovsdb/ovsdb_monitor.py:64}}
Apr 08 23:12:42.717521 np0000164401 devstack@neutron-api.service[102745]: DEBUG neutron.plugins.ml2.drivers.ovn.mech_driver.ovsdb.ovsdb_monitor [None req-92b3066d-6690-4303-a2c5-a898f45d72db None None] Hash Ring: Node d187fdc180e05343b3187adfb43998b5 (host: np0000164401) handling event "create" for row db4ca6e4-de1d-4c76-b92a-f2b6e5467609 (table: Chassis_Private) {{(pid=102745) notify /opt/stack/neutron/neutron/plugins/ml2/drivers/ovn/mech_driver/ovsdb/ovsdb_monitor.py:912}}
Apr 08 23:12:42.719720 np0000164401 devstack@neutron-api.service[102745]: INFO neutron.plugins.ml2.drivers.ovn.mech_driver.mech_driver [None req-92b3066d-6690-4303-a2c5-a898f45d72db None None] WorkerService process has finished the post initialization
Apr 08 23:12:42.720862 np0000164401 devstack@neutron-api.service[102745]: WSGI app 0 (mountpoint='') ready in 7 seconds on interpreter 0x7e91c7ea3668 pid: 102745 (default app)
Apr 08 23:12:42.735942 np0000164401 devstack@neutron-api.service[102748]: DEBUG neutron.common.ovn.hash_ring_manager [None req-d21f9a56-8117-42e5-9309-d6afe685c606 None None] Allow caching, nodes 4>=4 {{(pid=102748) _wait_startup_before_caching /opt/stack/neutron/neutron/common/ovn/hash_ring_manager.py:65}}
Apr 08 23:12:42.739690 np0000164401 devstack@neutron-api.service[102748]: DEBUG neutron.common.ovn.hash_ring_manager [None req-d21f9a56-8117-42e5-9309-d6afe685c606 None None] Hash Ring loaded. 4 active nodes. 0 offline nodes {{(pid=102748) _load_hash_ring /opt/stack/neutron/neutron/common/ovn/hash_ring_manager.py:102}}
Apr 08 23:12:42.739836 np0000164401 devstack@neutron-api.service[102748]: DEBUG neutron.plugins.ml2.drivers.ovn.mech_driver.ovsdb.ovsdb_monitor [None req-d21f9a56-8117-42e5-9309-d6afe685c606 None None] Hash Ring: Node cb96568ca1c85bdd9d1de85fef05830c (host: np0000164401) handling event "create" for row 3082f5ae-864d-4f85-bc8f-83acfeef650e (table: Chassis) {{(pid=102748) notify /opt/stack/neutron/neutron/plugins/ml2/drivers/ovn/mech_driver/ovsdb/ovsdb_monitor.py:912}}
Apr 08 23:12:42.740532 np0000164401 devstack@neutron-api.service[102748]: DEBUG ovsdbapp.backend.ovs_idl.event [None req-d21f9a56-8117-42e5-9309-d6afe685c606 None None] Matched CREATE: ChassisBandwidthConfigEvent(events=('create', 'update'), table='Chassis', conditions=None, old_conditions=None), priority=20 to row=Chassis(uuid=3082f5ae-864d-4f85-bc8f-83acfeef650e, encaps=[8999df42-2558-41a2-bd2a-6e6a175fbfbf], external_ids={}, hostname='np0000164401', name='fd6a7f82-e44e-4d27-986c-f889be6f24d2', nb_cfg=0, other_config={'ct-commit-nat-v2': 'true', 'ct-commit-to-zone': 'true', 'ct-next-zone': 'true', 'ct-no-masked-label': 'true', 'ct-state-save': 'true', 'datapath-type': 'system', 'fdb-timestamp': 'true', 'iface-types': 'afxdp,afxdp-nonpmd,bareudp,erspan,geneve,gre,gtpu,internal,ip6erspan,ip6gre,lisp,patch,srv6,stt,system,tap,vxlan', 'is-interconn': 'false', 'ls-dpg-column': 'true', 'mac-binding-timestamp': 'true', 'ovn-bridge-mappings': 'public:br-ex', 'ovn-chassis-mac-mappings': '', 'ovn-cms-options': 'enable-chassis-as-gw', 'ovn-ct-lb-related': 'true', 'ovn-enable-lflow-cache': 'true', 'ovn-limit-lflow-cache': '', 'ovn-memlimit-lflow-cache-kb': '', 'ovn-monitor-all': 'false', 'ovn-trim-limit-lflow-cache': '', 'ovn-trim-timeout-ms': '', 'ovn-trim-wmark-perc-lflow-cache': '', 'port-up-notif': 'true'}, transport_zones=[], vtep_logical_switches=[]) old= {{(pid=102748) matches /opt/stack/data/venv/lib/python3.12/site-packages/ovsdbapp/backend/ovs_idl/event.py:55}}
Apr 08 23:12:42.741026 np0000164401 devstack@neutron-api.service[102748]: DEBUG neutron.plugins.ml2.drivers.ovn.mech_driver.ovsdb.ovsdb_monitor [None req-d21f9a56-8117-42e5-9309-d6afe685c606 None None] ChassisAgentWriteEvent : Matched Chassis_Private, create, None None {{(pid=102748) matches /opt/stack/neutron/neutron/plugins/ml2/drivers/ovn/mech_driver/ovsdb/ovsdb_monitor.py:64}}
Apr 08 23:12:42.741163 np0000164401 devstack@neutron-api.service[102748]: DEBUG neutron.plugins.ml2.drivers.ovn.mech_driver.ovsdb.ovsdb_monitor [None req-d21f9a56-8117-42e5-9309-d6afe685c606 None None] ChassisOVNAgentWriteEvent : Matched Chassis_Private, create, None None {{(pid=102748) matches /opt/stack/neutron/neutron/plugins/ml2/drivers/ovn/mech_driver/ovsdb/ovsdb_monitor.py:64}}
Apr 08 23:12:42.741449 np0000164401 devstack@neutron-api.service[102748]: DEBUG neutron.plugins.ml2.drivers.ovn.mech_driver.ovsdb.ovsdb_monitor [None req-d21f9a56-8117-42e5-9309-d6afe685c606 None None] Hash Ring: Node cb96568ca1c85bdd9d1de85fef05830c (host: np0000164401) handling event "create" for row 8999df42-2558-41a2-bd2a-6e6a175fbfbf (table: Encap) {{(pid=102748) notify /opt/stack/neutron/neutron/plugins/ml2/drivers/ovn/mech_driver/ovsdb/ovsdb_monitor.py:912}}
Apr 08 23:12:42.742634 np0000164401 devstack@neutron-api.service[102748]: INFO neutron.plugins.ml2.drivers.ovn.mech_driver.mech_driver [None req-d21f9a56-8117-42e5-9309-d6afe685c606 None None] WorkerService process has finished the post initialization
Apr 08 23:12:42.743817 np0000164401 devstack@neutron-api.service[102748]: WSGI app 0 (mountpoint='') ready in 7 seconds on interpreter 0x7e91c7ea3668 pid: 102748 (default app)
Apr 08 23:12:42.744446 np0000164401 devstack@neutron-api.service[102748]: INFO neutron.plugins.ml2.drivers.ovn.mech_driver.ovsdb.extensions.qos [-] Starting OVNClientQosExtension
Apr 08 23:12:42.744702 np0000164401 devstack@neutron-api.service[102748]: INFO neutron.plugins.ml2.drivers.ovn.mech_driver.ovsdb.extensions.placement [-] Starting OVNClientPlacementExtension
Apr 08 23:12:44.614599 np0000164401 devstack@neutron-api.service[102745]: DEBUG neutron.plugins.ml2.drivers.ovn.mech_driver.ovsdb.ovsdb_monitor [-] Hash Ring: Node d187fdc180e05343b3187adfb43998b5 (host: np0000164401) handling event "update" for row bf779a29-2973-43d0-a220-502cbb016582 (table: Connection) {{(pid=102745) notify /opt/stack/neutron/neutron/plugins/ml2/drivers/ovn/mech_driver/ovsdb/ovsdb_monitor.py:912}}
Apr 08 23:12:44.616653 np0000164401 devstack@neutron-api.service[102747]: DEBUG neutron.common.ovn.hash_ring_manager [-] Allow caching, nodes 4>=4 {{(pid=102747) _wait_startup_before_caching /opt/stack/neutron/neutron/common/ovn/hash_ring_manager.py:65}}
Apr 08 23:12:44.616653 np0000164401 devstack@neutron-api.service[102747]: DEBUG neutron.plugins.ml2.drivers.ovn.mech_driver.ovsdb.ovsdb_monitor [-] Hash Ring: Node c77800cac8bd5266ba39863dc211734f (host: np0000164401) handling event "update" for row bf779a29-2973-43d0-a220-502cbb016582 (table: Connection) {{(pid=102747) notify /opt/stack/neutron/neutron/plugins/ml2/drivers/ovn/mech_driver/ovsdb/ovsdb_monitor.py:912}}
Apr 08 23:12:47.112077 np0000164401 devstack@neutron-api.service[102745]: DEBUG neutron.plugins.ml2.drivers.ovn.mech_driver.ovsdb.ovsdb_monitor [-] Hash Ring: Node d187fdc180e05343b3187adfb43998b5 (host: np0000164401) handling event "update" for row bf779a29-2973-43d0-a220-502cbb016582 (table: Connection) {{(pid=102745) notify /opt/stack/neutron/neutron/plugins/ml2/drivers/ovn/mech_driver/ovsdb/ovsdb_monitor.py:912}}
Apr 08 23:12:47.112688 np0000164401 devstack@neutron-api.service[102747]: DEBUG neutron.plugins.ml2.drivers.ovn.mech_driver.ovsdb.ovsdb_monitor [-] Hash Ring: Node c77800cac8bd5266ba39863dc211734f (host: np0000164401) handling event "update" for row bf779a29-2973-43d0-a220-502cbb016582 (table: Connection) {{(pid=102747) notify /opt/stack/neutron/neutron/plugins/ml2/drivers/ovn/mech_driver/ovsdb/ovsdb_monitor.py:912}}
Apr 08 23:12:48.336283 np0000164401 devstack@neutron-api.service[102747]: DEBUG neutron.api.wsgi [None req-bf9843ee-8a4b-4e5c-9950-4f7a716592bf admin admin] Missing Content-Type {{(pid=102747) get_content_type /opt/stack/neutron/neutron/api/wsgi.py:85}}
Apr 08 23:12:48.336719 np0000164401 devstack@neutron-api.service[102747]: DEBUG neutron.api.wsgi [None req-bf9843ee-8a4b-4e5c-9950-4f7a716592bf admin admin] https://199.19.213.153/networking/v2.0/extensions returned with HTTP 200 {{(pid=102747) __call__ /opt/stack/neutron/neutron/api/wsgi.py:545}}
Apr 08 23:12:48.336960 np0000164401 devstack@neutron-api.service[102747]: [pid: 102747|app: 0|req: 2/2] 199.19.213.153 () {64 vars in 1323 bytes} [Wed Apr 8 23:12:47 2026] GET /networking/v2.0/extensions => generated 15208 bytes in 424 msecs (HTTP/1.1 200) 4 headers in 159 bytes (1 switches on core 0)
Apr 08 23:12:48.729981 np0000164401 devstack@neutron-api.service[102746]: DEBUG neutron.api.v2.base [None req-6580bb6c-e913-407f-b978-9629c2bb8655 admin admin] Request body: {'subnetpool': {'name': 'shared-default-subnetpool-v4', 'is_default': True, 'shared': True, 'prefixes': ['10.1.0.0/20'], 'default_prefixlen': 26}} {{(pid=102746) prepare_request_body /opt/stack/neutron/neutron/api/v2/base.py:729}}
Apr 08 23:12:48.930709 np0000164401 devstack@neutron-api.service[102746]: DEBUG neutron.policy [None req-6580bb6c-e913-407f-b978-9629c2bb8655 admin admin] Loaded default policies from ['neutron'] under neutron.policies entry points {{(pid=102746) register_rules /opt/stack/neutron/neutron/policy.py:65}}
Apr 08 23:12:49.078391 np0000164401 devstack@neutron-api.service[102746]: DEBUG neutron_lib.callbacks.manager [None req-6580bb6c-e913-407f-b978-9629c2bb8655 admin admin] Publish callbacks ['neutron.objects.securitygroup.RbacNeutronDbObjectMixin.validate_rbac_policy_change-2161606864238', 'neutron.objects.address_group.RbacNeutronDbObjectMixin.validate_rbac_policy_change-2161606756149', 'neutron.objects.network.RbacNeutronDbObjectMixin.validate_rbac_policy_change-2161606899578', 'neutron.objects.qos.policy.RbacNeutronDbObjectMixin.validate_rbac_policy_change-2161606791787', 'neutron.objects.subnetpool.RbacNeutronDbObjectMixin.validate_rbac_policy_change-2161606799606', 'neutron.objects.address_scope.RbacNeutronDbObjectMixin.validate_rbac_policy_change-2161606799878', 'neutron.plugins.ml2.plugin.External_net_db_mixin._process_ext_policy_create-3158734', 'neutron.plugins.ml2.plugin.NeutronDbPluginV2.validate_network_rbac_policy_change-3155258'] for rbac-policy (None), before_create {{(pid=102746) _notify_loop /opt/stack/data/venv/lib/python3.12/site-packages/neutron_lib/callbacks/manager.py:184}}
Apr 08 23:12:49.124891 np0000164401 devstack@neutron-api.service[102746]: DEBUG neutron_lib.callbacks.manager [None req-6580bb6c-e913-407f-b978-9629c2bb8655 admin admin] Publish callbacks [] for subnetpool (None), before_response {{(pid=102746) _notify_loop /opt/stack/data/venv/lib/python3.12/site-packages/neutron_lib/callbacks/manager.py:184}}
Apr 08 23:12:49.125396 np0000164401 devstack@neutron-api.service[102746]: [pid: 102746|app: 0|req: 1/3] 199.19.213.153 () {68 vars in 1367 bytes} [Wed Apr 8 23:12:48 2026] POST /networking/v2.0/subnetpools => generated 533 bytes in 509 msecs (HTTP/1.1 201) 4 headers in 162 bytes (1 switches on core 0)
Apr 08 23:12:49.436774 np0000164401 devstack@neutron-api.service[102745]: DEBUG neutron.api.v2.base [None req-6a517c87-6ae6-4492-be9c-2ebde45c9198 admin admin] Request body: {'subnetpool': {'name': 'shared-default-subnetpool-v6', 'is_default': True, 'shared': True, 'prefixes': ['fd31:495d:d898::/56'], 'default_prefixlen': 64}} {{(pid=102745) prepare_request_body /opt/stack/neutron/neutron/api/v2/base.py:729}}
Apr 08 23:12:49.607713 np0000164401 devstack@neutron-api.service[102745]: DEBUG neutron.policy [None req-6a517c87-6ae6-4492-be9c-2ebde45c9198 admin admin] Loaded default policies from ['neutron'] under neutron.policies entry points {{(pid=102745) register_rules /opt/stack/neutron/neutron/policy.py:65}}
Apr 08 23:12:49.754156 np0000164401 devstack@neutron-api.service[102745]: DEBUG neutron_lib.callbacks.manager [None req-6a517c87-6ae6-4492-be9c-2ebde45c9198 admin admin] Publish callbacks ['neutron.objects.securitygroup.RbacNeutronDbObjectMixin.validate_rbac_policy_change-2161606739207', 'neutron.objects.address_group.RbacNeutronDbObjectMixin.validate_rbac_policy_change-2161606770665', 'neutron.objects.network.RbacNeutronDbObjectMixin.validate_rbac_policy_change-2161606896826', 'neutron.objects.qos.policy.RbacNeutronDbObjectMixin.validate_rbac_policy_change-2161606913258', 'neutron.objects.subnetpool.RbacNeutronDbObjectMixin.validate_rbac_policy_change-2161606802125', 'neutron.objects.address_scope.RbacNeutronDbObjectMixin.validate_rbac_policy_change-2161606800101', 'neutron.plugins.ml2.plugin.External_net_db_mixin._process_ext_policy_create-3349967', 'neutron.plugins.ml2.plugin.NeutronDbPluginV2.validate_network_rbac_policy_change-3372647'] for rbac-policy (None), before_create {{(pid=102745) _notify_loop /opt/stack/data/venv/lib/python3.12/site-packages/neutron_lib/callbacks/manager.py:184}}
Apr 08 23:12:49.799864 np0000164401 devstack@neutron-api.service[102745]: DEBUG neutron_lib.callbacks.manager [None req-6a517c87-6ae6-4492-be9c-2ebde45c9198 admin admin] Publish callbacks [] for subnetpool (None), before_response {{(pid=102745) _notify_loop /opt/stack/data/venv/lib/python3.12/site-packages/neutron_lib/callbacks/manager.py:184}}
Apr 08 23:12:49.800968 np0000164401 devstack@neutron-api.service[102745]: [pid: 102745|app: 0|req: 1/4] 199.19.213.153 () {68 vars in 1367 bytes} [Wed Apr 8 23:12:49 2026] POST /networking/v2.0/subnetpools => generated 543 bytes in 469 msecs (HTTP/1.1 201) 4 headers in 162 bytes (1 switches on core 0)
Apr 08 23:12:50.184929 np0000164401 devstack@neutron-api.service[102748]: DEBUG neutron.api.v2.base [None req-7a6ae69d-bec9-42d9-8967-15e1b687ee0b admin admin] Request body: {'network': {'name': 'private', 'admin_state_up': True}} {{(pid=102748) prepare_request_body /opt/stack/neutron/neutron/api/v2/base.py:729}}
Apr 08 23:12:50.210470 np0000164401 devstack@neutron-api.service[102748]: DEBUG neutron.pecan_wsgi.hooks.quota_enforcement [None req-7a6ae69d-bec9-42d9-8967-15e1b687ee0b admin admin] Made reservation on behalf of bfd328ab5a2c4871ba089fee99a9b174 for: {'network': 1} {{(pid=102748) before /opt/stack/neutron/neutron/pecan_wsgi/hooks/quota_enforcement.py:66}}
Apr 08 23:12:50.384938 np0000164401 devstack@neutron-api.service[102748]: DEBUG neutron.policy [None req-7a6ae69d-bec9-42d9-8967-15e1b687ee0b admin admin] Loaded default policies from ['neutron'] under neutron.policies entry points {{(pid=102748) register_rules /opt/stack/neutron/neutron/policy.py:65}}
Apr 08 23:12:50.495834 np0000164401 devstack@neutron-api.service[102748]: DEBUG neutron_lib.callbacks.manager [None req-7a6ae69d-bec9-42d9-8967-15e1b687ee0b admin admin] Publish callbacks ['neutron.plugins.ml2.plugin.SecurityGroupDbMixin._ensure_default_security_group_handler-489493'] for network (None), before_create {{(pid=102748) _notify_loop /opt/stack/data/venv/lib/python3.12/site-packages/neutron_lib/callbacks/manager.py:184}}
Apr 08 23:12:50.517230 np0000164401 devstack@neutron-api.service[102748]: DEBUG neutron_lib.callbacks.manager [None req-7a6ae69d-bec9-42d9-8967-15e1b687ee0b admin admin] Publish callbacks [] for security_group (None), before_create {{(pid=102748) _notify_loop /opt/stack/data/venv/lib/python3.12/site-packages/neutron_lib/callbacks/manager.py:184}}
Apr 08 23:12:50.610942 np0000164401 devstack@neutron-api.service[102748]: DEBUG neutron_lib.callbacks.manager [None req-7a6ae69d-bec9-42d9-8967-15e1b687ee0b admin admin] Publish callbacks ['neutron.plugins.ml2.drivers.ovn.mech_driver.mech_driver.OVNMechanismDriver._create_security_group_precommit-215934'] for security_group (ab3d840b-17e1-45bd-979b-4e427e647c81), precommit_create {{(pid=102748) _notify_loop /opt/stack/data/venv/lib/python3.12/site-packages/neutron_lib/callbacks/manager.py:184}}
Apr 08 23:12:50.611255 np0000164401 devstack@neutron-api.service[102748]: DEBUG neutron.db.ovn_revision_numbers_db [None req-7a6ae69d-bec9-42d9-8967-15e1b687ee0b admin admin] create_initial_revision uuid=ab3d840b-17e1-45bd-979b-4e427e647c81, type=security_groups, rev=-1 {{(pid=102748) create_initial_revision /opt/stack/neutron/neutron/db/ovn_revision_numbers_db.py:98}}
Apr 08 23:12:50.613429 np0000164401 devstack@neutron-api.service[102748]: DEBUG neutron.db.ovn_revision_numbers_db [None req-7a6ae69d-bec9-42d9-8967-15e1b687ee0b admin admin] create_initial_revision uuid=11c4dfdb-97ad-4953-9246-65043a8804d1, type=security_group_rules, rev=-1 {{(pid=102748) create_initial_revision /opt/stack/neutron/neutron/db/ovn_revision_numbers_db.py:98}}
Apr 08 23:12:50.614398 np0000164401 devstack@neutron-api.service[102748]: DEBUG neutron.db.ovn_revision_numbers_db [None req-7a6ae69d-bec9-42d9-8967-15e1b687ee0b admin admin] create_initial_revision uuid=b5a5390f-972e-4497-be26-361fa24d5a86, type=security_group_rules, rev=-1 {{(pid=102748) create_initial_revision /opt/stack/neutron/neutron/db/ovn_revision_numbers_db.py:98}}
Apr 08 23:12:50.615444 np0000164401 devstack@neutron-api.service[102748]: DEBUG neutron.db.ovn_revision_numbers_db [None req-7a6ae69d-bec9-42d9-8967-15e1b687ee0b admin admin] create_initial_revision uuid=c2d80eef-0b07-4184-8264-695875b4f1c9, type=security_group_rules, rev=-1 {{(pid=102748) create_initial_revision /opt/stack/neutron/neutron/db/ovn_revision_numbers_db.py:98}}
Apr 08 23:12:50.616337 np0000164401 devstack@neutron-api.service[102748]: DEBUG neutron.db.ovn_revision_numbers_db [None req-7a6ae69d-bec9-42d9-8967-15e1b687ee0b admin admin] create_initial_revision uuid=e79f1a88-1235-4600-8d84-3234dd0b762b, type=security_group_rules, rev=-1 {{(pid=102748) create_initial_revision /opt/stack/neutron/neutron/db/ovn_revision_numbers_db.py:98}}
Apr 08 23:12:50.621836 np0000164401 devstack@neutron-api.service[102748]: DEBUG neutron_lib.callbacks.manager [None req-7a6ae69d-bec9-42d9-8967-15e1b687ee0b admin admin] Publish callbacks ['neutron.plugins.ml2.drivers.ovn.mech_driver.mech_driver.OVNMechanismDriver._create_security_group-215912', 'neutron.plugins.ml2.ovo_rpc._ObjectChangeHandler.handle_event-132876492'] for security_group (ab3d840b-17e1-45bd-979b-4e427e647c81), after_create {{(pid=102748) _notify_loop /opt/stack/data/venv/lib/python3.12/site-packages/neutron_lib/callbacks/manager.py:184}}
Apr 08 23:12:50.623766 np0000164401 devstack@neutron-api.service[102748]: DEBUG ovsdbapp.backend.ovs_idl.transaction [-] Running txn n=1 command(idx=0): PgAddCommand(_result=None, name=pg_ab3d840b_17e1_45bd_979b_4e427e647c81, may_exist=False, columns={'acls': [], 'external_ids': {'neutron:security_group_id': 'ab3d840b-17e1-45bd-979b-4e427e647c81'}}) {{(pid=102748) do_commit /opt/stack/data/venv/lib/python3.12/site-packages/ovsdbapp/backend/ovs_idl/transaction.py:89}}
Apr 08 23:12:50.624664 np0000164401 devstack@neutron-api.service[102748]: DEBUG ovsdbapp.backend.ovs_idl.transaction [-] Running txn n=1 command(idx=1): PgAclAddCommand(_result=None, entity=pg_ab3d840b_17e1_45bd_979b_4e427e647c81, direction=from-lport, priority=1002, match=inport == @pg_ab3d840b_17e1_45bd_979b_4e427e647c81 && ip4, action=allow-related, log=False, may_exist=True, severity=[], name=[], meter=[], external_ids={'neutron:security_group_rule_id': '11c4dfdb-97ad-4953-9246-65043a8804d1'}) {{(pid=102748) do_commit /opt/stack/data/venv/lib/python3.12/site-packages/ovsdbapp/backend/ovs_idl/transaction.py:89}}
Apr 08 23:12:50.625136 np0000164401 devstack@neutron-api.service[102748]: DEBUG ovsdbapp.backend.ovs_idl.transaction [-] Running txn n=1 command(idx=2): PgAclAddCommand(_result=None, entity=pg_ab3d840b_17e1_45bd_979b_4e427e647c81, direction=from-lport, priority=1002, match=inport == @pg_ab3d840b_17e1_45bd_979b_4e427e647c81 && ip6, action=allow-related, log=False, may_exist=True, severity=[], name=[], meter=[], external_ids={'neutron:security_group_rule_id': 'b5a5390f-972e-4497-be26-361fa24d5a86'}) {{(pid=102748) do_commit /opt/stack/data/venv/lib/python3.12/site-packages/ovsdbapp/backend/ovs_idl/transaction.py:89}}
Apr 08 23:12:50.625447 np0000164401 devstack@neutron-api.service[102748]: DEBUG ovsdbapp.backend.ovs_idl.transaction [-] Running txn n=1 command(idx=3): PgAclAddCommand(_result=None, entity=pg_ab3d840b_17e1_45bd_979b_4e427e647c81, direction=to-lport, priority=1002, match=outport == @pg_ab3d840b_17e1_45bd_979b_4e427e647c81 && ip6 && ip6.src == $pg_ab3d840b_17e1_45bd_979b_4e427e647c81_ip6, action=allow-related, log=False, may_exist=True, severity=[], name=[], meter=[], external_ids={'neutron:security_group_rule_id': 'c2d80eef-0b07-4184-8264-695875b4f1c9'}) {{(pid=102748) do_commit /opt/stack/data/venv/lib/python3.12/site-packages/ovsdbapp/backend/ovs_idl/transaction.py:89}}
Apr 08 23:12:50.625733 np0000164401 devstack@neutron-api.service[102748]: DEBUG ovsdbapp.backend.ovs_idl.transaction [-] Running txn n=1 command(idx=4): PgAclAddCommand(_result=None, entity=pg_ab3d840b_17e1_45bd_979b_4e427e647c81, direction=to-lport, priority=1002, match=outport == @pg_ab3d840b_17e1_45bd_979b_4e427e647c81 && ip4 && ip4.src == $pg_ab3d840b_17e1_45bd_979b_4e427e647c81_ip4, action=allow-related, log=False, may_exist=True, severity=[], name=[], meter=[], external_ids={'neutron:security_group_rule_id': 'e79f1a88-1235-4600-8d84-3234dd0b762b'}) {{(pid=102748) do_commit /opt/stack/data/venv/lib/python3.12/site-packages/ovsdbapp/backend/ovs_idl/transaction.py:89}}
Apr 08 23:12:50.631165 np0000164401 devstack@neutron-api.service[102748]: DEBUG neutron.plugins.ml2.drivers.ovn.mech_driver.ovsdb.ovsdb_monitor [-] Hash Ring: Node cb96568ca1c85bdd9d1de85fef05830c (host: np0000164401) handling event "create" for row ae6a47ea-37da-4f93-81ef-cc21df2a17d0 (table: ACL) {{(pid=102748) notify /opt/stack/neutron/neutron/plugins/ml2/drivers/ovn/mech_driver/ovsdb/ovsdb_monitor.py:912}}
Apr 08 23:12:50.631935 np0000164401 devstack@neutron-api.service[102748]: DEBUG neutron.plugins.ml2.drivers.ovn.mech_driver.ovsdb.ovsdb_monitor [-] Hash Ring: Node cb96568ca1c85bdd9d1de85fef05830c (host: np0000164401) handling event "create" for row b00a74fd-b358-4d17-9fa3-26f55d29ac20 (table: ACL) {{(pid=102748) notify /opt/stack/neutron/neutron/plugins/ml2/drivers/ovn/mech_driver/ovsdb/ovsdb_monitor.py:912}}
Apr 08 23:12:50.634641 np0000164401 devstack@neutron-api.service[102746]: DEBUG neutron.plugins.ml2.drivers.ovn.mech_driver.ovsdb.ovsdb_monitor [-] Hash Ring: Node c4f44f7f24c6547196757070e0a5c977 (host: np0000164401) handling event "create" for row 0fe6e702-0e60-427d-b1a1-530b4807f87b (table: ACL) {{(pid=102746) notify /opt/stack/neutron/neutron/plugins/ml2/drivers/ovn/mech_driver/ovsdb/ovsdb_monitor.py:912}}
Apr 08 23:12:50.635467 np0000164401 devstack@neutron-api.service[102745]: DEBUG neutron.plugins.ml2.drivers.ovn.mech_driver.ovsdb.ovsdb_monitor [-] Hash Ring: Node d187fdc180e05343b3187adfb43998b5 (host: np0000164401) handling event "create" for row a6258260-ac66-4325-9c1d-46b9b8f5a845 (table: Port_Group) {{(pid=102745) notify /opt/stack/neutron/neutron/plugins/ml2/drivers/ovn/mech_driver/ovsdb/ovsdb_monitor.py:912}}
Apr 08 23:12:50.636484 np0000164401 devstack@neutron-api.service[102747]: DEBUG neutron.plugins.ml2.drivers.ovn.mech_driver.ovsdb.ovsdb_monitor [-] Hash Ring: Node c77800cac8bd5266ba39863dc211734f (host: np0000164401) handling event "create" for row 0fe6e702-0e60-427d-b1a1-530b4807f87b (table: ACL) {{(pid=102747) notify /opt/stack/neutron/neutron/plugins/ml2/drivers/ovn/mech_driver/ovsdb/ovsdb_monitor.py:912}}
Apr 08 23:12:50.636840 np0000164401 devstack@neutron-api.service[102747]: DEBUG neutron.plugins.ml2.drivers.ovn.mech_driver.ovsdb.ovsdb_monitor [-] Hash Ring: Node c77800cac8bd5266ba39863dc211734f (host: np0000164401) handling event "create" for row ae6a47ea-37da-4f93-81ef-cc21df2a17d0 (table: ACL) {{(pid=102747) notify /opt/stack/neutron/neutron/plugins/ml2/drivers/ovn/mech_driver/ovsdb/ovsdb_monitor.py:912}}
Apr 08 23:12:50.637116 np0000164401 devstack@neutron-api.service[102747]: DEBUG neutron.plugins.ml2.drivers.ovn.mech_driver.ovsdb.ovsdb_monitor [-] Hash Ring: Node c77800cac8bd5266ba39863dc211734f (host: np0000164401) handling event "create" for row b00a74fd-b358-4d17-9fa3-26f55d29ac20 (table: ACL) {{(pid=102747) notify /opt/stack/neutron/neutron/plugins/ml2/drivers/ovn/mech_driver/ovsdb/ovsdb_monitor.py:912}}
Apr 08 23:12:50.637418 np0000164401 devstack@neutron-api.service[102747]: DEBUG neutron.plugins.ml2.drivers.ovn.mech_driver.ovsdb.ovsdb_monitor [-] Hash Ring: Node c77800cac8bd5266ba39863dc211734f (host: np0000164401) handling event "create" for row da9374b1-9133-4c53-a144-e11a8bc29cf7 (table: ACL) {{(pid=102747) notify /opt/stack/neutron/neutron/plugins/ml2/drivers/ovn/mech_driver/ovsdb/ovsdb_monitor.py:912}}
Apr 08 23:12:50.637717 np0000164401 devstack@neutron-api.service[102747]: DEBUG neutron.plugins.ml2.drivers.ovn.mech_driver.ovsdb.ovsdb_monitor [-] Hash Ring: Node c77800cac8bd5266ba39863dc211734f (host: np0000164401) handling event "create" for row a6258260-ac66-4325-9c1d-46b9b8f5a845 (table: Port_Group) {{(pid=102747) notify /opt/stack/neutron/neutron/plugins/ml2/drivers/ovn/mech_driver/ovsdb/ovsdb_monitor.py:912}}
Apr 08 23:12:50.661941 np0000164401 devstack@neutron-api.service[102748]: INFO neutron.db.ovn_revision_numbers_db [None req-7a6ae69d-bec9-42d9-8967-15e1b687ee0b admin admin] Successfully bumped revision number for resource ab3d840b-17e1-45bd-979b-4e427e647c81 (type: security_groups) to 1
Apr 08 23:12:50.678699 np0000164401 devstack@neutron-api.service[102748]: INFO neutron.db.ovn_revision_numbers_db [None req-7a6ae69d-bec9-42d9-8967-15e1b687ee0b admin admin] Successfully bumped revision number for resource 11c4dfdb-97ad-4953-9246-65043a8804d1 (type: security_group_rules) to 0
Apr 08 23:12:50.695460 np0000164401 devstack@neutron-api.service[102748]: INFO neutron.db.ovn_revision_numbers_db [None req-7a6ae69d-bec9-42d9-8967-15e1b687ee0b admin admin] Successfully bumped revision number for resource b5a5390f-972e-4497-be26-361fa24d5a86 (type: security_group_rules) to 0
Apr 08 23:12:50.709096 np0000164401 devstack@neutron-api.service[102748]: INFO neutron.db.ovn_revision_numbers_db [None req-7a6ae69d-bec9-42d9-8967-15e1b687ee0b admin admin] Successfully bumped revision number for resource c2d80eef-0b07-4184-8264-695875b4f1c9 (type: security_group_rules) to 0
Apr 08 23:12:50.722828 np0000164401 devstack@neutron-api.service[102748]: INFO neutron.db.ovn_revision_numbers_db [None req-7a6ae69d-bec9-42d9-8967-15e1b687ee0b admin admin] Successfully bumped revision number for resource e79f1a88-1235-4600-8d84-3234dd0b762b (type: security_group_rules) to 0
Apr 08 23:12:50.748289 np0000164401 devstack@neutron-api.service[102748]: DEBUG neutron.api.rpc.handlers.resources_rpc [None req-7a6ae69d-bec9-42d9-8967-15e1b687ee0b admin admin] Pushing event updated for resources: {'SecurityGroup': ['ID=ab3d840b-17e1-45bd-979b-4e427e647c81,revision_number=1']} {{(pid=102748) push /opt/stack/neutron/neutron/api/rpc/handlers/resources_rpc.py:237}}
Apr 08 23:12:50.755402 np0000164401 devstack@neutron-api.service[102748]: DEBUG ovsdbapp.backend.ovs_idl.transaction [-] Running txn n=1 command(idx=0): CheckLivenessCommand(_result=None) {{(pid=102748) do_commit /opt/stack/data/venv/lib/python3.12/site-packages/ovsdbapp/backend/ovs_idl/transaction.py:89}}
Apr 08 23:12:50.759143 np0000164401 devstack@neutron-api.service[102747]: DEBUG neutron.plugins.ml2.drivers.ovn.mech_driver.ovsdb.ovsdb_monitor [-] Hash Ring: Node c77800cac8bd5266ba39863dc211734f (host: np0000164401) handling event "update" for row e650de93-b8ab-46f2-b40b-a9021e1da5c2 (table: NB_Global) {{(pid=102747) notify /opt/stack/neutron/neutron/plugins/ml2/drivers/ovn/mech_driver/ovsdb/ovsdb_monitor.py:912}}
Apr 08 23:12:50.760851 np0000164401 devstack@neutron-api.service[102748]: DEBUG neutron.api.rpc.callbacks.version_manager [None req-7a6ae69d-bec9-42d9-8967-15e1b687ee0b admin admin] Tracked resource versions report:
Apr 08 23:12:50.760851 np0000164401 devstack@neutron-api.service[102748]: pushed versions:
Apr 08 23:12:50.760851 np0000164401 devstack@neutron-api.service[102748]: { 'AddressGroup': {'1.2'},
Apr 08 23:12:50.760851 np0000164401 devstack@neutron-api.service[102748]: 'Agent': {'1.1'},
Apr 08 23:12:50.760851 np0000164401 devstack@neutron-api.service[102748]: 'ConntrackHelper': {'1.0'},
Apr 08 23:12:50.760851 np0000164401 devstack@neutron-api.service[102748]: 'LocalIPAssociation': {'1.0'},
Apr 08 23:12:50.760851 np0000164401 devstack@neutron-api.service[102748]: 'Log': {'1.0'},
Apr 08 23:12:50.760851 np0000164401 devstack@neutron-api.service[102748]: 'NDPProxy': {'1.0'},
Apr 08 23:12:50.760851 np0000164401 devstack@neutron-api.service[102748]: 'Network': {'1.2'},
Apr 08 23:12:50.760851 np0000164401 devstack@neutron-api.service[102748]: 'Port': {'1.10'},
Apr 08 23:12:50.760851 np0000164401 devstack@neutron-api.service[102748]: 'PortForwarding': {'1.3'},
Apr 08 23:12:50.760851 np0000164401 devstack@neutron-api.service[102748]: 'QosPolicy': {'1.10'},
Apr 08 23:12:50.760851 np0000164401 devstack@neutron-api.service[102748]: 'SecurityGroup': {'1.6'},
Apr 08 23:12:50.760851 np0000164401 devstack@neutron-api.service[102748]: 'SecurityGroupRule': {'1.3'},
Apr 08 23:12:50.760851 np0000164401 devstack@neutron-api.service[102748]: 'SubPort': {'1.0'},
Apr 08 23:12:50.760851 np0000164401 devstack@neutron-api.service[102748]: 'Subnet': {'1.2'},
Apr 08 23:12:50.760851 np0000164401 devstack@neutron-api.service[102748]: 'Trunk': {'1.1'}}
Apr 08 23:12:50.760851 np0000164401 devstack@neutron-api.service[102748]: consumer versions:
Apr 08 23:12:50.760851 np0000164401 devstack@neutron-api.service[102748]: {}
Apr 08 23:12:50.760851 np0000164401 devstack@neutron-api.service[102748]: {{(pid=102748) report /opt/stack/neutron/neutron/api/rpc/callbacks/version_manager.py:183}}
Apr 08 23:12:50.761641 np0000164401 devstack@neutron-api.service[102747]: DEBUG neutron.plugins.ml2.drivers.ovn.mech_driver.ovsdb.ovsdb_monitor [-] Hash Ring: Node c77800cac8bd5266ba39863dc211734f (host: np0000164401) handling event "update" for row e650de93-b8ab-46f2-b40b-a9021e1da5c2 (table: NB_Global) {{(pid=102747) notify /opt/stack/neutron/neutron/plugins/ml2/drivers/ovn/mech_driver/ovsdb/ovsdb_monitor.py:912}}
Apr 08 23:12:50.762227 np0000164401 devstack@neutron-api.service[102747]: DEBUG neutron.plugins.ml2.drivers.ovn.mech_driver.ovsdb.ovsdb_monitor [-] Hash Ring: Node c77800cac8bd5266ba39863dc211734f (host: np0000164401) handling event "update" for row e650de93-b8ab-46f2-b40b-a9021e1da5c2 (table: NB_Global) {{(pid=102747) notify /opt/stack/neutron/neutron/plugins/ml2/drivers/ovn/mech_driver/ovsdb/ovsdb_monitor.py:912}}
Apr 08 23:12:50.763360 np0000164401 devstack@neutron-api.service[102747]: DEBUG neutron.plugins.ml2.drivers.ovn.mech_driver.ovsdb.ovsdb_monitor [-] ChassisAgentWriteEvent : Matched Chassis_Private, update, None None {{(pid=102747) matches /opt/stack/neutron/neutron/plugins/ml2/drivers/ovn/mech_driver/ovsdb/ovsdb_monitor.py:64}}
Apr 08 23:12:50.764107 np0000164401 devstack@neutron-api.service[102746]: DEBUG neutron.plugins.ml2.drivers.ovn.mech_driver.ovsdb.ovsdb_monitor [-] ChassisAgentWriteEvent : Matched Chassis_Private, update, None None {{(pid=102746) matches /opt/stack/neutron/neutron/plugins/ml2/drivers/ovn/mech_driver/ovsdb/ovsdb_monitor.py:64}}
Apr 08 23:12:50.764211 np0000164401 devstack@neutron-api.service[102745]: DEBUG neutron.plugins.ml2.drivers.ovn.mech_driver.ovsdb.ovsdb_monitor [-] ChassisAgentWriteEvent : Matched Chassis_Private, update, None None {{(pid=102745) matches /opt/stack/neutron/neutron/plugins/ml2/drivers/ovn/mech_driver/ovsdb/ovsdb_monitor.py:64}}
Apr 08 23:12:50.764851 np0000164401 devstack@neutron-api.service[102745]: DEBUG neutron.plugins.ml2.drivers.ovn.mech_driver.ovsdb.ovsdb_monitor [-] Hash Ring: Node d187fdc180e05343b3187adfb43998b5 (host: np0000164401) handling event "update" for row db4ca6e4-de1d-4c76-b92a-f2b6e5467609 (table: Chassis_Private) {{(pid=102745) notify /opt/stack/neutron/neutron/plugins/ml2/drivers/ovn/mech_driver/ovsdb/ovsdb_monitor.py:912}}
Apr 08 23:12:50.767330 np0000164401 devstack@neutron-api.service[102747]: DEBUG neutron.plugins.ml2.drivers.ovn.mech_driver.ovsdb.ovsdb_monitor [-] Hash Ring: Node c77800cac8bd5266ba39863dc211734f (host: np0000164401) handling event "update" for row e650de93-b8ab-46f2-b40b-a9021e1da5c2 (table: NB_Global) {{(pid=102747) notify /opt/stack/neutron/neutron/plugins/ml2/drivers/ovn/mech_driver/ovsdb/ovsdb_monitor.py:912}}
Apr 08 23:12:50.769115 np0000164401 devstack@neutron-api.service[102745]: DEBUG neutron.plugins.ml2.drivers.ovn.mech_driver.ovsdb.ovsdb_monitor [-] ChassisOVNAgentWriteEvent : Matched Chassis_Private, update, None None {{(pid=102745) matches /opt/stack/neutron/neutron/plugins/ml2/drivers/ovn/mech_driver/ovsdb/ovsdb_monitor.py:64}}
Apr 08 23:12:50.769251 np0000164401 devstack@neutron-api.service[102746]: DEBUG neutron.plugins.ml2.drivers.ovn.mech_driver.ovsdb.ovsdb_monitor [-] ChassisOVNAgentWriteEvent : Matched Chassis_Private, update, None None {{(pid=102746) matches /opt/stack/neutron/neutron/plugins/ml2/drivers/ovn/mech_driver/ovsdb/ovsdb_monitor.py:64}}
Apr 08 23:12:50.769421 np0000164401 devstack@neutron-api.service[102745]: DEBUG neutron.plugins.ml2.drivers.ovn.mech_driver.ovsdb.ovsdb_monitor [-] Hash Ring: Node d187fdc180e05343b3187adfb43998b5 (host: np0000164401) handling event "update" for row db4ca6e4-de1d-4c76-b92a-f2b6e5467609 (table: Chassis_Private) {{(pid=102745) notify /opt/stack/neutron/neutron/plugins/ml2/drivers/ovn/mech_driver/ovsdb/ovsdb_monitor.py:912}}
Apr 08 23:12:50.769527 np0000164401 devstack@neutron-api.service[102747]: DEBUG neutron.common.ovn.hash_ring_manager [-] Allow caching, nodes 4>=4 {{(pid=102747) _wait_startup_before_caching /opt/stack/neutron/neutron/common/ovn/hash_ring_manager.py:65}}
Apr 08 23:12:50.769713 np0000164401 devstack@neutron-api.service[102747]: DEBUG neutron.plugins.ml2.drivers.ovn.mech_driver.ovsdb.ovsdb_monitor [-] Hash Ring: Node c77800cac8bd5266ba39863dc211734f (host: np0000164401) handling event "update" for row db4ca6e4-de1d-4c76-b92a-f2b6e5467609 (table: Chassis_Private) {{(pid=102747) notify /opt/stack/neutron/neutron/plugins/ml2/drivers/ovn/mech_driver/ovsdb/ovsdb_monitor.py:912}}
Apr 08 23:12:50.770244 np0000164401 devstack@neutron-api.service[102748]: DEBUG neutron.plugins.ml2.drivers.ovn.mech_driver.ovsdb.ovsdb_monitor [-] ChassisAgentWriteEvent : Matched Chassis_Private, update, None None {{(pid=102748) matches /opt/stack/neutron/neutron/plugins/ml2/drivers/ovn/mech_driver/ovsdb/ovsdb_monitor.py:64}}
Apr 08 23:12:50.770692 np0000164401 devstack@neutron-api.service[102747]: DEBUG neutron.plugins.ml2.drivers.ovn.mech_driver.ovsdb.ovsdb_monitor [-] ChassisOVNAgentWriteEvent : Matched Chassis_Private, update, None None {{(pid=102747) matches /opt/stack/neutron/neutron/plugins/ml2/drivers/ovn/mech_driver/ovsdb/ovsdb_monitor.py:64}}
Apr 08 23:12:50.771057 np0000164401 devstack@neutron-api.service[102747]: DEBUG neutron.plugins.ml2.drivers.ovn.mech_driver.ovsdb.ovsdb_monitor [-] Hash Ring: Node c77800cac8bd5266ba39863dc211734f (host: np0000164401) handling event "update" for row db4ca6e4-de1d-4c76-b92a-f2b6e5467609 (table: Chassis_Private) {{(pid=102747) notify /opt/stack/neutron/neutron/plugins/ml2/drivers/ovn/mech_driver/ovsdb/ovsdb_monitor.py:912}}
Apr 08 23:12:50.772514 np0000164401 devstack@neutron-api.service[102748]: DEBUG neutron.plugins.ml2.drivers.ovn.mech_driver.ovsdb.ovsdb_monitor [-] ChassisOVNAgentWriteEvent : Matched Chassis_Private, update, None None {{(pid=102748) matches /opt/stack/neutron/neutron/plugins/ml2/drivers/ovn/mech_driver/ovsdb/ovsdb_monitor.py:64}}
Apr 08 23:12:50.826520 np0000164401 devstack@neutron-api.service[102748]: DEBUG neutron.plugins.ml2.drivers.helpers [None req-7a6ae69d-bec9-42d9-8967-15e1b687ee0b admin admin] geneve segment allocate from pool success with {'geneve_vni': 48245} {{(pid=102748) allocate_partially_specified_segment /opt/stack/neutron/neutron/plugins/ml2/drivers/helpers.py:142}}
Apr 08 23:12:50.844396 np0000164401 devstack@neutron-api.service[102748]: DEBUG neutron_lib.callbacks.manager [None req-7a6ae69d-bec9-42d9-8967-15e1b687ee0b admin admin] Publish callbacks ['neutron.services.segments.db._add_segment_host_mapping_for_segment-8697779754088', 'neutron.plugins.ml2.plugin.Ml2Plugin._handle_segment_change-1782127'] for segment (465f4ef5-150d-452a-8fe9-05049e5971a4), precommit_create {{(pid=102748) _notify_loop /opt/stack/data/venv/lib/python3.12/site-packages/neutron_lib/callbacks/manager.py:184}}
Apr 08 23:12:50.844664 np0000164401 devstack@neutron-api.service[102748]: INFO neutron.db.segments_db [None req-7a6ae69d-bec9-42d9-8967-15e1b687ee0b admin admin] Added segment 465f4ef5-150d-452a-8fe9-05049e5971a4 of type geneve for network 78d962f3-8ddd-4784-af6d-1643fc5d75e4
Apr 08 23:12:50.888816 np0000164401 devstack@neutron-api.service[102748]: DEBUG neutron_lib.callbacks.manager [None req-7a6ae69d-bec9-42d9-8967-15e1b687ee0b admin admin] Publish callbacks ['neutron.services.auto_allocate.db._ensure_external_network_default_value_callback-8697778026680'] for network (78d962f3-8ddd-4784-af6d-1643fc5d75e4), precommit_create {{(pid=102748) _notify_loop /opt/stack/data/venv/lib/python3.12/site-packages/neutron_lib/callbacks/manager.py:184}}
Apr 08 23:12:50.906166 np0000164401 devstack@neutron-api.service[102748]: DEBUG neutron.plugins.ml2.drivers.ovn.mech_driver.mech_driver [None req-7a6ae69d-bec9-42d9-8967-15e1b687ee0b admin admin] Validating network segment with type geneve, segmentation ID 48245, physical network None {{(pid=102748) _validate_network_segments /opt/stack/neutron/neutron/plugins/ml2/drivers/ovn/mech_driver/mech_driver.py:631}}
Apr 08 23:12:50.906305 np0000164401 devstack@neutron-api.service[102748]: DEBUG neutron.db.ovn_revision_numbers_db [None req-7a6ae69d-bec9-42d9-8967-15e1b687ee0b admin admin] create_initial_revision uuid=78d962f3-8ddd-4784-af6d-1643fc5d75e4, type=networks, rev=-1 {{(pid=102748) create_initial_revision /opt/stack/neutron/neutron/db/ovn_revision_numbers_db.py:98}}
