2026-04-24 15:58:05.659 7 INFO neutron.pecan_wsgi.hooks.translation [None req-d40d82ac-3780-4b2d-b990-261cd9eca010 bf09be93b2094052a5928b02577c2e46 22105aa15b45466e93823c89439fffde - - default default] DELETE failed (client error): The resource could not be found. [pid: 7|app: 0|req: 1128/2499] 10.0.0.174 () {32 vars in 726 bytes} [Fri Apr 24 15:58:05 2026] DELETE /v2.0/networks/2a79f9dd-9251-4e7c-b4ea-bc128649db29 => generated 138 bytes in 13 msecs (HTTP/1.1 404) 4 headers in 164 bytes (1 switches on core 0) [pid: 7|app: 0|req: 1129/2500] 10.0.0.110 () {28 vars in 599 bytes} [Fri Apr 24 15:58:05 2026] GET /v2.0/security-groups => generated 23213 bytes in 42 msecs (HTTP/1.1 200) 4 headers in 159 bytes (1 switches on core 0)
2026-04-24 15:58:05.733 8 INFO neutron_taas.services.taas.taas_plugin [None req-f2e56b01-844d-4aeb-b5d0-5bf19fa36ec1 9f1889ecd49d4b1c947cb8e521f19a17 f8af45c831ed424a8c19bf73c5f56e57 - - default default] TaaS: Handle Delete Port: 4afa7add-a950-4570-9951-38661d736184
2026-04-24 15:58:05.737 8 INFO neutron_taas.services.taas.tap_mirror_plugin [None req-f2e56b01-844d-4aeb-b5d0-5bf19fa36ec1 9f1889ecd49d4b1c947cb8e521f19a17 f8af45c831ed424a8c19bf73c5f56e57 - - default default] Tap Mirror: Handle Delete Port: 4afa7add-a950-4570-9951-38661d736184 [pid: 7|app: 0|req: 1130/2501] 10.0.0.110 () {28 vars in 583 bytes} [Fri Apr 24 15:58:05 2026] GET /v2.0/subnets => generated 1308 bytes in 36 msecs (HTTP/1.1 200) 4 headers in 158 bytes (1 switches on core 0) [pid: 7|app: 0|req: 1131/2502] 10.0.0.110 () {28 vars in 583 bytes} [Fri Apr 24 15:58:05 2026] GET /v2.0/routers => generated 15 bytes in 18 msecs (HTTP/1.1 200) 4 headers in 156 bytes (1 switches on core 0) [pid: 7|app: 0|req: 1132/2503] 10.0.0.110 () {28 vars in 624 bytes} [Fri Apr 24 15:58:05 2026] GET /v2.0/agents?binary=ovn-controller => generated 416 bytes in 16 msecs (HTTP/1.1 200) 4 headers in 157 bytes (1 switches on core 0) [pid: 7|app: 0|req: 1133/2504] 10.0.0.110 () {28 vars in 619 bytes} [Fri Apr 24 15:58:05 2026] GET /v2.0/network-ip-availabilities => generated 2438 bytes in 15 msecs (HTTP/1.1 200) 4 headers in 158 bytes (1 switches on core 0) [pid: 7|app: 0|req: 1134/2505] 10.0.0.110 () {28 vars in 591 bytes} [Fri Apr 24 15:58:05 2026] GET /v2.0/floatingips => generated 19 bytes in 33 msecs (HTTP/1.1 200) 4 headers in 156 bytes (1 switches on core 0) [pid: 8|app: 0|req: 1372/2506] 10.0.0.174 () {32 vars in 720 bytes} [Fri Apr 24 15:58:05 2026] DELETE /v2.0/ports/4afa7add-a950-4570-9951-38661d736184 => generated 0 bytes in 298 msecs (HTTP/1.1 204) 3 headers in 131 bytes (1 switches on core 0) [pid: 7|app: 0|req: 1135/2507] 10.0.0.110 () {28 vars in 585 bytes} [Fri Apr 24 15:58:05 2026] GET /v2.0/networks => generated 6007 bytes in 81 msecs (HTTP/1.1 200) 4 headers in 158 bytes (1 switches on core 0) [pid: 7|app: 0|req: 1136/2508] 10.0.0.110 () {28 vars in 581 bytes} [Fri Apr 24 15:58:05 2026] GET /v2.0/agents => generated 1214 bytes in 15 msecs (HTTP/1.1 200) 4 headers in 158 bytes (1 switches on core 0) [pid: 7|app: 0|req: 1137/2509] 10.0.0.110 () {28 vars in 583 bytes} [Fri Apr 24 15:58:05 2026] GET /v2.0/subnets => generated 1308 bytes in 33 msecs (HTTP/1.1 200) 4 headers in 158 bytes (1 switches on core 0) [pid: 7|app: 0|req: 1138/2510] 10.0.0.110 () {28 vars in 591 bytes} [Fri Apr 24 15:58:06 2026] GET /v2.0/subnetpools => generated 19 bytes in 9 msecs (HTTP/1.1 200) 4 headers in 156 bytes (1 switches on core 0)
2026-04-24 15:58:06.033 8 INFO neutron_taas.services.taas.taas_plugin [None req-4b1ddb27-6f11-4de6-8ddc-3506690eae5c 9f1889ecd49d4b1c947cb8e521f19a17 f8af45c831ed424a8c19bf73c5f56e57 - - default default] TaaS: Handle Delete Port: 8aadad96-7bed-40b7-abc9-7086eeade45b
2026-04-24 15:58:06.037 8 INFO neutron_taas.services.taas.tap_mirror_plugin [None req-4b1ddb27-6f11-4de6-8ddc-3506690eae5c 9f1889ecd49d4b1c947cb8e521f19a17 f8af45c831ed424a8c19bf73c5f56e57 - - default default] Tap Mirror: Handle Delete Port: 8aadad96-7bed-40b7-abc9-7086eeade45b [pid: 8|app: 0|req: 1373/2511] 10.0.0.174 () {32 vars in 726 bytes} [Fri Apr 24 15:58:05 2026] DELETE /v2.0/networks/fef67e22-d266-4600-b2e3-342be2faf98c => generated 0 bytes in 389 msecs (HTTP/1.1 204) 3 headers in 131 bytes (1 switches on core 0)
2026-04-24 15:58:06.400 7 INFO neutron_taas.services.taas.taas_plugin [None req-f059fd94-569d-44b2-b95d-a7083d0d314b 9f1889ecd49d4b1c947cb8e521f19a17 f8af45c831ed424a8c19bf73c5f56e57 - - default default] TaaS: Handle Delete Port: 35063fd9-b427-4903-9f75-59471cecdad0
2026-04-24 15:58:06.404 7 INFO neutron_taas.services.taas.tap_mirror_plugin [None req-f059fd94-569d-44b2-b95d-a7083d0d314b 9f1889ecd49d4b1c947cb8e521f19a17 f8af45c831ed424a8c19bf73c5f56e57 - - default default] Tap Mirror: Handle Delete Port: 35063fd9-b427-4903-9f75-59471cecdad0 [pid: 8|app: 0|req: 1374/2512] 10.0.0.174 () {32 vars in 774 bytes} [Fri Apr 24 15:58:06 2026] GET /v2.0/security-groups?tenant_id=22105aa15b45466e93823c89439fffde&name=default => generated 2929 bytes in 159 msecs (HTTP/1.1 200) 4 headers in 158 bytes (1 switches on core 0)
2026-04-24 15:58:06.694 7 INFO neutron.services.segments.plugin [-] Segment 2ba65d22-3ff1-44d0-a7f9-7afc804e6f18 resource provider aggregate not found
2026-04-24 15:58:06.699 7 INFO neutron.services.segments.plugin [-] Segment 2ba65d22-3ff1-44d0-a7f9-7afc804e6f18 resource provider aggregate not found
2026-04-24 15:58:06.733 8 INFO neutron.services.segments.plugin [-] Segment ea63363c-853a-4df9-a104-ef4ae50ff32a resource provider aggregate not found
2026-04-24 15:58:06.737 7 INFO neutron.services.segments.plugin [-] Segment 2ba65d22-3ff1-44d0-a7f9-7afc804e6f18 resource provider not found; error: Placement Client Error (4xx): {"errors": [{"status": 404, "title": "Not Found", "detail": "The resource could not be found.\n\n No resource provider with uuid 2ba65d22-3ff1-44d0-a7f9-7afc804e6f18 found for delete ", "request_id": "req-65161ee3-386c-4528-aaaa-74aa986bf5bd"}]}
2026-04-24 15:58:06.739 7 INFO neutron.services.segments.plugin [-] Segment 2ba65d22-3ff1-44d0-a7f9-7afc804e6f18 resource provider not found; error: Placement Client Error (4xx): {"errors": [{"status": 404, "title": "Not Found", "detail": "The resource could not be found.\n\n No resource provider with uuid 2ba65d22-3ff1-44d0-a7f9-7afc804e6f18 found for delete ", "request_id": "req-4ed8aebf-b8ff-4b02-bbfb-a5624fbbd93b"}]}
2026-04-24 15:58:06.761 8 INFO neutron.services.segments.plugin [-] Segment ea63363c-853a-4df9-a104-ef4ae50ff32a resource provider not found; error: Placement Client Error (4xx): {"errors": [{"status": 404, "title": "Not Found", "detail": "The resource could not be found.\n\n No resource provider with uuid ea63363c-853a-4df9-a104-ef4ae50ff32a found for delete ", "request_id": "req-50cf8834-5f49-44fa-803b-fef9ceabd305"}]}
2026-04-24 15:58:06.767 8 INFO neutron.services.segments.plugin [-] Segment ea63363c-853a-4df9-a104-ef4ae50ff32a resource provider aggregate not found
2026-04-24 15:58:06.782 8 INFO neutron.services.segments.plugin [-] Segment 397329f1-dc65-41fd-903b-db8616cc1489 resource provider aggregate not found
2026-04-24 15:58:06.792 8 INFO neutron.services.segments.plugin [-] Segment ea63363c-853a-4df9-a104-ef4ae50ff32a resource provider not found; error: Placement Client Error (4xx): {"errors": [{"status": 404, "title": "Not Found", "detail": "The resource could not be found.\n\n No resource provider with uuid ea63363c-853a-4df9-a104-ef4ae50ff32a found for delete ", "request_id": "req-5c275918-cd01-44d2-8fd8-641bfe1270af"}]} [pid: 7|app: 0|req: 1139/2513] 10.0.0.174 () {32 vars in 726 bytes} [Fri Apr 24 15:58:06 2026] DELETE /v2.0/networks/1f848f65-7237-42bf-aca8-8e8627e8b4ab => generated 0 bytes in 524 msecs (HTTP/1.1 204) 3 headers in 131 bytes (1 switches on core 0)
2026-04-24 15:58:06.798 8 INFO neutron.services.segments.plugin [-] Segment 397329f1-dc65-41fd-903b-db8616cc1489 resource provider not found; error: Placement Client Error (4xx): {"errors": [{"status": 404, "title": "Not Found", "detail": "The resource could not be found.\n\n No resource provider with uuid 397329f1-dc65-41fd-903b-db8616cc1489 found for delete ", "request_id": "req-89316e8b-1e46-40c3-9bd7-d31f25df527d"}]}
2026-04-24 15:58:06.813 8 INFO neutron.services.segments.plugin [-] Segment 397329f1-dc65-41fd-903b-db8616cc1489 resource provider aggregate not found
2026-04-24 15:58:06.815 8 INFO neutron.services.segments.plugin [-] Segment 382c53ef-6cec-4633-bd0d-020b7bf567d1 resource provider aggregate not found
2026-04-24 15:58:06.833 8 INFO neutron.services.segments.plugin [-] Segment 397329f1-dc65-41fd-903b-db8616cc1489 resource provider not found; error: Placement Client Error (4xx): {"errors": [{"status": 404, "title": "Not Found", "detail": "The resource could not be found.\n\n No resource provider with uuid 397329f1-dc65-41fd-903b-db8616cc1489 found for delete ", "request_id": "req-de535fc4-85ed-4d83-ad19-0dd8c064a048"}]}
2026-04-24 15:58:06.835 8 INFO neutron.services.segments.plugin [-] Segment 382c53ef-6cec-4633-bd0d-020b7bf567d1 resource provider not found; error: Placement Client Error (4xx): {"errors": [{"status": 404, "title": "Not Found", "detail": "The resource could not be found.\n\n No resource provider with uuid 382c53ef-6cec-4633-bd0d-020b7bf567d1 found for delete ", "request_id": "req-e2313111-69e0-485d-9a9d-505fd16aeb8e"}]} [pid: 8|app: 0|req: 1375/2514] 10.0.0.174 () {32 vars in 740 bytes} [Fri Apr 24 15:58:06 2026] DELETE /v2.0/security-groups/e28a1c49-3b2e-4fdb-b0a3-78bf639b74be => generated 0 bytes in 349 msecs (HTTP/1.1 204) 2 headers in 112 bytes (1 switches on core 0)
2026-04-24 15:58:06.849 8 INFO neutron.services.segments.plugin [-] Segment 382c53ef-6cec-4633-bd0d-020b7bf567d1 resource provider aggregate not found
2026-04-24 15:58:06.865 8 INFO neutron.services.segments.plugin [-] Segment 382c53ef-6cec-4633-bd0d-020b7bf567d1 resource provider not found; error: Placement Client Error (4xx): {"errors": [{"status": 404, "title": "Not Found", "detail": "The resource could not be found.\n\n No resource provider with uuid 382c53ef-6cec-4633-bd0d-020b7bf567d1 found for delete ", "request_id": "req-9a8aec45-ee11-47ff-a62c-fa3d168813b8"}]}
2026-04-24 15:58:06.930 7 INFO neutron_taas.services.taas.taas_plugin [None req-d2798f52-ef9d-4858-b326-21dce234a329 9f1889ecd49d4b1c947cb8e521f19a17 f8af45c831ed424a8c19bf73c5f56e57 - - default default] TaaS: Handle Delete Port: e1b6ca32-8b92-4844-8a66-0a73e2431ef8
2026-04-24 15:58:06.934 7 INFO neutron_taas.services.taas.tap_mirror_plugin [None req-d2798f52-ef9d-4858-b326-21dce234a329 9f1889ecd49d4b1c947cb8e521f19a17 f8af45c831ed424a8c19bf73c5f56e57 - - default default] Tap Mirror: Handle Delete Port: e1b6ca32-8b92-4844-8a66-0a73e2431ef8
2026-04-24 15:58:07.088 8 INFO neutron.db.ovn_revision_numbers_db [None req-ee069500-8e05-4a8b-a061-3e6ac144ce66 c29e70f2f29b4c908ce98eeb87cbb60f a8fd3a73fc4a4b58b2532cfb74855766 - - default default] Successfully bumped revision number for resource b37ee19b-a184-4308-a84e-9adf4958f95c (type: security_groups) to 1
2026-04-24 15:58:07.099 8 INFO neutron.db.ovn_revision_numbers_db [None req-ee069500-8e05-4a8b-a061-3e6ac144ce66 c29e70f2f29b4c908ce98eeb87cbb60f a8fd3a73fc4a4b58b2532cfb74855766 - - default default] Successfully bumped revision number for resource 32462a20-e338-40ca-8950-a55dba0a9a8f (type: security_group_rules) to 0
2026-04-24 15:58:07.113 8 INFO neutron.db.ovn_revision_numbers_db [None req-ee069500-8e05-4a8b-a061-3e6ac144ce66 c29e70f2f29b4c908ce98eeb87cbb60f a8fd3a73fc4a4b58b2532cfb74855766 - - default default] Successfully bumped revision number for resource 5cf8baf3-64b6-44f1-8909-a207cea2181c (type: security_group_rules) to 0
2026-04-24 15:58:07.129 8 INFO neutron.db.ovn_revision_numbers_db [None req-ee069500-8e05-4a8b-a061-3e6ac144ce66 c29e70f2f29b4c908ce98eeb87cbb60f a8fd3a73fc4a4b58b2532cfb74855766 - - default default] Successfully bumped revision number for resource 6d5a7124-9993-47b9-b71b-0ea79f13fe1f (type: security_group_rules) to 0
2026-04-24 15:58:07.143 8 INFO neutron.db.ovn_revision_numbers_db [None req-ee069500-8e05-4a8b-a061-3e6ac144ce66 c29e70f2f29b4c908ce98eeb87cbb60f a8fd3a73fc4a4b58b2532cfb74855766 - - default default] Successfully bumped revision number for resource de351587-0fa0-42a4-b39f-6c464ba42ef4 (type: security_group_rules) to 0 [pid: 7|app: 0|req: 1140/2515] 10.0.0.174 () {32 vars in 726 bytes} [Fri Apr 24 15:58:06 2026] DELETE /v2.0/networks/82f9ede1-21f5-495a-b460-2092328192a4 => generated 0 bytes in 385 msecs (HTTP/1.1 204) 3 headers in 131 bytes (1 switches on core 0) [pid: 8|app: 0|req: 1376/2516] 10.0.0.174 () {32 vars in 774 bytes} [Fri Apr 24 15:58:06 2026] GET /v2.0/security-groups?tenant_id=03c1727ae5544ffdb3d6dcb2d2588b25&name=default => generated 2929 bytes in 245 msecs (HTTP/1.1 200) 4 headers in 158 bytes (1 switches on core 0)
2026-04-24 15:58:07.312 8 INFO neutron_taas.services.taas.taas_plugin [None req-f9e1c003-0fa1-4d81-afb5-3dd30738310b 9f1889ecd49d4b1c947cb8e521f19a17 f8af45c831ed424a8c19bf73c5f56e57 - - default default] TaaS: Handle Delete Port: 5fef5457-40bb-43ee-9384-48d3a6353d8e
2026-04-24 15:58:07.314 8 INFO neutron_taas.services.taas.tap_mirror_plugin [None req-f9e1c003-0fa1-4d81-afb5-3dd30738310b 9f1889ecd49d4b1c947cb8e521f19a17 f8af45c831ed424a8c19bf73c5f56e57 - - default default] Tap Mirror: Handle Delete Port: 5fef5457-40bb-43ee-9384-48d3a6353d8e [pid: 7|app: 0|req: 1141/2517] 10.0.0.174 () {32 vars in 740 bytes} [Fri Apr 24 15:58:07 2026] DELETE /v2.0/security-groups/b37ee19b-a184-4308-a84e-9adf4958f95c => generated 0 bytes in 236 msecs (HTTP/1.1 204) 2 headers in 112 bytes (1 switches on core 0) [pid: 8|app: 0|req: 1377/2518] 10.0.0.174 () {32 vars in 726 bytes} [Fri Apr 24 15:58:07 2026] DELETE /v2.0/networks/d90420c3-5785-476c-9744-c484c1067387 => generated 0 bytes in 326 msecs (HTTP/1.1 204) 3 headers in 131 bytes (1 switches on core 0)
2026-04-24 15:58:07.666 7 INFO neutron_taas.services.taas.taas_plugin [None req-2ef212f4-051a-4147-98ed-329a39191d17 9f1889ecd49d4b1c947cb8e521f19a17 f8af45c831ed424a8c19bf73c5f56e57 - - default default] TaaS: Handle Delete Port: b05987a9-c118-4c67-a63e-e6a4b109789e
2026-04-24 15:58:07.670 7 INFO neutron_taas.services.taas.tap_mirror_plugin [None req-2ef212f4-051a-4147-98ed-329a39191d17 9f1889ecd49d4b1c947cb8e521f19a17 f8af45c831ed424a8c19bf73c5f56e57 - - default default] Tap Mirror: Handle Delete Port: b05987a9-c118-4c67-a63e-e6a4b109789e [pid: 7|app: 0|req: 1142/2519] 10.0.0.174 () {32 vars in 726 bytes} [Fri Apr 24 15:58:07 2026] DELETE /v2.0/networks/4cbcb7f9-330c-4ab7-a17e-32f27a515280 => generated 0 bytes in 414 msecs (HTTP/1.1 204) 3 headers in 131 bytes (1 switches on core 0)
2026-04-24 15:58:08.759 7 INFO neutron.services.segments.plugin [-] Segment 8ea9110a-8c42-4059-887c-7fd515f6ac40 resource provider aggregate not found
2026-04-24 15:58:08.766 7 INFO neutron.services.segments.plugin [-] Segment 8ea9110a-8c42-4059-887c-7fd515f6ac40 resource provider aggregate not found
2026-04-24 15:58:08.782 7 INFO neutron.services.segments.plugin [-] Segment 8ea9110a-8c42-4059-887c-7fd515f6ac40 resource provider not found; error: Placement Client Error (4xx): {"errors": [{"status": 404, "title": "Not Found", "detail": "The resource could not be found.\n\n No resource provider with uuid 8ea9110a-8c42-4059-887c-7fd515f6ac40 found for delete ", "request_id": "req-47f99c94-9309-41b3-8fe2-5fa599022c8d"}]}
2026-04-24 15:58:08.789 7 INFO neutron.services.segments.plugin [-] Segment 8ea9110a-8c42-4059-887c-7fd515f6ac40 resource provider not found; error: Placement Client Error (4xx): {"errors": [{"status": 404, "title": "Not Found", "detail": "The resource could not be found.\n\n No resource provider with uuid 8ea9110a-8c42-4059-887c-7fd515f6ac40 found for delete ", "request_id": "req-ce470732-589f-4f10-ba77-1cd729710b2b"}]}
2026-04-24 15:58:08.804 7 INFO neutron.services.segments.plugin [-] Segment ed990da9-4d40-40c3-a588-eba93684ab8b resource provider aggregate not found
2026-04-24 15:58:08.811 7 INFO neutron.services.segments.plugin [-] Segment ed990da9-4d40-40c3-a588-eba93684ab8b resource provider aggregate not found
2026-04-24 15:58:08.826 7 INFO neutron.services.segments.plugin [-] Segment ed990da9-4d40-40c3-a588-eba93684ab8b resource provider not found; error: Placement Client Error (4xx): {"errors": [{"status": 404, "title": "Not Found", "detail": "The resource could not be found.\n\n No resource provider with uuid ed990da9-4d40-40c3-a588-eba93684ab8b found for delete ", "request_id": "req-fa3f52cf-2e53-405f-9e5d-561aff77c6fa"}]}
2026-04-24 15:58:08.830 7 INFO neutron.services.segments.plugin [-] Segment ed990da9-4d40-40c3-a588-eba93684ab8b resource provider not found; error: Placement Client Error (4xx): {"errors": [{"status": 404, "title": "Not Found", "detail": "The resource could not be found.\n\n No resource provider with uuid ed990da9-4d40-40c3-a588-eba93684ab8b found for delete ", "request_id": "req-4e3c295a-a64b-4849-81c5-b1ab3d593248"}]}
2026-04-24 15:58:08.852 8 INFO neutron.services.segments.plugin [-] Segment 8cd20c97-bf28-42fa-8e36-623d6de1c9a4 resource provider aggregate not found
2026-04-24 15:58:08.876 8 INFO neutron.services.segments.plugin [-] Segment 8cd20c97-bf28-42fa-8e36-623d6de1c9a4 resource provider not found; error: Placement Client Error (4xx): {"errors": [{"status": 404, "title": "Not Found", "detail": "The resource could not be found.\n\n No resource provider with uuid 8cd20c97-bf28-42fa-8e36-623d6de1c9a4 found for delete ", "request_id": "req-f816d2c8-5cb0-4531-ab35-7cbe951cf101"}]}
2026-04-24 15:58:08.885 8 INFO neutron.services.segments.plugin [-] Segment 8cd20c97-bf28-42fa-8e36-623d6de1c9a4 resource provider aggregate not found
2026-04-24 15:58:08.902 8 INFO neutron.services.segments.plugin [-] Segment 8cd20c97-bf28-42fa-8e36-623d6de1c9a4 resource provider not found; error: Placement Client Error (4xx): {"errors": [{"status": 404, "title": "Not Found", "detail": "The resource could not be found.\n\n No resource provider with uuid 8cd20c97-bf28-42fa-8e36-623d6de1c9a4 found for delete ", "request_id": "req-2f665fe6-c192-4ba3-8a9e-3ae195939a19"}]}
2026-04-24 15:58:09.045 8 INFO neutron.db.ovn_revision_numbers_db [None req-c38e5c1f-4f68-47fb-a2d8-9cfb1793c0ce c29e70f2f29b4c908ce98eeb87cbb60f a8fd3a73fc4a4b58b2532cfb74855766 - - default default] Successfully bumped revision number for resource 054542bf-7599-4d45-b06c-24e2f3effe56 (type: security_groups) to 1
2026-04-24 15:58:09.057 8 INFO neutron.db.ovn_revision_numbers_db [None req-c38e5c1f-4f68-47fb-a2d8-9cfb1793c0ce c29e70f2f29b4c908ce98eeb87cbb60f a8fd3a73fc4a4b58b2532cfb74855766 - - default default] Successfully bumped revision number for resource 466835a4-a588-4b17-bece-ebf50794e59b (type: security_group_rules) to 0
2026-04-24 15:58:09.071 8 INFO neutron.db.ovn_revision_numbers_db [None req-c38e5c1f-4f68-47fb-a2d8-9cfb1793c0ce c29e70f2f29b4c908ce98eeb87cbb60f a8fd3a73fc4a4b58b2532cfb74855766 - - default default] Successfully bumped revision number for resource 63352c83-c059-432e-97c1-9912fca60add (type: security_group_rules) to 0
2026-04-24 15:58:09.083 8 INFO neutron.db.ovn_revision_numbers_db [None req-c38e5c1f-4f68-47fb-a2d8-9cfb1793c0ce c29e70f2f29b4c908ce98eeb87cbb60f a8fd3a73fc4a4b58b2532cfb74855766 - - default default] Successfully bumped revision number for resource 9d8fce93-e950-4662-b87a-da44a2d12647 (type: security_group_rules) to 0
2026-04-24 15:58:09.094 8 INFO neutron.db.ovn_revision_numbers_db [None req-c38e5c1f-4f68-47fb-a2d8-9cfb1793c0ce c29e70f2f29b4c908ce98eeb87cbb60f a8fd3a73fc4a4b58b2532cfb74855766 - - default default] Successfully bumped revision number for resource a23d1dc3-2c49-48f9-a983-b9dac0696b88 (type: security_group_rules) to 0 [pid: 8|app: 0|req: 1378/2520] 10.0.0.174 () {32 vars in 774 bytes} [Fri Apr 24 15:58:08 2026] GET /v2.0/security-groups?tenant_id=f796475d956c45f7a18c7320068ceace&name=default => generated 2929 bytes in 417 msecs (HTTP/1.1 200) 4 headers in 158 bytes (1 switches on core 0) [pid: 7|app: 0|req: 1143/2521] 10.0.0.174 () {32 vars in 740 bytes} [Fri Apr 24 15:58:09 2026] DELETE /v2.0/security-groups/054542bf-7599-4d45-b06c-24e2f3effe56 => generated 0 bytes in 257 msecs (HTTP/1.1 204) 2 headers in 112 bytes (1 switches on core 0)
2026-04-24 15:58:09.662 8 INFO neutron.db.ovn_revision_numbers_db [None req-23983aa2-8f01-4860-8866-f04f48b2a886 c29e70f2f29b4c908ce98eeb87cbb60f a8fd3a73fc4a4b58b2532cfb74855766 - - default default] Successfully bumped revision number for resource 462d036a-8eb6-4eb7-ad3e-9483d52de042 (type: security_groups) to 1
2026-04-24 15:58:09.680 8 INFO neutron.db.ovn_revision_numbers_db [None req-23983aa2-8f01-4860-8866-f04f48b2a886 c29e70f2f29b4c908ce98eeb87cbb60f a8fd3a73fc4a4b58b2532cfb74855766 - - default default] Successfully bumped revision number for resource 45b60bb4-9c49-48d1-9eeb-53e2725151c3 (type: security_group_rules) to 0
2026-04-24 15:58:09.699 8 INFO neutron.db.ovn_revision_numbers_db [None req-23983aa2-8f01-4860-8866-f04f48b2a886 c29e70f2f29b4c908ce98eeb87cbb60f a8fd3a73fc4a4b58b2532cfb74855766 - - default default] Successfully bumped revision number for resource 51489f08-275c-4246-ab76-83adc77e874b (type: security_group_rules) to 0
2026-04-24 15:58:09.714 8 INFO neutron.db.ovn_revision_numbers_db [None req-23983aa2-8f01-4860-8866-f04f48b2a886 c29e70f2f29b4c908ce98eeb87cbb60f a8fd3a73fc4a4b58b2532cfb74855766 - - default default] Successfully bumped revision number for resource 70afc81e-f46e-4d3b-a496-a572eaba93eb (type: security_group_rules) to 0
2026-04-24 15:58:09.726 8 INFO neutron.db.ovn_revision_numbers_db [None req-23983aa2-8f01-4860-8866-f04f48b2a886 c29e70f2f29b4c908ce98eeb87cbb60f a8fd3a73fc4a4b58b2532cfb74855766 - - default default] Successfully bumped revision number for resource c3976c23-6503-4f70-8ce3-e6c26f677db9 (type: security_group_rules) to 0 [pid: 8|app: 0|req: 1379/2522] 10.0.0.174 () {32 vars in 774 bytes} [Fri Apr 24 15:58:09 2026] GET /v2.0/security-groups?tenant_id=e1fdf60f71324a1fad7bdab1ba89bfd7&name=default => generated 2929 bytes in 227 msecs (HTTP/1.1 200) 4 headers in 158 bytes (1 switches on core 0) [pid: 7|app: 0|req: 1144/2523] 10.0.0.174 () {32 vars in 740 bytes} [Fri Apr 24 15:58:09 2026] DELETE /v2.0/security-groups/462d036a-8eb6-4eb7-ad3e-9483d52de042 => generated 0 bytes in 319 msecs (HTTP/1.1 204) 2 headers in 112 bytes (1 switches on core 0) [pid: 8|app: 0|req: 1380/2524] 10.0.0.174 () {32 vars in 774 bytes} [Fri Apr 24 15:58:10 2026] GET /v2.0/security-groups?tenant_id=f8af45c831ed424a8c19bf73c5f56e57&name=default => generated 2929 bytes in 36 msecs (HTTP/1.1 200) 4 headers in 158 bytes (1 switches on core 0) [pid: 7|app: 0|req: 1145/2525] 10.0.0.174 () {32 vars in 740 bytes} [Fri Apr 24 15:58:10 2026] DELETE /v2.0/security-groups/b95c2963-bbb8-4300-b220-ccf6635d84b0 => generated 0 bytes in 240 msecs (HTTP/1.1 204) 2 headers in 112 bytes (1 switches on core 0) [pid: 8|app: 0|req: 1381/2526] 10.0.0.174 () {34 vars in 676 bytes} [Fri Apr 24 15:58:14 2026] POST /v2.0/subnetpools => generated 516 bytes in 278 msecs (HTTP/1.1 201) 4 headers in 162 bytes (1 switches on core 0) [pid: 7|app: 0|req: 1146/2527] 10.0.0.174 () {34 vars in 676 bytes} [Fri Apr 24 15:58:14 2026] POST /v2.0/subnetpools => generated 516 bytes in 66 msecs (HTTP/1.1 201) 4 headers in 162 bytes (1 switches on core 0) [pid: 8|app: 0|req: 1382/2528] 10.0.0.174 () {34 vars in 676 bytes} [Fri Apr 24 15:58:14 2026] POST /v2.0/subnetpools => generated 516 bytes in 75 msecs (HTTP/1.1 201) 4 headers in 162 bytes (1 switches on core 0) [pid: 7|app: 0|req: 1147/2529] 10.0.0.174 () {34 vars in 676 bytes} [Fri Apr 24 15:58:15 2026] POST /v2.0/subnetpools => generated 516 bytes in 56 msecs (HTTP/1.1 201) 4 headers in 162 bytes (1 switches on core 0) [pid: 8|app: 0|req: 1383/2530] 10.0.0.174 () {34 vars in 676 bytes} [Fri Apr 24 15:58:15 2026] POST /v2.0/subnetpools => generated 516 bytes in 69 msecs (HTTP/1.1 201) 4 headers in 162 bytes (1 switches on core 0) [pid: 7|app: 0|req: 1148/2531] 10.0.0.174 () {34 vars in 759 bytes} [Fri Apr 24 15:58:15 2026] PUT /v2.0/subnetpools/67dcf9aa-ea2e-4f02-b52a-0beed4c8b8ab/tags => generated 17 bytes in 49 msecs (HTTP/1.1 200) 4 headers in 156 bytes (1 switches on core 0) [pid: 8|app: 0|req: 1384/2532] 10.0.0.174 () {34 vars in 759 bytes} [Fri Apr 24 15:58:15 2026] PUT /v2.0/subnetpools/ecb2c10b-d3f6-411c-86b4-08ca48c4f1cc/tags => generated 25 bytes in 45 msecs (HTTP/1.1 200) 4 headers in 156 bytes (1 switches on core 0) [pid: 7|app: 0|req: 1149/2533] 10.0.0.174 () {34 vars in 759 bytes} [Fri Apr 24 15:58:15 2026] PUT /v2.0/subnetpools/0f4b593c-fc27-484e-8a77-6cc3038e1334/tags => generated 34 bytes in 46 msecs (HTTP/1.1 200) 4 headers in 156 bytes (1 switches on core 0) [pid: 8|app: 0|req: 1385/2534] 10.0.0.174 () {34 vars in 759 bytes} [Fri Apr 24 15:58:15 2026] PUT /v2.0/subnetpools/850d0fa9-5007-4821-96a5-e10795549b05/tags => generated 19 bytes in 43 msecs (HTTP/1.1 200) 4 headers in 156 bytes (1 switches on core 0) [pid: 7|app: 0|req: 1150/2535] 10.0.0.174 () {32 vars in 672 bytes} [Fri Apr 24 15:58:15 2026] GET /v2.0/subnetpools?tags=red => generated 1563 bytes in 29 msecs (HTTP/1.1 200) 4 headers in 158 bytes (1 switches on core 0) [pid: 8|app: 0|req: 1386/2536] 10.0.0.174 () {32 vars in 686 bytes} [Fri Apr 24 15:58:15 2026] GET /v2.0/subnetpools?tags=red%2Cblue => generated 1056 bytes in 25 msecs (HTTP/1.1 200) 4 headers in 158 bytes (1 switches on core 0) [pid: 7|app: 0|req: 1151/2537] 10.0.0.174 () {32 vars in 682 bytes} [Fri Apr 24 15:58:15 2026] GET /v2.0/subnetpools?tags-any=blue => generated 1056 bytes in 22 msecs (HTTP/1.1 200) 4 headers in 158 bytes (1 switches on core 0) [pid: 8|app: 0|req: 1387/2538] 10.0.0.174 () {32 vars in 694 bytes} [Fri Apr 24 15:58:15 2026] GET /v2.0/subnetpools?tags-any=red%2Cblue => generated 1563 bytes in 29 msecs (HTTP/1.1 200) 4 headers in 158 bytes (1 switches on core 0) [pid: 7|app: 0|req: 1152/2539] 10.0.0.174 () {32 vars in 680 bytes} [Fri Apr 24 15:58:15 2026] GET /v2.0/subnetpools?not-tags=red => generated 1028 bytes in 29 msecs (HTTP/1.1 200) 4 headers in 158 bytes (1 switches on core 0) [pid: 8|app: 0|req: 1388/2540] 10.0.0.174 () {32 vars in 694 bytes} [Fri Apr 24 15:58:15 2026] GET /v2.0/subnetpools?not-tags=red%2Cblue => generated 1535 bytes in 32 msecs (HTTP/1.1 200) 4 headers in 158 bytes (1 switches on core 0) [pid: 7|app: 0|req: 1153/2541] 10.0.0.174 () {32 vars in 690 bytes} [Fri Apr 24 15:58:15 2026] GET /v2.0/subnetpools?not-tags-any=blue => generated 1535 bytes in 25 msecs (HTTP/1.1 200) 4 headers in 158 bytes (1 switches on core 0) [pid: 8|app: 0|req: 1389/2542] 10.0.0.174 () {32 vars in 702 bytes} [Fri Apr 24 15:58:15 2026] GET /v2.0/subnetpools?not-tags-any=red%2Cblue => generated 1028 bytes in 22 msecs (HTTP/1.1 200) 4 headers in 158 bytes (1 switches on core 0) [pid: 7|app: 0|req: 1154/2543] 10.0.0.174 () {32 vars in 732 bytes} [Fri Apr 24 15:58:15 2026] DELETE /v2.0/subnetpools/67dcf9aa-ea2e-4f02-b52a-0beed4c8b8ab => generated 0 bytes in 58 msecs (HTTP/1.1 204) 2 headers in 112 bytes (1 switches on core 0) [pid: 8|app: 0|req: 1390/2544] 10.0.0.174 () {32 vars in 732 bytes} [Fri Apr 24 15:58:15 2026] DELETE /v2.0/subnetpools/ecb2c10b-d3f6-411c-86b4-08ca48c4f1cc => generated 0 bytes in 52 msecs (HTTP/1.1 204) 2 headers in 112 bytes (1 switches on core 0) [pid: 7|app: 0|req: 1155/2545] 10.0.0.174 () {32 vars in 732 bytes} [Fri Apr 24 15:58:15 2026] DELETE /v2.0/subnetpools/0f4b593c-fc27-484e-8a77-6cc3038e1334 => generated 0 bytes in 47 msecs (HTTP/1.1 204) 2 headers in 112 bytes (1 switches on core 0) [pid: 8|app: 0|req: 1391/2546] 10.0.0.174 () {32 vars in 732 bytes} [Fri Apr 24 15:58:15 2026] DELETE /v2.0/subnetpools/850d0fa9-5007-4821-96a5-e10795549b05 => generated 0 bytes in 48 msecs (HTTP/1.1 204) 2 headers in 112 bytes (1 switches on core 0) [pid: 7|app: 0|req: 1156/2547] 10.0.0.174 () {32 vars in 732 bytes} [Fri Apr 24 15:58:15 2026] DELETE /v2.0/subnetpools/610c2142-0968-4d40-84ac-af226f654b92 => generated 0 bytes in 55 msecs (HTTP/1.1 204) 2 headers in 112 bytes (1 switches on core 0)
2026-04-24 15:58:17.137 7 INFO neutron.db.ovn_revision_numbers_db [None req-b3c886fa-c485-422e-9c4f-e20c282fe1ff c29e70f2f29b4c908ce98eeb87cbb60f a8fd3a73fc4a4b58b2532cfb74855766 - - default default] Successfully bumped revision number for resource 64c935c3-088c-4a33-941a-72fa6f700096 (type: security_groups) to 1
2026-04-24 15:58:17.152 7 INFO neutron.db.ovn_revision_numbers_db [None req-b3c886fa-c485-422e-9c4f-e20c282fe1ff c29e70f2f29b4c908ce98eeb87cbb60f a8fd3a73fc4a4b58b2532cfb74855766 - - default default] Successfully bumped revision number for resource 15ec4bab-91d6-4a05-883b-c59fa1f66b2c (type: security_group_rules) to 0
2026-04-24 15:58:17.165 7 INFO neutron.db.ovn_revision_numbers_db [None req-b3c886fa-c485-422e-9c4f-e20c282fe1ff c29e70f2f29b4c908ce98eeb87cbb60f a8fd3a73fc4a4b58b2532cfb74855766 - - default default] Successfully bumped revision number for resource 5e01bace-6d98-47c4-8236-a0ce39c02ed9 (type: security_group_rules) to 0
2026-04-24 15:58:17.181 7 INFO neutron.db.ovn_revision_numbers_db [None req-b3c886fa-c485-422e-9c4f-e20c282fe1ff c29e70f2f29b4c908ce98eeb87cbb60f a8fd3a73fc4a4b58b2532cfb74855766 - - default default] Successfully bumped revision number for resource 64fd378c-99d4-43fc-ac20-ab3122706f87 (type: security_group_rules) to 0
2026-04-24 15:58:17.201 7 INFO neutron.db.ovn_revision_numbers_db [None req-b3c886fa-c485-422e-9c4f-e20c282fe1ff c29e70f2f29b4c908ce98eeb87cbb60f a8fd3a73fc4a4b58b2532cfb74855766 - - default default] Successfully bumped revision number for resource cac3a15e-cbae-4f1e-ad40-06f882982cb2 (type: security_group_rules) to 0
2026-04-24 15:58:17.209 8 INFO neutron.db.ovn_revision_numbers_db [None req-80d41184-947f-412c-a784-629f544829af 551b2982c76144aba0f25fd845fa1108 86c5c48edbca4908888cb1449dfb1caa - - default default] Successfully bumped revision number for resource a0c887f9-bff7-45ba-9e4b-92366c346ecd (type: security_groups) to 1
2026-04-24 15:58:17.223 8 INFO neutron.db.ovn_revision_numbers_db [None req-80d41184-947f-412c-a784-629f544829af 551b2982c76144aba0f25fd845fa1108 86c5c48edbca4908888cb1449dfb1caa - - default default] Successfully bumped revision number for resource 4ed61bc3-bbd3-43f6-acdd-3f1c410df003 (type: security_group_rules) to 0
2026-04-24 15:58:17.239 8 INFO neutron.db.ovn_revision_numbers_db [None req-80d41184-947f-412c-a784-629f544829af 551b2982c76144aba0f25fd845fa1108 86c5c48edbca4908888cb1449dfb1caa - - default default] Successfully bumped revision number for resource 98f7f5aa-ab47-4fcb-9696-ae657b403743 (type: security_group_rules) to 0 [pid: 7|app: 0|req: 1157/2548] 10.0.0.174 () {32 vars in 774 bytes} [Fri Apr 24 15:58:16 2026] GET /v2.0/security-groups?tenant_id=aa1d3f4432394229aa6c551b915043ae&name=default => generated 2929 bytes in 336 msecs (HTTP/1.1 200) 4 headers in 158 bytes (1 switches on core 0)
2026-04-24 15:58:17.255 8 INFO neutron.db.ovn_revision_numbers_db [None req-80d41184-947f-412c-a784-629f544829af 551b2982c76144aba0f25fd845fa1108 86c5c48edbca4908888cb1449dfb1caa - - default default] Successfully bumped revision number for resource b6be19fd-7d1f-4195-b29f-42e2350953c7 (type: security_group_rules) to 0
2026-04-24 15:58:17.271 8 INFO neutron.db.ovn_revision_numbers_db [None req-80d41184-947f-412c-a784-629f544829af 551b2982c76144aba0f25fd845fa1108 86c5c48edbca4908888cb1449dfb1caa - - default default] Successfully bumped revision number for resource da28d2f3-f53c-47db-b8fe-7d1252cf0232 (type: security_group_rules) to 0
2026-04-24 15:58:17.374 8 INFO neutron.db.segments_db [None req-80d41184-947f-412c-a784-629f544829af 551b2982c76144aba0f25fd845fa1108 86c5c48edbca4908888cb1449dfb1caa - - default default] Added segment a2605dce-b505-4ef1-9283-8c1d0fcecea4 of type geneve for network afdf0aad-43a0-4eec-a84b-f12044c5e516
2026-04-24 15:58:17.509 8 INFO neutron.db.ovn_revision_numbers_db [None req-80d41184-947f-412c-a784-629f544829af 551b2982c76144aba0f25fd845fa1108 86c5c48edbca4908888cb1449dfb1caa - - default default] Successfully bumped revision number for resource afdf0aad-43a0-4eec-a84b-f12044c5e516 (type: networks) to 1 [pid: 7|app: 0|req: 1158/2549] 10.0.0.174 () {32 vars in 740 bytes} [Fri Apr 24 15:58:17 2026] DELETE /v2.0/security-groups/64c935c3-088c-4a33-941a-72fa6f700096 => generated 0 bytes in 258 msecs (HTTP/1.1 204) 2 headers in 112 bytes (1 switches on core 0)
2026-04-24 15:58:17.681 8 WARNING neutron.scheduler.dhcp_agent_scheduler [None req-80d41184-947f-412c-a784-629f544829af 551b2982c76144aba0f25fd845fa1108 86c5c48edbca4908888cb1449dfb1caa - - default default] No more DHCP agents
2026-04-24 15:58:17.682 8 WARNING neutron.api.rpc.agentnotifiers.dhcp_rpc_agent_api [None req-80d41184-947f-412c-a784-629f544829af 551b2982c76144aba0f25fd845fa1108 86c5c48edbca4908888cb1449dfb1caa - - default default] Unable to schedule network afdf0aad-43a0-4eec-a84b-f12044c5e516: no agents available; will retry on subsequent port and subnet creation events.
2026-04-24 15:58:17.727 8 INFO neutron.plugins.ml2.drivers.ovn.mech_driver.mech_driver [None req-e33e32cf-a313-49d2-a0e9-0e01b9c68e97 - - - - - -] OVN reports status down for port: f761f0bc-9a43-4750-9afd-cadcaa68eeb8
2026-04-24 15:58:17.755 7 INFO neutron.db.ovn_revision_numbers_db [None req-cfdb6a37-05ae-484c-88e0-d9ee2aa9220b c29e70f2f29b4c908ce98eeb87cbb60f a8fd3a73fc4a4b58b2532cfb74855766 - - default default] Successfully bumped revision number for resource 7b80fdc2-af4a-47ac-83a8-ecd78747a898 (type: security_groups) to 1
2026-04-24 15:58:17.774 7 INFO neutron.db.ovn_revision_numbers_db [None req-cfdb6a37-05ae-484c-88e0-d9ee2aa9220b c29e70f2f29b4c908ce98eeb87cbb60f a8fd3a73fc4a4b58b2532cfb74855766 - - default default] Successfully bumped revision number for resource 2d7d0b75-71a4-4bb0-8a42-69c67e6a0abd (type: security_group_rules) to 0
2026-04-24 15:58:17.782 8 INFO neutron.db.ovn_revision_numbers_db [None req-80d41184-947f-412c-a784-629f544829af 551b2982c76144aba0f25fd845fa1108 86c5c48edbca4908888cb1449dfb1caa - - default default] Successfully bumped revision number for resource f761f0bc-9a43-4750-9afd-cadcaa68eeb8 (type: ports) to 1
2026-04-24 15:58:17.793 7 INFO neutron.db.ovn_revision_numbers_db [None req-cfdb6a37-05ae-484c-88e0-d9ee2aa9220b c29e70f2f29b4c908ce98eeb87cbb60f a8fd3a73fc4a4b58b2532cfb74855766 - - default default] Successfully bumped revision number for resource 8be299e6-9fe7-48a9-ae02-d7b7141085bf (type: security_group_rules) to 0
2026-04-24 15:58:17.809 7 INFO neutron.db.ovn_revision_numbers_db [None req-cfdb6a37-05ae-484c-88e0-d9ee2aa9220b c29e70f2f29b4c908ce98eeb87cbb60f a8fd3a73fc4a4b58b2532cfb74855766 - - default default] Successfully bumped revision number for resource ae4d3dcc-50f9-467b-ae98-878c0cc8328a (type: security_group_rules) to 0 [pid: 8|app: 0|req: 1392/2550] 10.0.0.174 () {34 vars in 670 bytes} [Fri Apr 24 15:58:16 2026] POST /v2.0/networks => generated 658 bytes in 927 msecs (HTTP/1.1 201) 4 headers in 162 bytes (1 switches on core 0)
2026-04-24 15:58:17.822 7 INFO neutron.db.ovn_revision_numbers_db [None req-cfdb6a37-05ae-484c-88e0-d9ee2aa9220b c29e70f2f29b4c908ce98eeb87cbb60f a8fd3a73fc4a4b58b2532cfb74855766 - - default default] Successfully bumped revision number for resource ce6d6730-4d12-4fb3-8721-f35300780ae3 (type: security_group_rules) to 0 [pid: 7|app: 0|req: 1159/2551] 10.0.0.174 () {32 vars in 774 bytes} [Fri Apr 24 15:58:17 2026] GET /v2.0/security-groups?tenant_id=2c3bb4006ec3464ca92c8cea3a5e28a4&name=default => generated 2929 bytes in 243 msecs (HTTP/1.1 200) 4 headers in 158 bytes (1 switches on core 0)
2026-04-24 15:58:18.022 8 WARNING neutron.scheduler.dhcp_agent_scheduler [None req-6a9e860d-86af-406b-99fa-393b6ce5ce7e 551b2982c76144aba0f25fd845fa1108 86c5c48edbca4908888cb1449dfb1caa - - default default] No more DHCP agents
2026-04-24 15:58:18.023 8 WARNING neutron.api.rpc.agentnotifiers.dhcp_rpc_agent_api [None req-6a9e860d-86af-406b-99fa-393b6ce5ce7e 551b2982c76144aba0f25fd845fa1108 86c5c48edbca4908888cb1449dfb1caa - - default default] Unable to schedule network afdf0aad-43a0-4eec-a84b-f12044c5e516: no agents available; will retry on subsequent port and subnet creation events. [pid: 7|app: 0|req: 1160/2552] 10.0.0.174 () {32 vars in 740 bytes} [Fri Apr 24 15:58:17 2026] DELETE /v2.0/security-groups/7b80fdc2-af4a-47ac-83a8-ecd78747a898 => generated 0 bytes in 236 msecs (HTTP/1.1 204) 2 headers in 112 bytes (1 switches on core 0)
2026-04-24 15:58:18.388 7 INFO neutron.db.ovn_revision_numbers_db [None req-35c62a22-a189-4601-8f81-5d0d3ded7962 c29e70f2f29b4c908ce98eeb87cbb60f a8fd3a73fc4a4b58b2532cfb74855766 - - default default] Successfully bumped revision number for resource 33720484-e899-42fd-87d9-1b3c1acd6060 (type: security_groups) to 1
2026-04-24 15:58:18.402 7 INFO neutron.db.ovn_revision_numbers_db [None req-35c62a22-a189-4601-8f81-5d0d3ded7962 c29e70f2f29b4c908ce98eeb87cbb60f a8fd3a73fc4a4b58b2532cfb74855766 - - default default] Successfully bumped revision number for resource 4fcbdf8e-f604-4a6d-a2f1-aa11a093697e (type: security_group_rules) to 0
2026-04-24 15:58:18.415 7 INFO neutron.db.ovn_revision_numbers_db [None req-35c62a22-a189-4601-8f81-5d0d3ded7962 c29e70f2f29b4c908ce98eeb87cbb60f a8fd3a73fc4a4b58b2532cfb74855766 - - default default] Successfully bumped revision number for resource 6217ab8b-44a5-4ea4-84e1-e89b2241d6db (type: security_group_rules) to 0
2026-04-24 15:58:18.440 7 INFO neutron.db.ovn_revision_numbers_db [None req-35c62a22-a189-4601-8f81-5d0d3ded7962 c29e70f2f29b4c908ce98eeb87cbb60f a8fd3a73fc4a4b58b2532cfb74855766 - - default default] Successfully bumped revision number for resource 77d639cb-0e8e-48eb-9409-b60d4adcc25f (type: security_group_rules) to 0
2026-04-24 15:58:18.475 7 INFO neutron.db.ovn_revision_numbers_db [None req-35c62a22-a189-4601-8f81-5d0d3ded7962 c29e70f2f29b4c908ce98eeb87cbb60f a8fd3a73fc4a4b58b2532cfb74855766 - - default default] Successfully bumped revision number for resource d2b26b66-22f2-49fd-be4e-e76e4c2633cf (type: security_group_rules) to 0
2026-04-24 15:58:18.495 8 INFO neutron.db.ovn_revision_numbers_db [None req-b04e4fe8-3a72-498b-abd8-255aecdc69c5 - - - - - -] Successfully bumped revision number for resource f761f0bc-9a43-4750-9afd-cadcaa68eeb8 (type: ports) to 2 [pid: 7|app: 0|req: 1163/2555] 10.0.0.174 () {32 vars in 774 bytes} [Fri Apr 24 15:58:18 2026] GET /v2.0/security-groups?tenant_id=ad8fcde266d74ecdb65c0e0caa64b9bf&name=default => generated 2929 bytes in 263 msecs (HTTP/1.1 200) 4 headers in 158 bytes (1 switches on core 0)
2026-04-24 15:58:18.530 8 INFO neutron.db.ovn_revision_numbers_db [None req-b04e4fe8-3a72-498b-abd8-255aecdc69c5 - - - - - -] Successfully bumped revision number for resource 3a0952cb-af7a-4c39-b9f0-ccdc3ab103d5 (type: subnets) to 0 [pid: 8|app: 0|req: 1393/2556] 10.0.0.174 () {34 vars in 669 bytes} [Fri Apr 24 15:58:17 2026] POST /v2.0/subnets => generated 658 bytes in 724 msecs (HTTP/1.1 201) 4 headers in 162 bytes (1 switches on core 0) [pid: 8|app: 0|req: 1394/2557] 10.0.0.174 () {32 vars in 722 bytes} [Fri Apr 24 15:58:18 2026] GET /v2.0/subnetpools?name=shared-default-subnetpool-v6 => generated 19 bytes in 203 msecs (HTTP/1.1 200) 4 headers in 156 bytes (1 switches on core 0) [pid: 7|app: 0|req: 1164/2558] 10.0.0.174 () {32 vars in 740 bytes} [Fri Apr 24 15:58:18 2026] DELETE /v2.0/security-groups/33720484-e899-42fd-87d9-1b3c1acd6060 => generated 0 bytes in 231 msecs (HTTP/1.1 204) 2 headers in 112 bytes (1 switches on core 0)
2026-04-24 15:58:18.946 8 WARNING neutron.scheduler.dhcp_agent_scheduler [None req-86f1f32c-8b59-4f81-af36-e33f7d97fab8 551b2982c76144aba0f25fd845fa1108 86c5c48edbca4908888cb1449dfb1caa - - default default] No more DHCP agents
2026-04-24 15:58:18.947 8 WARNING neutron.api.rpc.agentnotifiers.dhcp_rpc_agent_api [None req-86f1f32c-8b59-4f81-af36-e33f7d97fab8 551b2982c76144aba0f25fd845fa1108 86c5c48edbca4908888cb1449dfb1caa - - default default] Unable to schedule network afdf0aad-43a0-4eec-a84b-f12044c5e516: no agents available; will retry on subsequent port and subnet creation events.
2026-04-24 15:58:18.979 8 INFO neutron.db.ovn_revision_numbers_db [None req-86f1f32c-8b59-4f81-af36-e33f7d97fab8 551b2982c76144aba0f25fd845fa1108 86c5c48edbca4908888cb1449dfb1caa - - default default] Successfully bumped revision number for resource e345d65c-4aed-44bd-a110-ebfcc337b8a6 (type: subnets) to 0 [pid: 8|app: 0|req: 1395/2559] 10.0.0.174 () {34 vars in 669 bytes} [Fri Apr 24 15:58:18 2026] POST /v2.0/subnets => generated 732 bytes in 233 msecs (HTTP/1.1 201) 4 headers in 162 bytes (1 switches on core 0)
2026-04-24 15:58:19.107 7 INFO neutron.db.segments_db [None req-6f377592-4bbc-44a4-99f3-c312951d6372 551b2982c76144aba0f25fd845fa1108 86c5c48edbca4908888cb1449dfb1caa - - default default] Added segment 2897335e-15bb-46b9-9f68-88d021b5081f of type geneve for network e6f894bc-0f21-4bf8-806b-dd1c80ce9f05
2026-04-24 15:58:19.244 7 INFO neutron.db.ovn_revision_numbers_db [None req-6f377592-4bbc-44a4-99f3-c312951d6372 551b2982c76144aba0f25fd845fa1108 86c5c48edbca4908888cb1449dfb1caa - - default default] Successfully bumped revision number for resource e6f894bc-0f21-4bf8-806b-dd1c80ce9f05 (type: networks) to 1
2026-04-24 15:58:19.420 7 WARNING neutron.scheduler.dhcp_agent_scheduler [None req-6f377592-4bbc-44a4-99f3-c312951d6372 551b2982c76144aba0f25fd845fa1108 86c5c48edbca4908888cb1449dfb1caa - - default default] No more DHCP agents
2026-04-24 15:58:19.421 7 WARNING neutron.api.rpc.agentnotifiers.dhcp_rpc_agent_api [None req-6f377592-4bbc-44a4-99f3-c312951d6372 551b2982c76144aba0f25fd845fa1108 86c5c48edbca4908888cb1449dfb1caa - - default default] Unable to schedule network e6f894bc-0f21-4bf8-806b-dd1c80ce9f05: no agents available; will retry on subsequent port and subnet creation events.
2026-04-24 15:58:19.483 7 INFO neutron.plugins.ml2.drivers.ovn.mech_driver.mech_driver [None req-b1d8ed04-df36-4c99-9d0c-73675291d434 - - - - - -] OVN reports status down for port: a35b6946-735b-4506-88c7-8d24da7e6644
2026-04-24 15:58:19.545 7 INFO neutron.db.ovn_revision_numbers_db [None req-6f377592-4bbc-44a4-99f3-c312951d6372 551b2982c76144aba0f25fd845fa1108 86c5c48edbca4908888cb1449dfb1caa - - default default] Successfully bumped revision number for resource a35b6946-735b-4506-88c7-8d24da7e6644 (type: ports) to 1 [pid: 7|app: 0|req: 1165/2560] 10.0.0.174 () {34 vars in 670 bytes} [Fri Apr 24 15:58:18 2026] POST /v2.0/networks => generated 657 bytes in 582 msecs (HTTP/1.1 201) 4 headers in 162 bytes (1 switches on core 0)
2026-04-24 15:58:19.795 8 WARNING neutron.scheduler.dhcp_agent_scheduler [None req-ea40c45b-a749-4590-b844-c9b646297edf 551b2982c76144aba0f25fd845fa1108 86c5c48edbca4908888cb1449dfb1caa - - default default] No more DHCP agents
2026-04-24 15:58:19.796 8 WARNING neutron.api.rpc.agentnotifiers.dhcp_rpc_agent_api [None req-ea40c45b-a749-4590-b844-c9b646297edf 551b2982c76144aba0f25fd845fa1108 86c5c48edbca4908888cb1449dfb1caa - - default default] Unable to schedule network e6f894bc-0f21-4bf8-806b-dd1c80ce9f05: no agents available; will retry on subsequent port and subnet creation events.
2026-04-24 15:58:20.173 8 INFO neutron.db.ovn_revision_numbers_db [None req-38b82b3e-eb7a-4f11-872c-c06aff5e881a - - - - - -] Successfully bumped revision number for resource a35b6946-735b-4506-88c7-8d24da7e6644 (type: ports) to 2
2026-04-24 15:58:20.205 8 INFO neutron.db.ovn_revision_numbers_db [None req-38b82b3e-eb7a-4f11-872c-c06aff5e881a - - - - - -] Successfully bumped revision number for resource b951744e-f94b-44bc-9390-2cd827e46f6d (type: subnets) to 0 [pid: 8|app: 0|req: 1396/2561] 10.0.0.174 () {34 vars in 669 bytes} [Fri Apr 24 15:58:19 2026] POST /v2.0/subnets => generated 656 bytes in 637 msecs (HTTP/1.1 201) 4 headers in 162 bytes (1 switches on core 0)
2026-04-24 15:58:20.510 7 WARNING neutron.scheduler.dhcp_agent_scheduler [None req-1e8630c7-661b-47c9-bf45-d68f681b9e0f 551b2982c76144aba0f25fd845fa1108 86c5c48edbca4908888cb1449dfb1caa - - default default] No more DHCP agents
2026-04-24 15:58:20.511 7 WARNING neutron.api.rpc.agentnotifiers.dhcp_rpc_agent_api [None req-1e8630c7-661b-47c9-bf45-d68f681b9e0f 551b2982c76144aba0f25fd845fa1108 86c5c48edbca4908888cb1449dfb1caa - - default default] Unable to schedule network e6f894bc-0f21-4bf8-806b-dd1c80ce9f05: no agents available; will retry on subsequent port and subnet creation events.
2026-04-24 15:58:20.542 7 INFO neutron.db.ovn_revision_numbers_db [None req-1e8630c7-661b-47c9-bf45-d68f681b9e0f 551b2982c76144aba0f25fd845fa1108 86c5c48edbca4908888cb1449dfb1caa - - default default] Successfully bumped revision number for resource 7a7f967b-770c-493f-b395-fe1a40a76a7f (type: subnets) to 0 [pid: 7|app: 0|req: 1166/2562] 10.0.0.174 () {34 vars in 669 bytes} [Fri Apr 24 15:58:20 2026] POST /v2.0/subnets => generated 725 bytes in 331 msecs (HTTP/1.1 201) 4 headers in 162 bytes (1 switches on core 0)
2026-04-24 15:58:20.643 8 INFO neutron.db.segments_db [None req-a2cc8a0a-a703-47d2-abce-7bac5f4c1b1c 551b2982c76144aba0f25fd845fa1108 86c5c48edbca4908888cb1449dfb1caa - - default default] Added segment 67052961-cccc-495e-928f-816d021690c3 of type geneve for network 12051548-d9ed-4a8b-86ee-d8ad515aeb2b
2026-04-24 15:58:20.749 8 INFO neutron.db.ovn_revision_numbers_db [None req-a2cc8a0a-a703-47d2-abce-7bac5f4c1b1c 551b2982c76144aba0f25fd845fa1108 86c5c48edbca4908888cb1449dfb1caa - - default default] Successfully bumped revision number for resource 12051548-d9ed-4a8b-86ee-d8ad515aeb2b (type: networks) to 1
2026-04-24 15:58:20.928 8 WARNING neutron.scheduler.dhcp_agent_scheduler [None req-a2cc8a0a-a703-47d2-abce-7bac5f4c1b1c 551b2982c76144aba0f25fd845fa1108 86c5c48edbca4908888cb1449dfb1caa - - default default] No more DHCP agents
2026-04-24 15:58:20.930 8 WARNING neutron.api.rpc.agentnotifiers.dhcp_rpc_agent_api [None req-a2cc8a0a-a703-47d2-abce-7bac5f4c1b1c 551b2982c76144aba0f25fd845fa1108 86c5c48edbca4908888cb1449dfb1caa - - default default] Unable to schedule network 12051548-d9ed-4a8b-86ee-d8ad515aeb2b: no agents available; will retry on subsequent port and subnet creation events.
2026-04-24 15:58:20.973 7 INFO neutron.plugins.ml2.drivers.ovn.mech_driver.mech_driver [None req-b1d8ed04-df36-4c99-9d0c-73675291d434 - - - - - -] OVN reports status down for port: f4cdde26-7907-4eb0-9a97-5796b1226c31
2026-04-24 15:58:21.005 8 INFO neutron.db.ovn_revision_numbers_db [None req-a2cc8a0a-a703-47d2-abce-7bac5f4c1b1c 551b2982c76144aba0f25fd845fa1108 86c5c48edbca4908888cb1449dfb1caa - - default default] Successfully bumped revision number for resource f4cdde26-7907-4eb0-9a97-5796b1226c31 (type: ports) to 1 [pid: 8|app: 0|req: 1397/2563] 10.0.0.174 () {34 vars in 670 bytes} [Fri Apr 24 15:58:20 2026] POST /v2.0/networks => generated 657 bytes in 471 msecs (HTTP/1.1 201) 4 headers in 162 bytes (1 switches on core 0)
2026-04-24 15:58:21.217 7 WARNING neutron.scheduler.dhcp_agent_scheduler [None req-9ff0094c-c632-4ad3-be56-b76c54d80c86 551b2982c76144aba0f25fd845fa1108 86c5c48edbca4908888cb1449dfb1caa - - default default] No more DHCP agents
2026-04-24 15:58:21.219 7 WARNING neutron.api.rpc.agentnotifiers.dhcp_rpc_agent_api [None req-9ff0094c-c632-4ad3-be56-b76c54d80c86 551b2982c76144aba0f25fd845fa1108 86c5c48edbca4908888cb1449dfb1caa - - default default] Unable to schedule network 12051548-d9ed-4a8b-86ee-d8ad515aeb2b: no agents available; will retry on subsequent port and subnet creation events.
2026-04-24 15:58:21.647 7 INFO neutron.db.ovn_revision_numbers_db [None req-3a1c74f5-c74e-474e-b91b-cca8b325b2b2 - - - - - -] Successfully bumped revision number for resource f4cdde26-7907-4eb0-9a97-5796b1226c31 (type: ports) to 2
2026-04-24 15:58:21.691 7 INFO neutron.db.ovn_revision_numbers_db [None req-3a1c74f5-c74e-474e-b91b-cca8b325b2b2 - - - - - -] Successfully bumped revision number for resource 5a8c329e-1b31-4411-8ea3-f096b0472127 (type: subnets) to 0 [pid: 7|app: 0|req: 1167/2564] 10.0.0.174 () {34 vars in 669 bytes} [Fri Apr 24 15:58:21 2026] POST /v2.0/subnets => generated 655 bytes in 672 msecs (HTTP/1.1 201) 4 headers in 162 bytes (1 switches on core 0)
2026-04-24 15:58:21.998 8 WARNING neutron.scheduler.dhcp_agent_scheduler [None req-3c9b073d-d17b-4b2f-ba06-f559f9739c9d 551b2982c76144aba0f25fd845fa1108 86c5c48edbca4908888cb1449dfb1caa - - default default] No more DHCP agents
2026-04-24 15:58:22.000 8 WARNING neutron.api.rpc.agentnotifiers.dhcp_rpc_agent_api [None req-3c9b073d-d17b-4b2f-ba06-f559f9739c9d 551b2982c76144aba0f25fd845fa1108 86c5c48edbca4908888cb1449dfb1caa - - default default] Unable to schedule network 12051548-d9ed-4a8b-86ee-d8ad515aeb2b: no agents available; will retry on subsequent port and subnet creation events.
2026-04-24 15:58:22.030 8 INFO neutron.db.ovn_revision_numbers_db [None req-3c9b073d-d17b-4b2f-ba06-f559f9739c9d 551b2982c76144aba0f25fd845fa1108 86c5c48edbca4908888cb1449dfb1caa - - default default] Successfully bumped revision number for resource 1e38b764-7337-4752-bc70-c5a0866be1fd (type: subnets) to 0 [pid: 8|app: 0|req: 1398/2565] 10.0.0.174 () {34 vars in 669 bytes} [Fri Apr 24 15:58:21 2026] POST /v2.0/subnets => generated 729 bytes in 327 msecs (HTTP/1.1 201) 4 headers in 162 bytes (1 switches on core 0)
2026-04-24 15:58:22.358 8 INFO neutron.db.ovn_revision_numbers_db [None req-a8ab30bb-56a0-42fc-bdeb-d6ecebb51f62 653baaa767094ddba27bb3e642347df4 a8e18c7f33ab471a90e58072ac75dc1f - - default default] Successfully bumped revision number for resource 903884fe-c12e-48d1-8c41-0cd24a09464a (type: security_groups) to 1
2026-04-24 15:58:22.369 8 INFO neutron.db.ovn_revision_numbers_db [None req-a8ab30bb-56a0-42fc-bdeb-d6ecebb51f62 653baaa767094ddba27bb3e642347df4 a8e18c7f33ab471a90e58072ac75dc1f - - default default] Successfully bumped revision number for resource 20943cf7-78ec-4959-853e-223d32562e57 (type: security_group_rules) to 0
