Apr 16 11:38:33.783629 np0000166670 devstack@neutron-api.service[104758]: DEBUG ovsdbapp.backend.ovs_idl [None req-adf13128-3b85-4cc0-b1ed-591d536450b2 None None] Created lookup_table index Port_Binding.logical_port {{(pid=104758) autocreate_indices /opt/stack/data/venv/lib/python3.12/site-packages/ovsdbapp/backend/ovs_idl/__init__.py:87}}
Apr 16 11:38:33.783712 np0000166670 devstack@neutron-api.service[104758]: DEBUG ovsdbapp.backend.ovs_idl [None req-adf13128-3b85-4cc0-b1ed-591d536450b2 None None] Created schema index Chassis_Private.name {{(pid=104758) autocreate_indices /opt/stack/data/venv/lib/python3.12/site-packages/ovsdbapp/backend/ovs_idl/__init__.py:106}}
Apr 16 11:38:33.783774 np0000166670 devstack@neutron-api.service[104758]: DEBUG ovsdbapp.backend.ovs_idl [None req-adf13128-3b85-4cc0-b1ed-591d536450b2 None None] Created schema index Datapath_Binding.tunnel_key {{(pid=104758) autocreate_indices /opt/stack/data/venv/lib/python3.12/site-packages/ovsdbapp/backend/ovs_idl/__init__.py:106}}
Apr 16 11:38:33.785722 np0000166670 devstack@neutron-api.service[104758]: INFO ovsdbapp.backend.ovs_idl.vlog [None req-adf13128-3b85-4cc0-b1ed-591d536450b2 None None] ssl:199.19.213.240:6642: connecting...
Apr 16 11:38:33.790258 np0000166670 devstack@neutron-api.service[104758]: INFO ovsdbapp.backend.ovs_idl.vlog [None req-adf13128-3b85-4cc0-b1ed-591d536450b2 None None] ssl:199.19.213.240:6642: connected
Apr 16 11:38:33.796133 np0000166670 devstack@neutron-api.service[104757]: DEBUG neutron.common.ovn.hash_ring_manager [None req-8eec7c7f-1478-4622-b9ee-5d07324f1e86 None None] Allow caching, nodes 4>=4 {{(pid=104757) _wait_startup_before_caching /opt/stack/neutron/neutron/common/ovn/hash_ring_manager.py:65}}
Apr 16 11:38:33.801518 np0000166670 devstack@neutron-api.service[104757]: DEBUG neutron.common.ovn.hash_ring_manager [None req-8eec7c7f-1478-4622-b9ee-5d07324f1e86 None None] Hash Ring loaded. 4 active nodes. 0 offline nodes {{(pid=104757) _load_hash_ring /opt/stack/neutron/neutron/common/ovn/hash_ring_manager.py:102}}
Apr 16 11:38:33.803036 np0000166670 devstack@neutron-api.service[104757]: INFO neutron.plugins.ml2.drivers.ovn.mech_driver.ovsdb.impl_idl_ovn [None req-8eec7c7f-1478-4622-b9ee-5d07324f1e86 None None] Getting OvsdbSbOvnIdl for WorkerService with retry
Apr 16 11:38:33.807000 np0000166670 devstack@neutron-api.service[104755]: DEBUG neutron.common.ovn.hash_ring_manager [None req-b50dad60-d5f9-4198-b99a-9b544e4cc347 None None] Allow caching, nodes 4>=4 {{(pid=104755) _wait_startup_before_caching /opt/stack/neutron/neutron/common/ovn/hash_ring_manager.py:65}}
Apr 16 11:38:33.813525 np0000166670 devstack@neutron-api.service[104755]: DEBUG neutron.common.ovn.hash_ring_manager [None req-b50dad60-d5f9-4198-b99a-9b544e4cc347 None None] Hash Ring loaded. 4 active nodes. 0 offline nodes {{(pid=104755) _load_hash_ring /opt/stack/neutron/neutron/common/ovn/hash_ring_manager.py:102}}
Apr 16 11:38:33.813785 np0000166670 devstack@neutron-api.service[104755]: DEBUG neutron.plugins.ml2.drivers.ovn.mech_driver.ovsdb.ovsdb_monitor [None req-b50dad60-d5f9-4198-b99a-9b544e4cc347 None None] Hash Ring: Node 9563d507f5a9549ab3f2ff143dc43b37 (host: np0000166670) handling event "create" for row cb8e2bc4-85ff-47d8-b750-dfac1db9004b (table: ACL) {{(pid=104755) notify /opt/stack/neutron/neutron/plugins/ml2/drivers/ovn/mech_driver/ovsdb/ovsdb_monitor.py:914}}
Apr 16 11:38:33.814231 np0000166670 devstack@neutron-api.service[104755]: DEBUG neutron.plugins.ml2.drivers.ovn.mech_driver.ovsdb.ovsdb_monitor [None req-b50dad60-d5f9-4198-b99a-9b544e4cc347 None None] Hash Ring: Node 9563d507f5a9549ab3f2ff143dc43b37 (host: np0000166670) handling event "create" for row e7757df9-7063-46ec-b7bb-cc09d1f49ddc (table: NB_Global) {{(pid=104755) notify /opt/stack/neutron/neutron/plugins/ml2/drivers/ovn/mech_driver/ovsdb/ovsdb_monitor.py:914}}
Apr 16 11:38:33.815416 np0000166670 devstack@neutron-api.service[104755]: INFO neutron.plugins.ml2.drivers.ovn.mech_driver.ovsdb.impl_idl_ovn [None req-b50dad60-d5f9-4198-b99a-9b544e4cc347 None None] Getting OvsdbSbOvnIdl for WorkerService with retry
Apr 16 11:38:33.821895 np0000166670 devstack@neutron-api.service[104758]: DEBUG neutron.common.ovn.hash_ring_manager [None req-adf13128-3b85-4cc0-b1ed-591d536450b2 None None] Allow caching, nodes 4>=4 {{(pid=104758) _wait_startup_before_caching /opt/stack/neutron/neutron/common/ovn/hash_ring_manager.py:65}}
Apr 16 11:38:33.828050 np0000166670 devstack@neutron-api.service[104758]: DEBUG neutron.common.ovn.hash_ring_manager [None req-adf13128-3b85-4cc0-b1ed-591d536450b2 None None] Hash Ring loaded. 4 active nodes. 0 offline nodes {{(pid=104758) _load_hash_ring /opt/stack/neutron/neutron/common/ovn/hash_ring_manager.py:102}}
Apr 16 11:38:33.828282 np0000166670 devstack@neutron-api.service[104758]: DEBUG neutron.plugins.ml2.drivers.ovn.mech_driver.ovsdb.ovsdb_monitor [None req-adf13128-3b85-4cc0-b1ed-591d536450b2 None None] ChassisAgentWriteEvent : Matched Chassis_Private, create, None None {{(pid=104758) matches /opt/stack/neutron/neutron/plugins/ml2/drivers/ovn/mech_driver/ovsdb/ovsdb_monitor.py:64}}
Apr 16 11:38:33.828500 np0000166670 devstack@neutron-api.service[104758]: DEBUG neutron.plugins.ml2.drivers.ovn.mech_driver.ovsdb.ovsdb_monitor [None req-adf13128-3b85-4cc0-b1ed-591d536450b2 None None] ChassisOVNAgentWriteEvent : Matched Chassis_Private, create, None None {{(pid=104758) matches /opt/stack/neutron/neutron/plugins/ml2/drivers/ovn/mech_driver/ovsdb/ovsdb_monitor.py:64}}
Apr 16 11:38:33.828929 np0000166670 devstack@neutron-api.service[104758]: DEBUG neutron.plugins.ml2.drivers.ovn.mech_driver.ovsdb.ovsdb_monitor [None req-adf13128-3b85-4cc0-b1ed-591d536450b2 None None] Hash Ring: Node f016581e75bc5ed4bdd9ff15b298b59a (host: np0000166670) handling event "create" for row 6a96547b-a748-4805-b55e-f7aee99b8fb0 (table: Chassis_Private) {{(pid=104758) notify /opt/stack/neutron/neutron/plugins/ml2/drivers/ovn/mech_driver/ovsdb/ovsdb_monitor.py:914}}
Apr 16 11:38:33.829153 np0000166670 devstack@neutron-api.service[104758]: DEBUG neutron.plugins.ml2.drivers.ovn.mech_driver.ovsdb.ovsdb_monitor [None req-adf13128-3b85-4cc0-b1ed-591d536450b2 None None] Hash Ring: Node f016581e75bc5ed4bdd9ff15b298b59a (host: np0000166670) handling event "create" for row 274d57e7-fe15-401c-a172-318f90ccd546 (table: Encap) {{(pid=104758) notify /opt/stack/neutron/neutron/plugins/ml2/drivers/ovn/mech_driver/ovsdb/ovsdb_monitor.py:914}}
Apr 16 11:38:33.831478 np0000166670 devstack@neutron-api.service[104758]: INFO neutron.plugins.ml2.drivers.ovn.mech_driver.mech_driver [None req-adf13128-3b85-4cc0-b1ed-591d536450b2 None None] WorkerService process has finished the post initialization
Apr 16 11:38:33.833147 np0000166670 devstack@neutron-api.service[104758]: WSGI app 0 (mountpoint='') ready in 7 seconds on interpreter 0x790c248a3668 pid: 104758 (default app)
Apr 16 11:38:33.840886 np0000166670 devstack@neutron-api.service[104757]: DEBUG ovsdbapp.backend.ovs_idl [None req-8eec7c7f-1478-4622-b9ee-5d07324f1e86 None None] Created lookup_table index Chassis.name {{(pid=104757) autocreate_indices /opt/stack/data/venv/lib/python3.12/site-packages/ovsdbapp/backend/ovs_idl/__init__.py:87}}
Apr 16 11:38:33.840999 np0000166670 devstack@neutron-api.service[104757]: DEBUG ovsdbapp.backend.ovs_idl [None req-8eec7c7f-1478-4622-b9ee-5d07324f1e86 None None] Created lookup_table index Port_Binding.logical_port {{(pid=104757) autocreate_indices /opt/stack/data/venv/lib/python3.12/site-packages/ovsdbapp/backend/ovs_idl/__init__.py:87}}
Apr 16 11:38:33.841060 np0000166670 devstack@neutron-api.service[104757]: DEBUG ovsdbapp.backend.ovs_idl [None req-8eec7c7f-1478-4622-b9ee-5d07324f1e86 None None] Created schema index Chassis_Private.name {{(pid=104757) autocreate_indices /opt/stack/data/venv/lib/python3.12/site-packages/ovsdbapp/backend/ovs_idl/__init__.py:106}}
Apr 16 11:38:33.841167 np0000166670 devstack@neutron-api.service[104757]: DEBUG ovsdbapp.backend.ovs_idl [None req-8eec7c7f-1478-4622-b9ee-5d07324f1e86 None None] Created schema index Datapath_Binding.tunnel_key {{(pid=104757) autocreate_indices /opt/stack/data/venv/lib/python3.12/site-packages/ovsdbapp/backend/ovs_idl/__init__.py:106}}
Apr 16 11:38:33.843074 np0000166670 devstack@neutron-api.service[104757]: INFO ovsdbapp.backend.ovs_idl.vlog [None req-8eec7c7f-1478-4622-b9ee-5d07324f1e86 None None] ssl:199.19.213.240:6642: connecting...
Apr 16 11:38:33.847352 np0000166670 devstack@neutron-api.service[104757]: INFO ovsdbapp.backend.ovs_idl.vlog [None req-8eec7c7f-1478-4622-b9ee-5d07324f1e86 None None] ssl:199.19.213.240:6642: connected
Apr 16 11:38:33.855003 np0000166670 devstack@neutron-api.service[104755]: DEBUG ovsdbapp.backend.ovs_idl [None req-b50dad60-d5f9-4198-b99a-9b544e4cc347 None None] Created lookup_table index Chassis.name {{(pid=104755) autocreate_indices /opt/stack/data/venv/lib/python3.12/site-packages/ovsdbapp/backend/ovs_idl/__init__.py:87}}
Apr 16 11:38:33.855169 np0000166670 devstack@neutron-api.service[104755]: DEBUG ovsdbapp.backend.ovs_idl [None req-b50dad60-d5f9-4198-b99a-9b544e4cc347 None None] Created lookup_table index Port_Binding.logical_port {{(pid=104755) autocreate_indices /opt/stack/data/venv/lib/python3.12/site-packages/ovsdbapp/backend/ovs_idl/__init__.py:87}}
Apr 16 11:38:33.855335 np0000166670 devstack@neutron-api.service[104755]: DEBUG ovsdbapp.backend.ovs_idl [None req-b50dad60-d5f9-4198-b99a-9b544e4cc347 None None] Created schema index Chassis_Private.name {{(pid=104755) autocreate_indices /opt/stack/data/venv/lib/python3.12/site-packages/ovsdbapp/backend/ovs_idl/__init__.py:106}}
Apr 16 11:38:33.855525 np0000166670 devstack@neutron-api.service[104755]: DEBUG ovsdbapp.backend.ovs_idl [None req-b50dad60-d5f9-4198-b99a-9b544e4cc347 None None] Created schema index Datapath_Binding.tunnel_key {{(pid=104755) autocreate_indices /opt/stack/data/venv/lib/python3.12/site-packages/ovsdbapp/backend/ovs_idl/__init__.py:106}}
Apr 16 11:38:33.859048 np0000166670 devstack@neutron-api.service[104755]: INFO ovsdbapp.backend.ovs_idl.vlog [None req-b50dad60-d5f9-4198-b99a-9b544e4cc347 None None] ssl:199.19.213.240:6642: connecting...
Apr 16 11:38:33.865228 np0000166670 devstack@neutron-api.service[104755]: INFO ovsdbapp.backend.ovs_idl.vlog [None req-b50dad60-d5f9-4198-b99a-9b544e4cc347 None None] ssl:199.19.213.240:6642: connected
Apr 16 11:38:33.877478 np0000166670 devstack@neutron-api.service[104757]: DEBUG neutron.common.ovn.hash_ring_manager [None req-8eec7c7f-1478-4622-b9ee-5d07324f1e86 None None] Allow caching, nodes 4>=4 {{(pid=104757) _wait_startup_before_caching /opt/stack/neutron/neutron/common/ovn/hash_ring_manager.py:65}}
Apr 16 11:38:33.881248 np0000166670 devstack@neutron-api.service[104757]: DEBUG neutron.common.ovn.hash_ring_manager [None req-8eec7c7f-1478-4622-b9ee-5d07324f1e86 None None] Hash Ring loaded. 4 active nodes. 0 offline nodes {{(pid=104757) _load_hash_ring /opt/stack/neutron/neutron/common/ovn/hash_ring_manager.py:102}}
Apr 16 11:38:33.881404 np0000166670 devstack@neutron-api.service[104757]: DEBUG neutron.plugins.ml2.drivers.ovn.mech_driver.ovsdb.ovsdb_monitor [None req-8eec7c7f-1478-4622-b9ee-5d07324f1e86 None None] Hash Ring: Node 5ac33467a848532f9be8fd0f9b26ec6c (host: np0000166670) handling event "create" for row b5803d0e-c781-4997-9f1f-dae8e3727fd5 (table: Chassis) {{(pid=104757) notify /opt/stack/neutron/neutron/plugins/ml2/drivers/ovn/mech_driver/ovsdb/ovsdb_monitor.py:914}}
Apr 16 11:38:33.882168 np0000166670 devstack@neutron-api.service[104757]: DEBUG ovsdbapp.backend.ovs_idl.event [None req-8eec7c7f-1478-4622-b9ee-5d07324f1e86 None None] Matched CREATE: ChassisBandwidthConfigEvent(events=('create', 'update'), table='Chassis', conditions=None, old_conditions=None), priority=20 to row=Chassis(uuid=b5803d0e-c781-4997-9f1f-dae8e3727fd5, encaps=[274d57e7-fe15-401c-a172-318f90ccd546], external_ids={}, hostname='np0000166670', name='6a05af67-5da0-421c-bf28-e60fe37f74ee', nb_cfg=0, other_config={'ct-commit-nat-v2': 'true', 'ct-commit-to-zone': 'true', 'ct-next-zone': 'true', 'ct-no-masked-label': 'true', 'ct-state-save': 'true', 'datapath-type': 'system', 'fdb-timestamp': 'true', 'iface-types': 'afxdp,afxdp-nonpmd,bareudp,erspan,geneve,gre,gtpu,internal,ip6erspan,ip6gre,lisp,patch,srv6,stt,system,tap,vxlan', 'is-interconn': 'false', 'ls-dpg-column': 'true', 'mac-binding-timestamp': 'true', 'ovn-bridge-mappings': 'public:br-ex', 'ovn-chassis-mac-mappings': '', 'ovn-cms-options': 'enable-chassis-as-gw', 'ovn-ct-lb-related': 'true', 'ovn-enable-lflow-cache': 'true', 'ovn-limit-lflow-cache': '', 'ovn-memlimit-lflow-cache-kb': '', 'ovn-monitor-all': 'false', 'ovn-trim-limit-lflow-cache': '', 'ovn-trim-timeout-ms': '', 'ovn-trim-wmark-perc-lflow-cache': '', 'port-up-notif': 'true'}, transport_zones=[], vtep_logical_switches=[]) old= {{(pid=104757) matches /opt/stack/data/venv/lib/python3.12/site-packages/ovsdbapp/backend/ovs_idl/event.py:55}}
Apr 16 11:38:33.882703 np0000166670 devstack@neutron-api.service[104757]: DEBUG neutron.plugins.ml2.drivers.ovn.mech_driver.ovsdb.ovsdb_monitor [None req-8eec7c7f-1478-4622-b9ee-5d07324f1e86 None None] ChassisOVNAgentWriteEvent : Matched Chassis_Private, create, None None {{(pid=104757) matches /opt/stack/neutron/neutron/plugins/ml2/drivers/ovn/mech_driver/ovsdb/ovsdb_monitor.py:64}}
Apr 16 11:38:33.882814 np0000166670 devstack@neutron-api.service[104757]: DEBUG neutron.plugins.ml2.drivers.ovn.mech_driver.ovsdb.ovsdb_monitor [None req-8eec7c7f-1478-4622-b9ee-5d07324f1e86 None None] ChassisAgentWriteEvent : Matched Chassis_Private, create, None None {{(pid=104757) matches /opt/stack/neutron/neutron/plugins/ml2/drivers/ovn/mech_driver/ovsdb/ovsdb_monitor.py:64}}
Apr 16 11:38:33.884466 np0000166670 devstack@neutron-api.service[104757]: INFO neutron.plugins.ml2.drivers.ovn.mech_driver.mech_driver [None req-8eec7c7f-1478-4622-b9ee-5d07324f1e86 None None] WorkerService process has finished the post initialization
Apr 16 11:38:33.884792 np0000166670 devstack@neutron-api.service[104757]: INFO neutron.plugins.ml2.drivers.ovn.mech_driver.ovsdb.extensions.qos [-] Starting OVNClientQosExtension
Apr 16 11:38:33.885648 np0000166670 devstack@neutron-api.service[104757]: INFO neutron.plugins.ml2.drivers.ovn.mech_driver.ovsdb.extensions.placement [-] Starting OVNClientPlacementExtension
Apr 16 11:38:33.887295 np0000166670 devstack@neutron-api.service[104757]: WSGI app 0 (mountpoint='') ready in 7 seconds on interpreter 0x790c248a3668 pid: 104757 (default app)
Apr 16 11:38:33.903529 np0000166670 devstack@neutron-api.service[104755]: DEBUG neutron.common.ovn.hash_ring_manager [None req-b50dad60-d5f9-4198-b99a-9b544e4cc347 None None] Allow caching, nodes 4>=4 {{(pid=104755) _wait_startup_before_caching /opt/stack/neutron/neutron/common/ovn/hash_ring_manager.py:65}}
Apr 16 11:38:33.907700 np0000166670 devstack@neutron-api.service[104755]: DEBUG neutron.common.ovn.hash_ring_manager [None req-b50dad60-d5f9-4198-b99a-9b544e4cc347 None None] Hash Ring loaded. 4 active nodes. 0 offline nodes {{(pid=104755) _load_hash_ring /opt/stack/neutron/neutron/common/ovn/hash_ring_manager.py:102}}
Apr 16 11:38:33.907866 np0000166670 devstack@neutron-api.service[104755]: DEBUG neutron.plugins.ml2.drivers.ovn.mech_driver.ovsdb.ovsdb_monitor [None req-b50dad60-d5f9-4198-b99a-9b544e4cc347 None None] ChassisAgentWriteEvent : Matched Chassis_Private, create, None None {{(pid=104755) matches /opt/stack/neutron/neutron/plugins/ml2/drivers/ovn/mech_driver/ovsdb/ovsdb_monitor.py:64}}
Apr 16 11:38:33.908024 np0000166670 devstack@neutron-api.service[104755]: DEBUG neutron.plugins.ml2.drivers.ovn.mech_driver.ovsdb.ovsdb_monitor [None req-b50dad60-d5f9-4198-b99a-9b544e4cc347 None None] ChassisOVNAgentWriteEvent : Matched Chassis_Private, create, None None {{(pid=104755) matches /opt/stack/neutron/neutron/plugins/ml2/drivers/ovn/mech_driver/ovsdb/ovsdb_monitor.py:64}}
Apr 16 11:38:33.911637 np0000166670 devstack@neutron-api.service[104755]: INFO neutron.plugins.ml2.drivers.ovn.mech_driver.mech_driver [None req-b50dad60-d5f9-4198-b99a-9b544e4cc347 None None] WorkerService process has finished the post initialization
Apr 16 11:38:33.912405 np0000166670 devstack@neutron-api.service[104755]: WSGI app 0 (mountpoint='') ready in 7 seconds on interpreter 0x790c248a3668 pid: 104755 (default app)
Apr 16 11:38:35.724350 np0000166670 devstack@neutron-api.service[104756]: DEBUG neutron.common.ovn.hash_ring_manager [-] Allow caching, nodes 4>=4 {{(pid=104756) _wait_startup_before_caching /opt/stack/neutron/neutron/common/ovn/hash_ring_manager.py:65}}
Apr 16 11:38:35.724874 np0000166670 devstack@neutron-api.service[104756]: DEBUG neutron.plugins.ml2.drivers.ovn.mech_driver.ovsdb.ovsdb_monitor [-] Hash Ring: Node 93872ef5e71b515abac9f9560757c2e2 (host: np0000166670) handling event "update" for row 6f71a981-e580-4ee1-9576-f59c9eb36f5b (table: Connection) {{(pid=104756) notify /opt/stack/neutron/neutron/plugins/ml2/drivers/ovn/mech_driver/ovsdb/ovsdb_monitor.py:914}}
Apr 16 11:38:38.223179 np0000166670 devstack@neutron-api.service[104756]: DEBUG neutron.plugins.ml2.drivers.ovn.mech_driver.ovsdb.ovsdb_monitor [-] Hash Ring: Node 93872ef5e71b515abac9f9560757c2e2 (host: np0000166670) handling event "update" for row 6f71a981-e580-4ee1-9576-f59c9eb36f5b (table: Connection) {{(pid=104756) notify /opt/stack/neutron/neutron/plugins/ml2/drivers/ovn/mech_driver/ovsdb/ovsdb_monitor.py:914}}
Apr 16 11:38:39.728858 np0000166670 devstack@neutron-api.service[104756]: DEBUG neutron.api.wsgi [None req-b2dceba7-3b0f-4c6f-81f7-40dc88b9b5dc admin admin] Missing Content-Type {{(pid=104756) get_content_type /opt/stack/neutron/neutron/api/wsgi.py:85}}
Apr 16 11:38:39.729661 np0000166670 devstack@neutron-api.service[104756]: DEBUG neutron.api.wsgi [None req-b2dceba7-3b0f-4c6f-81f7-40dc88b9b5dc admin admin] https://199.19.213.240/networking/v2.0/extensions returned with HTTP 200 {{(pid=104756) __call__ /opt/stack/neutron/neutron/api/wsgi.py:545}}
Apr 16 11:38:39.729661 np0000166670 devstack@neutron-api.service[104756]: [pid: 104756|app: 0|req: 2/2] 199.19.213.240 () {64 vars in 1323 bytes} [Thu Apr 16 11:38:39 2026] GET /networking/v2.0/extensions => generated 15209 bytes in 434 msecs (HTTP/1.1 200) 4 headers in 159 bytes (1 switches on core 0)
Apr 16 11:38:40.094200 np0000166670 devstack@neutron-api.service[104758]: DEBUG neutron.api.v2.base [None req-df44a107-9797-488a-bc04-36590e44ee35 admin admin] Request body: {'subnetpool': {'shared': True, 'default_prefixlen': 26, 'prefixes': ['10.1.0.0/20'], 'name': 'shared-default-subnetpool-v4', 'is_default': True}} {{(pid=104758) prepare_request_body /opt/stack/neutron/neutron/api/v2/base.py:729}}
Apr 16 11:38:40.296100 np0000166670 devstack@neutron-api.service[104758]: DEBUG neutron.policy [None req-df44a107-9797-488a-bc04-36590e44ee35 admin admin] Loaded default policies from ['neutron'] under neutron.policies entry points {{(pid=104758) register_rules /opt/stack/neutron/neutron/policy.py:65}}
Apr 16 11:38:40.441800 np0000166670 devstack@neutron-api.service[104758]: DEBUG neutron_lib.callbacks.manager [None req-df44a107-9797-488a-bc04-36590e44ee35 admin admin] Publish callbacks ['neutron.objects.securitygroup.RbacNeutronDbObjectMixin.validate_rbac_policy_change-1919051061055', 'neutron.objects.address_group.RbacNeutronDbObjectMixin.validate_rbac_policy_change-1919051050565', 'neutron.objects.network.RbacNeutronDbObjectMixin.validate_rbac_policy_change-1919050694925', 'neutron.objects.qos.policy.RbacNeutronDbObjectMixin.validate_rbac_policy_change-1919050697783', 'neutron.objects.subnetpool.RbacNeutronDbObjectMixin.validate_rbac_policy_change-1919050682261', 'neutron.objects.address_scope.RbacNeutronDbObjectMixin.validate_rbac_policy_change-1919050698120', 'neutron.plugins.ml2.plugin.External_net_db_mixin._process_ext_policy_create-249908', 'neutron.plugins.ml2.plugin.NeutronDbPluginV2.validate_network_rbac_policy_change-3220'] for rbac-policy (None), before_create {{(pid=104758) _notify_loop /opt/stack/data/venv/lib/python3.12/site-packages/neutron_lib/callbacks/manager.py:184}}
Apr 16 11:38:40.489390 np0000166670 devstack@neutron-api.service[104758]: DEBUG neutron_lib.callbacks.manager [None req-df44a107-9797-488a-bc04-36590e44ee35 admin admin] Publish callbacks [] for subnetpool (None), before_response {{(pid=104758) _notify_loop /opt/stack/data/venv/lib/python3.12/site-packages/neutron_lib/callbacks/manager.py:184}}
Apr 16 11:38:40.490034 np0000166670 devstack@neutron-api.service[104758]: [pid: 104758|app: 0|req: 1/3] 199.19.213.240 () {68 vars in 1367 bytes} [Thu Apr 16 11:38:39 2026] POST /networking/v2.0/subnetpools => generated 533 bytes in 502 msecs (HTTP/1.1 201) 4 headers in 162 bytes (1 switches on core 0)
Apr 16 11:38:40.790192 np0000166670 devstack@neutron-api.service[104757]: DEBUG neutron.api.v2.base [None req-5d6b8312-6ec9-4c0a-ad21-25e720a29239 admin admin] Request body: {'subnetpool': {'shared': True, 'default_prefixlen': 64, 'prefixes': ['fda4:2efd:c5a2::/56'], 'name': 'shared-default-subnetpool-v6', 'is_default': True}} {{(pid=104757) prepare_request_body /opt/stack/neutron/neutron/api/v2/base.py:729}}
Apr 16 11:38:40.958626 np0000166670 devstack@neutron-api.service[104757]: DEBUG neutron.policy [None req-5d6b8312-6ec9-4c0a-ad21-25e720a29239 admin admin] Loaded default policies from ['neutron'] under neutron.policies entry points {{(pid=104757) register_rules /opt/stack/neutron/neutron/policy.py:65}}
Apr 16 11:38:41.099578 np0000166670 devstack@neutron-api.service[104757]: DEBUG neutron_lib.callbacks.manager [None req-5d6b8312-6ec9-4c0a-ad21-25e720a29239 admin admin] Publish callbacks ['neutron.objects.securitygroup.RbacNeutronDbObjectMixin.validate_rbac_policy_change-1919050615800', 'neutron.objects.address_group.RbacNeutronDbObjectMixin.validate_rbac_policy_change-1919050674125', 'neutron.objects.network.RbacNeutronDbObjectMixin.validate_rbac_policy_change-1919050659638', 'neutron.objects.qos.policy.RbacNeutronDbObjectMixin.validate_rbac_policy_change-1919050654877', 'neutron.objects.subnetpool.RbacNeutronDbObjectMixin.validate_rbac_policy_change-1919050694312', 'neutron.objects.address_scope.RbacNeutronDbObjectMixin.validate_rbac_policy_change-1919050654254', 'neutron.plugins.ml2.plugin.External_net_db_mixin._process_ext_policy_create-4092052', 'neutron.plugins.ml2.plugin.NeutronDbPluginV2.validate_network_rbac_policy_change-4031540'] for rbac-policy (None), before_create {{(pid=104757) _notify_loop /opt/stack/data/venv/lib/python3.12/site-packages/neutron_lib/callbacks/manager.py:184}}
Apr 16 11:38:41.140834 np0000166670 devstack@neutron-api.service[104757]: DEBUG neutron_lib.callbacks.manager [None req-5d6b8312-6ec9-4c0a-ad21-25e720a29239 admin admin] Publish callbacks [] for subnetpool (None), before_response {{(pid=104757) _notify_loop /opt/stack/data/venv/lib/python3.12/site-packages/neutron_lib/callbacks/manager.py:184}}
Apr 16 11:38:41.141428 np0000166670 devstack@neutron-api.service[104757]: [pid: 104757|app: 0|req: 1/4] 199.19.213.240 () {68 vars in 1367 bytes} [Thu Apr 16 11:38:40 2026] POST /networking/v2.0/subnetpools => generated 543 bytes in 456 msecs (HTTP/1.1 201) 4 headers in 162 bytes (1 switches on core 0)
Apr 16 11:38:41.530940 np0000166670 devstack@neutron-api.service[104755]: DEBUG neutron.api.v2.base [None req-5c1c20a7-88d3-4cf4-87c4-0cc31825d3a4 admin admin] Request body: {'network': {'admin_state_up': True, 'name': 'private'}} {{(pid=104755) prepare_request_body /opt/stack/neutron/neutron/api/v2/base.py:729}}
Apr 16 11:38:41.552146 np0000166670 devstack@neutron-api.service[104755]: DEBUG neutron.pecan_wsgi.hooks.quota_enforcement [None req-5c1c20a7-88d3-4cf4-87c4-0cc31825d3a4 admin admin] Made reservation on behalf of 669f5396143747a198c0e1d1085c14ec for: {'network': 1} {{(pid=104755) before /opt/stack/neutron/neutron/pecan_wsgi/hooks/quota_enforcement.py:66}}
Apr 16 11:38:41.723345 np0000166670 devstack@neutron-api.service[104755]: DEBUG neutron.policy [None req-5c1c20a7-88d3-4cf4-87c4-0cc31825d3a4 admin admin] Loaded default policies from ['neutron'] under neutron.policies entry points {{(pid=104755) register_rules /opt/stack/neutron/neutron/policy.py:65}}
Apr 16 11:38:41.824706 np0000166670 devstack@neutron-api.service[104755]: DEBUG neutron_lib.callbacks.manager [None req-5c1c20a7-88d3-4cf4-87c4-0cc31825d3a4 admin admin] Publish callbacks ['neutron.plugins.ml2.plugin.SecurityGroupDbMixin._ensure_default_security_group_handler-315451'] for network (None), before_create {{(pid=104755) _notify_loop /opt/stack/data/venv/lib/python3.12/site-packages/neutron_lib/callbacks/manager.py:184}}
Apr 16 11:38:41.845209 np0000166670 devstack@neutron-api.service[104755]: DEBUG neutron_lib.callbacks.manager [None req-5c1c20a7-88d3-4cf4-87c4-0cc31825d3a4 admin admin] Publish callbacks [] for security_group (None), before_create {{(pid=104755) _notify_loop /opt/stack/data/venv/lib/python3.12/site-packages/neutron_lib/callbacks/manager.py:184}}
Apr 16 11:38:41.936535 np0000166670 devstack@neutron-api.service[104755]: DEBUG neutron_lib.callbacks.manager [None req-5c1c20a7-88d3-4cf4-87c4-0cc31825d3a4 admin admin] Publish callbacks ['neutron.plugins.ml2.drivers.ovn.mech_driver.mech_driver.OVNMechanismDriver._create_security_group_precommit-935069'] for security_group (206e2798-a365-42c5-831a-fe8dcae92d7b), precommit_create {{(pid=104755) _notify_loop /opt/stack/data/venv/lib/python3.12/site-packages/neutron_lib/callbacks/manager.py:184}}
Apr 16 11:38:41.936720 np0000166670 devstack@neutron-api.service[104755]: DEBUG neutron.db.ovn_revision_numbers_db [None req-5c1c20a7-88d3-4cf4-87c4-0cc31825d3a4 admin admin] create_initial_revision uuid=206e2798-a365-42c5-831a-fe8dcae92d7b, type=security_groups, rev=-1 {{(pid=104755) create_initial_revision /opt/stack/neutron/neutron/db/ovn_revision_numbers_db.py:98}}
Apr 16 11:38:41.938733 np0000166670 devstack@neutron-api.service[104755]: DEBUG neutron.db.ovn_revision_numbers_db [None req-5c1c20a7-88d3-4cf4-87c4-0cc31825d3a4 admin admin] create_initial_revision uuid=0a29581b-af2d-4b3c-acc1-4f8336e3e6ba, type=security_group_rules, rev=-1 {{(pid=104755) create_initial_revision /opt/stack/neutron/neutron/db/ovn_revision_numbers_db.py:98}}
Apr 16 11:38:41.939747 np0000166670 devstack@neutron-api.service[104755]: DEBUG neutron.db.ovn_revision_numbers_db [None req-5c1c20a7-88d3-4cf4-87c4-0cc31825d3a4 admin admin] create_initial_revision uuid=2d1253fa-8099-4942-909d-b80ec45ceeaf, type=security_group_rules, rev=-1 {{(pid=104755) create_initial_revision /opt/stack/neutron/neutron/db/ovn_revision_numbers_db.py:98}}
Apr 16 11:38:41.940714 np0000166670 devstack@neutron-api.service[104755]: DEBUG neutron.db.ovn_revision_numbers_db [None req-5c1c20a7-88d3-4cf4-87c4-0cc31825d3a4 admin admin] create_initial_revision uuid=757038d0-3b54-440c-8426-6d0ed84b3d6e, type=security_group_rules, rev=-1 {{(pid=104755) create_initial_revision /opt/stack/neutron/neutron/db/ovn_revision_numbers_db.py:98}}
Apr 16 11:38:41.941635 np0000166670 devstack@neutron-api.service[104755]: DEBUG neutron.db.ovn_revision_numbers_db [None req-5c1c20a7-88d3-4cf4-87c4-0cc31825d3a4 admin admin] create_initial_revision uuid=c611497f-e098-497b-8437-159f8517906c, type=security_group_rules, rev=-1 {{(pid=104755) create_initial_revision /opt/stack/neutron/neutron/db/ovn_revision_numbers_db.py:98}}
Apr 16 11:38:41.948801 np0000166670 devstack@neutron-api.service[104755]: DEBUG neutron_lib.callbacks.manager [None req-5c1c20a7-88d3-4cf4-87c4-0cc31825d3a4 admin admin] Publish callbacks ['neutron.plugins.ml2.drivers.ovn.mech_driver.mech_driver.OVNMechanismDriver._create_security_group-935063', 'neutron.plugins.ml2.ovo_rpc._ObjectChangeHandler.handle_event-6504337'] for security_group (206e2798-a365-42c5-831a-fe8dcae92d7b), after_create {{(pid=104755) _notify_loop /opt/stack/data/venv/lib/python3.12/site-packages/neutron_lib/callbacks/manager.py:184}}
Apr 16 11:38:41.949007 np0000166670 devstack@neutron-api.service[104755]: INFO neutron.plugins.ml2.drivers.ovn.mech_driver.ovsdb.extensions.qos [None req-5c1c20a7-88d3-4cf4-87c4-0cc31825d3a4 admin admin] Starting OVNClientQosExtension
Apr 16 11:38:41.949165 np0000166670 devstack@neutron-api.service[104755]: INFO neutron.plugins.ml2.drivers.ovn.mech_driver.ovsdb.extensions.placement [None req-5c1c20a7-88d3-4cf4-87c4-0cc31825d3a4 admin admin] Starting OVNClientPlacementExtension
Apr 16 11:38:41.950498 np0000166670 devstack@neutron-api.service[104755]: DEBUG ovsdbapp.backend.ovs_idl.transaction [-] Running txn n=1 command(idx=0): PgAddCommand(_result=None, name=pg_206e2798_a365_42c5_831a_fe8dcae92d7b, may_exist=False, columns={'acls': [], 'external_ids': {'neutron:security_group_id': '206e2798-a365-42c5-831a-fe8dcae92d7b'}}) {{(pid=104755) do_commit /opt/stack/data/venv/lib/python3.12/site-packages/ovsdbapp/backend/ovs_idl/transaction.py:89}}
Apr 16 11:38:41.952714 np0000166670 devstack@neutron-api.service[104755]: DEBUG ovsdbapp.backend.ovs_idl.transaction [-] Running txn n=1 command(idx=1): PgAclAddCommand(_result=None, entity=pg_206e2798_a365_42c5_831a_fe8dcae92d7b, direction=from-lport, priority=1002, match=inport == @pg_206e2798_a365_42c5_831a_fe8dcae92d7b && ip4, action=allow-related, log=False, may_exist=True, severity=[], name=[], meter=[], external_ids={'neutron:security_group_rule_id': '0a29581b-af2d-4b3c-acc1-4f8336e3e6ba'}) {{(pid=104755) do_commit /opt/stack/data/venv/lib/python3.12/site-packages/ovsdbapp/backend/ovs_idl/transaction.py:89}}
Apr 16 11:38:41.953380 np0000166670 devstack@neutron-api.service[104755]: DEBUG ovsdbapp.backend.ovs_idl.transaction [-] Running txn n=1 command(idx=2): PgAclAddCommand(_result=None, entity=pg_206e2798_a365_42c5_831a_fe8dcae92d7b, direction=from-lport, priority=1002, match=inport == @pg_206e2798_a365_42c5_831a_fe8dcae92d7b && ip6, action=allow-related, log=False, may_exist=True, severity=[], name=[], meter=[], external_ids={'neutron:security_group_rule_id': '2d1253fa-8099-4942-909d-b80ec45ceeaf'}) {{(pid=104755) do_commit /opt/stack/data/venv/lib/python3.12/site-packages/ovsdbapp/backend/ovs_idl/transaction.py:89}}
Apr 16 11:38:41.953938 np0000166670 devstack@neutron-api.service[104755]: DEBUG ovsdbapp.backend.ovs_idl.transaction [-] Running txn n=1 command(idx=3): PgAclAddCommand(_result=None, entity=pg_206e2798_a365_42c5_831a_fe8dcae92d7b, direction=to-lport, priority=1002, match=outport == @pg_206e2798_a365_42c5_831a_fe8dcae92d7b && ip4 && ip4.src == $pg_206e2798_a365_42c5_831a_fe8dcae92d7b_ip4, action=allow-related, log=False, may_exist=True, severity=[], name=[], meter=[], external_ids={'neutron:security_group_rule_id': '757038d0-3b54-440c-8426-6d0ed84b3d6e'}) {{(pid=104755) do_commit /opt/stack/data/venv/lib/python3.12/site-packages/ovsdbapp/backend/ovs_idl/transaction.py:89}}
Apr 16 11:38:41.954436 np0000166670 devstack@neutron-api.service[104755]: DEBUG ovsdbapp.backend.ovs_idl.transaction [-] Running txn n=1 command(idx=4): PgAclAddCommand(_result=None, entity=pg_206e2798_a365_42c5_831a_fe8dcae92d7b, direction=to-lport, priority=1002, match=outport == @pg_206e2798_a365_42c5_831a_fe8dcae92d7b && ip6 && ip6.src == $pg_206e2798_a365_42c5_831a_fe8dcae92d7b_ip6, action=allow-related, log=False, may_exist=True, severity=[], name=[], meter=[], external_ids={'neutron:security_group_rule_id': 'c611497f-e098-497b-8437-159f8517906c'}) {{(pid=104755) do_commit /opt/stack/data/venv/lib/python3.12/site-packages/ovsdbapp/backend/ovs_idl/transaction.py:89}}
Apr 16 11:38:42.021580 np0000166670 devstack@neutron-api.service[104756]: DEBUG neutron.plugins.ml2.drivers.ovn.mech_driver.ovsdb.ovsdb_monitor [-] Hash Ring: Node 93872ef5e71b515abac9f9560757c2e2 (host: np0000166670) handling event "create" for row adb8d428-cca6-4e13-8517-389dd0290f08 (table: ACL) {{(pid=104756) notify /opt/stack/neutron/neutron/plugins/ml2/drivers/ovn/mech_driver/ovsdb/ovsdb_monitor.py:914}}
Apr 16 11:38:42.022157 np0000166670 devstack@neutron-api.service[104756]: DEBUG neutron.plugins.ml2.drivers.ovn.mech_driver.ovsdb.ovsdb_monitor [-] Hash Ring: Node 93872ef5e71b515abac9f9560757c2e2 (host: np0000166670) handling event "create" for row c710416f-1328-430c-b373-15e22e1b261a (table: ACL) {{(pid=104756) notify /opt/stack/neutron/neutron/plugins/ml2/drivers/ovn/mech_driver/ovsdb/ovsdb_monitor.py:914}}
Apr 16 11:38:42.022240 np0000166670 devstack@neutron-api.service[104758]: DEBUG neutron.plugins.ml2.drivers.ovn.mech_driver.ovsdb.ovsdb_monitor [-] Hash Ring: Node f016581e75bc5ed4bdd9ff15b298b59a (host: np0000166670) handling event "create" for row adb8d428-cca6-4e13-8517-389dd0290f08 (table: ACL) {{(pid=104758) notify /opt/stack/neutron/neutron/plugins/ml2/drivers/ovn/mech_driver/ovsdb/ovsdb_monitor.py:914}}
Apr 16 11:38:42.022679 np0000166670 devstack@neutron-api.service[104756]: DEBUG neutron.plugins.ml2.drivers.ovn.mech_driver.ovsdb.ovsdb_monitor [-] Hash Ring: Node 93872ef5e71b515abac9f9560757c2e2 (host: np0000166670) handling event "create" for row c7d9757a-863e-4729-a07c-009194139dfd (table: ACL) {{(pid=104756) notify /opt/stack/neutron/neutron/plugins/ml2/drivers/ovn/mech_driver/ovsdb/ovsdb_monitor.py:914}}
Apr 16 11:38:42.022797 np0000166670 devstack@neutron-api.service[104758]: DEBUG neutron.plugins.ml2.drivers.ovn.mech_driver.ovsdb.ovsdb_monitor [-] Hash Ring: Node f016581e75bc5ed4bdd9ff15b298b59a (host: np0000166670) handling event "create" for row c710416f-1328-430c-b373-15e22e1b261a (table: ACL) {{(pid=104758) notify /opt/stack/neutron/neutron/plugins/ml2/drivers/ovn/mech_driver/ovsdb/ovsdb_monitor.py:914}}
Apr 16 11:38:42.022895 np0000166670 devstack@neutron-api.service[104756]: DEBUG neutron.plugins.ml2.drivers.ovn.mech_driver.ovsdb.ovsdb_monitor [-] Hash Ring: Node 93872ef5e71b515abac9f9560757c2e2 (host: np0000166670) handling event "create" for row cd893f58-b21c-4f5f-bd2b-434072c23fd4 (table: ACL) {{(pid=104756) notify /opt/stack/neutron/neutron/plugins/ml2/drivers/ovn/mech_driver/ovsdb/ovsdb_monitor.py:914}}
Apr 16 11:38:42.022895 np0000166670 devstack@neutron-api.service[104756]: DEBUG neutron.plugins.ml2.drivers.ovn.mech_driver.ovsdb.ovsdb_monitor [-] Hash Ring: Node 93872ef5e71b515abac9f9560757c2e2 (host: np0000166670) handling event "create" for row 4f426e21-4149-4ff8-939b-a4a184e5d6ac (table: Port_Group) {{(pid=104756) notify /opt/stack/neutron/neutron/plugins/ml2/drivers/ovn/mech_driver/ovsdb/ovsdb_monitor.py:914}}
Apr 16 11:38:42.023033 np0000166670 devstack@neutron-api.service[104758]: DEBUG neutron.plugins.ml2.drivers.ovn.mech_driver.ovsdb.ovsdb_monitor [-] Hash Ring: Node f016581e75bc5ed4bdd9ff15b298b59a (host: np0000166670) handling event "create" for row cd893f58-b21c-4f5f-bd2b-434072c23fd4 (table: ACL) {{(pid=104758) notify /opt/stack/neutron/neutron/plugins/ml2/drivers/ovn/mech_driver/ovsdb/ovsdb_monitor.py:914}}
Apr 16 11:38:42.023105 np0000166670 devstack@neutron-api.service[104758]: DEBUG neutron.plugins.ml2.drivers.ovn.mech_driver.ovsdb.ovsdb_monitor [-] Hash Ring: Node f016581e75bc5ed4bdd9ff15b298b59a (host: np0000166670) handling event "create" for row 4f426e21-4149-4ff8-939b-a4a184e5d6ac (table: Port_Group) {{(pid=104758) notify /opt/stack/neutron/neutron/plugins/ml2/drivers/ovn/mech_driver/ovsdb/ovsdb_monitor.py:914}}
Apr 16 11:38:42.048585 np0000166670 devstack@neutron-api.service[104755]: INFO neutron.db.ovn_revision_numbers_db [None req-5c1c20a7-88d3-4cf4-87c4-0cc31825d3a4 admin admin] Successfully bumped revision number for resource 206e2798-a365-42c5-831a-fe8dcae92d7b (type: security_groups) to 1
Apr 16 11:38:42.062405 np0000166670 devstack@neutron-api.service[104755]: INFO neutron.db.ovn_revision_numbers_db [None req-5c1c20a7-88d3-4cf4-87c4-0cc31825d3a4 admin admin] Successfully bumped revision number for resource 0a29581b-af2d-4b3c-acc1-4f8336e3e6ba (type: security_group_rules) to 0
Apr 16 11:38:42.075516 np0000166670 devstack@neutron-api.service[104755]: INFO neutron.db.ovn_revision_numbers_db [None req-5c1c20a7-88d3-4cf4-87c4-0cc31825d3a4 admin admin] Successfully bumped revision number for resource 2d1253fa-8099-4942-909d-b80ec45ceeaf (type: security_group_rules) to 0
Apr 16 11:38:42.087738 np0000166670 devstack@neutron-api.service[104755]: INFO neutron.db.ovn_revision_numbers_db [None req-5c1c20a7-88d3-4cf4-87c4-0cc31825d3a4 admin admin] Successfully bumped revision number for resource 757038d0-3b54-440c-8426-6d0ed84b3d6e (type: security_group_rules) to 0
Apr 16 11:38:42.101520 np0000166670 devstack@neutron-api.service[104755]: INFO neutron.db.ovn_revision_numbers_db [None req-5c1c20a7-88d3-4cf4-87c4-0cc31825d3a4 admin admin] Successfully bumped revision number for resource c611497f-e098-497b-8437-159f8517906c (type: security_group_rules) to 0
Apr 16 11:38:42.123279 np0000166670 devstack@neutron-api.service[104755]: DEBUG neutron.api.rpc.handlers.resources_rpc [None req-5c1c20a7-88d3-4cf4-87c4-0cc31825d3a4 admin admin] Pushing event updated for resources: {'SecurityGroup': ['ID=206e2798-a365-42c5-831a-fe8dcae92d7b,revision_number=1']} {{(pid=104755) push /opt/stack/neutron/neutron/api/rpc/handlers/resources_rpc.py:237}}
Apr 16 11:38:42.131205 np0000166670 devstack@neutron-api.service[104755]: DEBUG ovsdbapp.backend.ovs_idl.transaction [-] Running txn n=1 command(idx=0): CheckLivenessCommand(_result=None) {{(pid=104755) do_commit /opt/stack/data/venv/lib/python3.12/site-packages/ovsdbapp/backend/ovs_idl/transaction.py:89}}
Apr 16 11:38:42.133916 np0000166670 devstack@neutron-api.service[104756]: DEBUG neutron.plugins.ml2.drivers.ovn.mech_driver.ovsdb.ovsdb_monitor [-] Hash Ring: Node 93872ef5e71b515abac9f9560757c2e2 (host: np0000166670) handling event "update" for row e7757df9-7063-46ec-b7bb-cc09d1f49ddc (table: NB_Global) {{(pid=104756) notify /opt/stack/neutron/neutron/plugins/ml2/drivers/ovn/mech_driver/ovsdb/ovsdb_monitor.py:914}}
Apr 16 11:38:42.134086 np0000166670 devstack@neutron-api.service[104755]: DEBUG neutron.plugins.ml2.drivers.ovn.mech_driver.ovsdb.ovsdb_monitor [-] Hash Ring: Node 9563d507f5a9549ab3f2ff143dc43b37 (host: np0000166670) handling event "update" for row e7757df9-7063-46ec-b7bb-cc09d1f49ddc (table: NB_Global) {{(pid=104755) notify /opt/stack/neutron/neutron/plugins/ml2/drivers/ovn/mech_driver/ovsdb/ovsdb_monitor.py:914}}
Apr 16 11:38:42.134849 np0000166670 devstack@neutron-api.service[104756]: DEBUG neutron.plugins.ml2.drivers.ovn.mech_driver.ovsdb.ovsdb_monitor [-] Hash Ring: Node 93872ef5e71b515abac9f9560757c2e2 (host: np0000166670) handling event "update" for row e7757df9-7063-46ec-b7bb-cc09d1f49ddc (table: NB_Global) {{(pid=104756) notify /opt/stack/neutron/neutron/plugins/ml2/drivers/ovn/mech_driver/ovsdb/ovsdb_monitor.py:914}}
Apr 16 11:38:42.136314 np0000166670 devstack@neutron-api.service[104756]: DEBUG neutron.plugins.ml2.drivers.ovn.mech_driver.ovsdb.ovsdb_monitor [-] Hash Ring: Node 93872ef5e71b515abac9f9560757c2e2 (host: np0000166670) handling event "update" for row e7757df9-7063-46ec-b7bb-cc09d1f49ddc (table: NB_Global) {{(pid=104756) notify /opt/stack/neutron/neutron/plugins/ml2/drivers/ovn/mech_driver/ovsdb/ovsdb_monitor.py:914}}
Apr 16 11:38:42.136547 np0000166670 devstack@neutron-api.service[104755]: DEBUG neutron.plugins.ml2.drivers.ovn.mech_driver.ovsdb.ovsdb_monitor [-] Hash Ring: Node 9563d507f5a9549ab3f2ff143dc43b37 (host: np0000166670) handling event "update" for row e7757df9-7063-46ec-b7bb-cc09d1f49ddc (table: NB_Global) {{(pid=104755) notify /opt/stack/neutron/neutron/plugins/ml2/drivers/ovn/mech_driver/ovsdb/ovsdb_monitor.py:914}}
Apr 16 11:38:42.137633 np0000166670 devstack@neutron-api.service[104758]: DEBUG neutron.plugins.ml2.drivers.ovn.mech_driver.ovsdb.ovsdb_monitor [-] ChassisAgentWriteEvent : Matched Chassis_Private, update, None None {{(pid=104758) matches /opt/stack/neutron/neutron/plugins/ml2/drivers/ovn/mech_driver/ovsdb/ovsdb_monitor.py:64}}
Apr 16 11:38:42.137806 np0000166670 devstack@neutron-api.service[104756]: DEBUG neutron.plugins.ml2.drivers.ovn.mech_driver.ovsdb.ovsdb_monitor [-] Hash Ring: Node 93872ef5e71b515abac9f9560757c2e2 (host: np0000166670) handling event "update" for row e7757df9-7063-46ec-b7bb-cc09d1f49ddc (table: NB_Global) {{(pid=104756) notify /opt/stack/neutron/neutron/plugins/ml2/drivers/ovn/mech_driver/ovsdb/ovsdb_monitor.py:914}}
Apr 16 11:38:42.137952 np0000166670 devstack@neutron-api.service[104755]: DEBUG neutron.plugins.ml2.drivers.ovn.mech_driver.ovsdb.ovsdb_monitor [-] ChassisAgentWriteEvent : Matched Chassis_Private, update, None None {{(pid=104755) matches /opt/stack/neutron/neutron/plugins/ml2/drivers/ovn/mech_driver/ovsdb/ovsdb_monitor.py:64}}
Apr 16 11:38:42.138113 np0000166670 devstack@neutron-api.service[104758]: DEBUG neutron.plugins.ml2.drivers.ovn.mech_driver.ovsdb.ovsdb_monitor [-] Hash Ring: Node f016581e75bc5ed4bdd9ff15b298b59a (host: np0000166670) handling event "update" for row 6a96547b-a748-4805-b55e-f7aee99b8fb0 (table: Chassis_Private) {{(pid=104758) notify /opt/stack/neutron/neutron/plugins/ml2/drivers/ovn/mech_driver/ovsdb/ovsdb_monitor.py:914}}
Apr 16 11:38:42.141475 np0000166670 devstack@neutron-api.service[104755]: DEBUG neutron.plugins.ml2.drivers.ovn.mech_driver.ovsdb.ovsdb_monitor [-] Hash Ring: Node 9563d507f5a9549ab3f2ff143dc43b37 (host: np0000166670) handling event "update" for row e7757df9-7063-46ec-b7bb-cc09d1f49ddc (table: NB_Global) {{(pid=104755) notify /opt/stack/neutron/neutron/plugins/ml2/drivers/ovn/mech_driver/ovsdb/ovsdb_monitor.py:914}}
Apr 16 11:38:42.142078 np0000166670 devstack@neutron-api.service[104757]: DEBUG neutron.plugins.ml2.drivers.ovn.mech_driver.ovsdb.ovsdb_monitor [-] ChassisAgentWriteEvent : Matched Chassis_Private, update, None None {{(pid=104757) matches /opt/stack/neutron/neutron/plugins/ml2/drivers/ovn/mech_driver/ovsdb/ovsdb_monitor.py:64}}
Apr 16 11:38:42.142574 np0000166670 devstack@neutron-api.service[104755]: DEBUG neutron.plugins.ml2.drivers.ovn.mech_driver.ovsdb.ovsdb_monitor [-] Hash Ring: Node 9563d507f5a9549ab3f2ff143dc43b37 (host: np0000166670) handling event "update" for row e7757df9-7063-46ec-b7bb-cc09d1f49ddc (table: NB_Global) {{(pid=104755) notify /opt/stack/neutron/neutron/plugins/ml2/drivers/ovn/mech_driver/ovsdb/ovsdb_monitor.py:914}}
Apr 16 11:38:42.142736 np0000166670 devstack@neutron-api.service[104756]: DEBUG neutron.plugins.ml2.drivers.ovn.mech_driver.ovsdb.ovsdb_monitor [-] ChassisAgentWriteEvent : Matched Chassis_Private, update, None None {{(pid=104756) matches /opt/stack/neutron/neutron/plugins/ml2/drivers/ovn/mech_driver/ovsdb/ovsdb_monitor.py:64}}
Apr 16 11:38:42.143310 np0000166670 devstack@neutron-api.service[104758]: DEBUG neutron.plugins.ml2.drivers.ovn.mech_driver.ovsdb.ovsdb_monitor [-] ChassisOVNAgentWriteEvent : Matched Chassis_Private, update, None None {{(pid=104758) matches /opt/stack/neutron/neutron/plugins/ml2/drivers/ovn/mech_driver/ovsdb/ovsdb_monitor.py:64}}
Apr 16 11:38:42.143798 np0000166670 devstack@neutron-api.service[104758]: DEBUG neutron.plugins.ml2.drivers.ovn.mech_driver.ovsdb.ovsdb_monitor [-] Hash Ring: Node f016581e75bc5ed4bdd9ff15b298b59a (host: np0000166670) handling event "update" for row 6a96547b-a748-4805-b55e-f7aee99b8fb0 (table: Chassis_Private) {{(pid=104758) notify /opt/stack/neutron/neutron/plugins/ml2/drivers/ovn/mech_driver/ovsdb/ovsdb_monitor.py:914}}
Apr 16 11:38:42.143926 np0000166670 devstack@neutron-api.service[104755]: DEBUG neutron.api.rpc.callbacks.version_manager [None req-5c1c20a7-88d3-4cf4-87c4-0cc31825d3a4 admin admin] Tracked resource versions report:
Apr 16 11:38:42.143926 np0000166670 devstack@neutron-api.service[104755]: pushed versions:
Apr 16 11:38:42.143926 np0000166670 devstack@neutron-api.service[104755]: { 'AddressGroup': {'1.2'},
Apr 16 11:38:42.143926 np0000166670 devstack@neutron-api.service[104755]: 'Agent': {'1.1'},
Apr 16 11:38:42.143926 np0000166670 devstack@neutron-api.service[104755]: 'ConntrackHelper': {'1.0'},
Apr 16 11:38:42.143926 np0000166670 devstack@neutron-api.service[104755]: 'LocalIPAssociation': {'1.0'},
Apr 16 11:38:42.143926 np0000166670 devstack@neutron-api.service[104755]: 'Log': {'1.0'},
Apr 16 11:38:42.143926 np0000166670 devstack@neutron-api.service[104755]: 'NDPProxy': {'1.0'},
Apr 16 11:38:42.143926 np0000166670 devstack@neutron-api.service[104755]: 'Network': {'1.2'},
Apr 16 11:38:42.143926 np0000166670 devstack@neutron-api.service[104755]: 'Port': {'1.10'},
Apr 16 11:38:42.143926 np0000166670 devstack@neutron-api.service[104755]: 'PortForwarding': {'1.3'},
Apr 16 11:38:42.143926 np0000166670 devstack@neutron-api.service[104755]: 'QosPolicy': {'1.10'},
Apr 16 11:38:42.143926 np0000166670 devstack@neutron-api.service[104755]: 'SecurityGroup': {'1.6'},
Apr 16 11:38:42.143926 np0000166670 devstack@neutron-api.service[104755]: 'SecurityGroupRule': {'1.3'},
Apr 16 11:38:42.143926 np0000166670 devstack@neutron-api.service[104755]: 'SubPort': {'1.0'},
Apr 16 11:38:42.143926 np0000166670 devstack@neutron-api.service[104755]: 'Subnet': {'1.2'},
Apr 16 11:38:42.143926 np0000166670 devstack@neutron-api.service[104755]: 'Trunk': {'1.1'}}
Apr 16 11:38:42.143926 np0000166670 devstack@neutron-api.service[104755]: consumer versions:
Apr 16 11:38:42.143926 np0000166670 devstack@neutron-api.service[104755]: {OVN Controller Gateway agent@np0000166670: {}}
Apr 16 11:38:42.143926 np0000166670 devstack@neutron-api.service[104755]: {{(pid=104755) report /opt/stack/neutron/neutron/api/rpc/callbacks/version_manager.py:183}}
Apr 16 11:38:42.144401 np0000166670 devstack@neutron-api.service[104757]: DEBUG neutron.plugins.ml2.drivers.ovn.mech_driver.ovsdb.ovsdb_monitor [-] ChassisOVNAgentWriteEvent : Matched Chassis_Private, update, None None {{(pid=104757) matches /opt/stack/neutron/neutron/plugins/ml2/drivers/ovn/mech_driver/ovsdb/ovsdb_monitor.py:64}}
Apr 16 11:38:42.146137 np0000166670 devstack@neutron-api.service[104756]: DEBUG neutron.common.ovn.hash_ring_manager [-] Allow caching, nodes 4>=4 {{(pid=104756) _wait_startup_before_caching /opt/stack/neutron/neutron/common/ovn/hash_ring_manager.py:65}}
Apr 16 11:38:42.146312 np0000166670 devstack@neutron-api.service[104756]: DEBUG neutron.plugins.ml2.drivers.ovn.mech_driver.ovsdb.ovsdb_monitor [-] Hash Ring: Node 93872ef5e71b515abac9f9560757c2e2 (host: np0000166670) handling event "update" for row 6a96547b-a748-4805-b55e-f7aee99b8fb0 (table: Chassis_Private) {{(pid=104756) notify /opt/stack/neutron/neutron/plugins/ml2/drivers/ovn/mech_driver/ovsdb/ovsdb_monitor.py:914}}
Apr 16 11:38:42.147300 np0000166670 devstack@neutron-api.service[104756]: DEBUG neutron.plugins.ml2.drivers.ovn.mech_driver.ovsdb.ovsdb_monitor [-] ChassisOVNAgentWriteEvent : Matched Chassis_Private, update, None None {{(pid=104756) matches /opt/stack/neutron/neutron/plugins/ml2/drivers/ovn/mech_driver/ovsdb/ovsdb_monitor.py:64}}
Apr 16 11:38:42.147601 np0000166670 devstack@neutron-api.service[104756]: DEBUG neutron.plugins.ml2.drivers.ovn.mech_driver.ovsdb.ovsdb_monitor [-] Hash Ring: Node 93872ef5e71b515abac9f9560757c2e2 (host: np0000166670) handling event "update" for row 6a96547b-a748-4805-b55e-f7aee99b8fb0 (table: Chassis_Private) {{(pid=104756) notify /opt/stack/neutron/neutron/plugins/ml2/drivers/ovn/mech_driver/ovsdb/ovsdb_monitor.py:914}}
Apr 16 11:38:42.148491 np0000166670 devstack@neutron-api.service[104755]: DEBUG neutron.plugins.ml2.drivers.ovn.mech_driver.ovsdb.ovsdb_monitor [-] ChassisOVNAgentWriteEvent : Matched Chassis_Private, update, None None {{(pid=104755) matches /opt/stack/neutron/neutron/plugins/ml2/drivers/ovn/mech_driver/ovsdb/ovsdb_monitor.py:64}}
Apr 16 11:38:42.199631 np0000166670 devstack@neutron-api.service[104755]: DEBUG neutron.plugins.ml2.drivers.helpers [None req-5c1c20a7-88d3-4cf4-87c4-0cc31825d3a4 admin admin] geneve segment allocate from pool success with {'geneve_vni': 2468} {{(pid=104755) allocate_partially_specified_segment /opt/stack/neutron/neutron/plugins/ml2/drivers/helpers.py:142}}
Apr 16 11:38:42.215834 np0000166670 devstack@neutron-api.service[104755]: DEBUG neutron_lib.callbacks.manager [None req-5c1c20a7-88d3-4cf4-87c4-0cc31825d3a4 admin admin] Publish callbacks ['neutron.services.segments.db._add_segment_host_mapping_for_segment-8318309250592', 'neutron.plugins.ml2.plugin.Ml2Plugin._handle_segment_change-56089'] for segment (61c74000-b136-4da0-8c8c-e803162ea034), precommit_create {{(pid=104755) _notify_loop /opt/stack/data/venv/lib/python3.12/site-packages/neutron_lib/callbacks/manager.py:184}}
Apr 16 11:38:42.215834 np0000166670 devstack@neutron-api.service[104755]: INFO neutron.db.segments_db [None req-5c1c20a7-88d3-4cf4-87c4-0cc31825d3a4 admin admin] Added segment 61c74000-b136-4da0-8c8c-e803162ea034 of type geneve for network 2a33934c-9294-49b6-bbcb-ef3ad7df6579
Apr 16 11:38:42.250941 np0000166670 devstack@neutron-api.service[104755]: DEBUG neutron_lib.callbacks.manager [None req-5c1c20a7-88d3-4cf4-87c4-0cc31825d3a4 admin admin] Publish callbacks ['neutron.services.auto_allocate.db._ensure_external_network_default_value_callback-8318307229770'] for network (2a33934c-9294-49b6-bbcb-ef3ad7df6579), precommit_create {{(pid=104755) _notify_loop /opt/stack/data/venv/lib/python3.12/site-packages/neutron_lib/callbacks/manager.py:184}}
Apr 16 11:38:42.265688 np0000166670 devstack@neutron-api.service[104755]: DEBUG neutron.plugins.ml2.drivers.ovn.mech_driver.mech_driver [None req-5c1c20a7-88d3-4cf4-87c4-0cc31825d3a4 admin admin] Validating network segment with type geneve, segmentation ID 2468, physical network None {{(pid=104755) _validate_network_segments /opt/stack/neutron/neutron/plugins/ml2/drivers/ovn/mech_driver/mech_driver.py:641}}
Apr 16 11:38:42.265797 np0000166670 devstack@neutron-api.service[104755]: DEBUG neutron.db.ovn_revision_numbers_db [None req-5c1c20a7-88d3-4cf4-87c4-0cc31825d3a4 admin admin] create_initial_revision uuid=2a33934c-9294-49b6-bbcb-ef3ad7df6579, type=networks, rev=-1 {{(pid=104755) create_initial_revision /opt/stack/neutron/neutron/db/ovn_revision_numbers_db.py:98}}
