Mar 19 09:24:34.502424 np0000159972 neutron-periodic-workers[103682]: DEBUG cotyledon.oslo_config_glue [-] ml2.mechanism_drivers = ['ovn'] {{(pid=103682) log_opt_values /opt/stack/data/venv/lib/python3.12/site-packages/oslo_config/cfg.py:3006}}
Mar 19 09:24:34.502486 np0000159972 neutron-periodic-workers[103682]: DEBUG cotyledon.oslo_config_glue [-] ml2.overlay_ip_version = 4 {{(pid=103682) log_opt_values /opt/stack/data/venv/lib/python3.12/site-packages/oslo_config/cfg.py:3006}}
Mar 19 09:24:34.502571 np0000159972 neutron-periodic-workers[103682]: DEBUG cotyledon.oslo_config_glue [-] ml2.path_mtu = 0 {{(pid=103682) log_opt_values /opt/stack/data/venv/lib/python3.12/site-packages/oslo_config/cfg.py:3006}}
Mar 19 09:24:34.502671 np0000159972 neutron-periodic-workers[103682]: DEBUG cotyledon.oslo_config_glue [-] ml2.physical_network_mtus = {} {{(pid=103682) log_opt_values /opt/stack/data/venv/lib/python3.12/site-packages/oslo_config/cfg.py:3006}}
Mar 19 09:24:34.502671 np0000159972 neutron-periodic-workers[103682]: DEBUG cotyledon.oslo_config_glue [-] ml2.project_network_types = ['geneve'] {{(pid=103682) log_opt_values /opt/stack/data/venv/lib/python3.12/site-packages/oslo_config/cfg.py:3006}}
Mar 19 09:24:34.502818 np0000159972 neutron-periodic-workers[103682]: DEBUG cotyledon.oslo_config_glue [-] ml2.tunnelled_network_rp_name = rp_tunnelled {{(pid=103682) log_opt_values /opt/stack/data/venv/lib/python3.12/site-packages/oslo_config/cfg.py:3006}}
Mar 19 09:24:34.502875 np0000159972 neutron-periodic-workers[103682]: DEBUG cotyledon.oslo_config_glue [-] ml2.type_drivers = ['local', 'flat', 'vlan', 'geneve'] {{(pid=103682) log_opt_values /opt/stack/data/venv/lib/python3.12/site-packages/oslo_config/cfg.py:3006}}
Mar 19 09:24:34.503181 np0000159972 neutron-periodic-workers[103682]: DEBUG cotyledon.oslo_config_glue [-] ml2_type_flat.flat_networks = ['public'] {{(pid=103682) log_opt_values /opt/stack/data/venv/lib/python3.12/site-packages/oslo_config/cfg.py:3006}}
Mar 19 09:24:34.503299 np0000159972 neutron-periodic-workers[103682]: DEBUG cotyledon.oslo_config_glue [-] ml2_type_geneve.max_header_size = 38 {{(pid=103682) log_opt_values /opt/stack/data/venv/lib/python3.12/site-packages/oslo_config/cfg.py:3006}}
Mar 19 09:24:34.503367 np0000159972 neutron-periodic-workers[103682]: DEBUG cotyledon.oslo_config_glue [-] ml2_type_geneve.vni_ranges = ['1:65536'] {{(pid=103682) log_opt_values /opt/stack/data/venv/lib/python3.12/site-packages/oslo_config/cfg.py:3006}}
Mar 19 09:24:34.503490 np0000159972 neutron-periodic-workers[103682]: DEBUG cotyledon.oslo_config_glue [-] ml2_type_vlan.network_vlan_ranges = ['public'] {{(pid=103682) log_opt_values /opt/stack/data/venv/lib/python3.12/site-packages/oslo_config/cfg.py:3006}}
Mar 19 09:24:34.503551 np0000159972 neutron-periodic-workers[103682]: DEBUG cotyledon.oslo_config_glue [-] network_log.burst_limit = 25 {{(pid=103682) log_opt_values /opt/stack/data/venv/lib/python3.12/site-packages/oslo_config/cfg.py:3006}}
Mar 19 09:24:34.503640 np0000159972 neutron-periodic-workers[103682]: DEBUG cotyledon.oslo_config_glue [-] network_log.local_output_log_base = None {{(pid=103682) log_opt_values /opt/stack/data/venv/lib/python3.12/site-packages/oslo_config/cfg.py:3006}}
Mar 19 09:24:34.503727 np0000159972 neutron-periodic-workers[103682]: DEBUG cotyledon.oslo_config_glue [-] network_log.rate_limit = 100 {{(pid=103682) log_opt_values /opt/stack/data/venv/lib/python3.12/site-packages/oslo_config/cfg.py:3006}}
Mar 19 09:24:34.503837 np0000159972 neutron-periodic-workers[103682]: DEBUG cotyledon.oslo_config_glue [-] database.asyncio_connection = **** {{(pid=103682) log_opt_values /opt/stack/data/venv/lib/python3.12/site-packages/oslo_config/cfg.py:3006}}
Mar 19 09:24:34.503902 np0000159972 neutron-periodic-workers[103682]: DEBUG cotyledon.oslo_config_glue [-] database.asyncio_slave_connection = **** {{(pid=103682) log_opt_values /opt/stack/data/venv/lib/python3.12/site-packages/oslo_config/cfg.py:3006}}
Mar 19 09:24:34.504004 np0000159972 neutron-periodic-workers[103682]: DEBUG cotyledon.oslo_config_glue [-] database.backend = sqlalchemy {{(pid=103682) log_opt_values /opt/stack/data/venv/lib/python3.12/site-packages/oslo_config/cfg.py:3006}}
Mar 19 09:24:34.504064 np0000159972 neutron-periodic-workers[103682]: DEBUG cotyledon.oslo_config_glue [-] database.connection = **** {{(pid=103682) log_opt_values /opt/stack/data/venv/lib/python3.12/site-packages/oslo_config/cfg.py:3006}}
Mar 19 09:24:34.504161 np0000159972 neutron-periodic-workers[103682]: DEBUG cotyledon.oslo_config_glue [-] database.connection_debug = 0 {{(pid=103682) log_opt_values /opt/stack/data/venv/lib/python3.12/site-packages/oslo_config/cfg.py:3006}}
Mar 19 09:24:34.504235 np0000159972 neutron-periodic-workers[103682]: DEBUG cotyledon.oslo_config_glue [-] database.connection_parameters = {{(pid=103682) log_opt_values /opt/stack/data/venv/lib/python3.12/site-packages/oslo_config/cfg.py:3006}}
Mar 19 09:24:34.504301 np0000159972 neutron-periodic-workers[103682]: DEBUG cotyledon.oslo_config_glue [-] database.connection_recycle_time = 3600 {{(pid=103682) log_opt_values /opt/stack/data/venv/lib/python3.12/site-packages/oslo_config/cfg.py:3006}}
Mar 19 09:24:34.504389 np0000159972 neutron-periodic-workers[103682]: DEBUG cotyledon.oslo_config_glue [-] database.connection_trace = False {{(pid=103682) log_opt_values /opt/stack/data/venv/lib/python3.12/site-packages/oslo_config/cfg.py:3006}}
Mar 19 09:24:34.504455 np0000159972 neutron-periodic-workers[103682]: DEBUG cotyledon.oslo_config_glue [-] database.db_inc_retry_interval = True {{(pid=103682) log_opt_values /opt/stack/data/venv/lib/python3.12/site-packages/oslo_config/cfg.py:3006}}
Mar 19 09:24:34.504517 np0000159972 neutron-periodic-workers[103682]: DEBUG cotyledon.oslo_config_glue [-] database.db_max_retries = 20 {{(pid=103682) log_opt_values /opt/stack/data/venv/lib/python3.12/site-packages/oslo_config/cfg.py:3006}}
Mar 19 09:24:34.504576 np0000159972 neutron-periodic-workers[103682]: DEBUG cotyledon.oslo_config_glue [-] database.db_max_retry_interval = 10 {{(pid=103682) log_opt_values /opt/stack/data/venv/lib/python3.12/site-packages/oslo_config/cfg.py:3006}}
Mar 19 09:24:34.504576 np0000159972 neutron-periodic-workers[103682]: DEBUG cotyledon.oslo_config_glue [-] database.db_retry_interval = 1 {{(pid=103682) log_opt_values /opt/stack/data/venv/lib/python3.12/site-packages/oslo_config/cfg.py:3006}}
Mar 19 09:24:34.504739 np0000159972 neutron-periodic-workers[103682]: DEBUG cotyledon.oslo_config_glue [-] database.max_overflow = 50 {{(pid=103682) log_opt_values /opt/stack/data/venv/lib/python3.12/site-packages/oslo_config/cfg.py:3006}}
Mar 19 09:24:34.504739 np0000159972 neutron-periodic-workers[103682]: DEBUG cotyledon.oslo_config_glue [-] database.max_pool_size = 5 {{(pid=103682) log_opt_values /opt/stack/data/venv/lib/python3.12/site-packages/oslo_config/cfg.py:3006}}
Mar 19 09:24:34.504837 np0000159972 neutron-periodic-workers[103682]: DEBUG cotyledon.oslo_config_glue [-] database.max_retries = 10 {{(pid=103682) log_opt_values /opt/stack/data/venv/lib/python3.12/site-packages/oslo_config/cfg.py:3006}}
Mar 19 09:24:34.504909 np0000159972 neutron-periodic-workers[103682]: DEBUG cotyledon.oslo_config_glue [-] database.mysql_sql_mode = TRADITIONAL {{(pid=103682) log_opt_values /opt/stack/data/venv/lib/python3.12/site-packages/oslo_config/cfg.py:3006}}
Mar 19 09:24:34.504993 np0000159972 neutron-periodic-workers[103682]: DEBUG cotyledon.oslo_config_glue [-] database.mysql_wsrep_sync_wait = None {{(pid=103682) log_opt_values /opt/stack/data/venv/lib/python3.12/site-packages/oslo_config/cfg.py:3006}}
Mar 19 09:24:34.504993 np0000159972 neutron-periodic-workers[103682]: DEBUG cotyledon.oslo_config_glue [-] database.pool_timeout = None {{(pid=103682) log_opt_values /opt/stack/data/venv/lib/python3.12/site-packages/oslo_config/cfg.py:3006}}
Mar 19 09:24:34.505164 np0000159972 neutron-periodic-workers[103682]: DEBUG cotyledon.oslo_config_glue [-] database.retry_interval = 10 {{(pid=103682) log_opt_values /opt/stack/data/venv/lib/python3.12/site-packages/oslo_config/cfg.py:3006}}
Mar 19 09:24:34.505261 np0000159972 neutron-periodic-workers[103682]: DEBUG cotyledon.oslo_config_glue [-] database.slave_connection = **** {{(pid=103682) log_opt_values /opt/stack/data/venv/lib/python3.12/site-packages/oslo_config/cfg.py:3006}}
Mar 19 09:24:34.505345 np0000159972 neutron-periodic-workers[103682]: DEBUG cotyledon.oslo_config_glue [-] database.sqlite_synchronous = True {{(pid=103682) log_opt_values /opt/stack/data/venv/lib/python3.12/site-packages/oslo_config/cfg.py:3006}}
Mar 19 09:24:34.505345 np0000159972 neutron-periodic-workers[103682]: DEBUG cotyledon.oslo_config_glue [-] database.synchronous_reader = True {{(pid=103682) log_opt_values /opt/stack/data/venv/lib/python3.12/site-packages/oslo_config/cfg.py:3006}}
Mar 19 09:24:34.505434 np0000159972 neutron-periodic-workers[103682]: DEBUG cotyledon.oslo_config_glue [-] database.use_db_reconnect = False {{(pid=103682) log_opt_values /opt/stack/data/venv/lib/python3.12/site-packages/oslo_config/cfg.py:3006}}
Mar 19 09:24:34.505561 np0000159972 neutron-periodic-workers[103682]: DEBUG cotyledon.oslo_config_glue [-] ovn.bfd_min_rx = 1000 {{(pid=103682) log_opt_values /opt/stack/data/venv/lib/python3.12/site-packages/oslo_config/cfg.py:3006}}
Mar 19 09:24:34.505620 np0000159972 neutron-periodic-workers[103682]: DEBUG cotyledon.oslo_config_glue [-] ovn.bfd_min_tx = 100 {{(pid=103682) log_opt_values /opt/stack/data/venv/lib/python3.12/site-packages/oslo_config/cfg.py:3006}}
Mar 19 09:24:34.505742 np0000159972 neutron-periodic-workers[103682]: DEBUG cotyledon.oslo_config_glue [-] ovn.bfd_mult = 3 {{(pid=103682) log_opt_values /opt/stack/data/venv/lib/python3.12/site-packages/oslo_config/cfg.py:3006}}
Mar 19 09:24:34.505814 np0000159972 neutron-periodic-workers[103682]: DEBUG cotyledon.oslo_config_glue [-] ovn.broadcast_arps_to_all_routers = True {{(pid=103682) log_opt_values /opt/stack/data/venv/lib/python3.12/site-packages/oslo_config/cfg.py:3006}}
Mar 19 09:24:34.505876 np0000159972 neutron-periodic-workers[103682]: DEBUG cotyledon.oslo_config_glue [-] ovn.dhcp_default_lease_time = 43200 {{(pid=103682) log_opt_values /opt/stack/data/venv/lib/python3.12/site-packages/oslo_config/cfg.py:3006}}
Mar 19 09:24:34.505936 np0000159972 neutron-periodic-workers[103682]: DEBUG cotyledon.oslo_config_glue [-] ovn.disable_ovn_dhcp_for_baremetal_ports = False {{(pid=103682) log_opt_values /opt/stack/data/venv/lib/python3.12/site-packages/oslo_config/cfg.py:3006}}
Mar 19 09:24:34.506152 np0000159972 neutron-periodic-workers[103682]: DEBUG cotyledon.oslo_config_glue [-] ovn.dns_records_ovn_owned = False {{(pid=103682) log_opt_values /opt/stack/data/venv/lib/python3.12/site-packages/oslo_config/cfg.py:3006}}
Mar 19 09:24:34.506152 np0000159972 neutron-periodic-workers[103682]: DEBUG cotyledon.oslo_config_glue [-] ovn.dns_servers = [] {{(pid=103682) log_opt_values /opt/stack/data/venv/lib/python3.12/site-packages/oslo_config/cfg.py:3006}}
Mar 19 09:24:34.506152 np0000159972 neutron-periodic-workers[103682]: DEBUG cotyledon.oslo_config_glue [-] ovn.enable_distributed_floating_ip = False {{(pid=103682) log_opt_values /opt/stack/data/venv/lib/python3.12/site-packages/oslo_config/cfg.py:3006}}
Mar 19 09:24:34.506152 np0000159972 neutron-periodic-workers[103682]: DEBUG cotyledon.oslo_config_glue [-] ovn.fdb_age_threshold = 300 {{(pid=103682) log_opt_values /opt/stack/data/venv/lib/python3.12/site-packages/oslo_config/cfg.py:3006}}
Mar 19 09:24:34.506282 np0000159972 neutron-periodic-workers[103682]: DEBUG cotyledon.oslo_config_glue [-] ovn.ha_failover_strategy = normal {{(pid=103682) log_opt_values /opt/stack/data/venv/lib/python3.12/site-packages/oslo_config/cfg.py:3006}}
Mar 19 09:24:34.506282 np0000159972 neutron-periodic-workers[103682]: DEBUG cotyledon.oslo_config_glue [-] ovn.live_migration_activation_strategy = rarp {{(pid=103682) log_opt_values /opt/stack/data/venv/lib/python3.12/site-packages/oslo_config/cfg.py:3006}}
Mar 19 09:24:34.506382 np0000159972 neutron-periodic-workers[103682]: DEBUG cotyledon.oslo_config_glue [-] ovn.localnet_learn_fdb = False {{(pid=103682) log_opt_values /opt/stack/data/venv/lib/python3.12/site-packages/oslo_config/cfg.py:3006}}
Mar 19 09:24:34.506443 np0000159972 neutron-periodic-workers[103682]: DEBUG cotyledon.oslo_config_glue [-] ovn.mac_binding_age_threshold = 300 {{(pid=103682) log_opt_values /opt/stack/data/venv/lib/python3.12/site-packages/oslo_config/cfg.py:3006}}
Mar 19 09:24:34.506508 np0000159972 neutron-periodic-workers[103682]: DEBUG cotyledon.oslo_config_glue [-] ovn.neutron_sync_mode = log {{(pid=103682) log_opt_values /opt/stack/data/venv/lib/python3.12/site-packages/oslo_config/cfg.py:3006}}
Mar 19 09:24:34.506508 np0000159972 neutron-periodic-workers[103682]: DEBUG cotyledon.oslo_config_glue [-] ovn.ovn_dhcp4_global_options = {} {{(pid=103682) log_opt_values /opt/stack/data/venv/lib/python3.12/site-packages/oslo_config/cfg.py:3006}}
Mar 19 09:24:34.506590 np0000159972 neutron-periodic-workers[103682]: DEBUG cotyledon.oslo_config_glue [-] ovn.ovn_dhcp6_global_options = {} {{(pid=103682) log_opt_values /opt/stack/data/venv/lib/python3.12/site-packages/oslo_config/cfg.py:3006}}
Mar 19 09:24:34.506661 np0000159972 neutron-periodic-workers[103682]: DEBUG cotyledon.oslo_config_glue [-] ovn.ovn_l3_scheduler = leastloaded {{(pid=103682) log_opt_values /opt/stack/data/venv/lib/python3.12/site-packages/oslo_config/cfg.py:3006}}
Mar 19 09:24:34.506765 np0000159972 neutron-periodic-workers[103682]: DEBUG cotyledon.oslo_config_glue [-] ovn.ovn_metadata_enabled = True {{(pid=103682) log_opt_values /opt/stack/data/venv/lib/python3.12/site-packages/oslo_config/cfg.py:3006}}
Mar 19 09:24:34.506834 np0000159972 neutron-periodic-workers[103682]: DEBUG cotyledon.oslo_config_glue [-] ovn.ovn_nb_ca_cert = /opt/stack/data/CA/int-ca/ca-chain.pem {{(pid=103682) log_opt_values /opt/stack/data/venv/lib/python3.12/site-packages/oslo_config/cfg.py:3006}}
Mar 19 09:24:34.506899 np0000159972 neutron-periodic-workers[103682]: DEBUG cotyledon.oslo_config_glue [-] ovn.ovn_nb_certificate = /opt/stack/data/CA/int-ca/devstack-cert.crt {{(pid=103682) log_opt_values /opt/stack/data/venv/lib/python3.12/site-packages/oslo_config/cfg.py:3006}}
Mar 19 09:24:34.506965 np0000159972 neutron-periodic-workers[103682]: DEBUG cotyledon.oslo_config_glue [-] ovn.ovn_nb_connection = ['ssl:199.19.213.43:6641'] {{(pid=103682) log_opt_values /opt/stack/data/venv/lib/python3.12/site-packages/oslo_config/cfg.py:3006}}
Mar 19 09:24:34.507055 np0000159972 neutron-periodic-workers[103682]: DEBUG cotyledon.oslo_config_glue [-] ovn.ovn_nb_private_key = /opt/stack/data/CA/int-ca/private/devstack-cert.key {{(pid=103682) log_opt_values /opt/stack/data/venv/lib/python3.12/site-packages/oslo_config/cfg.py:3006}}
Mar 19 09:24:34.507119 np0000159972 neutron-periodic-workers[103682]: DEBUG cotyledon.oslo_config_glue [-] ovn.ovn_router_indirect_snat = False {{(pid=103682) log_opt_values /opt/stack/data/venv/lib/python3.12/site-packages/oslo_config/cfg.py:3006}}
Mar 19 09:24:34.507177 np0000159972 neutron-periodic-workers[103682]: DEBUG cotyledon.oslo_config_glue [-] ovn.ovn_sb_ca_cert = /opt/stack/data/CA/int-ca/ca-chain.pem {{(pid=103682) log_opt_values /opt/stack/data/venv/lib/python3.12/site-packages/oslo_config/cfg.py:3006}}
Mar 19 09:24:34.507236 np0000159972 neutron-periodic-workers[103682]: DEBUG cotyledon.oslo_config_glue [-] ovn.ovn_sb_certificate = /opt/stack/data/CA/int-ca/devstack-cert.crt {{(pid=103682) log_opt_values /opt/stack/data/venv/lib/python3.12/site-packages/oslo_config/cfg.py:3006}}
Mar 19 09:24:34.507330 np0000159972 neutron-periodic-workers[103682]: DEBUG cotyledon.oslo_config_glue [-] ovn.ovn_sb_connection = ['ssl:199.19.213.43:6642'] {{(pid=103682) log_opt_values /opt/stack/data/venv/lib/python3.12/site-packages/oslo_config/cfg.py:3006}}
Mar 19 09:24:34.507391 np0000159972 neutron-periodic-workers[103682]: DEBUG cotyledon.oslo_config_glue [-] ovn.ovn_sb_private_key = /opt/stack/data/CA/int-ca/private/devstack-cert.key {{(pid=103682) log_opt_values /opt/stack/data/venv/lib/python3.12/site-packages/oslo_config/cfg.py:3006}}
Mar 19 09:24:34.507451 np0000159972 neutron-periodic-workers[103682]: DEBUG cotyledon.oslo_config_glue [-] ovn.ovs_create_tap = False {{(pid=103682) log_opt_values /opt/stack/data/venv/lib/python3.12/site-packages/oslo_config/cfg.py:3006}}
Mar 19 09:24:34.507547 np0000159972 neutron-periodic-workers[103682]: DEBUG cotyledon.oslo_config_glue [-] ovn.ovsdb_connection_timeout = 180 {{(pid=103682) log_opt_values /opt/stack/data/venv/lib/python3.12/site-packages/oslo_config/cfg.py:3006}}
Mar 19 09:24:34.507624 np0000159972 neutron-periodic-workers[103682]: DEBUG cotyledon.oslo_config_glue [-] ovn.ovsdb_log_level = INFO {{(pid=103682) log_opt_values /opt/stack/data/venv/lib/python3.12/site-packages/oslo_config/cfg.py:3006}}
Mar 19 09:24:34.507624 np0000159972 neutron-periodic-workers[103682]: DEBUG cotyledon.oslo_config_glue [-] ovn.ovsdb_probe_interval = 60000 {{(pid=103682) log_opt_values /opt/stack/data/venv/lib/python3.12/site-packages/oslo_config/cfg.py:3006}}
Mar 19 09:24:34.507900 np0000159972 neutron-periodic-workers[103682]: DEBUG cotyledon.oslo_config_glue [-] ovn.ovsdb_retry_max_interval = 180 {{(pid=103682) log_opt_values /opt/stack/data/venv/lib/python3.12/site-packages/oslo_config/cfg.py:3006}}
Mar 19 09:24:34.507900 np0000159972 neutron-periodic-workers[103682]: DEBUG cotyledon.oslo_config_glue [-] ovn.stateless_nat_enabled = False {{(pid=103682) log_opt_values /opt/stack/data/venv/lib/python3.12/site-packages/oslo_config/cfg.py:3006}}
Mar 19 09:24:34.507900 np0000159972 neutron-periodic-workers[103682]: DEBUG cotyledon.oslo_config_glue [-] ovn.vhost_sock_dir = /var/run/openvswitch {{(pid=103682) log_opt_values /opt/stack/data/venv/lib/python3.12/site-packages/oslo_config/cfg.py:3006}}
Mar 19 09:24:34.508025 np0000159972 neutron-periodic-workers[103682]: DEBUG cotyledon.oslo_config_glue [-] OVS.bridge_mac_table_size = 50000 {{(pid=103682) log_opt_values /opt/stack/data/venv/lib/python3.12/site-packages/oslo_config/cfg.py:3006}}
Mar 19 09:24:34.508086 np0000159972 neutron-periodic-workers[103682]: DEBUG cotyledon.oslo_config_glue [-] OVS.igmp_flood = False {{(pid=103682) log_opt_values /opt/stack/data/venv/lib/python3.12/site-packages/oslo_config/cfg.py:3006}}
Mar 19 09:24:34.508150 np0000159972 neutron-periodic-workers[103682]: DEBUG cotyledon.oslo_config_glue [-] OVS.igmp_flood_reports = True {{(pid=103682) log_opt_values /opt/stack/data/venv/lib/python3.12/site-packages/oslo_config/cfg.py:3006}}
Mar 19 09:24:34.508150 np0000159972 neutron-periodic-workers[103682]: DEBUG cotyledon.oslo_config_glue [-] OVS.igmp_flood_unregistered = False {{(pid=103682) log_opt_values /opt/stack/data/venv/lib/python3.12/site-packages/oslo_config/cfg.py:3006}}
Mar 19 09:24:34.508251 np0000159972 neutron-periodic-workers[103682]: DEBUG cotyledon.oslo_config_glue [-] OVS.igmp_snooping_enable = False {{(pid=103682) log_opt_values /opt/stack/data/venv/lib/python3.12/site-packages/oslo_config/cfg.py:3006}}
Mar 19 09:24:34.508322 np0000159972 neutron-periodic-workers[103682]: DEBUG cotyledon.oslo_config_glue [-] OVS.ovsdb_timeout = 10 {{(pid=103682) log_opt_values /opt/stack/data/venv/lib/python3.12/site-packages/oslo_config/cfg.py:3006}}
Mar 19 09:24:34.508418 np0000159972 neutron-periodic-workers[103682]: DEBUG cotyledon.oslo_config_glue [-] ovn_nb_global.fdb_removal_limit = 0 {{(pid=103682) log_opt_values /opt/stack/data/venv/lib/python3.12/site-packages/oslo_config/cfg.py:3006}}
Mar 19 09:24:34.508478 np0000159972 neutron-periodic-workers[103682]: DEBUG cotyledon.oslo_config_glue [-] ovn_nb_global.ignore_lsp_down = False {{(pid=103682) log_opt_values /opt/stack/data/venv/lib/python3.12/site-packages/oslo_config/cfg.py:3006}}
Mar 19 09:24:34.508540 np0000159972 neutron-periodic-workers[103682]: DEBUG cotyledon.oslo_config_glue [-] ovn_nb_global.mac_binding_removal_limit = 0 {{(pid=103682) log_opt_values /opt/stack/data/venv/lib/python3.12/site-packages/oslo_config/cfg.py:3006}}
Mar 19 09:24:34.508614 np0000159972 neutron-periodic-workers[103682]: DEBUG cotyledon.oslo_config_glue [-] ******************************************************************************** {{(pid=103682) log_opt_values /opt/stack/data/venv/lib/python3.12/site-packages/oslo_config/cfg.py:3013}}
Mar 19 09:24:34.508956 np0000159972 neutron-periodic-workers[103682]: DEBUG cotyledon._service_worker [-] Run service ServiceWrapper(0) [103682] {{(pid=103682) wait_forever /opt/stack/data/venv/lib/python3.12/site-packages/cotyledon/_service_worker.py:218}}
Mar 19 09:24:44.144520 np0000159972 neutron-periodic-workers[102930]: DEBUG dbcounter [-] [102930] Writing DB stats neutron:SELECT=4 {{(pid=102930) stat_writer /opt/stack/data/venv/lib/python3.12/site-packages/dbcounter.py:115}}
Mar 19 09:25:34.479913 np0000159972 neutron-periodic-workers[103659]: DEBUG oslo_db.sqlalchemy.engines [None req-f29eafcd-dd60-40f4-a5fc-b61dde693b57 None None] Parent process 102930 forked (103659) with an open database connection, which is being discarded and recreated. {{(pid=103659) checkout /opt/stack/data/venv/lib/python3.12/site-packages/oslo_db/sqlalchemy/engines.py:402}}
Mar 19 09:25:34.490316 np0000159972 neutron-periodic-workers[103659]: DEBUG dbcounter [-] [103659] Writer thread running {{(pid=103659) stat_writer /opt/stack/data/venv/lib/python3.12/site-packages/dbcounter.py:102}}
Mar 19 09:25:34.498505 np0000159972 neutron-periodic-workers[103659]: DEBUG oslo.service.backend._threading.loopingcall [None req-f29eafcd-dd60-40f4-a5fc-b61dde693b57 None None] Fixed interval looping call 'neutron.plugins.ml2.plugin.DhcpAgentSchedulerDbMixin.remove_networks_from_down_agents' sleeping for 36.97 seconds {{(pid=103659) _run_loop /opt/stack/data/venv/lib/python3.12/site-packages/oslo_service/backend/_threading/loopingcall.py:125}}
Mar 19 09:25:36.502617 np0000159972 neutron-periodic-workers[103669]: DEBUG dbcounter [-] [103669] Writer thread running {{(pid=103669) stat_writer /opt/stack/data/venv/lib/python3.12/site-packages/dbcounter.py:102}}
Mar 19 09:25:36.507205 np0000159972 neutron-periodic-workers[103669]: DEBUG neutron.db.agents_db [None req-15ebca8a-531e-4186-bae0-359cfa78f2b4 None None] Agent healthcheck: found 0 active agents {{(pid=103669) agent_health_check /opt/stack/neutron/neutron/db/agents_db.py:317}}
Mar 19 09:25:36.507397 np0000159972 neutron-periodic-workers[103669]: DEBUG oslo.service.backend._threading.loopingcall [None req-15ebca8a-531e-4186-bae0-359cfa78f2b4 None None] Fixed interval looping call 'neutron.plugins.ml2.plugin.AgentDbMixin.agent_health_check' sleeping for 36.98 seconds {{(pid=103669) _run_loop /opt/stack/data/venv/lib/python3.12/site-packages/oslo_service/backend/_threading/loopingcall.py:125}}
Mar 19 09:25:44.497812 np0000159972 neutron-periodic-workers[103659]: DEBUG dbcounter [-] [103659] Writing DB stats neutron:SELECT=3 {{(pid=103659) stat_writer /opt/stack/data/venv/lib/python3.12/site-packages/dbcounter.py:115}}
Mar 19 09:25:46.503119 np0000159972 neutron-periodic-workers[103669]: DEBUG dbcounter [-] [103669] Writing DB stats neutron:SELECT=1 {{(pid=103669) stat_writer /opt/stack/data/venv/lib/python3.12/site-packages/dbcounter.py:115}}
Mar 19 09:26:11.477861 np0000159972 neutron-periodic-workers[103659]: DEBUG oslo.service.backend._threading.loopingcall [None req-f29eafcd-dd60-40f4-a5fc-b61dde693b57 None None] Fixed interval looping call 'neutron.plugins.ml2.plugin.DhcpAgentSchedulerDbMixin.remove_networks_from_down_agents' sleeping for 36.99 seconds {{(pid=103659) _run_loop /opt/stack/data/venv/lib/python3.12/site-packages/oslo_service/backend/_threading/loopingcall.py:125}}
Mar 19 09:26:13.493086 np0000159972 neutron-periodic-workers[103669]: DEBUG neutron.db.agents_db [None req-15ebca8a-531e-4186-bae0-359cfa78f2b4 None None] Agent healthcheck: found 0 active agents {{(pid=103669) agent_health_check /opt/stack/neutron/neutron/db/agents_db.py:317}}
Mar 19 09:26:13.493086 np0000159972 neutron-periodic-workers[103669]: DEBUG oslo.service.backend._threading.loopingcall [None req-15ebca8a-531e-4186-bae0-359cfa78f2b4 None None] Fixed interval looping call 'neutron.plugins.ml2.plugin.AgentDbMixin.agent_health_check' sleeping for 36.99 seconds {{(pid=103669) _run_loop /opt/stack/data/venv/lib/python3.12/site-packages/oslo_service/backend/_threading/loopingcall.py:125}}
Mar 19 09:26:21.476747 np0000159972 neutron-periodic-workers[103659]: DEBUG dbcounter [-] [103659] Writing DB stats neutron:SELECT=3 {{(pid=103659) stat_writer /opt/stack/data/venv/lib/python3.12/site-packages/dbcounter.py:115}}
Mar 19 09:26:23.492000 np0000159972 neutron-periodic-workers[103669]: DEBUG dbcounter [-] [103669] Writing DB stats neutron:SELECT=1 {{(pid=103669) stat_writer /opt/stack/data/venv/lib/python3.12/site-packages/dbcounter.py:115}}
Mar 19 09:26:34.527070 np0000159972 neutron-periodic-workers[103682]: DEBUG dbcounter [-] [103682] Writer thread running {{(pid=103682) stat_writer /opt/stack/data/venv/lib/python3.12/site-packages/dbcounter.py:102}}
Mar 19 09:26:34.528908 np0000159972 neutron-periodic-workers[103682]: DEBUG oslo.service.backend._threading.loopingcall [None req-ef604ee7-8c4e-4b61-8f8c-a128b1e3448e None None] Fixed interval looping call 'neutron.db.quota.driver_nolock.DbQuotaNoLockDriver._remove_expired_reservations' sleeping for 119.98 seconds {{(pid=103682) _run_loop /opt/stack/data/venv/lib/python3.12/site-packages/oslo_service/backend/_threading/loopingcall.py:125}}
Mar 19 09:26:44.527808 np0000159972 neutron-periodic-workers[103682]: DEBUG dbcounter [-] [103682] Writing DB stats neutron:DELETE=1 {{(pid=103682) stat_writer /opt/stack/data/venv/lib/python3.12/site-packages/dbcounter.py:115}}
Mar 19 09:26:48.479965 np0000159972 neutron-periodic-workers[103659]: DEBUG oslo.service.backend._threading.loopingcall [None req-f29eafcd-dd60-40f4-a5fc-b61dde693b57 None None] Fixed interval looping call 'neutron.plugins.ml2.plugin.DhcpAgentSchedulerDbMixin.remove_networks_from_down_agents' sleeping for 36.99 seconds {{(pid=103659) _run_loop /opt/stack/data/venv/lib/python3.12/site-packages/oslo_service/backend/_threading/loopingcall.py:125}}
Mar 19 09:26:50.491322 np0000159972 neutron-periodic-workers[103669]: DEBUG neutron.db.agents_db [None req-15ebca8a-531e-4186-bae0-359cfa78f2b4 None None] Agent healthcheck: found 0 active agents {{(pid=103669) agent_health_check /opt/stack/neutron/neutron/db/agents_db.py:317}}
Mar 19 09:26:50.491968 np0000159972 neutron-periodic-workers[103669]: DEBUG oslo.service.backend._threading.loopingcall [None req-15ebca8a-531e-4186-bae0-359cfa78f2b4 None None] Fixed interval looping call 'neutron.plugins.ml2.plugin.AgentDbMixin.agent_health_check' sleeping for 36.99 seconds {{(pid=103669) _run_loop /opt/stack/data/venv/lib/python3.12/site-packages/oslo_service/backend/_threading/loopingcall.py:125}}
Mar 19 09:26:58.478791 np0000159972 neutron-periodic-workers[103659]: DEBUG dbcounter [-] [103659] Writing DB stats neutron:SELECT=3 {{(pid=103659) stat_writer /opt/stack/data/venv/lib/python3.12/site-packages/dbcounter.py:115}}
Mar 19 09:27:00.487282 np0000159972 neutron-periodic-workers[103669]: DEBUG dbcounter [-] [103669] Writing DB stats neutron:SELECT=1 {{(pid=103669) stat_writer /opt/stack/data/venv/lib/python3.12/site-packages/dbcounter.py:115}}
Mar 19 09:27:25.479716 np0000159972 neutron-periodic-workers[103659]: DEBUG oslo.service.backend._threading.loopingcall [None req-f29eafcd-dd60-40f4-a5fc-b61dde693b57 None None] Fixed interval looping call 'neutron.plugins.ml2.plugin.DhcpAgentSchedulerDbMixin.remove_networks_from_down_agents' sleeping for 36.99 seconds {{(pid=103659) _run_loop /opt/stack/data/venv/lib/python3.12/site-packages/oslo_service/backend/_threading/loopingcall.py:125}}
Mar 19 09:27:27.487517 np0000159972 neutron-periodic-workers[103669]: DEBUG neutron.db.agents_db [None req-15ebca8a-531e-4186-bae0-359cfa78f2b4 None None] Agent healthcheck: found 0 active agents {{(pid=103669) agent_health_check /opt/stack/neutron/neutron/db/agents_db.py:317}}
Mar 19 09:27:27.487517 np0000159972 neutron-periodic-workers[103669]: DEBUG oslo.service.backend._threading.loopingcall [None req-15ebca8a-531e-4186-bae0-359cfa78f2b4 None None] Fixed interval looping call 'neutron.plugins.ml2.plugin.AgentDbMixin.agent_health_check' sleeping for 36.99 seconds {{(pid=103669) _run_loop /opt/stack/data/venv/lib/python3.12/site-packages/oslo_service/backend/_threading/loopingcall.py:125}}
Mar 19 09:27:30.476441 np0000159972 neutron-periodic-workers[103651]: DEBUG dbcounter [-] [103651] Writer thread running {{(pid=103651) stat_writer /opt/stack/data/venv/lib/python3.12/site-packages/dbcounter.py:102}}
Mar 19 09:27:30.484951 np0000159972 neutron-periodic-workers[103651]: DEBUG oslo.service.backend._threading.loopingcall [None req-c5b51e9a-f266-4c7c-acfb-65ca194efbf8 None None] Fixed interval looping call 'neutron.services.ovn_l3.plugin.L3_NAT_dbonly_mixin._clean_garbage' sleeping for 299.96 seconds {{(pid=103651) _run_loop /opt/stack/data/venv/lib/python3.12/site-packages/oslo_service/backend/_threading/loopingcall.py:125}}
Mar 19 09:27:35.478451 np0000159972 neutron-periodic-workers[103659]: DEBUG dbcounter [-] [103659] Writing DB stats neutron:SELECT=3 {{(pid=103659) stat_writer /opt/stack/data/venv/lib/python3.12/site-packages/dbcounter.py:115}}
Mar 19 09:27:37.485638 np0000159972 neutron-periodic-workers[103669]: DEBUG dbcounter [-] [103669] Writing DB stats neutron:SELECT=1 {{(pid=103669) stat_writer /opt/stack/data/venv/lib/python3.12/site-packages/dbcounter.py:115}}
Mar 19 09:27:40.477092 np0000159972 neutron-periodic-workers[103651]: DEBUG dbcounter [-] [103651] Writing DB stats neutron:SELECT=1 {{(pid=103651) stat_writer /opt/stack/data/venv/lib/python3.12/site-packages/dbcounter.py:115}}
Mar 19 09:28:02.479914 np0000159972 neutron-periodic-workers[103659]: DEBUG oslo.service.backend._threading.loopingcall [None req-f29eafcd-dd60-40f4-a5fc-b61dde693b57 None None] Fixed interval looping call 'neutron.plugins.ml2.plugin.DhcpAgentSchedulerDbMixin.remove_networks_from_down_agents' sleeping for 36.99 seconds {{(pid=103659) _run_loop /opt/stack/data/venv/lib/python3.12/site-packages/oslo_service/backend/_threading/loopingcall.py:125}}
Mar 19 09:28:04.482367 np0000159972 neutron-periodic-workers[103669]: DEBUG neutron.db.agents_db [None req-15ebca8a-531e-4186-bae0-359cfa78f2b4 None None] Agent healthcheck: found 0 active agents {{(pid=103669) agent_health_check /opt/stack/neutron/neutron/db/agents_db.py:317}}
Mar 19 09:28:04.482906 np0000159972 neutron-periodic-workers[103669]: DEBUG oslo.service.backend._threading.loopingcall [None req-15ebca8a-531e-4186-bae0-359cfa78f2b4 None None] Fixed interval looping call 'neutron.plugins.ml2.plugin.AgentDbMixin.agent_health_check' sleeping for 37.00 seconds {{(pid=103669) _run_loop /opt/stack/data/venv/lib/python3.12/site-packages/oslo_service/backend/_threading/loopingcall.py:125}}
Mar 19 09:28:12.478217 np0000159972 neutron-periodic-workers[103659]: DEBUG dbcounter [-] [103659] Writing DB stats neutron:SELECT=3 {{(pid=103659) stat_writer /opt/stack/data/venv/lib/python3.12/site-packages/dbcounter.py:115}}
Mar 19 09:28:14.481294 np0000159972 neutron-periodic-workers[103669]: DEBUG dbcounter [-] [103669] Writing DB stats neutron:SELECT=1 {{(pid=103669) stat_writer /opt/stack/data/venv/lib/python3.12/site-packages/dbcounter.py:115}}
Mar 19 09:28:34.514408 np0000159972 neutron-periodic-workers[103682]: DEBUG oslo.service.backend._threading.loopingcall [None req-ef604ee7-8c4e-4b61-8f8c-a128b1e3448e None None] Fixed interval looping call 'neutron.db.quota.driver_nolock.DbQuotaNoLockDriver._remove_expired_reservations' sleeping for 120.00 seconds {{(pid=103682) _run_loop /opt/stack/data/venv/lib/python3.12/site-packages/oslo_service/backend/_threading/loopingcall.py:125}}
Mar 19 09:28:39.479943 np0000159972 neutron-periodic-workers[103659]: DEBUG oslo.service.backend._threading.loopingcall [None req-f29eafcd-dd60-40f4-a5fc-b61dde693b57 None None] Fixed interval looping call 'neutron.plugins.ml2.plugin.DhcpAgentSchedulerDbMixin.remove_networks_from_down_agents' sleeping for 36.99 seconds {{(pid=103659) _run_loop /opt/stack/data/venv/lib/python3.12/site-packages/oslo_service/backend/_threading/loopingcall.py:125}}
Mar 19 09:28:41.488353 np0000159972 neutron-periodic-workers[103669]: DEBUG neutron.db.agents_db [None req-15ebca8a-531e-4186-bae0-359cfa78f2b4 None None] Agent healthcheck: found 0 active agents {{(pid=103669) agent_health_check /opt/stack/neutron/neutron/db/agents_db.py:317}}
Mar 19 09:28:41.489113 np0000159972 neutron-periodic-workers[103669]: DEBUG oslo.service.backend._threading.loopingcall [None req-15ebca8a-531e-4186-bae0-359cfa78f2b4 None None] Fixed interval looping call 'neutron.plugins.ml2.plugin.AgentDbMixin.agent_health_check' sleeping for 36.99 seconds {{(pid=103669) _run_loop /opt/stack/data/venv/lib/python3.12/site-packages/oslo_service/backend/_threading/loopingcall.py:125}}
Mar 19 09:28:44.513268 np0000159972 neutron-periodic-workers[103682]: DEBUG dbcounter [-] [103682] Writing DB stats neutron:DELETE=1 {{(pid=103682) stat_writer /opt/stack/data/venv/lib/python3.12/site-packages/dbcounter.py:115}}
Mar 19 09:28:49.478937 np0000159972 neutron-periodic-workers[103659]: DEBUG dbcounter [-] [103659] Writing DB stats neutron:SELECT=3 {{(pid=103659) stat_writer /opt/stack/data/venv/lib/python3.12/site-packages/dbcounter.py:115}}
Mar 19 09:28:51.486507 np0000159972 neutron-periodic-workers[103669]: DEBUG dbcounter [-] [103669] Writing DB stats neutron:SELECT=1 {{(pid=103669) stat_writer /opt/stack/data/venv/lib/python3.12/site-packages/dbcounter.py:115}}
Mar 19 09:29:16.475369 np0000159972 neutron-periodic-workers[103659]: DEBUG oslo.service.backend._threading.loopingcall [None req-f29eafcd-dd60-40f4-a5fc-b61dde693b57 None None] Fixed interval looping call 'neutron.plugins.ml2.plugin.DhcpAgentSchedulerDbMixin.remove_networks_from_down_agents' sleeping for 36.99 seconds {{(pid=103659) _run_loop /opt/stack/data/venv/lib/python3.12/site-packages/oslo_service/backend/_threading/loopingcall.py:125}}
Mar 19 09:29:18.482889 np0000159972 neutron-periodic-workers[103669]: DEBUG neutron.db.agents_db [None req-15ebca8a-531e-4186-bae0-359cfa78f2b4 None None] Agent healthcheck: found 0 active agents {{(pid=103669) agent_health_check /opt/stack/neutron/neutron/db/agents_db.py:317}}
Mar 19 09:29:18.484021 np0000159972 neutron-periodic-workers[103669]: DEBUG oslo.service.backend._threading.loopingcall [None req-15ebca8a-531e-4186-bae0-359cfa78f2b4 None None] Fixed interval looping call 'neutron.plugins.ml2.plugin.AgentDbMixin.agent_health_check' sleeping for 37.00 seconds {{(pid=103669) _run_loop /opt/stack/data/venv/lib/python3.12/site-packages/oslo_service/backend/_threading/loopingcall.py:125}}
Mar 19 09:29:26.475030 np0000159972 neutron-periodic-workers[103659]: DEBUG dbcounter [-] [103659] Writing DB stats neutron:SELECT=3 {{(pid=103659) stat_writer /opt/stack/data/venv/lib/python3.12/site-packages/dbcounter.py:115}}
Mar 19 09:29:28.481889 np0000159972 neutron-periodic-workers[103669]: DEBUG dbcounter [-] [103669] Writing DB stats neutron:SELECT=1 {{(pid=103669) stat_writer /opt/stack/data/venv/lib/python3.12/site-packages/dbcounter.py:115}}
Mar 19 09:29:53.471538 np0000159972 neutron-periodic-workers[103659]: DEBUG oslo.service.backend._threading.loopingcall [None req-f29eafcd-dd60-40f4-a5fc-b61dde693b57 None None] Fixed interval looping call 'neutron.plugins.ml2.plugin.DhcpAgentSchedulerDbMixin.remove_networks_from_down_agents' sleeping for 36.99 seconds {{(pid=103659) _run_loop /opt/stack/data/venv/lib/python3.12/site-packages/oslo_service/backend/_threading/loopingcall.py:125}}
Mar 19 09:29:55.488386 np0000159972 neutron-periodic-workers[103669]: DEBUG neutron.db.agents_db [None req-15ebca8a-531e-4186-bae0-359cfa78f2b4 None None] Agent healthcheck: found 0 active agents {{(pid=103669) agent_health_check /opt/stack/neutron/neutron/db/agents_db.py:317}}
Mar 19 09:29:55.489134 np0000159972 neutron-periodic-workers[103669]: DEBUG oslo.service.backend._threading.loopingcall [None req-15ebca8a-531e-4186-bae0-359cfa78f2b4 None None] Fixed interval looping call 'neutron.plugins.ml2.plugin.AgentDbMixin.agent_health_check' sleeping for 36.99 seconds {{(pid=103669) _run_loop /opt/stack/data/venv/lib/python3.12/site-packages/oslo_service/backend/_threading/loopingcall.py:125}}
Mar 19 09:30:03.470920 np0000159972 neutron-periodic-workers[103659]: DEBUG dbcounter [-] [103659] Writing DB stats neutron:SELECT=3 {{(pid=103659) stat_writer /opt/stack/data/venv/lib/python3.12/site-packages/dbcounter.py:115}}
Mar 19 09:30:05.486863 np0000159972 neutron-periodic-workers[103669]: DEBUG dbcounter [-] [103669] Writing DB stats neutron:SELECT=1 {{(pid=103669) stat_writer /opt/stack/data/venv/lib/python3.12/site-packages/dbcounter.py:115}}
Mar 19 09:30:30.470638 np0000159972 neutron-periodic-workers[103659]: DEBUG oslo.service.backend._threading.loopingcall [None req-f29eafcd-dd60-40f4-a5fc-b61dde693b57 None None] Fixed interval looping call 'neutron.plugins.ml2.plugin.DhcpAgentSchedulerDbMixin.remove_networks_from_down_agents' sleeping for 36.99 seconds {{(pid=103659) _run_loop /opt/stack/data/venv/lib/python3.12/site-packages/oslo_service/backend/_threading/loopingcall.py:125}}
Mar 19 09:30:32.485909 np0000159972 neutron-periodic-workers[103669]: DEBUG neutron.db.agents_db [None req-15ebca8a-531e-4186-bae0-359cfa78f2b4 None None] Agent healthcheck: found 0 active agents {{(pid=103669) agent_health_check /opt/stack/neutron/neutron/db/agents_db.py:317}}
Mar 19 09:30:32.486580 np0000159972 neutron-periodic-workers[103669]: DEBUG oslo.service.backend._threading.loopingcall [None req-15ebca8a-531e-4186-bae0-359cfa78f2b4 None None] Fixed interval looping call 'neutron.plugins.ml2.plugin.AgentDbMixin.agent_health_check' sleeping for 36.99 seconds {{(pid=103669) _run_loop /opt/stack/data/venv/lib/python3.12/site-packages/oslo_service/backend/_threading/loopingcall.py:125}}
Mar 19 09:30:34.527085 np0000159972 neutron-periodic-workers[103682]: DEBUG oslo.service.backend._threading.loopingcall [None req-ef604ee7-8c4e-4b61-8f8c-a128b1e3448e None None] Fixed interval looping call 'neutron.db.quota.driver_nolock.DbQuotaNoLockDriver._remove_expired_reservations' sleeping for 120.00 seconds {{(pid=103682) _run_loop /opt/stack/data/venv/lib/python3.12/site-packages/oslo_service/backend/_threading/loopingcall.py:125}}
Mar 19 09:30:40.471075 np0000159972 neutron-periodic-workers[103659]: DEBUG dbcounter [-] [103659] Writing DB stats neutron:SELECT=3 {{(pid=103659) stat_writer /opt/stack/data/venv/lib/python3.12/site-packages/dbcounter.py:115}}
Mar 19 09:30:42.484020 np0000159972 neutron-periodic-workers[103669]: DEBUG dbcounter [-] [103669] Writing DB stats neutron:SELECT=1 {{(pid=103669) stat_writer /opt/stack/data/venv/lib/python3.12/site-packages/dbcounter.py:115}}
Mar 19 09:30:44.525617 np0000159972 neutron-periodic-workers[103682]: DEBUG dbcounter [-] [103682] Writing DB stats neutron:DELETE=1 {{(pid=103682) stat_writer /opt/stack/data/venv/lib/python3.12/site-packages/dbcounter.py:115}}
Mar 19 09:31:07.469942 np0000159972 neutron-periodic-workers[103659]: DEBUG oslo.service.backend._threading.loopingcall [None req-f29eafcd-dd60-40f4-a5fc-b61dde693b57 None None] Fixed interval looping call 'neutron.plugins.ml2.plugin.DhcpAgentSchedulerDbMixin.remove_networks_from_down_agents' sleeping for 36.99 seconds {{(pid=103659) _run_loop /opt/stack/data/venv/lib/python3.12/site-packages/oslo_service/backend/_threading/loopingcall.py:125}}
Mar 19 09:31:09.480234 np0000159972 neutron-periodic-workers[103669]: DEBUG neutron.db.agents_db [None req-15ebca8a-531e-4186-bae0-359cfa78f2b4 None None] Agent healthcheck: found 0 active agents {{(pid=103669) agent_health_check /opt/stack/neutron/neutron/db/agents_db.py:317}}
Mar 19 09:31:09.480856 np0000159972 neutron-periodic-workers[103669]: DEBUG oslo.service.backend._threading.loopingcall [None req-15ebca8a-531e-4186-bae0-359cfa78f2b4 None None] Fixed interval looping call 'neutron.plugins.ml2.plugin.AgentDbMixin.agent_health_check' sleeping for 37.00 seconds {{(pid=103669) _run_loop /opt/stack/data/venv/lib/python3.12/site-packages/oslo_service/backend/_threading/loopingcall.py:125}}
Mar 19 09:31:17.469409 np0000159972 neutron-periodic-workers[103659]: DEBUG dbcounter [-] [103659] Writing DB stats neutron:SELECT=3 {{(pid=103659) stat_writer /opt/stack/data/venv/lib/python3.12/site-packages/dbcounter.py:115}}
Mar 19 09:31:19.479098 np0000159972 neutron-periodic-workers[103669]: DEBUG dbcounter [-] [103669] Writing DB stats neutron:SELECT=1 {{(pid=103669) stat_writer /opt/stack/data/venv/lib/python3.12/site-packages/dbcounter.py:115}}
Mar 19 09:31:44.467789 np0000159972 neutron-periodic-workers[103659]: DEBUG oslo.service.backend._threading.loopingcall [None req-f29eafcd-dd60-40f4-a5fc-b61dde693b57 None None] Fixed interval looping call 'neutron.plugins.ml2.plugin.DhcpAgentSchedulerDbMixin.remove_networks_from_down_agents' sleeping for 36.99 seconds {{(pid=103659) _run_loop /opt/stack/data/venv/lib/python3.12/site-packages/oslo_service/backend/_threading/loopingcall.py:125}}
Mar 19 09:31:46.485331 np0000159972 neutron-periodic-workers[103669]: DEBUG neutron.db.agents_db [None req-15ebca8a-531e-4186-bae0-359cfa78f2b4 None None] Agent healthcheck: found 0 active agents {{(pid=103669) agent_health_check /opt/stack/neutron/neutron/db/agents_db.py:317}}
Mar 19 09:31:46.486026 np0000159972 neutron-periodic-workers[103669]: DEBUG oslo.service.backend._threading.loopingcall [None req-15ebca8a-531e-4186-bae0-359cfa78f2b4 None None] Fixed interval looping call 'neutron.plugins.ml2.plugin.AgentDbMixin.agent_health_check' sleeping for 37.00 seconds {{(pid=103669) _run_loop /opt/stack/data/venv/lib/python3.12/site-packages/oslo_service/backend/_threading/loopingcall.py:125}}
Mar 19 09:31:54.466866 np0000159972 neutron-periodic-workers[103659]: DEBUG dbcounter [-] [103659] Writing DB stats neutron:SELECT=3 {{(pid=103659) stat_writer /opt/stack/data/venv/lib/python3.12/site-packages/dbcounter.py:115}}
Mar 19 09:31:56.484208 np0000159972 neutron-periodic-workers[103669]: DEBUG dbcounter [-] [103669] Writing DB stats neutron:SELECT=1 {{(pid=103669) stat_writer /opt/stack/data/venv/lib/python3.12/site-packages/dbcounter.py:115}}
Mar 19 09:32:21.467375 np0000159972 neutron-periodic-workers[103659]: DEBUG oslo.service.backend._threading.loopingcall [None req-f29eafcd-dd60-40f4-a5fc-b61dde693b57 None None] Fixed interval looping call 'neutron.plugins.ml2.plugin.DhcpAgentSchedulerDbMixin.remove_networks_from_down_agents' sleeping for 36.99 seconds {{(pid=103659) _run_loop /opt/stack/data/venv/lib/python3.12/site-packages/oslo_service/backend/_threading/loopingcall.py:125}}
Mar 19 09:32:23.490604 np0000159972 neutron-periodic-workers[103669]: DEBUG neutron.db.agents_db [None req-15ebca8a-531e-4186-bae0-359cfa78f2b4 None None] Agent healthcheck: found 0 active agents {{(pid=103669) agent_health_check /opt/stack/neutron/neutron/db/agents_db.py:317}}
Mar 19 09:32:23.491127 np0000159972 neutron-periodic-workers[103669]: DEBUG oslo.service.backend._threading.loopingcall [None req-15ebca8a-531e-4186-bae0-359cfa78f2b4 None None] Fixed interval looping call 'neutron.plugins.ml2.plugin.AgentDbMixin.agent_health_check' sleeping for 37.00 seconds {{(pid=103669) _run_loop /opt/stack/data/venv/lib/python3.12/site-packages/oslo_service/backend/_threading/loopingcall.py:125}}
Mar 19 09:32:30.452791 np0000159972 neutron-periodic-workers[103651]: DEBUG oslo.service.backend._threading.loopingcall [None req-c5b51e9a-f266-4c7c-acfb-65ca194efbf8 None None] Fixed interval looping call 'neutron.services.ovn_l3.plugin.L3_NAT_dbonly_mixin._clean_garbage' sleeping for 299.99 seconds {{(pid=103651) _run_loop /opt/stack/data/venv/lib/python3.12/site-packages/oslo_service/backend/_threading/loopingcall.py:125}}
Mar 19 09:32:31.466133 np0000159972 neutron-periodic-workers[103659]: DEBUG dbcounter [-] [103659] Writing DB stats neutron:SELECT=3 {{(pid=103659) stat_writer /opt/stack/data/venv/lib/python3.12/site-packages/dbcounter.py:115}}
Mar 19 09:32:33.489413 np0000159972 neutron-periodic-workers[103669]: DEBUG dbcounter [-] [103669] Writing DB stats neutron:SELECT=1 {{(pid=103669) stat_writer /opt/stack/data/venv/lib/python3.12/site-packages/dbcounter.py:115}}
Mar 19 09:32:34.531925 np0000159972 neutron-periodic-workers[103682]: DEBUG oslo.service.backend._threading.loopingcall [None req-ef604ee7-8c4e-4b61-8f8c-a128b1e3448e None None] Fixed interval looping call 'neutron.db.quota.driver_nolock.DbQuotaNoLockDriver._remove_expired_reservations' sleeping for 120.00 seconds {{(pid=103682) _run_loop /opt/stack/data/venv/lib/python3.12/site-packages/oslo_service/backend/_threading/loopingcall.py:125}}
Mar 19 09:32:40.448760 np0000159972 neutron-periodic-workers[103651]: DEBUG dbcounter [-] [103651] Writing DB stats neutron:SELECT=1 {{(pid=103651) stat_writer /opt/stack/data/venv/lib/python3.12/site-packages/dbcounter.py:115}}
Mar 19 09:32:44.530961 np0000159972 neutron-periodic-workers[103682]: DEBUG dbcounter [-] [103682] Writing DB stats neutron:DELETE=1 {{(pid=103682) stat_writer /opt/stack/data/venv/lib/python3.12/site-packages/dbcounter.py:115}}
Mar 19 09:32:58.466031 np0000159972 neutron-periodic-workers[103659]: DEBUG oslo.service.backend._threading.loopingcall [None req-f29eafcd-dd60-40f4-a5fc-b61dde693b57 None None] Fixed interval looping call 'neutron.plugins.ml2.plugin.DhcpAgentSchedulerDbMixin.remove_networks_from_down_agents' sleeping for 36.99 seconds {{(pid=103659) _run_loop /opt/stack/data/venv/lib/python3.12/site-packages/oslo_service/backend/_threading/loopingcall.py:125}}
Mar 19 09:33:00.496238 np0000159972 neutron-periodic-workers[103669]: DEBUG neutron.db.agents_db [None req-15ebca8a-531e-4186-bae0-359cfa78f2b4 None None] Agent healthcheck: found 0 active agents {{(pid=103669) agent_health_check /opt/stack/neutron/neutron/db/agents_db.py:317}}
Mar 19 09:33:00.496966 np0000159972 neutron-periodic-workers[103669]: DEBUG oslo.service.backend._threading.loopingcall [None req-15ebca8a-531e-4186-bae0-359cfa78f2b4 None None] Fixed interval looping call 'neutron.plugins.ml2.plugin.AgentDbMixin.agent_health_check' sleeping for 36.99 seconds {{(pid=103669) _run_loop /opt/stack/data/venv/lib/python3.12/site-packages/oslo_service/backend/_threading/loopingcall.py:125}}
Mar 19 09:33:08.468337 np0000159972 neutron-periodic-workers[103659]: DEBUG dbcounter [-] [103659] Writing DB stats neutron:SELECT=3 {{(pid=103659) stat_writer /opt/stack/data/venv/lib/python3.12/site-packages/dbcounter.py:115}}
Mar 19 09:33:10.494550 np0000159972 neutron-periodic-workers[103669]: DEBUG dbcounter [-] [103669] Writing DB stats neutron:SELECT=1 {{(pid=103669) stat_writer /opt/stack/data/venv/lib/python3.12/site-packages/dbcounter.py:115}}
Mar 19 09:33:35.466274 np0000159972 neutron-periodic-workers[103659]: DEBUG oslo.service.backend._threading.loopingcall [None req-f29eafcd-dd60-40f4-a5fc-b61dde693b57 None None] Fixed interval looping call 'neutron.plugins.ml2.plugin.DhcpAgentSchedulerDbMixin.remove_networks_from_down_agents' sleeping for 36.99 seconds {{(pid=103659) _run_loop /opt/stack/data/venv/lib/python3.12/site-packages/oslo_service/backend/_threading/loopingcall.py:125}}
Mar 19 09:33:37.492680 np0000159972 neutron-periodic-workers[103669]: DEBUG neutron.db.agents_db [None req-15ebca8a-531e-4186-bae0-359cfa78f2b4 None None] Agent healthcheck: found 0 active agents {{(pid=103669) agent_health_check /opt/stack/neutron/neutron/db/agents_db.py:317}}
Mar 19 09:33:37.492680 np0000159972 neutron-periodic-workers[103669]: DEBUG oslo.service.backend._threading.loopingcall [None req-15ebca8a-531e-4186-bae0-359cfa78f2b4 None None] Fixed interval looping call 'neutron.plugins.ml2.plugin.AgentDbMixin.agent_health_check' sleeping for 36.99 seconds {{(pid=103669) _run_loop /opt/stack/data/venv/lib/python3.12/site-packages/oslo_service/backend/_threading/loopingcall.py:125}}
Mar 19 09:33:45.464962 np0000159972 neutron-periodic-workers[103659]: DEBUG dbcounter [-] [103659] Writing DB stats neutron:SELECT=3 {{(pid=103659) stat_writer /opt/stack/data/venv/lib/python3.12/site-packages/dbcounter.py:115}}
Mar 19 09:33:47.490956 np0000159972 neutron-periodic-workers[103669]: DEBUG dbcounter [-] [103669] Writing DB stats neutron:SELECT=1 {{(pid=103669) stat_writer /opt/stack/data/venv/lib/python3.12/site-packages/dbcounter.py:115}}
Mar 19 09:34:12.467596 np0000159972 neutron-periodic-workers[103659]: DEBUG oslo.service.backend._threading.loopingcall [None req-f29eafcd-dd60-40f4-a5fc-b61dde693b57 None None] Fixed interval looping call 'neutron.plugins.ml2.plugin.DhcpAgentSchedulerDbMixin.remove_networks_from_down_agents' sleeping for 36.99 seconds {{(pid=103659) _run_loop /opt/stack/data/venv/lib/python3.12/site-packages/oslo_service/backend/_threading/loopingcall.py:125}}
Mar 19 09:34:14.488554 np0000159972 neutron-periodic-workers[103669]: DEBUG neutron.db.agents_db [None req-15ebca8a-531e-4186-bae0-359cfa78f2b4 None None] Agent healthcheck: found 0 active agents {{(pid=103669) agent_health_check /opt/stack/neutron/neutron/db/agents_db.py:317}}
Mar 19 09:34:14.489170 np0000159972 neutron-periodic-workers[103669]: DEBUG oslo.service.backend._threading.loopingcall [None req-15ebca8a-531e-4186-bae0-359cfa78f2b4 None None] Fixed interval looping call 'neutron.plugins.ml2.plugin.AgentDbMixin.agent_health_check' sleeping for 36.99 seconds {{(pid=103669) _run_loop /opt/stack/data/venv/lib/python3.12/site-packages/oslo_service/backend/_threading/loopingcall.py:125}}
