Mar 19 09:24:34.222973 np0000159972 devstack@neutron-api.service[101942]: DEBUG neutron_lib.callbacks.manager [None req-2be67264-b06d-47f6-ade0-40263ecf3b86 None None] Subscribe: > security_group after_create 55550000, False {{(pid=101942) subscribe /opt/stack/data/venv/lib/python3.12/site-packages/neutron_lib/callbacks/manager.py:52}}
Mar 19 09:24:34.222973 np0000159972 devstack@neutron-api.service[101942]: DEBUG neutron_lib.callbacks.manager [None req-2be67264-b06d-47f6-ade0-40263ecf3b86 None None] Subscribe: > security_group after_update 55550000, False {{(pid=101942) subscribe /opt/stack/data/venv/lib/python3.12/site-packages/neutron_lib/callbacks/manager.py:52}}
Mar 19 09:24:34.223032 np0000159972 devstack@neutron-api.service[101941]: INFO neutron.api.extensions [None req-946093d7-22a3-4060-bcdc-314706c5e454 None None] Loaded extension: network_availability_zone
Mar 19 09:24:34.223098 np0000159972 devstack@neutron-api.service[101942]: DEBUG neutron_lib.callbacks.manager [None req-2be67264-b06d-47f6-ade0-40263ecf3b86 None None] Subscribe: > security_group after_delete 55550000, False {{(pid=101942) subscribe /opt/stack/data/venv/lib/python3.12/site-packages/neutron_lib/callbacks/manager.py:52}}
Mar 19 09:24:34.223134 np0000159972 devstack@neutron-api.service[101941]: DEBUG neutron.api.extensions [None req-946093d7-22a3-4060-bcdc-314706c5e454 None None] Loading extension file: network_ha.py {{(pid=101941) _load_all_extensions_from_path /opt/stack/neutron/neutron/api/extensions.py:449}}
Mar 19 09:24:34.223203 np0000159972 devstack@neutron-api.service[101942]: DEBUG neutron_lib.callbacks.manager [None req-2be67264-b06d-47f6-ade0-40263ecf3b86 None None] Subscribe: > security_group_rule after_create 55550000, False {{(pid=101942) subscribe /opt/stack/data/venv/lib/python3.12/site-packages/neutron_lib/callbacks/manager.py:52}}
Mar 19 09:24:34.223203 np0000159972 devstack@neutron-api.service[101942]: DEBUG neutron_lib.callbacks.manager [None req-2be67264-b06d-47f6-ade0-40263ecf3b86 None None] Subscribe: > security_group_rule after_update 55550000, False {{(pid=101942) subscribe /opt/stack/data/venv/lib/python3.12/site-packages/neutron_lib/callbacks/manager.py:52}}
Mar 19 09:24:34.223263 np0000159972 devstack@neutron-api.service[101941]: DEBUG neutron.api.extensions [None req-946093d7-22a3-4060-bcdc-314706c5e454 None None] Ext name="Network HA creation flag" alias="network_ha" description="Network high availability creation flag." updated="2023-04-27T10:00:00-00:00" {{(pid=101941) _check_extension /opt/stack/neutron/neutron/api/extensions.py:415}}
Mar 19 09:24:34.223339 np0000159972 devstack@neutron-api.service[101942]: DEBUG neutron_lib.callbacks.manager [None req-2be67264-b06d-47f6-ade0-40263ecf3b86 None None] Subscribe: > security_group_rule after_delete 55550000, False {{(pid=101942) subscribe /opt/stack/data/venv/lib/python3.12/site-packages/neutron_lib/callbacks/manager.py:52}}
Mar 19 09:24:34.223339 np0000159972 devstack@neutron-api.service[101942]: DEBUG neutron_lib.callbacks.manager [None req-2be67264-b06d-47f6-ade0-40263ecf3b86 None None] Subscribe: > address_group after_create 55550000, False {{(pid=101942) subscribe /opt/stack/data/venv/lib/python3.12/site-packages/neutron_lib/callbacks/manager.py:52}}
Mar 19 09:24:34.223423 np0000159972 devstack@neutron-api.service[101941]: INFO neutron.api.extensions [None req-946093d7-22a3-4060-bcdc-314706c5e454 None None] Extension network_ha not supported by any of loaded plugins
Mar 19 09:24:34.223530 np0000159972 devstack@neutron-api.service[101942]: DEBUG neutron_lib.callbacks.manager [None req-2be67264-b06d-47f6-ade0-40263ecf3b86 None None] Subscribe: > address_group after_update 55550000, False {{(pid=101942) subscribe /opt/stack/data/venv/lib/python3.12/site-packages/neutron_lib/callbacks/manager.py:52}}
Mar 19 09:24:34.223563 np0000159972 devstack@neutron-api.service[101941]: DEBUG neutron.api.extensions [None req-946093d7-22a3-4060-bcdc-314706c5e454 None None] Loading extension file: network_ip_availability.py {{(pid=101941) _load_all_extensions_from_path /opt/stack/neutron/neutron/api/extensions.py:449}}
Mar 19 09:24:34.223597 np0000159972 devstack@neutron-api.service[101942]: DEBUG neutron_lib.callbacks.manager [None req-2be67264-b06d-47f6-ade0-40263ecf3b86 None None] Subscribe: > address_group after_delete 55550000, False {{(pid=101942) subscribe /opt/stack/data/venv/lib/python3.12/site-packages/neutron_lib/callbacks/manager.py:52}}
Mar 19 09:24:34.223657 np0000159972 devstack@neutron-api.service[101943]: DEBUG neutron.manager [None req-e24d4982-6f98-4fcf-85c6-19b9d8a1b331 None None] Successfully loaded FLAVORS plugin. Description: Neutron Flavors and Service Profiles manager plugin {{(pid=101943) _create_and_add_service_plugin /opt/stack/neutron/neutron/manager.py:229}}
Mar 19 09:24:34.223657 np0000159972 devstack@neutron-api.service[101943]: INFO neutron.manager [None req-e24d4982-6f98-4fcf-85c6-19b9d8a1b331 None None] Loading Plugin: revisions
Mar 19 09:24:34.223777 np0000159972 devstack@neutron-api.service[101942]: DEBUG neutron.plugins.ml2.ovo_rpc [None req-2be67264-b06d-47f6-ade0-40263ecf3b86 None None] ML2 OVO RPC backend initialized. {{(pid=101942) __init__ /opt/stack/neutron/neutron/plugins/ml2/ovo_rpc.py:117}}
Mar 19 09:24:34.223868 np0000159972 devstack@neutron-api.service[101941]: DEBUG neutron.api.extensions [None req-946093d7-22a3-4060-bcdc-314706c5e454 None None] Ext name="Network IP Availability" alias="network-ip-availability" description="Provides IP availability data for each network and subnet." updated="2015-09-24T00:00:00-00:00" {{(pid=101941) _check_extension /opt/stack/neutron/neutron/api/extensions.py:415}}
Mar 19 09:24:34.223868 np0000159972 devstack@neutron-api.service[101941]: INFO neutron.api.extensions [None req-946093d7-22a3-4060-bcdc-314706c5e454 None None] Loaded extension: network-ip-availability
Mar 19 09:24:34.223868 np0000159972 devstack@neutron-api.service[101941]: DEBUG neutron.api.extensions [None req-946093d7-22a3-4060-bcdc-314706c5e454 None None] Loading extension file: network_ip_availability_details.py {{(pid=101941) _load_all_extensions_from_path /opt/stack/neutron/neutron/api/extensions.py:449}}
Mar 19 09:24:34.223945 np0000159972 devstack@neutron-api.service[101941]: DEBUG neutron.api.extensions [None req-946093d7-22a3-4060-bcdc-314706c5e454 None None] Ext name="Network IP Availability Details Extension" alias="network-ip-availability-details" description="Add ip_availability_details attribute to network-ip-availabilities resource." updated="2025-10-31T00:00:00-00:00" {{(pid=101941) _check_extension /opt/stack/neutron/neutron/api/extensions.py:415}}
Mar 19 09:24:34.224109 np0000159972 devstack@neutron-api.service[101941]: INFO neutron.api.extensions [None req-946093d7-22a3-4060-bcdc-314706c5e454 None None] Loaded extension: network-ip-availability-details
Mar 19 09:24:34.224189 np0000159972 devstack@neutron-api.service[101941]: DEBUG neutron.api.extensions [None req-946093d7-22a3-4060-bcdc-314706c5e454 None None] Loading extension file: network_segment_range.py {{(pid=101941) _load_all_extensions_from_path /opt/stack/neutron/neutron/api/extensions.py:449}}
Mar 19 09:24:34.224226 np0000159972 devstack@neutron-api.service[101942]: INFO neutron.quota [None req-2be67264-b06d-47f6-ade0-40263ecf3b86 None None] Loaded quota_driver: .
Mar 19 09:24:34.224258 np0000159972 devstack@neutron-api.service[101943]: DEBUG neutron.manager [None req-e24d4982-6f98-4fcf-85c6-19b9d8a1b331 None None] Successfully loaded revision_plugin plugin. Description: Adds revision numbers to resources. {{(pid=101943) _create_and_add_service_plugin /opt/stack/neutron/neutron/manager.py:229}}
Mar 19 09:24:34.224380 np0000159972 devstack@neutron-api.service[101942]: INFO neutron.plugins.ml2.plugin [None req-2be67264-b06d-47f6-ade0-40263ecf3b86 None None] Modular L2 Plugin initialization complete
Mar 19 09:24:34.224470 np0000159972 devstack@neutron-api.service[101943]: DEBUG oslo_concurrency.lockutils [None req-e24d4982-6f98-4fcf-85c6-19b9d8a1b331 None None] Lock "manager" "released" by "neutron.manager.NeutronManager._create_instance" :: held 4.511s {{(pid=101943) inner /opt/stack/data/venv/lib/python3.12/site-packages/oslo_concurrency/lockutils.py:538}}
Mar 19 09:24:34.224547 np0000159972 devstack@neutron-api.service[101941]: DEBUG neutron.api.extensions [None req-946093d7-22a3-4060-bcdc-314706c5e454 None None] Ext name="Neutron Network Segment Range" alias="network-segment-range" description="Provides support for the network segment range management" updated="2018-11-29T00:00:00-00:00" {{(pid=101941) _check_extension /opt/stack/neutron/neutron/api/extensions.py:415}}
Mar 19 09:24:34.224652 np0000159972 devstack@neutron-api.service[101942]: DEBUG neutron.manager [None req-2be67264-b06d-47f6-ade0-40263ecf3b86 None None] Loading services supported by the core plugin {{(pid=101942) _load_services_from_core_plugin /opt/stack/neutron/neutron/manager.py:169}}
Mar 19 09:24:34.224757 np0000159972 devstack@neutron-api.service[101943]: DEBUG neutron.api.extensions [None req-e24d4982-6f98-4fcf-85c6-19b9d8a1b331 None None] get_extension_paths = OrderedDict({'/opt/stack/neutron/neutron/extensions': 1}) {{(pid=101943) get_extensions_path /opt/stack/neutron/neutron/api/extensions.py:640}}
Mar 19 09:24:34.224818 np0000159972 devstack@neutron-api.service[101942]: INFO neutron.plugins.ml2.managers [None req-2be67264-b06d-47f6-ade0-40263ecf3b86 None None] Got port-security extension from driver 'port_security'
Mar 19 09:24:34.224846 np0000159972 devstack@neutron-api.service[101941]: INFO neutron.api.extensions [None req-946093d7-22a3-4060-bcdc-314706c5e454 None None] Extension network-segment-range not supported by any of loaded plugins
Mar 19 09:24:34.224875 np0000159972 devstack@neutron-api.service[101943]: INFO neutron.api.extensions [None req-e24d4982-6f98-4fcf-85c6-19b9d8a1b331 None None] Initializing extension manager.
Mar 19 09:24:34.224941 np0000159972 devstack@neutron-api.service[101941]: DEBUG neutron.api.extensions [None req-946093d7-22a3-4060-bcdc-314706c5e454 None None] Loading extension file: pagination.py {{(pid=101941) _load_all_extensions_from_path /opt/stack/neutron/neutron/api/extensions.py:449}}
Mar 19 09:24:34.224973 np0000159972 devstack@neutron-api.service[101943]: DEBUG neutron.api.extensions [None req-e24d4982-6f98-4fcf-85c6-19b9d8a1b331 None None] Loading extension file: __init__.py {{(pid=101943) _load_all_extensions_from_path /opt/stack/neutron/neutron/api/extensions.py:449}}
Mar 19 09:24:34.225030 np0000159972 devstack@neutron-api.service[101942]: DEBUG neutron.manager [None req-2be67264-b06d-47f6-ade0-40263ecf3b86 None None] Loading service plugins: ['ovn-router', 'auto_allocate', 'tag', 'timestamp', 'network_ip_availability', 'flavors', 'revisions'] {{(pid=101942) _load_service_plugins /opt/stack/neutron/neutron/manager.py:194}}
Mar 19 09:24:34.225092 np0000159972 devstack@neutron-api.service[101941]: DEBUG neutron.api.extensions [None req-946093d7-22a3-4060-bcdc-314706c5e454 None None] Ext name="Pagination support" alias="pagination" description="Extension that indicates that pagination is enabled." updated="2016-06-12T00:00:00-00:00" {{(pid=101941) _check_extension /opt/stack/neutron/neutron/api/extensions.py:415}}
Mar 19 09:24:34.225123 np0000159972 devstack@neutron-api.service[101943]: DEBUG neutron.api.extensions [None req-e24d4982-6f98-4fcf-85c6-19b9d8a1b331 None None] Loading extension file: __pycache__ {{(pid=101943) _load_all_extensions_from_path /opt/stack/neutron/neutron/api/extensions.py:449}}
Mar 19 09:24:34.225193 np0000159972 devstack@neutron-api.service[101942]: INFO neutron.manager [None req-2be67264-b06d-47f6-ade0-40263ecf3b86 None None] Loading Plugin: ovn-router
Mar 19 09:24:34.225253 np0000159972 devstack@neutron-api.service[101941]: INFO neutron.api.extensions [None req-946093d7-22a3-4060-bcdc-314706c5e454 None None] Loaded extension: pagination
Mar 19 09:24:34.225280 np0000159972 devstack@neutron-api.service[101943]: DEBUG neutron.api.extensions [None req-e24d4982-6f98-4fcf-85c6-19b9d8a1b331 None None] Loading extension file: address_group.py {{(pid=101943) _load_all_extensions_from_path /opt/stack/neutron/neutron/api/extensions.py:449}}
Mar 19 09:24:34.225341 np0000159972 devstack@neutron-api.service[101941]: DEBUG neutron.api.extensions [None req-946093d7-22a3-4060-bcdc-314706c5e454 None None] Loading extension file: port_device_profile.py {{(pid=101941) _load_all_extensions_from_path /opt/stack/neutron/neutron/api/extensions.py:449}}
Mar 19 09:24:34.225427 np0000159972 devstack@neutron-api.service[101941]: DEBUG neutron.api.extensions [None req-946093d7-22a3-4060-bcdc-314706c5e454 None None] Ext name="Port device profile" alias="port-device-profile" description="Expose the port device profile (Cyborg)" updated="2020-12-17T10:00:00-00:00" {{(pid=101941) _check_extension /opt/stack/neutron/neutron/api/extensions.py:415}}
Mar 19 09:24:34.225489 np0000159972 devstack@neutron-api.service[101943]: DEBUG neutron.api.extensions [None req-e24d4982-6f98-4fcf-85c6-19b9d8a1b331 None None] Ext name="Address group" alias="address-group" description="Support address group" updated="2020-07-15T10:00:00-00:00" {{(pid=101943) _check_extension /opt/stack/neutron/neutron/api/extensions.py:415}}
Mar 19 09:24:34.225651 np0000159972 devstack@neutron-api.service[101941]: INFO neutron.api.extensions [None req-946093d7-22a3-4060-bcdc-314706c5e454 None None] Loaded extension: port-device-profile
Mar 19 09:24:34.225748 np0000159972 devstack@neutron-api.service[101943]: INFO neutron.api.extensions [None req-e24d4982-6f98-4fcf-85c6-19b9d8a1b331 None None] Loaded extension: address-group
Mar 19 09:24:34.225781 np0000159972 devstack@neutron-api.service[101941]: DEBUG neutron.api.extensions [None req-946093d7-22a3-4060-bcdc-314706c5e454 None None] Loading extension file: port_hardware_offload_type.py {{(pid=101941) _load_all_extensions_from_path /opt/stack/neutron/neutron/api/extensions.py:449}}
Mar 19 09:24:34.225808 np0000159972 devstack@neutron-api.service[101943]: DEBUG neutron.api.extensions [None req-e24d4982-6f98-4fcf-85c6-19b9d8a1b331 None None] Loading extension file: address_scope.py {{(pid=101943) _load_all_extensions_from_path /opt/stack/neutron/neutron/api/extensions.py:449}}
Mar 19 09:24:34.225994 np0000159972 devstack@neutron-api.service[101941]: DEBUG neutron.api.extensions [None req-946093d7-22a3-4060-bcdc-314706c5e454 None None] Ext name="Port hardware offload" alias="port-hardware-offload-type" description="Expose port hardware offload extension" updated="2023-05-09T10:00:00-00:00" {{(pid=101941) _check_extension /opt/stack/neutron/neutron/api/extensions.py:415}}
Mar 19 09:24:34.226102 np0000159972 devstack@neutron-api.service[101943]: DEBUG neutron.api.extensions [None req-e24d4982-6f98-4fcf-85c6-19b9d8a1b331 None None] Ext name="Address scope" alias="address-scope" description="Address scopes extension." updated="2015-07-26T10:00:00-00:00" {{(pid=101943) _check_extension /opt/stack/neutron/neutron/api/extensions.py:415}}
Mar 19 09:24:34.226153 np0000159972 devstack@neutron-api.service[101941]: INFO neutron.api.extensions [None req-946093d7-22a3-4060-bcdc-314706c5e454 None None] Extension port-hardware-offload-type not supported by any of loaded plugins
Mar 19 09:24:34.226246 np0000159972 devstack@neutron-api.service[101941]: DEBUG neutron.api.extensions [None req-946093d7-22a3-4060-bcdc-314706c5e454 None None] Loading extension file: port_hint_ovs_tx_steering.py {{(pid=101941) _load_all_extensions_from_path /opt/stack/neutron/neutron/api/extensions.py:449}}
Mar 19 09:24:34.226297 np0000159972 devstack@neutron-api.service[101943]: INFO neutron.api.extensions [None req-e24d4982-6f98-4fcf-85c6-19b9d8a1b331 None None] Loaded extension: address-scope
Mar 19 09:24:34.226390 np0000159972 devstack@neutron-api.service[101943]: DEBUG neutron.api.extensions [None req-e24d4982-6f98-4fcf-85c6-19b9d8a1b331 None None] Loading extension file: admin_state_down_before_update.py {{(pid=101943) _load_all_extensions_from_path /opt/stack/neutron/neutron/api/extensions.py:449}}
Mar 19 09:24:34.226475 np0000159972 devstack@neutron-api.service[101941]: DEBUG neutron.api.extensions [None req-946093d7-22a3-4060-bcdc-314706c5e454 None None] Ext name="Port hint: Open vSwitch Tx steering" alias="port-hint-ovs-tx-steering" description="Enable Port hint: Open vSwitch Tx steering" updated="2023-01-01T00:00:00-00:00" {{(pid=101941) _check_extension /opt/stack/neutron/neutron/api/extensions.py:415}}
Mar 19 09:24:34.226645 np0000159972 devstack@neutron-api.service[101943]: DEBUG neutron.api.extensions [None req-e24d4982-6f98-4fcf-85c6-19b9d8a1b331 None None] Ext name="Enforce Router's Admin State Down Before Update Extension" alias="router-admin-state-down-before-update" description="Ensure that the admin state of a router is DOWN (admin_state_up=False) before updating the distributed attribute" updated="2019-07-02T15:56:00" {{(pid=101943) _check_extension /opt/stack/neutron/neutron/api/extensions.py:415}}
Mar 19 09:24:34.226681 np0000159972 devstack@neutron-api.service[101941]: INFO neutron.api.extensions [None req-946093d7-22a3-4060-bcdc-314706c5e454 None None] Extension port-hint-ovs-tx-steering not supported by any of loaded plugins
Mar 19 09:24:34.226779 np0000159972 devstack@neutron-api.service[101941]: DEBUG neutron.api.extensions [None req-946093d7-22a3-4060-bcdc-314706c5e454 None None] Loading extension file: port_hints.py {{(pid=101941) _load_all_extensions_from_path /opt/stack/neutron/neutron/api/extensions.py:449}}
Mar 19 09:24:34.226810 np0000159972 devstack@neutron-api.service[101943]: INFO neutron.api.extensions [None req-e24d4982-6f98-4fcf-85c6-19b9d8a1b331 None None] Extension router-admin-state-down-before-update not supported by any of loaded plugins
Mar 19 09:24:34.226906 np0000159972 devstack@neutron-api.service[101943]: DEBUG neutron.api.extensions [None req-e24d4982-6f98-4fcf-85c6-19b9d8a1b331 None None] Loading extension file: agent.py {{(pid=101943) _load_all_extensions_from_path /opt/stack/neutron/neutron/api/extensions.py:449}}
Mar 19 09:24:34.227045 np0000159972 devstack@neutron-api.service[101941]: DEBUG neutron.api.extensions [None req-946093d7-22a3-4060-bcdc-314706c5e454 None None] Ext name="Port hints" alias="port-hints" description="Backend specific port hints to allow backend specific tuning" updated="2023-01-01T00:00:00-00:00" {{(pid=101941) _check_extension /opt/stack/neutron/neutron/api/extensions.py:415}}
Mar 19 09:24:34.227183 np0000159972 devstack@neutron-api.service[101941]: INFO neutron.api.extensions [None req-946093d7-22a3-4060-bcdc-314706c5e454 None None] Extension port-hints not supported by any of loaded plugins
Mar 19 09:24:34.227215 np0000159972 devstack@neutron-api.service[101943]: DEBUG neutron.api.extensions [None req-e24d4982-6f98-4fcf-85c6-19b9d8a1b331 None None] Ext name="agent" alias="agent" description="The agent management extension." updated="2013-02-03T10:00:00-00:00" {{(pid=101943) _check_extension /opt/stack/neutron/neutron/api/extensions.py:415}}
Mar 19 09:24:34.227276 np0000159972 devstack@neutron-api.service[101941]: DEBUG neutron.api.extensions [None req-946093d7-22a3-4060-bcdc-314706c5e454 None None] Loading extension file: port_mac_address_override.py {{(pid=101941) _load_all_extensions_from_path /opt/stack/neutron/neutron/api/extensions.py:449}}
Mar 19 09:24:34.227473 np0000159972 devstack@neutron-api.service[101943]: INFO neutron.api.extensions [None req-e24d4982-6f98-4fcf-85c6-19b9d8a1b331 None None] Loaded extension: agent
Mar 19 09:24:34.227473 np0000159972 devstack@neutron-api.service[101943]: DEBUG neutron.api.extensions [None req-e24d4982-6f98-4fcf-85c6-19b9d8a1b331 None None] Loading extension file: agent_resources_synced.py {{(pid=101943) _load_all_extensions_from_path /opt/stack/neutron/neutron/api/extensions.py:449}}
Mar 19 09:24:34.227528 np0000159972 devstack@neutron-api.service[101941]: DEBUG neutron.api.extensions [None req-946093d7-22a3-4060-bcdc-314706c5e454 None None] Ext name="Neutron Port MAC address override" alias="port-mac-override" description="Allow overriding the MAC address of a direct-physical Port via the active binding profile" updated="2022-03-18T10:00:00-00:00" {{(pid=101941) _check_extension /opt/stack/neutron/neutron/api/extensions.py:415}}
Mar 19 09:24:34.227713 np0000159972 devstack@neutron-api.service[101941]: INFO neutron.api.extensions [None req-946093d7-22a3-4060-bcdc-314706c5e454 None None] Extension port-mac-override not supported by any of loaded plugins
Mar 19 09:24:34.227752 np0000159972 devstack@neutron-api.service[101943]: DEBUG neutron.api.extensions [None req-e24d4982-6f98-4fcf-85c6-19b9d8a1b331 None None] Ext name="Agent's Resource View Synced to Placement" alias="agent-resources-synced" description="Stores success/failure of last sync to Placement" updated="2018-12-19T00:00:00-00:00" {{(pid=101943) _check_extension /opt/stack/neutron/neutron/api/extensions.py:415}}
Mar 19 09:24:34.227783 np0000159972 devstack@neutron-api.service[101941]: DEBUG neutron.api.extensions [None req-946093d7-22a3-4060-bcdc-314706c5e454 None None] Loading extension file: port_mac_address_regenerate.py {{(pid=101941) _load_all_extensions_from_path /opt/stack/neutron/neutron/api/extensions.py:449}}
Mar 19 09:24:34.227899 np0000159972 devstack@neutron-api.service[101943]: INFO neutron.api.extensions [None req-e24d4982-6f98-4fcf-85c6-19b9d8a1b331 None None] Extension agent-resources-synced not supported by any of loaded plugins
Mar 19 09:24:34.227980 np0000159972 devstack@neutron-api.service[101943]: DEBUG neutron.api.extensions [None req-e24d4982-6f98-4fcf-85c6-19b9d8a1b331 None None] Loading extension file: allowedaddresspairs.py {{(pid=101943) _load_all_extensions_from_path /opt/stack/neutron/neutron/api/extensions.py:449}}
Mar 19 09:24:34.228011 np0000159972 devstack@neutron-api.service[101941]: DEBUG neutron.api.extensions [None req-946093d7-22a3-4060-bcdc-314706c5e454 None None] Ext name="Neutron Port MAC address regenerate" alias="port-mac-address-regenerate" description="Network port MAC address regenerate" updated="2018-05-03T10:00:00-00:00" {{(pid=101941) _check_extension /opt/stack/neutron/neutron/api/extensions.py:415}}
Mar 19 09:24:34.228242 np0000159972 devstack@neutron-api.service[101941]: INFO neutron.api.extensions [None req-946093d7-22a3-4060-bcdc-314706c5e454 None None] Loaded extension: port-mac-address-regenerate
Mar 19 09:24:34.228325 np0000159972 devstack@neutron-api.service[101941]: DEBUG neutron.api.extensions [None req-946093d7-22a3-4060-bcdc-314706c5e454 None None] Loading extension file: port_numa_affinity_policy.py {{(pid=101941) _load_all_extensions_from_path /opt/stack/neutron/neutron/api/extensions.py:449}}
Mar 19 09:24:34.228591 np0000159972 devstack@neutron-api.service[101943]: DEBUG neutron.api.extensions [None req-e24d4982-6f98-4fcf-85c6-19b9d8a1b331 None None] Ext name="Allowed Address Pairs" alias="allowed-address-pairs" description="Provides allowed address pairs" updated="2013-07-23T10:00:00-00:00" {{(pid=101943) _check_extension /opt/stack/neutron/neutron/api/extensions.py:415}}
Mar 19 09:24:34.228630 np0000159972 devstack@neutron-api.service[101941]: DEBUG neutron.api.extensions [None req-946093d7-22a3-4060-bcdc-314706c5e454 None None] Ext name="Port NUMA affinity policy" alias="port-numa-affinity-policy" description="Expose the port NUMA affinity policy" updated="2020-07-08T10:00:00-00:00" {{(pid=101941) _check_extension /opt/stack/neutron/neutron/api/extensions.py:415}}
Mar 19 09:24:34.228808 np0000159972 devstack@neutron-api.service[101943]: INFO neutron.api.extensions [None req-e24d4982-6f98-4fcf-85c6-19b9d8a1b331 None None] Loaded extension: allowed-address-pairs
Mar 19 09:24:34.228876 np0000159972 devstack@neutron-api.service[101941]: INFO neutron.api.extensions [None req-946093d7-22a3-4060-bcdc-314706c5e454 None None] Loaded extension: port-numa-affinity-policy
Mar 19 09:24:34.228912 np0000159972 devstack@neutron-api.service[101943]: DEBUG neutron.api.extensions [None req-e24d4982-6f98-4fcf-85c6-19b9d8a1b331 None None] Loading extension file: auto_allocated_topology.py {{(pid=101943) _load_all_extensions_from_path /opt/stack/neutron/neutron/api/extensions.py:449}}
Mar 19 09:24:34.228975 np0000159972 devstack@neutron-api.service[101941]: DEBUG neutron.api.extensions [None req-946093d7-22a3-4060-bcdc-314706c5e454 None None] Loading extension file: port_numa_affinity_policy_socket.py {{(pid=101941) _load_all_extensions_from_path /opt/stack/neutron/neutron/api/extensions.py:449}}
Mar 19 09:24:34.229142 np0000159972 devstack@neutron-api.service[101943]: DEBUG neutron.api.extensions [None req-e24d4982-6f98-4fcf-85c6-19b9d8a1b331 None None] Ext name="Auto Allocated Topology Services" alias="auto-allocated-topology" description="Auto Allocated Topology Services." updated="2016-01-01T00:00:00-00:00" {{(pid=101943) _check_extension /opt/stack/neutron/neutron/api/extensions.py:415}}
Mar 19 09:24:34.229261 np0000159972 devstack@neutron-api.service[101941]: DEBUG neutron.api.extensions [None req-946093d7-22a3-4060-bcdc-314706c5e454 None None] Ext name="Port NUMA affinity policy "socket"" alias="port-numa-affinity-policy-socket" description="Adds "socket" to the supported port NUMA affinity policies" updated="2024-02-09T10:00:00-00:00" {{(pid=101941) _check_extension /opt/stack/neutron/neutron/api/extensions.py:415}}
Mar 19 09:24:34.229314 np0000159972 devstack@neutron-api.service[101943]: INFO neutron.api.extensions [None req-e24d4982-6f98-4fcf-85c6-19b9d8a1b331 None None] Loaded extension: auto-allocated-topology
Mar 19 09:24:34.229448 np0000159972 devstack@neutron-api.service[101943]: DEBUG neutron.api.extensions [None req-e24d4982-6f98-4fcf-85c6-19b9d8a1b331 None None] Loading extension file: availability_zone.py {{(pid=101943) _load_all_extensions_from_path /opt/stack/neutron/neutron/api/extensions.py:449}}
Mar 19 09:24:34.229530 np0000159972 devstack@neutron-api.service[101941]: INFO neutron.api.extensions [None req-946093d7-22a3-4060-bcdc-314706c5e454 None None] Loaded extension: port-numa-affinity-policy-socket
Mar 19 09:24:34.229587 np0000159972 devstack@neutron-api.service[101941]: DEBUG neutron.api.extensions [None req-946093d7-22a3-4060-bcdc-314706c5e454 None None] Loading extension file: port_resource_request.py {{(pid=101941) _load_all_extensions_from_path /opt/stack/neutron/neutron/api/extensions.py:449}}
Mar 19 09:24:34.229654 np0000159972 devstack@neutron-api.service[101943]: DEBUG neutron.api.extensions [None req-e24d4982-6f98-4fcf-85c6-19b9d8a1b331 None None] Ext name="Availability Zone" alias="availability_zone" description="The availability zone extension." updated="2015-01-01T10:00:00-00:00" {{(pid=101943) _check_extension /opt/stack/neutron/neutron/api/extensions.py:415}}
Mar 19 09:24:34.229850 np0000159972 devstack@neutron-api.service[101943]: INFO neutron.api.extensions [None req-e24d4982-6f98-4fcf-85c6-19b9d8a1b331 None None] Loaded extension: availability_zone
Mar 19 09:24:34.229919 np0000159972 devstack@neutron-api.service[101941]: DEBUG neutron.api.extensions [None req-946093d7-22a3-4060-bcdc-314706c5e454 None None] Ext name="Port Resource Request" alias="port-resource-request" description="Expose resource request to Port" updated="2018-05-08T10:00:00-00:00" {{(pid=101941) _check_extension /opt/stack/neutron/neutron/api/extensions.py:415}}
Mar 19 09:24:34.229951 np0000159972 devstack@neutron-api.service[101943]: DEBUG neutron.api.extensions [None req-e24d4982-6f98-4fcf-85c6-19b9d8a1b331 None None] Loading extension file: availability_zone_filter.py {{(pid=101943) _load_all_extensions_from_path /opt/stack/neutron/neutron/api/extensions.py:449}}
Mar 19 09:24:34.230133 np0000159972 devstack@neutron-api.service[101941]: INFO neutron.api.extensions [None req-946093d7-22a3-4060-bcdc-314706c5e454 None None] Extension port-resource-request not supported by any of loaded plugins
Mar 19 09:24:34.230163 np0000159972 devstack@neutron-api.service[101943]: DEBUG neutron.api.extensions [None req-e24d4982-6f98-4fcf-85c6-19b9d8a1b331 None None] Ext name="Availability Zone Filter Extension" alias="availability_zone_filter" description="Add filter parameters to AvailabilityZone resource" updated="2018-06-22T10:00:00-00:00" {{(pid=101943) _check_extension /opt/stack/neutron/neutron/api/extensions.py:415}}
Mar 19 09:24:34.230221 np0000159972 devstack@neutron-api.service[101941]: DEBUG neutron.api.extensions [None req-946093d7-22a3-4060-bcdc-314706c5e454 None None] Loading extension file: port_resource_request_groups.py {{(pid=101941) _load_all_extensions_from_path /opt/stack/neutron/neutron/api/extensions.py:449}}
Mar 19 09:24:34.230328 np0000159972 devstack@neutron-api.service[101943]: INFO neutron.api.extensions [None req-e24d4982-6f98-4fcf-85c6-19b9d8a1b331 None None] Extension availability_zone_filter not supported by any of loaded plugins
Mar 19 09:24:34.230425 np0000159972 devstack@neutron-api.service[101943]: DEBUG neutron.api.extensions [None req-e24d4982-6f98-4fcf-85c6-19b9d8a1b331 None None] Loading extension file: data_plane_status.py {{(pid=101943) _load_all_extensions_from_path /opt/stack/neutron/neutron/api/extensions.py:449}}
Mar 19 09:24:34.230487 np0000159972 devstack@neutron-api.service[101941]: DEBUG neutron.api.extensions [None req-946093d7-22a3-4060-bcdc-314706c5e454 None None] Ext name="Port Resource Request Groups" alias="port-resource-request-groups" description="Support requesting multiple groups of resources and traits from the same RP subtree in resource_request" updated="2021-08-02T10:00:00-00:00" {{(pid=101941) _check_extension /opt/stack/neutron/neutron/api/extensions.py:415}}
Mar 19 09:24:34.230632 np0000159972 devstack@neutron-api.service[101941]: INFO neutron.api.extensions [None req-946093d7-22a3-4060-bcdc-314706c5e454 None None] Extension port-resource-request-groups not supported by any of loaded plugins
Mar 19 09:24:34.230676 np0000159972 devstack@neutron-api.service[101943]: DEBUG neutron.api.extensions [None req-e24d4982-6f98-4fcf-85c6-19b9d8a1b331 None None] Ext name="Port data plane status extension" alias="data-plane-status" description="Expose status of underlying data plane" updated="2017-01-24T10:00:00-00:00" {{(pid=101943) _check_extension /opt/stack/neutron/neutron/api/extensions.py:415}}
Mar 19 09:24:34.230764 np0000159972 devstack@neutron-api.service[101941]: DEBUG neutron.api.extensions [None req-946093d7-22a3-4060-bcdc-314706c5e454 None None] Loading extension file: port_trusted_vif.py {{(pid=101941) _load_all_extensions_from_path /opt/stack/neutron/neutron/api/extensions.py:449}}
Mar 19 09:24:34.230834 np0000159972 devstack@neutron-api.service[101943]: INFO neutron.api.extensions [None req-e24d4982-6f98-4fcf-85c6-19b9d8a1b331 None None] Extension data-plane-status not supported by any of loaded plugins
Mar 19 09:24:34.230915 np0000159972 devstack@neutron-api.service[101943]: DEBUG neutron.api.extensions [None req-e24d4982-6f98-4fcf-85c6-19b9d8a1b331 None None] Loading extension file: default_subnetpools.py {{(pid=101943) _load_all_extensions_from_path /opt/stack/neutron/neutron/api/extensions.py:449}}
Mar 19 09:24:34.231020 np0000159972 devstack@neutron-api.service[101941]: DEBUG neutron.api.extensions [None req-946093d7-22a3-4060-bcdc-314706c5e454 None None] Ext name="Port trusted vif" alias="port-trusted-vif" description="Expose port 'trusted' attribute in the API" updated="2024-07-10T10:00:00-00:00" {{(pid=101941) _check_extension /opt/stack/neutron/neutron/api/extensions.py:415}}
Mar 19 09:24:34.231127 np0000159972 devstack@neutron-api.service[101943]: DEBUG neutron.api.extensions [None req-e24d4982-6f98-4fcf-85c6-19b9d8a1b331 None None] Ext name="Default Subnetpools" alias="default-subnetpools" description="Provides ability to mark and use a subnetpool as the default." updated="2016-02-18T18:00:00-00:00" {{(pid=101943) _check_extension /opt/stack/neutron/neutron/api/extensions.py:415}}
Mar 19 09:24:34.231218 np0000159972 devstack@neutron-api.service[101941]: INFO neutron.api.extensions [None req-946093d7-22a3-4060-bcdc-314706c5e454 None None] Extension port-trusted-vif not supported by any of loaded plugins
Mar 19 09:24:34.231319 np0000159972 devstack@neutron-api.service[101941]: DEBUG neutron.api.extensions [None req-946093d7-22a3-4060-bcdc-314706c5e454 None None] Loading extension file: portbindings.py {{(pid=101941) _load_all_extensions_from_path /opt/stack/neutron/neutron/api/extensions.py:449}}
Mar 19 09:24:34.231355 np0000159972 devstack@neutron-api.service[101943]: INFO neutron.api.extensions [None req-e24d4982-6f98-4fcf-85c6-19b9d8a1b331 None None] Loaded extension: default-subnetpools
Mar 19 09:24:34.231385 np0000159972 devstack@neutron-api.service[101943]: DEBUG neutron.api.extensions [None req-e24d4982-6f98-4fcf-85c6-19b9d8a1b331 None None] Loading extension file: dhcpagentscheduler.py {{(pid=101943) _load_all_extensions_from_path /opt/stack/neutron/neutron/api/extensions.py:449}}
Mar 19 09:24:34.231517 np0000159972 devstack@neutron-api.service[101941]: DEBUG neutron.api.extensions [None req-946093d7-22a3-4060-bcdc-314706c5e454 None None] Ext name="Port Binding" alias="binding" description="Expose port bindings of a virtual port to external application" updated="2014-02-03T10:00:00-00:00" {{(pid=101941) _check_extension /opt/stack/neutron/neutron/api/extensions.py:415}}
Mar 19 09:24:34.231727 np0000159972 devstack@neutron-api.service[101941]: INFO neutron.api.extensions [None req-946093d7-22a3-4060-bcdc-314706c5e454 None None] Loaded extension: binding
Mar 19 09:24:34.231761 np0000159972 devstack@neutron-api.service[101943]: DEBUG neutron.api.extensions [None req-e24d4982-6f98-4fcf-85c6-19b9d8a1b331 None None] Ext name="DHCP Agent Scheduler" alias="dhcp_agent_scheduler" description="Schedule networks among dhcp agents" updated="2013-02-07T10:00:00-00:00" {{(pid=101943) _check_extension /opt/stack/neutron/neutron/api/extensions.py:415}}
Mar 19 09:24:34.231846 np0000159972 devstack@neutron-api.service[101941]: DEBUG neutron.api.extensions [None req-946093d7-22a3-4060-bcdc-314706c5e454 None None] Loading extension file: portbindings_extended.py {{(pid=101941) _load_all_extensions_from_path /opt/stack/neutron/neutron/api/extensions.py:449}}
Mar 19 09:24:34.231927 np0000159972 devstack@neutron-api.service[101943]: INFO neutron.api.extensions [None req-e24d4982-6f98-4fcf-85c6-19b9d8a1b331 None None] Loaded extension: dhcp_agent_scheduler
Mar 19 09:24:34.232026 np0000159972 devstack@neutron-api.service[101943]: DEBUG neutron.api.extensions [None req-e24d4982-6f98-4fcf-85c6-19b9d8a1b331 None None] Loading extension file: dns.py {{(pid=101943) _load_all_extensions_from_path /opt/stack/neutron/neutron/api/extensions.py:449}}
Mar 19 09:24:34.232196 np0000159972 devstack@neutron-api.service[101941]: DEBUG neutron.api.extensions [None req-946093d7-22a3-4060-bcdc-314706c5e454 None None] Ext name="Port Bindings Extended" alias="binding-extended" description="Expose port bindings of a virtual port to external application" updated="2017-07-17T10:00:00-00:00" {{(pid=101941) _check_extension /opt/stack/neutron/neutron/api/extensions.py:415}}
Mar 19 09:24:34.232251 np0000159972 devstack@neutron-api.service[101943]: DEBUG neutron.api.extensions [None req-e24d4982-6f98-4fcf-85c6-19b9d8a1b331 None None] Ext name="DNS Integration" alias="dns-integration" description="Provides integration with DNS." updated="2015-08-15T18:00:00-00:00" {{(pid=101943) _check_extension /opt/stack/neutron/neutron/api/extensions.py:415}}
Mar 19 09:24:34.232411 np0000159972 devstack@neutron-api.service[101941]: INFO neutron.api.extensions [None req-946093d7-22a3-4060-bcdc-314706c5e454 None None] Loaded extension: binding-extended
Mar 19 09:24:34.232442 np0000159972 devstack@neutron-api.service[101943]: INFO neutron.api.extensions [None req-e24d4982-6f98-4fcf-85c6-19b9d8a1b331 None None] Loaded extension: dns-integration
Mar 19 09:24:34.232502 np0000159972 devstack@neutron-api.service[101943]: DEBUG neutron.api.extensions [None req-e24d4982-6f98-4fcf-85c6-19b9d8a1b331 None None] Loading extension file: dns_domain_ports.py {{(pid=101943) _load_all_extensions_from_path /opt/stack/neutron/neutron/api/extensions.py:449}}
Mar 19 09:24:34.232532 np0000159972 devstack@neutron-api.service[101941]: DEBUG neutron.api.extensions [None req-946093d7-22a3-4060-bcdc-314706c5e454 None None] Loading extension file: portsecurity.py {{(pid=101941) _load_all_extensions_from_path /opt/stack/neutron/neutron/api/extensions.py:449}}
Mar 19 09:24:34.232745 np0000159972 devstack@neutron-api.service[101943]: DEBUG neutron.api.extensions [None req-e24d4982-6f98-4fcf-85c6-19b9d8a1b331 None None] Ext name="dns_domain for ports" alias="dns-domain-ports" description="Allows the DNS domain to be specified for a network port." updated="2017-04-24T10:00:00-00:00" {{(pid=101943) _check_extension /opt/stack/neutron/neutron/api/extensions.py:415}}
Mar 19 09:24:34.232809 np0000159972 devstack@neutron-api.service[101941]: DEBUG neutron.api.extensions [None req-946093d7-22a3-4060-bcdc-314706c5e454 None None] Ext name="Port Security" alias="port-security" description="Provides port security" updated="2012-07-23T10:00:00-00:00" {{(pid=101941) _check_extension /opt/stack/neutron/neutron/api/extensions.py:415}}
Mar 19 09:24:34.232914 np0000159972 devstack@neutron-api.service[101943]: INFO neutron.api.extensions [None req-e24d4982-6f98-4fcf-85c6-19b9d8a1b331 None None] Loaded extension: dns-domain-ports
Mar 19 09:24:34.233004 np0000159972 devstack@neutron-api.service[101943]: DEBUG neutron.api.extensions [None req-e24d4982-6f98-4fcf-85c6-19b9d8a1b331 None None] Loading extension file: dns_integration_domain_keywords.py {{(pid=101943) _load_all_extensions_from_path /opt/stack/neutron/neutron/api/extensions.py:449}}
Mar 19 09:24:34.233037 np0000159972 devstack@neutron-api.service[101941]: INFO neutron.api.extensions [None req-946093d7-22a3-4060-bcdc-314706c5e454 None None] Loaded extension: port-security
Mar 19 09:24:34.233145 np0000159972 devstack@neutron-api.service[101941]: DEBUG neutron.api.extensions [None req-946093d7-22a3-4060-bcdc-314706c5e454 None None] Loading extension file: project_id.py {{(pid=101941) _load_all_extensions_from_path /opt/stack/neutron/neutron/api/extensions.py:449}}
Mar 19 09:24:34.233232 np0000159972 devstack@neutron-api.service[101943]: DEBUG neutron.api.extensions [None req-e24d4982-6f98-4fcf-85c6-19b9d8a1b331 None None] Ext name="DNS domain names with keywords allowed" alias="dns-integration-domain-keywords" description="Allows to use keywords like , , and as DNS domain name" updated="2020-06-15T18:00:00-00:00" {{(pid=101943) _check_extension /opt/stack/neutron/neutron/api/extensions.py:415}}
Mar 19 09:24:34.233393 np0000159972 devstack@neutron-api.service[101941]: DEBUG neutron.api.extensions [None req-946093d7-22a3-4060-bcdc-314706c5e454 None None] Ext name="project_id field enabled" alias="project-id" description="Extension that indicates that project_id field is enabled." updated="2016-09-09T09:09:09-09:09" {{(pid=101941) _check_extension /opt/stack/neutron/neutron/api/extensions.py:415}}
Mar 19 09:24:34.233430 np0000159972 devstack@neutron-api.service[101943]: INFO neutron.api.extensions [None req-e24d4982-6f98-4fcf-85c6-19b9d8a1b331 None None] Loaded extension: dns-integration-domain-keywords
Mar 19 09:24:34.233486 np0000159972 devstack@neutron-api.service[101943]: DEBUG neutron.api.extensions [None req-e24d4982-6f98-4fcf-85c6-19b9d8a1b331 None None] Loading extension file: dvr.py {{(pid=101943) _load_all_extensions_from_path /opt/stack/neutron/neutron/api/extensions.py:449}}
Mar 19 09:24:34.233527 np0000159972 devstack@neutron-api.service[101941]: INFO neutron.api.extensions [None req-946093d7-22a3-4060-bcdc-314706c5e454 None None] Loaded extension: project-id
Mar 19 09:24:34.233581 np0000159972 devstack@neutron-api.service[101941]: DEBUG neutron.api.extensions [None req-946093d7-22a3-4060-bcdc-314706c5e454 None None] Loading extension file: providernet.py {{(pid=101941) _load_all_extensions_from_path /opt/stack/neutron/neutron/api/extensions.py:449}}
Mar 19 09:24:34.233762 np0000159972 devstack@neutron-api.service[101943]: DEBUG neutron.api.extensions [None req-e24d4982-6f98-4fcf-85c6-19b9d8a1b331 None None] Ext name="Distributed Virtual Router" alias="dvr" description="Enables configuration of Distributed Virtual Routers." updated="2014-06-1T10:00:00-00:00" {{(pid=101943) _check_extension /opt/stack/neutron/neutron/api/extensions.py:415}}
Mar 19 09:24:34.233904 np0000159972 devstack@neutron-api.service[101941]: DEBUG neutron.api.extensions [None req-946093d7-22a3-4060-bcdc-314706c5e454 None None] Ext name="Provider Network" alias="provider" description="Expose mapping of virtual networks to physical networks" updated="2012-09-07T10:00:00-00:00" {{(pid=101941) _check_extension /opt/stack/neutron/neutron/api/extensions.py:415}}
Mar 19 09:24:34.234020 np0000159972 devstack@neutron-api.service[101943]: INFO neutron.api.extensions [None req-e24d4982-6f98-4fcf-85c6-19b9d8a1b331 None None] Extension dvr not supported by any of loaded plugins
Mar 19 09:24:34.234085 np0000159972 devstack@neutron-api.service[101941]: INFO neutron.api.extensions [None req-946093d7-22a3-4060-bcdc-314706c5e454 None None] Loaded extension: provider
Mar 19 09:24:34.234130 np0000159972 devstack@neutron-api.service[101943]: DEBUG neutron.api.extensions [None req-e24d4982-6f98-4fcf-85c6-19b9d8a1b331 None None] Loading extension file: ecmp_routes.py {{(pid=101943) _load_all_extensions_from_path /opt/stack/neutron/neutron/api/extensions.py:449}}
Mar 19 09:24:34.234168 np0000159972 devstack@neutron-api.service[101941]: DEBUG neutron.api.extensions [None req-946093d7-22a3-4060-bcdc-314706c5e454 None None] Loading extension file: qinq.py {{(pid=101941) _load_all_extensions_from_path /opt/stack/neutron/neutron/api/extensions.py:449}}
Mar 19 09:24:34.234341 np0000159972 devstack@neutron-api.service[101943]: DEBUG neutron.api.extensions [None req-e24d4982-6f98-4fcf-85c6-19b9d8a1b331 None None] Ext name="Equal Cost Multipath Routing" alias="ecmp_routes" description="Allows traffic to reach thesame destination via multiple different links " updated="2020-11-26T18:00:00-00:00" {{(pid=101943) _check_extension /opt/stack/neutron/neutron/api/extensions.py:415}}
Mar 19 09:24:34.234437 np0000159972 devstack@neutron-api.service[101941]: DEBUG neutron.api.extensions [None req-946093d7-22a3-4060-bcdc-314706c5e454 None None] Ext name="QinQ networks" alias="qinq" description="Expose network 'qinq' attribute in the API. This allows to configure network to allow vlan in vlan configuration using 0x8a88 ethertype (QinQ)." updated="2024-12-02T10:00:00-00:00" {{(pid=101941) _check_extension /opt/stack/neutron/neutron/api/extensions.py:415}}
Mar 19 09:24:34.234512 np0000159972 devstack@neutron-api.service[101943]: INFO neutron.api.extensions [None req-e24d4982-6f98-4fcf-85c6-19b9d8a1b331 None None] Extension ecmp_routes not supported by any of loaded plugins
Mar 19 09:24:34.234601 np0000159972 devstack@neutron-api.service[101943]: DEBUG neutron.api.extensions [None req-e24d4982-6f98-4fcf-85c6-19b9d8a1b331 None None] Loading extension file: empty_string_filtering.py {{(pid=101943) _load_all_extensions_from_path /opt/stack/neutron/neutron/api/extensions.py:449}}
Mar 19 09:24:34.234637 np0000159972 devstack@neutron-api.service[101941]: INFO neutron.api.extensions [None req-946093d7-22a3-4060-bcdc-314706c5e454 None None] Loaded extension: qinq
Mar 19 09:24:34.234692 np0000159972 devstack@neutron-api.service[101942]: DEBUG neutron_lib.callbacks.manager [None req-2be67264-b06d-47f6-ade0-40263ecf3b86 None None] Subscribe: > router before_delete 55550000, False {{(pid=101942) subscribe /opt/stack/data/venv/lib/python3.12/site-packages/neutron_lib/callbacks/manager.py:52}}
Mar 19 09:24:34.234737 np0000159972 devstack@neutron-api.service[101941]: DEBUG neutron.api.extensions [None req-946093d7-22a3-4060-bcdc-314706c5e454 None None] Loading extension file: qos.py {{(pid=101941) _load_all_extensions_from_path /opt/stack/neutron/neutron/api/extensions.py:449}}
Mar 19 09:24:34.234817 np0000159972 devstack@neutron-api.service[101942]: DEBUG neutron_lib.callbacks.manager [None req-2be67264-b06d-47f6-ade0-40263ecf3b86 None None] Subscribe: port after_update 55550000, False {{(pid=101942) subscribe /opt/stack/data/venv/lib/python3.12/site-packages/neutron_lib/callbacks/manager.py:52}}
Mar 19 09:24:34.234858 np0000159972 devstack@neutron-api.service[101943]: DEBUG neutron.api.extensions [None req-e24d4982-6f98-4fcf-85c6-19b9d8a1b331 None None] Ext name="Empty String Filtering Extension" alias="empty-string-filtering" description="Allow filtering by attributes with empty string value" updated="2018-05-01T10:00:00-00:00" {{(pid=101943) _check_extension /opt/stack/neutron/neutron/api/extensions.py:415}}
Mar 19 09:24:34.235008 np0000159972 devstack@neutron-api.service[101943]: INFO neutron.api.extensions [None req-e24d4982-6f98-4fcf-85c6-19b9d8a1b331 None None] Loaded extension: empty-string-filtering
Mar 19 09:24:34.235097 np0000159972 devstack@neutron-api.service[101942]: DEBUG neutron_lib.callbacks.manager [None req-2be67264-b06d-47f6-ade0-40263ecf3b86 None None] Subscribe: port after_delete 55550000, False {{(pid=101942) subscribe /opt/stack/data/venv/lib/python3.12/site-packages/neutron_lib/callbacks/manager.py:52}}
Mar 19 09:24:34.235159 np0000159972 devstack@neutron-api.service[101943]: DEBUG neutron.api.extensions [None req-e24d4982-6f98-4fcf-85c6-19b9d8a1b331 None None] Loading extension file: expose_l3_conntrack_helper.py {{(pid=101943) _load_all_extensions_from_path /opt/stack/neutron/neutron/api/extensions.py:449}}
Mar 19 09:24:34.235192 np0000159972 devstack@neutron-api.service[101942]: DEBUG neutron_lib.callbacks.manager [None req-2be67264-b06d-47f6-ade0-40263ecf3b86 None None] Subscribe: subnet after_update 55550000, False {{(pid=101942) subscribe /opt/stack/data/venv/lib/python3.12/site-packages/neutron_lib/callbacks/manager.py:52}}
Mar 19 09:24:34.235293 np0000159972 devstack@neutron-api.service[101942]: DEBUG neutron_lib.callbacks.manager [None req-2be67264-b06d-47f6-ade0-40263ecf3b86 None None] Subscribe: subnetpool_address_scope after_update 55550000, False {{(pid=101942) subscribe /opt/stack/data/venv/lib/python3.12/site-packages/neutron_lib/callbacks/manager.py:52}}
Mar 19 09:24:34.235388 np0000159972 devstack@neutron-api.service[101943]: DEBUG neutron.api.extensions [None req-e24d4982-6f98-4fcf-85c6-19b9d8a1b331 None None] Ext name="Expose CT target rules for conntrack helper" alias="expose-l3-conntrack-helper" description="Expose allow adding CT target rules for conntrack helper" updated="2019-04-04T10:00:00-00:00" {{(pid=101943) _check_extension /opt/stack/neutron/neutron/api/extensions.py:415}}
Mar 19 09:24:34.235432 np0000159972 devstack@neutron-api.service[101942]: DEBUG neutron_lib.callbacks.manager [None req-2be67264-b06d-47f6-ade0-40263ecf3b86 None None] Subscribe: port before_update 55550000, False {{(pid=101942) subscribe /opt/stack/data/venv/lib/python3.12/site-packages/neutron_lib/callbacks/manager.py:52}}
Mar 19 09:24:34.235498 np0000159972 devstack@neutron-api.service[101942]: DEBUG neutron_lib.callbacks.manager [None req-2be67264-b06d-47f6-ade0-40263ecf3b86 None None] Subscribe: port after_update 55550000, False {{(pid=101942) subscribe /opt/stack/data/venv/lib/python3.12/site-packages/neutron_lib/callbacks/manager.py:52}}
Mar 19 09:24:34.235559 np0000159972 devstack@neutron-api.service[101943]: INFO neutron.api.extensions [None req-e24d4982-6f98-4fcf-85c6-19b9d8a1b331 None None] Extension expose-l3-conntrack-helper not supported by any of loaded plugins
Mar 19 09:24:34.235591 np0000159972 devstack@neutron-api.service[101941]: DEBUG neutron.api.extensions [None req-946093d7-22a3-4060-bcdc-314706c5e454 None None] Ext name="Quality of Service" alias="qos" description="The Quality of Service extension." updated="2015-06-08T10:00:00-00:00" {{(pid=101941) _check_extension /opt/stack/neutron/neutron/api/extensions.py:415}}
Mar 19 09:24:34.235621 np0000159972 devstack@neutron-api.service[101942]: DEBUG neutron_lib.callbacks.manager [None req-2be67264-b06d-47f6-ade0-40263ecf3b86 None None] Subscribe: > port precommit_delete 55550000, False {{(pid=101942) subscribe /opt/stack/data/venv/lib/python3.12/site-packages/neutron_lib/callbacks/manager.py:52}}
Mar 19 09:24:34.235655 np0000159972 devstack@neutron-api.service[101943]: DEBUG neutron.api.extensions [None req-e24d4982-6f98-4fcf-85c6-19b9d8a1b331 None None] Loading extension file: expose_port_forwarding_in_fip.py {{(pid=101943) _load_all_extensions_from_path /opt/stack/neutron/neutron/api/extensions.py:449}}
Mar 19 09:24:34.235714 np0000159972 devstack@neutron-api.service[101942]: DEBUG neutron_lib.callbacks.manager [None req-2be67264-b06d-47f6-ade0-40263ecf3b86 None None] Subscribe: port before_update 55550000, False {{(pid=101942) subscribe /opt/stack/data/venv/lib/python3.12/site-packages/neutron_lib/callbacks/manager.py:52}}
Mar 19 09:24:34.235787 np0000159972 devstack@neutron-api.service[101941]: INFO neutron.api.extensions [None req-946093d7-22a3-4060-bcdc-314706c5e454 None None] Extension qos not supported by any of loaded plugins
Mar 19 09:24:34.235820 np0000159972 devstack@neutron-api.service[101942]: DEBUG neutron_lib.callbacks.manager [None req-2be67264-b06d-47f6-ade0-40263ecf3b86 None None] Subscribe: port before_delete 55550000, False {{(pid=101942) subscribe /opt/stack/data/venv/lib/python3.12/site-packages/neutron_lib/callbacks/manager.py:52}}
