2026-07-03 17:17:52.947 8 INFO placement.requestlog [req-07ea1e71-3357-4365-8011-af6f192fa738 req-551c7964-bb32-4b87-a044-cd25707b726f 7f48ab4511f84878b338c26a8a64fa80 d4071225807044918bb0c29fc2dc3f47 - - 9470f16e21ec4095bc8b61ff64304d73 9470f16e21ec4095bc8b61ff64304d73] 199.204.45.53 "GET /resource_providers/1303c347-ba68-41fc-8056-eae84c64a35f/allocations" status: 200 len: 253 microversion: 1.0 [pid: 8|app: 0|req: 537/1080] 199.204.45.53 () {32 vars in 856 bytes} [Fri Jul 3 17:17:52 2026] GET /resource_providers/1303c347-ba68-41fc-8056-eae84c64a35f/allocations => generated 253 bytes in 236 msecs (HTTP/1.1 200) 6 headers in 224 bytes (1 switches on core 0)
2026-07-03 17:17:52.974 7 INFO placement.requestlog [req-07ea1e71-3357-4365-8011-af6f192fa738 req-2550e40b-4b78-464c-a2da-dbcd962e2be2 7f48ab4511f84878b338c26a8a64fa80 d4071225807044918bb0c29fc2dc3f47 - - 9470f16e21ec4095bc8b61ff64304d73 9470f16e21ec4095bc8b61ff64304d73] 199.204.45.53 "GET /resource_providers?in_tree=1303c347-ba68-41fc-8056-eae84c64a35f" status: 200 len: 798 microversion: 1.14 [pid: 7|app: 0|req: 544/1081] 199.204.45.53 () {34 vars in 891 bytes} [Fri Jul 3 17:17:52 2026] GET /resource_providers?in_tree=1303c347-ba68-41fc-8056-eae84c64a35f => generated 798 bytes in 18 msecs (HTTP/1.1 200) 6 headers in 225 bytes (1 switches on core 0)
2026-07-03 17:17:52.999 8 INFO placement.requestlog [req-07ea1e71-3357-4365-8011-af6f192fa738 req-f48c6883-a31a-4d4a-b1b4-9fbd18940137 7f48ab4511f84878b338c26a8a64fa80 d4071225807044918bb0c29fc2dc3f47 - - 9470f16e21ec4095bc8b61ff64304d73 9470f16e21ec4095bc8b61ff64304d73] 199.204.45.53 "GET /resource_providers/1303c347-ba68-41fc-8056-eae84c64a35f/inventories" status: 200 len: 401 microversion: 1.0 [pid: 8|app: 0|req: 538/1082] 199.204.45.53 () {32 vars in 856 bytes} [Fri Jul 3 17:17:52 2026] GET /resource_providers/1303c347-ba68-41fc-8056-eae84c64a35f/inventories => generated 401 bytes in 19 msecs (HTTP/1.1 200) 6 headers in 224 bytes (1 switches on core 0)
2026-07-03 17:17:53.021 7 INFO placement.requestlog [req-07ea1e71-3357-4365-8011-af6f192fa738 req-b716ab2c-0133-411e-810a-abb94cf37c61 7f48ab4511f84878b338c26a8a64fa80 d4071225807044918bb0c29fc2dc3f47 - - 9470f16e21ec4095bc8b61ff64304d73 9470f16e21ec4095bc8b61ff64304d73] 199.204.45.53 "GET /resource_providers/1303c347-ba68-41fc-8056-eae84c64a35f/aggregates" status: 200 len: 54 microversion: 1.19 [pid: 7|app: 0|req: 545/1083] 199.204.45.53 () {34 vars in 898 bytes} [Fri Jul 3 17:17:53 2026] GET /resource_providers/1303c347-ba68-41fc-8056-eae84c64a35f/aggregates => generated 54 bytes in 12 msecs (HTTP/1.1 200) 8 headers in 295 bytes (1 switches on core 0)
2026-07-03 17:17:53.045 8 INFO placement.requestlog [req-07ea1e71-3357-4365-8011-af6f192fa738 req-e2b8264f-d66b-4372-bc5c-16d3c2f42c24 7f48ab4511f84878b338c26a8a64fa80 d4071225807044918bb0c29fc2dc3f47 - - 9470f16e21ec4095bc8b61ff64304d73 9470f16e21ec4095bc8b61ff64304d73] 199.204.45.53 "GET /resource_providers/1303c347-ba68-41fc-8056-eae84c64a35f/traits" status: 200 len: 2176 microversion: 1.6 [pid: 8|app: 0|req: 539/1084] 199.204.45.53 () {34 vars in 889 bytes} [Fri Jul 3 17:17:53 2026] GET /resource_providers/1303c347-ba68-41fc-8056-eae84c64a35f/traits => generated 2176 bytes in 20 msecs (HTTP/1.1 200) 6 headers in 225 bytes (1 switches on core 0)
2026-07-03 17:17:53.070 7 INFO placement.requestlog [req-07ea1e71-3357-4365-8011-af6f192fa738 req-d35dae5f-ab2c-499d-8ff8-f7bd404ce132 7f48ab4511f84878b338c26a8a64fa80 d4071225807044918bb0c29fc2dc3f47 - - 9470f16e21ec4095bc8b61ff64304d73 9470f16e21ec4095bc8b61ff64304d73] 199.204.45.53 "GET /resource_providers/1303c347-ba68-41fc-8056-eae84c64a35f/allocations" status: 200 len: 253 microversion: 1.0 [pid: 7|app: 0|req: 546/1085] 199.204.45.53 () {32 vars in 856 bytes} [Fri Jul 3 17:17:53 2026] GET /resource_providers/1303c347-ba68-41fc-8056-eae84c64a35f/allocations => generated 253 bytes in 18 msecs (HTTP/1.1 200) 6 headers in 224 bytes (1 switches on core 0)
2026-07-03 17:17:53.091 8 INFO placement.requestlog [req-07ea1e71-3357-4365-8011-af6f192fa738 req-119070d0-fed0-4adf-88bc-136de2fc94d7 7f48ab4511f84878b338c26a8a64fa80 d4071225807044918bb0c29fc2dc3f47 - - 9470f16e21ec4095bc8b61ff64304d73 9470f16e21ec4095bc8b61ff64304d73] 199.204.45.53 "GET /allocations/b36fa846-500c-4326-9242-2ccad0fbc2ce" status: 200 len: 258 microversion: 1.28 [pid: 8|app: 0|req: 540/1086] 199.204.45.53 () {34 vars in 862 bytes} [Fri Jul 3 17:17:53 2026] GET /allocations/b36fa846-500c-4326-9242-2ccad0fbc2ce => generated 258 bytes in 13 msecs (HTTP/1.1 200) 8 headers in 296 bytes (1 switches on core 0)
2026-07-03 17:17:53.112 7 INFO placement.requestlog [req-07ea1e71-3357-4365-8011-af6f192fa738 req-ddc715f0-341c-4c09-a731-8a881e2df37e 7f48ab4511f84878b338c26a8a64fa80 d4071225807044918bb0c29fc2dc3f47 - - 9470f16e21ec4095bc8b61ff64304d73 9470f16e21ec4095bc8b61ff64304d73] 199.204.45.53 "GET /allocations/eec9db22-35b1-406d-a4e8-06c3b8a91ed3" status: 200 len: 258 microversion: 1.28 [pid: 7|app: 0|req: 547/1087] 199.204.45.53 () {34 vars in 862 bytes} [Fri Jul 3 17:17:53 2026] GET /allocations/eec9db22-35b1-406d-a4e8-06c3b8a91ed3 => generated 258 bytes in 13 msecs (HTTP/1.1 200) 8 headers in 296 bytes (1 switches on core 0)
2026-07-03 17:17:59.758 8 INFO placement.requestlog [None req-fc069a52-3e50-48c3-a6c5-4fd638ba15f2 - - - - - -] 10.0.0.114 "GET /" status: 200 len: 136 microversion: 1.0
2026-07-03 17:17:59.759 7 INFO placement.requestlog [None req-c2716615-b827-4809-8613-a002a1246921 - - - - - -] 10.0.0.114 "GET /" status: 200 len: 136 microversion: 1.0
2026-07-03 17:18:01.845 8 INFO placement.requestlog [req-00dae59d-1638-49b1-88ba-993494af38b0 req-9c8c953d-efe1-4c49-8fa7-f4024f9a5195 7f48ab4511f84878b338c26a8a64fa80 d4071225807044918bb0c29fc2dc3f47 - - 9470f16e21ec4095bc8b61ff64304d73 9470f16e21ec4095bc8b61ff64304d73] 199.204.45.53 "GET /resource_providers/1303c347-ba68-41fc-8056-eae84c64a35f/allocations" status: 200 len: 253 microversion: 1.0 [pid: 8|app: 0|req: 542/1090] 199.204.45.53 () {32 vars in 856 bytes} [Fri Jul 3 17:18:01 2026] GET /resource_providers/1303c347-ba68-41fc-8056-eae84c64a35f/allocations => generated 253 bytes in 17 msecs (HTTP/1.1 200) 6 headers in 224 bytes (1 switches on core 0)
2026-07-03 17:18:01.866 7 INFO placement.requestlog [req-00dae59d-1638-49b1-88ba-993494af38b0 req-f0cda697-9588-4d22-a711-4141d815c8f6 7f48ab4511f84878b338c26a8a64fa80 d4071225807044918bb0c29fc2dc3f47 - - 9470f16e21ec4095bc8b61ff64304d73 9470f16e21ec4095bc8b61ff64304d73] 199.204.45.53 "GET /allocations/b36fa846-500c-4326-9242-2ccad0fbc2ce" status: 200 len: 258 microversion: 1.28 [pid: 7|app: 0|req: 549/1091] 199.204.45.53 () {34 vars in 862 bytes} [Fri Jul 3 17:18:01 2026] GET /allocations/b36fa846-500c-4326-9242-2ccad0fbc2ce => generated 258 bytes in 13 msecs (HTTP/1.1 200) 8 headers in 296 bytes (1 switches on core 0)
2026-07-03 17:18:01.889 8 INFO placement.requestlog [req-00dae59d-1638-49b1-88ba-993494af38b0 req-46da196e-3ebf-4a65-976b-cc6c82684a70 7f48ab4511f84878b338c26a8a64fa80 d4071225807044918bb0c29fc2dc3f47 - - 9470f16e21ec4095bc8b61ff64304d73 9470f16e21ec4095bc8b61ff64304d73] 199.204.45.53 "GET /allocations/eec9db22-35b1-406d-a4e8-06c3b8a91ed3" status: 200 len: 258 microversion: 1.28 [pid: 8|app: 0|req: 543/1092] 199.204.45.53 () {34 vars in 862 bytes} [Fri Jul 3 17:18:01 2026] GET /allocations/eec9db22-35b1-406d-a4e8-06c3b8a91ed3 => generated 258 bytes in 17 msecs (HTTP/1.1 200) 8 headers in 296 bytes (1 switches on core 0)
2026-07-03 17:18:02.944 7 INFO placement.requestlog [req-00dae59d-1638-49b1-88ba-993494af38b0 req-79253dd8-c6fa-460a-bb3e-13908f666d56 7f48ab4511f84878b338c26a8a64fa80 d4071225807044918bb0c29fc2dc3f47 - - 9470f16e21ec4095bc8b61ff64304d73 9470f16e21ec4095bc8b61ff64304d73] 199.204.45.53 "DELETE /allocations/b36fa846-500c-4326-9242-2ccad0fbc2ce" status: 204 len: 0 microversion: 1.0 [pid: 7|app: 0|req: 550/1093] 199.204.45.53 () {34 vars in 840 bytes} [Fri Jul 3 17:18:02 2026] DELETE /allocations/b36fa846-500c-4326-9242-2ccad0fbc2ce => generated 0 bytes in 33 msecs (HTTP/1.1 204) 5 headers in 198 bytes (1 switches on core 0)
2026-07-03 17:18:07.717 8 INFO placement.requestlog [None req-774d853c-be37-4f56-a6da-d2d92849dba7 331252c9f4204c7ba49d91631b693690 d4071225807044918bb0c29fc2dc3f47 - - 9470f16e21ec4095bc8b61ff64304d73 9470f16e21ec4095bc8b61ff64304d73] 10.0.0.85 "GET /resource_providers/088b731c-3ce0-465d-9963-6052c3fb2922/aggregates" status: 404 len: 235 microversion: 1.1 [pid: 8|app: 0|req: 544/1094] 10.0.0.85 () {32 vars in 815 bytes} [Fri Jul 3 17:18:07 2026] GET /resource_providers/088b731c-3ce0-465d-9963-6052c3fb2922/aggregates => generated 235 bytes in 10 msecs (HTTP/1.1 404) 5 headers in 202 bytes (1 switches on core 0)
2026-07-03 17:18:07.723 7 INFO placement.requestlog [None req-59dbd08b-7f98-44f6-9c2d-4d1c40406c91 331252c9f4204c7ba49d91631b693690 d4071225807044918bb0c29fc2dc3f47 - - 9470f16e21ec4095bc8b61ff64304d73 9470f16e21ec4095bc8b61ff64304d73] 10.0.0.85 "GET /resource_providers/088b731c-3ce0-465d-9963-6052c3fb2922/aggregates" status: 404 len: 235 microversion: 1.1 [pid: 7|app: 0|req: 551/1095] 10.0.0.85 () {32 vars in 815 bytes} [Fri Jul 3 17:18:07 2026] GET /resource_providers/088b731c-3ce0-465d-9963-6052c3fb2922/aggregates => generated 235 bytes in 15 msecs (HTTP/1.1 404) 5 headers in 202 bytes (1 switches on core 0)
2026-07-03 17:18:07.730 8 INFO placement.requestlog [None req-bf539599-e579-445e-88aa-3571885c6947 331252c9f4204c7ba49d91631b693690 d4071225807044918bb0c29fc2dc3f47 - - 9470f16e21ec4095bc8b61ff64304d73 9470f16e21ec4095bc8b61ff64304d73] 10.0.0.85 "DELETE /resource_providers/088b731c-3ce0-465d-9963-6052c3fb2922" status: 404 len: 246 microversion: 1.1 [pid: 8|app: 0|req: 545/1096] 10.0.0.85 () {34 vars in 815 bytes} [Fri Jul 3 17:18:07 2026] DELETE /resource_providers/088b731c-3ce0-465d-9963-6052c3fb2922 => generated 246 bytes in 7 msecs (HTTP/1.1 404) 6 headers in 231 bytes (1 switches on core 0)
2026-07-03 17:18:07.748 7 INFO placement.requestlog [None req-5cfd68cb-dec8-4128-a8ba-fb4b2a126711 331252c9f4204c7ba49d91631b693690 d4071225807044918bb0c29fc2dc3f47 - - 9470f16e21ec4095bc8b61ff64304d73 9470f16e21ec4095bc8b61ff64304d73] 10.0.0.85 "DELETE /resource_providers/088b731c-3ce0-465d-9963-6052c3fb2922" status: 404 len: 246 microversion: 1.1 [pid: 7|app: 0|req: 552/1097] 10.0.0.85 () {34 vars in 815 bytes} [Fri Jul 3 17:18:07 2026] DELETE /resource_providers/088b731c-3ce0-465d-9963-6052c3fb2922 => generated 246 bytes in 13 msecs (HTTP/1.1 404) 6 headers in 231 bytes (1 switches on core 0)
2026-07-03 17:18:09.240 8 INFO placement.requestlog [req-20c80b01-b1a3-4e06-84bd-8019162e73e2 req-d287ebd4-8797-4c1c-a532-7f10bca9a567 7f48ab4511f84878b338c26a8a64fa80 d4071225807044918bb0c29fc2dc3f47 - - 9470f16e21ec4095bc8b61ff64304d73 9470f16e21ec4095bc8b61ff64304d73] 199.204.45.53 "GET /resource_providers/1303c347-ba68-41fc-8056-eae84c64a35f/allocations" status: 200 len: 153 microversion: 1.0 [pid: 8|app: 0|req: 546/1098] 199.204.45.53 () {32 vars in 856 bytes} [Fri Jul 3 17:18:09 2026] GET /resource_providers/1303c347-ba68-41fc-8056-eae84c64a35f/allocations => generated 153 bytes in 21 msecs (HTTP/1.1 200) 6 headers in 224 bytes (1 switches on core 0)
2026-07-03 17:18:09.265 7 INFO placement.requestlog [req-20c80b01-b1a3-4e06-84bd-8019162e73e2 req-aafd7b0d-bfbc-4297-9b37-a9dbb997f066 7f48ab4511f84878b338c26a8a64fa80 d4071225807044918bb0c29fc2dc3f47 - - 9470f16e21ec4095bc8b61ff64304d73 9470f16e21ec4095bc8b61ff64304d73] 199.204.45.53 "GET /allocations/eec9db22-35b1-406d-a4e8-06c3b8a91ed3" status: 200 len: 258 microversion: 1.28 [pid: 7|app: 0|req: 553/1099] 199.204.45.53 () {34 vars in 862 bytes} [Fri Jul 3 17:18:09 2026] GET /allocations/eec9db22-35b1-406d-a4e8-06c3b8a91ed3 => generated 258 bytes in 17 msecs (HTTP/1.1 200) 8 headers in 296 bytes (1 switches on core 0)
2026-07-03 17:18:09.757 7 INFO placement.requestlog [None req-ac47c32b-2c31-4073-af68-9aa61059a0f8 - - - - - -] 10.0.0.114 "GET /" status: 200 len: 136 microversion: 1.0
2026-07-03 17:18:09.758 7 INFO placement.requestlog [None req-4c0068db-7e2c-47b1-8062-b0139a14d8f9 - - - - - -] 10.0.0.114 "GET /" status: 200 len: 136 microversion: 1.0
2026-07-03 17:18:09.760 8 INFO placement.requestlog [None req-90b9a321-53e2-496e-9a5c-7a5281e129c5 331252c9f4204c7ba49d91631b693690 d4071225807044918bb0c29fc2dc3f47 - - 9470f16e21ec4095bc8b61ff64304d73 9470f16e21ec4095bc8b61ff64304d73] 10.0.0.85 "GET /resource_providers/605b250b-31ec-42bd-95b6-4054c3be342a/aggregates" status: 404 len: 235 microversion: 1.1 [pid: 8|app: 0|req: 547/1102] 10.0.0.85 () {32 vars in 815 bytes} [Fri Jul 3 17:18:09 2026] GET /resource_providers/605b250b-31ec-42bd-95b6-4054c3be342a/aggregates => generated 235 bytes in 14 msecs (HTTP/1.1 404) 5 headers in 202 bytes (1 switches on core 0)
2026-07-03 17:18:09.779 7 INFO placement.requestlog [None req-8886bd13-99f6-4ffe-bad7-1d78667ee331 331252c9f4204c7ba49d91631b693690 d4071225807044918bb0c29fc2dc3f47 - - 9470f16e21ec4095bc8b61ff64304d73 9470f16e21ec4095bc8b61ff64304d73] 10.0.0.85 "GET /resource_providers/605b250b-31ec-42bd-95b6-4054c3be342a/aggregates" status: 404 len: 235 microversion: 1.1 [pid: 7|app: 0|req: 556/1103] 10.0.0.85 () {32 vars in 815 bytes} [Fri Jul 3 17:18:09 2026] GET /resource_providers/605b250b-31ec-42bd-95b6-4054c3be342a/aggregates => generated 235 bytes in 19 msecs (HTTP/1.1 404) 5 headers in 202 bytes (1 switches on core 0)
2026-07-03 17:18:09.785 8 INFO placement.requestlog [None req-7e9ab5a2-8c04-4e08-99cc-2d0be8c537f4 331252c9f4204c7ba49d91631b693690 d4071225807044918bb0c29fc2dc3f47 - - 9470f16e21ec4095bc8b61ff64304d73 9470f16e21ec4095bc8b61ff64304d73] 10.0.0.85 "DELETE /resource_providers/605b250b-31ec-42bd-95b6-4054c3be342a" status: 404 len: 246 microversion: 1.1 [pid: 8|app: 0|req: 548/1104] 10.0.0.85 () {34 vars in 815 bytes} [Fri Jul 3 17:18:09 2026] DELETE /resource_providers/605b250b-31ec-42bd-95b6-4054c3be342a => generated 246 bytes in 17 msecs (HTTP/1.1 404) 6 headers in 231 bytes (1 switches on core 0)
2026-07-03 17:18:09.808 7 INFO placement.requestlog [None req-bd154937-b70f-443d-b237-9b3149278bf1 331252c9f4204c7ba49d91631b693690 d4071225807044918bb0c29fc2dc3f47 - - 9470f16e21ec4095bc8b61ff64304d73 9470f16e21ec4095bc8b61ff64304d73] 10.0.0.85 "DELETE /resource_providers/605b250b-31ec-42bd-95b6-4054c3be342a" status: 404 len: 246 microversion: 1.1 [pid: 7|app: 0|req: 557/1105] 10.0.0.85 () {34 vars in 815 bytes} [Fri Jul 3 17:18:09 2026] DELETE /resource_providers/605b250b-31ec-42bd-95b6-4054c3be342a => generated 246 bytes in 11 msecs (HTTP/1.1 404) 6 headers in 231 bytes (1 switches on core 0)
2026-07-03 17:18:10.312 8 INFO placement.requestlog [req-20c80b01-b1a3-4e06-84bd-8019162e73e2 req-12c38fe5-e1f9-48a6-97dc-d9f58e661ed5 7f48ab4511f84878b338c26a8a64fa80 d4071225807044918bb0c29fc2dc3f47 - - 9470f16e21ec4095bc8b61ff64304d73 9470f16e21ec4095bc8b61ff64304d73] 199.204.45.53 "DELETE /allocations/eec9db22-35b1-406d-a4e8-06c3b8a91ed3" status: 204 len: 0 microversion: 1.0 [pid: 8|app: 0|req: 549/1106] 199.204.45.53 () {34 vars in 840 bytes} [Fri Jul 3 17:18:10 2026] DELETE /allocations/eec9db22-35b1-406d-a4e8-06c3b8a91ed3 => generated 0 bytes in 23 msecs (HTTP/1.1 204) 5 headers in 198 bytes (1 switches on core 0)
2026-07-03 17:18:13.581 8 INFO placement.requestlog [None req-4c8cdc42-66d0-4635-baca-49dd9b7834da 331252c9f4204c7ba49d91631b693690 d4071225807044918bb0c29fc2dc3f47 - - 9470f16e21ec4095bc8b61ff64304d73 9470f16e21ec4095bc8b61ff64304d73] 10.0.0.85 "GET /resource_providers/57f76b0d-3ac9-4161-bd08-a4a3f35432f2/aggregates" status: 404 len: 235 microversion: 1.1 [pid: 8|app: 0|req: 550/1107] 10.0.0.85 () {32 vars in 815 bytes} [Fri Jul 3 17:18:13 2026] GET /resource_providers/57f76b0d-3ac9-4161-bd08-a4a3f35432f2/aggregates => generated 235 bytes in 15 msecs (HTTP/1.1 404) 5 headers in 202 bytes (1 switches on core 0)
2026-07-03 17:18:13.584 7 INFO placement.requestlog [None req-2b54ac13-85f8-4fb2-9018-dca86caba4ab 331252c9f4204c7ba49d91631b693690 d4071225807044918bb0c29fc2dc3f47 - - 9470f16e21ec4095bc8b61ff64304d73 9470f16e21ec4095bc8b61ff64304d73] 10.0.0.85 "GET /resource_providers/57f76b0d-3ac9-4161-bd08-a4a3f35432f2/aggregates" status: 404 len: 235 microversion: 1.1 [pid: 7|app: 0|req: 558/1108] 10.0.0.85 () {32 vars in 815 bytes} [Fri Jul 3 17:18:13 2026] GET /resource_providers/57f76b0d-3ac9-4161-bd08-a4a3f35432f2/aggregates => generated 235 bytes in 20 msecs (HTTP/1.1 404) 5 headers in 202 bytes (1 switches on core 0)
2026-07-03 17:18:13.604 8 INFO placement.requestlog [None req-c0eefd81-497d-4286-99a0-82abbb56d42c 331252c9f4204c7ba49d91631b693690 d4071225807044918bb0c29fc2dc3f47 - - 9470f16e21ec4095bc8b61ff64304d73 9470f16e21ec4095bc8b61ff64304d73] 10.0.0.85 "DELETE /resource_providers/57f76b0d-3ac9-4161-bd08-a4a3f35432f2" status: 404 len: 246 microversion: 1.1 [pid: 8|app: 0|req: 551/1109] 10.0.0.85 () {34 vars in 815 bytes} [Fri Jul 3 17:18:13 2026] DELETE /resource_providers/57f76b0d-3ac9-4161-bd08-a4a3f35432f2 => generated 246 bytes in 8 msecs (HTTP/1.1 404) 6 headers in 231 bytes (1 switches on core 0)
2026-07-03 17:18:13.606 7 INFO placement.requestlog [None req-48edcaa1-8738-4519-b1fb-ea23128eca48 331252c9f4204c7ba49d91631b693690 d4071225807044918bb0c29fc2dc3f47 - - 9470f16e21ec4095bc8b61ff64304d73 9470f16e21ec4095bc8b61ff64304d73] 10.0.0.85 "DELETE /resource_providers/57f76b0d-3ac9-4161-bd08-a4a3f35432f2" status: 404 len: 246 microversion: 1.1 [pid: 7|app: 0|req: 559/1110] 10.0.0.85 () {34 vars in 815 bytes} [Fri Jul 3 17:18:13 2026] DELETE /resource_providers/57f76b0d-3ac9-4161-bd08-a4a3f35432f2 => generated 246 bytes in 10 msecs (HTTP/1.1 404) 6 headers in 231 bytes (1 switches on core 0)
2026-07-03 17:18:19.759 7 INFO placement.requestlog [None req-8321b841-1dd3-4e77-a26b-9e0fbef90c6b - - - - - -] 10.0.0.114 "GET /" status: 200 len: 136 microversion: 1.0
2026-07-03 17:18:19.759 8 INFO placement.requestlog [None req-b00439c8-26a9-4152-9b45-eff6d29afa08 - - - - - -] 10.0.0.114 "GET /" status: 200 len: 136 microversion: 1.0
2026-07-03 17:18:23.974 7 INFO placement.requestlog [None req-02880de9-7ee9-4831-b58b-2e2e866c889b 331252c9f4204c7ba49d91631b693690 d4071225807044918bb0c29fc2dc3f47 - - 9470f16e21ec4095bc8b61ff64304d73 9470f16e21ec4095bc8b61ff64304d73] 10.0.0.85 "GET /resource_providers/fe43acb7-0bdf-4f52-b665-94f84085f889/aggregates" status: 404 len: 235 microversion: 1.1 [pid: 7|app: 0|req: 561/1113] 10.0.0.85 () {32 vars in 815 bytes} [Fri Jul 3 17:18:23 2026] GET /resource_providers/fe43acb7-0bdf-4f52-b665-94f84085f889/aggregates => generated 235 bytes in 11 msecs (HTTP/1.1 404) 5 headers in 202 bytes (1 switches on core 0)
2026-07-03 17:18:23.975 8 INFO placement.requestlog [None req-4810cd22-8bc4-49c6-aa68-9196538c7e2c 331252c9f4204c7ba49d91631b693690 d4071225807044918bb0c29fc2dc3f47 - - 9470f16e21ec4095bc8b61ff64304d73 9470f16e21ec4095bc8b61ff64304d73] 10.0.0.85 "GET /resource_providers/fe43acb7-0bdf-4f52-b665-94f84085f889/aggregates" status: 404 len: 235 microversion: 1.1 [pid: 8|app: 0|req: 553/1114] 10.0.0.85 () {32 vars in 815 bytes} [Fri Jul 3 17:18:23 2026] GET /resource_providers/fe43acb7-0bdf-4f52-b665-94f84085f889/aggregates => generated 235 bytes in 8 msecs (HTTP/1.1 404) 5 headers in 202 bytes (1 switches on core 0)
2026-07-03 17:18:23.999 7 INFO placement.requestlog [None req-d7fbc9bd-039b-491b-9eb0-499a0000c7bb 331252c9f4204c7ba49d91631b693690 d4071225807044918bb0c29fc2dc3f47 - - 9470f16e21ec4095bc8b61ff64304d73 9470f16e21ec4095bc8b61ff64304d73] 10.0.0.85 "DELETE /resource_providers/fe43acb7-0bdf-4f52-b665-94f84085f889" status: 404 len: 246 microversion: 1.1 [pid: 7|app: 0|req: 562/1115] 10.0.0.85 () {34 vars in 815 bytes} [Fri Jul 3 17:18:23 2026] DELETE /resource_providers/fe43acb7-0bdf-4f52-b665-94f84085f889 => generated 246 bytes in 11 msecs (HTTP/1.1 404) 6 headers in 231 bytes (1 switches on core 0)
2026-07-03 17:18:24.002 8 INFO placement.requestlog [None req-d3ec12ea-52c9-4aa9-bbc9-9f306c0895de 331252c9f4204c7ba49d91631b693690 d4071225807044918bb0c29fc2dc3f47 - - 9470f16e21ec4095bc8b61ff64304d73 9470f16e21ec4095bc8b61ff64304d73] 10.0.0.85 "DELETE /resource_providers/fe43acb7-0bdf-4f52-b665-94f84085f889" status: 404 len: 246 microversion: 1.1 [pid: 8|app: 0|req: 554/1116] 10.0.0.85 () {34 vars in 815 bytes} [Fri Jul 3 17:18:23 2026] DELETE /resource_providers/fe43acb7-0bdf-4f52-b665-94f84085f889 => generated 246 bytes in 14 msecs (HTTP/1.1 404) 6 headers in 231 bytes (1 switches on core 0)
2026-07-03 17:18:26.034 7 INFO placement.requestlog [None req-84149afc-2d41-46a8-8e3d-835fd53b0ace 331252c9f4204c7ba49d91631b693690 d4071225807044918bb0c29fc2dc3f47 - - 9470f16e21ec4095bc8b61ff64304d73 9470f16e21ec4095bc8b61ff64304d73] 10.0.0.85 "GET /resource_providers/d66c462a-b3e8-47d1-a31e-78057bcf7866/aggregates" status: 404 len: 235 microversion: 1.1 [pid: 7|app: 0|req: 563/1117] 10.0.0.85 () {32 vars in 815 bytes} [Fri Jul 3 17:18:26 2026] GET /resource_providers/d66c462a-b3e8-47d1-a31e-78057bcf7866/aggregates => generated 235 bytes in 21 msecs (HTTP/1.1 404) 5 headers in 202 bytes (1 switches on core 0)
2026-07-03 17:18:26.039 8 INFO placement.requestlog [None req-cb603194-1914-444c-b363-5256432120b1 331252c9f4204c7ba49d91631b693690 d4071225807044918bb0c29fc2dc3f47 - - 9470f16e21ec4095bc8b61ff64304d73 9470f16e21ec4095bc8b61ff64304d73] 10.0.0.85 "GET /resource_providers/d66c462a-b3e8-47d1-a31e-78057bcf7866/aggregates" status: 404 len: 235 microversion: 1.1 [pid: 8|app: 0|req: 555/1118] 10.0.0.85 () {32 vars in 815 bytes} [Fri Jul 3 17:18:26 2026] GET /resource_providers/d66c462a-b3e8-47d1-a31e-78057bcf7866/aggregates => generated 235 bytes in 22 msecs (HTTP/1.1 404) 5 headers in 202 bytes (1 switches on core 0)
2026-07-03 17:18:26.059 7 INFO placement.requestlog [None req-58a1e0d8-de26-4634-835f-cb0064606160 331252c9f4204c7ba49d91631b693690 d4071225807044918bb0c29fc2dc3f47 - - 9470f16e21ec4095bc8b61ff64304d73 9470f16e21ec4095bc8b61ff64304d73] 10.0.0.85 "DELETE /resource_providers/d66c462a-b3e8-47d1-a31e-78057bcf7866" status: 404 len: 246 microversion: 1.1 [pid: 7|app: 0|req: 564/1119] 10.0.0.85 () {34 vars in 815 bytes} [Fri Jul 3 17:18:26 2026] DELETE /resource_providers/d66c462a-b3e8-47d1-a31e-78057bcf7866 => generated 246 bytes in 16 msecs (HTTP/1.1 404) 6 headers in 231 bytes (1 switches on core 0)
2026-07-03 17:18:26.064 8 INFO placement.requestlog [None req-0e6e02d4-7b29-40d8-a8d6-b6b92926d752 331252c9f4204c7ba49d91631b693690 d4071225807044918bb0c29fc2dc3f47 - - 9470f16e21ec4095bc8b61ff64304d73 9470f16e21ec4095bc8b61ff64304d73] 10.0.0.85 "DELETE /resource_providers/d66c462a-b3e8-47d1-a31e-78057bcf7866" status: 404 len: 246 microversion: 1.1 [pid: 8|app: 0|req: 556/1120] 10.0.0.85 () {34 vars in 815 bytes} [Fri Jul 3 17:18:26 2026] DELETE /resource_providers/d66c462a-b3e8-47d1-a31e-78057bcf7866 => generated 246 bytes in 16 msecs (HTTP/1.1 404) 6 headers in 231 bytes (1 switches on core 0)
2026-07-03 17:18:26.079 7 INFO placement.requestlog [None req-7854ff02-5510-453f-af08-6f32c794eab3 331252c9f4204c7ba49d91631b693690 d4071225807044918bb0c29fc2dc3f47 - - 9470f16e21ec4095bc8b61ff64304d73 9470f16e21ec4095bc8b61ff64304d73] 10.0.0.85 "GET /resource_providers/e5defa0b-50d2-4238-b1fa-cd7c5658770f/aggregates" status: 404 len: 235 microversion: 1.1 [pid: 7|app: 0|req: 565/1121] 10.0.0.85 () {32 vars in 815 bytes} [Fri Jul 3 17:18:26 2026] GET /resource_providers/e5defa0b-50d2-4238-b1fa-cd7c5658770f/aggregates => generated 235 bytes in 11 msecs (HTTP/1.1 404) 5 headers in 202 bytes (1 switches on core 0)
2026-07-03 17:18:26.091 8 INFO placement.requestlog [None req-6d957e59-5c03-4aff-8650-cde73643ee63 331252c9f4204c7ba49d91631b693690 d4071225807044918bb0c29fc2dc3f47 - - 9470f16e21ec4095bc8b61ff64304d73 9470f16e21ec4095bc8b61ff64304d73] 10.0.0.85 "GET /resource_providers/e5defa0b-50d2-4238-b1fa-cd7c5658770f/aggregates" status: 404 len: 235 microversion: 1.1 [pid: 8|app: 0|req: 557/1122] 10.0.0.85 () {32 vars in 815 bytes} [Fri Jul 3 17:18:26 2026] GET /resource_providers/e5defa0b-50d2-4238-b1fa-cd7c5658770f/aggregates => generated 235 bytes in 20 msecs (HTTP/1.1 404) 5 headers in 202 bytes (1 switches on core 0)
2026-07-03 17:18:26.106 8 INFO placement.requestlog [None req-17e7ed22-7524-43eb-9a71-117c5bc62b31 331252c9f4204c7ba49d91631b693690 d4071225807044918bb0c29fc2dc3f47 - - 9470f16e21ec4095bc8b61ff64304d73 9470f16e21ec4095bc8b61ff64304d73] 10.0.0.85 "DELETE /resource_providers/e5defa0b-50d2-4238-b1fa-cd7c5658770f" status: 404 len: 246 microversion: 1.1 [pid: 8|app: 0|req: 558/1123] 10.0.0.85 () {34 vars in 815 bytes} [Fri Jul 3 17:18:26 2026] DELETE /resource_providers/e5defa0b-50d2-4238-b1fa-cd7c5658770f => generated 246 bytes in 6 msecs (HTTP/1.1 404) 6 headers in 231 bytes (1 switches on core 0)
2026-07-03 17:18:26.111 7 INFO placement.requestlog [None req-88959123-17b8-4184-995b-9fa224da5d71 331252c9f4204c7ba49d91631b693690 d4071225807044918bb0c29fc2dc3f47 - - 9470f16e21ec4095bc8b61ff64304d73 9470f16e21ec4095bc8b61ff64304d73] 10.0.0.85 "DELETE /resource_providers/e5defa0b-50d2-4238-b1fa-cd7c5658770f" status: 404 len: 246 microversion: 1.1 [pid: 7|app: 0|req: 566/1124] 10.0.0.85 () {34 vars in 815 bytes} [Fri Jul 3 17:18:26 2026] DELETE /resource_providers/e5defa0b-50d2-4238-b1fa-cd7c5658770f => generated 246 bytes in 12 msecs (HTTP/1.1 404) 6 headers in 231 bytes (1 switches on core 0)
2026-07-03 17:18:26.126 7 INFO placement.requestlog [None req-4af1455f-aadc-4056-9254-f8bdc3dd991e 331252c9f4204c7ba49d91631b693690 d4071225807044918bb0c29fc2dc3f47 - - 9470f16e21ec4095bc8b61ff64304d73 9470f16e21ec4095bc8b61ff64304d73] 10.0.0.85 "GET /resource_providers/69bb07f4-5b6e-435b-953d-0c55e22d0977/aggregates" status: 404 len: 235 microversion: 1.1 [pid: 7|app: 0|req: 567/1125] 10.0.0.85 () {32 vars in 815 bytes} [Fri Jul 3 17:18:26 2026] GET /resource_providers/69bb07f4-5b6e-435b-953d-0c55e22d0977/aggregates => generated 235 bytes in 8 msecs (HTTP/1.1 404) 5 headers in 202 bytes (1 switches on core 0)
2026-07-03 17:18:26.131 8 INFO placement.requestlog [None req-a759ea9f-adcc-4720-bd75-ba2d54d8aba2 331252c9f4204c7ba49d91631b693690 d4071225807044918bb0c29fc2dc3f47 - - 9470f16e21ec4095bc8b61ff64304d73 9470f16e21ec4095bc8b61ff64304d73] 10.0.0.85 "GET /resource_providers/69bb07f4-5b6e-435b-953d-0c55e22d0977/aggregates" status: 404 len: 235 microversion: 1.1 [pid: 8|app: 0|req: 559/1126] 10.0.0.85 () {32 vars in 815 bytes} [Fri Jul 3 17:18:26 2026] GET /resource_providers/69bb07f4-5b6e-435b-953d-0c55e22d0977/aggregates => generated 235 bytes in 16 msecs (HTTP/1.1 404) 5 headers in 202 bytes (1 switches on core 0)
2026-07-03 17:18:26.152 7 INFO placement.requestlog [None req-b55900c9-46b2-4fd0-b79a-46fa1051c739 331252c9f4204c7ba49d91631b693690 d4071225807044918bb0c29fc2dc3f47 - - 9470f16e21ec4095bc8b61ff64304d73 9470f16e21ec4095bc8b61ff64304d73] 10.0.0.85 "DELETE /resource_providers/69bb07f4-5b6e-435b-953d-0c55e22d0977" status: 404 len: 246 microversion: 1.1 [pid: 7|app: 0|req: 568/1127] 10.0.0.85 () {34 vars in 815 bytes} [Fri Jul 3 17:18:26 2026] DELETE /resource_providers/69bb07f4-5b6e-435b-953d-0c55e22d0977 => generated 246 bytes in 11 msecs (HTTP/1.1 404) 6 headers in 231 bytes (1 switches on core 0)
2026-07-03 17:18:26.157 8 INFO placement.requestlog [None req-d6e85f80-93d5-4fe8-9309-188834a14f68 331252c9f4204c7ba49d91631b693690 d4071225807044918bb0c29fc2dc3f47 - - 9470f16e21ec4095bc8b61ff64304d73 9470f16e21ec4095bc8b61ff64304d73] 10.0.0.85 "DELETE /resource_providers/69bb07f4-5b6e-435b-953d-0c55e22d0977" status: 404 len: 246 microversion: 1.1 [pid: 8|app: 0|req: 560/1128] 10.0.0.85 () {34 vars in 815 bytes} [Fri Jul 3 17:18:26 2026] DELETE /resource_providers/69bb07f4-5b6e-435b-953d-0c55e22d0977 => generated 246 bytes in 14 msecs (HTTP/1.1 404) 6 headers in 231 bytes (1 switches on core 0)
2026-07-03 17:18:26.173 7 INFO placement.requestlog [None req-61013d73-d1da-493f-96cc-97d692fcc3c9 331252c9f4204c7ba49d91631b693690 d4071225807044918bb0c29fc2dc3f47 - - 9470f16e21ec4095bc8b61ff64304d73 9470f16e21ec4095bc8b61ff64304d73] 10.0.0.85 "GET /resource_providers/7d97b404-7253-40d5-8820-32de37372781/aggregates" status: 404 len: 235 microversion: 1.1 [pid: 7|app: 0|req: 569/1129] 10.0.0.85 () {32 vars in 815 bytes} [Fri Jul 3 17:18:26 2026] GET /resource_providers/7d97b404-7253-40d5-8820-32de37372781/aggregates => generated 235 bytes in 10 msecs (HTTP/1.1 404) 5 headers in 202 bytes (1 switches on core 0)
2026-07-03 17:18:26.173 8 INFO placement.requestlog [None req-727611ff-91b6-4e35-9459-5a3f643e350e 331252c9f4204c7ba49d91631b693690 d4071225807044918bb0c29fc2dc3f47 - - 9470f16e21ec4095bc8b61ff64304d73 9470f16e21ec4095bc8b61ff64304d73] 10.0.0.85 "GET /resource_providers/7d97b404-7253-40d5-8820-32de37372781/aggregates" status: 404 len: 235 microversion: 1.1 [pid: 8|app: 0|req: 561/1130] 10.0.0.85 () {32 vars in 815 bytes} [Fri Jul 3 17:18:26 2026] GET /resource_providers/7d97b404-7253-40d5-8820-32de37372781/aggregates => generated 235 bytes in 8 msecs (HTTP/1.1 404) 5 headers in 202 bytes (1 switches on core 0)
2026-07-03 17:18:26.191 8 INFO placement.requestlog [None req-ec703510-118c-424b-86c0-b26b31c37f67 331252c9f4204c7ba49d91631b693690 d4071225807044918bb0c29fc2dc3f47 - - 9470f16e21ec4095bc8b61ff64304d73 9470f16e21ec4095bc8b61ff64304d73] 10.0.0.85 "DELETE /resource_providers/7d97b404-7253-40d5-8820-32de37372781" status: 404 len: 246 microversion: 1.1 [pid: 8|app: 0|req: 562/1131] 10.0.0.85 () {34 vars in 815 bytes} [Fri Jul 3 17:18:26 2026] DELETE /resource_providers/7d97b404-7253-40d5-8820-32de37372781 => generated 246 bytes in 7 msecs (HTTP/1.1 404) 6 headers in 231 bytes (1 switches on core 0)
2026-07-03 17:18:26.195 7 INFO placement.requestlog [None req-55ce1e0a-2970-413c-ae56-0f265ab8555d 331252c9f4204c7ba49d91631b693690 d4071225807044918bb0c29fc2dc3f47 - - 9470f16e21ec4095bc8b61ff64304d73 9470f16e21ec4095bc8b61ff64304d73] 10.0.0.85 "DELETE /resource_providers/7d97b404-7253-40d5-8820-32de37372781" status: 404 len: 246 microversion: 1.1 [pid: 7|app: 0|req: 570/1132] 10.0.0.85 () {34 vars in 815 bytes} [Fri Jul 3 17:18:26 2026] DELETE /resource_providers/7d97b404-7253-40d5-8820-32de37372781 => generated 246 bytes in 12 msecs (HTTP/1.1 404) 6 headers in 231 bytes (1 switches on core 0)
2026-07-03 17:18:29.758 7 INFO placement.requestlog [None req-7c2faf56-017a-42c9-a2e6-35fb11d2a551 - - - - - -] 10.0.0.114 "GET /" status: 200 len: 136 microversion: 1.0
2026-07-03 17:18:29.759 8 INFO placement.requestlog [None req-bdd3b0f1-8c61-4eda-9a64-f954faf2e3fc - - - - - -] 10.0.0.114 "GET /" status: 200 len: 136 microversion: 1.0
2026-07-03 17:18:34.734 7 INFO placement.requestlog [None req-b8b34f84-14e7-432a-8219-4824fe2cf2f0 331252c9f4204c7ba49d91631b693690 d4071225807044918bb0c29fc2dc3f47 - - 9470f16e21ec4095bc8b61ff64304d73 9470f16e21ec4095bc8b61ff64304d73] 10.0.0.85 "GET /resource_providers/e76aa390-26c3-47e8-a934-837c0273a43e/aggregates" status: 404 len: 235 microversion: 1.1
2026-07-03 17:18:34.734 8 INFO placement.requestlog [None req-4cfb2430-ebcc-4bca-a02e-4ddf4a51f5ec 331252c9f4204c7ba49d91631b693690 d4071225807044918bb0c29fc2dc3f47 - - 9470f16e21ec4095bc8b61ff64304d73 9470f16e21ec4095bc8b61ff64304d73] 10.0.0.85 "GET /resource_providers/e76aa390-26c3-47e8-a934-837c0273a43e/aggregates" status: 404 len: 235 microversion: 1.1 [pid: 7|app: 0|req: 572/1135] 10.0.0.85 () {32 vars in 815 bytes} [Fri Jul 3 17:18:34 2026] GET /resource_providers/e76aa390-26c3-47e8-a934-837c0273a43e/aggregates => generated 235 bytes in 13 msecs (HTTP/1.1 404) 5 headers in 202 bytes (1 switches on core 0) [pid: 8|app: 0|req: 564/1136] 10.0.0.85 () {32 vars in 815 bytes} [Fri Jul 3 17:18:34 2026] GET /resource_providers/e76aa390-26c3-47e8-a934-837c0273a43e/aggregates => generated 235 bytes in 13 msecs (HTTP/1.1 404) 5 headers in 202 bytes (1 switches on core 0)
2026-07-03 17:18:34.758 7 INFO placement.requestlog [None req-7396db53-9b8b-4cc8-b23f-8e8bdecafd92 331252c9f4204c7ba49d91631b693690 d4071225807044918bb0c29fc2dc3f47 - - 9470f16e21ec4095bc8b61ff64304d73 9470f16e21ec4095bc8b61ff64304d73] 10.0.0.85 "DELETE /resource_providers/e76aa390-26c3-47e8-a934-837c0273a43e" status: 404 len: 246 microversion: 1.1 [pid: 7|app: 0|req: 573/1137] 10.0.0.85 () {34 vars in 815 bytes} [Fri Jul 3 17:18:34 2026] DELETE /resource_providers/e76aa390-26c3-47e8-a934-837c0273a43e => generated 246 bytes in 12 msecs (HTTP/1.1 404) 6 headers in 231 bytes (1 switches on core 0)
2026-07-03 17:18:34.761 8 INFO placement.requestlog [None req-8324c9ef-3745-409d-b58c-f0162071067a 331252c9f4204c7ba49d91631b693690 d4071225807044918bb0c29fc2dc3f47 - - 9470f16e21ec4095bc8b61ff64304d73 9470f16e21ec4095bc8b61ff64304d73] 10.0.0.85 "DELETE /resource_providers/e76aa390-26c3-47e8-a934-837c0273a43e" status: 404 len: 246 microversion: 1.1 [pid: 8|app: 0|req: 565/1138] 10.0.0.85 () {34 vars in 815 bytes} [Fri Jul 3 17:18:34 2026] DELETE /resource_providers/e76aa390-26c3-47e8-a934-837c0273a43e => generated 246 bytes in 14 msecs (HTTP/1.1 404) 6 headers in 231 bytes (1 switches on core 0)
2026-07-03 17:18:39.757 7 INFO placement.requestlog [None req-9b2de641-f5e0-463a-89b5-22f28a3b429d - - - - - -] 10.0.0.114 "GET /" status: 200 len: 136 microversion: 1.0
2026-07-03 17:18:39.758 8 INFO placement.requestlog [None req-939a8124-e1e0-42bd-9e2f-4b9729ceb3ba - - - - - -] 10.0.0.114 "GET /" status: 200 len: 136 microversion: 1.0
2026-07-03 17:18:40.956 8 INFO placement.requestlog [None req-27ba590d-a018-4c17-adac-f5425dccef82 331252c9f4204c7ba49d91631b693690 d4071225807044918bb0c29fc2dc3f47 - - 9470f16e21ec4095bc8b61ff64304d73 9470f16e21ec4095bc8b61ff64304d73] 10.0.0.85 "GET /resource_providers/26916d98-36cf-4d9a-b5e1-eb7a27ac1c13/aggregates" status: 404 len: 235 microversion: 1.1 [pid: 8|app: 0|req: 567/1141] 10.0.0.85 () {32 vars in 815 bytes} [Fri Jul 3 17:18:40 2026] GET /resource_providers/26916d98-36cf-4d9a-b5e1-eb7a27ac1c13/aggregates => generated 235 bytes in 102 msecs (HTTP/1.1 404) 5 headers in 202 bytes (1 switches on core 0)
2026-07-03 17:18:40.965 7 INFO placement.requestlog [None req-fa1ca0c8-4d58-4d00-9158-a90e386ad881 331252c9f4204c7ba49d91631b693690 d4071225807044918bb0c29fc2dc3f47 - - 9470f16e21ec4095bc8b61ff64304d73 9470f16e21ec4095bc8b61ff64304d73] 10.0.0.85 "GET /resource_providers/26916d98-36cf-4d9a-b5e1-eb7a27ac1c13/aggregates" status: 404 len: 235 microversion: 1.1 [pid: 7|app: 0|req: 575/1142] 10.0.0.85 () {32 vars in 815 bytes} [Fri Jul 3 17:18:40 2026] GET /resource_providers/26916d98-36cf-4d9a-b5e1-eb7a27ac1c13/aggregates => generated 235 bytes in 110 msecs (HTTP/1.1 404) 5 headers in 202 bytes (1 switches on core 0)
2026-07-03 17:18:40.975 8 INFO placement.requestlog [None req-2dd2129a-eea2-4fa9-af64-05bc14e4ad2b 331252c9f4204c7ba49d91631b693690 d4071225807044918bb0c29fc2dc3f47 - - 9470f16e21ec4095bc8b61ff64304d73 9470f16e21ec4095bc8b61ff64304d73] 10.0.0.85 "DELETE /resource_providers/26916d98-36cf-4d9a-b5e1-eb7a27ac1c13" status: 404 len: 246 microversion: 1.1 [pid: 8|app: 0|req: 568/1143] 10.0.0.85 () {34 vars in 815 bytes} [Fri Jul 3 17:18:40 2026] DELETE /resource_providers/26916d98-36cf-4d9a-b5e1-eb7a27ac1c13 => generated 246 bytes in 10 msecs (HTTP/1.1 404) 6 headers in 231 bytes (1 switches on core 0)
2026-07-03 17:18:40.978 7 INFO placement.requestlog [None req-cc8d67b5-e294-414d-abf3-719161b585d1 331252c9f4204c7ba49d91631b693690 d4071225807044918bb0c29fc2dc3f47 - - 9470f16e21ec4095bc8b61ff64304d73 9470f16e21ec4095bc8b61ff64304d73] 10.0.0.85 "DELETE /resource_providers/26916d98-36cf-4d9a-b5e1-eb7a27ac1c13" status: 404 len: 246 microversion: 1.1 [pid: 7|app: 0|req: 576/1144] 10.0.0.85 () {34 vars in 815 bytes} [Fri Jul 3 17:18:40 2026] DELETE /resource_providers/26916d98-36cf-4d9a-b5e1-eb7a27ac1c13 => generated 246 bytes in 6 msecs (HTTP/1.1 404) 6 headers in 231 bytes (1 switches on core 0)
2026-07-03 17:18:43.005 7 INFO placement.requestlog [None req-3d964eec-5c5b-4737-98c3-f2f369a04e66 331252c9f4204c7ba49d91631b693690 d4071225807044918bb0c29fc2dc3f47 - - 9470f16e21ec4095bc8b61ff64304d73 9470f16e21ec4095bc8b61ff64304d73] 10.0.0.85 "GET /resource_providers/393dc3cf-5927-4c14-a377-f4a48c46478f/aggregates" status: 404 len: 235 microversion: 1.1 [pid: 7|app: 0|req: 577/1145] 10.0.0.85 () {32 vars in 815 bytes} [Fri Jul 3 17:18:42 2026] GET /resource_providers/393dc3cf-5927-4c14-a377-f4a48c46478f/aggregates => generated 235 bytes in 9 msecs (HTTP/1.1 404) 5 headers in 202 bytes (1 switches on core 0)
2026-07-03 17:18:43.007 8 INFO placement.requestlog [None req-0702f6f0-2c90-44b0-9722-7af24db174a3 331252c9f4204c7ba49d91631b693690 d4071225807044918bb0c29fc2dc3f47 - - 9470f16e21ec4095bc8b61ff64304d73 9470f16e21ec4095bc8b61ff64304d73] 10.0.0.85 "GET /resource_providers/393dc3cf-5927-4c14-a377-f4a48c46478f/aggregates" status: 404 len: 235 microversion: 1.1 [pid: 8|app: 0|req: 569/1146] 10.0.0.85 () {32 vars in 815 bytes} [Fri Jul 3 17:18:42 2026] GET /resource_providers/393dc3cf-5927-4c14-a377-f4a48c46478f/aggregates => generated 235 bytes in 13 msecs (HTTP/1.1 404) 5 headers in 202 bytes (1 switches on core 0)
2026-07-03 17:18:43.025 8 INFO placement.requestlog [None req-fe239520-5129-4345-a2e9-d0e0e057620e 331252c9f4204c7ba49d91631b693690 d4071225807044918bb0c29fc2dc3f47 - - 9470f16e21ec4095bc8b61ff64304d73 9470f16e21ec4095bc8b61ff64304d73] 10.0.0.85 "DELETE /resource_providers/393dc3cf-5927-4c14-a377-f4a48c46478f" status: 404 len: 246 microversion: 1.1 [pid: 8|app: 0|req: 570/1147] 10.0.0.85 () {34 vars in 815 bytes} [Fri Jul 3 17:18:43 2026] DELETE /resource_providers/393dc3cf-5927-4c14-a377-f4a48c46478f => generated 246 bytes in 9 msecs (HTTP/1.1 404) 6 headers in 231 bytes (1 switches on core 0)
2026-07-03 17:18:43.028 7 INFO placement.requestlog [None req-211846d6-15f0-4bec-8c3b-9bc19339c172 331252c9f4204c7ba49d91631b693690 d4071225807044918bb0c29fc2dc3f47 - - 9470f16e21ec4095bc8b61ff64304d73 9470f16e21ec4095bc8b61ff64304d73] 10.0.0.85 "DELETE /resource_providers/393dc3cf-5927-4c14-a377-f4a48c46478f" status: 404 len: 246 microversion: 1.1 [pid: 7|app: 0|req: 578/1148] 10.0.0.85 () {34 vars in 815 bytes} [Fri Jul 3 17:18:43 2026] DELETE /resource_providers/393dc3cf-5927-4c14-a377-f4a48c46478f => generated 246 bytes in 14 msecs (HTTP/1.1 404) 6 headers in 231 bytes (1 switches on core 0)
2026-07-03 17:18:43.045 7 INFO placement.requestlog [None req-23f31d8e-5df2-4f4b-b461-17216e87b324 331252c9f4204c7ba49d91631b693690 d4071225807044918bb0c29fc2dc3f47 - - 9470f16e21ec4095bc8b61ff64304d73 9470f16e21ec4095bc8b61ff64304d73] 10.0.0.85 "GET /resource_providers/a57b0a2f-967f-42d8-9b85-dbda3ffe2d0a/aggregates" status: 404 len: 235 microversion: 1.1
2026-07-03 17:18:43.045 8 INFO placement.requestlog [None req-27112290-b76d-49fc-bb9a-9903beecc118 331252c9f4204c7ba49d91631b693690 d4071225807044918bb0c29fc2dc3f47 - - 9470f16e21ec4095bc8b61ff64304d73 9470f16e21ec4095bc8b61ff64304d73] 10.0.0.85 "GET /resource_providers/a57b0a2f-967f-42d8-9b85-dbda3ffe2d0a/aggregates" status: 404 len: 235 microversion: 1.1 [pid: 8|app: 0|req: 571/1150] 10.0.0.85 () {32 vars in 815 bytes} [Fri Jul 3 17:18:43 2026] GET /resource_providers/a57b0a2f-967f-42d8-9b85-dbda3ffe2d0a/aggregates => generated 235 bytes in 10 msecs (HTTP/1.1 404) 5 headers in 202 bytes (1 switches on core 0) [pid: 7|app: 0|req: 579/1150] 10.0.0.85 () {32 vars in 815 bytes} [Fri Jul 3 17:18:43 2026] GET /resource_providers/a57b0a2f-967f-42d8-9b85-dbda3ffe2d0a/aggregates => generated 235 bytes in 9 msecs (HTTP/1.1 404) 5 headers in 202 bytes (1 switches on core 0)
2026-07-03 17:18:43.064 8 INFO placement.requestlog [None req-728c60bf-5418-441f-aa1e-67a2e02bc405 331252c9f4204c7ba49d91631b693690 d4071225807044918bb0c29fc2dc3f47 - - 9470f16e21ec4095bc8b61ff64304d73 9470f16e21ec4095bc8b61ff64304d73] 10.0.0.85 "DELETE /resource_providers/a57b0a2f-967f-42d8-9b85-dbda3ffe2d0a" status: 404 len: 246 microversion: 1.1 [pid: 8|app: 0|req: 572/1151] 10.0.0.85 () {34 vars in 815 bytes} [Fri Jul 3 17:18:43 2026] DELETE /resource_providers/a57b0a2f-967f-42d8-9b85-dbda3ffe2d0a => generated 246 bytes in 8 msecs (HTTP/1.1 404) 6 headers in 231 bytes (1 switches on core 0)
2026-07-03 17:18:43.066 7 INFO placement.requestlog [None req-a6a2be92-ec5e-45aa-8a77-cd3ff0a9294e 331252c9f4204c7ba49d91631b693690 d4071225807044918bb0c29fc2dc3f47 - - 9470f16e21ec4095bc8b61ff64304d73 9470f16e21ec4095bc8b61ff64304d73] 10.0.0.85 "DELETE /resource_providers/a57b0a2f-967f-42d8-9b85-dbda3ffe2d0a" status: 404 len: 246 microversion: 1.1 [pid: 7|app: 0|req: 580/1152] 10.0.0.85 () {34 vars in 815 bytes} [Fri Jul 3 17:18:43 2026] DELETE /resource_providers/a57b0a2f-967f-42d8-9b85-dbda3ffe2d0a => generated 246 bytes in 9 msecs (HTTP/1.1 404) 6 headers in 231 bytes (1 switches on core 0)
2026-07-03 17:18:43.078 8 INFO placement.requestlog [None req-b747cdd7-4a09-47d1-952b-de79ac8cf161 331252c9f4204c7ba49d91631b693690 d4071225807044918bb0c29fc2dc3f47 - - 9470f16e21ec4095bc8b61ff64304d73 9470f16e21ec4095bc8b61ff64304d73] 10.0.0.85 "GET /resource_providers/4da8ac38-80ce-4ee6-a499-1eed30f862c3/aggregates" status: 404 len: 235 microversion: 1.1 [pid: 8|app: 0|req: 573/1153] 10.0.0.85 () {32 vars in 815 bytes} [Fri Jul 3 17:18:43 2026] GET /resource_providers/4da8ac38-80ce-4ee6-a499-1eed30f862c3/aggregates => generated 235 bytes in 7 msecs (HTTP/1.1 404) 5 headers in 202 bytes (1 switches on core 0)
2026-07-03 17:18:43.094 7 INFO placement.requestlog [None req-64f62141-76d5-4c82-86f3-f0162acd304c 331252c9f4204c7ba49d91631b693690 d4071225807044918bb0c29fc2dc3f47 - - 9470f16e21ec4095bc8b61ff64304d73 9470f16e21ec4095bc8b61ff64304d73] 10.0.0.85 "GET /resource_providers/4da8ac38-80ce-4ee6-a499-1eed30f862c3/aggregates" status: 404 len: 235 microversion: 1.1 [pid: 7|app: 0|req: 581/1154] 10.0.0.85 () {32 vars in 815 bytes} [Fri Jul 3 17:18:43 2026] GET /resource_providers/4da8ac38-80ce-4ee6-a499-1eed30f862c3/aggregates => generated 235 bytes in 15 msecs (HTTP/1.1 404) 5 headers in 202 bytes (1 switches on core 0)
2026-07-03 17:18:43.100 8 INFO placement.requestlog [None req-0041436d-67fd-479c-bcba-73313b696a15 331252c9f4204c7ba49d91631b693690 d4071225807044918bb0c29fc2dc3f47 - - 9470f16e21ec4095bc8b61ff64304d73 9470f16e21ec4095bc8b61ff64304d73] 10.0.0.85 "DELETE /resource_providers/4da8ac38-80ce-4ee6-a499-1eed30f862c3" status: 404 len: 246 microversion: 1.1 [pid: 8|app: 0|req: 574/1155] 10.0.0.85 () {34 vars in 815 bytes} [Fri Jul 3 17:18:43 2026] DELETE /resource_providers/4da8ac38-80ce-4ee6-a499-1eed30f862c3 => generated 246 bytes in 10 msecs (HTTP/1.1 404) 6 headers in 231 bytes (1 switches on core 0)
2026-07-03 17:18:43.112 8 INFO placement.requestlog [None req-21f9f7a7-55e3-4d2c-aeb8-af41a5ad51e2 331252c9f4204c7ba49d91631b693690 d4071225807044918bb0c29fc2dc3f47 - - 9470f16e21ec4095bc8b61ff64304d73 9470f16e21ec4095bc8b61ff64304d73] 10.0.0.85 "GET /resource_providers/523ea05c-71d5-446a-94d7-1dd8d61e857c/aggregates" status: 404 len: 235 microversion: 1.1 [pid: 8|app: 0|req: 575/1156] 10.0.0.85 () {32 vars in 815 bytes} [Fri Jul 3 17:18:43 2026] GET /resource_providers/523ea05c-71d5-446a-94d7-1dd8d61e857c/aggregates => generated 235 bytes in 7 msecs (HTTP/1.1 404) 5 headers in 202 bytes (1 switches on core 0)
2026-07-03 17:18:43.113 7 INFO placement.requestlog [None req-b10e4286-fc8b-4908-869f-c34423bc575a 331252c9f4204c7ba49d91631b693690 d4071225807044918bb0c29fc2dc3f47 - - 9470f16e21ec4095bc8b61ff64304d73 9470f16e21ec4095bc8b61ff64304d73] 10.0.0.85 "DELETE /resource_providers/4da8ac38-80ce-4ee6-a499-1eed30f862c3" status: 404 len: 246 microversion: 1.1 [pid: 7|app: 0|req: 582/1157] 10.0.0.85 () {34 vars in 815 bytes} [Fri Jul 3 17:18:43 2026] DELETE /resource_providers/4da8ac38-80ce-4ee6-a499-1eed30f862c3 => generated 246 bytes in 9 msecs (HTTP/1.1 404) 6 headers in 231 bytes (1 switches on core 0)
2026-07-03 17:18:43.129 8 INFO placement.requestlog [None req-61294776-6964-4334-88be-ecfd6b6f8c83 331252c9f4204c7ba49d91631b693690 d4071225807044918bb0c29fc2dc3f47 - - 9470f16e21ec4095bc8b61ff64304d73 9470f16e21ec4095bc8b61ff64304d73] 10.0.0.85 "DELETE /resource_providers/523ea05c-71d5-446a-94d7-1dd8d61e857c" status: 404 len: 246 microversion: 1.1 [pid: 8|app: 0|req: 576/1158] 10.0.0.85 () {34 vars in 815 bytes} [Fri Jul 3 17:18:43 2026] DELETE /resource_providers/523ea05c-71d5-446a-94d7-1dd8d61e857c => generated 246 bytes in 9 msecs (HTTP/1.1 404) 6 headers in 231 bytes (1 switches on core 0)
2026-07-03 17:18:43.133 7 INFO placement.requestlog [None req-f71c91b0-2eaf-463d-b4a4-c354d19a779b 331252c9f4204c7ba49d91631b693690 d4071225807044918bb0c29fc2dc3f47 - - 9470f16e21ec4095bc8b61ff64304d73 9470f16e21ec4095bc8b61ff64304d73] 10.0.0.85 "GET /resource_providers/523ea05c-71d5-446a-94d7-1dd8d61e857c/aggregates" status: 404 len: 235 microversion: 1.1 [pid: 7|app: 0|req: 583/1159] 10.0.0.85 () {32 vars in 815 bytes} [Fri Jul 3 17:18:43 2026] GET /resource_providers/523ea05c-71d5-446a-94d7-1dd8d61e857c/aggregates => generated 235 bytes in 11 msecs (HTTP/1.1 404) 5 headers in 202 bytes (1 switches on core 0)
2026-07-03 17:18:43.156 8 INFO placement.requestlog [None req-fb2cbd7f-8678-4f9d-96fd-ceb444096a96 331252c9f4204c7ba49d91631b693690 d4071225807044918bb0c29fc2dc3f47 - - 9470f16e21ec4095bc8b61ff64304d73 9470f16e21ec4095bc8b61ff64304d73] 10.0.0.85 "DELETE /resource_providers/523ea05c-71d5-446a-94d7-1dd8d61e857c" status: 404 len: 246 microversion: 1.1 [pid: 8|app: 0|req: 577/1160] 10.0.0.85 () {34 vars in 815 bytes} [Fri Jul 3 17:18:43 2026] DELETE /resource_providers/523ea05c-71d5-446a-94d7-1dd8d61e857c => generated 246 bytes in 8 msecs (HTTP/1.1 404) 6 headers in 231 bytes (1 switches on core 0)
2026-07-03 17:18:49.758 7 INFO placement.requestlog [None req-b434427a-d5e4-4dc6-ad0b-6721c8b395d0 - - - - - -] 10.0.0.114 "GET /" status: 200 len: 136 microversion: 1.0
2026-07-03 17:18:49.758 8 INFO placement.requestlog [None req-59ef0f50-fc1c-429b-bd27-e34c66df7ea5 - - - - - -] 10.0.0.114 "GET /" status: 200 len: 136 microversion: 1.0
2026-07-03 17:18:52.212 7 INFO placement.requestlog [req-e6b93282-c497-4c94-9093-b69a0c381e7a req-ba7f64fa-996f-4195-a2e5-9e5632a80049 7f48ab4511f84878b338c26a8a64fa80 d4071225807044918bb0c29fc2dc3f47 - - 9470f16e21ec4095bc8b61ff64304d73 9470f16e21ec4095bc8b61ff64304d73] 199.204.45.53 "GET /resource_providers/1303c347-ba68-41fc-8056-eae84c64a35f/allocations" status: 200 len: 55 microversion: 1.0 [pid: 7|app: 0|req: 585/1163] 199.204.45.53 () {32 vars in 856 bytes} [Fri Jul 3 17:18:52 2026] GET /resource_providers/1303c347-ba68-41fc-8056-eae84c64a35f/allocations => generated 55 bytes in 11 msecs (HTTP/1.1 200) 6 headers in 223 bytes (1 switches on core 0)
2026-07-03 17:18:52.231 8 INFO placement.requestlog [req-e6b93282-c497-4c94-9093-b69a0c381e7a req-e6ca4a17-60f0-42ca-a806-eb8f5d82fdaa 7f48ab4511f84878b338c26a8a64fa80 d4071225807044918bb0c29fc2dc3f47 - - 9470f16e21ec4095bc8b61ff64304d73 9470f16e21ec4095bc8b61ff64304d73] 199.204.45.53 "GET /resource_providers/1303c347-ba68-41fc-8056-eae84c64a35f/allocations" status: 200 len: 55 microversion: 1.0 [pid: 8|app: 0|req: 579/1164] 199.204.45.53 () {32 vars in 856 bytes} [Fri Jul 3 17:18:52 2026] GET /resource_providers/1303c347-ba68-41fc-8056-eae84c64a35f/allocations => generated 55 bytes in 13 msecs (HTTP/1.1 200) 6 headers in 223 bytes (1 switches on core 0)
2026-07-03 17:18:59.757 7 INFO placement.requestlog [None req-ac206616-5579-4ffb-85a5-60294febeae2 - - - - - -] 10.0.0.114 "GET /" status: 200 len: 136 microversion: 1.0
2026-07-03 17:18:59.758 8 INFO placement.requestlog [None req-cbacc412-b056-4938-ba04-e8b605cf674c - - - - - -] 10.0.0.114 "GET /" status: 200 len: 136 microversion: 1.0
2026-07-03 17:19:05.058 7 INFO placement.requestlog [None req-d112a7fa-42ce-47fc-bf4d-65bd2ec1a280 331252c9f4204c7ba49d91631b693690 d4071225807044918bb0c29fc2dc3f47 - - 9470f16e21ec4095bc8b61ff64304d73 9470f16e21ec4095bc8b61ff64304d73] 10.0.0.85 "GET /resource_providers/67b213ce-e9ea-46b4-b20e-bc40bcd6f4bf/aggregates" status: 404 len: 235 microversion: 1.1 [pid: 7|app: 0|req: 587/1167] 10.0.0.85 () {32 vars in 815 bytes} [Fri Jul 3 17:19:05 2026] GET /resource_providers/67b213ce-e9ea-46b4-b20e-bc40bcd6f4bf/aggregates => generated 235 bytes in 11 msecs (HTTP/1.1 404) 5 headers in 202 bytes (1 switches on core 0)
2026-07-03 17:19:05.063 8 INFO placement.requestlog [None req-b4fb61a8-e8a4-4cec-ba2e-d7962553dfcc 331252c9f4204c7ba49d91631b693690 d4071225807044918bb0c29fc2dc3f47 - - 9470f16e21ec4095bc8b61ff64304d73 9470f16e21ec4095bc8b61ff64304d73] 10.0.0.85 "GET /resource_providers/67b213ce-e9ea-46b4-b20e-bc40bcd6f4bf/aggregates" status: 404 len: 235 microversion: 1.1 [pid: 8|app: 0|req: 581/1168] 10.0.0.85 () {32 vars in 815 bytes} [Fri Jul 3 17:19:05 2026] GET /resource_providers/67b213ce-e9ea-46b4-b20e-bc40bcd6f4bf/aggregates => generated 235 bytes in 8 msecs (HTTP/1.1 404) 5 headers in 202 bytes (1 switches on core 0)
2026-07-03 17:19:05.086 7 INFO placement.requestlog [None req-c2c543b2-0d11-438b-b5c6-0e1650d4f023 331252c9f4204c7ba49d91631b693690 d4071225807044918bb0c29fc2dc3f47 - - 9470f16e21ec4095bc8b61ff64304d73 9470f16e21ec4095bc8b61ff64304d73] 10.0.0.85 "DELETE /resource_providers/67b213ce-e9ea-46b4-b20e-bc40bcd6f4bf" status: 404 len: 246 microversion: 1.1 [pid: 7|app: 0|req: 588/1169] 10.0.0.85 () {34 vars in 815 bytes} [Fri Jul 3 17:19:05 2026] DELETE /resource_providers/67b213ce-e9ea-46b4-b20e-bc40bcd6f4bf => generated 246 bytes in 12 msecs (HTTP/1.1 404) 6 headers in 231 bytes (1 switches on core 0)
