2026-07-03 16:33:49.157 7 INFO neutron.api.extensions [None req-f77299f6-8d64-4f2f-a206-bf82e4aeecab - - - - - -] Loaded extension: network_availability_zone
2026-07-03 16:33:49.158 8 INFO neutron.api.extensions [None req-11e8e44e-f464-4bb1-9d58-748eddff371c - - - - - -] Loaded extension: vpn-endpoint-groups
2026-07-03 16:33:49.158 7 INFO neutron.api.extensions [None req-f77299f6-8d64-4f2f-a206-bf82e4aeecab - - - - - -] Extension network_ha not supported by any of loaded plugins
2026-07-03 16:33:49.158 8 INFO neutron.api.extensions [None req-11e8e44e-f464-4bb1-9d58-748eddff371c - - - - - -] Loaded extension: vpn-flavors
2026-07-03 16:33:49.159 7 INFO neutron.api.extensions [None req-f77299f6-8d64-4f2f-a206-bf82e4aeecab - - - - - -] Loaded extension: network-ip-availability
2026-07-03 16:33:49.160 7 INFO neutron.api.extensions [None req-f77299f6-8d64-4f2f-a206-bf82e4aeecab - - - - - -] Extension network-segment-range not supported by any of loaded plugins
2026-07-03 16:33:49.160 8 INFO neutron.api.extensions [None req-11e8e44e-f464-4bb1-9d58-748eddff371c - - - - - -] Loaded extension: vpnaas
2026-07-03 16:33:49.160 7 INFO neutron.api.extensions [None req-f77299f6-8d64-4f2f-a206-bf82e4aeecab - - - - - -] Loaded extension: pagination
2026-07-03 16:33:49.161 7 INFO neutron.api.extensions [None req-f77299f6-8d64-4f2f-a206-bf82e4aeecab - - - - - -] Loaded extension: port-device-profile
2026-07-03 16:33:49.161 8 INFO neutron.api.extensions [None req-11e8e44e-f464-4bb1-9d58-748eddff371c - - - - - -] Loaded extension: taas
2026-07-03 16:33:49.161 7 INFO neutron.api.extensions [None req-f77299f6-8d64-4f2f-a206-bf82e4aeecab - - - - - -] Extension port-hardware-offload-type not supported by any of loaded plugins
2026-07-03 16:33:49.162 7 INFO neutron.api.extensions [None req-f77299f6-8d64-4f2f-a206-bf82e4aeecab - - - - - -] Extension port-hint-ovs-tx-steering not supported by any of loaded plugins
2026-07-03 16:33:49.162 8 INFO neutron.api.extensions [None req-11e8e44e-f464-4bb1-9d58-748eddff371c - - - - - -] Loaded extension: tap-mirror
2026-07-03 16:33:49.162 7 INFO neutron.api.extensions [None req-f77299f6-8d64-4f2f-a206-bf82e4aeecab - - - - - -] Extension port-hints not supported by any of loaded plugins
2026-07-03 16:33:49.163 8 INFO neutron.api.extensions [None req-11e8e44e-f464-4bb1-9d58-748eddff371c - - - - - -] Loaded extension: taas-vlan-filter
2026-07-03 16:33:49.163 7 INFO neutron.api.extensions [None req-f77299f6-8d64-4f2f-a206-bf82e4aeecab - - - - - -] Extension port-mac-override not supported by any of loaded plugins
2026-07-03 16:33:49.164 7 INFO neutron.api.extensions [None req-f77299f6-8d64-4f2f-a206-bf82e4aeecab - - - - - -] Loaded extension: port-mac-address-regenerate
2026-07-03 16:33:49.164 7 INFO neutron.api.extensions [None req-f77299f6-8d64-4f2f-a206-bf82e4aeecab - - - - - -] Loaded extension: port-numa-affinity-policy
2026-07-03 16:33:49.165 7 INFO neutron.api.extensions [None req-f77299f6-8d64-4f2f-a206-bf82e4aeecab - - - - - -] Loaded extension: port-numa-affinity-policy-socket
2026-07-03 16:33:49.165 7 INFO neutron.api.extensions [None req-f77299f6-8d64-4f2f-a206-bf82e4aeecab - - - - - -] Loaded extension: port-resource-request
2026-07-03 16:33:49.165 8 INFO neutron.quota.resource_registry [None req-11e8e44e-f464-4bb1-9d58-748eddff371c - - - - - -] Creating instance of TrackedResource for resource:network
2026-07-03 16:33:49.165 8 INFO neutron.quota.resource_registry [None req-11e8e44e-f464-4bb1-9d58-748eddff371c - - - - - -] Creating instance of TrackedResource for resource:subnet
2026-07-03 16:33:49.166 8 INFO neutron.quota.resource_registry [None req-11e8e44e-f464-4bb1-9d58-748eddff371c - - - - - -] Creating instance of TrackedResource for resource:subnetpool
2026-07-03 16:33:49.166 8 INFO neutron.quota.resource_registry [None req-11e8e44e-f464-4bb1-9d58-748eddff371c - - - - - -] Creating instance of TrackedResource for resource:port
2026-07-03 16:33:49.166 7 INFO neutron.api.extensions [None req-f77299f6-8d64-4f2f-a206-bf82e4aeecab - - - - - -] Loaded extension: port-resource-request-groups
2026-07-03 16:33:49.166 7 INFO neutron.api.extensions [None req-f77299f6-8d64-4f2f-a206-bf82e4aeecab - - - - - -] Extension port-trusted-vif not supported by any of loaded plugins
2026-07-03 16:33:49.167 7 INFO neutron.api.extensions [None req-f77299f6-8d64-4f2f-a206-bf82e4aeecab - - - - - -] Loaded extension: binding
2026-07-03 16:33:49.168 7 INFO neutron.api.extensions [None req-f77299f6-8d64-4f2f-a206-bf82e4aeecab - - - - - -] Loaded extension: binding-extended
2026-07-03 16:33:49.168 7 INFO neutron.api.extensions [None req-f77299f6-8d64-4f2f-a206-bf82e4aeecab - - - - - -] Loaded extension: port-security
2026-07-03 16:33:49.169 7 INFO neutron.api.extensions [None req-f77299f6-8d64-4f2f-a206-bf82e4aeecab - - - - - -] Loaded extension: project-id
2026-07-03 16:33:49.169 8 INFO neutron.quota.resource_registry [None req-11e8e44e-f464-4bb1-9d58-748eddff371c - - - - - -] Creating instance of TrackedResource for resource:router
2026-07-03 16:33:49.169 7 INFO neutron.api.extensions [None req-f77299f6-8d64-4f2f-a206-bf82e4aeecab - - - - - -] Loaded extension: provider
2026-07-03 16:33:49.169 8 INFO neutron.quota.resource_registry [None req-11e8e44e-f464-4bb1-9d58-748eddff371c - - - - - -] Creating instance of TrackedResource for resource:floatingip
2026-07-03 16:33:49.170 7 INFO neutron.api.extensions [None req-f77299f6-8d64-4f2f-a206-bf82e4aeecab - - - - - -] Loaded extension: qinq
2026-07-03 16:33:49.172 7 INFO neutron.api.extensions [None req-f77299f6-8d64-4f2f-a206-bf82e4aeecab - - - - - -] Loaded extension: qos
2026-07-03 16:33:49.173 7 INFO neutron.api.extensions [None req-f77299f6-8d64-4f2f-a206-bf82e4aeecab - - - - - -] Loaded extension: qos-bw-limit-direction
2026-07-03 16:33:49.174 7 INFO neutron.api.extensions [None req-f77299f6-8d64-4f2f-a206-bf82e4aeecab - - - - - -] Loaded extension: qos-bw-minimum-ingress
2026-07-03 16:33:49.174 7 INFO neutron.api.extensions [None req-f77299f6-8d64-4f2f-a206-bf82e4aeecab - - - - - -] Loaded extension: qos-default
2026-07-03 16:33:49.175 7 INFO neutron.api.extensions [None req-f77299f6-8d64-4f2f-a206-bf82e4aeecab - - - - - -] Loaded extension: qos-fip
2026-07-03 16:33:49.175 8 INFO neutron.quota.resource_registry [None req-11e8e44e-f464-4bb1-9d58-748eddff371c - - - - - -] Creating instance of CountableResource for resource:rbac_policy
2026-07-03 16:33:49.175 7 INFO neutron.api.extensions [None req-f77299f6-8d64-4f2f-a206-bf82e4aeecab - - - - - -] Extension qos-fip-network-policy not supported by any of loaded plugins
2026-07-03 16:33:49.175 8 INFO neutron.quota.resource_registry [None req-11e8e44e-f464-4bb1-9d58-748eddff371c - - - - - -] Creating instance of TrackedResource for resource:security_group
2026-07-03 16:33:49.176 7 INFO neutron.api.extensions [None req-f77299f6-8d64-4f2f-a206-bf82e4aeecab - - - - - -] Loaded extension: qos-gateway-ip
2026-07-03 16:33:49.176 8 INFO neutron.quota.resource_registry [None req-11e8e44e-f464-4bb1-9d58-748eddff371c - - - - - -] Creating instance of TrackedResource for resource:security_group_rule
2026-07-03 16:33:49.176 7 INFO neutron.api.extensions [None req-f77299f6-8d64-4f2f-a206-bf82e4aeecab - - - - - -] Loaded extension: qos-port-network-policy
2026-07-03 16:33:49.177 8 INFO neutron.quota.resource_registry [None req-11e8e44e-f464-4bb1-9d58-748eddff371c - - - - - -] Creating instance of TrackedResource for resource:subnetpool
2026-07-03 16:33:49.177 7 INFO neutron.api.extensions [None req-f77299f6-8d64-4f2f-a206-bf82e4aeecab - - - - - -] Loaded extension: qos-pps-minimum
2026-07-03 16:33:49.177 8 WARNING neutron.quota.resource_registry [None req-11e8e44e-f464-4bb1-9d58-748eddff371c - - - - - -] subnetpool is already registered
2026-07-03 16:33:49.177 7 INFO neutron.api.extensions [None req-f77299f6-8d64-4f2f-a206-bf82e4aeecab - - - - - -] Loaded extension: qos-pps-minimum-rule-alias
2026-07-03 16:33:49.177 8 INFO neutron.quota.resource_registry [None req-11e8e44e-f464-4bb1-9d58-748eddff371c - - - - - -] Creating instance of CountableResource for resource:trunk
2026-07-03 16:33:49.178 8 INFO neutron.quota.resource_registry [None req-11e8e44e-f464-4bb1-9d58-748eddff371c - - - - - -] Creating instance of CountableResource for resource:ikepolicy
2026-07-03 16:33:49.178 7 INFO neutron.api.extensions [None req-f77299f6-8d64-4f2f-a206-bf82e4aeecab - - - - - -] Loaded extension: qos-pps
2026-07-03 16:33:49.178 8 INFO neutron.quota.resource_registry [None req-11e8e44e-f464-4bb1-9d58-748eddff371c - - - - - -] Creating instance of CountableResource for resource:ipsecpolicy
2026-07-03 16:33:49.179 7 INFO neutron.api.extensions [None req-f77299f6-8d64-4f2f-a206-bf82e4aeecab - - - - - -] Loaded extension: qos-rule-type-details
2026-07-03 16:33:49.179 8 INFO neutron.quota.resource_registry [None req-11e8e44e-f464-4bb1-9d58-748eddff371c - - - - - -] Creating instance of CountableResource for resource:endpoint_group
2026-07-03 16:33:49.179 7 INFO neutron.api.extensions [None req-f77299f6-8d64-4f2f-a206-bf82e4aeecab - - - - - -] Loaded extension: qos-rule-type-filter
2026-07-03 16:33:49.179 8 INFO neutron.quota.resource_registry [None req-11e8e44e-f464-4bb1-9d58-748eddff371c - - - - - -] Creating instance of CountableResource for resource:vpnservice
2026-07-03 16:33:49.180 7 INFO neutron.api.extensions [None req-f77299f6-8d64-4f2f-a206-bf82e4aeecab - - - - - -] Loaded extension: qos-rules-alias
2026-07-03 16:33:49.180 8 INFO neutron.quota.resource_registry [None req-11e8e44e-f464-4bb1-9d58-748eddff371c - - - - - -] Creating instance of CountableResource for resource:ipsec_site_connection
2026-07-03 16:33:49.180 8 INFO neutron.quota.resource_registry [None req-11e8e44e-f464-4bb1-9d58-748eddff371c - - - - - -] Creating instance of CountableResource for resource:ipsecpolicy
2026-07-03 16:33:49.180 7 INFO neutron.api.extensions [None req-f77299f6-8d64-4f2f-a206-bf82e4aeecab - - - - - -] Loaded extension: quota-check-limit
2026-07-03 16:33:49.181 8 WARNING neutron.quota.resource_registry [None req-11e8e44e-f464-4bb1-9d58-748eddff371c - - - - - -] ipsecpolicy is already registered
2026-07-03 16:33:49.181 8 INFO neutron.quota.resource_registry [None req-11e8e44e-f464-4bb1-9d58-748eddff371c - - - - - -] Creating instance of CountableResource for resource:ikepolicy
2026-07-03 16:33:49.181 8 WARNING neutron.quota.resource_registry [None req-11e8e44e-f464-4bb1-9d58-748eddff371c - - - - - -] ikepolicy is already registered
2026-07-03 16:33:49.181 7 INFO neutron.api.extensions [None req-f77299f6-8d64-4f2f-a206-bf82e4aeecab - - - - - -] Loaded extension: quota-check-limit-default
2026-07-03 16:33:49.184 7 INFO neutron.api.extensions [None req-f77299f6-8d64-4f2f-a206-bf82e4aeecab - - - - - -] Loaded extension: quotas
2026-07-03 16:33:49.185 7 INFO neutron.api.extensions [None req-f77299f6-8d64-4f2f-a206-bf82e4aeecab - - - - - -] Loaded extension: quota_details
2026-07-03 16:33:49.186 7 INFO neutron.api.extensions [None req-f77299f6-8d64-4f2f-a206-bf82e4aeecab - - - - - -] Loaded extension: rbac-policies
2026-07-03 16:33:49.186 8 INFO neutron.quota.resource_registry [None req-11e8e44e-f464-4bb1-9d58-748eddff371c - - - - - -] Creating instance of TrackedResource for resource:router
2026-07-03 16:33:49.187 8 WARNING neutron.quota.resource_registry [None req-11e8e44e-f464-4bb1-9d58-748eddff371c - - - - - -] router is already registered
2026-07-03 16:33:49.187 7 INFO neutron.api.extensions [None req-f77299f6-8d64-4f2f-a206-bf82e4aeecab - - - - - -] Extension rbac-address-group not supported by any of loaded plugins
2026-07-03 16:33:49.187 8 INFO neutron.quota.resource_registry [None req-11e8e44e-f464-4bb1-9d58-748eddff371c - - - - - -] Creating instance of TrackedResource for resource:floatingip
2026-07-03 16:33:49.187 8 WARNING neutron.quota.resource_registry [None req-11e8e44e-f464-4bb1-9d58-748eddff371c - - - - - -] floatingip is already registered
2026-07-03 16:33:49.187 7 INFO neutron.api.extensions [None req-f77299f6-8d64-4f2f-a206-bf82e4aeecab - - - - - -] Loaded extension: rbac-address-scope
2026-07-03 16:33:49.188 7 INFO neutron.api.extensions [None req-f77299f6-8d64-4f2f-a206-bf82e4aeecab - - - - - -] Loaded extension: rbac-security-groups
2026-07-03 16:33:49.189 7 INFO neutron.api.extensions [None req-f77299f6-8d64-4f2f-a206-bf82e4aeecab - - - - - -] Extension rbac-subnetpool not supported by any of loaded plugins
2026-07-03 16:33:49.189 7 INFO neutron.api.extensions [None req-f77299f6-8d64-4f2f-a206-bf82e4aeecab - - - - - -] Loaded extension: revision-if-match
2026-07-03 16:33:49.190 7 INFO neutron.api.extensions [None req-f77299f6-8d64-4f2f-a206-bf82e4aeecab - - - - - -] Loaded extension: standard-attr-revisions
2026-07-03 16:33:49.190 7 INFO neutron.api.extensions [None req-f77299f6-8d64-4f2f-a206-bf82e4aeecab - - - - - -] Loaded extension: router_availability_zone
2026-07-03 16:33:49.191 7 INFO neutron.api.extensions [None req-f77299f6-8d64-4f2f-a206-bf82e4aeecab - - - - - -] Extension router-service-type not supported by any of loaded plugins
2026-07-03 16:33:49.193 8 INFO neutron.quota.resource_registry [None req-11e8e44e-f464-4bb1-9d58-748eddff371c - - - - - -] Creating instance of CountableResource for resource:rbac_policy
2026-07-03 16:33:49.193 8 WARNING neutron.quota.resource_registry [None req-11e8e44e-f464-4bb1-9d58-748eddff371c - - - - - -] rbac_policy is already registered
2026-07-03 16:33:49.193 7 INFO neutron.api.extensions [None req-f77299f6-8d64-4f2f-a206-bf82e4aeecab - - - - - -] Loaded extension: security-groups-default-rules
2026-07-03 16:33:49.193 8 INFO neutron.quota.resource_registry [None req-11e8e44e-f464-4bb1-9d58-748eddff371c - - - - - -] Creating instance of TrackedResource for resource:security_group
2026-07-03 16:33:49.194 7 INFO neutron.api.extensions [None req-f77299f6-8d64-4f2f-a206-bf82e4aeecab - - - - - -] Loaded extension: security-groups-normalized-cidr
2026-07-03 16:33:49.194 8 WARNING neutron.quota.resource_registry [None req-11e8e44e-f464-4bb1-9d58-748eddff371c - - - - - -] security_group is already registered
2026-07-03 16:33:49.194 8 INFO neutron.quota.resource_registry [None req-11e8e44e-f464-4bb1-9d58-748eddff371c - - - - - -] Creating instance of TrackedResource for resource:security_group_rule
2026-07-03 16:33:49.194 7 INFO neutron.api.extensions [None req-f77299f6-8d64-4f2f-a206-bf82e4aeecab - - - - - -] Extension port-security-groups-filtering not supported by any of loaded plugins
2026-07-03 16:33:49.194 8 WARNING neutron.quota.resource_registry [None req-11e8e44e-f464-4bb1-9d58-748eddff371c - - - - - -] security_group_rule is already registered
2026-07-03 16:33:49.195 7 INFO neutron.api.extensions [None req-f77299f6-8d64-4f2f-a206-bf82e4aeecab - - - - - -] Loaded extension: security-groups-remote-address-group
2026-07-03 16:33:49.195 8 INFO neutron.quota.resource_registry [None req-11e8e44e-f464-4bb1-9d58-748eddff371c - - - - - -] Creating instance of TrackedResource for resource:subnetpool
2026-07-03 16:33:49.195 7 INFO neutron.api.extensions [None req-f77299f6-8d64-4f2f-a206-bf82e4aeecab - - - - - -] Loaded extension: security-groups-rules-belongs-to-default-sg
2026-07-03 16:33:49.195 8 WARNING neutron.quota.resource_registry [None req-11e8e44e-f464-4bb1-9d58-748eddff371c - - - - - -] subnetpool is already registered
2026-07-03 16:33:49.196 8 INFO neutron.quota.resource_registry [None req-11e8e44e-f464-4bb1-9d58-748eddff371c - - - - - -] Creating instance of CountableResource for resource:trunk
2026-07-03 16:33:49.196 7 INFO neutron.api.extensions [None req-f77299f6-8d64-4f2f-a206-bf82e4aeecab - - - - - -] Loaded extension: security-groups-shared-filtering
2026-07-03 16:33:49.196 8 WARNING neutron.quota.resource_registry [None req-11e8e44e-f464-4bb1-9d58-748eddff371c - - - - - -] trunk is already registered
2026-07-03 16:33:49.196 8 INFO neutron.quota.resource_registry [None req-11e8e44e-f464-4bb1-9d58-748eddff371c - - - - - -] Creating instance of CountableResource for resource:ikepolicy
2026-07-03 16:33:49.196 8 WARNING neutron.quota.resource_registry [None req-11e8e44e-f464-4bb1-9d58-748eddff371c - - - - - -] ikepolicy is already registered
2026-07-03 16:33:49.197 8 INFO neutron.quota.resource_registry [None req-11e8e44e-f464-4bb1-9d58-748eddff371c - - - - - -] Creating instance of CountableResource for resource:ipsecpolicy
2026-07-03 16:33:49.197 8 WARNING neutron.quota.resource_registry [None req-11e8e44e-f464-4bb1-9d58-748eddff371c - - - - - -] ipsecpolicy is already registered
2026-07-03 16:33:49.198 8 INFO neutron.quota.resource_registry [None req-11e8e44e-f464-4bb1-9d58-748eddff371c - - - - - -] Creating instance of CountableResource for resource:endpoint_group
2026-07-03 16:33:49.198 8 WARNING neutron.quota.resource_registry [None req-11e8e44e-f464-4bb1-9d58-748eddff371c - - - - - -] endpoint_group is already registered
2026-07-03 16:33:49.198 8 INFO neutron.quota.resource_registry [None req-11e8e44e-f464-4bb1-9d58-748eddff371c - - - - - -] Creating instance of CountableResource for resource:vpnservice
2026-07-03 16:33:49.198 8 WARNING neutron.quota.resource_registry [None req-11e8e44e-f464-4bb1-9d58-748eddff371c - - - - - -] vpnservice is already registered
2026-07-03 16:33:49.199 8 INFO neutron.quota.resource_registry [None req-11e8e44e-f464-4bb1-9d58-748eddff371c - - - - - -] Creating instance of CountableResource for resource:ipsec_site_connection
2026-07-03 16:33:49.199 8 WARNING neutron.quota.resource_registry [None req-11e8e44e-f464-4bb1-9d58-748eddff371c - - - - - -] ipsec_site_connection is already registered
2026-07-03 16:33:49.199 8 INFO neutron.quota.resource_registry [None req-11e8e44e-f464-4bb1-9d58-748eddff371c - - - - - -] Creating instance of CountableResource for resource:ipsecpolicy
2026-07-03 16:33:49.200 8 WARNING neutron.quota.resource_registry [None req-11e8e44e-f464-4bb1-9d58-748eddff371c - - - - - -] ipsecpolicy is already registered
2026-07-03 16:33:49.200 8 INFO neutron.quota.resource_registry [None req-11e8e44e-f464-4bb1-9d58-748eddff371c - - - - - -] Creating instance of CountableResource for resource:ikepolicy
2026-07-03 16:33:49.201 7 INFO neutron.api.extensions [None req-f77299f6-8d64-4f2f-a206-bf82e4aeecab - - - - - -] Loaded extension: security-group
2026-07-03 16:33:49.201 8 WARNING neutron.quota.resource_registry [None req-11e8e44e-f464-4bb1-9d58-748eddff371c - - - - - -] ikepolicy is already registered
2026-07-03 16:33:49.202 7 INFO neutron.api.extensions [None req-f77299f6-8d64-4f2f-a206-bf82e4aeecab - - - - - -] Loaded extension: segment
2026-07-03 16:33:49.202 7 INFO neutron.api.extensions [None req-f77299f6-8d64-4f2f-a206-bf82e4aeecab - - - - - -] Loaded extension: segments-peer-subnet-host-routes
2026-07-03 16:33:49.203 7 INFO neutron.api.extensions [None req-f77299f6-8d64-4f2f-a206-bf82e4aeecab - - - - - -] Loaded extension: service-type
2026-07-03 16:33:49.203 7 INFO neutron.api.extensions [None req-f77299f6-8d64-4f2f-a206-bf82e4aeecab - - - - - -] Loaded extension: sorting
2026-07-03 16:33:49.204 7 INFO neutron.api.extensions [None req-f77299f6-8d64-4f2f-a206-bf82e4aeecab - - - - - -] Loaded extension: standard-attr-segment
2026-07-03 16:33:49.205 7 INFO neutron.api.extensions [None req-f77299f6-8d64-4f2f-a206-bf82e4aeecab - - - - - -] Loaded extension: standard-attr-description
2026-07-03 16:33:49.205 7 INFO neutron.api.extensions [None req-f77299f6-8d64-4f2f-a206-bf82e4aeecab - - - - - -] Loaded extension: stateful-security-group
2026-07-03 16:33:49.206 7 WARNING neutron.api.extensions [None req-f77299f6-8d64-4f2f-a206-bf82e4aeecab - - - - - -] Did not find expected name "Stdattrs_common" in /var/lib/openstack/lib/python3.12/site-packages/neutron/extensions/stdattrs_common.py
2026-07-03 16:33:49.206 7 INFO neutron.api.extensions [None req-f77299f6-8d64-4f2f-a206-bf82e4aeecab - - - - - -] Loaded extension: subnet-dns-publish-fixed-ip
2026-07-03 16:33:49.207 7 INFO neutron.api.extensions [None req-f77299f6-8d64-4f2f-a206-bf82e4aeecab - - - - - -] Loaded extension: subnet-external-network
2026-07-03 16:33:49.207 7 INFO neutron.api.extensions [None req-f77299f6-8d64-4f2f-a206-bf82e4aeecab - - - - - -] Extension subnet_onboard not supported by any of loaded plugins
2026-07-03 16:33:49.208 7 INFO neutron.api.extensions [None req-f77299f6-8d64-4f2f-a206-bf82e4aeecab - - - - - -] Loaded extension: subnet-segmentid-writable
2026-07-03 16:33:49.208 7 INFO neutron.api.extensions [None req-f77299f6-8d64-4f2f-a206-bf82e4aeecab - - - - - -] Loaded extension: subnet-service-types
2026-07-03 16:33:49.209 7 INFO neutron.api.extensions [None req-f77299f6-8d64-4f2f-a206-bf82e4aeecab - - - - - -] Loaded extension: subnet_allocation
2026-07-03 16:33:49.210 7 INFO neutron.api.extensions [None req-f77299f6-8d64-4f2f-a206-bf82e4aeecab - - - - - -] Loaded extension: subnetpool-prefix-ops
2026-07-03 16:33:49.210 7 INFO neutron.api.extensions [None req-f77299f6-8d64-4f2f-a206-bf82e4aeecab - - - - - -] Loaded extension: tag-creation
2026-07-03 16:33:49.211 7 INFO neutron.api.extensions [None req-f77299f6-8d64-4f2f-a206-bf82e4aeecab - - - - - -] Extension tag-ports-during-bulk-creation not supported by any of loaded plugins
2026-07-03 16:33:49.215 7 INFO neutron.api.extensions [None req-f77299f6-8d64-4f2f-a206-bf82e4aeecab - - - - - -] Loaded extension: standard-attr-tag
2026-07-03 16:33:49.216 7 INFO neutron.api.extensions [None req-f77299f6-8d64-4f2f-a206-bf82e4aeecab - - - - - -] Loaded extension: standard-attr-timestamp
2026-07-03 16:33:49.217 7 INFO neutron.api.extensions [None req-f77299f6-8d64-4f2f-a206-bf82e4aeecab - - - - - -] Loaded extension: trunk
2026-07-03 16:33:49.217 7 INFO neutron.api.extensions [None req-f77299f6-8d64-4f2f-a206-bf82e4aeecab - - - - - -] Loaded extension: trunk-details
2026-07-03 16:33:49.218 7 INFO neutron.api.extensions [None req-f77299f6-8d64-4f2f-a206-bf82e4aeecab - - - - - -] Extension uplink-status-propagation not supported by any of loaded plugins
2026-07-03 16:33:49.218 7 INFO neutron.api.extensions [None req-f77299f6-8d64-4f2f-a206-bf82e4aeecab - - - - - -] Extension uplink-status-propagation-updatable not supported by any of loaded plugins
2026-07-03 16:33:49.219 7 INFO neutron.api.extensions [None req-f77299f6-8d64-4f2f-a206-bf82e4aeecab - - - - - -] Loaded extension: vlan-transparent
2026-07-03 16:33:49.220 7 INFO neutron.api.extensions [None req-f77299f6-8d64-4f2f-a206-bf82e4aeecab - - - - - -] Loaded extension: vpn-aes-ctr
2026-07-03 16:33:49.222 7 INFO neutron.api.extensions [None req-f77299f6-8d64-4f2f-a206-bf82e4aeecab - - - - - -] Loaded extension: vpn-agent-scheduler
2026-07-03 16:33:49.222 7 INFO neutron.api.extensions [None req-f77299f6-8d64-4f2f-a206-bf82e4aeecab - - - - - -] Loaded extension: vpn-endpoint-groups
2026-07-03 16:33:49.223 7 INFO neutron.api.extensions [None req-f77299f6-8d64-4f2f-a206-bf82e4aeecab - - - - - -] Loaded extension: vpn-flavors
2026-07-03 16:33:49.225 7 INFO neutron.api.extensions [None req-f77299f6-8d64-4f2f-a206-bf82e4aeecab - - - - - -] Loaded extension: vpnaas
2026-07-03 16:33:49.226 7 INFO neutron.api.extensions [None req-f77299f6-8d64-4f2f-a206-bf82e4aeecab - - - - - -] Loaded extension: taas
2026-07-03 16:33:49.227 7 INFO neutron.api.extensions [None req-f77299f6-8d64-4f2f-a206-bf82e4aeecab - - - - - -] Loaded extension: tap-mirror
2026-07-03 16:33:49.228 7 INFO neutron.api.extensions [None req-f77299f6-8d64-4f2f-a206-bf82e4aeecab - - - - - -] Loaded extension: taas-vlan-filter
2026-07-03 16:33:49.231 7 INFO neutron.quota.resource_registry [None req-f77299f6-8d64-4f2f-a206-bf82e4aeecab - - - - - -] Creating instance of TrackedResource for resource:network
2026-07-03 16:33:49.231 7 INFO neutron.quota.resource_registry [None req-f77299f6-8d64-4f2f-a206-bf82e4aeecab - - - - - -] Creating instance of TrackedResource for resource:subnet
2026-07-03 16:33:49.231 7 INFO neutron.quota.resource_registry [None req-f77299f6-8d64-4f2f-a206-bf82e4aeecab - - - - - -] Creating instance of TrackedResource for resource:subnetpool
2026-07-03 16:33:49.231 7 INFO neutron.quota.resource_registry [None req-f77299f6-8d64-4f2f-a206-bf82e4aeecab - - - - - -] Creating instance of TrackedResource for resource:port
2026-07-03 16:33:49.235 7 INFO neutron.quota.resource_registry [None req-f77299f6-8d64-4f2f-a206-bf82e4aeecab - - - - - -] Creating instance of TrackedResource for resource:router
2026-07-03 16:33:49.235 7 INFO neutron.quota.resource_registry [None req-f77299f6-8d64-4f2f-a206-bf82e4aeecab - - - - - -] Creating instance of TrackedResource for resource:floatingip
2026-07-03 16:33:49.239 8 WARNING keystonemiddleware._common.config [None req-11e8e44e-f464-4bb1-9d58-748eddff371c - - - - - -] The option "audit_map_file" is not known to keystonemiddleware
2026-07-03 16:33:49.241 7 INFO neutron.quota.resource_registry [None req-f77299f6-8d64-4f2f-a206-bf82e4aeecab - - - - - -] Creating instance of CountableResource for resource:rbac_policy
2026-07-03 16:33:49.242 7 INFO neutron.quota.resource_registry [None req-f77299f6-8d64-4f2f-a206-bf82e4aeecab - - - - - -] Creating instance of TrackedResource for resource:security_group
2026-07-03 16:33:49.242 7 INFO neutron.quota.resource_registry [None req-f77299f6-8d64-4f2f-a206-bf82e4aeecab - - - - - -] Creating instance of TrackedResource for resource:security_group_rule
2026-07-03 16:33:49.243 7 INFO neutron.quota.resource_registry [None req-f77299f6-8d64-4f2f-a206-bf82e4aeecab - - - - - -] Creating instance of TrackedResource for resource:subnetpool
2026-07-03 16:33:49.243 7 WARNING neutron.quota.resource_registry [None req-f77299f6-8d64-4f2f-a206-bf82e4aeecab - - - - - -] subnetpool is already registered
2026-07-03 16:33:49.244 7 INFO neutron.quota.resource_registry [None req-f77299f6-8d64-4f2f-a206-bf82e4aeecab - - - - - -] Creating instance of CountableResource for resource:trunk
2026-07-03 16:33:49.244 7 INFO neutron.quota.resource_registry [None req-f77299f6-8d64-4f2f-a206-bf82e4aeecab - - - - - -] Creating instance of CountableResource for resource:ikepolicy
2026-07-03 16:33:49.245 7 INFO neutron.quota.resource_registry [None req-f77299f6-8d64-4f2f-a206-bf82e4aeecab - - - - - -] Creating instance of CountableResource for resource:ipsecpolicy
2026-07-03 16:33:49.245 7 INFO neutron.quota.resource_registry [None req-f77299f6-8d64-4f2f-a206-bf82e4aeecab - - - - - -] Creating instance of CountableResource for resource:endpoint_group
2026-07-03 16:33:49.246 7 INFO neutron.quota.resource_registry [None req-f77299f6-8d64-4f2f-a206-bf82e4aeecab - - - - - -] Creating instance of CountableResource for resource:vpnservice
2026-07-03 16:33:49.246 7 INFO neutron.quota.resource_registry [None req-f77299f6-8d64-4f2f-a206-bf82e4aeecab - - - - - -] Creating instance of CountableResource for resource:ipsec_site_connection
2026-07-03 16:33:49.247 7 INFO neutron.quota.resource_registry [None req-f77299f6-8d64-4f2f-a206-bf82e4aeecab - - - - - -] Creating instance of CountableResource for resource:ipsecpolicy
2026-07-03 16:33:49.247 8 WARNING oslo_config.cfg [None req-11e8e44e-f464-4bb1-9d58-748eddff371c - - - - - -] Deprecated: Option "auth_uri" from group "keystone_authtoken" is deprecated. Use option "www_authenticate_uri" from group "keystone_authtoken".
2026-07-03 16:33:49.247 7 WARNING neutron.quota.resource_registry [None req-f77299f6-8d64-4f2f-a206-bf82e4aeecab - - - - - -] ipsecpolicy is already registered
2026-07-03 16:33:49.247 7 INFO neutron.quota.resource_registry [None req-f77299f6-8d64-4f2f-a206-bf82e4aeecab - - - - - -] Creating instance of CountableResource for resource:ikepolicy
2026-07-03 16:33:49.247 7 WARNING neutron.quota.resource_registry [None req-f77299f6-8d64-4f2f-a206-bf82e4aeecab - - - - - -] ikepolicy is already registered
2026-07-03 16:33:49.252 7 INFO neutron.quota.resource_registry [None req-f77299f6-8d64-4f2f-a206-bf82e4aeecab - - - - - -] Creating instance of TrackedResource for resource:router
2026-07-03 16:33:49.252 7 WARNING neutron.quota.resource_registry [None req-f77299f6-8d64-4f2f-a206-bf82e4aeecab - - - - - -] router is already registered
2026-07-03 16:33:49.253 7 INFO neutron.quota.resource_registry [None req-f77299f6-8d64-4f2f-a206-bf82e4aeecab - - - - - -] Creating instance of TrackedResource for resource:floatingip
2026-07-03 16:33:49.253 7 WARNING neutron.quota.resource_registry [None req-f77299f6-8d64-4f2f-a206-bf82e4aeecab - - - - - -] floatingip is already registered
2026-07-03 16:33:49.258 7 INFO neutron.quota.resource_registry [None req-f77299f6-8d64-4f2f-a206-bf82e4aeecab - - - - - -] Creating instance of CountableResource for resource:rbac_policy
2026-07-03 16:33:49.258 7 WARNING neutron.quota.resource_registry [None req-f77299f6-8d64-4f2f-a206-bf82e4aeecab - - - - - -] rbac_policy is already registered
2026-07-03 16:33:49.259 7 INFO neutron.quota.resource_registry [None req-f77299f6-8d64-4f2f-a206-bf82e4aeecab - - - - - -] Creating instance of TrackedResource for resource:security_group
2026-07-03 16:33:49.259 7 WARNING neutron.quota.resource_registry [None req-f77299f6-8d64-4f2f-a206-bf82e4aeecab - - - - - -] security_group is already registered
2026-07-03 16:33:49.259 7 INFO neutron.quota.resource_registry [None req-f77299f6-8d64-4f2f-a206-bf82e4aeecab - - - - - -] Creating instance of TrackedResource for resource:security_group_rule
2026-07-03 16:33:49.260 7 WARNING neutron.quota.resource_registry [None req-f77299f6-8d64-4f2f-a206-bf82e4aeecab - - - - - -] security_group_rule is already registered
2026-07-03 16:33:49.260 7 INFO neutron.quota.resource_registry [None req-f77299f6-8d64-4f2f-a206-bf82e4aeecab - - - - - -] Creating instance of TrackedResource for resource:subnetpool
2026-07-03 16:33:49.261 7 WARNING neutron.quota.resource_registry [None req-f77299f6-8d64-4f2f-a206-bf82e4aeecab - - - - - -] subnetpool is already registered
2026-07-03 16:33:49.261 7 INFO neutron.quota.resource_registry [None req-f77299f6-8d64-4f2f-a206-bf82e4aeecab - - - - - -] Creating instance of CountableResource for resource:trunk
2026-07-03 16:33:49.261 7 WARNING neutron.quota.resource_registry [None req-f77299f6-8d64-4f2f-a206-bf82e4aeecab - - - - - -] trunk is already registered
2026-07-03 16:33:49.261 7 INFO neutron.quota.resource_registry [None req-f77299f6-8d64-4f2f-a206-bf82e4aeecab - - - - - -] Creating instance of CountableResource for resource:ikepolicy
2026-07-03 16:33:49.262 7 WARNING neutron.quota.resource_registry [None req-f77299f6-8d64-4f2f-a206-bf82e4aeecab - - - - - -] ikepolicy is already registered
2026-07-03 16:33:49.262 7 INFO neutron.quota.resource_registry [None req-f77299f6-8d64-4f2f-a206-bf82e4aeecab - - - - - -] Creating instance of CountableResource for resource:ipsecpolicy
2026-07-03 16:33:49.262 7 WARNING neutron.quota.resource_registry [None req-f77299f6-8d64-4f2f-a206-bf82e4aeecab - - - - - -] ipsecpolicy is already registered
2026-07-03 16:33:49.263 7 INFO neutron.quota.resource_registry [None req-f77299f6-8d64-4f2f-a206-bf82e4aeecab - - - - - -] Creating instance of CountableResource for resource:endpoint_group
2026-07-03 16:33:49.263 7 WARNING neutron.quota.resource_registry [None req-f77299f6-8d64-4f2f-a206-bf82e4aeecab - - - - - -] endpoint_group is already registered
2026-07-03 16:33:49.263 7 INFO neutron.quota.resource_registry [None req-f77299f6-8d64-4f2f-a206-bf82e4aeecab - - - - - -] Creating instance of CountableResource for resource:vpnservice
2026-07-03 16:33:49.263 7 WARNING neutron.quota.resource_registry [None req-f77299f6-8d64-4f2f-a206-bf82e4aeecab - - - - - -] vpnservice is already registered
2026-07-03 16:33:49.264 7 INFO neutron.quota.resource_registry [None req-f77299f6-8d64-4f2f-a206-bf82e4aeecab - - - - - -] Creating instance of CountableResource for resource:ipsec_site_connection
2026-07-03 16:33:49.264 7 WARNING neutron.quota.resource_registry [None req-f77299f6-8d64-4f2f-a206-bf82e4aeecab - - - - - -] ipsec_site_connection is already registered
2026-07-03 16:33:49.264 7 INFO neutron.quota.resource_registry [None req-f77299f6-8d64-4f2f-a206-bf82e4aeecab - - - - - -] Creating instance of CountableResource for resource:ipsecpolicy
2026-07-03 16:33:49.264 7 WARNING neutron.quota.resource_registry [None req-f77299f6-8d64-4f2f-a206-bf82e4aeecab - - - - - -] ipsecpolicy is already registered
2026-07-03 16:33:49.265 7 INFO neutron.quota.resource_registry [None req-f77299f6-8d64-4f2f-a206-bf82e4aeecab - - - - - -] Creating instance of CountableResource for resource:ikepolicy
2026-07-03 16:33:49.265 7 WARNING neutron.quota.resource_registry [None req-f77299f6-8d64-4f2f-a206-bf82e4aeecab - - - - - -] ikepolicy is already registered
2026-07-03 16:33:49.267 8 WARNING neutron.plugins.ml2.drivers.ovn.mech_driver.mech_driver [None req-11e8e44e-f464-4bb1-9d58-748eddff371c - - - - - -] uWSGI must provide a start time using the configuration parameter "start-time %t" in the configuration file
2026-07-03 16:33:49.289 8 INFO neutron.db.ovn_hash_ring_db [None req-11e8e44e-f464-4bb1-9d58-748eddff371c - - - - - -] Nodes from host "neutron-server-546ffc9bc7-477qv" and group "mechanism_driver" removed from the Hash Ring created at
2026-07-03 16:33:49+00:00
2026-07-03 16:33:49.293 8 INFO neutron.db.ovn_hash_ring_db [None req-11e8e44e-f464-4bb1-9d58-748eddff371c - - - - - -] Node f609d7a817e655f1a56bc55e07be51d8 from host "neutron-server-546ffc9bc7-477qv" and group "mechanism_driver" added to the Hash Ring
2026-07-03 16:33:49.304 8 INFO neutron.plugins.ml2.drivers.ovn.mech_driver.mech_driver [None req-11e8e44e-f464-4bb1-9d58-748eddff371c - - - - - -] Hash Ring probing thread for node f609d7a817e655f1a56bc55e07be51d8 has started
2026-07-03 16:33:49.304 7 WARNING keystonemiddleware._common.config [None req-f77299f6-8d64-4f2f-a206-bf82e4aeecab - - - - - -] The option "audit_map_file" is not known to keystonemiddleware
2026-07-03 16:33:49.306 8 INFO neutron.plugins.ml2.drivers.ovn.mech_driver.ovsdb.impl_idl_ovn [None req-11e8e44e-f464-4bb1-9d58-748eddff371c - - - - - -] Getting OvsdbNbOvnIdl for WorkerService with retry
2026-07-03 16:33:49.311 7 WARNING oslo_config.cfg [None req-f77299f6-8d64-4f2f-a206-bf82e4aeecab - - - - - -] Deprecated: Option "auth_uri" from group "keystone_authtoken" is deprecated. Use option "www_authenticate_uri" from group "keystone_authtoken".
2026-07-03 16:33:49.330 7 WARNING neutron.plugins.ml2.drivers.ovn.mech_driver.mech_driver [None req-f77299f6-8d64-4f2f-a206-bf82e4aeecab - - - - - -] uWSGI must provide a start time using the configuration parameter "start-time %t" in the configuration file
2026-07-03 16:33:49.340 8 INFO ovsdbapp.backend.ovs_idl.vlog [None req-11e8e44e-f464-4bb1-9d58-748eddff371c - - - - - -] tcp:10.102.53.165:6641: connecting...
2026-07-03 16:33:49.341 8 INFO ovsdbapp.backend.ovs_idl.vlog [None req-11e8e44e-f464-4bb1-9d58-748eddff371c - - - - - -] tcp:10.102.53.165:6641: connected
2026-07-03 16:33:49.346 7 INFO neutron.db.ovn_hash_ring_db [None req-f77299f6-8d64-4f2f-a206-bf82e4aeecab - - - - - -] Nodes from host "neutron-server-546ffc9bc7-477qv" and group "mechanism_driver" removed from the Hash Ring created at
2026-07-03 16:33:49+00:00
2026-07-03 16:33:49.349 7 INFO neutron.db.ovn_hash_ring_db [None req-f77299f6-8d64-4f2f-a206-bf82e4aeecab - - - - - -] Node 9cecbde59d905b8a8c250bed53e5d7bf from host "neutron-server-546ffc9bc7-477qv" and group "mechanism_driver" added to the Hash Ring
2026-07-03 16:33:49.461 7 INFO neutron.plugins.ml2.drivers.ovn.mech_driver.mech_driver [None req-f77299f6-8d64-4f2f-a206-bf82e4aeecab - - - - - -] Hash Ring probing thread for node 9cecbde59d905b8a8c250bed53e5d7bf has started
2026-07-03 16:33:49.462 8 INFO neutron.plugins.ml2.drivers.ovn.mech_driver.ovsdb.impl_idl_ovn [None req-11e8e44e-f464-4bb1-9d58-748eddff371c - - - - - -] Getting OvsdbSbOvnIdl for WorkerService with retry
2026-07-03 16:33:49.462 7 INFO neutron.plugins.ml2.drivers.ovn.mech_driver.ovsdb.impl_idl_ovn [None req-f77299f6-8d64-4f2f-a206-bf82e4aeecab - - - - - -] Getting OvsdbNbOvnIdl for WorkerService with retry
2026-07-03 16:33:49.494 7 INFO ovsdbapp.backend.ovs_idl.vlog [None req-f77299f6-8d64-4f2f-a206-bf82e4aeecab - - - - - -] tcp:10.102.53.165:6641: connecting...
2026-07-03 16:33:49.494 8 INFO ovsdbapp.backend.ovs_idl.vlog [None req-11e8e44e-f464-4bb1-9d58-748eddff371c - - - - - -] tcp:10.97.21.173:6642: connecting...
2026-07-03 16:33:49.494 8 INFO ovsdbapp.backend.ovs_idl.vlog [None req-11e8e44e-f464-4bb1-9d58-748eddff371c - - - - - -] tcp:10.97.21.173:6642: connected
2026-07-03 16:33:49.494 7 INFO ovsdbapp.backend.ovs_idl.vlog [None req-f77299f6-8d64-4f2f-a206-bf82e4aeecab - - - - - -] tcp:10.102.53.165:6641: connected
2026-07-03 16:33:49.534 8 INFO neutron.plugins.ml2.drivers.ovn.mech_driver.mech_driver [None req-11e8e44e-f464-4bb1-9d58-748eddff371c - - - - - -] WorkerService process has finished the post initialization
2026-07-03 16:33:49.554 7 INFO neutron.plugins.ml2.drivers.ovn.mech_driver.ovsdb.impl_idl_ovn [None req-f77299f6-8d64-4f2f-a206-bf82e4aeecab - - - - - -] Getting OvsdbSbOvnIdl for WorkerService with retry
2026-07-03 16:33:49.574 8 INFO ovsdbapp.backend.ovs_idl.vlog [None req-11e8e44e-f464-4bb1-9d58-748eddff371c - - - - - -] tcp:10.102.53.165:6641: connecting...
2026-07-03 16:33:49.574 8 INFO ovsdbapp.backend.ovs_idl.vlog [None req-11e8e44e-f464-4bb1-9d58-748eddff371c - - - - - -] tcp:10.102.53.165:6641: connected
2026-07-03 16:33:49.577 7 INFO ovsdbapp.backend.ovs_idl.vlog [None req-f77299f6-8d64-4f2f-a206-bf82e4aeecab - - - - - -] tcp:10.97.21.173:6642: connecting...
2026-07-03 16:33:49.578 7 INFO ovsdbapp.backend.ovs_idl.vlog [None req-f77299f6-8d64-4f2f-a206-bf82e4aeecab - - - - - -] tcp:10.97.21.173:6642: connected
2026-07-03 16:33:49.616 7 INFO neutron.plugins.ml2.drivers.ovn.mech_driver.mech_driver [None req-f77299f6-8d64-4f2f-a206-bf82e4aeecab - - - - - -] WorkerService process has finished the post initialization
2026-07-03 16:33:49.616 7 INFO neutron.plugins.ml2.drivers.ovn.mech_driver.ovsdb.extensions.qos [-] Starting OVNClientQosExtension
2026-07-03 16:33:49.618 7 INFO neutron.plugins.ml2.drivers.ovn.mech_driver.ovsdb.extensions.placement [-] Starting OVNClientPlacementExtension
2026-07-03 16:33:49.626 8 INFO ovsdbapp.backend.ovs_idl.vlog [None req-11e8e44e-f464-4bb1-9d58-748eddff371c - - - - - -] tcp:10.102.53.165:6641: connecting...
2026-07-03 16:33:49.626 8 INFO ovsdbapp.backend.ovs_idl.vlog [None req-11e8e44e-f464-4bb1-9d58-748eddff371c - - - - - -] tcp:10.102.53.165:6641: connected
2026-07-03 16:33:49.644 7 INFO ovsdbapp.backend.ovs_idl.vlog [None req-f77299f6-8d64-4f2f-a206-bf82e4aeecab - - - - - -] tcp:10.102.53.165:6641: connecting...
2026-07-03 16:33:49.644 7 INFO ovsdbapp.backend.ovs_idl.vlog [None req-f77299f6-8d64-4f2f-a206-bf82e4aeecab - - - - - -] tcp:10.102.53.165:6641: connected WSGI app 0 (mountpoint='') ready in 11 seconds on interpreter 0x7f2854b35668 pid: 8 (default app)
2026-07-03 16:33:49.716 7 INFO ovsdbapp.backend.ovs_idl.vlog [None req-f77299f6-8d64-4f2f-a206-bf82e4aeecab - - - - - -] tcp:10.102.53.165:6641: connecting...
2026-07-03 16:33:49.716 7 INFO ovsdbapp.backend.ovs_idl.vlog [None req-f77299f6-8d64-4f2f-a206-bf82e4aeecab - - - - - -] tcp:10.102.53.165:6641: connected WSGI app 0 (mountpoint='') ready in 11 seconds on interpreter 0x7f2854b35668 pid: 7 (default app) /var/lib/openstack/lib/python3.12/site-packages/pycadf/identifier.py:70: UserWarning: Invalid uuid: unknown. To ensure interoperability, identifiers should be a valid uuid. warnings.warn(('Invalid uuid: %s. To ensure interoperability, '
2026-07-03 16:33:57.973 8 INFO neutron.pecan_wsgi.hooks.translation [None req-dcd9524c-4219-429e-bf7a-0f37f22a3c3c 0e3ce3d0b4b844f7af1dc54c0fc75cb5 4b0c92e4fdb7471492cab14d84593647 - - default default] GET failed (client error): The resource could not be found. [pid: 8|app: 0|req: 4/4] 199.204.45.53 () {44 vars in 924 bytes} [Fri Jul 3 16:33:56 2026] GET /v2.0/networks/public => generated 108 bytes in 1340 msecs (HTTP/1.1 404) 4 headers in 164 bytes (1 switches on core 0) /var/lib/openstack/lib/python3.12/site-packages/pycadf/identifier.py:70: UserWarning: Invalid uuid: unknown. To ensure interoperability, identifiers should be a valid uuid. warnings.warn(('Invalid uuid: %s. To ensure interoperability, ' [pid: 7|app: 0|req: 1/5] 199.204.45.53 () {44 vars in 946 bytes} [Fri Jul 3 16:33:57 2026] GET /v2.0/networks?name=public => generated 15 bytes in 474 msecs (HTTP/1.1 200) 4 headers in 156 bytes (1 switches on core 0)
2026-07-03 16:33:59.842 8 INFO neutron.plugins.ml2.drivers.ovn.mech_driver.ovsdb.extensions.qos [None req-a70a1a96-dfc1-4ec2-9cc5-b2e7d1c87e51 0e3ce3d0b4b844f7af1dc54c0fc75cb5 4b0c92e4fdb7471492cab14d84593647 - - default default] Starting OVNClientQosExtension
2026-07-03 16:33:59.843 8 INFO neutron.plugins.ml2.drivers.ovn.mech_driver.ovsdb.extensions.placement [None req-a70a1a96-dfc1-4ec2-9cc5-b2e7d1c87e51 0e3ce3d0b4b844f7af1dc54c0fc75cb5 4b0c92e4fdb7471492cab14d84593647 - - default default] Starting OVNClientPlacementExtension
2026-07-03 16:33:59.890 8 INFO neutron.db.ovn_revision_numbers_db [None req-a70a1a96-dfc1-4ec2-9cc5-b2e7d1c87e51 0e3ce3d0b4b844f7af1dc54c0fc75cb5 4b0c92e4fdb7471492cab14d84593647 - - default default] Successfully bumped revision number for resource 2baae6f5-e28a-4532-b126-6ad896a8f214 (type: security_groups) to 1
2026-07-03 16:33:59.911 8 INFO neutron.db.ovn_revision_numbers_db [None req-a70a1a96-dfc1-4ec2-9cc5-b2e7d1c87e51 0e3ce3d0b4b844f7af1dc54c0fc75cb5 4b0c92e4fdb7471492cab14d84593647 - - default default] Successfully bumped revision number for resource 4431864c-b50d-4d47-8fc0-abe2a5227618 (type: security_group_rules) to 0
2026-07-03 16:33:59.923 8 INFO neutron.db.ovn_revision_numbers_db [None req-a70a1a96-dfc1-4ec2-9cc5-b2e7d1c87e51 0e3ce3d0b4b844f7af1dc54c0fc75cb5 4b0c92e4fdb7471492cab14d84593647 - - default default] Successfully bumped revision number for resource 86eb605b-cb62-4cdc-997a-3a3e1d6e2add (type: security_group_rules) to 0
2026-07-03 16:33:59.936 8 INFO neutron.db.ovn_revision_numbers_db [None req-a70a1a96-dfc1-4ec2-9cc5-b2e7d1c87e51 0e3ce3d0b4b844f7af1dc54c0fc75cb5 4b0c92e4fdb7471492cab14d84593647 - - default default] Successfully bumped revision number for resource bb02b900-6d81-4101-b0a8-685ec5cab120 (type: security_group_rules) to 0
2026-07-03 16:33:59.948 8 INFO neutron.db.ovn_revision_numbers_db [None req-a70a1a96-dfc1-4ec2-9cc5-b2e7d1c87e51 0e3ce3d0b4b844f7af1dc54c0fc75cb5 4b0c92e4fdb7471492cab14d84593647 - - default default] Successfully bumped revision number for resource e1601d3f-149f-4a6e-ba62-ec9561f7ae4d (type: security_group_rules) to 0
2026-07-03 16:34:00.041 8 WARNING neutron.services.revisions.revision_plugin [None req-a70a1a96-dfc1-4ec2-9cc5-b2e7d1c87e51 0e3ce3d0b4b844f7af1dc54c0fc75cb5 4b0c92e4fdb7471492cab14d84593647 - - default default] Could not find related network for resource to bump revision.
2026-07-03 16:34:00.087 8 INFO neutron.db.segments_db [None req-a70a1a96-dfc1-4ec2-9cc5-b2e7d1c87e51 0e3ce3d0b4b844f7af1dc54c0fc75cb5 4b0c92e4fdb7471492cab14d84593647 - - default default] Added segment b5bb3f87-efdc-4b04-852f-7f65d7c59b1c of type flat for network 14a3539d-e442-4add-939a-5afc6d5ab6a7
2026-07-03 16:34:00.247 7 INFO neutron.plugins.ml2.drivers.ovn.mech_driver.mech_driver [-] OVN reports status down for port: provnet-b5bb3f87-efdc-4b04-852f-7f65d7c59b1c
2026-07-03 16:34:00.251 8 INFO neutron.plugins.ml2.drivers.ovn.mech_driver.mech_driver [-] OVN reports status down for port: provnet-b5bb3f87-efdc-4b04-852f-7f65d7c59b1c
2026-07-03 16:34:00.322 8 INFO neutron.db.ovn_revision_numbers_db [None req-a70a1a96-dfc1-4ec2-9cc5-b2e7d1c87e51 0e3ce3d0b4b844f7af1dc54c0fc75cb5 4b0c92e4fdb7471492cab14d84593647 - - default default] Successfully bumped revision number for resource 14a3539d-e442-4add-939a-5afc6d5ab6a7 (type: networks) to 1
2026-07-03 16:34:00.940 8 WARNING neutron.scheduler.dhcp_agent_scheduler [None req-a70a1a96-dfc1-4ec2-9cc5-b2e7d1c87e51 0e3ce3d0b4b844f7af1dc54c0fc75cb5 4b0c92e4fdb7471492cab14d84593647 - - default default] No more DHCP agents
2026-07-03 16:34:00.942 8 WARNING neutron.api.rpc.agentnotifiers.dhcp_rpc_agent_api [None req-a70a1a96-dfc1-4ec2-9cc5-b2e7d1c87e51 0e3ce3d0b4b844f7af1dc54c0fc75cb5 4b0c92e4fdb7471492cab14d84593647 - - default default] Unable to schedule network 14a3539d-e442-4add-939a-5afc6d5ab6a7: no agents available; will retry on subsequent port and subnet creation events.
2026-07-03 16:34:01.014 8 INFO neutron.plugins.ml2.drivers.ovn.mech_driver.mech_driver [None req-362766bf-767c-4967-8eea-8ce2e07faaf4 - - - - - -] OVN reports status down for port: 7c13abd2-a077-446e-b587-713911f2db90
2026-07-03 16:34:01.241 8 INFO neutron.db.ovn_revision_numbers_db [None req-a70a1a96-dfc1-4ec2-9cc5-b2e7d1c87e51 0e3ce3d0b4b844f7af1dc54c0fc75cb5 4b0c92e4fdb7471492cab14d84593647 - - default default] Successfully bumped revision number for resource 7c13abd2-a077-446e-b587-713911f2db90 (type: ports) to 1 [pid: 8|app: 0|req: 5/7] 199.204.45.53 () {48 vars in 964 bytes} [Fri Jul 3 16:33:58 2026] POST /v2.0/networks => generated 744 bytes in 2863 msecs (HTTP/1.1 201) 4 headers in 162 bytes (1 switches on core 0)
2026-07-03 16:34:02.831 7 INFO neutron.pecan_wsgi.hooks.translation [None req-aaad924e-0070-4b58-8f57-11588a1c6651 0e3ce3d0b4b844f7af1dc54c0fc75cb5 4b0c92e4fdb7471492cab14d84593647 - - default default] GET failed (client error): The resource could not be found. [pid: 7|app: 0|req: 3/8] 199.204.45.53 () {44 vars in 924 bytes} [Fri Jul 3 16:34:02 2026] GET /v2.0/networks/public => generated 108 bytes in 376 msecs (HTTP/1.1 404) 4 headers in 164 bytes (1 switches on core 0) [pid: 8|app: 0|req: 6/9] 199.204.45.53 () {44 vars in 946 bytes} [Fri Jul 3 16:34:02 2026] GET /v2.0/networks?name=public => generated 753 bytes in 50 msecs (HTTP/1.1 200) 4 headers in 157 bytes (1 switches on core 0)
2026-07-03 16:34:02.925 7 INFO neutron.pecan_wsgi.hooks.translation [None req-94605222-f0f6-4ae8-83ba-269557859c6c 0e3ce3d0b4b844f7af1dc54c0fc75cb5 4b0c92e4fdb7471492cab14d84593647 - - default default] GET failed (client error): The resource could not be found. [pid: 7|app: 0|req: 4/10] 199.204.45.53 () {44 vars in 1031 bytes} [Fri Jul 3 16:34:02 2026] GET /v2.0/subnets/public-subnet?network_id=14a3539d-e442-4add-939a-5afc6d5ab6a7 => generated 113 bytes in 28 msecs (HTTP/1.1 404) 4 headers in 164 bytes (1 switches on core 0) [pid: 8|app: 0|req: 7/11] 199.204.45.53 () {44 vars in 1054 bytes} [Fri Jul 3 16:34:02 2026] GET /v2.0/subnets?name=public-subnet&network_id=14a3539d-e442-4add-939a-5afc6d5ab6a7 => generated 14 bytes in 22 msecs (HTTP/1.1 200) 4 headers in 156 bytes (1 switches on core 0)
2026-07-03 16:34:03.602 7 WARNING neutron.scheduler.dhcp_agent_scheduler [None req-7c2371b9-715c-408f-99b3-f77b11adfe2f 0e3ce3d0b4b844f7af1dc54c0fc75cb5 4b0c92e4fdb7471492cab14d84593647 - - default default] No more DHCP agents
2026-07-03 16:34:03.604 7 WARNING neutron.api.rpc.agentnotifiers.dhcp_rpc_agent_api [None req-7c2371b9-715c-408f-99b3-f77b11adfe2f 0e3ce3d0b4b844f7af1dc54c0fc75cb5 4b0c92e4fdb7471492cab14d84593647 - - default default] Unable to schedule network 14a3539d-e442-4add-939a-5afc6d5ab6a7: no agents available; will retry on subsequent port and subnet creation events.
2026-07-03 16:34:04.568 7 INFO neutron.db.ovn_revision_numbers_db [None req-90d3f177-ebaf-41c8-8230-5a5c06c4dfe4 - - - - - -] Successfully bumped revision number for resource 7c13abd2-a077-446e-b587-713911f2db90 (type: ports) to 2
2026-07-03 16:34:05.163 7 INFO neutron.db.ovn_revision_numbers_db [None req-90d3f177-ebaf-41c8-8230-5a5c06c4dfe4 - - - - - -] Successfully bumped revision number for resource 67e98426-8203-4e8b-abbe-023eb7ccc123 (type: subnets) to 0 [pid: 7|app: 0|req: 5/12] 199.204.45.53 () {48 vars in 962 bytes} [Fri Jul 3 16:34:02 2026] POST /v2.0/subnets => generated 664 bytes in 2251 msecs (HTTP/1.1 201) 4 headers in 162 bytes (1 switches on core 0)
2026-07-03 16:39:07.477 7 INFO neutron.pecan_wsgi.hooks.translation [None req-0c19d388-ff53-435b-9d5b-879f0f1b7c95 0e3ce3d0b4b844f7af1dc54c0fc75cb5 4b0c92e4fdb7471492cab14d84593647 - - default default] GET failed (client error): The resource could not be found. [pid: 7|app: 0|req: 25/51] 199.204.45.53 () {44 vars in 934 bytes} [Fri Jul 3 16:39:07 2026] GET /v2.0/networks/lb-mgmt-net => generated 113 bytes in 129 msecs (HTTP/1.1 404) 4 headers in 164 bytes (1 switches on core 0) [pid: 8|app: 0|req: 27/52] 199.204.45.53 () {44 vars in 956 bytes} [Fri Jul 3 16:39:07 2026] GET /v2.0/networks?name=lb-mgmt-net => generated 15 bytes in 18 msecs (HTTP/1.1 200) 4 headers in 156 bytes (1 switches on core 0)
2026-07-03 16:39:07.613 7 INFO neutron.db.segments_db [None req-0af77007-db2b-4b2a-a9fe-93f4b75c2c0a 0e3ce3d0b4b844f7af1dc54c0fc75cb5 4b0c92e4fdb7471492cab14d84593647 - - default default] Added segment bb9f3c17-fb05-4de9-9137-d9017e46e618 of type geneve for network 0ca6f6d8-85f5-496d-8994-49006132d3f5
2026-07-03 16:39:07.761 7 INFO neutron.db.ovn_revision_numbers_db [None req-0af77007-db2b-4b2a-a9fe-93f4b75c2c0a 0e3ce3d0b4b844f7af1dc54c0fc75cb5 4b0c92e4fdb7471492cab14d84593647 - - default default] Successfully bumped revision number for resource 0ca6f6d8-85f5-496d-8994-49006132d3f5 (type: networks) to 1
2026-07-03 16:39:07.915 7 WARNING neutron.scheduler.dhcp_agent_scheduler [None req-0af77007-db2b-4b2a-a9fe-93f4b75c2c0a 0e3ce3d0b4b844f7af1dc54c0fc75cb5 4b0c92e4fdb7471492cab14d84593647 - - default default] No more DHCP agents
2026-07-03 16:39:07.917 7 WARNING neutron.api.rpc.agentnotifiers.dhcp_rpc_agent_api [None req-0af77007-db2b-4b2a-a9fe-93f4b75c2c0a 0e3ce3d0b4b844f7af1dc54c0fc75cb5 4b0c92e4fdb7471492cab14d84593647 - - default default] Unable to schedule network 0ca6f6d8-85f5-496d-8994-49006132d3f5: no agents available; will retry on subsequent port and subnet creation events.
2026-07-03 16:39:07.965 7 INFO neutron.plugins.ml2.drivers.ovn.mech_driver.mech_driver [None req-16197f29-1863-4de0-9dbb-3e32865b17ad - - - - - -] OVN reports status down for port: 52f2d3d8-5278-4f9b-aeee-11c7b42ed934
