2026-07-03 17:15:43.131 7 INFO neutron.services.segments.plugin [-] Segment 32cbb117-66c9-44fb-b087-7ccb71f36b09 resource provider not found; error: Placement Client Error (4xx): {"errors": [{"status": 404, "title": "Not Found", "detail": "The resource could not be found.\n\n No resource provider with uuid 32cbb117-66c9-44fb-b087-7ccb71f36b09 found for delete ", "request_id": "req-845d5561-adb1-4ce3-b18e-293ade3f5698"}]}
2026-07-03 17:15:43.135 7 INFO neutron.services.segments.plugin [-] Segment 32cbb117-66c9-44fb-b087-7ccb71f36b09 resource provider aggregate not found
2026-07-03 17:15:43.150 7 INFO neutron.services.segments.plugin [-] Segment 643648ea-2bcf-447f-9603-91b3dd77e609 resource provider aggregate not found
2026-07-03 17:15:43.160 7 INFO neutron.services.segments.plugin [-] Segment 32cbb117-66c9-44fb-b087-7ccb71f36b09 resource provider not found; error: Placement Client Error (4xx): {"errors": [{"status": 404, "title": "Not Found", "detail": "The resource could not be found.\n\n No resource provider with uuid 32cbb117-66c9-44fb-b087-7ccb71f36b09 found for delete ", "request_id": "req-b0109b74-0d2f-4c5d-bf72-9df7e2a5fa5f"}]}
2026-07-03 17:15:43.171 7 INFO neutron.services.segments.plugin [-] Segment 643648ea-2bcf-447f-9603-91b3dd77e609 resource provider not found; error: Placement Client Error (4xx): {"errors": [{"status": 404, "title": "Not Found", "detail": "The resource could not be found.\n\n No resource provider with uuid 643648ea-2bcf-447f-9603-91b3dd77e609 found for delete ", "request_id": "req-8cd4fe2d-187b-49b9-ac31-527e486ad8fc"}]}
2026-07-03 17:15:43.177 8 INFO neutron_taas.services.taas.taas_plugin [None req-a4758050-e863-4cca-8486-dcf4681597ad 153d35a97d9b4665b1a0455b3e8ea526 b612fe7d679949fa8356eaa1a7769dcf - - default default] TaaS: Handle Delete Port: f4a06f0c-6003-4267-b143-fe78d613543e
2026-07-03 17:15:43.180 8 INFO neutron_taas.services.taas.tap_mirror_plugin [None req-a4758050-e863-4cca-8486-dcf4681597ad 153d35a97d9b4665b1a0455b3e8ea526 b612fe7d679949fa8356eaa1a7769dcf - - default default] Tap Mirror: Handle Delete Port: f4a06f0c-6003-4267-b143-fe78d613543e
2026-07-03 17:15:43.186 7 INFO neutron.services.segments.plugin [-] Segment 643648ea-2bcf-447f-9603-91b3dd77e609 resource provider aggregate not found [pid: 7|app: 0|req: 896/1670] 10.0.0.29 () {32 vars in 773 bytes} [Fri Jul 3 17:15:42 2026] GET /v2.0/security-groups?tenant_id=058442bfb0e247a6bdac146c112eded7&name=default => generated 2925 bytes in 564 msecs (HTTP/1.1 200) 4 headers in 158 bytes (1 switches on core 0)
2026-07-03 17:15:43.203 7 WARNING neutron.plugins.ml2.drivers.ovn.mech_driver.ovsdb.ovn_client [None req-e43161ea-0462-43f9-896d-1adb76efa94d - - - - - -] No port found with ID 2d8ddfe8-9ee0-435c-beaf-82606ace3857: RuntimeError: No port found with ID 2d8ddfe8-9ee0-435c-beaf-82606ace3857
2026-07-03 17:15:43.203 7 INFO neutron.plugins.ml2.drivers.ovn.mech_driver.mech_driver [None req-e43161ea-0462-43f9-896d-1adb76efa94d - - - - - -] OVN reports status down for port: 41161cbd-ae67-4bf5-8d28-d5bb303711de
2026-07-03 17:15:43.218 7 INFO neutron.services.segments.plugin [-] Segment 643648ea-2bcf-447f-9603-91b3dd77e609 resource provider not found; error: Placement Client Error (4xx): {"errors": [{"status": 404, "title": "Not Found", "detail": "The resource could not be found.\n\n No resource provider with uuid 643648ea-2bcf-447f-9603-91b3dd77e609 found for delete ", "request_id": "req-a170fb61-d89f-414c-b455-8b67721569ef"}]}
2026-07-03 17:15:43.238 7 INFO neutron.plugins.ml2.drivers.ovn.mech_driver.mech_driver [None req-e43161ea-0462-43f9-896d-1adb76efa94d - - - - - -] OVN reports status down for port: cc2cb287-4a7b-4df2-bf71-9633ebf80513
2026-07-03 17:15:43.248 7 INFO neutron.plugins.ml2.drivers.ovn.mech_driver.mech_driver [None req-e43161ea-0462-43f9-896d-1adb76efa94d - - - - - -] OVN reports status down for port: 556bb50d-c4bb-4754-8204-eda13f6ad21a
2026-07-03 17:15:43.255 7 INFO neutron.plugins.ml2.drivers.ovn.mech_driver.mech_driver [None req-e43161ea-0462-43f9-896d-1adb76efa94d - - - - - -] OVN reports status down for port: f4a06f0c-6003-4267-b143-fe78d613543e
2026-07-03 17:15:43.295 7 INFO neutron.plugins.ml2.drivers.ovn.mech_driver.mech_driver [None req-e43161ea-0462-43f9-896d-1adb76efa94d - - - - - -] OVN reports status up for port: f4a06f0c-6003-4267-b143-fe78d613543e [pid: 7|app: 0|req: 897/1671] 10.0.0.29 () {32 vars in 773 bytes} [Fri Jul 3 17:15:43 2026] GET /v2.0/security-groups?tenant_id=e5c769e1198c4478b06875ead534bf1b&name=default => generated 2925 bytes in 276 msecs (HTTP/1.1 200) 4 headers in 158 bytes (1 switches on core 0) [pid: 8|app: 0|req: 775/1672] 10.0.0.29 () {32 vars in 723 bytes} [Fri Jul 3 17:15:42 2026] DELETE /v2.0/routers/ac7ba083-948c-4f7d-8b08-f36a1c910344 => generated 0 bytes in 784 msecs (HTTP/1.1 204) 2 headers in 112 bytes (1 switches on core 0) [pid: 7|app: 0|req: 898/1673] 10.0.0.29 () {32 vars in 739 bytes} [Fri Jul 3 17:15:43 2026] DELETE /v2.0/security-groups/b055f347-97ee-4011-9466-aeb456d0319c => generated 0 bytes in 228 msecs (HTTP/1.1 204) 2 headers in 112 bytes (1 switches on core 0) [pid: 8|app: 0|req: 776/1674] 10.0.0.24 () {34 vars in 989 bytes} [Fri Jul 3 17:15:43 2026] GET /v2.0/ports?device_id=d81f6a33-0d39-4919-9fa3-a308198f8832 => generated 971 bytes in 85 msecs (HTTP/1.1 200) 4 headers in 157 bytes (1 switches on core 0) [pid: 8|app: 0|req: 777/1675] 10.0.0.29 () {32 vars in 735 bytes} [Fri Jul 3 17:15:43 2026] GET /v2.0/ports?device_id=ac7ba083-948c-4f7d-8b08-f36a1c910344 => generated 12 bytes in 18 msecs (HTTP/1.1 200) 4 headers in 156 bytes (1 switches on core 0) [pid: 8|app: 0|req: 778/1676] 10.0.0.24 () {34 vars in 1039 bytes} [Fri Jul 3 17:15:43 2026] GET /v2.0/security-groups?id=b5f120ec-9729-470f-b8f4-2e6d4cb76138&fields=id&fields=name => generated 113 bytes in 27 msecs (HTTP/1.1 200) 4 headers in 157 bytes (1 switches on core 0)
2026-07-03 17:15:43.772 8 INFO neutron.api.v2.resource [None req-ce2c225d-4ad7-4c01-ab70-43a94f0aa3ba 153d35a97d9b4665b1a0455b3e8ea526 b612fe7d679949fa8356eaa1a7769dcf - - default default] delete failed (client error): The resource could not be found. [pid: 8|app: 0|req: 779/1677] 10.0.0.29 () {32 vars in 723 bytes} [Fri Jul 3 17:15:43 2026] DELETE /v2.0/routers/ac7ba083-948c-4f7d-8b08-f36a1c910344 => generated 135 bytes in 16 msecs (HTTP/1.1 404) 4 headers in 164 bytes (1 switches on core 0) [pid: 8|app: 0|req: 780/1678] 10.0.0.29 () {32 vars in 735 bytes} [Fri Jul 3 17:15:43 2026] GET /v2.0/ports?device_id=9d237097-820c-43f2-9fc5-2ea68b1e57bb => generated 12 bytes in 20 msecs (HTTP/1.1 200) 4 headers in 156 bytes (1 switches on core 0)
2026-07-03 17:15:43.828 8 INFO neutron.api.v2.resource [None req-54b66a40-4ab1-4f10-8108-0083f8b74549 153d35a97d9b4665b1a0455b3e8ea526 b612fe7d679949fa8356eaa1a7769dcf - - default default] delete failed (client error): The resource could not be found. [pid: 8|app: 0|req: 781/1679] 10.0.0.29 () {32 vars in 723 bytes} [Fri Jul 3 17:15:43 2026] DELETE /v2.0/routers/9d237097-820c-43f2-9fc5-2ea68b1e57bb => generated 135 bytes in 26 msecs (HTTP/1.1 404) 4 headers in 164 bytes (1 switches on core 0) [pid: 8|app: 0|req: 782/1680] 10.0.0.29 () {32 vars in 773 bytes} [Fri Jul 3 17:15:43 2026] GET /v2.0/security-groups?tenant_id=2468d34c4d964819a3c1ef7ef63c494a&name=default => generated 2925 bytes in 44 msecs (HTTP/1.1 200) 4 headers in 158 bytes (1 switches on core 0)
2026-07-03 17:15:43.892 8 INFO neutron.pecan_wsgi.hooks.translation [None req-10ba42b6-2a3f-4f8f-b700-ab9fbddc380a 153d35a97d9b4665b1a0455b3e8ea526 b612fe7d679949fa8356eaa1a7769dcf - - default default] DELETE failed (client error): The resource could not be found. [pid: 8|app: 0|req: 783/1681] 10.0.0.29 () {32 vars in 723 bytes} [Fri Jul 3 17:15:43 2026] DELETE /v2.0/subnets/c3f104cb-d945-43a8-96f8-c3a0fdabea2a => generated 136 bytes in 22 msecs (HTTP/1.1 404) 4 headers in 164 bytes (1 switches on core 0) [pid: 7|app: 0|req: 899/1682] 10.0.0.29 () {32 vars in 739 bytes} [Fri Jul 3 17:15:43 2026] DELETE /v2.0/security-groups/1c16ee4d-f009-4629-96ac-9d8285e1b76e => generated 0 bytes in 194 msecs (HTTP/1.1 204) 2 headers in 112 bytes (1 switches on core 0) [pid: 7|app: 0|req: 900/1683] 10.0.0.29 () {32 vars in 735 bytes} [Fri Jul 3 17:15:43 2026] GET /v2.0/ports?device_id=c3f655fc-0956-475d-bb39-1121dda54e86 => generated 12 bytes in 15 msecs (HTTP/1.1 200) 4 headers in 156 bytes (1 switches on core 0)
2026-07-03 17:15:43.934 7 INFO neutron.api.v2.resource [None req-e6b7fe06-8841-4b2f-9182-941a6e24e70c 153d35a97d9b4665b1a0455b3e8ea526 b612fe7d679949fa8356eaa1a7769dcf - - default default] delete failed (client error): The resource could not be found. [pid: 7|app: 0|req: 901/1684] 10.0.0.29 () {32 vars in 723 bytes} [Fri Jul 3 17:15:43 2026] DELETE /v2.0/routers/c3f655fc-0956-475d-bb39-1121dda54e86 => generated 135 bytes in 14 msecs (HTTP/1.1 404) 4 headers in 164 bytes (1 switches on core 0) [pid: 7|app: 0|req: 902/1685] 10.0.0.24 () {34 vars in 989 bytes} [Fri Jul 3 17:15:43 2026] GET /v2.0/ports?device_id=d81f6a33-0d39-4919-9fa3-a308198f8832 => generated 971 bytes in 73 msecs (HTTP/1.1 200) 4 headers in 157 bytes (1 switches on core 0)
2026-07-03 17:15:44.018 7 INFO neutron.pecan_wsgi.hooks.translation [None req-5e606e07-4268-4b90-8bb2-7baf44f9a917 153d35a97d9b4665b1a0455b3e8ea526 b612fe7d679949fa8356eaa1a7769dcf - - default default] DELETE failed (client error): The resource could not be found. [pid: 7|app: 0|req: 903/1686] 10.0.0.29 () {32 vars in 723 bytes} [Fri Jul 3 17:15:44 2026] DELETE /v2.0/subnets/e385b9b6-b883-4f1a-9e36-ff1f68e29964 => generated 136 bytes in 11 msecs (HTTP/1.1 404) 4 headers in 164 bytes (1 switches on core 0) [pid: 7|app: 0|req: 904/1687] 10.0.0.24 () {34 vars in 1039 bytes} [Fri Jul 3 17:15:44 2026] GET /v2.0/security-groups?id=b5f120ec-9729-470f-b8f4-2e6d4cb76138&fields=id&fields=name => generated 113 bytes in 33 msecs (HTTP/1.1 200) 4 headers in 157 bytes (1 switches on core 0) [pid: 7|app: 0|req: 905/1688] 10.0.0.29 () {32 vars in 735 bytes} [Fri Jul 3 17:15:44 2026] GET /v2.0/ports?device_id=54fa5438-1d87-4131-87d1-966c47cfc0cf => generated 12 bytes in 21 msecs (HTTP/1.1 200) 4 headers in 156 bytes (1 switches on core 0)
2026-07-03 17:15:44.106 7 INFO neutron.api.v2.resource [None req-16425b8a-2e06-4191-9bd0-3d446950c187 153d35a97d9b4665b1a0455b3e8ea526 b612fe7d679949fa8356eaa1a7769dcf - - default default] delete failed (client error): The resource could not be found. [pid: 7|app: 0|req: 906/1689] 10.0.0.29 () {32 vars in 723 bytes} [Fri Jul 3 17:15:44 2026] DELETE /v2.0/routers/54fa5438-1d87-4131-87d1-966c47cfc0cf => generated 135 bytes in 25 msecs (HTTP/1.1 404) 4 headers in 164 bytes (1 switches on core 0)
2026-07-03 17:15:44.124 7 INFO neutron.pecan_wsgi.hooks.translation [None req-aaf29596-c7fd-4f49-8497-f09d256bf99e 153d35a97d9b4665b1a0455b3e8ea526 b612fe7d679949fa8356eaa1a7769dcf - - default default] DELETE failed (client error): The resource could not be found. [pid: 7|app: 0|req: 907/1690] 10.0.0.29 () {32 vars in 723 bytes} [Fri Jul 3 17:15:44 2026] DELETE /v2.0/subnets/9f96733d-85f2-496d-9287-877d3126a50f => generated 136 bytes in 15 msecs (HTTP/1.1 404) 4 headers in 164 bytes (1 switches on core 0) [pid: 8|app: 0|req: 784/1691] 10.0.0.29 () {32 vars in 739 bytes} [Fri Jul 3 17:15:43 2026] DELETE /v2.0/security-groups/8cc0e19f-6292-4727-9b71-4a9a8466cbe2 => generated 0 bytes in 245 msecs (HTTP/1.1 204) 2 headers in 112 bytes (1 switches on core 0)
2026-07-03 17:15:44.143 7 INFO neutron.pecan_wsgi.hooks.translation [None req-79741532-ece1-419f-b8a0-141c8e5fae04 153d35a97d9b4665b1a0455b3e8ea526 b612fe7d679949fa8356eaa1a7769dcf - - default default] DELETE failed (client error): The resource could not be found. [pid: 7|app: 0|req: 908/1692] 10.0.0.29 () {32 vars in 723 bytes} [Fri Jul 3 17:15:44 2026] DELETE /v2.0/subnets/68bb63b9-0d9a-4091-bd41-a14268849ac1 => generated 136 bytes in 12 msecs (HTTP/1.1 404) 4 headers in 164 bytes (1 switches on core 0) [pid: 8|app: 0|req: 785/1693] 10.0.0.29 () {32 vars in 773 bytes} [Fri Jul 3 17:15:44 2026] GET /v2.0/security-groups?tenant_id=b612fe7d679949fa8356eaa1a7769dcf&name=default => generated 2925 bytes in 185 msecs (HTTP/1.1 200) 4 headers in 158 bytes (1 switches on core 0)
2026-07-03 17:15:45.000 8 INFO neutron.plugins.ml2.drivers.ovn.mech_driver.mech_driver [None req-b68636a9-a338-4f58-ab12-ec9aec40eb5d - - - - - -] OVN reports status down for port: 6f1fe0d8-d75a-4d70-8a7b-bbb472f497a6 [pid: 7|app: 0|req: 909/1694] 10.0.0.29 () {32 vars in 739 bytes} [Fri Jul 3 17:15:44 2026] DELETE /v2.0/security-groups/10dfbb16-7887-40d1-bb36-7a0c8f19807c => generated 0 bytes in 259 msecs (HTTP/1.1 204) 2 headers in 112 bytes (1 switches on core 0)
2026-07-03 17:15:45.183 8 INFO neutron.notifiers.nova [-] Nova event matching ['req-aae736cc-adb4-4b31-ba9f-68ea373b791e'] response: {'server_uuid': 'd81f6a33-0d39-4919-9fa3-a308198f8832', 'name': 'network-vif-unplugged', 'status': 'completed', 'tag': '6f1fe0d8-d75a-4d70-8a7b-bbb472f497a6', 'code': 200} [pid: 8|app: 0|req: 786/1695] 10.0.0.24 () {34 vars in 989 bytes} [Fri Jul 3 17:15:45 2026] GET /v2.0/ports?device_id=d81f6a33-0d39-4919-9fa3-a308198f8832 => generated 971 bytes in 70 msecs (HTTP/1.1 200) 4 headers in 157 bytes (1 switches on core 0) [pid: 7|app: 0|req: 910/1696] 10.0.0.24 () {34 vars in 1039 bytes} [Fri Jul 3 17:15:45 2026] GET /v2.0/security-groups?id=b5f120ec-9729-470f-b8f4-2e6d4cb76138&fields=id&fields=name => generated 113 bytes in 30 msecs (HTTP/1.1 200) 4 headers in 157 bytes (1 switches on core 0)
2026-07-03 17:15:45.366 8 INFO neutron.db.ovn_revision_numbers_db [None req-b68636a9-a338-4f58-ab12-ec9aec40eb5d - - - - - -] Successfully bumped revision number for resource 6f1fe0d8-d75a-4d70-8a7b-bbb472f497a6 (type: ports) to 8 /var/lib/openstack/lib/python3.12/site-packages/pycadf/identifier.py:70: UserWarning: Invalid uuid: neutron. To ensure interoperability, identifiers should be a valid uuid. warnings.warn(('Invalid uuid: %s. To ensure interoperability, '
2026-07-03 17:15:46.110 8 INFO neutron.db.ovn_revision_numbers_db [None req-39e16f37-b1ab-46ae-9d8c-9d79327b0b46 cf0f2af3dfb24c7e89a9e8c667596e88 de153788afdf46f281486062a1ce2934 - - default default] Successfully bumped revision number for resource dee879d3-15d6-4d89-8b99-119f7ab9b7f6 (type: security_groups) to 1
2026-07-03 17:15:46.125 8 INFO neutron.db.ovn_revision_numbers_db [None req-39e16f37-b1ab-46ae-9d8c-9d79327b0b46 cf0f2af3dfb24c7e89a9e8c667596e88 de153788afdf46f281486062a1ce2934 - - default default] Successfully bumped revision number for resource 0ef90ab8-5de3-4038-908f-6a4da77606d2 (type: security_group_rules) to 0
2026-07-03 17:15:46.138 8 INFO neutron.db.ovn_revision_numbers_db [None req-39e16f37-b1ab-46ae-9d8c-9d79327b0b46 cf0f2af3dfb24c7e89a9e8c667596e88 de153788afdf46f281486062a1ce2934 - - default default] Successfully bumped revision number for resource 668792d9-30d7-433c-b1e5-ba7a2f5a253f (type: security_group_rules) to 0
2026-07-03 17:15:46.149 8 INFO neutron.db.ovn_revision_numbers_db [None req-39e16f37-b1ab-46ae-9d8c-9d79327b0b46 cf0f2af3dfb24c7e89a9e8c667596e88 de153788afdf46f281486062a1ce2934 - - default default] Successfully bumped revision number for resource a8889e1c-bfee-41fb-b3b6-e0c1c89be474 (type: security_group_rules) to 0
2026-07-03 17:15:46.160 8 INFO neutron.db.ovn_revision_numbers_db [None req-39e16f37-b1ab-46ae-9d8c-9d79327b0b46 cf0f2af3dfb24c7e89a9e8c667596e88 de153788afdf46f281486062a1ce2934 - - default default] Successfully bumped revision number for resource d37225fe-d568-4d23-af86-d3e3d194a4cf (type: security_group_rules) to 0
2026-07-03 17:15:46.227 8 INFO neutron.db.segments_db [None req-39e16f37-b1ab-46ae-9d8c-9d79327b0b46 cf0f2af3dfb24c7e89a9e8c667596e88 de153788afdf46f281486062a1ce2934 - - default default] Added segment 3bd8a5e2-c237-41f0-b22c-93a74afe353e of type geneve for network 288af669-9e2b-4425-86a6-cc2352bd624e [pid: 7|app: 0|req: 912/1699] 199.204.45.53 () {34 vars in 993 bytes} [Fri Jul 3 17:15:46 2026] GET /v2.0/ports?device_id=d81f6a33-0d39-4919-9fa3-a308198f8832 => generated 969 bytes in 47 msecs (HTTP/1.1 200) 4 headers in 157 bytes (1 switches on core 0)
2026-07-03 17:15:46.370 8 INFO neutron.db.ovn_revision_numbers_db [None req-39e16f37-b1ab-46ae-9d8c-9d79327b0b46 cf0f2af3dfb24c7e89a9e8c667596e88 de153788afdf46f281486062a1ce2934 - - default default] Successfully bumped revision number for resource 288af669-9e2b-4425-86a6-cc2352bd624e (type: networks) to 1
2026-07-03 17:15:46.443 7 INFO neutron_taas.services.taas.taas_plugin [req-948cd97a-10be-491b-b21c-dcd963eed4c1 req-1765b677-1560-4c61-bcaf-53f8e20fb028 1c61d213d92340d584b4d293a18899b6 81f6eb6994d444698d1f1d30dcd85973 - - default default] TaaS: Handle Delete Port: 6f1fe0d8-d75a-4d70-8a7b-bbb472f497a6
2026-07-03 17:15:46.446 7 INFO neutron_taas.services.taas.tap_mirror_plugin [req-948cd97a-10be-491b-b21c-dcd963eed4c1 req-1765b677-1560-4c61-bcaf-53f8e20fb028 1c61d213d92340d584b4d293a18899b6 81f6eb6994d444698d1f1d30dcd85973 - - default default] Tap Mirror: Handle Delete Port: 6f1fe0d8-d75a-4d70-8a7b-bbb472f497a6
2026-07-03 17:15:46.557 8 WARNING neutron.scheduler.dhcp_agent_scheduler [None req-39e16f37-b1ab-46ae-9d8c-9d79327b0b46 cf0f2af3dfb24c7e89a9e8c667596e88 de153788afdf46f281486062a1ce2934 - - default default] No more DHCP agents
2026-07-03 17:15:46.559 8 WARNING neutron.api.rpc.agentnotifiers.dhcp_rpc_agent_api [None req-39e16f37-b1ab-46ae-9d8c-9d79327b0b46 cf0f2af3dfb24c7e89a9e8c667596e88 de153788afdf46f281486062a1ce2934 - - default default] Unable to schedule network 288af669-9e2b-4425-86a6-cc2352bd624e: no agents available; will retry on subsequent port and subnet creation events.
2026-07-03 17:15:46.607 8 INFO neutron.plugins.ml2.drivers.ovn.mech_driver.mech_driver [None req-575d0d53-490b-405b-b0a2-c4bcb88d8014 - - - - - -] OVN reports status down for port: 2df83484-0199-4e63-b372-9673c39e61b1
2026-07-03 17:15:46.679 8 INFO neutron.db.ovn_revision_numbers_db [None req-39e16f37-b1ab-46ae-9d8c-9d79327b0b46 cf0f2af3dfb24c7e89a9e8c667596e88 de153788afdf46f281486062a1ce2934 - - default default] Successfully bumped revision number for resource 2df83484-0199-4e63-b372-9673c39e61b1 (type: ports) to 1 [pid: 8|app: 0|req: 788/1700] 10.0.0.29 () {34 vars in 669 bytes} [Fri Jul 3 17:15:45 2026] POST /v2.0/networks => generated 687 bytes in 877 msecs (HTTP/1.1 201) 4 headers in 162 bytes (1 switches on core 0) [pid: 8|app: 0|req: 789/1701] 10.0.0.24 () {34 vars in 989 bytes} [Fri Jul 3 17:15:46 2026] GET /v2.0/ports?device_id=d81f6a33-0d39-4919-9fa3-a308198f8832 => generated 969 bytes in 55 msecs (HTTP/1.1 200) 4 headers in 157 bytes (1 switches on core 0)
2026-07-03 17:15:46.984 8 WARNING neutron.scheduler.dhcp_agent_scheduler [None req-9a6be781-2adc-4c73-98dd-a2fa95d383d2 cf0f2af3dfb24c7e89a9e8c667596e88 de153788afdf46f281486062a1ce2934 - - default default] No more DHCP agents
2026-07-03 17:15:46.985 8 WARNING neutron.api.rpc.agentnotifiers.dhcp_rpc_agent_api [None req-9a6be781-2adc-4c73-98dd-a2fa95d383d2 cf0f2af3dfb24c7e89a9e8c667596e88 de153788afdf46f281486062a1ce2934 - - default default] Unable to schedule network 288af669-9e2b-4425-86a6-cc2352bd624e: no agents available; will retry on subsequent port and subnet creation events.
2026-07-03 17:15:47.059 7 INFO neutron.plugins.ml2.drivers.ovn.mech_driver.mech_driver [None req-e43161ea-0462-43f9-896d-1adb76efa94d - - - - - -] OVN reports status down for port: 7f1c06fd-16a5-4d89-8abf-665a1603eedd
2026-07-03 17:15:47.066 8 INFO neutron.db.ovn_revision_numbers_db [None req-9a6be781-2adc-4c73-98dd-a2fa95d383d2 cf0f2af3dfb24c7e89a9e8c667596e88 de153788afdf46f281486062a1ce2934 - - default default] Successfully bumped revision number for resource 7f1c06fd-16a5-4d89-8abf-665a1603eedd (type: ports) to 1 [pid: 8|app: 0|req: 790/1702] 10.0.0.29 () {34 vars in 664 bytes} [Fri Jul 3 17:15:46 2026] POST /v2.0/ports => generated 779 bytes in 359 msecs (HTTP/1.1 201) 4 headers in 162 bytes (1 switches on core 0) /var/lib/openstack/lib/python3.12/site-packages/pycadf/identifier.py:70: UserWarning: Invalid uuid: neutron. To ensure interoperability, identifiers should be a valid uuid. warnings.warn(('Invalid uuid: %s. To ensure interoperability, ' [pid: 8|app: 0|req: 791/1703] 10.0.0.24 () {34 vars in 1039 bytes} [Fri Jul 3 17:15:47 2026] GET /v2.0/security-groups?id=b5f120ec-9729-470f-b8f4-2e6d4cb76138&fields=id&fields=name => generated 113 bytes in 25 msecs (HTTP/1.1 200) 4 headers in 157 bytes (1 switches on core 0)
2026-07-03 17:15:47.165 7 INFO neutron.db.l3_db [req-948cd97a-10be-491b-b21c-dcd963eed4c1 req-1765b677-1560-4c61-bcaf-53f8e20fb028 1c61d213d92340d584b4d293a18899b6 81f6eb6994d444698d1f1d30dcd85973 - - default default] Floating IP e14c0a9b-0816-47bb-9f6e-fe1e435b148b disassociated. External IP: 10.96.250.203, port: 6f1fe0d8-d75a-4d70-8a7b-bbb472f497a6.
2026-07-03 17:15:47.223 8 INFO neutron.notifiers.nova [-] Nova event matching ['req-fb695ac2-03e3-45c7-a7fa-551e6a545d84'] response: {'server_uuid': 'd81f6a33-0d39-4919-9fa3-a308198f8832', 'name': 'network-vif-unplugged', 'status': 'completed', 'tag': '6f1fe0d8-d75a-4d70-8a7b-bbb472f497a6', 'code': 200} [pid: 7|app: 0|req: 913/1704] 199.204.45.53 () {36 vars in 996 bytes} [Fri Jul 3 17:15:46 2026] DELETE /v2.0/ports/6f1fe0d8-d75a-4d70-8a7b-bbb472f497a6 => generated 0 bytes in 1117 msecs (HTTP/1.1 204) 3 headers in 131 bytes (1 switches on core 0) /var/lib/openstack/lib/python3.12/site-packages/pycadf/identifier.py:70: UserWarning: Invalid uuid: neutron. To ensure interoperability, identifiers should be a valid uuid. warnings.warn(('Invalid uuid: %s. To ensure interoperability, '
2026-07-03 17:15:47.420 7 INFO neutron.notifiers.nova [-] Nova event matching ['req-20944ad5-d903-4cea-9f22-0d0ea040029c'] response: {'server_uuid': 'd81f6a33-0d39-4919-9fa3-a308198f8832', 'name': 'network-vif-deleted', 'tag': '6f1fe0d8-d75a-4d70-8a7b-bbb472f497a6', 'status': 'completed', 'code': 200} [pid: 8|app: 0|req: 792/1705] 10.0.0.29 () {34 vars in 675 bytes} [Fri Jul 3 17:15:47 2026] POST /v2.0/subnetpools => generated 548 bytes in 273 msecs (HTTP/1.1 201) 4 headers in 162 bytes (1 switches on core 0) [pid: 8|app: 0|req: 793/1706] 10.0.0.29 () {32 vars in 728 bytes} [Fri Jul 3 17:15:47 2026] GET /v2.0/subnetpools/efa74d02-b82a-4e20-b44c-deb4ac1443cd => generated 548 bytes in 22 msecs (HTTP/1.1 200) 4 headers in 157 bytes (1 switches on core 0)
2026-07-03 17:15:47.463 7 INFO neutron.db.segments_db [None req-4211f3c1-9d9e-4b2f-9a47-0e110306907b cf0f2af3dfb24c7e89a9e8c667596e88 de153788afdf46f281486062a1ce2934 - - default default] Added segment cce8d32b-45d6-46b9-9981-94bb0f7fd236 of type geneve for network 6b569e62-b7ac-45b6-b766-e508466ea06b [pid: 8|app: 0|req: 794/1707] 10.0.0.29 () {34 vars in 748 bytes} [Fri Jul 3 17:15:47 2026] PUT /v2.0/subnetpools/efa74d02-b82a-4e20-b44c-deb4ac1443cd => generated 501 bytes in 76 msecs (HTTP/1.1 200) 4 headers in 157 bytes (1 switches on core 0)
2026-07-03 17:15:47.579 7 INFO neutron.db.ovn_revision_numbers_db [None req-4211f3c1-9d9e-4b2f-9a47-0e110306907b cf0f2af3dfb24c7e89a9e8c667596e88 de153788afdf46f281486062a1ce2934 - - default default] Successfully bumped revision number for resource 6b569e62-b7ac-45b6-b766-e508466ea06b (type: networks) to 1
2026-07-03 17:15:47.740 8 INFO neutron.db.ovn_revision_numbers_db [None req-6038e0d4-f60f-493a-8c5a-39fd4312e036 f6eec60025084afab3179e8b080fac24 562b2bd866a4448c99364f4294b1efea - - default default] Successfully bumped revision number for resource c74ca913-f178-4633-82e0-8dc291f9fddb (type: security_groups) to 1
2026-07-03 17:15:47.752 8 INFO neutron.db.ovn_revision_numbers_db [None req-6038e0d4-f60f-493a-8c5a-39fd4312e036 f6eec60025084afab3179e8b080fac24 562b2bd866a4448c99364f4294b1efea - - default default] Successfully bumped revision number for resource 416a5b3a-9b28-4d48-b1b6-508671a789d0 (type: security_group_rules) to 0
2026-07-03 17:15:47.754 7 WARNING neutron.scheduler.dhcp_agent_scheduler [None req-4211f3c1-9d9e-4b2f-9a47-0e110306907b cf0f2af3dfb24c7e89a9e8c667596e88 de153788afdf46f281486062a1ce2934 - - default default] No more DHCP agents
2026-07-03 17:15:47.756 7 WARNING neutron.api.rpc.agentnotifiers.dhcp_rpc_agent_api [None req-4211f3c1-9d9e-4b2f-9a47-0e110306907b cf0f2af3dfb24c7e89a9e8c667596e88 de153788afdf46f281486062a1ce2934 - - default default] Unable to schedule network 6b569e62-b7ac-45b6-b766-e508466ea06b: no agents available; will retry on subsequent port and subnet creation events.
2026-07-03 17:15:47.764 8 INFO neutron.db.ovn_revision_numbers_db [None req-6038e0d4-f60f-493a-8c5a-39fd4312e036 f6eec60025084afab3179e8b080fac24 562b2bd866a4448c99364f4294b1efea - - default default] Successfully bumped revision number for resource 53a273ce-272e-4db4-99e7-16a99d52cc55 (type: security_group_rules) to 0
2026-07-03 17:15:47.775 8 INFO neutron.db.ovn_revision_numbers_db [None req-6038e0d4-f60f-493a-8c5a-39fd4312e036 f6eec60025084afab3179e8b080fac24 562b2bd866a4448c99364f4294b1efea - - default default] Successfully bumped revision number for resource d231ab69-2009-4cdf-ab8a-26d6f8545374 (type: security_group_rules) to 0
2026-07-03 17:15:47.786 8 INFO neutron.db.ovn_revision_numbers_db [None req-6038e0d4-f60f-493a-8c5a-39fd4312e036 f6eec60025084afab3179e8b080fac24 562b2bd866a4448c99364f4294b1efea - - default default] Successfully bumped revision number for resource ff328255-cd7c-46a5-998b-ce7309d356bc (type: security_group_rules) to 0
2026-07-03 17:15:47.814 8 INFO neutron.plugins.ml2.drivers.ovn.mech_driver.mech_driver [None req-575d0d53-490b-405b-b0a2-c4bcb88d8014 - - - - - -] OVN reports status down for port: abb50cd1-bc40-4440-8be4-11be140bc54a
2026-07-03 17:15:47.838 7 INFO neutron.db.ovn_revision_numbers_db [None req-4211f3c1-9d9e-4b2f-9a47-0e110306907b cf0f2af3dfb24c7e89a9e8c667596e88 de153788afdf46f281486062a1ce2934 - - default default] Successfully bumped revision number for resource abb50cd1-bc40-4440-8be4-11be140bc54a (type: ports) to 1 [pid: 7|app: 0|req: 914/1708] 10.0.0.29 () {34 vars in 669 bytes} [Fri Jul 3 17:15:47 2026] POST /v2.0/networks => generated 673 bytes in 504 msecs (HTTP/1.1 201) 4 headers in 162 bytes (1 switches on core 0)
2026-07-03 17:15:47.902 8 INFO neutron.db.segments_db [None req-6038e0d4-f60f-493a-8c5a-39fd4312e036 f6eec60025084afab3179e8b080fac24 562b2bd866a4448c99364f4294b1efea - - default default] Added segment 6f47a27a-c0e8-4270-9768-ee03407404ca of type geneve for network 7c4c1736-407d-4e47-b704-00a64bd42488 [pid: 7|app: 0|req: 915/1709] 10.0.0.29 () {32 vars in 731 bytes} [Fri Jul 3 17:15:47 2026] DELETE /v2.0/subnetpools/efa74d02-b82a-4e20-b44c-deb4ac1443cd => generated 0 bytes in 43 msecs (HTTP/1.1 204) 2 headers in 112 bytes (1 switches on core 0)
2026-07-03 17:15:48.027 8 INFO neutron.db.ovn_revision_numbers_db [None req-6038e0d4-f60f-493a-8c5a-39fd4312e036 f6eec60025084afab3179e8b080fac24 562b2bd866a4448c99364f4294b1efea - - default default] Successfully bumped revision number for resource 7c4c1736-407d-4e47-b704-00a64bd42488 (type: networks) to 1
2026-07-03 17:15:48.094 7 WARNING neutron.scheduler.dhcp_agent_scheduler [None req-9a473bee-621e-4bee-b6e5-efe39d47374e cf0f2af3dfb24c7e89a9e8c667596e88 de153788afdf46f281486062a1ce2934 - - default default] No more DHCP agents
2026-07-03 17:15:48.096 7 WARNING neutron.api.rpc.agentnotifiers.dhcp_rpc_agent_api [None req-9a473bee-621e-4bee-b6e5-efe39d47374e cf0f2af3dfb24c7e89a9e8c667596e88 de153788afdf46f281486062a1ce2934 - - default default] Unable to schedule network 6b569e62-b7ac-45b6-b766-e508466ea06b: no agents available; will retry on subsequent port and subnet creation events.
2026-07-03 17:15:48.131 7 INFO neutron.db.ovn_revision_numbers_db [None req-9a473bee-621e-4bee-b6e5-efe39d47374e cf0f2af3dfb24c7e89a9e8c667596e88 de153788afdf46f281486062a1ce2934 - - default default] Successfully bumped revision number for resource c3c015cd-4d5b-4d36-9400-212896087d2c (type: subnets) to 0 [pid: 7|app: 0|req: 916/1710] 10.0.0.29 () {34 vars in 668 bytes} [Fri Jul 3 17:15:47 2026] POST /v2.0/subnets => generated 646 bytes in 246 msecs (HTTP/1.1 201) 4 headers in 162 bytes (1 switches on core 0)
2026-07-03 17:15:48.164 7 INFO neutron.api.v2.resource [None req-eb6a8a2e-6e58-4701-bdb5-54b2f6511bd4 4ad8ccc03f114f3a80afc3f2ad9d6b09 020f7da15b9046269e45236c41a118da - - default default] show failed (client error): The resource could not be found. [pid: 7|app: 0|req: 917/1711] 10.0.0.29 () {32 vars in 728 bytes} [Fri Jul 3 17:15:48 2026] GET /v2.0/subnetpools/efa74d02-b82a-4e20-b44c-deb4ac1443cd => generated 145 bytes in 11 msecs (HTTP/1.1 404) 4 headers in 164 bytes (1 switches on core 0)
2026-07-03 17:15:48.208 8 WARNING neutron.scheduler.dhcp_agent_scheduler [None req-6038e0d4-f60f-493a-8c5a-39fd4312e036 f6eec60025084afab3179e8b080fac24 562b2bd866a4448c99364f4294b1efea - - default default] No more DHCP agents
2026-07-03 17:15:48.210 8 WARNING neutron.api.rpc.agentnotifiers.dhcp_rpc_agent_api [None req-6038e0d4-f60f-493a-8c5a-39fd4312e036 f6eec60025084afab3179e8b080fac24 562b2bd866a4448c99364f4294b1efea - - default default] Unable to schedule network 7c4c1736-407d-4e47-b704-00a64bd42488: no agents available; will retry on subsequent port and subnet creation events.
2026-07-03 17:15:48.274 8 INFO neutron.plugins.ml2.drivers.ovn.mech_driver.mech_driver [None req-575d0d53-490b-405b-b0a2-c4bcb88d8014 - - - - - -] OVN reports status down for port: c2feddee-e0df-41d6-b109-5376c3fbfb8f
2026-07-03 17:15:48.341 8 INFO neutron.db.ovn_revision_numbers_db [None req-6038e0d4-f60f-493a-8c5a-39fd4312e036 f6eec60025084afab3179e8b080fac24 562b2bd866a4448c99364f4294b1efea - - default default] Successfully bumped revision number for resource c2feddee-e0df-41d6-b109-5376c3fbfb8f (type: ports) to 1 [pid: 8|app: 0|req: 795/1712] 10.0.0.29 () {34 vars in 669 bytes} [Fri Jul 3 17:15:47 2026] POST /v2.0/networks => generated 670 bytes in 860 msecs (HTTP/1.1 201) 4 headers in 162 bytes (1 switches on core 0)
2026-07-03 17:15:48.423 8 INFO neutron.api.v2.resource [None req-393a330d-6727-4540-8a33-b25c38b75f9d 4ad8ccc03f114f3a80afc3f2ad9d6b09 020f7da15b9046269e45236c41a118da - - default default] delete failed (client error): The resource could not be found. [pid: 8|app: 0|req: 796/1713] 10.0.0.29 () {32 vars in 731 bytes} [Fri Jul 3 17:15:48 2026] DELETE /v2.0/subnetpools/efa74d02-b82a-4e20-b44c-deb4ac1443cd => generated 145 bytes in 23 msecs (HTTP/1.1 404) 4 headers in 164 bytes (1 switches on core 0) [pid: 8|app: 0|req: 797/1714] 10.0.0.24 () {34 vars in 989 bytes} [Fri Jul 3 17:15:48 2026] GET /v2.0/ports?device_id=d81f6a33-0d39-4919-9fa3-a308198f8832 => generated 12 bytes in 19 msecs (HTTP/1.1 200) 4 headers in 156 bytes (1 switches on core 0)
2026-07-03 17:15:48.492 7 WARNING neutron.scheduler.dhcp_agent_scheduler [None req-b6cf19f1-8493-449d-993a-34972e094887 cf0f2af3dfb24c7e89a9e8c667596e88 de153788afdf46f281486062a1ce2934 - - default default] No more DHCP agents
2026-07-03 17:15:48.495 7 WARNING neutron.api.rpc.agentnotifiers.dhcp_rpc_agent_api [None req-b6cf19f1-8493-449d-993a-34972e094887 cf0f2af3dfb24c7e89a9e8c667596e88 de153788afdf46f281486062a1ce2934 - - default default] Unable to schedule network 6b569e62-b7ac-45b6-b766-e508466ea06b: no agents available; will retry on subsequent port and subnet creation events.
2026-07-03 17:15:48.601 7 INFO neutron.plugins.ml2.drivers.ovn.mech_driver.mech_driver [None req-e43161ea-0462-43f9-896d-1adb76efa94d - - - - - -] OVN reports status down for port: 7cadc06b-611d-44ea-a739-a2c88bc7c112
2026-07-03 17:15:48.671 7 INFO neutron.db.ovn_revision_numbers_db [None req-b6cf19f1-8493-449d-993a-34972e094887 cf0f2af3dfb24c7e89a9e8c667596e88 de153788afdf46f281486062a1ce2934 - - default default] Successfully bumped revision number for resource 7cadc06b-611d-44ea-a739-a2c88bc7c112 (type: ports) to 1
2026-07-03 17:15:48.700 8 WARNING neutron.scheduler.dhcp_agent_scheduler [None req-cb054f03-a518-48d4-a12b-69829edc42a3 f6eec60025084afab3179e8b080fac24 562b2bd866a4448c99364f4294b1efea - - default default] No more DHCP agents
2026-07-03 17:15:48.701 8 WARNING neutron.api.rpc.agentnotifiers.dhcp_rpc_agent_api [None req-cb054f03-a518-48d4-a12b-69829edc42a3 f6eec60025084afab3179e8b080fac24 562b2bd866a4448c99364f4294b1efea - - default default] Unable to schedule network 7c4c1736-407d-4e47-b704-00a64bd42488: no agents available; will retry on subsequent port and subnet creation events. [pid: 7|app: 0|req: 918/1715] 10.0.0.29 () {34 vars in 664 bytes} [Fri Jul 3 17:15:48 2026] POST /v2.0/ports => generated 966 bytes in 551 msecs (HTTP/1.1 201) 4 headers in 162 bytes (1 switches on core 0) /var/lib/openstack/lib/python3.12/site-packages/pycadf/identifier.py:70: UserWarning: Invalid uuid: neutron. To ensure interoperability, identifiers should be a valid uuid. warnings.warn(('Invalid uuid: %s. To ensure interoperability, '
2026-07-03 17:15:48.790 8 INFO neutron.db.ovn_revision_numbers_db [None req-cb054f03-a518-48d4-a12b-69829edc42a3 f6eec60025084afab3179e8b080fac24 562b2bd866a4448c99364f4294b1efea - - default default] Successfully bumped revision number for resource 936a4be5-ae1d-4235-893b-0bcb4d1ab739 (type: ports) to 1
2026-07-03 17:15:48.793 7 INFO neutron.plugins.ml2.drivers.ovn.mech_driver.mech_driver [None req-e43161ea-0462-43f9-896d-1adb76efa94d - - - - - -] OVN reports status down for port: 936a4be5-ae1d-4235-893b-0bcb4d1ab739 [pid: 8|app: 0|req: 798/1716] 10.0.0.29 () {34 vars in 663 bytes} [Fri Jul 3 17:15:48 2026] POST /v2.0/ports => generated 743 bytes in 404 msecs (HTTP/1.1 201) 4 headers in 162 bytes (1 switches on core 0) /var/lib/openstack/lib/python3.12/site-packages/pycadf/identifier.py:70: UserWarning: Invalid uuid: neutron. To ensure interoperability, identifiers should be a valid uuid. warnings.warn(('Invalid uuid: %s. To ensure interoperability, '
2026-07-03 17:15:48.940 7 INFO neutron_taas.services.taas.taas_plugin [None req-611963cf-8209-47d6-a7c1-0a3f2c4dab73 cf0f2af3dfb24c7e89a9e8c667596e88 de153788afdf46f281486062a1ce2934 - - default default] TaaS: Handle Delete Port: 7cadc06b-611d-44ea-a739-a2c88bc7c112
2026-07-03 17:15:48.943 7 INFO neutron_taas.services.taas.tap_mirror_plugin [None req-611963cf-8209-47d6-a7c1-0a3f2c4dab73 cf0f2af3dfb24c7e89a9e8c667596e88 de153788afdf46f281486062a1ce2934 - - default default] Tap Mirror: Handle Delete Port: 7cadc06b-611d-44ea-a739-a2c88bc7c112 [pid: 7|app: 0|req: 919/1717] 10.0.0.29 () {32 vars in 719 bytes} [Fri Jul 3 17:15:48 2026] DELETE /v2.0/ports/7cadc06b-611d-44ea-a739-a2c88bc7c112 => generated 0 bytes in 360 msecs (HTTP/1.1 204) 3 headers in 131 bytes (1 switches on core 0) [pid: 8|app: 0|req: 799/1718] 10.0.0.29 () {34 vars in 665 bytes} [Fri Jul 3 17:15:48 2026] POST /v2.0/trunks => generated 409 bytes in 290 msecs (HTTP/1.1 201) 4 headers in 162 bytes (1 switches on core 0)
2026-07-03 17:15:49.303 7 INFO neutron.db.ovn_revision_numbers_db [None req-65c1fca3-daf3-45ad-aa85-b4f86ca84cdf 0e3ce3d0b4b844f7af1dc54c0fc75cb5 4b0c92e4fdb7471492cab14d84593647 - - default default] Successfully bumped revision number for resource 05d4a47c-d626-4c3a-b3ba-f0eab970076b (type: security_groups) to 1
2026-07-03 17:15:49.317 7 INFO neutron.db.ovn_revision_numbers_db [None req-65c1fca3-daf3-45ad-aa85-b4f86ca84cdf 0e3ce3d0b4b844f7af1dc54c0fc75cb5 4b0c92e4fdb7471492cab14d84593647 - - default default] Successfully bumped revision number for resource 44d998b0-1cc1-4f42-a5b6-3d0b608f3fac (type: security_group_rules) to 0
2026-07-03 17:15:49.331 7 INFO neutron.db.ovn_revision_numbers_db [None req-65c1fca3-daf3-45ad-aa85-b4f86ca84cdf 0e3ce3d0b4b844f7af1dc54c0fc75cb5 4b0c92e4fdb7471492cab14d84593647 - - default default] Successfully bumped revision number for resource ca08f506-cd1c-40e1-bd20-d721038eca0c (type: security_group_rules) to 0
2026-07-03 17:15:49.347 7 INFO neutron.db.ovn_revision_numbers_db [None req-65c1fca3-daf3-45ad-aa85-b4f86ca84cdf 0e3ce3d0b4b844f7af1dc54c0fc75cb5 4b0c92e4fdb7471492cab14d84593647 - - default default] Successfully bumped revision number for resource f2fa0234-ad5d-44b2-853c-291e4b2c9994 (type: security_group_rules) to 0
2026-07-03 17:15:49.374 7 INFO neutron.db.ovn_revision_numbers_db [None req-65c1fca3-daf3-45ad-aa85-b4f86ca84cdf 0e3ce3d0b4b844f7af1dc54c0fc75cb5 4b0c92e4fdb7471492cab14d84593647 - - default default] Successfully bumped revision number for resource f81525c6-15aa-4b16-aece-bee9cb6f53d7 (type: security_group_rules) to 0 [pid: 7|app: 0|req: 920/1719] 10.0.0.29 () {32 vars in 773 bytes} [Fri Jul 3 17:15:49 2026] GET /v2.0/security-groups?tenant_id=020f7da15b9046269e45236c41a118da&name=default => generated 2925 bytes in 363 msecs (HTTP/1.1 200) 4 headers in 158 bytes (1 switches on core 0) [pid: 7|app: 0|req: 921/1720] 10.0.0.29 () {34 vars in 748 bytes} [Fri Jul 3 17:15:49 2026] PUT /v2.0/trunks/dc4c1d13-89ff-4f59-a692-cdd21ea59fc0/tags => generated 25 bytes in 51 msecs (HTTP/1.1 200) 4 headers in 156 bytes (1 switches on core 0)
2026-07-03 17:15:49.662 8 INFO neutron.pecan_wsgi.hooks.translation [None req-1f134e3c-283d-4320-9da0-285f8d706e15 cf0f2af3dfb24c7e89a9e8c667596e88 de153788afdf46f281486062a1ce2934 - - default default] DELETE failed (client error): The resource could not be found. [pid: 8|app: 0|req: 800/1721] 10.0.0.29 () {32 vars in 719 bytes} [Fri Jul 3 17:15:49 2026] DELETE /v2.0/ports/7cadc06b-611d-44ea-a739-a2c88bc7c112 => generated 132 bytes in 522 msecs (HTTP/1.1 404) 4 headers in 164 bytes (1 switches on core 0) [pid: 8|app: 0|req: 801/1722] 10.0.0.29 () {32 vars in 728 bytes} [Fri Jul 3 17:15:49 2026] GET /v2.0/trunks/dc4c1d13-89ff-4f59-a692-cdd21ea59fc0/tags => generated 25 bytes in 40 msecs (HTTP/1.1 200) 4 headers in 156 bytes (1 switches on core 0) [pid: 8|app: 0|req: 802/1723] 10.0.0.24 () {34 vars in 989 bytes} [Fri Jul 3 17:15:49 2026] GET /v2.0/ports?device_id=d81f6a33-0d39-4919-9fa3-a308198f8832 => generated 12 bytes in 22 msecs (HTTP/1.1 200) 4 headers in 156 bytes (1 switches on core 0)
2026-07-03 17:15:49.755 8 INFO neutron.pecan_wsgi.hooks.translation [None req-89052c76-a239-416e-877c-9c44d731455c cf0f2af3dfb24c7e89a9e8c667596e88 de153788afdf46f281486062a1ce2934 - - default default] GET failed (client error): The resource could not be found. [pid: 7|app: 0|req: 922/1724] 10.0.0.29 () {32 vars in 739 bytes} [Fri Jul 3 17:15:49 2026] DELETE /v2.0/security-groups/05d4a47c-d626-4c3a-b3ba-f0eab970076b => generated 0 bytes in 258 msecs (HTTP/1.1 204) 2 headers in 112 bytes (1 switches on core 0) [pid: 8|app: 0|req: 803/1725] 10.0.0.29 () {32 vars in 716 bytes} [Fri Jul 3 17:15:49 2026] GET /v2.0/ports/7cadc06b-611d-44ea-a739-a2c88bc7c112 => generated 132 bytes in 26 msecs (HTTP/1.1 404) 4 headers in 164 bytes (1 switches on core 0) [pid: 7|app: 0|req: 923/1726] 10.0.0.29 () {34 vars in 759 bytes} [Fri Jul 3 17:15:49 2026] PUT /v2.0/trunks/dc4c1d13-89ff-4f59-a692-cdd21ea59fc0/tags/green => generated 4 bytes in 38 msecs (HTTP/1.1 201) 4 headers in 160 bytes (1 switches on core 0) [pid: 7|app: 0|req: 924/1727] 10.0.0.29 () {32 vars in 728 bytes} [Fri Jul 3 17:15:49 2026] GET /v2.0/trunks/dc4c1d13-89ff-4f59-a692-cdd21ea59fc0/tags => generated 34 bytes in 19 msecs (HTTP/1.1 200) 4 headers in 156 bytes (1 switches on core 0) [pid: 7|app: 0|req: 925/1728] 10.0.0.29 () {34 vars in 755 bytes} [Fri Jul 3 17:15:49 2026] PUT /v2.0/trunks/dc4c1d13-89ff-4f59-a692-cdd21ea59fc0/tags/red => generated 4 bytes in 28 msecs (HTTP/1.1 201) 4 headers in 160 bytes (1 switches on core 0) [pid: 7|app: 0|req: 926/1729] 10.0.0.29 () {32 vars in 728 bytes} [Fri Jul 3 17:15:49 2026] GET /v2.0/trunks/dc4c1d13-89ff-4f59-a692-cdd21ea59fc0/tags => generated 34 bytes in 22 msecs (HTTP/1.1 200) 4 headers in 156 bytes (1 switches on core 0) [pid: 8|app: 0|req: 804/1730] 10.0.0.29 () {32 vars in 723 bytes} [Fri Jul 3 17:15:49 2026] DELETE /v2.0/subnets/c3c015cd-4d5b-4d36-9400-212896087d2c => generated 0 bytes in 150 msecs (HTTP/1.1 204) 3 headers in 131 bytes (1 switches on core 0) [pid: 7|app: 0|req: 927/1731] 10.0.0.29 () {34 vars in 777 bytes} [Fri Jul 3 17:15:49 2026] PUT /v2.0/trunks/dc4c1d13-89ff-4f59-a692-cdd21ea59fc0/tags/black.or.white => generated 4 bytes in 40 msecs (HTTP/1.1 201) 4 headers in 160 bytes (1 switches on core 0) [pid: 7|app: 0|req: 928/1732] 10.0.0.29 () {32 vars in 728 bytes} [Fri Jul 3 17:15:49 2026] GET /v2.0/trunks/dc4c1d13-89ff-4f59-a692-cdd21ea59fc0/tags => generated 52 bytes in 18 msecs (HTTP/1.1 200) 4 headers in 156 bytes (1 switches on core 0) [pid: 7|app: 0|req: 929/1733] 10.0.0.29 () {34 vars in 748 bytes} [Fri Jul 3 17:15:49 2026] PUT /v2.0/trunks/dc4c1d13-89ff-4f59-a692-cdd21ea59fc0/tags => generated 37 bytes in 37 msecs (HTTP/1.1 200) 4 headers in 156 bytes (1 switches on core 0) [pid: 7|app: 0|req: 930/1734] 10.0.0.29 () {32 vars in 728 bytes} [Fri Jul 3 17:15:49 2026] GET /v2.0/trunks/dc4c1d13-89ff-4f59-a692-cdd21ea59fc0/tags => generated 37 bytes in 37 msecs (HTTP/1.1 200) 4 headers in 156 bytes (1 switches on core 0)
2026-07-03 17:15:50.058 8 INFO neutron_taas.services.taas.taas_plugin [None req-e26a75b2-dc3b-4460-bbc0-842fceb81f29 cf0f2af3dfb24c7e89a9e8c667596e88 de153788afdf46f281486062a1ce2934 - - default default] TaaS: Handle Delete Port: abb50cd1-bc40-4440-8be4-11be140bc54a
2026-07-03 17:15:50.062 8 INFO neutron_taas.services.taas.tap_mirror_plugin [None req-e26a75b2-dc3b-4460-bbc0-842fceb81f29 cf0f2af3dfb24c7e89a9e8c667596e88 de153788afdf46f281486062a1ce2934 - - default default] Tap Mirror: Handle Delete Port: abb50cd1-bc40-4440-8be4-11be140bc54a [pid: 7|app: 0|req: 931/1735] 10.0.0.29 () {32 vars in 736 bytes} [Fri Jul 3 17:15:50 2026] GET /v2.0/trunks/dc4c1d13-89ff-4f59-a692-cdd21ea59fc0/tags/red => generated 0 bytes in 24 msecs (HTTP/1.1 204) 2 headers in 112 bytes (1 switches on core 0)
2026-07-03 17:15:50.093 7 INFO neutron.api.v2.resource [None req-44f9a4f7-0e81-478d-9c0b-133324f27706 f6eec60025084afab3179e8b080fac24 562b2bd866a4448c99364f4294b1efea - - default default] show failed (client error): The resource could not be found. [pid: 7|app: 0|req: 932/1736] 10.0.0.29 () {32 vars in 740 bytes} [Fri Jul 3 17:15:50 2026] GET /v2.0/trunks/dc4c1d13-89ff-4f59-a692-cdd21ea59fc0/tags/green => generated 99 bytes in 18 msecs (HTTP/1.1 404) 4 headers in 163 bytes (1 switches on core 0) [pid: 7|app: 0|req: 933/1737] 10.0.0.29 () {32 vars in 739 bytes} [Fri Jul 3 17:15:50 2026] DELETE /v2.0/trunks/dc4c1d13-89ff-4f59-a692-cdd21ea59fc0/tags/red => generated 0 bytes in 31 msecs (HTTP/1.1 204) 2 headers in 112 bytes (1 switches on core 0) [pid: 7|app: 0|req: 934/1738] 10.0.0.29 () {32 vars in 728 bytes} [Fri Jul 3 17:15:50 2026] GET /v2.0/trunks/dc4c1d13-89ff-4f59-a692-cdd21ea59fc0/tags => generated 30 bytes in 26 msecs (HTTP/1.1 200) 4 headers in 156 bytes (1 switches on core 0)
2026-07-03 17:15:50.201 7 INFO neutron.api.v2.resource [None req-1d3fc396-e586-4880-952f-4397fc6155ea f6eec60025084afab3179e8b080fac24 562b2bd866a4448c99364f4294b1efea - - default default] delete failed (client error): The resource could not be found. [pid: 7|app: 0|req: 935/1739] 10.0.0.29 () {32 vars in 743 bytes} [Fri Jul 3 17:15:50 2026] DELETE /v2.0/trunks/dc4c1d13-89ff-4f59-a692-cdd21ea59fc0/tags/green => generated 99 bytes in 37 msecs (HTTP/1.1 404) 4 headers in 163 bytes (1 switches on core 0) [pid: 7|app: 0|req: 936/1740] 10.0.0.29 () {32 vars in 731 bytes} [Fri Jul 3 17:15:50 2026] DELETE /v2.0/trunks/dc4c1d13-89ff-4f59-a692-cdd21ea59fc0/tags => generated 0 bytes in 44 msecs (HTTP/1.1 204) 2 headers in 112 bytes (1 switches on core 0)
2026-07-03 17:15:50.256 8 INFO neutron.services.segments.plugin [-] Segment cce8d32b-45d6-46b9-9981-94bb0f7fd236 resource provider aggregate not found
2026-07-03 17:15:50.264 8 INFO neutron.services.segments.plugin [-] Segment cce8d32b-45d6-46b9-9981-94bb0f7fd236 resource provider aggregate not found [pid: 7|app: 0|req: 937/1741] 10.0.0.29 () {32 vars in 728 bytes} [Fri Jul 3 17:15:50 2026] GET /v2.0/trunks/dc4c1d13-89ff-4f59-a692-cdd21ea59fc0/tags => generated 12 bytes in 29 msecs (HTTP/1.1 200) 4 headers in 156 bytes (1 switches on core 0)
2026-07-03 17:15:50.289 8 INFO neutron.services.segments.plugin [-] Segment cce8d32b-45d6-46b9-9981-94bb0f7fd236 resource provider not found; error: Placement Client Error (4xx): {"errors": [{"status": 404, "title": "Not Found", "detail": "The resource could not be found.\n\n No resource provider with uuid cce8d32b-45d6-46b9-9981-94bb0f7fd236 found for delete ", "request_id": "req-a041c6bb-76b1-41f0-9392-2575c3d3d831"}]}
2026-07-03 17:15:50.290 8 INFO neutron.services.segments.plugin [-] Segment cce8d32b-45d6-46b9-9981-94bb0f7fd236 resource provider not found; error: Placement Client Error (4xx): {"errors": [{"status": 404, "title": "Not Found", "detail": "The resource could not be found.\n\n No resource provider with uuid cce8d32b-45d6-46b9-9981-94bb0f7fd236 found for delete ", "request_id": "req-e071464c-0894-41dc-baad-b8648efdc580"}]} [pid: 7|app: 0|req: 938/1742] 10.0.0.29 () {32 vars in 718 bytes} [Fri Jul 3 17:15:50 2026] GET /v2.0/trunks/dc4c1d13-89ff-4f59-a692-cdd21ea59fc0 => generated 409 bytes in 38 msecs (HTTP/1.1 200) 4 headers in 157 bytes (1 switches on core 0) [pid: 8|app: 0|req: 805/1743] 10.0.0.29 () {32 vars in 725 bytes} [Fri Jul 3 17:15:49 2026] DELETE /v2.0/networks/6b569e62-b7ac-45b6-b766-e508466ea06b => generated 0 bytes in 421 msecs (HTTP/1.1 204) 3 headers in 131 bytes (1 switches on core 0)
2026-07-03 17:15:50.443 8 INFO neutron.db.segments_db [None req-70892aa8-713d-4c1a-90ee-3f591ca0a8f6 cf0f2af3dfb24c7e89a9e8c667596e88 de153788afdf46f281486062a1ce2934 - - default default] Added segment cedcd60b-1070-46bc-8e8b-c75073f9a0b5 of type geneve for network dfba95e4-7c00-47d5-9520-cd627a7193a5 [pid: 7|app: 0|req: 939/1744] 10.0.0.29 () {32 vars in 716 bytes} [Fri Jul 3 17:15:50 2026] GET /v2.0/ports/936a4be5-ae1d-4235-893b-0bcb4d1ab739 => generated 826 bytes in 122 msecs (HTTP/1.1 200) 4 headers in 157 bytes (1 switches on core 0) [pid: 7|app: 0|req: 940/1745] 10.0.0.29 () {32 vars in 721 bytes} [Fri Jul 3 17:15:50 2026] DELETE /v2.0/trunks/dc4c1d13-89ff-4f59-a692-cdd21ea59fc0 => generated 0 bytes in 93 msecs (HTTP/1.1 204) 2 headers in 112 bytes (1 switches on core 0)
2026-07-03 17:15:50.588 8 INFO neutron.db.ovn_revision_numbers_db [None req-70892aa8-713d-4c1a-90ee-3f591ca0a8f6 cf0f2af3dfb24c7e89a9e8c667596e88 de153788afdf46f281486062a1ce2934 - - default default] Successfully bumped revision number for resource dfba95e4-7c00-47d5-9520-cd627a7193a5 (type: networks) to 1
2026-07-03 17:15:50.708 7 INFO neutron_taas.services.taas.taas_plugin [None req-44ce4d99-090e-4d97-84f2-8adbdb6447d9 f6eec60025084afab3179e8b080fac24 562b2bd866a4448c99364f4294b1efea - - default default] TaaS: Handle Delete Port: 936a4be5-ae1d-4235-893b-0bcb4d1ab739
2026-07-03 17:15:50.714 7 INFO neutron_taas.services.taas.tap_mirror_plugin [None req-44ce4d99-090e-4d97-84f2-8adbdb6447d9 f6eec60025084afab3179e8b080fac24 562b2bd866a4448c99364f4294b1efea - - default default] Tap Mirror: Handle Delete Port: 936a4be5-ae1d-4235-893b-0bcb4d1ab739
2026-07-03 17:15:50.797 8 WARNING neutron.scheduler.dhcp_agent_scheduler [None req-70892aa8-713d-4c1a-90ee-3f591ca0a8f6 cf0f2af3dfb24c7e89a9e8c667596e88 de153788afdf46f281486062a1ce2934 - - default default] No more DHCP agents
2026-07-03 17:15:50.801 8 WARNING neutron.api.rpc.agentnotifiers.dhcp_rpc_agent_api [None req-70892aa8-713d-4c1a-90ee-3f591ca0a8f6 cf0f2af3dfb24c7e89a9e8c667596e88 de153788afdf46f281486062a1ce2934 - - default default] Unable to schedule network dfba95e4-7c00-47d5-9520-cd627a7193a5: no agents available; will retry on subsequent port and subnet creation events.
2026-07-03 17:15:50.892 7 INFO neutron.plugins.ml2.drivers.ovn.mech_driver.mech_driver [None req-e43161ea-0462-43f9-896d-1adb76efa94d - - - - - -] OVN reports status down for port: 4151c47f-d24a-4018-afa5-a34bff4317e5 [pid: 7|app: 0|req: 941/1746] 10.0.0.29 () {32 vars in 719 bytes} [Fri Jul 3 17:15:50 2026] DELETE /v2.0/ports/936a4be5-ae1d-4235-893b-0bcb4d1ab739 => generated 0 bytes in 340 msecs (HTTP/1.1 204) 3 headers in 131 bytes (1 switches on core 0)
2026-07-03 17:15:50.914 8 INFO neutron.db.ovn_revision_numbers_db [None req-70892aa8-713d-4c1a-90ee-3f591ca0a8f6 cf0f2af3dfb24c7e89a9e8c667596e88 de153788afdf46f281486062a1ce2934 - - default default] Successfully bumped revision number for resource 4151c47f-d24a-4018-afa5-a34bff4317e5 (type: ports) to 1 [pid: 8|app: 0|req: 806/1747] 10.0.0.29 () {34 vars in 669 bytes} [Fri Jul 3 17:15:50 2026] POST /v2.0/networks => generated 674 bytes in 593 msecs (HTTP/1.1 201) 4 headers in 162 bytes (1 switches on core 0)
2026-07-03 17:15:51.084 8 INFO neutron_taas.services.taas.taas_plugin [None req-0c9a2479-f045-44da-810c-685b103cce1d f6eec60025084afab3179e8b080fac24 562b2bd866a4448c99364f4294b1efea - - default default] TaaS: Handle Delete Port: c2feddee-e0df-41d6-b109-5376c3fbfb8f
2026-07-03 17:15:51.088 8 INFO neutron_taas.services.taas.tap_mirror_plugin [None req-0c9a2479-f045-44da-810c-685b103cce1d f6eec60025084afab3179e8b080fac24 562b2bd866a4448c99364f4294b1efea - - default default] Tap Mirror: Handle Delete Port: c2feddee-e0df-41d6-b109-5376c3fbfb8f [pid: 7|app: 0|req: 942/1748] 10.0.0.29 () {32 vars in 739 bytes} [Fri Jul 3 17:15:50 2026] DELETE /v2.0/security-groups/b5f120ec-9729-470f-b8f4-2e6d4cb76138 => generated 0 bytes in 197 msecs (HTTP/1.1 204) 2 headers in 112 bytes (1 switches on core 0)
2026-07-03 17:15:51.327 7 WARNING neutron.scheduler.dhcp_agent_scheduler [None req-b858b73c-36d7-42be-8233-d2d1bc5f6a20 cf0f2af3dfb24c7e89a9e8c667596e88 de153788afdf46f281486062a1ce2934 - - default default] No more DHCP agents
