2026-06-17 16:48:44.865 7 INFO placement.requestlog [None req-cf8962c5-9ea7-4522-9e76-bcd5c4b9b4e9 ef572eaca644461aab615b5706910b24 1b22137e98594ff7a8c04b4318e0f2c7 - - ebe51a1b82b740b695b62f3026069be9 ebe51a1b82b740b695b62f3026069be9] 10.0.0.133 "GET /resource_providers/aa1a8a3b-8a6f-4c32-beb9-063ef56f7fd8/aggregates" status: 404 len: 235 microversion: 1.1 [pid: 7|app: 0|req: 387/778] 10.0.0.133 () {32 vars in 816 bytes} [Wed Jun 17 16:48:44 2026] GET /resource_providers/aa1a8a3b-8a6f-4c32-beb9-063ef56f7fd8/aggregates => generated 235 bytes in 8 msecs (HTTP/1.1 404) 5 headers in 202 bytes (1 switches on core 0)
2026-06-17 16:48:44.868 8 INFO placement.requestlog [None req-046e99dc-a225-4a6a-8f4b-0a390a454a95 ef572eaca644461aab615b5706910b24 1b22137e98594ff7a8c04b4318e0f2c7 - - ebe51a1b82b740b695b62f3026069be9 ebe51a1b82b740b695b62f3026069be9] 10.0.0.133 "GET /resource_providers/aa1a8a3b-8a6f-4c32-beb9-063ef56f7fd8/aggregates" status: 404 len: 235 microversion: 1.1 [pid: 8|app: 0|req: 392/779] 10.0.0.133 () {32 vars in 816 bytes} [Wed Jun 17 16:48:44 2026] GET /resource_providers/aa1a8a3b-8a6f-4c32-beb9-063ef56f7fd8/aggregates => generated 235 bytes in 11 msecs (HTTP/1.1 404) 5 headers in 202 bytes (1 switches on core 0)
2026-06-17 16:48:44.892 7 INFO placement.requestlog [None req-54393ac5-f8f4-47a5-aaf5-5e068d62c34a ef572eaca644461aab615b5706910b24 1b22137e98594ff7a8c04b4318e0f2c7 - - ebe51a1b82b740b695b62f3026069be9 ebe51a1b82b740b695b62f3026069be9] 10.0.0.133 "DELETE /resource_providers/aa1a8a3b-8a6f-4c32-beb9-063ef56f7fd8" status: 404 len: 246 microversion: 1.1 [pid: 7|app: 0|req: 388/780] 10.0.0.133 () {34 vars in 816 bytes} [Wed Jun 17 16:48:44 2026] DELETE /resource_providers/aa1a8a3b-8a6f-4c32-beb9-063ef56f7fd8 => generated 246 bytes in 9 msecs (HTTP/1.1 404) 6 headers in 231 bytes (1 switches on core 0)
2026-06-17 16:48:44.894 8 INFO placement.requestlog [None req-03200cd9-b21f-416f-aab7-e9c1b681306c ef572eaca644461aab615b5706910b24 1b22137e98594ff7a8c04b4318e0f2c7 - - ebe51a1b82b740b695b62f3026069be9 ebe51a1b82b740b695b62f3026069be9] 10.0.0.133 "DELETE /resource_providers/aa1a8a3b-8a6f-4c32-beb9-063ef56f7fd8" status: 404 len: 246 microversion: 1.1 [pid: 8|app: 0|req: 393/781] 10.0.0.133 () {34 vars in 816 bytes} [Wed Jun 17 16:48:44 2026] DELETE /resource_providers/aa1a8a3b-8a6f-4c32-beb9-063ef56f7fd8 => generated 246 bytes in 10 msecs (HTTP/1.1 404) 6 headers in 231 bytes (1 switches on core 0)
2026-06-17 16:48:46.913 7 INFO placement.requestlog [None req-74e09554-a34e-48d7-80c2-23ee6ea95142 ef572eaca644461aab615b5706910b24 1b22137e98594ff7a8c04b4318e0f2c7 - - ebe51a1b82b740b695b62f3026069be9 ebe51a1b82b740b695b62f3026069be9] 10.0.0.133 "GET /resource_providers/1c181616-0052-41c1-bf71-fc69a0b97204/aggregates" status: 404 len: 235 microversion: 1.1 [pid: 7|app: 0|req: 389/782] 10.0.0.133 () {32 vars in 816 bytes} [Wed Jun 17 16:48:46 2026] GET /resource_providers/1c181616-0052-41c1-bf71-fc69a0b97204/aggregates => generated 235 bytes in 11 msecs (HTTP/1.1 404) 5 headers in 202 bytes (1 switches on core 0)
2026-06-17 16:48:46.914 8 INFO placement.requestlog [None req-5b764d82-3aac-4151-81cd-1f412cae85ea ef572eaca644461aab615b5706910b24 1b22137e98594ff7a8c04b4318e0f2c7 - - ebe51a1b82b740b695b62f3026069be9 ebe51a1b82b740b695b62f3026069be9] 10.0.0.133 "GET /resource_providers/1c181616-0052-41c1-bf71-fc69a0b97204/aggregates" status: 404 len: 235 microversion: 1.1 [pid: 8|app: 0|req: 394/783] 10.0.0.133 () {32 vars in 816 bytes} [Wed Jun 17 16:48:46 2026] GET /resource_providers/1c181616-0052-41c1-bf71-fc69a0b97204/aggregates => generated 235 bytes in 9 msecs (HTTP/1.1 404) 5 headers in 202 bytes (1 switches on core 0)
2026-06-17 16:48:46.930 8 INFO placement.requestlog [None req-d0f87bbd-ee9d-4853-9820-ec2b80a10001 ef572eaca644461aab615b5706910b24 1b22137e98594ff7a8c04b4318e0f2c7 - - ebe51a1b82b740b695b62f3026069be9 ebe51a1b82b740b695b62f3026069be9] 10.0.0.133 "DELETE /resource_providers/1c181616-0052-41c1-bf71-fc69a0b97204" status: 404 len: 246 microversion: 1.1 [pid: 8|app: 0|req: 395/784] 10.0.0.133 () {34 vars in 816 bytes} [Wed Jun 17 16:48:46 2026] DELETE /resource_providers/1c181616-0052-41c1-bf71-fc69a0b97204 => generated 246 bytes in 7 msecs (HTTP/1.1 404) 6 headers in 231 bytes (1 switches on core 0)
2026-06-17 16:48:46.935 7 INFO placement.requestlog [None req-83570c35-ced1-4f2d-b303-05f53ff86679 ef572eaca644461aab615b5706910b24 1b22137e98594ff7a8c04b4318e0f2c7 - - ebe51a1b82b740b695b62f3026069be9 ebe51a1b82b740b695b62f3026069be9] 10.0.0.133 "DELETE /resource_providers/1c181616-0052-41c1-bf71-fc69a0b97204" status: 404 len: 246 microversion: 1.1 [pid: 7|app: 0|req: 390/785] 10.0.0.133 () {34 vars in 816 bytes} [Wed Jun 17 16:48:46 2026] DELETE /resource_providers/1c181616-0052-41c1-bf71-fc69a0b97204 => generated 246 bytes in 14 msecs (HTTP/1.1 404) 6 headers in 231 bytes (1 switches on core 0)
2026-06-17 16:48:50.991 7 INFO placement.requestlog [None req-b84557b9-408d-41f6-b100-99db834e9f47 - - - - - -] 10.0.0.131 "GET /" status: 200 len: 136 microversion: 1.0
2026-06-17 16:48:50.991 8 INFO placement.requestlog [None req-0a73a898-938b-4d05-9485-7852e9e60059 - - - - - -] 10.0.0.131 "GET /" status: 200 len: 136 microversion: 1.0
2026-06-17 16:48:55.428 7 INFO placement.requestlog [req-badf724e-44b6-46ec-9503-c5847a4f11a3 req-3495bbef-e602-4b67-801b-c3e4bce8a84e 109c3c00cc0d483f9946d12eaf5bf0a7 1b22137e98594ff7a8c04b4318e0f2c7 - - ebe51a1b82b740b695b62f3026069be9 ebe51a1b82b740b695b62f3026069be9] 199.204.45.250 "GET /resource_providers/9a0c1f3d-d177-4db9-a4dd-e6b5dea89b9e/allocations" status: 200 len: 252 microversion: 1.0 [pid: 7|app: 0|req: 392/788] 199.204.45.250 () {32 vars in 857 bytes} [Wed Jun 17 16:48:55 2026] GET /resource_providers/9a0c1f3d-d177-4db9-a4dd-e6b5dea89b9e/allocations => generated 252 bytes in 15 msecs (HTTP/1.1 200) 6 headers in 224 bytes (1 switches on core 0)
2026-06-17 16:48:55.444 8 INFO placement.requestlog [req-badf724e-44b6-46ec-9503-c5847a4f11a3 req-37785c88-8dbb-44d4-9395-f22825ecbf20 109c3c00cc0d483f9946d12eaf5bf0a7 1b22137e98594ff7a8c04b4318e0f2c7 - - ebe51a1b82b740b695b62f3026069be9 ebe51a1b82b740b695b62f3026069be9] 199.204.45.250 "GET /allocations/2d092061-d468-45ef-9bec-a8d8d402607f" status: 200 len: 257 microversion: 1.28 [pid: 8|app: 0|req: 397/789] 199.204.45.250 () {34 vars in 863 bytes} [Wed Jun 17 16:48:55 2026] GET /allocations/2d092061-d468-45ef-9bec-a8d8d402607f => generated 257 bytes in 10 msecs (HTTP/1.1 200) 8 headers in 296 bytes (1 switches on core 0)
2026-06-17 16:48:55.462 7 INFO placement.requestlog [req-badf724e-44b6-46ec-9503-c5847a4f11a3 req-efbc77fc-d0db-4069-ab8c-9f786858d28e 109c3c00cc0d483f9946d12eaf5bf0a7 1b22137e98594ff7a8c04b4318e0f2c7 - - ebe51a1b82b740b695b62f3026069be9 ebe51a1b82b740b695b62f3026069be9] 199.204.45.250 "GET /allocations/43f5beb7-b4e5-4f83-b5bb-2959b59e0291" status: 200 len: 257 microversion: 1.28 [pid: 7|app: 0|req: 393/790] 199.204.45.250 () {34 vars in 863 bytes} [Wed Jun 17 16:48:55 2026] GET /allocations/43f5beb7-b4e5-4f83-b5bb-2959b59e0291 => generated 257 bytes in 11 msecs (HTTP/1.1 200) 8 headers in 296 bytes (1 switches on core 0)
2026-06-17 16:48:56.517 8 INFO placement.requestlog [req-badf724e-44b6-46ec-9503-c5847a4f11a3 req-5c35f872-dfd8-4a87-92e4-59d536bae58f 109c3c00cc0d483f9946d12eaf5bf0a7 1b22137e98594ff7a8c04b4318e0f2c7 - - ebe51a1b82b740b695b62f3026069be9 ebe51a1b82b740b695b62f3026069be9] 199.204.45.250 "DELETE /allocations/2d092061-d468-45ef-9bec-a8d8d402607f" status: 204 len: 0 microversion: 1.0 [pid: 8|app: 0|req: 398/791] 199.204.45.250 () {34 vars in 841 bytes} [Wed Jun 17 16:48:56 2026] DELETE /allocations/2d092061-d468-45ef-9bec-a8d8d402607f => generated 0 bytes in 23 msecs (HTTP/1.1 204) 5 headers in 198 bytes (1 switches on core 0)
2026-06-17 16:48:56.519 7 INFO placement.requestlog [req-17562962-3e84-4065-8f4a-f62307cb0b84 req-71fc1bed-e97e-474a-b503-338434394078 109c3c00cc0d483f9946d12eaf5bf0a7 1b22137e98594ff7a8c04b4318e0f2c7 - - ebe51a1b82b740b695b62f3026069be9 ebe51a1b82b740b695b62f3026069be9] 199.204.45.250 "GET /resource_providers/9a0c1f3d-d177-4db9-a4dd-e6b5dea89b9e/allocations" status: 200 len: 152 microversion: 1.0 [pid: 7|app: 0|req: 394/792] 199.204.45.250 () {32 vars in 857 bytes} [Wed Jun 17 16:48:56 2026] GET /resource_providers/9a0c1f3d-d177-4db9-a4dd-e6b5dea89b9e/allocations => generated 152 bytes in 17 msecs (HTTP/1.1 200) 6 headers in 224 bytes (1 switches on core 0)
2026-06-17 16:48:56.539 8 INFO placement.requestlog [req-17562962-3e84-4065-8f4a-f62307cb0b84 req-2afbbc34-9354-4398-b7af-e6d4343f0154 109c3c00cc0d483f9946d12eaf5bf0a7 1b22137e98594ff7a8c04b4318e0f2c7 - - ebe51a1b82b740b695b62f3026069be9 ebe51a1b82b740b695b62f3026069be9] 199.204.45.250 "GET /allocations/43f5beb7-b4e5-4f83-b5bb-2959b59e0291" status: 200 len: 257 microversion: 1.28 [pid: 8|app: 0|req: 399/793] 199.204.45.250 () {34 vars in 863 bytes} [Wed Jun 17 16:48:56 2026] GET /allocations/43f5beb7-b4e5-4f83-b5bb-2959b59e0291 => generated 257 bytes in 13 msecs (HTTP/1.1 200) 8 headers in 296 bytes (1 switches on core 0)
2026-06-17 16:48:57.586 7 INFO placement.requestlog [req-17562962-3e84-4065-8f4a-f62307cb0b84 req-f10c1d41-255c-44db-b6db-c19f14d64ceb 109c3c00cc0d483f9946d12eaf5bf0a7 1b22137e98594ff7a8c04b4318e0f2c7 - - ebe51a1b82b740b695b62f3026069be9 ebe51a1b82b740b695b62f3026069be9] 199.204.45.250 "DELETE /allocations/43f5beb7-b4e5-4f83-b5bb-2959b59e0291" status: 204 len: 0 microversion: 1.0 [pid: 7|app: 0|req: 395/794] 199.204.45.250 () {34 vars in 841 bytes} [Wed Jun 17 16:48:57 2026] DELETE /allocations/43f5beb7-b4e5-4f83-b5bb-2959b59e0291 => generated 0 bytes in 24 msecs (HTTP/1.1 204) 5 headers in 198 bytes (1 switches on core 0)
2026-06-17 16:49:00.327 8 INFO placement.requestlog [None req-bfa280cb-5e23-4d8b-8733-219d8d55e021 ef572eaca644461aab615b5706910b24 1b22137e98594ff7a8c04b4318e0f2c7 - - ebe51a1b82b740b695b62f3026069be9 ebe51a1b82b740b695b62f3026069be9] 10.0.0.133 "GET /resource_providers/5a83ab41-2689-4be0-a49c-767991f4d52b/aggregates" status: 404 len: 235 microversion: 1.1 [pid: 8|app: 0|req: 400/795] 10.0.0.133 () {32 vars in 816 bytes} [Wed Jun 17 16:49:00 2026] GET /resource_providers/5a83ab41-2689-4be0-a49c-767991f4d52b/aggregates => generated 235 bytes in 11 msecs (HTTP/1.1 404) 5 headers in 202 bytes (1 switches on core 0)
2026-06-17 16:49:00.336 7 INFO placement.requestlog [None req-47aa4259-898c-4646-b9b2-b5d4c85392b2 ef572eaca644461aab615b5706910b24 1b22137e98594ff7a8c04b4318e0f2c7 - - ebe51a1b82b740b695b62f3026069be9 ebe51a1b82b740b695b62f3026069be9] 10.0.0.133 "GET /resource_providers/5a83ab41-2689-4be0-a49c-767991f4d52b/aggregates" status: 404 len: 235 microversion: 1.1 [pid: 7|app: 0|req: 396/796] 10.0.0.133 () {32 vars in 816 bytes} [Wed Jun 17 16:49:00 2026] GET /resource_providers/5a83ab41-2689-4be0-a49c-767991f4d52b/aggregates => generated 235 bytes in 15 msecs (HTTP/1.1 404) 5 headers in 202 bytes (1 switches on core 0)
2026-06-17 16:49:00.352 8 INFO placement.requestlog [None req-eac8387f-bf50-4b5f-a08c-7837de624af0 ef572eaca644461aab615b5706910b24 1b22137e98594ff7a8c04b4318e0f2c7 - - ebe51a1b82b740b695b62f3026069be9 ebe51a1b82b740b695b62f3026069be9] 10.0.0.133 "DELETE /resource_providers/5a83ab41-2689-4be0-a49c-767991f4d52b" status: 404 len: 246 microversion: 1.1 [pid: 8|app: 0|req: 401/797] 10.0.0.133 () {34 vars in 816 bytes} [Wed Jun 17 16:49:00 2026] DELETE /resource_providers/5a83ab41-2689-4be0-a49c-767991f4d52b => generated 246 bytes in 17 msecs (HTTP/1.1 404) 6 headers in 231 bytes (1 switches on core 0)
2026-06-17 16:49:00.357 7 INFO placement.requestlog [None req-59e364aa-5a90-417c-ad8c-4162827f3857 ef572eaca644461aab615b5706910b24 1b22137e98594ff7a8c04b4318e0f2c7 - - ebe51a1b82b740b695b62f3026069be9 ebe51a1b82b740b695b62f3026069be9] 10.0.0.133 "DELETE /resource_providers/5a83ab41-2689-4be0-a49c-767991f4d52b" status: 404 len: 246 microversion: 1.1 [pid: 7|app: 0|req: 397/798] 10.0.0.133 () {34 vars in 816 bytes} [Wed Jun 17 16:49:00 2026] DELETE /resource_providers/5a83ab41-2689-4be0-a49c-767991f4d52b => generated 246 bytes in 12 msecs (HTTP/1.1 404) 6 headers in 231 bytes (1 switches on core 0)
2026-06-17 16:49:00.991 8 INFO placement.requestlog [None req-185fcf01-70b2-4e41-9bb1-9157c304a421 - - - - - -] 10.0.0.131 "GET /" status: 200 len: 136 microversion: 1.0
2026-06-17 16:49:00.991 7 INFO placement.requestlog [None req-096f9704-2d7e-418e-8730-a9365a1e418a - - - - - -] 10.0.0.131 "GET /" status: 200 len: 136 microversion: 1.0
2026-06-17 16:49:02.380 7 INFO placement.requestlog [None req-c1bae66b-ed0a-4073-b4fe-8a3718808249 ef572eaca644461aab615b5706910b24 1b22137e98594ff7a8c04b4318e0f2c7 - - ebe51a1b82b740b695b62f3026069be9 ebe51a1b82b740b695b62f3026069be9] 10.0.0.133 "GET /resource_providers/3354a809-ac63-4ba3-982c-b5829ac361a7/aggregates" status: 404 len: 235 microversion: 1.1 [pid: 7|app: 0|req: 399/801] 10.0.0.133 () {32 vars in 816 bytes} [Wed Jun 17 16:49:02 2026] GET /resource_providers/3354a809-ac63-4ba3-982c-b5829ac361a7/aggregates => generated 235 bytes in 11 msecs (HTTP/1.1 404) 5 headers in 202 bytes (1 switches on core 0)
2026-06-17 16:49:02.385 8 INFO placement.requestlog [None req-15345f6c-abac-4795-8e91-52a133464356 ef572eaca644461aab615b5706910b24 1b22137e98594ff7a8c04b4318e0f2c7 - - ebe51a1b82b740b695b62f3026069be9 ebe51a1b82b740b695b62f3026069be9] 10.0.0.133 "GET /resource_providers/3354a809-ac63-4ba3-982c-b5829ac361a7/aggregates" status: 404 len: 235 microversion: 1.1 [pid: 8|app: 0|req: 403/802] 10.0.0.133 () {32 vars in 816 bytes} [Wed Jun 17 16:49:02 2026] GET /resource_providers/3354a809-ac63-4ba3-982c-b5829ac361a7/aggregates => generated 235 bytes in 21 msecs (HTTP/1.1 404) 5 headers in 202 bytes (1 switches on core 0)
2026-06-17 16:49:02.404 7 INFO placement.requestlog [None req-2f282ca7-e0f0-4463-8f75-96d8d42023e8 ef572eaca644461aab615b5706910b24 1b22137e98594ff7a8c04b4318e0f2c7 - - ebe51a1b82b740b695b62f3026069be9 ebe51a1b82b740b695b62f3026069be9] 10.0.0.133 "DELETE /resource_providers/3354a809-ac63-4ba3-982c-b5829ac361a7" status: 404 len: 246 microversion: 1.1 [pid: 7|app: 0|req: 400/803] 10.0.0.133 () {34 vars in 816 bytes} [Wed Jun 17 16:49:02 2026] DELETE /resource_providers/3354a809-ac63-4ba3-982c-b5829ac361a7 => generated 246 bytes in 11 msecs (HTTP/1.1 404) 6 headers in 231 bytes (1 switches on core 0)
2026-06-17 16:49:02.407 8 INFO placement.requestlog [None req-b7da6837-0aaa-4354-852e-ef609bae904c ef572eaca644461aab615b5706910b24 1b22137e98594ff7a8c04b4318e0f2c7 - - ebe51a1b82b740b695b62f3026069be9 ebe51a1b82b740b695b62f3026069be9] 10.0.0.133 "DELETE /resource_providers/3354a809-ac63-4ba3-982c-b5829ac361a7" status: 404 len: 246 microversion: 1.1 [pid: 8|app: 0|req: 404/804] 10.0.0.133 () {34 vars in 816 bytes} [Wed Jun 17 16:49:02 2026] DELETE /resource_providers/3354a809-ac63-4ba3-982c-b5829ac361a7 => generated 246 bytes in 14 msecs (HTTP/1.1 404) 6 headers in 231 bytes (1 switches on core 0)
2026-06-17 16:49:10.991 7 INFO placement.requestlog [None req-3cd4ad19-13a4-4c24-8181-fed4d023d9e0 - - - - - -] 10.0.0.131 "GET /" status: 200 len: 136 microversion: 1.0
2026-06-17 16:49:10.992 8 INFO placement.requestlog [None req-39ede677-7227-497b-b660-b604e35a6702 - - - - - -] 10.0.0.131 "GET /" status: 200 len: 136 microversion: 1.0
2026-06-17 16:49:11.509 7 INFO placement.requestlog [req-d9fa0939-acfe-4056-8e06-4343740dcb08 req-bbc6c966-34f1-4c77-8976-778200c9a3b6 109c3c00cc0d483f9946d12eaf5bf0a7 1b22137e98594ff7a8c04b4318e0f2c7 - - ebe51a1b82b740b695b62f3026069be9 ebe51a1b82b740b695b62f3026069be9] 10.0.0.226 "GET /allocation_candidates?limit=1000&resources=DISK_GB%3A1%2CMEMORY_MB%3A512%2CVCPU%3A1&root_required=%21COMPUTE_STATUS_DISABLED" status: 200 len: 2640 microversion: 1.36 [pid: 7|app: 0|req: 402/807] 10.0.0.226 () {34 vars in 1012 bytes} [Wed Jun 17 16:49:11 2026] GET /allocation_candidates?limit=1000&resources=DISK_GB%3A1%2CMEMORY_MB%3A512%2CVCPU%3A1&root_required=%21COMPUTE_STATUS_DISABLED => generated 2640 bytes in 44 msecs (HTTP/1.1 200) 8 headers in 297 bytes (1 switches on core 0)
2026-06-17 16:49:11.533 8 INFO placement.requestlog [req-d9fa0939-acfe-4056-8e06-4343740dcb08 req-f4459acf-004c-4dc1-9372-f53b08e71ff3 109c3c00cc0d483f9946d12eaf5bf0a7 1b22137e98594ff7a8c04b4318e0f2c7 - - ebe51a1b82b740b695b62f3026069be9 ebe51a1b82b740b695b62f3026069be9] 10.0.0.226 "GET /allocations/58acb3f0-b8cf-4991-8c7b-6a60508ade57" status: 200 len: 19 microversion: 1.28 [pid: 8|app: 0|req: 406/808] 10.0.0.226 () {34 vars in 861 bytes} [Wed Jun 17 16:49:11 2026] GET /allocations/58acb3f0-b8cf-4991-8c7b-6a60508ade57 => generated 19 bytes in 6 msecs (HTTP/1.1 200) 8 headers in 295 bytes (1 switches on core 0)
2026-06-17 16:49:11.594 7 INFO placement.requestlog [req-d9fa0939-acfe-4056-8e06-4343740dcb08 req-c69320ad-9cf1-4e0e-b900-9dd327729234 109c3c00cc0d483f9946d12eaf5bf0a7 1b22137e98594ff7a8c04b4318e0f2c7 - - ebe51a1b82b740b695b62f3026069be9 ebe51a1b82b740b695b62f3026069be9] 10.0.0.226 "PUT /allocations/58acb3f0-b8cf-4991-8c7b-6a60508ade57" status: 204 len: 0 microversion: 1.36 [pid: 7|app: 0|req: 403/809] 10.0.0.226 () {38 vars in 914 bytes} [Wed Jun 17 16:49:11 2026] PUT /allocations/58acb3f0-b8cf-4991-8c7b-6a60508ade57 => generated 0 bytes in 57 msecs (HTTP/1.1 204) 5 headers in 199 bytes (1 switches on core 0)
2026-06-17 16:49:13.154 8 INFO placement.requestlog [req-d9fa0939-acfe-4056-8e06-4343740dcb08 req-8922f979-cabe-419c-8258-98528ea9cff8 109c3c00cc0d483f9946d12eaf5bf0a7 1b22137e98594ff7a8c04b4318e0f2c7 - - ebe51a1b82b740b695b62f3026069be9 ebe51a1b82b740b695b62f3026069be9] 199.204.45.250 "GET /allocations/58acb3f0-b8cf-4991-8c7b-6a60508ade57" status: 200 len: 257 microversion: 1.28 [pid: 8|app: 0|req: 407/810] 199.204.45.250 () {34 vars in 863 bytes} [Wed Jun 17 16:49:13 2026] GET /allocations/58acb3f0-b8cf-4991-8c7b-6a60508ade57 => generated 257 bytes in 17 msecs (HTTP/1.1 200) 8 headers in 296 bytes (1 switches on core 0)
2026-06-17 16:49:14.209 7 INFO placement.requestlog [req-d9fa0939-acfe-4056-8e06-4343740dcb08 req-dd516470-a715-4b1b-8e1b-3e7f95d54d14 109c3c00cc0d483f9946d12eaf5bf0a7 1b22137e98594ff7a8c04b4318e0f2c7 - - ebe51a1b82b740b695b62f3026069be9 ebe51a1b82b740b695b62f3026069be9] 199.204.45.250 "GET /resource_providers/9a0c1f3d-d177-4db9-a4dd-e6b5dea89b9e/allocations" status: 200 len: 152 microversion: 1.0 [pid: 7|app: 0|req: 404/811] 199.204.45.250 () {32 vars in 857 bytes} [Wed Jun 17 16:49:14 2026] GET /resource_providers/9a0c1f3d-d177-4db9-a4dd-e6b5dea89b9e/allocations => generated 152 bytes in 24 msecs (HTTP/1.1 200) 6 headers in 224 bytes (1 switches on core 0)
2026-06-17 16:49:14.228 8 INFO placement.requestlog [req-d9fa0939-acfe-4056-8e06-4343740dcb08 req-8b8402b8-8190-4386-aee4-dc7b56a03a16 109c3c00cc0d483f9946d12eaf5bf0a7 1b22137e98594ff7a8c04b4318e0f2c7 - - ebe51a1b82b740b695b62f3026069be9 ebe51a1b82b740b695b62f3026069be9] 199.204.45.250 "GET /allocations/58acb3f0-b8cf-4991-8c7b-6a60508ade57" status: 200 len: 257 microversion: 1.28 [pid: 8|app: 0|req: 408/812] 199.204.45.250 () {34 vars in 863 bytes} [Wed Jun 17 16:49:14 2026] GET /allocations/58acb3f0-b8cf-4991-8c7b-6a60508ade57 => generated 257 bytes in 12 msecs (HTTP/1.1 200) 8 headers in 296 bytes (1 switches on core 0)
2026-06-17 16:49:14.685 7 INFO placement.requestlog [req-22335967-57bb-4e80-b4c6-936b8f025d54 req-5bdb971a-5909-4206-93ba-ebc5a061de28 109c3c00cc0d483f9946d12eaf5bf0a7 1b22137e98594ff7a8c04b4318e0f2c7 - - ebe51a1b82b740b695b62f3026069be9 ebe51a1b82b740b695b62f3026069be9] 10.0.0.226 "GET /allocation_candidates?limit=1000&resources=DISK_GB%3A1%2CMEMORY_MB%3A512%2CVCPU%3A1&root_required=%21COMPUTE_STATUS_DISABLED" status: 200 len: 2642 microversion: 1.36 [pid: 7|app: 0|req: 405/813] 10.0.0.226 () {34 vars in 1012 bytes} [Wed Jun 17 16:49:14 2026] GET /allocation_candidates?limit=1000&resources=DISK_GB%3A1%2CMEMORY_MB%3A512%2CVCPU%3A1&root_required=%21COMPUTE_STATUS_DISABLED => generated 2642 bytes in 41 msecs (HTTP/1.1 200) 8 headers in 297 bytes (1 switches on core 0)
2026-06-17 16:49:14.719 8 INFO placement.requestlog [req-22335967-57bb-4e80-b4c6-936b8f025d54 req-051f0835-4872-4ba2-88f9-cecd021e6d7f 109c3c00cc0d483f9946d12eaf5bf0a7 1b22137e98594ff7a8c04b4318e0f2c7 - - ebe51a1b82b740b695b62f3026069be9 ebe51a1b82b740b695b62f3026069be9] 10.0.0.226 "GET /allocations/a7019ee0-2e02-41ad-b2c7-93e8303c209d" status: 200 len: 19 microversion: 1.28 [pid: 8|app: 0|req: 409/814] 10.0.0.226 () {34 vars in 861 bytes} [Wed Jun 17 16:49:14 2026] GET /allocations/a7019ee0-2e02-41ad-b2c7-93e8303c209d => generated 19 bytes in 10 msecs (HTTP/1.1 200) 8 headers in 295 bytes (1 switches on core 0)
2026-06-17 16:49:14.787 7 INFO placement.requestlog [req-22335967-57bb-4e80-b4c6-936b8f025d54 req-e1e2f069-944c-433a-a656-d900ac3ee9fa 109c3c00cc0d483f9946d12eaf5bf0a7 1b22137e98594ff7a8c04b4318e0f2c7 - - ebe51a1b82b740b695b62f3026069be9 ebe51a1b82b740b695b62f3026069be9] 10.0.0.226 "PUT /allocations/a7019ee0-2e02-41ad-b2c7-93e8303c209d" status: 204 len: 0 microversion: 1.36 [pid: 7|app: 0|req: 406/815] 10.0.0.226 () {38 vars in 914 bytes} [Wed Jun 17 16:49:14 2026] PUT /allocations/a7019ee0-2e02-41ad-b2c7-93e8303c209d => generated 0 bytes in 64 msecs (HTTP/1.1 204) 5 headers in 199 bytes (1 switches on core 0)
2026-06-17 16:49:16.301 8 INFO placement.requestlog [req-22335967-57bb-4e80-b4c6-936b8f025d54 req-65984b04-2d69-477a-b661-c2d5408c83a5 109c3c00cc0d483f9946d12eaf5bf0a7 1b22137e98594ff7a8c04b4318e0f2c7 - - ebe51a1b82b740b695b62f3026069be9 ebe51a1b82b740b695b62f3026069be9] 199.204.45.250 "GET /allocations/a7019ee0-2e02-41ad-b2c7-93e8303c209d" status: 200 len: 257 microversion: 1.28 [pid: 8|app: 0|req: 410/816] 199.204.45.250 () {34 vars in 863 bytes} [Wed Jun 17 16:49:16 2026] GET /allocations/a7019ee0-2e02-41ad-b2c7-93e8303c209d => generated 257 bytes in 11 msecs (HTTP/1.1 200) 8 headers in 296 bytes (1 switches on core 0)
2026-06-17 16:49:17.337 7 INFO placement.requestlog [req-22335967-57bb-4e80-b4c6-936b8f025d54 req-1307a4f0-2db9-41fe-9993-6341f38bf218 109c3c00cc0d483f9946d12eaf5bf0a7 1b22137e98594ff7a8c04b4318e0f2c7 - - ebe51a1b82b740b695b62f3026069be9 ebe51a1b82b740b695b62f3026069be9] 199.204.45.250 "GET /resource_providers/9a0c1f3d-d177-4db9-a4dd-e6b5dea89b9e/allocations" status: 200 len: 252 microversion: 1.0 [pid: 7|app: 0|req: 407/817] 199.204.45.250 () {32 vars in 857 bytes} [Wed Jun 17 16:49:17 2026] GET /resource_providers/9a0c1f3d-d177-4db9-a4dd-e6b5dea89b9e/allocations => generated 252 bytes in 16 msecs (HTTP/1.1 200) 6 headers in 224 bytes (1 switches on core 0)
2026-06-17 16:49:17.358 8 INFO placement.requestlog [req-22335967-57bb-4e80-b4c6-936b8f025d54 req-68700d9e-2e12-42ac-b344-dad9efd67eca 109c3c00cc0d483f9946d12eaf5bf0a7 1b22137e98594ff7a8c04b4318e0f2c7 - - ebe51a1b82b740b695b62f3026069be9 ebe51a1b82b740b695b62f3026069be9] 199.204.45.250 "GET /allocations/58acb3f0-b8cf-4991-8c7b-6a60508ade57" status: 200 len: 257 microversion: 1.28 [pid: 8|app: 0|req: 411/818] 199.204.45.250 () {34 vars in 863 bytes} [Wed Jun 17 16:49:17 2026] GET /allocations/58acb3f0-b8cf-4991-8c7b-6a60508ade57 => generated 257 bytes in 13 msecs (HTTP/1.1 200) 8 headers in 296 bytes (1 switches on core 0)
2026-06-17 16:49:17.377 7 INFO placement.requestlog [req-22335967-57bb-4e80-b4c6-936b8f025d54 req-7c1d5fc0-abea-4803-8c8d-0f22b7d7aa1c 109c3c00cc0d483f9946d12eaf5bf0a7 1b22137e98594ff7a8c04b4318e0f2c7 - - ebe51a1b82b740b695b62f3026069be9 ebe51a1b82b740b695b62f3026069be9] 199.204.45.250 "GET /allocations/a7019ee0-2e02-41ad-b2c7-93e8303c209d" status: 200 len: 257 microversion: 1.28 [pid: 7|app: 0|req: 408/819] 199.204.45.250 () {34 vars in 863 bytes} [Wed Jun 17 16:49:17 2026] GET /allocations/a7019ee0-2e02-41ad-b2c7-93e8303c209d => generated 257 bytes in 13 msecs (HTTP/1.1 200) 8 headers in 296 bytes (1 switches on core 0)
2026-06-17 16:49:20.990 8 INFO placement.requestlog [None req-3db0b2c4-6761-430c-b7a1-0b65ea23ff7e - - - - - -] 10.0.0.131 "GET /" status: 200 len: 136 microversion: 1.0
2026-06-17 16:49:20.990 7 INFO placement.requestlog [None req-568f18f0-d36e-4bd4-8e1b-69bca791c617 - - - - - -] 10.0.0.131 "GET /" status: 200 len: 136 microversion: 1.0
2026-06-17 16:49:29.059 8 INFO placement.requestlog [req-c1fbe70a-3d2c-456d-8ee5-9e6fcc784b85 req-2e853308-1c7c-43e8-a9f2-438e3f0ad099 109c3c00cc0d483f9946d12eaf5bf0a7 1b22137e98594ff7a8c04b4318e0f2c7 - - ebe51a1b82b740b695b62f3026069be9 ebe51a1b82b740b695b62f3026069be9] 10.0.0.226 "GET /allocation_candidates?limit=1000&resources=DISK_GB%3A1%2CMEMORY_MB%3A512%2CVCPU%3A1&root_required=%21COMPUTE_STATUS_DISABLED" status: 200 len: 2643 microversion: 1.36 [pid: 8|app: 0|req: 413/822] 10.0.0.226 () {34 vars in 1012 bytes} [Wed Jun 17 16:49:29 2026] GET /allocation_candidates?limit=1000&resources=DISK_GB%3A1%2CMEMORY_MB%3A512%2CVCPU%3A1&root_required=%21COMPUTE_STATUS_DISABLED => generated 2643 bytes in 47 msecs (HTTP/1.1 200) 8 headers in 297 bytes (1 switches on core 0)
2026-06-17 16:49:29.085 7 INFO placement.requestlog [req-c1fbe70a-3d2c-456d-8ee5-9e6fcc784b85 req-b5e5505a-d776-454c-8171-1bd674c3166f 109c3c00cc0d483f9946d12eaf5bf0a7 1b22137e98594ff7a8c04b4318e0f2c7 - - ebe51a1b82b740b695b62f3026069be9 ebe51a1b82b740b695b62f3026069be9] 10.0.0.226 "GET /allocations/de8ccee3-d224-420a-83a3-00d82f371e5f" status: 200 len: 19 microversion: 1.28 [pid: 7|app: 0|req: 410/823] 10.0.0.226 () {34 vars in 861 bytes} [Wed Jun 17 16:49:29 2026] GET /allocations/de8ccee3-d224-420a-83a3-00d82f371e5f => generated 19 bytes in 10 msecs (HTTP/1.1 200) 8 headers in 295 bytes (1 switches on core 0)
2026-06-17 16:49:29.151 8 INFO placement.requestlog [req-c1fbe70a-3d2c-456d-8ee5-9e6fcc784b85 req-ef49455a-26da-4942-9bbd-8f54c0853ebb 109c3c00cc0d483f9946d12eaf5bf0a7 1b22137e98594ff7a8c04b4318e0f2c7 - - ebe51a1b82b740b695b62f3026069be9 ebe51a1b82b740b695b62f3026069be9] 10.0.0.226 "PUT /allocations/de8ccee3-d224-420a-83a3-00d82f371e5f" status: 204 len: 0 microversion: 1.36 [pid: 8|app: 0|req: 414/824] 10.0.0.226 () {38 vars in 914 bytes} [Wed Jun 17 16:49:29 2026] PUT /allocations/de8ccee3-d224-420a-83a3-00d82f371e5f => generated 0 bytes in 60 msecs (HTTP/1.1 204) 5 headers in 199 bytes (1 switches on core 0)
2026-06-17 16:49:30.649 7 INFO placement.requestlog [req-c1fbe70a-3d2c-456d-8ee5-9e6fcc784b85 req-f45ea455-dc2d-46df-85d7-6275733abffb 109c3c00cc0d483f9946d12eaf5bf0a7 1b22137e98594ff7a8c04b4318e0f2c7 - - ebe51a1b82b740b695b62f3026069be9 ebe51a1b82b740b695b62f3026069be9] 199.204.45.250 "GET /allocations/de8ccee3-d224-420a-83a3-00d82f371e5f" status: 200 len: 258 microversion: 1.28 [pid: 7|app: 0|req: 411/825] 199.204.45.250 () {34 vars in 863 bytes} [Wed Jun 17 16:49:30 2026] GET /allocations/de8ccee3-d224-420a-83a3-00d82f371e5f => generated 258 bytes in 9 msecs (HTTP/1.1 200) 8 headers in 296 bytes (1 switches on core 0)
2026-06-17 16:49:30.991 7 INFO placement.requestlog [None req-703ae6dc-d463-4b9c-8402-8b96d0c7117b - - - - - -] 10.0.0.131 "GET /" status: 200 len: 136 microversion: 1.0
2026-06-17 16:49:30.991 8 INFO placement.requestlog [None req-8a257346-5420-4cfe-bf02-a33e16e2b6ee - - - - - -] 10.0.0.131 "GET /" status: 200 len: 136 microversion: 1.0
2026-06-17 16:49:31.683 7 INFO placement.requestlog [req-c1fbe70a-3d2c-456d-8ee5-9e6fcc784b85 req-ff92f903-fea4-40e4-bc85-3d511ec1fe29 109c3c00cc0d483f9946d12eaf5bf0a7 1b22137e98594ff7a8c04b4318e0f2c7 - - ebe51a1b82b740b695b62f3026069be9 ebe51a1b82b740b695b62f3026069be9] 199.204.45.250 "GET /resource_providers/9a0c1f3d-d177-4db9-a4dd-e6b5dea89b9e/allocations" status: 200 len: 353 microversion: 1.0 [pid: 7|app: 0|req: 413/828] 199.204.45.250 () {32 vars in 857 bytes} [Wed Jun 17 16:49:31 2026] GET /resource_providers/9a0c1f3d-d177-4db9-a4dd-e6b5dea89b9e/allocations => generated 353 bytes in 16 msecs (HTTP/1.1 200) 6 headers in 224 bytes (1 switches on core 0)
2026-06-17 16:49:31.702 8 INFO placement.requestlog [req-c1fbe70a-3d2c-456d-8ee5-9e6fcc784b85 req-a953802f-ecec-4619-ae62-c449106f724a 109c3c00cc0d483f9946d12eaf5bf0a7 1b22137e98594ff7a8c04b4318e0f2c7 - - ebe51a1b82b740b695b62f3026069be9 ebe51a1b82b740b695b62f3026069be9] 199.204.45.250 "GET /allocations/58acb3f0-b8cf-4991-8c7b-6a60508ade57" status: 200 len: 258 microversion: 1.28 [pid: 8|app: 0|req: 416/829] 199.204.45.250 () {34 vars in 863 bytes} [Wed Jun 17 16:49:31 2026] GET /allocations/58acb3f0-b8cf-4991-8c7b-6a60508ade57 => generated 258 bytes in 15 msecs (HTTP/1.1 200) 8 headers in 296 bytes (1 switches on core 0)
2026-06-17 16:49:31.715 7 INFO placement.requestlog [req-c1fbe70a-3d2c-456d-8ee5-9e6fcc784b85 req-8114f929-82b0-41d9-ab49-2d641cb80991 109c3c00cc0d483f9946d12eaf5bf0a7 1b22137e98594ff7a8c04b4318e0f2c7 - - ebe51a1b82b740b695b62f3026069be9 ebe51a1b82b740b695b62f3026069be9] 199.204.45.250 "GET /allocations/de8ccee3-d224-420a-83a3-00d82f371e5f" status: 200 len: 258 microversion: 1.28 [pid: 7|app: 0|req: 414/830] 199.204.45.250 () {34 vars in 863 bytes} [Wed Jun 17 16:49:31 2026] GET /allocations/de8ccee3-d224-420a-83a3-00d82f371e5f => generated 258 bytes in 9 msecs (HTTP/1.1 200) 8 headers in 296 bytes (1 switches on core 0)
2026-06-17 16:49:31.730 8 INFO placement.requestlog [req-c1fbe70a-3d2c-456d-8ee5-9e6fcc784b85 req-be1d183e-fea7-408e-a3a3-123d687b4378 109c3c00cc0d483f9946d12eaf5bf0a7 1b22137e98594ff7a8c04b4318e0f2c7 - - ebe51a1b82b740b695b62f3026069be9 ebe51a1b82b740b695b62f3026069be9] 199.204.45.250 "GET /allocations/a7019ee0-2e02-41ad-b2c7-93e8303c209d" status: 200 len: 258 microversion: 1.28 [pid: 8|app: 0|req: 417/831] 199.204.45.250 () {34 vars in 863 bytes} [Wed Jun 17 16:49:31 2026] GET /allocations/a7019ee0-2e02-41ad-b2c7-93e8303c209d => generated 258 bytes in 9 msecs (HTTP/1.1 200) 8 headers in 296 bytes (1 switches on core 0)
2026-06-17 16:49:33.799 7 INFO placement.requestlog [req-17540d37-8bff-4a41-a669-a9706328f96e req-23b208c2-8743-472c-8d57-3d57d54f0abe 109c3c00cc0d483f9946d12eaf5bf0a7 1b22137e98594ff7a8c04b4318e0f2c7 - - ebe51a1b82b740b695b62f3026069be9 ebe51a1b82b740b695b62f3026069be9] 199.204.45.250 "GET /resource_providers/9a0c1f3d-d177-4db9-a4dd-e6b5dea89b9e/allocations" status: 200 len: 353 microversion: 1.0 [pid: 7|app: 0|req: 415/832] 199.204.45.250 () {32 vars in 857 bytes} [Wed Jun 17 16:49:33 2026] GET /resource_providers/9a0c1f3d-d177-4db9-a4dd-e6b5dea89b9e/allocations => generated 353 bytes in 17 msecs (HTTP/1.1 200) 6 headers in 224 bytes (1 switches on core 0)
2026-06-17 16:49:33.830 8 INFO placement.requestlog [req-17540d37-8bff-4a41-a669-a9706328f96e req-99f3372a-e499-4a71-a262-e58801c49b86 109c3c00cc0d483f9946d12eaf5bf0a7 1b22137e98594ff7a8c04b4318e0f2c7 - - ebe51a1b82b740b695b62f3026069be9 ebe51a1b82b740b695b62f3026069be9] 199.204.45.250 "GET /resource_providers/9a0c1f3d-d177-4db9-a4dd-e6b5dea89b9e/allocations" status: 200 len: 353 microversion: 1.0 [pid: 8|app: 0|req: 418/833] 199.204.45.250 () {32 vars in 857 bytes} [Wed Jun 17 16:49:33 2026] GET /resource_providers/9a0c1f3d-d177-4db9-a4dd-e6b5dea89b9e/allocations => generated 353 bytes in 23 msecs (HTTP/1.1 200) 6 headers in 224 bytes (1 switches on core 0)
2026-06-17 16:49:33.852 7 INFO placement.requestlog [req-17540d37-8bff-4a41-a669-a9706328f96e req-8fa2093b-2031-46bb-a533-525fa7c0a380 109c3c00cc0d483f9946d12eaf5bf0a7 1b22137e98594ff7a8c04b4318e0f2c7 - - ebe51a1b82b740b695b62f3026069be9 ebe51a1b82b740b695b62f3026069be9] 199.204.45.250 "GET /allocations/58acb3f0-b8cf-4991-8c7b-6a60508ade57" status: 200 len: 258 microversion: 1.28 [pid: 7|app: 0|req: 416/834] 199.204.45.250 () {34 vars in 863 bytes} [Wed Jun 17 16:49:33 2026] GET /allocations/58acb3f0-b8cf-4991-8c7b-6a60508ade57 => generated 258 bytes in 17 msecs (HTTP/1.1 200) 8 headers in 296 bytes (1 switches on core 0)
2026-06-17 16:49:33.874 8 INFO placement.requestlog [req-17540d37-8bff-4a41-a669-a9706328f96e req-3b525680-6718-408b-a17f-59b80eff0ccf 109c3c00cc0d483f9946d12eaf5bf0a7 1b22137e98594ff7a8c04b4318e0f2c7 - - ebe51a1b82b740b695b62f3026069be9 ebe51a1b82b740b695b62f3026069be9] 199.204.45.250 "GET /allocations/de8ccee3-d224-420a-83a3-00d82f371e5f" status: 200 len: 258 microversion: 1.28 [pid: 8|app: 0|req: 419/835] 199.204.45.250 () {34 vars in 863 bytes} [Wed Jun 17 16:49:33 2026] GET /allocations/de8ccee3-d224-420a-83a3-00d82f371e5f => generated 258 bytes in 16 msecs (HTTP/1.1 200) 8 headers in 296 bytes (1 switches on core 0)
2026-06-17 16:49:33.894 7 INFO placement.requestlog [req-17540d37-8bff-4a41-a669-a9706328f96e req-9ce01d0c-265c-4065-946b-8518cb0ecedb 109c3c00cc0d483f9946d12eaf5bf0a7 1b22137e98594ff7a8c04b4318e0f2c7 - - ebe51a1b82b740b695b62f3026069be9 ebe51a1b82b740b695b62f3026069be9] 199.204.45.250 "GET /allocations/a7019ee0-2e02-41ad-b2c7-93e8303c209d" status: 200 len: 258 microversion: 1.28 [pid: 7|app: 0|req: 417/836] 199.204.45.250 () {34 vars in 863 bytes} [Wed Jun 17 16:49:33 2026] GET /allocations/a7019ee0-2e02-41ad-b2c7-93e8303c209d => generated 258 bytes in 14 msecs (HTTP/1.1 200) 8 headers in 296 bytes (1 switches on core 0)
2026-06-17 16:49:35.995 8 INFO placement.requestlog [None req-6c12cde3-01a5-4c35-a235-0df86eec346b ef572eaca644461aab615b5706910b24 1b22137e98594ff7a8c04b4318e0f2c7 - - ebe51a1b82b740b695b62f3026069be9 ebe51a1b82b740b695b62f3026069be9] 10.0.0.133 "GET /resource_providers/889c6d53-d56f-431e-8437-ce6e4b36a0c4/aggregates" status: 404 len: 235 microversion: 1.1 [pid: 8|app: 0|req: 420/837] 10.0.0.133 () {32 vars in 816 bytes} [Wed Jun 17 16:49:35 2026] GET /resource_providers/889c6d53-d56f-431e-8437-ce6e4b36a0c4/aggregates => generated 235 bytes in 18 msecs (HTTP/1.1 404) 5 headers in 202 bytes (1 switches on core 0)
2026-06-17 16:49:36.001 7 INFO placement.requestlog [None req-fb1b443b-5f38-4f99-826c-c9a802b9d8ed ef572eaca644461aab615b5706910b24 1b22137e98594ff7a8c04b4318e0f2c7 - - ebe51a1b82b740b695b62f3026069be9 ebe51a1b82b740b695b62f3026069be9] 10.0.0.133 "GET /resource_providers/889c6d53-d56f-431e-8437-ce6e4b36a0c4/aggregates" status: 404 len: 235 microversion: 1.1 [pid: 7|app: 0|req: 418/838] 10.0.0.133 () {32 vars in 816 bytes} [Wed Jun 17 16:49:35 2026] GET /resource_providers/889c6d53-d56f-431e-8437-ce6e4b36a0c4/aggregates => generated 235 bytes in 16 msecs (HTTP/1.1 404) 5 headers in 202 bytes (1 switches on core 0)
2026-06-17 16:49:36.016 8 INFO placement.requestlog [None req-2b8d8745-bcd3-43b4-a5b8-23f4c199ea55 ef572eaca644461aab615b5706910b24 1b22137e98594ff7a8c04b4318e0f2c7 - - ebe51a1b82b740b695b62f3026069be9 ebe51a1b82b740b695b62f3026069be9] 10.0.0.133 "DELETE /resource_providers/889c6d53-d56f-431e-8437-ce6e4b36a0c4" status: 404 len: 246 microversion: 1.1 [pid: 8|app: 0|req: 421/839] 10.0.0.133 () {34 vars in 816 bytes} [Wed Jun 17 16:49:36 2026] DELETE /resource_providers/889c6d53-d56f-431e-8437-ce6e4b36a0c4 => generated 246 bytes in 10 msecs (HTTP/1.1 404) 6 headers in 231 bytes (1 switches on core 0)
2026-06-17 16:49:36.019 7 INFO placement.requestlog [None req-1be7587f-d5f9-4e9c-9ecc-3b06fa091649 ef572eaca644461aab615b5706910b24 1b22137e98594ff7a8c04b4318e0f2c7 - - ebe51a1b82b740b695b62f3026069be9 ebe51a1b82b740b695b62f3026069be9] 10.0.0.133 "DELETE /resource_providers/889c6d53-d56f-431e-8437-ce6e4b36a0c4" status: 404 len: 246 microversion: 1.1 [pid: 7|app: 0|req: 419/840] 10.0.0.133 () {34 vars in 816 bytes} [Wed Jun 17 16:49:36 2026] DELETE /resource_providers/889c6d53-d56f-431e-8437-ce6e4b36a0c4 => generated 246 bytes in 9 msecs (HTTP/1.1 404) 6 headers in 231 bytes (1 switches on core 0)
2026-06-17 16:49:36.385 8 INFO placement.requestlog [None req-45fa4cff-2cf5-4c07-bffb-560fabcb6819 ef572eaca644461aab615b5706910b24 1b22137e98594ff7a8c04b4318e0f2c7 - - ebe51a1b82b740b695b62f3026069be9 ebe51a1b82b740b695b62f3026069be9] 10.0.0.133 "GET /resource_providers/140931e5-cd49-4192-a3be-ceee9659beb9/aggregates" status: 404 len: 235 microversion: 1.1 [pid: 8|app: 0|req: 422/841] 10.0.0.133 () {32 vars in 816 bytes} [Wed Jun 17 16:49:36 2026] GET /resource_providers/140931e5-cd49-4192-a3be-ceee9659beb9/aggregates => generated 235 bytes in 9 msecs (HTTP/1.1 404) 5 headers in 202 bytes (1 switches on core 0)
2026-06-17 16:49:36.389 7 INFO placement.requestlog [None req-7e670dd8-b86a-40e3-a8ed-74ffd9f3b0e4 ef572eaca644461aab615b5706910b24 1b22137e98594ff7a8c04b4318e0f2c7 - - ebe51a1b82b740b695b62f3026069be9 ebe51a1b82b740b695b62f3026069be9] 10.0.0.133 "GET /resource_providers/140931e5-cd49-4192-a3be-ceee9659beb9/aggregates" status: 404 len: 235 microversion: 1.1 [pid: 7|app: 0|req: 420/842] 10.0.0.133 () {32 vars in 816 bytes} [Wed Jun 17 16:49:36 2026] GET /resource_providers/140931e5-cd49-4192-a3be-ceee9659beb9/aggregates => generated 235 bytes in 9 msecs (HTTP/1.1 404) 5 headers in 202 bytes (1 switches on core 0)
2026-06-17 16:49:36.411 7 INFO placement.requestlog [None req-21d9562c-d426-41f6-b130-c72e500f1087 ef572eaca644461aab615b5706910b24 1b22137e98594ff7a8c04b4318e0f2c7 - - ebe51a1b82b740b695b62f3026069be9 ebe51a1b82b740b695b62f3026069be9] 10.0.0.133 "DELETE /resource_providers/140931e5-cd49-4192-a3be-ceee9659beb9" status: 404 len: 246 microversion: 1.1 [pid: 7|app: 0|req: 421/843] 10.0.0.133 () {34 vars in 816 bytes} [Wed Jun 17 16:49:36 2026] DELETE /resource_providers/140931e5-cd49-4192-a3be-ceee9659beb9 => generated 246 bytes in 9 msecs (HTTP/1.1 404) 6 headers in 231 bytes (1 switches on core 0)
2026-06-17 16:49:36.412 8 INFO placement.requestlog [None req-b98555e0-f77d-486f-b0e0-d08d61ef2b46 ef572eaca644461aab615b5706910b24 1b22137e98594ff7a8c04b4318e0f2c7 - - ebe51a1b82b740b695b62f3026069be9 ebe51a1b82b740b695b62f3026069be9] 10.0.0.133 "DELETE /resource_providers/140931e5-cd49-4192-a3be-ceee9659beb9" status: 404 len: 246 microversion: 1.1 [pid: 8|app: 0|req: 423/844] 10.0.0.133 () {34 vars in 816 bytes} [Wed Jun 17 16:49:36 2026] DELETE /resource_providers/140931e5-cd49-4192-a3be-ceee9659beb9 => generated 246 bytes in 11 msecs (HTTP/1.1 404) 6 headers in 231 bytes (1 switches on core 0)
2026-06-17 16:49:37.016 7 INFO placement.requestlog [req-f0543fa2-b5d1-4b68-a957-bd4f814726f6 req-15992082-28c4-41be-a317-9a04ec23f9eb 109c3c00cc0d483f9946d12eaf5bf0a7 1b22137e98594ff7a8c04b4318e0f2c7 - - ebe51a1b82b740b695b62f3026069be9 ebe51a1b82b740b695b62f3026069be9] 199.204.45.250 "GET /resource_providers/9a0c1f3d-d177-4db9-a4dd-e6b5dea89b9e/allocations" status: 200 len: 353 microversion: 1.0 [pid: 7|app: 0|req: 422/845] 199.204.45.250 () {32 vars in 857 bytes} [Wed Jun 17 16:49:36 2026] GET /resource_providers/9a0c1f3d-d177-4db9-a4dd-e6b5dea89b9e/allocations => generated 353 bytes in 22 msecs (HTTP/1.1 200) 6 headers in 224 bytes (1 switches on core 0)
2026-06-17 16:49:37.035 8 INFO placement.requestlog [req-f0543fa2-b5d1-4b68-a957-bd4f814726f6 req-fe1902e4-f5c2-4d60-a5b2-2b8574ef62f7 109c3c00cc0d483f9946d12eaf5bf0a7 1b22137e98594ff7a8c04b4318e0f2c7 - - ebe51a1b82b740b695b62f3026069be9 ebe51a1b82b740b695b62f3026069be9] 199.204.45.250 "GET /allocations/58acb3f0-b8cf-4991-8c7b-6a60508ade57" status: 200 len: 258 microversion: 1.28 [pid: 8|app: 0|req: 424/846] 199.204.45.250 () {34 vars in 863 bytes} [Wed Jun 17 16:49:37 2026] GET /allocations/58acb3f0-b8cf-4991-8c7b-6a60508ade57 => generated 258 bytes in 11 msecs (HTTP/1.1 200) 8 headers in 296 bytes (1 switches on core 0)
2026-06-17 16:49:37.056 7 INFO placement.requestlog [req-f0543fa2-b5d1-4b68-a957-bd4f814726f6 req-c9453274-6f10-45d8-b1ef-296cb1c1ac82 109c3c00cc0d483f9946d12eaf5bf0a7 1b22137e98594ff7a8c04b4318e0f2c7 - - ebe51a1b82b740b695b62f3026069be9 ebe51a1b82b740b695b62f3026069be9] 199.204.45.250 "GET /allocations/de8ccee3-d224-420a-83a3-00d82f371e5f" status: 200 len: 258 microversion: 1.28 [pid: 7|app: 0|req: 423/847] 199.204.45.250 () {34 vars in 863 bytes} [Wed Jun 17 16:49:37 2026] GET /allocations/de8ccee3-d224-420a-83a3-00d82f371e5f => generated 258 bytes in 16 msecs (HTTP/1.1 200) 8 headers in 296 bytes (1 switches on core 0)
2026-06-17 16:49:37.077 8 INFO placement.requestlog [req-f0543fa2-b5d1-4b68-a957-bd4f814726f6 req-d6d5174f-99db-4f31-beca-039d3eb1c3c7 109c3c00cc0d483f9946d12eaf5bf0a7 1b22137e98594ff7a8c04b4318e0f2c7 - - ebe51a1b82b740b695b62f3026069be9 ebe51a1b82b740b695b62f3026069be9] 199.204.45.250 "GET /allocations/a7019ee0-2e02-41ad-b2c7-93e8303c209d" status: 200 len: 258 microversion: 1.28 [pid: 8|app: 0|req: 425/848] 199.204.45.250 () {34 vars in 863 bytes} [Wed Jun 17 16:49:37 2026] GET /allocations/a7019ee0-2e02-41ad-b2c7-93e8303c209d => generated 258 bytes in 12 msecs (HTTP/1.1 200) 8 headers in 296 bytes (1 switches on core 0)
2026-06-17 16:49:38.146 7 INFO placement.requestlog [req-f0543fa2-b5d1-4b68-a957-bd4f814726f6 req-d124dc10-8353-45d9-b4c1-2d0aca410e13 109c3c00cc0d483f9946d12eaf5bf0a7 1b22137e98594ff7a8c04b4318e0f2c7 - - ebe51a1b82b740b695b62f3026069be9 ebe51a1b82b740b695b62f3026069be9] 199.204.45.250 "DELETE /allocations/a7019ee0-2e02-41ad-b2c7-93e8303c209d" status: 204 len: 0 microversion: 1.0 [pid: 7|app: 0|req: 424/849] 199.204.45.250 () {34 vars in 841 bytes} [Wed Jun 17 16:49:38 2026] DELETE /allocations/a7019ee0-2e02-41ad-b2c7-93e8303c209d => generated 0 bytes in 38 msecs (HTTP/1.1 204) 5 headers in 198 bytes (1 switches on core 0)
2026-06-17 16:49:40.991 7 INFO placement.requestlog [None req-90a97981-802c-47b1-a71d-8d121d15beed - - - - - -] 10.0.0.131 "GET /" status: 200 len: 136 microversion: 1.0
2026-06-17 16:49:40.991 8 INFO placement.requestlog [None req-a1c2cd99-66d7-4ed7-b1b6-7efeeaa043cc - - - - - -] 10.0.0.131 "GET /" status: 200 len: 136 microversion: 1.0
2026-06-17 16:49:42.191 7 INFO placement.requestlog [None req-986178a3-7d21-4e71-a0f5-5a5732336e87 ef572eaca644461aab615b5706910b24 1b22137e98594ff7a8c04b4318e0f2c7 - - ebe51a1b82b740b695b62f3026069be9 ebe51a1b82b740b695b62f3026069be9] 10.0.0.133 "GET /resource_providers/e8a272a5-71c0-4346-9bc0-f6ea887e7e9c/aggregates" status: 404 len: 235 microversion: 1.1 [pid: 7|app: 0|req: 426/852] 10.0.0.133 () {32 vars in 816 bytes} [Wed Jun 17 16:49:42 2026] GET /resource_providers/e8a272a5-71c0-4346-9bc0-f6ea887e7e9c/aggregates => generated 235 bytes in 8 msecs (HTTP/1.1 404) 5 headers in 202 bytes (1 switches on core 0)
2026-06-17 16:49:42.197 8 INFO placement.requestlog [None req-274bd23d-59b0-4938-8f4a-3e5186e20ab5 ef572eaca644461aab615b5706910b24 1b22137e98594ff7a8c04b4318e0f2c7 - - ebe51a1b82b740b695b62f3026069be9 ebe51a1b82b740b695b62f3026069be9] 10.0.0.133 "GET /resource_providers/e8a272a5-71c0-4346-9bc0-f6ea887e7e9c/aggregates" status: 404 len: 235 microversion: 1.1 [pid: 8|app: 0|req: 427/853] 10.0.0.133 () {32 vars in 816 bytes} [Wed Jun 17 16:49:42 2026] GET /resource_providers/e8a272a5-71c0-4346-9bc0-f6ea887e7e9c/aggregates => generated 235 bytes in 8 msecs (HTTP/1.1 404) 5 headers in 202 bytes (1 switches on core 0)
2026-06-17 16:49:42.220 7 INFO placement.requestlog [None req-a7e4b759-3c5f-4c60-a24a-59251bc68c95 ef572eaca644461aab615b5706910b24 1b22137e98594ff7a8c04b4318e0f2c7 - - ebe51a1b82b740b695b62f3026069be9 ebe51a1b82b740b695b62f3026069be9] 10.0.0.133 "DELETE /resource_providers/e8a272a5-71c0-4346-9bc0-f6ea887e7e9c" status: 404 len: 246 microversion: 1.1
2026-06-17 16:49:42.220 8 INFO placement.requestlog [None req-64013803-e4c3-4a37-b2aa-b0d49d513fe8 ef572eaca644461aab615b5706910b24 1b22137e98594ff7a8c04b4318e0f2c7 - - ebe51a1b82b740b695b62f3026069be9 ebe51a1b82b740b695b62f3026069be9] 10.0.0.133 "DELETE /resource_providers/e8a272a5-71c0-4346-9bc0-f6ea887e7e9c" status: 404 len: 246 microversion: 1.1 [pid: 8|app: 0|req: 428/855] 10.0.0.133 () {34 vars in 816 bytes} [Wed Jun 17 16:49:42 2026] DELETE /resource_providers/e8a272a5-71c0-4346-9bc0-f6ea887e7e9c => generated 246 bytes in 9 msecs (HTTP/1.1 404) 6 headers in 231 bytes (1 switches on core 0) [pid: 7|app: 0|req: 427/855] 10.0.0.133 () {34 vars in 816 bytes} [Wed Jun 17 16:49:42 2026] DELETE /resource_providers/e8a272a5-71c0-4346-9bc0-f6ea887e7e9c => generated 246 bytes in 11 msecs (HTTP/1.1 404) 6 headers in 231 bytes (1 switches on core 0)
2026-06-17 16:49:42.331 7 INFO placement.requestlog [None req-7fd3f0d2-a94a-4cfe-aa34-3dd317602112 ef572eaca644461aab615b5706910b24 1b22137e98594ff7a8c04b4318e0f2c7 - - ebe51a1b82b740b695b62f3026069be9 ebe51a1b82b740b695b62f3026069be9] 10.0.0.133 "GET /resource_providers/c6f51764-316c-411b-9f7f-40f1de48a3cb/aggregates" status: 404 len: 235 microversion: 1.1 [pid: 7|app: 0|req: 428/856] 10.0.0.133 () {32 vars in 816 bytes} [Wed Jun 17 16:49:42 2026] GET /resource_providers/c6f51764-316c-411b-9f7f-40f1de48a3cb/aggregates => generated 235 bytes in 12 msecs (HTTP/1.1 404) 5 headers in 202 bytes (1 switches on core 0)
2026-06-17 16:49:42.332 8 INFO placement.requestlog [None req-56b0d7ab-46de-40ac-aed9-0e77227d7db3 ef572eaca644461aab615b5706910b24 1b22137e98594ff7a8c04b4318e0f2c7 - - ebe51a1b82b740b695b62f3026069be9 ebe51a1b82b740b695b62f3026069be9] 10.0.0.133 "GET /resource_providers/c6f51764-316c-411b-9f7f-40f1de48a3cb/aggregates" status: 404 len: 235 microversion: 1.1 [pid: 8|app: 0|req: 429/857] 10.0.0.133 () {32 vars in 816 bytes} [Wed Jun 17 16:49:42 2026] GET /resource_providers/c6f51764-316c-411b-9f7f-40f1de48a3cb/aggregates => generated 235 bytes in 13 msecs (HTTP/1.1 404) 5 headers in 202 bytes (1 switches on core 0)
2026-06-17 16:49:42.361 7 INFO placement.requestlog [None req-56406288-ecfb-437b-a5f9-0288897997d1 ef572eaca644461aab615b5706910b24 1b22137e98594ff7a8c04b4318e0f2c7 - - ebe51a1b82b740b695b62f3026069be9 ebe51a1b82b740b695b62f3026069be9] 10.0.0.133 "DELETE /resource_providers/c6f51764-316c-411b-9f7f-40f1de48a3cb" status: 404 len: 246 microversion: 1.1 [pid: 7|app: 0|req: 429/858] 10.0.0.133 () {34 vars in 816 bytes} [Wed Jun 17 16:49:42 2026] DELETE /resource_providers/c6f51764-316c-411b-9f7f-40f1de48a3cb => generated 246 bytes in 11 msecs (HTTP/1.1 404) 6 headers in 231 bytes (1 switches on core 0)
2026-06-17 16:49:42.361 8 INFO placement.requestlog [None req-4e52a628-8db5-4819-8bdd-2969d1c24a31 ef572eaca644461aab615b5706910b24 1b22137e98594ff7a8c04b4318e0f2c7 - - ebe51a1b82b740b695b62f3026069be9 ebe51a1b82b740b695b62f3026069be9] 10.0.0.133 "DELETE /resource_providers/c6f51764-316c-411b-9f7f-40f1de48a3cb" status: 404 len: 246 microversion: 1.1 [pid: 8|app: 0|req: 430/859] 10.0.0.133 () {34 vars in 816 bytes} [Wed Jun 17 16:49:42 2026] DELETE /resource_providers/c6f51764-316c-411b-9f7f-40f1de48a3cb => generated 246 bytes in 10 msecs (HTTP/1.1 404) 6 headers in 231 bytes (1 switches on core 0)
2026-06-17 16:49:44.247 8 INFO placement.requestlog [None req-1215e5d1-17ce-4c81-8268-8fd419364060 ef572eaca644461aab615b5706910b24 1b22137e98594ff7a8c04b4318e0f2c7 - - ebe51a1b82b740b695b62f3026069be9 ebe51a1b82b740b695b62f3026069be9] 10.0.0.133 "GET /resource_providers/9c87c2ce-d8e9-43ae-9e79-f5e80818a962/aggregates" status: 404 len: 235 microversion: 1.1 [pid: 8|app: 0|req: 431/860] 10.0.0.133 () {32 vars in 816 bytes} [Wed Jun 17 16:49:44 2026] GET /resource_providers/9c87c2ce-d8e9-43ae-9e79-f5e80818a962/aggregates => generated 235 bytes in 14 msecs (HTTP/1.1 404) 5 headers in 202 bytes (1 switches on core 0)
2026-06-17 16:49:44.249 7 INFO placement.requestlog [None req-1ad7740e-380c-4735-aa6a-92f5eeac2a08 ef572eaca644461aab615b5706910b24 1b22137e98594ff7a8c04b4318e0f2c7 - - ebe51a1b82b740b695b62f3026069be9 ebe51a1b82b740b695b62f3026069be9] 10.0.0.133 "GET /resource_providers/9c87c2ce-d8e9-43ae-9e79-f5e80818a962/aggregates" status: 404 len: 235 microversion: 1.1 [pid: 7|app: 0|req: 430/861] 10.0.0.133 () {32 vars in 816 bytes} [Wed Jun 17 16:49:44 2026] GET /resource_providers/9c87c2ce-d8e9-43ae-9e79-f5e80818a962/aggregates => generated 235 bytes in 18 msecs (HTTP/1.1 404) 5 headers in 202 bytes (1 switches on core 0)
2026-06-17 16:49:44.270 8 INFO placement.requestlog [None req-4448f087-2010-47cc-bb12-233248c759df ef572eaca644461aab615b5706910b24 1b22137e98594ff7a8c04b4318e0f2c7 - - ebe51a1b82b740b695b62f3026069be9 ebe51a1b82b740b695b62f3026069be9] 10.0.0.133 "DELETE /resource_providers/9c87c2ce-d8e9-43ae-9e79-f5e80818a962" status: 404 len: 246 microversion: 1.1 [pid: 8|app: 0|req: 432/862] 10.0.0.133 () {34 vars in 816 bytes} [Wed Jun 17 16:49:44 2026] DELETE /resource_providers/9c87c2ce-d8e9-43ae-9e79-f5e80818a962 => generated 246 bytes in 11 msecs (HTTP/1.1 404) 6 headers in 231 bytes (1 switches on core 0)
2026-06-17 16:49:44.272 7 INFO placement.requestlog [None req-189825f5-2e43-4b61-877a-bad4d2494d33 ef572eaca644461aab615b5706910b24 1b22137e98594ff7a8c04b4318e0f2c7 - - ebe51a1b82b740b695b62f3026069be9 ebe51a1b82b740b695b62f3026069be9] 10.0.0.133 "DELETE /resource_providers/9c87c2ce-d8e9-43ae-9e79-f5e80818a962" status: 404 len: 246 microversion: 1.1 [pid: 7|app: 0|req: 431/863] 10.0.0.133 () {34 vars in 816 bytes} [Wed Jun 17 16:49:44 2026] DELETE /resource_providers/9c87c2ce-d8e9-43ae-9e79-f5e80818a962 => generated 246 bytes in 11 msecs (HTTP/1.1 404) 6 headers in 231 bytes (1 switches on core 0)
2026-06-17 16:49:44.294 8 INFO placement.requestlog [None req-43d49ff0-084e-4bf8-8c84-07723cb25411 ef572eaca644461aab615b5706910b24 1b22137e98594ff7a8c04b4318e0f2c7 - - ebe51a1b82b740b695b62f3026069be9 ebe51a1b82b740b695b62f3026069be9] 10.0.0.133 "GET /resource_providers/320ab11c-11a6-45fb-b218-5c510c20fbe0/aggregates" status: 404 len: 235 microversion: 1.1 [pid: 8|app: 0|req: 433/864] 10.0.0.133 () {32 vars in 816 bytes} [Wed Jun 17 16:49:44 2026] GET /resource_providers/320ab11c-11a6-45fb-b218-5c510c20fbe0/aggregates => generated 235 bytes in 10 msecs (HTTP/1.1 404) 5 headers in 202 bytes (1 switches on core 0)
2026-06-17 16:49:44.299 7 INFO placement.requestlog [None req-ab4869d3-6212-4656-81cb-e8dad0643793 ef572eaca644461aab615b5706910b24 1b22137e98594ff7a8c04b4318e0f2c7 - - ebe51a1b82b740b695b62f3026069be9 ebe51a1b82b740b695b62f3026069be9] 10.0.0.133 "GET /resource_providers/320ab11c-11a6-45fb-b218-5c510c20fbe0/aggregates" status: 404 len: 235 microversion: 1.1 [pid: 7|app: 0|req: 432/865] 10.0.0.133 () {32 vars in 816 bytes} [Wed Jun 17 16:49:44 2026] GET /resource_providers/320ab11c-11a6-45fb-b218-5c510c20fbe0/aggregates => generated 235 bytes in 13 msecs (HTTP/1.1 404) 5 headers in 202 bytes (1 switches on core 0)
