2026-04-27 22:09:28.139 7 INFO neutron.db.ovn_revision_numbers_db [None req-5f80b001-df4e-4136-9501-f85999f72034 d5de05f27f9849109f0c568c5a5aa2d0 6f4bbdf759db4de5912938ba17fb4bff - - default default] Successfully bumped revision number for resource 61c5204f-65c1-4b58-853f-77029a287eef (type: security_groups) to 1
2026-04-27 22:09:28.151 7 INFO neutron.db.ovn_revision_numbers_db [None req-5f80b001-df4e-4136-9501-f85999f72034 d5de05f27f9849109f0c568c5a5aa2d0 6f4bbdf759db4de5912938ba17fb4bff - - default default] Successfully bumped revision number for resource 2b4ffe46-4d5c-4101-ab36-f41d6856e4ff (type: security_group_rules) to 0
2026-04-27 22:09:28.164 7 INFO neutron.db.ovn_revision_numbers_db [None req-5f80b001-df4e-4136-9501-f85999f72034 d5de05f27f9849109f0c568c5a5aa2d0 6f4bbdf759db4de5912938ba17fb4bff - - default default] Successfully bumped revision number for resource 5b9d41d5-a02b-48b7-8a84-691c0b5eade0 (type: security_group_rules) to 0
2026-04-27 22:09:28.182 7 INFO neutron.db.ovn_revision_numbers_db [None req-5f80b001-df4e-4136-9501-f85999f72034 d5de05f27f9849109f0c568c5a5aa2d0 6f4bbdf759db4de5912938ba17fb4bff - - default default] Successfully bumped revision number for resource ce2e504d-3e93-4f6e-8836-a0aaded986ee (type: security_group_rules) to 0
2026-04-27 22:09:28.196 7 INFO neutron.db.ovn_revision_numbers_db [None req-5f80b001-df4e-4136-9501-f85999f72034 d5de05f27f9849109f0c568c5a5aa2d0 6f4bbdf759db4de5912938ba17fb4bff - - default default] Successfully bumped revision number for resource f08ffe81-a41e-4cd4-9b21-7a14e9cf7f8b (type: security_group_rules) to 0
2026-04-27 22:09:28.218 8 INFO neutron.db.ovn_revision_numbers_db [None req-ea4a91c5-95cb-49b9-9b0f-c0dadbcc8a86 d5de05f27f9849109f0c568c5a5aa2d0 6f4bbdf759db4de5912938ba17fb4bff - - default default] Successfully bumped revision number for resource 8590229f-d9d0-4705-8b85-27c384a3a4b7 (type: security_groups) to 1
2026-04-27 22:09:28.229 8 INFO neutron.db.ovn_revision_numbers_db [None req-ea4a91c5-95cb-49b9-9b0f-c0dadbcc8a86 d5de05f27f9849109f0c568c5a5aa2d0 6f4bbdf759db4de5912938ba17fb4bff - - default default] Successfully bumped revision number for resource 2b14a1a2-cdbf-4e58-87e9-d982619352a9 (type: security_group_rules) to 0
2026-04-27 22:09:28.241 8 INFO neutron.db.ovn_revision_numbers_db [None req-ea4a91c5-95cb-49b9-9b0f-c0dadbcc8a86 d5de05f27f9849109f0c568c5a5aa2d0 6f4bbdf759db4de5912938ba17fb4bff - - default default] Successfully bumped revision number for resource 492e3fdf-c32a-4683-810b-92f01523e4f0 (type: security_group_rules) to 0 [pid: 7|app: 0|req: 648/1374] 10.0.0.22 () {32 vars in 773 bytes} [Mon Apr 27 22:09:27 2026] GET /v2.0/security-groups?tenant_id=ef5cb998f1ef496e9025f14fa8b4a0b9&name=default => generated 2925 bytes in 467 msecs (HTTP/1.1 200) 4 headers in 158 bytes (1 switches on core 0)
2026-04-27 22:09:28.254 8 INFO neutron.db.ovn_revision_numbers_db [None req-ea4a91c5-95cb-49b9-9b0f-c0dadbcc8a86 d5de05f27f9849109f0c568c5a5aa2d0 6f4bbdf759db4de5912938ba17fb4bff - - default default] Successfully bumped revision number for resource 9494c975-76a0-4f50-aa57-821f49869fa2 (type: security_group_rules) to 0
2026-04-27 22:09:28.266 8 INFO neutron.db.ovn_revision_numbers_db [None req-ea4a91c5-95cb-49b9-9b0f-c0dadbcc8a86 d5de05f27f9849109f0c568c5a5aa2d0 6f4bbdf759db4de5912938ba17fb4bff - - default default] Successfully bumped revision number for resource a3a0f69b-9e4a-4a5a-b5ee-90f756570bb2 (type: security_group_rules) to 0 [pid: 8|app: 0|req: 727/1375] 10.0.0.22 () {32 vars in 773 bytes} [Mon Apr 27 22:09:28 2026] GET /v2.0/security-groups?tenant_id=3b694d5e55854e6fadb44e3f90374946&name=default => generated 2925 bytes in 265 msecs (HTTP/1.1 200) 4 headers in 158 bytes (1 switches on core 0)
2026-04-27 22:09:28.333 7 INFO neutron.db.segments_db [None req-d9f43208-a06f-45e2-a355-4e4ed0f565d2 9d990d2883c049e29f6b11b1ea37a0fc 0f169763be0943a597d08536cebd80eb - - default default] Added segment b43619bd-c8d6-4dd2-a8c8-1ac9b5c534e9 of type geneve for network 4a8ae878-845a-46e9-a6a8-185fabdda669
2026-04-27 22:09:28.454 7 INFO neutron.db.ovn_revision_numbers_db [None req-d9f43208-a06f-45e2-a355-4e4ed0f565d2 9d990d2883c049e29f6b11b1ea37a0fc 0f169763be0943a597d08536cebd80eb - - default default] Successfully bumped revision number for resource 4a8ae878-845a-46e9-a6a8-185fabdda669 (type: networks) to 1 [pid: 8|app: 0|req: 728/1376] 10.0.0.22 () {32 vars in 739 bytes} [Mon Apr 27 22:09:28 2026] DELETE /v2.0/security-groups/61c5204f-65c1-4b58-853f-77029a287eef => generated 0 bytes in 260 msecs (HTTP/1.1 204) 2 headers in 112 bytes (1 switches on core 0)
2026-04-27 22:09:28.649 7 WARNING neutron.scheduler.dhcp_agent_scheduler [None req-d9f43208-a06f-45e2-a355-4e4ed0f565d2 9d990d2883c049e29f6b11b1ea37a0fc 0f169763be0943a597d08536cebd80eb - - default default] No more DHCP agents
2026-04-27 22:09:28.650 7 WARNING neutron.api.rpc.agentnotifiers.dhcp_rpc_agent_api [None req-d9f43208-a06f-45e2-a355-4e4ed0f565d2 9d990d2883c049e29f6b11b1ea37a0fc 0f169763be0943a597d08536cebd80eb - - default default] Unable to schedule network 4a8ae878-845a-46e9-a6a8-185fabdda669: no agents available; will retry on subsequent port and subnet creation events.
2026-04-27 22:09:28.740 7 INFO neutron.plugins.ml2.drivers.ovn.mech_driver.mech_driver [None req-0bf21585-cf7b-45c2-b4ff-c4de06a6728d - - - - - -] OVN reports status down for port: 03f32b18-8c79-4a02-932d-ff66da96e658
2026-04-27 22:09:28.840 7 INFO neutron.db.ovn_revision_numbers_db [None req-d9f43208-a06f-45e2-a355-4e4ed0f565d2 9d990d2883c049e29f6b11b1ea37a0fc 0f169763be0943a597d08536cebd80eb - - default default] Successfully bumped revision number for resource 03f32b18-8c79-4a02-932d-ff66da96e658 (type: ports) to 1 [pid: 8|app: 0|req: 729/1377] 10.0.0.22 () {32 vars in 739 bytes} [Mon Apr 27 22:09:28 2026] DELETE /v2.0/security-groups/8590229f-d9d0-4705-8b85-27c384a3a4b7 => generated 0 bytes in 293 msecs (HTTP/1.1 204) 2 headers in 112 bytes (1 switches on core 0) [pid: 7|app: 0|req: 649/1378] 10.0.0.22 () {34 vars in 669 bytes} [Mon Apr 27 22:09:28 2026] POST /v2.0/networks => generated 636 bytes in 665 msecs (HTTP/1.1 201) 4 headers in 162 bytes (1 switches on core 0)
2026-04-27 22:09:28.965 8 INFO neutron.services.segments.plugin [-] Segment 22771605-0ca8-4ea6-b6fa-74aaa142a2bb resource provider aggregate not found
2026-04-27 22:09:28.970 8 INFO neutron.services.segments.plugin [-] Segment 22771605-0ca8-4ea6-b6fa-74aaa142a2bb resource provider aggregate not found
2026-04-27 22:09:28.984 8 INFO neutron.services.segments.plugin [-] Segment 22771605-0ca8-4ea6-b6fa-74aaa142a2bb resource provider not found; error: Placement Client Error (4xx): {"errors": [{"status": 404, "title": "Not Found", "detail": "The resource could not be found.\n\n No resource provider with uuid 22771605-0ca8-4ea6-b6fa-74aaa142a2bb found for delete ", "request_id": "req-944dc894-f963-4c8e-9cdd-570bb9d96e16"}]}
2026-04-27 22:09:28.987 8 INFO neutron.services.segments.plugin [-] Segment 22771605-0ca8-4ea6-b6fa-74aaa142a2bb resource provider not found; error: Placement Client Error (4xx): {"errors": [{"status": 404, "title": "Not Found", "detail": "The resource could not be found.\n\n No resource provider with uuid 22771605-0ca8-4ea6-b6fa-74aaa142a2bb found for delete ", "request_id": "req-737987ef-abe3-48ab-8615-6567939c385a"}]} [pid: 7|app: 0|req: 650/1379] 10.0.0.114 () {34 vars in 990 bytes} [Mon Apr 27 22:09:28 2026] GET /v2.0/ports?device_id=fc10d4fc-1722-4846-a7f0-29cdbd058bae => generated 973 bytes in 121 msecs (HTTP/1.1 200) 4 headers in 157 bytes (1 switches on core 0)
2026-04-27 22:09:29.038 8 INFO neutron.db.ovn_revision_numbers_db [None req-4c3a2759-b85b-4092-aa9d-8b28c9693002 d5de05f27f9849109f0c568c5a5aa2d0 6f4bbdf759db4de5912938ba17fb4bff - - default default] Successfully bumped revision number for resource 33e08bbe-74d1-4159-a696-22f98c5ca5ca (type: security_groups) to 1
2026-04-27 22:09:29.047 8 INFO neutron.db.ovn_revision_numbers_db [None req-4c3a2759-b85b-4092-aa9d-8b28c9693002 d5de05f27f9849109f0c568c5a5aa2d0 6f4bbdf759db4de5912938ba17fb4bff - - default default] Successfully bumped revision number for resource 4a72195a-1830-4643-8645-a3f087f14eec (type: security_group_rules) to 0
2026-04-27 22:09:29.057 8 INFO neutron.db.ovn_revision_numbers_db [None req-4c3a2759-b85b-4092-aa9d-8b28c9693002 d5de05f27f9849109f0c568c5a5aa2d0 6f4bbdf759db4de5912938ba17fb4bff - - default default] Successfully bumped revision number for resource b8b59e07-38ca-4adb-9a10-00d3fb6602c3 (type: security_group_rules) to 0
2026-04-27 22:09:29.068 8 INFO neutron.db.ovn_revision_numbers_db [None req-4c3a2759-b85b-4092-aa9d-8b28c9693002 d5de05f27f9849109f0c568c5a5aa2d0 6f4bbdf759db4de5912938ba17fb4bff - - default default] Successfully bumped revision number for resource cb06e0ba-50a1-4166-b665-8f46b4be6063 (type: security_group_rules) to 0
2026-04-27 22:09:29.079 8 INFO neutron.db.ovn_revision_numbers_db [None req-4c3a2759-b85b-4092-aa9d-8b28c9693002 d5de05f27f9849109f0c568c5a5aa2d0 6f4bbdf759db4de5912938ba17fb4bff - - default default] Successfully bumped revision number for resource eed18e31-7d24-4ed6-b0ef-83405f2db7d9 (type: security_group_rules) to 0 [pid: 8|app: 0|req: 730/1380] 10.0.0.22 () {32 vars in 773 bytes} [Mon Apr 27 22:09:28 2026] GET /v2.0/security-groups?tenant_id=0493bc49d7334712835d3a27b2126ac8&name=default => generated 2925 bytes in 252 msecs (HTTP/1.1 200) 4 headers in 158 bytes (1 switches on core 0)
2026-04-27 22:09:29.208 7 WARNING neutron.scheduler.dhcp_agent_scheduler [None req-31170832-722a-4745-be35-d6aaba938f34 9d990d2883c049e29f6b11b1ea37a0fc 0f169763be0943a597d08536cebd80eb - - default default] No more DHCP agents
2026-04-27 22:09:29.211 7 WARNING neutron.api.rpc.agentnotifiers.dhcp_rpc_agent_api [None req-31170832-722a-4745-be35-d6aaba938f34 9d990d2883c049e29f6b11b1ea37a0fc 0f169763be0943a597d08536cebd80eb - - default default] Unable to schedule network 4a8ae878-845a-46e9-a6a8-185fabdda669: no agents available; will retry on subsequent port and subnet creation events.
2026-04-27 22:09:29.248 8 INFO neutron.db.ovn_revision_numbers_db [None req-1a6ef9eb-0337-404a-88f4-b29721b5ec4b d5de05f27f9849109f0c568c5a5aa2d0 6f4bbdf759db4de5912938ba17fb4bff - - default default] Successfully bumped revision number for resource 0809b928-069c-4bad-82c4-6e1a792d10d1 (type: security_groups) to 1
2026-04-27 22:09:29.268 8 INFO neutron.db.ovn_revision_numbers_db [None req-1a6ef9eb-0337-404a-88f4-b29721b5ec4b d5de05f27f9849109f0c568c5a5aa2d0 6f4bbdf759db4de5912938ba17fb4bff - - default default] Successfully bumped revision number for resource 0a73f7f0-306c-4c9a-b67e-801c52d4bccb (type: security_group_rules) to 0
2026-04-27 22:09:29.274 7 INFO neutron.db.ovn_revision_numbers_db [None req-31170832-722a-4745-be35-d6aaba938f34 9d990d2883c049e29f6b11b1ea37a0fc 0f169763be0943a597d08536cebd80eb - - default default] Successfully bumped revision number for resource 03a4b56f-e359-44e4-8c0a-66a8ed4310b2 (type: subnets) to 0
2026-04-27 22:09:29.295 8 INFO neutron.db.ovn_revision_numbers_db [None req-1a6ef9eb-0337-404a-88f4-b29721b5ec4b d5de05f27f9849109f0c568c5a5aa2d0 6f4bbdf759db4de5912938ba17fb4bff - - default default] Successfully bumped revision number for resource 119dc203-1b19-431b-a45e-4eeb2354a846 (type: security_group_rules) to 0 [pid: 7|app: 0|req: 651/1381] 10.0.0.22 () {34 vars in 668 bytes} [Mon Apr 27 22:09:29 2026] POST /v2.0/subnets => generated 646 bytes in 261 msecs (HTTP/1.1 201) 4 headers in 162 bytes (1 switches on core 0)
2026-04-27 22:09:29.326 8 INFO neutron.db.ovn_revision_numbers_db [None req-1a6ef9eb-0337-404a-88f4-b29721b5ec4b d5de05f27f9849109f0c568c5a5aa2d0 6f4bbdf759db4de5912938ba17fb4bff - - default default] Successfully bumped revision number for resource 7cebbdb6-73e1-4a5d-8d7f-2171464f3660 (type: security_group_rules) to 0
2026-04-27 22:09:29.346 8 INFO neutron.db.ovn_revision_numbers_db [None req-1a6ef9eb-0337-404a-88f4-b29721b5ec4b d5de05f27f9849109f0c568c5a5aa2d0 6f4bbdf759db4de5912938ba17fb4bff - - default default] Successfully bumped revision number for resource e7bc0be8-15a2-4db4-8ba3-b4c8487c4c16 (type: security_group_rules) to 0
2026-04-27 22:09:29.351 7 INFO neutron.plugins.ml2.drivers.ovn.mech_driver.mech_driver [None req-0bf21585-cf7b-45c2-b4ff-c4de06a6728d - - - - - -] OVN reports status up for port: 09ee700a-2a43-4a6c-9fc6-e9582db5f336 [pid: 7|app: 0|req: 652/1382] 10.0.0.114 () {34 vars in 1040 bytes} [Mon Apr 27 22:09:29 2026] GET /v2.0/security-groups?id=470539f5-4cd7-4f8b-9809-61c1c6b6c61a&fields=id&fields=name => generated 113 bytes in 73 msecs (HTTP/1.1 200) 4 headers in 157 bytes (1 switches on core 0)
2026-04-27 22:09:29.385 7 INFO neutron.plugins.ml2.plugin [None req-0bf21585-cf7b-45c2-b4ff-c4de06a6728d - - - - - -] Attempt 1 to provision port 09ee700a-2a43-4a6c-9fc6-e9582db5f336 [pid: 8|app: 0|req: 731/1383] 10.0.0.22 () {32 vars in 773 bytes} [Mon Apr 27 22:09:29 2026] GET /v2.0/security-groups?tenant_id=f2a9e935269948b49d7cb88365a65206&name=default => generated 2925 bytes in 288 msecs (HTTP/1.1 200) 4 headers in 158 bytes (1 switches on core 0)
2026-04-27 22:09:29.578 7 INFO neutron.notifiers.nova [-] Nova event matching ['req-53a1968c-52c9-466c-8245-423709f088b7'] response: {'server_uuid': 'fc10d4fc-1722-4846-a7f0-29cdbd058bae', 'name': 'network-vif-plugged', 'status': 'completed', 'tag': '09ee700a-2a43-4a6c-9fc6-e9582db5f336', 'code': 200}
2026-04-27 22:09:29.684 8 WARNING neutron.scheduler.dhcp_agent_scheduler [None req-87258e3a-dc01-4df4-9b1a-33c9e7ed464e 9d990d2883c049e29f6b11b1ea37a0fc 0f169763be0943a597d08536cebd80eb - - default default] No more DHCP agents
2026-04-27 22:09:29.686 8 WARNING neutron.api.rpc.agentnotifiers.dhcp_rpc_agent_api [None req-87258e3a-dc01-4df4-9b1a-33c9e7ed464e 9d990d2883c049e29f6b11b1ea37a0fc 0f169763be0943a597d08536cebd80eb - - default default] Unable to schedule network 4a8ae878-845a-46e9-a6a8-185fabdda669: no agents available; will retry on subsequent port and subnet creation events.
2026-04-27 22:09:29.783 7 INFO neutron.db.ovn_revision_numbers_db [None req-0bf21585-cf7b-45c2-b4ff-c4de06a6728d - - - - - -] Successfully bumped revision number for resource 09ee700a-2a43-4a6c-9fc6-e9582db5f336 (type: ports) to 5
2026-04-27 22:09:29.871 8 INFO neutron.db.ovn_revision_numbers_db [None req-87258e3a-dc01-4df4-9b1a-33c9e7ed464e 9d990d2883c049e29f6b11b1ea37a0fc 0f169763be0943a597d08536cebd80eb - - default default] Successfully bumped revision number for resource d5d980a6-798a-44e9-a91d-47c1d06e32e6 (type: ports) to 1
2026-04-27 22:09:29.923 7 INFO neutron.plugins.ml2.drivers.ovn.mech_driver.mech_driver [None req-5db3e305-fb6d-48c8-8226-f35e8fabe7eb - - - - - -] OVN reports status down for port: d5d980a6-798a-44e9-a91d-47c1d06e32e6 [pid: 7|app: 0|req: 653/1384] 10.0.0.22 () {32 vars in 739 bytes} [Mon Apr 27 22:09:29 2026] DELETE /v2.0/security-groups/33e08bbe-74d1-4159-a696-22f98c5ca5ca => generated 0 bytes in 569 msecs (HTTP/1.1 204) 2 headers in 112 bytes (1 switches on core 0) /var/lib/openstack/lib/python3.12/site-packages/pycadf/identifier.py:70: UserWarning: Invalid uuid: neutron. To ensure interoperability, identifiers should be a valid uuid. warnings.warn(('Invalid uuid: %s. To ensure interoperability, ' [pid: 8|app: 0|req: 732/1385] 10.0.0.22 () {34 vars in 664 bytes} [Mon Apr 27 22:09:29 2026] POST /v2.0/ports => generated 924 bytes in 550 msecs (HTTP/1.1 201) 4 headers in 162 bytes (1 switches on core 0)
2026-04-27 22:09:30.100 8 INFO neutron_taas.services.taas.taas_plugin [None req-427a5a16-8ea8-4a22-bca0-7189c7507c66 9d990d2883c049e29f6b11b1ea37a0fc 0f169763be0943a597d08536cebd80eb - - default default] TaaS: Handle Delete Port: d5d980a6-798a-44e9-a91d-47c1d06e32e6
2026-04-27 22:09:30.103 8 INFO neutron_taas.services.taas.tap_mirror_plugin [None req-427a5a16-8ea8-4a22-bca0-7189c7507c66 9d990d2883c049e29f6b11b1ea37a0fc 0f169763be0943a597d08536cebd80eb - - default default] Tap Mirror: Handle Delete Port: d5d980a6-798a-44e9-a91d-47c1d06e32e6 [pid: 7|app: 0|req: 654/1386] 10.0.0.22 () {32 vars in 739 bytes} [Mon Apr 27 22:09:29 2026] DELETE /v2.0/security-groups/0809b928-069c-4bad-82c4-6e1a792d10d1 => generated 0 bytes in 301 msecs (HTTP/1.1 204) 2 headers in 112 bytes (1 switches on core 0) [pid: 8|app: 0|req: 733/1387] 10.0.0.22 () {32 vars in 719 bytes} [Mon Apr 27 22:09:29 2026] DELETE /v2.0/ports/d5d980a6-798a-44e9-a91d-47c1d06e32e6 => generated 0 bytes in 345 msecs (HTTP/1.1 204) 3 headers in 131 bytes (1 switches on core 0)
2026-04-27 22:09:30.322 7 INFO neutron.pecan_wsgi.hooks.translation [None req-39215df8-4f31-4d8e-a512-bbd067c95616 9d990d2883c049e29f6b11b1ea37a0fc 0f169763be0943a597d08536cebd80eb - - default default] GET failed (client error): The resource could not be found. [pid: 7|app: 0|req: 655/1388] 10.0.0.22 () {32 vars in 716 bytes} [Mon Apr 27 22:09:30 2026] GET /v2.0/ports/d5d980a6-798a-44e9-a91d-47c1d06e32e6 => generated 132 bytes in 19 msecs (HTTP/1.1 404) 4 headers in 164 bytes (1 switches on core 0) [pid: 8|app: 0|req: 734/1389] 10.0.0.22 () {32 vars in 723 bytes} [Mon Apr 27 22:09:30 2026] DELETE /v2.0/subnets/03a4b56f-e359-44e4-8c0a-66a8ed4310b2 => generated 0 bytes in 198 msecs (HTTP/1.1 204) 3 headers in 131 bytes (1 switches on core 0)
2026-04-27 22:09:30.658 7 INFO neutron_taas.services.taas.taas_plugin [None req-3fd8a486-2071-4947-95a6-a77f2ede2108 9d990d2883c049e29f6b11b1ea37a0fc 0f169763be0943a597d08536cebd80eb - - default default] TaaS: Handle Delete Port: 03f32b18-8c79-4a02-932d-ff66da96e658
2026-04-27 22:09:30.661 7 INFO neutron_taas.services.taas.tap_mirror_plugin [None req-3fd8a486-2071-4947-95a6-a77f2ede2108 9d990d2883c049e29f6b11b1ea37a0fc 0f169763be0943a597d08536cebd80eb - - default default] Tap Mirror: Handle Delete Port: 03f32b18-8c79-4a02-932d-ff66da96e658 [pid: 8|app: 0|req: 735/1390] 10.0.0.114 () {34 vars in 990 bytes} [Mon Apr 27 22:09:30 2026] GET /v2.0/ports?device_id=fc10d4fc-1722-4846-a7f0-29cdbd058bae => generated 975 bytes in 103 msecs (HTTP/1.1 200) 4 headers in 157 bytes (1 switches on core 0) [pid: 8|app: 0|req: 736/1391] 10.0.0.114 () {34 vars in 1040 bytes} [Mon Apr 27 22:09:30 2026] GET /v2.0/security-groups?id=470539f5-4cd7-4f8b-9809-61c1c6b6c61a&fields=id&fields=name => generated 113 bytes in 30 msecs (HTTP/1.1 200) 4 headers in 157 bytes (1 switches on core 0)
2026-04-27 22:09:30.914 7 INFO neutron.services.segments.plugin [-] Segment b43619bd-c8d6-4dd2-a8c8-1ac9b5c534e9 resource provider aggregate not found
2026-04-27 22:09:30.944 7 INFO neutron.services.segments.plugin [-] Segment b43619bd-c8d6-4dd2-a8c8-1ac9b5c534e9 resource provider not found; error: Placement Client Error (4xx): {"errors": [{"status": 404, "title": "Not Found", "detail": "The resource could not be found.\n\n No resource provider with uuid b43619bd-c8d6-4dd2-a8c8-1ac9b5c534e9 found for delete ", "request_id": "req-a1633f02-9243-4d79-95f8-17cdcbcfcad1"}]}
2026-04-27 22:09:30.945 7 INFO neutron.services.segments.plugin [-] Segment b43619bd-c8d6-4dd2-a8c8-1ac9b5c534e9 resource provider aggregate not found
2026-04-27 22:09:30.971 7 INFO neutron.services.segments.plugin [-] Segment b43619bd-c8d6-4dd2-a8c8-1ac9b5c534e9 resource provider not found; error: Placement Client Error (4xx): {"errors": [{"status": 404, "title": "Not Found", "detail": "The resource could not be found.\n\n No resource provider with uuid b43619bd-c8d6-4dd2-a8c8-1ac9b5c534e9 found for delete ", "request_id": "req-d4872ac9-7b5c-44db-94a5-5f43999a305f"}]} [pid: 7|app: 0|req: 656/1394] 10.0.0.22 () {32 vars in 725 bytes} [Mon Apr 27 22:09:30 2026] DELETE /v2.0/networks/4a8ae878-845a-46e9-a6a8-185fabdda669 => generated 0 bytes in 471 msecs (HTTP/1.1 204) 3 headers in 131 bytes (1 switches on core 0)
2026-04-27 22:09:31.210 8 WARNING neutron.scheduler.dhcp_agent_scheduler [None req-06865052-bf30-45ba-9615-d2bbac5a205f 9d990d2883c049e29f6b11b1ea37a0fc 0f169763be0943a597d08536cebd80eb - - default default] No more DHCP agents
2026-04-27 22:09:31.212 8 WARNING neutron.api.rpc.agentnotifiers.dhcp_rpc_agent_api [None req-06865052-bf30-45ba-9615-d2bbac5a205f 9d990d2883c049e29f6b11b1ea37a0fc 0f169763be0943a597d08536cebd80eb - - default default] Unable to schedule network 68f2fccc-8640-4b63-9669-672e71eeff24: no agents available; will retry on subsequent port and subnet creation events.
2026-04-27 22:09:31.288 7 INFO neutron.plugins.ml2.drivers.ovn.mech_driver.mech_driver [None req-5db3e305-fb6d-48c8-8226-f35e8fabe7eb - - - - - -] OVN reports status down for port: 91d1e761-a2a6-44ac-8f45-e81a1adbd698
2026-04-27 22:09:31.345 8 INFO neutron.db.ovn_revision_numbers_db [None req-06865052-bf30-45ba-9615-d2bbac5a205f 9d990d2883c049e29f6b11b1ea37a0fc 0f169763be0943a597d08536cebd80eb - - default default] Successfully bumped revision number for resource 91d1e761-a2a6-44ac-8f45-e81a1adbd698 (type: ports) to 1 [pid: 8|app: 0|req: 739/1395] 10.0.0.22 () {34 vars in 664 bytes} [Mon Apr 27 22:09:31 2026] POST /v2.0/ports => generated 779 bytes in 393 msecs (HTTP/1.1 201) 4 headers in 162 bytes (1 switches on core 0)
2026-04-27 22:09:31.608 7 INFO neutron.plugins.ml2.drivers.ovn.mech_driver.mech_driver [None req-5db3e305-fb6d-48c8-8226-f35e8fabe7eb - - - - - -] OVN reports status down for port: 91d1e761-a2a6-44ac-8f45-e81a1adbd698
2026-04-27 22:09:31.624 7 INFO neutron.notifiers.nova [-] Nova event matching ['req-d70f9787-66c1-4afb-b227-1c50b5c6dafe'] response: {'server_uuid': 'fc10d4fc-1722-4846-a7f0-29cdbd058bae', 'name': 'network-vif-plugged', 'status': 'completed', 'tag': '09ee700a-2a43-4a6c-9fc6-e9582db5f336', 'code': 200}
2026-04-27 22:09:31.653 7 INFO neutron.db.ovn_revision_numbers_db [None req-e2c6d612-b4d6-4c53-bc6c-c43d66c13b97 9d990d2883c049e29f6b11b1ea37a0fc 0f169763be0943a597d08536cebd80eb - - default default] Successfully bumped revision number for resource 91d1e761-a2a6-44ac-8f45-e81a1adbd698 (type: ports) to 2 [pid: 7|app: 0|req: 657/1396] 10.0.0.22 () {34 vars in 736 bytes} [Mon Apr 27 22:09:31 2026] PUT /v2.0/ports/91d1e761-a2a6-44ac-8f45-e81a1adbd698 => generated 752 bytes in 314 msecs (HTTP/1.1 200) 4 headers in 157 bytes (1 switches on core 0) /var/lib/openstack/lib/python3.12/site-packages/pycadf/identifier.py:70: UserWarning: Invalid uuid: neutron. To ensure interoperability, identifiers should be a valid uuid. warnings.warn(('Invalid uuid: %s. To ensure interoperability, ' /var/lib/openstack/lib/python3.12/site-packages/pycadf/identifier.py:70: UserWarning: Invalid uuid: neutron. To ensure interoperability, identifiers should be a valid uuid. warnings.warn(('Invalid uuid: %s. To ensure interoperability, ' [pid: 7|app: 0|req: 658/1397] 10.0.0.114 () {34 vars in 990 bytes} [Mon Apr 27 22:09:31 2026] GET /v2.0/ports?device_id=fc10d4fc-1722-4846-a7f0-29cdbd058bae => generated 975 bytes in 34 msecs (HTTP/1.1 200) 4 headers in 157 bytes (1 switches on core 0)
2026-04-27 22:09:31.875 8 INFO neutron_taas.services.taas.taas_plugin [None req-38c329e8-123c-44cc-86e4-4f1d75eb5166 9d990d2883c049e29f6b11b1ea37a0fc 0f169763be0943a597d08536cebd80eb - - default default] TaaS: Handle Delete Port: 91d1e761-a2a6-44ac-8f45-e81a1adbd698
2026-04-27 22:09:31.878 8 INFO neutron_taas.services.taas.tap_mirror_plugin [None req-38c329e8-123c-44cc-86e4-4f1d75eb5166 9d990d2883c049e29f6b11b1ea37a0fc 0f169763be0943a597d08536cebd80eb - - default default] Tap Mirror: Handle Delete Port: 91d1e761-a2a6-44ac-8f45-e81a1adbd698 [pid: 7|app: 0|req: 659/1398] 10.0.0.114 () {34 vars in 1040 bytes} [Mon Apr 27 22:09:31 2026] GET /v2.0/security-groups?id=470539f5-4cd7-4f8b-9809-61c1c6b6c61a&fields=id&fields=name => generated 113 bytes in 29 msecs (HTTP/1.1 200) 4 headers in 157 bytes (1 switches on core 0) [pid: 8|app: 0|req: 740/1399] 10.0.0.22 () {32 vars in 719 bytes} [Mon Apr 27 22:09:31 2026] DELETE /v2.0/ports/91d1e761-a2a6-44ac-8f45-e81a1adbd698 => generated 0 bytes in 304 msecs (HTTP/1.1 204) 3 headers in 131 bytes (1 switches on core 0) [pid: 7|app: 0|req: 660/1400] 10.0.0.114 () {34 vars in 990 bytes} [Mon Apr 27 22:09:31 2026] GET /v2.0/ports?device_id=fc10d4fc-1722-4846-a7f0-29cdbd058bae => generated 975 bytes in 87 msecs (HTTP/1.1 200) 4 headers in 157 bytes (1 switches on core 0) [pid: 8|app: 0|req: 741/1401] 10.0.0.22 () {32 vars in 642 bytes} [Mon Apr 27 22:09:32 2026] GET /v2.0/ports => generated 1537 bytes in 41 msecs (HTTP/1.1 200) 4 headers in 158 bytes (1 switches on core 0)
2026-04-27 22:09:32.098 8 INFO neutron.pecan_wsgi.hooks.translation [None req-2aafeabc-4f78-4041-8de6-0b8cbdfc82e3 9d990d2883c049e29f6b11b1ea37a0fc 0f169763be0943a597d08536cebd80eb - - default default] GET failed (client error): The resource could not be found. [pid: 8|app: 0|req: 742/1402] 10.0.0.22 () {32 vars in 716 bytes} [Mon Apr 27 22:09:32 2026] GET /v2.0/ports/91d1e761-a2a6-44ac-8f45-e81a1adbd698 => generated 132 bytes in 19 msecs (HTTP/1.1 404) 4 headers in 164 bytes (1 switches on core 0) [pid: 8|app: 0|req: 743/1403] 10.0.0.22 () {32 vars in 642 bytes} [Mon Apr 27 22:09:32 2026] GET /v2.0/ports => generated 1537 bytes in 26 msecs (HTTP/1.1 200) 4 headers in 158 bytes (1 switches on core 0) [pid: 8|app: 0|req: 744/1404] 10.0.0.22 () {32 vars in 716 bytes} [Mon Apr 27 22:09:32 2026] GET /v2.0/ports/f6284a3f-9138-45a5-ac45-8173b742160a => generated 778 bytes in 34 msecs (HTTP/1.1 200) 4 headers in 157 bytes (1 switches on core 0)
2026-04-27 22:09:32.188 8 INFO neutron.pecan_wsgi.hooks.translation [None req-b9908781-0a27-4b4f-9d52-6d85077b908f 9d990d2883c049e29f6b11b1ea37a0fc 0f169763be0943a597d08536cebd80eb - - default default] DELETE failed (client error): The resource could not be found. [pid: 8|app: 0|req: 745/1405] 10.0.0.22 () {32 vars in 719 bytes} [Mon Apr 27 22:09:32 2026] DELETE /v2.0/ports/d5d980a6-798a-44e9-a91d-47c1d06e32e6 => generated 132 bytes in 15 msecs (HTTP/1.1 404) 4 headers in 164 bytes (1 switches on core 0)
2026-04-27 22:09:32.206 8 INFO neutron.pecan_wsgi.hooks.translation [None req-226e5af6-dd6d-482e-aa0d-f6c578324c9f 9d990d2883c049e29f6b11b1ea37a0fc 0f169763be0943a597d08536cebd80eb - - default default] DELETE failed (client error): The resource could not be found. [pid: 8|app: 0|req: 746/1406] 10.0.0.22 () {32 vars in 723 bytes} [Mon Apr 27 22:09:32 2026] DELETE /v2.0/subnets/03a4b56f-e359-44e4-8c0a-66a8ed4310b2 => generated 136 bytes in 13 msecs (HTTP/1.1 404) 4 headers in 164 bytes (1 switches on core 0)
2026-04-27 22:09:32.223 8 INFO neutron.pecan_wsgi.hooks.translation [None req-a814cb37-e1ab-4301-901d-a4091cced935 9d990d2883c049e29f6b11b1ea37a0fc 0f169763be0943a597d08536cebd80eb - - default default] DELETE failed (client error): The resource could not be found. [pid: 8|app: 0|req: 747/1407] 10.0.0.22 () {32 vars in 723 bytes} [Mon Apr 27 22:09:32 2026] DELETE /v2.0/subnets/3f6d4b92-72af-4b12-8369-2d00748ac5ba => generated 136 bytes in 11 msecs (HTTP/1.1 404) 4 headers in 164 bytes (1 switches on core 0)
2026-04-27 22:09:32.335 8 INFO neutron_taas.services.taas.taas_plugin [None req-336d81a5-6604-4573-a91b-b5733e9b65c3 9d990d2883c049e29f6b11b1ea37a0fc 0f169763be0943a597d08536cebd80eb - - default default] TaaS: Handle Delete Port: f6284a3f-9138-45a5-ac45-8173b742160a
2026-04-27 22:09:32.338 8 INFO neutron_taas.services.taas.tap_mirror_plugin [None req-336d81a5-6604-4573-a91b-b5733e9b65c3 9d990d2883c049e29f6b11b1ea37a0fc 0f169763be0943a597d08536cebd80eb - - default default] Tap Mirror: Handle Delete Port: f6284a3f-9138-45a5-ac45-8173b742160a [pid: 8|app: 0|req: 748/1408] 10.0.0.22 () {32 vars in 719 bytes} [Mon Apr 27 22:09:32 2026] DELETE /v2.0/ports/f6284a3f-9138-45a5-ac45-8173b742160a => generated 0 bytes in 240 msecs (HTTP/1.1 204) 3 headers in 131 bytes (1 switches on core 0)
2026-04-27 22:09:32.605 7 INFO neutron.db.ovn_revision_numbers_db [None req-7630400b-3b28-44b2-9054-bd4360869721 92af2ff99b6c486c9f3e199be711185b 1e31e00588e24e8a845231ec84ff55a5 - - default default] Successfully bumped revision number for resource 9d470a33-e311-4304-ae8b-944f4124f677 (type: floatingips) to 1
2026-04-27 22:09:32.652 8 INFO neutron_taas.services.taas.taas_plugin [None req-f63b1118-8022-4c7d-b411-2d83694c6b5e 9d990d2883c049e29f6b11b1ea37a0fc 0f169763be0943a597d08536cebd80eb - - default default] TaaS: Handle Delete Port: afb659df-86be-4607-b65d-2861824ad3b6
2026-04-27 22:09:32.655 8 INFO neutron_taas.services.taas.tap_mirror_plugin [None req-f63b1118-8022-4c7d-b411-2d83694c6b5e 9d990d2883c049e29f6b11b1ea37a0fc 0f169763be0943a597d08536cebd80eb - - default default] Tap Mirror: Handle Delete Port: afb659df-86be-4607-b65d-2861824ad3b6
2026-04-27 22:09:32.739 7 INFO neutron.db.ovn_revision_numbers_db [None req-7630400b-3b28-44b2-9054-bd4360869721 92af2ff99b6c486c9f3e199be711185b 1e31e00588e24e8a845231ec84ff55a5 - - default default] Successfully bumped revision number for resource 9d470a33-e311-4304-ae8b-944f4124f677 (type: floatingips) to 2
2026-04-27 22:09:32.740 7 INFO neutron.db.l3_db [None req-7630400b-3b28-44b2-9054-bd4360869721 92af2ff99b6c486c9f3e199be711185b 1e31e00588e24e8a845231ec84ff55a5 - - default default] Floating IP 9d470a33-e311-4304-ae8b-944f4124f677 associated. External IP: 10.96.250.208, port: 09ee700a-2a43-4a6c-9fc6-e9582db5f336. [pid: 7|app: 0|req: 661/1409] 10.0.0.22 () {34 vars in 748 bytes} [Mon Apr 27 22:09:32 2026] PUT /v2.0/floatingips/9d470a33-e311-4304-ae8b-944f4124f677 => generated 856 bytes in 761 msecs (HTTP/1.1 200) 4 headers in 157 bytes (1 switches on core 0) /var/lib/openstack/lib/python3.12/site-packages/pycadf/identifier.py:70: UserWarning: Invalid uuid: neutron. To ensure interoperability, identifiers should be a valid uuid. warnings.warn(('Invalid uuid: %s. To ensure interoperability, '
2026-04-27 22:09:32.889 8 INFO neutron.services.segments.plugin [-] Segment 11d77200-9a3f-4432-9807-6d81bdc52f4a resource provider aggregate not found
2026-04-27 22:09:32.893 8 INFO neutron.services.segments.plugin [-] Segment 11d77200-9a3f-4432-9807-6d81bdc52f4a resource provider aggregate not found [pid: 7|app: 0|req: 662/1410] 10.0.0.114 () {34 vars in 990 bytes} [Mon Apr 27 22:09:32 2026] GET /v2.0/ports?device_id=fc10d4fc-1722-4846-a7f0-29cdbd058bae => generated 975 bytes in 48 msecs (HTTP/1.1 200) 4 headers in 157 bytes (1 switches on core 0)
2026-04-27 22:09:32.917 8 INFO neutron.services.segments.plugin [-] Segment 11d77200-9a3f-4432-9807-6d81bdc52f4a resource provider not found; error: Placement Client Error (4xx): {"errors": [{"status": 404, "title": "Not Found", "detail": "The resource could not be found.\n\n No resource provider with uuid 11d77200-9a3f-4432-9807-6d81bdc52f4a found for delete ", "request_id": "req-082b2a86-71ea-4b16-b2e0-916dc8493a76"}]}
2026-04-27 22:09:32.925 8 INFO neutron.services.segments.plugin [-] Segment 11d77200-9a3f-4432-9807-6d81bdc52f4a resource provider not found; error: Placement Client Error (4xx): {"errors": [{"status": 404, "title": "Not Found", "detail": "The resource could not be found.\n\n No resource provider with uuid 11d77200-9a3f-4432-9807-6d81bdc52f4a found for delete ", "request_id": "req-c636322d-7dea-4f06-b883-c0d2f73270df"}]} [pid: 7|app: 0|req: 663/1411] 10.0.0.114 () {34 vars in 1040 bytes} [Mon Apr 27 22:09:32 2026] GET /v2.0/security-groups?id=470539f5-4cd7-4f8b-9809-61c1c6b6c61a&fields=id&fields=name => generated 113 bytes in 51 msecs (HTTP/1.1 200) 4 headers in 157 bytes (1 switches on core 0) [pid: 8|app: 0|req: 749/1412] 10.0.0.22 () {32 vars in 725 bytes} [Mon Apr 27 22:09:32 2026] DELETE /v2.0/networks/68f2fccc-8640-4b63-9669-672e71eeff24 => generated 0 bytes in 483 msecs (HTTP/1.1 204) 3 headers in 131 bytes (1 switches on core 0) [pid: 7|app: 0|req: 664/1413] 10.0.0.114 () {34 vars in 990 bytes} [Mon Apr 27 22:09:33 2026] GET /v2.0/ports?device_id=fc10d4fc-1722-4846-a7f0-29cdbd058bae => generated 975 bytes in 34 msecs (HTTP/1.1 200) 4 headers in 157 bytes (1 switches on core 0) [pid: 8|app: 0|req: 750/1414] 10.0.0.114 () {34 vars in 1040 bytes} [Mon Apr 27 22:09:33 2026] GET /v2.0/security-groups?id=470539f5-4cd7-4f8b-9809-61c1c6b6c61a&fields=id&fields=name => generated 113 bytes in 31 msecs (HTTP/1.1 200) 4 headers in 157 bytes (1 switches on core 0)
2026-04-27 22:09:33.658 7 INFO neutron.notifiers.nova [-] Nova event matching ['req-4c29baa3-bab0-4580-8b21-02230bd618b0'] response: {'name': 'network-changed', 'server_uuid': 'fc10d4fc-1722-4846-a7f0-29cdbd058bae', 'tag': '09ee700a-2a43-4a6c-9fc6-e9582db5f336', 'status': 'completed', 'code': 200} [pid: 7|app: 0|req: 665/1415] 10.0.0.22 () {32 vars in 773 bytes} [Mon Apr 27 22:09:33 2026] GET /v2.0/security-groups?tenant_id=0f169763be0943a597d08536cebd80eb&name=default => generated 2925 bytes in 288 msecs (HTTP/1.1 200) 4 headers in 158 bytes (1 switches on core 0) [pid: 8|app: 0|req: 751/1416] 10.0.0.22 () {32 vars in 739 bytes} [Mon Apr 27 22:09:33 2026] DELETE /v2.0/security-groups/53eda514-07d2-4284-86d8-26764c61005a => generated 0 bytes in 339 msecs (HTTP/1.1 204) 2 headers in 112 bytes (1 switches on core 0) [pid: 8|app: 0|req: 752/1417] 199.19.213.107 () {34 vars in 1080 bytes} [Mon Apr 27 22:09:34 2026] GET /v2.0/ports?tenant_id=1e31e00588e24e8a845231ec84ff55a5&device_id=fc10d4fc-1722-4846-a7f0-29cdbd058bae => generated 1213 bytes in 33 msecs (HTTP/1.1 200) 4 headers in 158 bytes (1 switches on core 0) [pid: 8|app: 0|req: 753/1418] 199.19.213.107 () {34 vars in 986 bytes} [Mon Apr 27 22:09:34 2026] GET /v2.0/networks?id=6c6a2054-26b7-4957-8876-ee608508e426 => generated 775 bytes in 38 msecs (HTTP/1.1 200) 4 headers in 157 bytes (1 switches on core 0) [pid: 8|app: 0|req: 754/1419] 199.19.213.107 () {34 vars in 1060 bytes} [Mon Apr 27 22:09:34 2026] GET /v2.0/floatingips?fixed_ip_address=10.100.0.12&port_id=09ee700a-2a43-4a6c-9fc6-e9582db5f336 => generated 861 bytes in 39 msecs (HTTP/1.1 200) 4 headers in 157 bytes (1 switches on core 0) [pid: 8|app: 0|req: 755/1420] 199.19.213.107 () {34 vars in 984 bytes} [Mon Apr 27 22:09:34 2026] GET /v2.0/subnets?id=1f56b93f-708f-45c8-878e-92c178c8ae6e => generated 694 bytes in 69 msecs (HTTP/1.1 200) 4 headers in 157 bytes (1 switches on core 0)
2026-04-27 22:09:34.406 7 INFO neutron.plugins.ml2.drivers.ovn.mech_driver.mech_driver [None req-5db3e305-fb6d-48c8-8226-f35e8fabe7eb - - - - - -] OVN reports status down for port: 09ee700a-2a43-4a6c-9fc6-e9582db5f336 [pid: 8|app: 0|req: 756/1421] 10.0.0.114 () {34 vars in 990 bytes} [Mon Apr 27 22:09:34 2026] GET /v2.0/ports?device_id=fc10d4fc-1722-4846-a7f0-29cdbd058bae => generated 975 bytes in 48 msecs (HTTP/1.1 200) 4 headers in 157 bytes (1 switches on core 0)
2026-04-27 22:09:34.451 7 INFO neutron.db.ovn_revision_numbers_db [None req-ddf21903-e6f9-47b2-9530-e43b6bf2b9f5 d5de05f27f9849109f0c568c5a5aa2d0 6f4bbdf759db4de5912938ba17fb4bff - - default default] Successfully bumped revision number for resource f13a7e07-d79e-4e60-865d-c3cab9fce04e (type: security_groups) to 1 [pid: 8|app: 0|req: 757/1422] 199.19.213.107 () {34 vars in 1052 bytes} [Mon Apr 27 22:09:34 2026] GET /v2.0/ports?network_id=6c6a2054-26b7-4957-8876-ee608508e426&device_owner=network%3Adhcp => generated 12 bytes in 33 msecs (HTTP/1.1 200) 4 headers in 156 bytes (1 switches on core 0)
2026-04-27 22:09:34.464 7 INFO neutron.db.ovn_revision_numbers_db [None req-ddf21903-e6f9-47b2-9530-e43b6bf2b9f5 d5de05f27f9849109f0c568c5a5aa2d0 6f4bbdf759db4de5912938ba17fb4bff - - default default] Successfully bumped revision number for resource 105a5d31-e034-4fc5-9c67-e5366d262fcd (type: security_group_rules) to 0
2026-04-27 22:09:34.482 7 INFO neutron.db.ovn_revision_numbers_db [None req-ddf21903-e6f9-47b2-9530-e43b6bf2b9f5 d5de05f27f9849109f0c568c5a5aa2d0 6f4bbdf759db4de5912938ba17fb4bff - - default default] Successfully bumped revision number for resource 61bdb1b2-55cb-426b-bc92-5f3f452a4cff (type: security_group_rules) to 0
2026-04-27 22:09:34.495 7 INFO neutron.db.ovn_revision_numbers_db [None req-ddf21903-e6f9-47b2-9530-e43b6bf2b9f5 d5de05f27f9849109f0c568c5a5aa2d0 6f4bbdf759db4de5912938ba17fb4bff - - default default] Successfully bumped revision number for resource c276d04f-62ed-4ebc-a322-7de38159ebd3 (type: security_group_rules) to 0 [pid: 8|app: 0|req: 758/1423] 10.0.0.114 () {34 vars in 1040 bytes} [Mon Apr 27 22:09:34 2026] GET /v2.0/security-groups?id=470539f5-4cd7-4f8b-9809-61c1c6b6c61a&fields=id&fields=name => generated 113 bytes in 42 msecs (HTTP/1.1 200) 4 headers in 157 bytes (1 switches on core 0)
2026-04-27 22:09:34.528 7 INFO neutron.db.ovn_revision_numbers_db [None req-ddf21903-e6f9-47b2-9530-e43b6bf2b9f5 d5de05f27f9849109f0c568c5a5aa2d0 6f4bbdf759db4de5912938ba17fb4bff - - default default] Successfully bumped revision number for resource f3da83b0-ef54-436f-83dd-47690e281139 (type: security_group_rules) to 0 [pid: 8|app: 0|req: 759/1424] 199.19.213.107 () {34 vars in 1012 bytes} [Mon Apr 27 22:09:34 2026] GET /v2.0/networks/6c6a2054-26b7-4957-8876-ee608508e426?fields=segments => generated 14 bytes in 50 msecs (HTTP/1.1 200) 4 headers in 156 bytes (1 switches on core 0) [pid: 8|app: 0|req: 760/1425] 199.19.213.107 () {34 vars in 1112 bytes} [Mon Apr 27 22:09:34 2026] GET /v2.0/networks/6c6a2054-26b7-4957-8876-ee608508e426?fields=provider%3Aphysical_network&fields=provider%3Anetwork_type => generated 79 bytes in 41 msecs (HTTP/1.1 200) 4 headers in 156 bytes (1 switches on core 0) [pid: 7|app: 0|req: 666/1426] 10.0.0.22 () {32 vars in 773 bytes} [Mon Apr 27 22:09:33 2026] GET /v2.0/security-groups?tenant_id=2c27b5d330e64e7bbd82598974fc13b0&name=default => generated 2925 bytes in 709 msecs (HTTP/1.1 200) 4 headers in 158 bytes (1 switches on core 0)
2026-04-27 22:09:34.866 7 INFO neutron.db.ovn_revision_numbers_db [None req-5db3e305-fb6d-48c8-8226-f35e8fabe7eb - - - - - -] Successfully bumped revision number for resource 09ee700a-2a43-4a6c-9fc6-e9582db5f336 (type: ports) to 6 [pid: 8|app: 0|req: 761/1427] 10.0.0.22 () {32 vars in 739 bytes} [Mon Apr 27 22:09:34 2026] DELETE /v2.0/security-groups/f13a7e07-d79e-4e60-865d-c3cab9fce04e => generated 0 bytes in 351 msecs (HTTP/1.1 204) 2 headers in 112 bytes (1 switches on core 0)
2026-04-27 22:09:35.100 7 INFO neutron.db.ovn_revision_numbers_db [None req-65b5bf65-21b1-44f9-87ed-fe3a8c93eb76 7116316bc23c4d8f9cce6e6597ac3856 5227c8c574964497a34ce03fd883b943 - - default default] Successfully bumped revision number for resource 4b7a3d42-5e82-4038-9e3c-8a099037eebf (type: security_groups) to 1
2026-04-27 22:09:35.111 7 INFO neutron.db.ovn_revision_numbers_db [None req-65b5bf65-21b1-44f9-87ed-fe3a8c93eb76 7116316bc23c4d8f9cce6e6597ac3856 5227c8c574964497a34ce03fd883b943 - - default default] Successfully bumped revision number for resource 34a317d5-adc1-4da8-9055-baf8cd21d366 (type: security_group_rules) to 0
2026-04-27 22:09:35.121 7 INFO neutron.db.ovn_revision_numbers_db [None req-65b5bf65-21b1-44f9-87ed-fe3a8c93eb76 7116316bc23c4d8f9cce6e6597ac3856 5227c8c574964497a34ce03fd883b943 - - default default] Successfully bumped revision number for resource 6feceb6c-7855-4c6d-8c04-001d58e8dd71 (type: security_group_rules) to 0
2026-04-27 22:09:35.131 7 INFO neutron.db.ovn_revision_numbers_db [None req-65b5bf65-21b1-44f9-87ed-fe3a8c93eb76 7116316bc23c4d8f9cce6e6597ac3856 5227c8c574964497a34ce03fd883b943 - - default default] Successfully bumped revision number for resource d57cc09c-9a4d-4421-b7f3-aac4151bfbcc (type: security_group_rules) to 0
2026-04-27 22:09:35.142 7 INFO neutron.db.ovn_revision_numbers_db [None req-65b5bf65-21b1-44f9-87ed-fe3a8c93eb76 7116316bc23c4d8f9cce6e6597ac3856 5227c8c574964497a34ce03fd883b943 - - default default] Successfully bumped revision number for resource de3639d5-9fb3-4193-bfba-00e2e5f9e38e (type: security_group_rules) to 0
2026-04-27 22:09:35.218 8 INFO neutron.db.ovn_revision_numbers_db [None req-9bcf7ab9-816e-4904-95ff-aca79810a929 d5de05f27f9849109f0c568c5a5aa2d0 6f4bbdf759db4de5912938ba17fb4bff - - default default] Successfully bumped revision number for resource ef39ca93-3850-42c2-b047-b6cd621496e6 (type: security_groups) to 1
2026-04-27 22:09:35.224 7 INFO neutron.db.segments_db [None req-65b5bf65-21b1-44f9-87ed-fe3a8c93eb76 7116316bc23c4d8f9cce6e6597ac3856 5227c8c574964497a34ce03fd883b943 - - default default] Added segment b4f0da3b-74f9-42cf-b0d6-391b5b83db4e of type geneve for network 13242be8-b763-4ab4-b865-dd113664cedc
2026-04-27 22:09:35.229 8 INFO neutron.db.ovn_revision_numbers_db [None req-9bcf7ab9-816e-4904-95ff-aca79810a929 d5de05f27f9849109f0c568c5a5aa2d0 6f4bbdf759db4de5912938ba17fb4bff - - default default] Successfully bumped revision number for resource 672305da-ca1d-47e5-bdae-0a1351a038fa (type: security_group_rules) to 0
2026-04-27 22:09:35.238 8 INFO neutron.db.ovn_revision_numbers_db [None req-9bcf7ab9-816e-4904-95ff-aca79810a929 d5de05f27f9849109f0c568c5a5aa2d0 6f4bbdf759db4de5912938ba17fb4bff - - default default] Successfully bumped revision number for resource 71cf9ae4-8d14-419b-9ac7-0f417fdff502 (type: security_group_rules) to 0
2026-04-27 22:09:35.249 8 INFO neutron.db.ovn_revision_numbers_db [None req-9bcf7ab9-816e-4904-95ff-aca79810a929 d5de05f27f9849109f0c568c5a5aa2d0 6f4bbdf759db4de5912938ba17fb4bff - - default default] Successfully bumped revision number for resource 79590445-0ef8-4f73-818f-c3eab5e2c492 (type: security_group_rules) to 0
2026-04-27 22:09:35.259 8 INFO neutron.db.ovn_revision_numbers_db [None req-9bcf7ab9-816e-4904-95ff-aca79810a929 d5de05f27f9849109f0c568c5a5aa2d0 6f4bbdf759db4de5912938ba17fb4bff - - default default] Successfully bumped revision number for resource ade32af4-5f72-4c7e-9305-6bc8b642a75a (type: security_group_rules) to 0 [pid: 8|app: 0|req: 762/1428] 10.0.0.22 () {32 vars in 773 bytes} [Mon Apr 27 22:09:35 2026] GET /v2.0/security-groups?tenant_id=e51484e83e444fe484486a203de04fb9&name=default => generated 2925 bytes in 246 msecs (HTTP/1.1 200) 4 headers in 158 bytes (1 switches on core 0)
2026-04-27 22:09:35.337 7 INFO neutron.db.ovn_revision_numbers_db [None req-65b5bf65-21b1-44f9-87ed-fe3a8c93eb76 7116316bc23c4d8f9cce6e6597ac3856 5227c8c574964497a34ce03fd883b943 - - default default] Successfully bumped revision number for resource 13242be8-b763-4ab4-b865-dd113664cedc (type: networks) to 1
2026-04-27 22:09:35.539 7 WARNING neutron.scheduler.dhcp_agent_scheduler [None req-65b5bf65-21b1-44f9-87ed-fe3a8c93eb76 7116316bc23c4d8f9cce6e6597ac3856 5227c8c574964497a34ce03fd883b943 - - default default] No more DHCP agents
2026-04-27 22:09:35.541 7 WARNING neutron.api.rpc.agentnotifiers.dhcp_rpc_agent_api [None req-65b5bf65-21b1-44f9-87ed-fe3a8c93eb76 7116316bc23c4d8f9cce6e6597ac3856 5227c8c574964497a34ce03fd883b943 - - default default] Unable to schedule network 13242be8-b763-4ab4-b865-dd113664cedc: no agents available; will retry on subsequent port and subnet creation events. [pid: 8|app: 0|req: 763/1429] 10.0.0.22 () {32 vars in 739 bytes} [Mon Apr 27 22:09:35 2026] DELETE /v2.0/security-groups/ef39ca93-3850-42c2-b047-b6cd621496e6 => generated 0 bytes in 246 msecs (HTTP/1.1 204) 2 headers in 112 bytes (1 switches on core 0) [pid: 8|app: 0|req: 764/1430] 199.19.213.107 () {34 vars in 994 bytes} [Mon Apr 27 22:09:35 2026] GET /v2.0/ports?device_id=fc10d4fc-1722-4846-a7f0-29cdbd058bae => generated 973 bytes in 58 msecs (HTTP/1.1 200) 4 headers in 157 bytes (1 switches on core 0)
2026-04-27 22:09:35.614 7 INFO neutron.plugins.ml2.drivers.ovn.mech_driver.mech_driver [None req-25dbc9a5-aeaa-43f2-a8d8-d36b2f148c1b - - - - - -] OVN reports status down for port: 4c5f0326-53da-4ad5-a353-9b260b35adce [pid: 8|app: 0|req: 765/1431] 10.0.0.114 () {34 vars in 990 bytes} [Mon Apr 27 22:09:35 2026] GET /v2.0/ports?device_id=fc10d4fc-1722-4846-a7f0-29cdbd058bae => generated 973 bytes in 62 msecs (HTTP/1.1 200) 4 headers in 157 bytes (1 switches on core 0)
2026-04-27 22:09:35.687 7 INFO neutron.db.ovn_revision_numbers_db [None req-65b5bf65-21b1-44f9-87ed-fe3a8c93eb76 7116316bc23c4d8f9cce6e6597ac3856 5227c8c574964497a34ce03fd883b943 - - default default] Successfully bumped revision number for resource 4c5f0326-53da-4ad5-a353-9b260b35adce (type: ports) to 1
2026-04-27 22:09:35.694 7 INFO neutron.notifiers.nova [-] Nova event matching ['req-c8b07985-c2d3-4b93-a816-b74d9aebf5c4'] response: {'server_uuid': 'fc10d4fc-1722-4846-a7f0-29cdbd058bae', 'name': 'network-vif-unplugged', 'status': 'completed', 'tag': '09ee700a-2a43-4a6c-9fc6-e9582db5f336', 'code': 200}
2026-04-27 22:09:35.694 7 INFO neutron.notifiers.nova [-] Nova event matching ['req-c8b07985-c2d3-4b93-a816-b74d9aebf5c4'] response: {'server_uuid': 'fc10d4fc-1722-4846-a7f0-29cdbd058bae', 'name': 'network-vif-unplugged', 'status': 'completed', 'tag': '09ee700a-2a43-4a6c-9fc6-e9582db5f336', 'code': 200} [pid: 7|app: 0|req: 667/1432] 10.0.0.22 () {34 vars in 669 bytes} [Mon Apr 27 22:09:34 2026] POST /v2.0/networks => generated 631 bytes in 992 msecs (HTTP/1.1 201) 4 headers in 162 bytes (1 switches on core 0) /var/lib/openstack/lib/python3.12/site-packages/pycadf/identifier.py:70: UserWarning: Invalid uuid: neutron. To ensure interoperability, identifiers should be a valid uuid. warnings.warn(('Invalid uuid: %s. To ensure interoperability, ' [pid: 7|app: 0|req: 668/1433] 10.0.0.114 () {34 vars in 1040 bytes} [Mon Apr 27 22:09:35 2026] GET /v2.0/security-groups?id=470539f5-4cd7-4f8b-9809-61c1c6b6c61a&fields=id&fields=name => generated 113 bytes in 27 msecs (HTTP/1.1 200) 4 headers in 157 bytes (1 switches on core 0)
2026-04-27 22:09:35.853 8 INFO neutron_taas.services.taas.taas_plugin [req-29fc7519-75f6-4ee2-99e0-bd1d0190adea req-349b78e3-5793-42e5-ac6c-8061e5fc05fb 92af2ff99b6c486c9f3e199be711185b 1e31e00588e24e8a845231ec84ff55a5 - - default default] TaaS: Handle Delete Port: 09ee700a-2a43-4a6c-9fc6-e9582db5f336
2026-04-27 22:09:35.857 8 INFO neutron_taas.services.taas.tap_mirror_plugin [req-29fc7519-75f6-4ee2-99e0-bd1d0190adea req-349b78e3-5793-42e5-ac6c-8061e5fc05fb 92af2ff99b6c486c9f3e199be711185b 1e31e00588e24e8a845231ec84ff55a5 - - default default] Tap Mirror: Handle Delete Port: 09ee700a-2a43-4a6c-9fc6-e9582db5f336
2026-04-27 22:09:36.000 7 WARNING neutron.scheduler.dhcp_agent_scheduler [None req-7500815b-33c0-456f-9739-64a4d470d6ce 7116316bc23c4d8f9cce6e6597ac3856 5227c8c574964497a34ce03fd883b943 - - default default] No more DHCP agents
2026-04-27 22:09:36.003 7 WARNING neutron.api.rpc.agentnotifiers.dhcp_rpc_agent_api [None req-7500815b-33c0-456f-9739-64a4d470d6ce 7116316bc23c4d8f9cce6e6597ac3856 5227c8c574964497a34ce03fd883b943 - - default default] Unable to schedule network 13242be8-b763-4ab4-b865-dd113664cedc: no agents available; will retry on subsequent port and subnet creation events.
2026-04-27 22:09:36.016 8 INFO neutron.db.l3_db [req-29fc7519-75f6-4ee2-99e0-bd1d0190adea req-349b78e3-5793-42e5-ac6c-8061e5fc05fb 92af2ff99b6c486c9f3e199be711185b 1e31e00588e24e8a845231ec84ff55a5 - - default default] Floating IP 9d470a33-e311-4304-ae8b-944f4124f677 disassociated. External IP: 10.96.250.208, port: 09ee700a-2a43-4a6c-9fc6-e9582db5f336.
2026-04-27 22:09:36.096 7 INFO neutron.plugins.ml2.drivers.ovn.mech_driver.mech_driver [None req-25dbc9a5-aeaa-43f2-a8d8-d36b2f148c1b - - - - - -] OVN reports status down for port: 9a9e55d4-b6bc-4517-b9c5-a0862e6c7c95
2026-04-27 22:09:36.182 7 INFO neutron.db.ovn_revision_numbers_db [None req-7500815b-33c0-456f-9739-64a4d470d6ce 7116316bc23c4d8f9cce6e6597ac3856 5227c8c574964497a34ce03fd883b943 - - default default] Successfully bumped revision number for resource 9a9e55d4-b6bc-4517-b9c5-a0862e6c7c95 (type: ports) to 1 [pid: 8|app: 0|req: 766/1434] 199.19.213.107 () {36 vars in 997 bytes} [Mon Apr 27 22:09:35 2026] DELETE /v2.0/ports/09ee700a-2a43-4a6c-9fc6-e9582db5f336 => generated 0 bytes in 587 msecs (HTTP/1.1 204) 3 headers in 131 bytes (1 switches on core 0)
2026-04-27 22:09:36.296 8 INFO neutron.notifiers.nova [-] Nova event matching ['req-7c3d69b8-796d-4237-956c-f049080a9bde'] response: {'server_uuid': 'fc10d4fc-1722-4846-a7f0-29cdbd058bae', 'name': 'network-vif-deleted', 'tag': '09ee700a-2a43-4a6c-9fc6-e9582db5f336', 'status': 'completed', 'code': 200} [pid: 7|app: 0|req: 669/1435] 10.0.0.22 () {34 vars in 663 bytes} [Mon Apr 27 22:09:35 2026] POST /v2.0/ports => generated 743 bytes in 561 msecs (HTTP/1.1 201) 4 headers in 162 bytes (1 switches on core 0) /var/lib/openstack/lib/python3.12/site-packages/pycadf/identifier.py:70: UserWarning: Invalid uuid: neutron. To ensure interoperability, identifiers should be a valid uuid. warnings.warn(('Invalid uuid: %s. To ensure interoperability, '
2026-04-27 22:09:36.418 7 INFO neutron.db.segments_db [None req-888800df-8bd2-4f04-a173-bab6596bfe3e 7116316bc23c4d8f9cce6e6597ac3856 5227c8c574964497a34ce03fd883b943 - - default default] Added segment cdabb397-4d3e-46f6-aed6-7694dc63a0fa of type geneve for network e30d8090-7f6d-4bd7-b07e-54bde87184cf
2026-04-27 22:09:36.578 8 INFO neutron.db.ovn_revision_numbers_db [None req-7be1b16f-47b6-4df1-8622-f1f7bea891e5 e146c0340a664e29add964921cd4fa53 baf7bf23401c40f0a370f98faa6a82bc - - default default] Successfully bumped revision number for resource d5fa9ae7-3d23-4dd9-9c5d-83979583590a (type: security_groups) to 1
2026-04-27 22:09:36.587 7 INFO neutron.db.ovn_revision_numbers_db [None req-888800df-8bd2-4f04-a173-bab6596bfe3e 7116316bc23c4d8f9cce6e6597ac3856 5227c8c574964497a34ce03fd883b943 - - default default] Successfully bumped revision number for resource e30d8090-7f6d-4bd7-b07e-54bde87184cf (type: networks) to 1
2026-04-27 22:09:36.596 8 INFO neutron.db.ovn_revision_numbers_db [None req-7be1b16f-47b6-4df1-8622-f1f7bea891e5 e146c0340a664e29add964921cd4fa53 baf7bf23401c40f0a370f98faa6a82bc - - default default] Successfully bumped revision number for resource 361e5086-c7f8-40ba-8c27-9ee2054f6f1e (type: security_group_rules) to 0
2026-04-27 22:09:36.610 8 INFO neutron.db.ovn_revision_numbers_db [None req-7be1b16f-47b6-4df1-8622-f1f7bea891e5 e146c0340a664e29add964921cd4fa53 baf7bf23401c40f0a370f98faa6a82bc - - default default] Successfully bumped revision number for resource 8ca64506-42ad-437d-bf65-574d77267265 (type: security_group_rules) to 0
