2026-04-17 01:40:14.516 8 WARNING neutron.api.rpc.agentnotifiers.dhcp_rpc_agent_api [None req-587c8815-3ce5-4ee4-a382-963e801ac457 e3ae945d03db4fbb8b75ad164c2b7ed7 396c9ae3d6bd4b6aa196078c2fb5db59 - - default default] Unable to schedule network f047e552-a560-46bd-ad8e-5eb63cd02ee6: no agents available; will retry on subsequent port and subnet creation events. [pid: 7|app: 0|req: 838/1637] 10.0.0.69 () {34 vars in 788 bytes} [Fri Apr 17 01:40:13 2026] PUT /v2.0/routers/f937f1f2-f56a-4fe8-ab1d-84300078bf1d/remove_router_interface => generated 309 bytes in 1413 msecs (HTTP/1.1 200) 4 headers in 157 bytes (1 switches on core 0) /var/lib/openstack/lib/python3.12/site-packages/pycadf/identifier.py:70: UserWarning: Invalid uuid: neutron. To ensure interoperability, identifiers should be a valid uuid. warnings.warn(('Invalid uuid: %s. To ensure interoperability, ' [pid: 7|app: 0|req: 839/1638] 10.0.0.69 () {32 vars in 716 bytes} [Fri Apr 17 01:40:14 2026] GET /v2.0/ports/34a3c694-aaa0-439d-9529-f2687a0eab6e => generated 943 bytes in 150 msecs (HTTP/1.1 200) 4 headers in 157 bytes (1 switches on core 0)
2026-04-17 01:40:15.029 8 INFO neutron.db.ovn_revision_numbers_db [None req-3d45a809-019f-4aaa-907c-d60f3e20dedc - - - - - -] Successfully bumped revision number for resource e1882790-d77d-4505-a4d8-40d0b768a6bd (type: ports) to 2
2026-04-17 01:40:15.065 8 INFO neutron.db.ovn_revision_numbers_db [None req-3d45a809-019f-4aaa-907c-d60f3e20dedc - - - - - -] Successfully bumped revision number for resource a78f4ae4-9929-4f0b-8a85-b98870f85851 (type: subnets) to 0 [pid: 8|app: 0|req: 800/1639] 10.0.0.69 () {34 vars in 668 bytes} [Fri Apr 17 01:40:14 2026] POST /v2.0/subnets => generated 656 bytes in 808 msecs (HTTP/1.1 201) 4 headers in 162 bytes (1 switches on core 0)
2026-04-17 01:40:15.437 8 INFO neutron.db.ovn_revision_numbers_db [None req-aa38af3d-e381-4f66-a287-8e968bbcdd5f 3b51d24e0e48449aa80509687958f70a f209c7df38104d65aa71af2ad8a76d54 - - default default] Successfully bumped revision number for resource c388183b-a8ff-4991-bd01-95249c7550c2 (type: security_groups) to 1
2026-04-17 01:40:15.455 8 INFO neutron.db.ovn_revision_numbers_db [None req-aa38af3d-e381-4f66-a287-8e968bbcdd5f 3b51d24e0e48449aa80509687958f70a f209c7df38104d65aa71af2ad8a76d54 - - default default] Successfully bumped revision number for resource 52ee1aa7-9c07-48ba-b129-6343cdffb70a (type: security_group_rules) to 0
2026-04-17 01:40:15.469 8 INFO neutron.db.ovn_revision_numbers_db [None req-aa38af3d-e381-4f66-a287-8e968bbcdd5f 3b51d24e0e48449aa80509687958f70a f209c7df38104d65aa71af2ad8a76d54 - - default default] Successfully bumped revision number for resource 693d54b3-6cd4-4c6e-ad45-9b15156c5710 (type: security_group_rules) to 0
2026-04-17 01:40:15.477 7 INFO neutron_taas.services.taas.taas_plugin [None req-5134701c-6cbe-4595-8ce2-466d66b9dd2c 71dd1185e5a8478c8ea8046b776297a6 29cf284b63a344f0a5247f0aec4c65b5 - - default default] TaaS: Handle Delete Port: 34a3c694-aaa0-439d-9529-f2687a0eab6e
2026-04-17 01:40:15.482 8 INFO neutron.db.ovn_revision_numbers_db [None req-aa38af3d-e381-4f66-a287-8e968bbcdd5f 3b51d24e0e48449aa80509687958f70a f209c7df38104d65aa71af2ad8a76d54 - - default default] Successfully bumped revision number for resource 8c334db8-d010-4965-ae33-17d232b5527a (type: security_group_rules) to 0
2026-04-17 01:40:15.489 7 INFO neutron_taas.services.taas.tap_mirror_plugin [None req-5134701c-6cbe-4595-8ce2-466d66b9dd2c 71dd1185e5a8478c8ea8046b776297a6 29cf284b63a344f0a5247f0aec4c65b5 - - default default] Tap Mirror: Handle Delete Port: 34a3c694-aaa0-439d-9529-f2687a0eab6e
2026-04-17 01:40:15.500 8 INFO neutron.db.ovn_revision_numbers_db [None req-aa38af3d-e381-4f66-a287-8e968bbcdd5f 3b51d24e0e48449aa80509687958f70a f209c7df38104d65aa71af2ad8a76d54 - - default default] Successfully bumped revision number for resource a886f873-1a42-418e-9f03-bea7e9d54798 (type: security_group_rules) to 0
2026-04-17 01:40:15.530 7 INFO neutron.db.ovn_revision_numbers_db [None req-32cae39f-3bf1-4ec9-b6a6-b69c4b03f24a - - - - - -] Successfully bumped revision number for resource 9941a415-1e49-480a-83da-dfd6050ae11d (type: ports) to 4
2026-04-17 01:40:15.600 8 INFO neutron.db.segments_db [None req-aa38af3d-e381-4f66-a287-8e968bbcdd5f 3b51d24e0e48449aa80509687958f70a f209c7df38104d65aa71af2ad8a76d54 - - default default] Added segment 396a5494-442a-41bc-90d3-22ee3402347b of type geneve for network d15b3199-0d13-4d41-acbf-9420c487b3c7
2026-04-17 01:40:15.803 8 INFO neutron.db.ovn_revision_numbers_db [None req-aa38af3d-e381-4f66-a287-8e968bbcdd5f 3b51d24e0e48449aa80509687958f70a f209c7df38104d65aa71af2ad8a76d54 - - default default] Successfully bumped revision number for resource d15b3199-0d13-4d41-acbf-9420c487b3c7 (type: networks) to 1
2026-04-17 01:40:15.994 8 WARNING neutron.scheduler.dhcp_agent_scheduler [None req-aa38af3d-e381-4f66-a287-8e968bbcdd5f 3b51d24e0e48449aa80509687958f70a f209c7df38104d65aa71af2ad8a76d54 - - default default] No more DHCP agents
2026-04-17 01:40:15.995 8 WARNING neutron.api.rpc.agentnotifiers.dhcp_rpc_agent_api [None req-aa38af3d-e381-4f66-a287-8e968bbcdd5f 3b51d24e0e48449aa80509687958f70a f209c7df38104d65aa71af2ad8a76d54 - - default default] Unable to schedule network d15b3199-0d13-4d41-acbf-9420c487b3c7: no agents available; will retry on subsequent port and subnet creation events.
2026-04-17 01:40:16.113 8 INFO neutron.db.ovn_revision_numbers_db [None req-aa38af3d-e381-4f66-a287-8e968bbcdd5f 3b51d24e0e48449aa80509687958f70a f209c7df38104d65aa71af2ad8a76d54 - - default default] Successfully bumped revision number for resource 948223cd-d4dd-457d-8ab9-dbf514a5f5e8 (type: ports) to 1 [pid: 8|app: 0|req: 801/1640] 10.0.0.69 () {34 vars in 669 bytes} [Fri Apr 17 01:40:15 2026] POST /v2.0/networks => generated 645 bytes in 1052 msecs (HTTP/1.1 201) 4 headers in 162 bytes (1 switches on core 0) [pid: 7|app: 0|req: 840/1641] 10.0.0.69 () {34 vars in 788 bytes} [Fri Apr 17 01:40:14 2026] PUT /v2.0/routers/f937f1f2-f56a-4fe8-ab1d-84300078bf1d/remove_router_interface => generated 309 bytes in 1354 msecs (HTTP/1.1 200) 4 headers in 157 bytes (1 switches on core 0)
2026-04-17 01:40:16.265 7 INFO neutron.db.ovn_revision_numbers_db [None req-32cae39f-3bf1-4ec9-b6a6-b69c4b03f24a - - - - - -] Successfully bumped revision number for resource 9941a415-1e49-480a-83da-dfd6050ae11d (type: ports) to 5 /var/lib/openstack/lib/python3.12/site-packages/pycadf/identifier.py:70: UserWarning: Invalid uuid: neutron. To ensure interoperability, identifiers should be a valid uuid. warnings.warn(('Invalid uuid: %s. To ensure interoperability, '
2026-04-17 01:40:16.498 7 INFO neutron.db.ovn_revision_numbers_db [None req-330cc3f7-7ea5-431c-b8f5-51b933b0bcf6 960bdbabff1d476f9f518953c91ec1ce 17f78795abf341bdb1a5897593b62a6b - - default default] Successfully bumped revision number for resource c259f0ff-312d-4440-918d-9091fc1646a2 (type: security_groups) to 1
2026-04-17 01:40:16.510 7 INFO neutron.db.ovn_revision_numbers_db [None req-330cc3f7-7ea5-431c-b8f5-51b933b0bcf6 960bdbabff1d476f9f518953c91ec1ce 17f78795abf341bdb1a5897593b62a6b - - default default] Successfully bumped revision number for resource 19f761e9-3d7c-4494-b702-e0228c2a5132 (type: security_group_rules) to 0
2026-04-17 01:40:16.522 7 INFO neutron.db.ovn_revision_numbers_db [None req-330cc3f7-7ea5-431c-b8f5-51b933b0bcf6 960bdbabff1d476f9f518953c91ec1ce 17f78795abf341bdb1a5897593b62a6b - - default default] Successfully bumped revision number for resource 61b63b67-cc2e-41c5-8d39-0e7138334cef (type: security_group_rules) to 0
2026-04-17 01:40:16.533 7 INFO neutron.db.ovn_revision_numbers_db [None req-330cc3f7-7ea5-431c-b8f5-51b933b0bcf6 960bdbabff1d476f9f518953c91ec1ce 17f78795abf341bdb1a5897593b62a6b - - default default] Successfully bumped revision number for resource c85b67ce-bf76-4fe5-9359-28c4e9cd7f51 (type: security_group_rules) to 0
2026-04-17 01:40:16.544 7 INFO neutron.db.ovn_revision_numbers_db [None req-330cc3f7-7ea5-431c-b8f5-51b933b0bcf6 960bdbabff1d476f9f518953c91ec1ce 17f78795abf341bdb1a5897593b62a6b - - default default] Successfully bumped revision number for resource cb1a00b5-1fe8-4524-bd54-57d32755c07f (type: security_group_rules) to 0 [pid: 7|app: 0|req: 841/1642] 10.0.0.69 () {32 vars in 773 bytes} [Fri Apr 17 01:40:16 2026] GET /v2.0/security-groups?tenant_id=b509d32c43e246e39e5022c0aee431cc&name=default => generated 2925 bytes in 361 msecs (HTTP/1.1 200) 4 headers in 158 bytes (1 switches on core 0)
2026-04-17 01:40:16.685 8 WARNING neutron.scheduler.dhcp_agent_scheduler [None req-eb6135ce-f743-4e76-9a8a-4b52ffd56e81 e3ae945d03db4fbb8b75ad164c2b7ed7 396c9ae3d6bd4b6aa196078c2fb5db59 - - default default] No more DHCP agents
2026-04-17 01:40:16.686 8 WARNING neutron.api.rpc.agentnotifiers.dhcp_rpc_agent_api [None req-eb6135ce-f743-4e76-9a8a-4b52ffd56e81 e3ae945d03db4fbb8b75ad164c2b7ed7 396c9ae3d6bd4b6aa196078c2fb5db59 - - default default] Unable to schedule network f047e552-a560-46bd-ad8e-5eb63cd02ee6: no agents available; will retry on subsequent port and subnet creation events.
2026-04-17 01:40:16.724 7 WARNING neutron.scheduler.dhcp_agent_scheduler [None req-d6339508-f0f3-45dd-b23b-124ca62c18a1 3b51d24e0e48449aa80509687958f70a f209c7df38104d65aa71af2ad8a76d54 - - default default] No more DHCP agents
2026-04-17 01:40:16.725 7 WARNING neutron.api.rpc.agentnotifiers.dhcp_rpc_agent_api [None req-d6339508-f0f3-45dd-b23b-124ca62c18a1 3b51d24e0e48449aa80509687958f70a f209c7df38104d65aa71af2ad8a76d54 - - default default] Unable to schedule network d15b3199-0d13-4d41-acbf-9420c487b3c7: no agents available; will retry on subsequent port and subnet creation events.
2026-04-17 01:40:16.851 8 INFO neutron.db.ovn_revision_numbers_db [None req-eb6135ce-f743-4e76-9a8a-4b52ffd56e81 e3ae945d03db4fbb8b75ad164c2b7ed7 396c9ae3d6bd4b6aa196078c2fb5db59 - - default default] Successfully bumped revision number for resource dffdbbf0-6e50-459b-8346-7e42468b4c41 (type: ports) to 1
2026-04-17 01:40:17.243 7 INFO neutron.db.ovn_revision_numbers_db [None req-36c0d8cd-42f2-4c78-b046-366da383b0cc - - - - - -] Successfully bumped revision number for resource 948223cd-d4dd-457d-8ab9-dbf514a5f5e8 (type: ports) to 2
2026-04-17 01:40:17.284 7 INFO neutron.db.ovn_revision_numbers_db [None req-36c0d8cd-42f2-4c78-b046-366da383b0cc - - - - - -] Successfully bumped revision number for resource 91f622d6-4fdf-4cc7-9240-11380cf2db19 (type: subnets) to 0 [pid: 7|app: 0|req: 842/1643] 10.0.0.69 () {34 vars in 668 bytes} [Fri Apr 17 01:40:16 2026] POST /v2.0/subnets => generated 626 bytes in 723 msecs (HTTP/1.1 201) 4 headers in 162 bytes (1 switches on core 0) [pid: 7|app: 0|req: 843/1644] 10.0.0.69 () {32 vars in 735 bytes} [Fri Apr 17 01:40:17 2026] GET /v2.0/ports?device_id=f937f1f2-f56a-4fe8-ab1d-84300078bf1d => generated 12 bytes in 18 msecs (HTTP/1.1 200) 4 headers in 156 bytes (1 switches on core 0) [pid: 7|app: 0|req: 844/1645] 10.0.0.69 () {32 vars in 739 bytes} [Fri Apr 17 01:40:17 2026] DELETE /v2.0/security-groups/c259f0ff-312d-4440-918d-9091fc1646a2 => generated 0 bytes in 265 msecs (HTTP/1.1 204) 2 headers in 112 bytes (1 switches on core 0)
2026-04-17 01:40:17.723 8 WARNING neutron.scheduler.dhcp_agent_scheduler [None req-eb6135ce-f743-4e76-9a8a-4b52ffd56e81 e3ae945d03db4fbb8b75ad164c2b7ed7 396c9ae3d6bd4b6aa196078c2fb5db59 - - default default] No more DHCP agents
2026-04-17 01:40:17.724 8 WARNING neutron.api.rpc.agentnotifiers.dhcp_rpc_agent_api [None req-eb6135ce-f743-4e76-9a8a-4b52ffd56e81 e3ae945d03db4fbb8b75ad164c2b7ed7 396c9ae3d6bd4b6aa196078c2fb5db59 - - default default] Unable to schedule network f047e552-a560-46bd-ad8e-5eb63cd02ee6: no agents available; will retry on subsequent port and subnet creation events.
2026-04-17 01:40:17.982 7 WARNING neutron.scheduler.dhcp_agent_scheduler [None req-5e117aa2-21a0-435f-815b-86ba2486c155 3b51d24e0e48449aa80509687958f70a f209c7df38104d65aa71af2ad8a76d54 - - default default] No more DHCP agents
2026-04-17 01:40:17.984 7 WARNING neutron.api.rpc.agentnotifiers.dhcp_rpc_agent_api [None req-5e117aa2-21a0-435f-815b-86ba2486c155 3b51d24e0e48449aa80509687958f70a f209c7df38104d65aa71af2ad8a76d54 - - default default] Unable to schedule network 487210d0-4a10-414d-b74d-282439933f45: no agents available; will retry on subsequent port and subnet creation events.
2026-04-17 01:40:18.135 8 INFO neutron.db.ovn_revision_numbers_db [None req-eb6135ce-f743-4e76-9a8a-4b52ffd56e81 e3ae945d03db4fbb8b75ad164c2b7ed7 396c9ae3d6bd4b6aa196078c2fb5db59 - - default default] Successfully bumped revision number for resource dffdbbf0-6e50-459b-8346-7e42468b4c41 (type: router_ports) to 1 [pid: 8|app: 0|req: 802/1646] 10.0.0.69 () {34 vars in 782 bytes} [Fri Apr 17 01:40:16 2026] PUT /v2.0/routers/8d82c841-76bb-45a5-9336-06a2e76525a8/add_router_interface => generated 309 bytes in 2009 msecs (HTTP/1.1 200) 4 headers in 157 bytes (1 switches on core 0)
2026-04-17 01:40:18.300 7 INFO neutron.db.ovn_revision_numbers_db [None req-5e117aa2-21a0-435f-815b-86ba2486c155 3b51d24e0e48449aa80509687958f70a f209c7df38104d65aa71af2ad8a76d54 - - default default] Successfully bumped revision number for resource 6bf9e4a5-b764-4d2e-a37c-8f239f3276cb (type: ports) to 1 [pid: 8|app: 0|req: 803/1647] 10.0.0.69 () {32 vars in 723 bytes} [Fri Apr 17 01:40:18 2026] DELETE /v2.0/routers/f937f1f2-f56a-4fe8-ab1d-84300078bf1d => generated 0 bytes in 244 msecs (HTTP/1.1 204) 2 headers in 112 bytes (1 switches on core 0) [pid: 8|app: 0|req: 804/1648] 10.0.0.69 () {32 vars in 648 bytes} [Fri Apr 17 01:40:18 2026] GET /v2.0/networks => generated 5409 bytes in 55 msecs (HTTP/1.1 200) 4 headers in 158 bytes (1 switches on core 0) [pid: 8|app: 0|req: 805/1649] 10.0.0.69 () {32 vars in 723 bytes} [Fri Apr 17 01:40:18 2026] DELETE /v2.0/subnets/c735f777-1a22-4972-be37-885d276a4bba => generated 0 bytes in 183 msecs (HTTP/1.1 204) 3 headers in 131 bytes (1 switches on core 0) [pid: 8|app: 0|req: 806/1650] 10.0.0.69 () {32 vars in 646 bytes} [Fri Apr 17 01:40:18 2026] GET /v2.0/subnets => generated 3240 bytes in 31 msecs (HTTP/1.1 200) 4 headers in 158 bytes (1 switches on core 0) [pid: 8|app: 0|req: 807/1651] 10.0.0.69 () {32 vars in 723 bytes} [Fri Apr 17 01:40:18 2026] DELETE /v2.0/subnets/0ec54123-9c3e-4cb7-b795-ebbcf37b5e6a => generated 0 bytes in 146 msecs (HTTP/1.1 204) 3 headers in 131 bytes (1 switches on core 0) [pid: 8|app: 0|req: 808/1652] 10.0.0.69 () {32 vars in 646 bytes} [Fri Apr 17 01:40:18 2026] GET /v2.0/routers => generated 1914 bytes in 60 msecs (HTTP/1.1 200) 4 headers in 158 bytes (1 switches on core 0)
2026-04-17 01:40:18.876 7 INFO neutron.plugins.ml2.drivers.ovn.mech_driver.ovsdb.commands [None req-1f8f0e08-b5d6-471e-8f53-6c0a9e8c169a - - - - - -] Schedule LRP lrp-6bf9e4a5-b764-4d2e-a37c-8f239f3276cb on gateway 5096fb1c-e812-451a-80e9-064a8d277c1c with priority 1
2026-04-17 01:40:18.978 7 INFO neutron.db.ovn_revision_numbers_db [None req-5e117aa2-21a0-435f-815b-86ba2486c155 3b51d24e0e48449aa80509687958f70a f209c7df38104d65aa71af2ad8a76d54 - - default default] Successfully bumped revision number for resource 6bf9e4a5-b764-4d2e-a37c-8f239f3276cb (type: router_ports) to 1
2026-04-17 01:40:19.067 8 INFO neutron_taas.services.taas.taas_plugin [None req-8ecba904-b117-4ef0-b41b-638c8ea69e84 71dd1185e5a8478c8ea8046b776297a6 29cf284b63a344f0a5247f0aec4c65b5 - - default default] TaaS: Handle Delete Port: 60236183-8846-4dd7-a6d5-a86dc6be049c
2026-04-17 01:40:19.071 8 INFO neutron_taas.services.taas.tap_mirror_plugin [None req-8ecba904-b117-4ef0-b41b-638c8ea69e84 71dd1185e5a8478c8ea8046b776297a6 29cf284b63a344f0a5247f0aec4c65b5 - - default default] Tap Mirror: Handle Delete Port: 60236183-8846-4dd7-a6d5-a86dc6be049c
2026-04-17 01:40:19.079 7 INFO neutron.db.ovn_revision_numbers_db [None req-5e117aa2-21a0-435f-815b-86ba2486c155 3b51d24e0e48449aa80509687958f70a f209c7df38104d65aa71af2ad8a76d54 - - default default] Successfully bumped revision number for resource 44dde4c3-6de2-45cc-ae75-41501ff42a74 (type: routers) to 2 [pid: 7|app: 0|req: 845/1653] 10.0.0.69 () {34 vars in 668 bytes} [Fri Apr 17 01:40:17 2026] POST /v2.0/routers => generated 936 bytes in 1509 msecs (HTTP/1.1 201) 4 headers in 162 bytes (1 switches on core 0)
2026-04-17 01:40:19.209 7 WARNING neutron.plugins.ml2.drivers.ovn.mech_driver.ovsdb.ovn_client [None req-64e114bb-fac6-4bd5-89ab-43508dc3d5bf - - - - - -] No port found with ID 123d7ab8-703d-4178-adb6-8575683d4e05: RuntimeError: No port found with ID 123d7ab8-703d-4178-adb6-8575683d4e05
2026-04-17 01:40:19.230 7 INFO neutron.plugins.ml2.drivers.ovn.mech_driver.mech_driver [None req-64e114bb-fac6-4bd5-89ab-43508dc3d5bf - - - - - -] OVN reports status down for port: e1882790-d77d-4505-a4d8-40d0b768a6bd
2026-04-17 01:40:19.268 8 INFO neutron.services.segments.plugin [-] Segment 92222821-714c-493b-997b-3c9a796d04e1 resource provider aggregate not found
2026-04-17 01:40:19.281 8 INFO neutron.services.segments.plugin [-] Segment 92222821-714c-493b-997b-3c9a796d04e1 resource provider aggregate not found
2026-04-17 01:40:19.288 8 INFO neutron.services.segments.plugin [-] Segment 92222821-714c-493b-997b-3c9a796d04e1 resource provider not found; error: Placement Client Error (4xx): {"errors": [{"status": 404, "title": "Not Found", "detail": "The resource could not be found.\n\n No resource provider with uuid 92222821-714c-493b-997b-3c9a796d04e1 found for delete ", "request_id": "req-dcbb00b9-e945-420f-8705-f7733d35c2f4"}]}
2026-04-17 01:40:19.311 8 INFO neutron.services.segments.plugin [-] Segment 92222821-714c-493b-997b-3c9a796d04e1 resource provider not found; error: Placement Client Error (4xx): {"errors": [{"status": 404, "title": "Not Found", "detail": "The resource could not be found.\n\n No resource provider with uuid 92222821-714c-493b-997b-3c9a796d04e1 found for delete ", "request_id": "req-782c5cbf-7981-4f6f-9df3-2c445b0942d6"}]}
2026-04-17 01:40:19.373 7 INFO neutron.plugins.ml2.drivers.ovn.mech_driver.mech_driver [None req-64e114bb-fac6-4bd5-89ab-43508dc3d5bf - - - - - -] OVN reports status down for port: 9941a415-1e49-480a-83da-dfd6050ae11d
2026-04-17 01:40:19.396 7 INFO neutron.db.ovn_revision_numbers_db [None req-966ab4a4-6f42-45a7-a97c-89a2df946b29 e3ae945d03db4fbb8b75ad164c2b7ed7 396c9ae3d6bd4b6aa196078c2fb5db59 - - default default] Successfully bumped revision number for resource 63ceaba1-df6e-4a24-860e-4a2b8edca14f (type: security_groups) to 1 [pid: 8|app: 0|req: 809/1654] 10.0.0.69 () {32 vars in 725 bytes} [Fri Apr 17 01:40:18 2026] DELETE /v2.0/networks/116f0cd3-f59c-4ddb-b84c-502dcf462e9c => generated 0 bytes in 539 msecs (HTTP/1.1 204) 3 headers in 131 bytes (1 switches on core 0)
2026-04-17 01:40:19.422 7 INFO neutron.db.ovn_revision_numbers_db [None req-966ab4a4-6f42-45a7-a97c-89a2df946b29 e3ae945d03db4fbb8b75ad164c2b7ed7 396c9ae3d6bd4b6aa196078c2fb5db59 - - default default] Successfully bumped revision number for resource 3d875b83-9887-45a8-91ee-008907cbc270 (type: security_group_rules) to 0
2026-04-17 01:40:19.436 7 INFO neutron.db.ovn_revision_numbers_db [None req-966ab4a4-6f42-45a7-a97c-89a2df946b29 e3ae945d03db4fbb8b75ad164c2b7ed7 396c9ae3d6bd4b6aa196078c2fb5db59 - - default default] Successfully bumped revision number for resource 925bc0a2-630a-4c66-bc6d-1b12098f52ea (type: security_group_rules) to 0 [pid: 7|app: 0|req: 846/1655] 10.0.0.69 () {34 vars in 684 bytes} [Fri Apr 17 01:40:19 2026] POST /v2.0/security-groups => generated 1675 bytes in 386 msecs (HTTP/1.1 201) 4 headers in 163 bytes (1 switches on core 0)
2026-04-17 01:40:19.698 7 INFO neutron_taas.services.taas.taas_plugin [None req-3c5edf33-9643-4deb-8ab2-210e39e42146 71dd1185e5a8478c8ea8046b776297a6 29cf284b63a344f0a5247f0aec4c65b5 - - default default] TaaS: Handle Delete Port: 29fd1067-704a-4656-8ccc-9fa623b6a279
2026-04-17 01:40:19.704 7 INFO neutron_taas.services.taas.tap_mirror_plugin [None req-3c5edf33-9643-4deb-8ab2-210e39e42146 71dd1185e5a8478c8ea8046b776297a6 29cf284b63a344f0a5247f0aec4c65b5 - - default default] Tap Mirror: Handle Delete Port: 29fd1067-704a-4656-8ccc-9fa623b6a279
2026-04-17 01:40:19.969 8 WARNING neutron.scheduler.dhcp_agent_scheduler [None req-6f2872ab-d672-4b8a-a079-9a7a076ed257 3b51d24e0e48449aa80509687958f70a f209c7df38104d65aa71af2ad8a76d54 - - default default] No more DHCP agents
2026-04-17 01:40:19.969 7 INFO neutron.db.ovn_revision_numbers_db [None req-64e114bb-fac6-4bd5-89ab-43508dc3d5bf - - - - - -] Successfully bumped revision number for resource 9941a415-1e49-480a-83da-dfd6050ae11d (type: ports) to 6
2026-04-17 01:40:19.970 8 WARNING neutron.api.rpc.agentnotifiers.dhcp_rpc_agent_api [None req-6f2872ab-d672-4b8a-a079-9a7a076ed257 3b51d24e0e48449aa80509687958f70a f209c7df38104d65aa71af2ad8a76d54 - - default default] Unable to schedule network d15b3199-0d13-4d41-acbf-9420c487b3c7: no agents available; will retry on subsequent port and subnet creation events.
2026-04-17 01:40:20.043 7 INFO neutron.services.segments.plugin [-] Segment ebd45a95-a064-4feb-b7bd-f390b743dfcd resource provider aggregate not found
2026-04-17 01:40:20.050 7 INFO neutron.services.segments.plugin [-] Segment ebd45a95-a064-4feb-b7bd-f390b743dfcd resource provider aggregate not found
2026-04-17 01:40:20.068 7 INFO neutron.services.segments.plugin [-] Segment ebd45a95-a064-4feb-b7bd-f390b743dfcd resource provider not found; error: Placement Client Error (4xx): {"errors": [{"status": 404, "title": "Not Found", "detail": "The resource could not be found.\n\n No resource provider with uuid ebd45a95-a064-4feb-b7bd-f390b743dfcd found for delete ", "request_id": "req-3d74d355-99d7-4469-9190-e206c3b4da4a"}]}
2026-04-17 01:40:20.072 7 INFO neutron.services.segments.plugin [-] Segment ebd45a95-a064-4feb-b7bd-f390b743dfcd resource provider not found; error: Placement Client Error (4xx): {"errors": [{"status": 404, "title": "Not Found", "detail": "The resource could not be found.\n\n No resource provider with uuid ebd45a95-a064-4feb-b7bd-f390b743dfcd found for delete ", "request_id": "req-8bf31087-1fc3-453e-9e0a-de54d81b9c53"}]}
2026-04-17 01:40:20.146 7 WARNING neutron.plugins.ml2.drivers.ovn.mech_driver.ovsdb.ovn_client [None req-c1684658-9cec-4cca-aaa4-60a8853c1a24 - - - - - -] Logical_Switch_Port %s host information not removed, the port state is up
2026-04-17 01:40:20.161 8 INFO neutron.db.ovn_revision_numbers_db [None req-6f2872ab-d672-4b8a-a079-9a7a076ed257 3b51d24e0e48449aa80509687958f70a f209c7df38104d65aa71af2ad8a76d54 - - default default] Successfully bumped revision number for resource 6afabf2e-1686-4876-ab34-ee7a479bc2e2 (type: ports) to 1
2026-04-17 01:40:20.164 7 INFO neutron.plugins.ml2.drivers.ovn.mech_driver.mech_driver [None req-c1684658-9cec-4cca-aaa4-60a8853c1a24 - - - - - -] OVN reports status up for port: 9941a415-1e49-480a-83da-dfd6050ae11d
2026-04-17 01:40:20.203 7 INFO neutron.plugins.ml2.plugin [None req-c1684658-9cec-4cca-aaa4-60a8853c1a24 - - - - - -] Attempt 1 to provision port 9941a415-1e49-480a-83da-dfd6050ae11d [pid: 7|app: 0|req: 847/1656] 10.0.0.69 () {32 vars in 725 bytes} [Fri Apr 17 01:40:19 2026] DELETE /v2.0/networks/0ab21dfd-1672-4f74-9c52-da5212e2bb1b => generated 0 bytes in 726 msecs (HTTP/1.1 204) 3 headers in 131 bytes (1 switches on core 0)
2026-04-17 01:40:20.478 7 INFO neutron.db.ovn_revision_numbers_db [None req-a3bdb99e-12df-45a0-acf9-b9afc9b0a45f e3ae945d03db4fbb8b75ad164c2b7ed7 396c9ae3d6bd4b6aa196078c2fb5db59 - - default default] Successfully bumped revision number for resource 0920e204-301b-4a40-bd6a-b08e92f51dec (type: security_group_rules) to 0
2026-04-17 01:40:20.905 8 WARNING neutron.scheduler.dhcp_agent_scheduler [None req-6f2872ab-d672-4b8a-a079-9a7a076ed257 3b51d24e0e48449aa80509687958f70a f209c7df38104d65aa71af2ad8a76d54 - - default default] No more DHCP agents
2026-04-17 01:40:20.906 8 WARNING neutron.api.rpc.agentnotifiers.dhcp_rpc_agent_api [None req-6f2872ab-d672-4b8a-a079-9a7a076ed257 3b51d24e0e48449aa80509687958f70a f209c7df38104d65aa71af2ad8a76d54 - - default default] Unable to schedule network d15b3199-0d13-4d41-acbf-9420c487b3c7: no agents available; will retry on subsequent port and subnet creation events.
2026-04-17 01:40:21.251 8 INFO neutron.db.ovn_revision_numbers_db [None req-6f2872ab-d672-4b8a-a079-9a7a076ed257 3b51d24e0e48449aa80509687958f70a f209c7df38104d65aa71af2ad8a76d54 - - default default] Successfully bumped revision number for resource 6afabf2e-1686-4876-ab34-ee7a479bc2e2 (type: router_ports) to 1 [pid: 8|app: 0|req: 810/1657] 10.0.0.69 () {34 vars in 782 bytes} [Fri Apr 17 01:40:19 2026] PUT /v2.0/routers/44dde4c3-6de2-45cc-ae75-41501ff42a74/add_router_interface => generated 309 bytes in 1853 msecs (HTTP/1.1 200) 4 headers in 157 bytes (1 switches on core 0) [pid: 7|app: 0|req: 848/1658] 10.0.0.69 () {34 vars in 694 bytes} [Fri Apr 17 01:40:20 2026] POST /v2.0/security-group-rules => generated 597 bytes in 1195 msecs (HTTP/1.1 201) 4 headers in 162 bytes (1 switches on core 0)
2026-04-17 01:40:21.553 7 INFO neutron.db.segments_db [None req-c3ccc379-eb69-4144-b432-18bfceece098 71dd1185e5a8478c8ea8046b776297a6 29cf284b63a344f0a5247f0aec4c65b5 - - default default] Added segment fd7badee-2584-4457-a97f-02085d242c98 of type geneve for network 0e4e05d5-2f05-4f04-a575-8990fa71183e
2026-04-17 01:40:21.561 8 INFO neutron.db.ovn_revision_numbers_db [None req-022a4f08-98c7-4c5d-8cc5-f4a3afd06fc3 960bdbabff1d476f9f518953c91ec1ce 17f78795abf341bdb1a5897593b62a6b - - default default] Successfully bumped revision number for resource b0e79907-b4e8-44bc-8de3-ee3bfe3b379a (type: security_groups) to 1
2026-04-17 01:40:21.573 8 INFO neutron.db.ovn_revision_numbers_db [None req-022a4f08-98c7-4c5d-8cc5-f4a3afd06fc3 960bdbabff1d476f9f518953c91ec1ce 17f78795abf341bdb1a5897593b62a6b - - default default] Successfully bumped revision number for resource 4efb76f0-9290-4222-b22c-abfcc419a272 (type: security_group_rules) to 0
2026-04-17 01:40:21.586 8 INFO neutron.db.ovn_revision_numbers_db [None req-022a4f08-98c7-4c5d-8cc5-f4a3afd06fc3 960bdbabff1d476f9f518953c91ec1ce 17f78795abf341bdb1a5897593b62a6b - - default default] Successfully bumped revision number for resource 735385a3-d739-4741-96fb-58df6c3c25d0 (type: security_group_rules) to 0
2026-04-17 01:40:21.597 8 INFO neutron.db.ovn_revision_numbers_db [None req-022a4f08-98c7-4c5d-8cc5-f4a3afd06fc3 960bdbabff1d476f9f518953c91ec1ce 17f78795abf341bdb1a5897593b62a6b - - default default] Successfully bumped revision number for resource 81db23c2-e639-4791-8a43-92b9285ca06f (type: security_group_rules) to 0
2026-04-17 01:40:21.611 8 INFO neutron.db.ovn_revision_numbers_db [None req-022a4f08-98c7-4c5d-8cc5-f4a3afd06fc3 960bdbabff1d476f9f518953c91ec1ce 17f78795abf341bdb1a5897593b62a6b - - default default] Successfully bumped revision number for resource b595b578-f669-4892-838a-2d2b4b214a87 (type: security_group_rules) to 0 [pid: 8|app: 0|req: 811/1659] 10.0.0.69 () {32 vars in 773 bytes} [Fri Apr 17 01:40:21 2026] GET /v2.0/security-groups?tenant_id=e5062a877d9948228b048a02f92b8793&name=default => generated 2925 bytes in 391 msecs (HTTP/1.1 200) 4 headers in 158 bytes (1 switches on core 0)
2026-04-17 01:40:21.847 7 INFO neutron.db.ovn_revision_numbers_db [None req-c3ccc379-eb69-4144-b432-18bfceece098 71dd1185e5a8478c8ea8046b776297a6 29cf284b63a344f0a5247f0aec4c65b5 - - default default] Successfully bumped revision number for resource 0e4e05d5-2f05-4f04-a575-8990fa71183e (type: networks) to 1
2026-04-17 01:40:21.929 7 INFO neutron.db.ovn_revision_numbers_db [None req-c1684658-9cec-4cca-aaa4-60a8853c1a24 - - - - - -] Successfully bumped revision number for resource 9941a415-1e49-480a-83da-dfd6050ae11d (type: ports) to 7
2026-04-17 01:40:22.151 7 INFO neutron.plugins.ml2.drivers.ovn.mech_driver.mech_driver [None req-159fb26e-5ca6-48ac-b1d1-8cbff4406903 - - - - - -] OVN reports status down for port: 948223cd-d4dd-457d-8ab9-dbf514a5f5e8
2026-04-17 01:40:22.225 7 WARNING neutron.scheduler.dhcp_agent_scheduler [None req-c3ccc379-eb69-4144-b432-18bfceece098 71dd1185e5a8478c8ea8046b776297a6 29cf284b63a344f0a5247f0aec4c65b5 - - default default] No more DHCP agents
2026-04-17 01:40:22.227 7 WARNING neutron.api.rpc.agentnotifiers.dhcp_rpc_agent_api [None req-c3ccc379-eb69-4144-b432-18bfceece098 71dd1185e5a8478c8ea8046b776297a6 29cf284b63a344f0a5247f0aec4c65b5 - - default default] Unable to schedule network 0e4e05d5-2f05-4f04-a575-8990fa71183e: no agents available; will retry on subsequent port and subnet creation events.
2026-04-17 01:40:22.264 7 INFO neutron.plugins.ml2.drivers.ovn.mech_driver.mech_driver [None req-159fb26e-5ca6-48ac-b1d1-8cbff4406903 - - - - - -] OVN reports status down for port: dffdbbf0-6e50-459b-8346-7e42468b4c41
2026-04-17 01:40:22.325 8 WARNING neutron.scheduler.dhcp_agent_scheduler [None req-f433fb0b-36d1-4cbd-ab12-bc5373010c56 - - - - - -] No more DHCP agents
2026-04-17 01:40:22.328 8 WARNING neutron.api.rpc.agentnotifiers.dhcp_rpc_agent_api [None req-f433fb0b-36d1-4cbd-ab12-bc5373010c56 - - - - - -] Unable to schedule network 487210d0-4a10-414d-b74d-282439933f45: no agents available; will retry on subsequent port and subnet creation events.
2026-04-17 01:40:22.372 7 WARNING neutron.plugins.ml2.drivers.ovn.mech_driver.ovsdb.ovn_client [None req-159fb26e-5ca6-48ac-b1d1-8cbff4406903 - - - - - -] Logical_Switch_Port %s host information not removed, the port state is up
2026-04-17 01:40:22.374 7 INFO neutron.plugins.ml2.drivers.ovn.mech_driver.mech_driver [None req-159fb26e-5ca6-48ac-b1d1-8cbff4406903 - - - - - -] OVN reports status up for port: dffdbbf0-6e50-459b-8346-7e42468b4c41
2026-04-17 01:40:22.396 7 INFO neutron.plugins.ml2.plugin [None req-159fb26e-5ca6-48ac-b1d1-8cbff4406903 - - - - - -] Attempt 1 to provision port dffdbbf0-6e50-459b-8346-7e42468b4c41
2026-04-17 01:40:22.412 7 INFO neutron.db.ovn_revision_numbers_db [None req-c3ccc379-eb69-4144-b432-18bfceece098 71dd1185e5a8478c8ea8046b776297a6 29cf284b63a344f0a5247f0aec4c65b5 - - default default] Successfully bumped revision number for resource f03212c1-2583-458f-ba96-70a9a7fb39bc (type: ports) to 1 [pid: 7|app: 0|req: 849/1660] 10.0.0.69 () {34 vars in 669 bytes} [Fri Apr 17 01:40:21 2026] POST /v2.0/networks => generated 649 bytes in 1038 msecs (HTTP/1.1 201) 4 headers in 162 bytes (1 switches on core 0)
2026-04-17 01:40:22.540 8 INFO neutron.db.ovn_revision_numbers_db [None req-f433fb0b-36d1-4cbd-ab12-bc5373010c56 - - - - - -] Successfully bumped revision number for resource 5b813e61-0ce5-42d0-a7fa-5081b8a2184e (type: ports) to 1
2026-04-17 01:40:22.795 7 INFO neutron.db.ovn_revision_numbers_db [None req-4cea757d-867c-47b8-a9e4-2403807b90de e3ae945d03db4fbb8b75ad164c2b7ed7 396c9ae3d6bd4b6aa196078c2fb5db59 - - default default] Successfully bumped revision number for resource caa3a0fb-eb2e-454a-b4cd-240a1f4b4f7b (type: security_group_rules) to 0
2026-04-17 01:40:22.808 8 INFO neutron.db.ovn_revision_numbers_db [None req-f433fb0b-36d1-4cbd-ab12-bc5373010c56 - - - - - -] Successfully bumped revision number for resource 5b813e61-0ce5-42d0-a7fa-5081b8a2184e (type: ports) to 3 [pid: 7|app: 0|req: 850/1661] 10.0.0.69 () {34 vars in 694 bytes} [Fri Apr 17 01:40:22 2026] POST /v2.0/security-group-rules => generated 596 bytes in 404 msecs (HTTP/1.1 201) 4 headers in 162 bytes (1 switches on core 0)
2026-04-17 01:40:22.880 8 INFO neutron.db.segments_db [None req-f433fb0b-36d1-4cbd-ab12-bc5373010c56 - - - - - -] Added segment 2ae4299a-f168-4052-935d-46224c0decb5 of type geneve for network a7acf4b3-211f-4d9e-b0e0-565988395f80
2026-04-17 01:40:22.998 8 INFO neutron.db.ovn_revision_numbers_db [None req-66cbef16-ab4b-4e02-ab69-b38937e1d9bf - - - - - -] Successfully bumped revision number for resource a7acf4b3-211f-4d9e-b0e0-565988395f80 (type: networks) to 1
2026-04-17 01:40:23.157 7 INFO neutron.db.ovn_revision_numbers_db [None req-159fb26e-5ca6-48ac-b1d1-8cbff4406903 - - - - - -] Successfully bumped revision number for resource dffdbbf0-6e50-459b-8346-7e42468b4c41 (type: ports) to 2
2026-04-17 01:40:23.195 8 WARNING neutron.scheduler.dhcp_agent_scheduler [None req-66cbef16-ab4b-4e02-ab69-b38937e1d9bf - - - - - -] No more DHCP agents
2026-04-17 01:40:23.196 8 WARNING neutron.api.rpc.agentnotifiers.dhcp_rpc_agent_api [None req-66cbef16-ab4b-4e02-ab69-b38937e1d9bf - - - - - -] Unable to schedule network a7acf4b3-211f-4d9e-b0e0-565988395f80: no agents available; will retry on subsequent port and subnet creation events.
2026-04-17 01:40:23.317 8 INFO neutron.db.ovn_revision_numbers_db [None req-66cbef16-ab4b-4e02-ab69-b38937e1d9bf - - - - - -] Successfully bumped revision number for resource 7ae7f096-ee5f-4617-983d-19a2c5a9eade (type: ports) to 1 [pid: 7|app: 0|req: 851/1662] 10.0.0.69 () {32 vars in 739 bytes} [Fri Apr 17 01:40:22 2026] DELETE /v2.0/security-groups/b0e79907-b4e8-44bc-8de3-ee3bfe3b379a => generated 0 bytes in 556 msecs (HTTP/1.1 204) 2 headers in 112 bytes (1 switches on core 0)
2026-04-17 01:40:23.466 8 WARNING neutron.scheduler.dhcp_agent_scheduler [None req-66cbef16-ab4b-4e02-ab69-b38937e1d9bf - - - - - -] No more DHCP agents
2026-04-17 01:40:23.468 8 WARNING neutron.api.rpc.agentnotifiers.dhcp_rpc_agent_api [None req-66cbef16-ab4b-4e02-ab69-b38937e1d9bf - - - - - -] Unable to schedule network a7acf4b3-211f-4d9e-b0e0-565988395f80: no agents available; will retry on subsequent port and subnet creation events.
2026-04-17 01:40:23.485 8 INFO neutron.db.ovn_revision_numbers_db [None req-66cbef16-ab4b-4e02-ab69-b38937e1d9bf - - - - - -] Successfully bumped revision number for resource 9d0e4304-83a1-4971-88dc-fa90c4e080c3 (type: subnets) to 0
2026-04-17 01:40:23.579 7 WARNING neutron.scheduler.dhcp_agent_scheduler [None req-52ae1a71-11ed-4812-bb5b-e08f92707e36 71dd1185e5a8478c8ea8046b776297a6 29cf284b63a344f0a5247f0aec4c65b5 - - default default] No more DHCP agents
2026-04-17 01:40:23.580 7 WARNING neutron.api.rpc.agentnotifiers.dhcp_rpc_agent_api [None req-52ae1a71-11ed-4812-bb5b-e08f92707e36 71dd1185e5a8478c8ea8046b776297a6 29cf284b63a344f0a5247f0aec4c65b5 - - default default] Unable to schedule network 0e4e05d5-2f05-4f04-a575-8990fa71183e: no agents available; will retry on subsequent port and subnet creation events.
2026-04-17 01:40:23.807 8 WARNING neutron.scheduler.dhcp_agent_scheduler [None req-66cbef16-ab4b-4e02-ab69-b38937e1d9bf - - - - - -] No more DHCP agents
2026-04-17 01:40:23.808 8 WARNING neutron.api.rpc.agentnotifiers.dhcp_rpc_agent_api [None req-66cbef16-ab4b-4e02-ab69-b38937e1d9bf - - - - - -] Unable to schedule network a7acf4b3-211f-4d9e-b0e0-565988395f80: no agents available; will retry on subsequent port and subnet creation events.
2026-04-17 01:40:23.991 8 INFO neutron.db.ovn_revision_numbers_db [None req-66cbef16-ab4b-4e02-ab69-b38937e1d9bf - - - - - -] Successfully bumped revision number for resource 8103d2ff-8e8d-4ca6-802d-97d38d6fbe99 (type: ports) to 1
2026-04-17 01:40:24.141 7 INFO neutron.db.ovn_revision_numbers_db [None req-c836f739-e2f8-4a34-a927-2ae87b3c7f40 - - - - - -] Successfully bumped revision number for resource f03212c1-2583-458f-ba96-70a9a7fb39bc (type: ports) to 2
2026-04-17 01:40:24.181 7 INFO neutron.db.ovn_revision_numbers_db [None req-c836f739-e2f8-4a34-a927-2ae87b3c7f40 - - - - - -] Successfully bumped revision number for resource c976691d-f1f6-4e3f-a17f-8cba987f96f0 (type: subnets) to 0 [pid: 7|app: 0|req: 852/1663] 10.0.0.69 () {34 vars in 668 bytes} [Fri Apr 17 01:40:23 2026] POST /v2.0/subnets => generated 626 bytes in 790 msecs (HTTP/1.1 201) 4 headers in 162 bytes (1 switches on core 0)
2026-04-17 01:40:24.338 7 INFO neutron.db.ovn_revision_numbers_db [None req-913ea885-69eb-478a-ade7-6a019edefd70 e3ae945d03db4fbb8b75ad164c2b7ed7 396c9ae3d6bd4b6aa196078c2fb5db59 - - default default] Successfully bumped revision number for resource 54de58ab-756c-4b6b-bc04-2d6decd22b10 (type: security_group_rules) to 0 [pid: 7|app: 0|req: 853/1664] 10.0.0.69 () {34 vars in 694 bytes} [Fri Apr 17 01:40:24 2026] POST /v2.0/security-group-rules => generated 602 bytes in 173 msecs (HTTP/1.1 201) 4 headers in 162 bytes (1 switches on core 0)
2026-04-17 01:40:24.476 7 INFO neutron.db.ovn_revision_numbers_db [None req-60ca810c-5ac3-4a9e-82a0-25beae9f3394 71dd1185e5a8478c8ea8046b776297a6 29cf284b63a344f0a5247f0aec4c65b5 - - default default] Successfully bumped revision number for resource 7dbbbb53-65ed-42c3-bb4a-bada6f9c7c20 (type: routers) to 1 [pid: 7|app: 0|req: 854/1665] 10.0.0.69 () {34 vars in 668 bytes} [Fri Apr 17 01:40:24 2026] POST /v2.0/routers => generated 603 bytes in 121 msecs (HTTP/1.1 201) 4 headers in 162 bytes (1 switches on core 0)
2026-04-17 01:40:24.633 7 INFO neutron.db.ovn_revision_numbers_db [None req-238f6200-5479-4eb4-bb81-93b0483f8386 e3ae945d03db4fbb8b75ad164c2b7ed7 396c9ae3d6bd4b6aa196078c2fb5db59 - - default default] Successfully bumped revision number for resource bba77080-2ca7-4f0a-9511-56f9cb5a65cb (type: security_group_rules) to 0 [pid: 7|app: 0|req: 855/1666] 10.0.0.69 () {34 vars in 694 bytes} [Fri Apr 17 01:40:24 2026] POST /v2.0/security-group-rules => generated 601 bytes in 211 msecs (HTTP/1.1 201) 4 headers in 162 bytes (1 switches on core 0)
2026-04-17 01:40:24.744 8 WARNING neutron.scheduler.dhcp_agent_scheduler [None req-66cbef16-ab4b-4e02-ab69-b38937e1d9bf - - - - - -] No more DHCP agents
2026-04-17 01:40:24.745 8 WARNING neutron.api.rpc.agentnotifiers.dhcp_rpc_agent_api [None req-66cbef16-ab4b-4e02-ab69-b38937e1d9bf - - - - - -] Unable to schedule network a7acf4b3-211f-4d9e-b0e0-565988395f80: no agents available; will retry on subsequent port and subnet creation events.
2026-04-17 01:40:24.986 7 WARNING neutron.scheduler.dhcp_agent_scheduler [None req-e39f961f-aa41-4d96-8c36-3ae7bf317ae2 71dd1185e5a8478c8ea8046b776297a6 29cf284b63a344f0a5247f0aec4c65b5 - - default default] No more DHCP agents
2026-04-17 01:40:24.988 7 WARNING neutron.api.rpc.agentnotifiers.dhcp_rpc_agent_api [None req-e39f961f-aa41-4d96-8c36-3ae7bf317ae2 71dd1185e5a8478c8ea8046b776297a6 29cf284b63a344f0a5247f0aec4c65b5 - - default default] Unable to schedule network 0e4e05d5-2f05-4f04-a575-8990fa71183e: no agents available; will retry on subsequent port and subnet creation events.
2026-04-17 01:40:25.216 7 INFO neutron.db.ovn_revision_numbers_db [None req-e39f961f-aa41-4d96-8c36-3ae7bf317ae2 71dd1185e5a8478c8ea8046b776297a6 29cf284b63a344f0a5247f0aec4c65b5 - - default default] Successfully bumped revision number for resource fb462825-fe75-4664-b7a6-803f3c9d98b9 (type: ports) to 1 [pid: 7|app: 0|req: 856/1667] 10.0.0.69 () {34 vars in 664 bytes} [Fri Apr 17 01:40:24 2026] POST /v2.0/ports => generated 947 bytes in 552 msecs (HTTP/1.1 201) 4 headers in 162 bytes (1 switches on core 0) /var/lib/openstack/lib/python3.12/site-packages/pycadf/identifier.py:70: UserWarning: Invalid uuid: neutron. To ensure interoperability, identifiers should be a valid uuid. warnings.warn(('Invalid uuid: %s. To ensure interoperability, '
2026-04-17 01:40:25.274 8 INFO neutron.db.ovn_revision_numbers_db [None req-66cbef16-ab4b-4e02-ab69-b38937e1d9bf - - - - - -] Successfully bumped revision number for resource 8103d2ff-8e8d-4ca6-802d-97d38d6fbe99 (type: router_ports) to 1
2026-04-17 01:40:25.325 7 INFO neutron.db.securitygroups_db [None req-50eb06c0-5312-463d-8e77-cae63e32bcfe e3ae945d03db4fbb8b75ad164c2b7ed7 396c9ae3d6bd4b6aa196078c2fb5db59 - - default default] Project 396c9ae3d6bd4b6aa196078c2fb5db59 added a security group rule with legacy IPv6 ICMP protocol name icmp, ipv6-icmp should be used instead. It was automatically converted.
2026-04-17 01:40:25.479 8 WARNING neutron.scheduler.dhcp_agent_scheduler [None req-66cbef16-ab4b-4e02-ab69-b38937e1d9bf - - - - - -] No more DHCP agents
2026-04-17 01:40:25.480 8 WARNING neutron.api.rpc.agentnotifiers.dhcp_rpc_agent_api [None req-66cbef16-ab4b-4e02-ab69-b38937e1d9bf - - - - - -] Unable to schedule network a7acf4b3-211f-4d9e-b0e0-565988395f80: no agents available; will retry on subsequent port and subnet creation events.
2026-04-17 01:40:25.554 7 INFO neutron.db.ovn_revision_numbers_db [None req-50eb06c0-5312-463d-8e77-cae63e32bcfe e3ae945d03db4fbb8b75ad164c2b7ed7 396c9ae3d6bd4b6aa196078c2fb5db59 - - default default] Successfully bumped revision number for resource 8afd87c4-6d41-4e8b-afd9-e7113b87c994 (type: security_group_rules) to 0 [pid: 7|app: 0|req: 857/1668] 10.0.0.69 () {34 vars in 694 bytes} [Fri Apr 17 01:40:25 2026] POST /v2.0/security-group-rules => generated 607 bytes in 359 msecs (HTTP/1.1 201) 4 headers in 162 bytes (1 switches on core 0)
2026-04-17 01:40:25.673 8 INFO neutron.db.ovn_revision_numbers_db [None req-66cbef16-ab4b-4e02-ab69-b38937e1d9bf - - - - - -] Successfully bumped revision number for resource 872cb42c-f5bf-4448-b197-bfee57372118 (type: ports) to 1
2026-04-17 01:40:25.968 8 INFO neutron.db.ovn_revision_numbers_db [None req-66cbef16-ab4b-4e02-ab69-b38937e1d9bf - - - - - -] Successfully bumped revision number for resource 872cb42c-f5bf-4448-b197-bfee57372118 (type: ports) to 3 [pid: 8|app: 0|req: 812/1669] 10.0.0.69 () {34 vars in 684 bytes} [Fri Apr 17 01:40:21 2026] POST /v2.0/vpn/vpnservices => generated 458 bytes in 4548 msecs (HTTP/1.1 201) 4 headers in 162 bytes (1 switches on core 0)
2026-04-17 01:40:26.253 8 INFO neutron.db.securitygroups_db [None req-0a56a31b-a204-4eee-a106-337c4ebc5a25 e3ae945d03db4fbb8b75ad164c2b7ed7 396c9ae3d6bd4b6aa196078c2fb5db59 - - default default] Project 396c9ae3d6bd4b6aa196078c2fb5db59 added a security group rule with legacy IPv6 ICMP protocol name icmp, ipv6-icmp should be used instead. It was automatically converted.
2026-04-17 01:40:26.367 7 INFO neutron.db.ovn_revision_numbers_db [None req-3fdff70c-73b6-46d0-a915-a014778cb6a4 71dd1185e5a8478c8ea8046b776297a6 29cf284b63a344f0a5247f0aec4c65b5 - - default default] Successfully bumped revision number for resource fb462825-fe75-4664-b7a6-803f3c9d98b9 (type: ports) to 2
2026-04-17 01:40:26.462 8 INFO neutron.db.ovn_revision_numbers_db [None req-0a56a31b-a204-4eee-a106-337c4ebc5a25 e3ae945d03db4fbb8b75ad164c2b7ed7 396c9ae3d6bd4b6aa196078c2fb5db59 - - default default] Successfully bumped revision number for resource 4db2293e-4bb5-4189-bf9a-a8e0a7ba0e56 (type: security_group_rules) to 0 [pid: 8|app: 0|req: 813/1670] 10.0.0.69 () {34 vars in 694 bytes} [Fri Apr 17 01:40:26 2026] POST /v2.0/security-group-rules => generated 606 bytes in 301 msecs (HTTP/1.1 201) 4 headers in 162 bytes (1 switches on core 0) [pid: 8|app: 0|req: 814/1671] 10.0.0.69 () {34 vars in 684 bytes} [Fri Apr 17 01:40:26 2026] POST /v2.0/vpn/vpnservices => generated 422 bytes in 368 msecs (HTTP/1.1 201) 4 headers in 162 bytes (1 switches on core 0)
2026-04-17 01:40:26.968 7 WARNING neutron.scheduler.dhcp_agent_scheduler [None req-3fdff70c-73b6-46d0-a915-a014778cb6a4 71dd1185e5a8478c8ea8046b776297a6 29cf284b63a344f0a5247f0aec4c65b5 - - default default] No more DHCP agents
2026-04-17 01:40:26.969 7 WARNING neutron.api.rpc.agentnotifiers.dhcp_rpc_agent_api [None req-3fdff70c-73b6-46d0-a915-a014778cb6a4 71dd1185e5a8478c8ea8046b776297a6 29cf284b63a344f0a5247f0aec4c65b5 - - default default] Unable to schedule network 0e4e05d5-2f05-4f04-a575-8990fa71183e: no agents available; will retry on subsequent port and subnet creation events. [pid: 8|app: 0|req: 815/1672] 10.0.0.69 () {32 vars in 648 bytes} [Fri Apr 17 01:40:26 2026] GET /v2.0/networks => generated 1373 bytes in 183 msecs (HTTP/1.1 200) 4 headers in 158 bytes (1 switches on core 0) [pid: 8|app: 0|req: 816/1673] 10.0.0.69 () {34 vars in 683 bytes} [Fri Apr 17 01:40:27 2026] POST /v2.0/vpn/ikepolicies => generated 403 bytes in 42 msecs (HTTP/1.1 201) 4 headers in 162 bytes (1 switches on core 0) [pid: 8|app: 0|req: 819/1676] 10.0.0.69 () {34 vars in 687 bytes} [Fri Apr 17 01:40:27 2026] POST /v2.0/vpn/ipsecpolicies => generated 413 bytes in 72 msecs (HTTP/1.1 201) 4 headers in 162 bytes (1 switches on core 0) [pid: 8|app: 0|req: 820/1677] 10.0.0.49 () {34 vars in 1099 bytes} [Fri Apr 17 01:40:27 2026] GET /v2.0/security-groups?name=tempest-secgroup-smoke-1093637770&fields=id&tenant_id=396c9ae3d6bd4b6aa196078c2fb5db59 => generated 69 bytes in 26 msecs (HTTP/1.1 200) 4 headers in 156 bytes (1 switches on core 0)
2026-04-17 01:40:27.241 7 INFO neutron.db.ovn_revision_numbers_db [None req-3fdff70c-73b6-46d0-a915-a014778cb6a4 71dd1185e5a8478c8ea8046b776297a6 29cf284b63a344f0a5247f0aec4c65b5 - - default default] Successfully bumped revision number for resource fb462825-fe75-4664-b7a6-803f3c9d98b9 (type: router_ports) to 2 [pid: 7|app: 0|req: 858/1678] 10.0.0.69 () {34 vars in 782 bytes} [Fri Apr 17 01:40:25 2026] PUT /v2.0/routers/7dbbbb53-65ed-42c3-bb4a-bada6f9c7c20/add_router_interface => generated 309 bytes in 1630 msecs (HTTP/1.1 200) 4 headers in 157 bytes (1 switches on core 0) [pid: 8|app: 0|req: 821/1679] 10.0.0.69 () {34 vars in 692 bytes} [Fri Apr 17 01:40:27 2026] POST /v2.0/vpn/endpoint-groups => generated 328 bytes in 51 msecs (HTTP/1.1 201) 4 headers in 162 bytes (1 switches on core 0) /var/lib/openstack/lib/python3.12/site-packages/pycadf/identifier.py:70: UserWarning: Invalid uuid: neutron. To ensure interoperability, identifiers should be a valid uuid. warnings.warn(('Invalid uuid: %s. To ensure interoperability, ' [pid: 7|app: 0|req: 859/1680] 10.0.0.49 () {34 vars in 981 bytes} [Fri Apr 17 01:40:27 2026] GET /v2.0/networks?id=f047e552-a560-46bd-ad8e-5eb63cd02ee6 => generated 698 bytes in 47 msecs (HTTP/1.1 200) 4 headers in 157 bytes (1 switches on core 0) [pid: 8|app: 0|req: 822/1681] 10.0.0.69 () {32 vars in 716 bytes} [Fri Apr 17 01:40:27 2026] GET /v2.0/ports/fb462825-fe75-4664-b7a6-803f3c9d98b9 => generated 1007 bytes in 64 msecs (HTTP/1.1 200) 4 headers in 158 bytes (1 switches on core 0) [pid: 8|app: 0|req: 823/1682] 10.0.0.49 () {34 vars in 964 bytes} [Fri Apr 17 01:40:27 2026] GET /v2.0/quotas/396c9ae3d6bd4b6aa196078c2fb5db59 => generated 292 bytes in 7 msecs (HTTP/1.1 200) 4 headers in 157 bytes (1 switches on core 0) [pid: 7|app: 0|req: 860/1683] 10.0.0.69 () {34 vars in 692 bytes} [Fri Apr 17 01:40:27 2026] POST /v2.0/vpn/endpoint-groups => generated 319 bytes in 45 msecs (HTTP/1.1 201) 4 headers in 162 bytes (1 switches on core 0) [pid: 7|app: 0|req: 861/1684] 10.0.0.49 () {34 vars in 1001 bytes} [Fri Apr 17 01:40:27 2026] GET /v2.0/ports?tenant_id=396c9ae3d6bd4b6aa196078c2fb5db59&fields=id => generated 103 bytes in 95 msecs (HTTP/1.1 200) 4 headers in 157 bytes (1 switches on core 0)
2026-04-17 01:40:28.109 8 INFO neutron_taas.services.taas.taas_plugin [None req-380fe7ca-478a-4c0e-b0d6-11d1a84b8544 71dd1185e5a8478c8ea8046b776297a6 29cf284b63a344f0a5247f0aec4c65b5 - - default default] TaaS: Handle Delete Port: fb462825-fe75-4664-b7a6-803f3c9d98b9
2026-04-17 01:40:28.112 8 INFO neutron_taas.services.taas.tap_mirror_plugin [None req-380fe7ca-478a-4c0e-b0d6-11d1a84b8544 71dd1185e5a8478c8ea8046b776297a6 29cf284b63a344f0a5247f0aec4c65b5 - - default default] Tap Mirror: Handle Delete Port: fb462825-fe75-4664-b7a6-803f3c9d98b9
2026-04-17 01:40:28.319 7 WARNING neutron.plugins.ml2.drivers.ovn.mech_driver.ovsdb.ovn_client [None req-9e0f61bc-a27f-43b3-b39c-0317c0773df3 - - - - - -] No hosting information found for port dffdbbf0-6e50-459b-8346-7e42468b4c41: RuntimeError: No hosting information found for port dffdbbf0-6e50-459b-8346-7e42468b4c41
2026-04-17 01:40:28.369 7 INFO neutron.db.ovn_revision_numbers_db [None req-c10e4602-0067-438b-b0f5-aab2e523207d 3b51d24e0e48449aa80509687958f70a f209c7df38104d65aa71af2ad8a76d54 - - default default] Successfully bumped revision number for resource 44dde4c3-6de2-45cc-ae75-41501ff42a74 (type: routers) to 5 [pid: 7|app: 0|req: 862/1685] 10.0.0.69 () {34 vars in 706 bytes} [Fri Apr 17 01:40:27 2026] POST /v2.0/vpn/ipsec-site-connections => generated 803 bytes in 1002 msecs (HTTP/1.1 201) 4 headers in 162 bytes (1 switches on core 0) [pid: 8|app: 0|req: 824/1686] 10.0.0.69 () {34 vars in 788 bytes} [Fri Apr 17 01:40:27 2026] PUT /v2.0/routers/7dbbbb53-65ed-42c3-bb4a-bada6f9c7c20/remove_router_interface => generated 309 bytes in 1154 msecs (HTTP/1.1 200) 4 headers in 157 bytes (1 switches on core 0)
2026-04-17 01:40:28.508 7 INFO neutron.db.ovn_revision_numbers_db [None req-9e0f61bc-a27f-43b3-b39c-0317c0773df3 - - - - - -] Successfully bumped revision number for resource dffdbbf0-6e50-459b-8346-7e42468b4c41 (type: router_ports) to 2
2026-04-17 01:40:28.508 7 INFO neutron.plugins.ml2.drivers.ovn.mech_driver.mech_driver [None req-9e0f61bc-a27f-43b3-b39c-0317c0773df3 - - - - - -] OVN reports status down for port: 6bf9e4a5-b764-4d2e-a37c-8f239f3276cb /var/lib/openstack/lib/python3.12/site-packages/pycadf/identifier.py:70: UserWarning: Invalid uuid: neutron. To ensure interoperability, identifiers should be a valid uuid. warnings.warn(('Invalid uuid: %s. To ensure interoperability, ' [pid: 7|app: 0|req: 863/1687] 10.0.0.49 () {34 vars in 1007 bytes} [Fri Apr 17 01:40:28 2026] GET /v2.0/networks/f047e552-a560-46bd-ad8e-5eb63cd02ee6?fields=segments => generated 14 bytes in 86 msecs (HTTP/1.1 200) 4 headers in 156 bytes (1 switches on core 0) [pid: 7|app: 0|req: 864/1688] 10.0.0.69 () {34 vars in 692 bytes} [Fri Apr 17 01:40:28 2026] POST /v2.0/vpn/endpoint-groups => generated 290 bytes in 61 msecs (HTTP/1.1 201) 4 headers in 162 bytes (1 switches on core 0)
2026-04-17 01:40:28.612 7 WARNING neutron.plugins.ml2.drivers.ovn.mech_driver.ovsdb.ovn_client [None req-9e0f61bc-a27f-43b3-b39c-0317c0773df3 - - - - - -] Logical_Switch_Port %s host information not removed, the port state is up
2026-04-17 01:40:28.613 7 INFO neutron.plugins.ml2.drivers.ovn.mech_driver.mech_driver [None req-9e0f61bc-a27f-43b3-b39c-0317c0773df3 - - - - - -] OVN reports status up for port: 6bf9e4a5-b764-4d2e-a37c-8f239f3276cb
2026-04-17 01:40:28.649 7 INFO neutron.plugins.ml2.plugin [None req-9e0f61bc-a27f-43b3-b39c-0317c0773df3 - - - - - -] Attempt 1 to provision port 6bf9e4a5-b764-4d2e-a37c-8f239f3276cb
