2026-04-17 01:38:16.229 7 INFO neutron.pecan_wsgi.hooks.translation [None req-383174e5-f701-4e99-9049-2a732505ef49 c59e1120b71b43be90cf43da3625b89c c4bf852c1af3440195a967ab8290d98f - - default default] GET failed (client error): The resource could not be found. [pid: 7|app: 0|req: 426/853] 10.0.0.69 () {32 vars in 716 bytes} [Fri Apr 17 01:38:16 2026] GET /v2.0/ports/4ff00e22-c37d-477a-aab8-c39ed4345d34 => generated 132 bytes in 16 msecs (HTTP/1.1 404) 4 headers in 164 bytes (1 switches on core 0) [pid: 8|app: 0|req: 428/854] 10.0.0.49 () {34 vars in 989 bytes} [Fri Apr 17 01:38:16 2026] GET /v2.0/ports?device_id=a3db250d-6a25-43cb-8bc7-2f39db3c690e => generated 969 bytes in 27 msecs (HTTP/1.1 200) 4 headers in 157 bytes (1 switches on core 0) [pid: 8|app: 0|req: 429/855] 199.204.45.144 () {34 vars in 1112 bytes} [Fri Apr 17 01:38:16 2026] GET /v2.0/networks/82bc8b72-3fce-4d96-8920-16fad0b54a68?fields=provider%3Aphysical_network&fields=provider%3Anetwork_type => generated 79 bytes in 30 msecs (HTTP/1.1 200) 4 headers in 156 bytes (1 switches on core 0)
2026-04-17 01:38:16.265 8 WARNING keystonemiddleware.audit [req-b7c059cb-4ef4-4f11-b47e-7ed8054b2bd1 req-ca0855a4-d3f2-4d66-9922-258377bab86b 833b21c9270d44ab968c714176d87a70 d8b8838742e643dcb74c83eaf6ceaa89 - - fa2f0c8ff70a43faa2c61bce002ef96a fa2f0c8ff70a43faa2c61bce002ef96a] Skipping service tempest-service-998270980 as it have no endpoints.
2026-04-17 01:38:16.351 7 INFO neutron_taas.services.taas.taas_plugin [None req-da3e947b-380d-4abd-96f1-f6960af36141 960bdbabff1d476f9f518953c91ec1ce 17f78795abf341bdb1a5897593b62a6b - - default default] TaaS: Handle Delete Port: 981d8965-50ef-4c8c-b09d-58898f1999eb
2026-04-17 01:38:16.359 7 INFO neutron_taas.services.taas.tap_mirror_plugin [None req-da3e947b-380d-4abd-96f1-f6960af36141 960bdbabff1d476f9f518953c91ec1ce 17f78795abf341bdb1a5897593b62a6b - - default default] Tap Mirror: Handle Delete Port: 981d8965-50ef-4c8c-b09d-58898f1999eb [pid: 8|app: 0|req: 430/856] 10.0.0.69 () {32 vars in 723 bytes} [Fri Apr 17 01:38:16 2026] DELETE /v2.0/subnets/e1787e32-d212-4ecb-91b7-a7134866c420 => generated 0 bytes in 163 msecs (HTTP/1.1 204) 3 headers in 131 bytes (1 switches on core 0) [pid: 8|app: 0|req: 431/857] 10.0.0.49 () {34 vars in 1039 bytes} [Fri Apr 17 01:38:16 2026] GET /v2.0/security-groups?id=b6f8a675-43c0-455a-b250-ab08e1d22af2&fields=id&fields=name => generated 113 bytes in 32 msecs (HTTP/1.1 200) 4 headers in 157 bytes (1 switches on core 0)
2026-04-17 01:38:16.466 8 WARNING keystonemiddleware.audit [req-a7176622-63ba-4915-9c69-f91ff5728cee req-9cd15609-a7c0-4742-acfe-0697d6130407 6b419b8dd6864ee599b60487b9585334 c56a0e79ca3247b6b9702716dcb1dab0 - - default default] Skipping service tempest-service-998270980 as it have no endpoints.
2026-04-17 01:38:16.555 7 INFO neutron.services.segments.plugin [-] Segment 3de42d40-eb7f-48d7-8deb-114d2b574dcd resource provider aggregate not found
2026-04-17 01:38:16.559 7 INFO neutron.services.segments.plugin [-] Segment 3de42d40-eb7f-48d7-8deb-114d2b574dcd resource provider aggregate not found
2026-04-17 01:38:16.578 7 INFO neutron.services.segments.plugin [-] Segment 3de42d40-eb7f-48d7-8deb-114d2b574dcd resource provider not found; error: Placement Client Error (4xx): {"errors": [{"status": 404, "title": "Not Found", "detail": "The resource could not be found.\n\n No resource provider with uuid 3de42d40-eb7f-48d7-8deb-114d2b574dcd found for delete ", "request_id": "req-6801d827-5ec3-414c-9222-f06693a7920e"}]}
2026-04-17 01:38:16.582 7 INFO neutron.services.segments.plugin [-] Segment 3de42d40-eb7f-48d7-8deb-114d2b574dcd resource provider not found; error: Placement Client Error (4xx): {"errors": [{"status": 404, "title": "Not Found", "detail": "The resource could not be found.\n\n No resource provider with uuid 3de42d40-eb7f-48d7-8deb-114d2b574dcd found for delete ", "request_id": "req-cc87106c-8946-4541-bc9a-c1971905757e"}]} [pid: 7|app: 0|req: 427/858] 10.0.0.69 () {32 vars in 725 bytes} [Fri Apr 17 01:38:16 2026] DELETE /v2.0/networks/8c7b3712-99ef-4baa-aa7c-96231f386e57 => generated 0 bytes in 390 msecs (HTTP/1.1 204) 3 headers in 131 bytes (1 switches on core 0)
2026-04-17 01:38:16.629 8 INFO neutron_taas.services.taas.taas_plugin [None req-2b24b298-0c95-4c56-ae07-c521aee26173 c59e1120b71b43be90cf43da3625b89c c4bf852c1af3440195a967ab8290d98f - - default default] TaaS: Handle Delete Port: f934b225-cc96-4fc9-a767-7e1fd85649c8
2026-04-17 01:38:16.632 8 INFO neutron_taas.services.taas.tap_mirror_plugin [None req-2b24b298-0c95-4c56-ae07-c521aee26173 c59e1120b71b43be90cf43da3625b89c c4bf852c1af3440195a967ab8290d98f - - default default] Tap Mirror: Handle Delete Port: f934b225-cc96-4fc9-a767-7e1fd85649c8
2026-04-17 01:38:16.825 8 INFO neutron.services.segments.plugin [-] Segment 0e0321a2-a7f6-4d03-8af0-290ef8eea8ea resource provider aggregate not found
2026-04-17 01:38:16.828 8 INFO neutron.services.segments.plugin [-] Segment 0e0321a2-a7f6-4d03-8af0-290ef8eea8ea resource provider aggregate not found [pid: 7|app: 0|req: 428/859] 10.0.0.69 () {32 vars in 773 bytes} [Fri Apr 17 01:38:16 2026] GET /v2.0/security-groups?tenant_id=0025aeab40644d9499806f777555035d&name=default => generated 2921 bytes in 29 msecs (HTTP/1.1 200) 4 headers in 158 bytes (1 switches on core 0)
2026-04-17 01:38:16.849 8 INFO neutron.services.segments.plugin [-] Segment 0e0321a2-a7f6-4d03-8af0-290ef8eea8ea resource provider not found; error: Placement Client Error (4xx): {"errors": [{"status": 404, "title": "Not Found", "detail": "The resource could not be found.\n\n No resource provider with uuid 0e0321a2-a7f6-4d03-8af0-290ef8eea8ea found for delete ", "request_id": "req-f051dc96-6d8c-417e-b731-ac5df95bf653"}]}
2026-04-17 01:38:16.852 8 INFO neutron.services.segments.plugin [-] Segment 0e0321a2-a7f6-4d03-8af0-290ef8eea8ea resource provider not found; error: Placement Client Error (4xx): {"errors": [{"status": 404, "title": "Not Found", "detail": "The resource could not be found.\n\n No resource provider with uuid 0e0321a2-a7f6-4d03-8af0-290ef8eea8ea found for delete ", "request_id": "req-2fe062a5-8290-442f-b3c4-5c0002dea139"}]} [pid: 8|app: 0|req: 432/860] 10.0.0.69 () {32 vars in 725 bytes} [Fri Apr 17 01:38:16 2026] DELETE /v2.0/networks/54c00e3d-6567-40c4-9071-47c68c96d78a => generated 0 bytes in 421 msecs (HTTP/1.1 204) 3 headers in 131 bytes (1 switches on core 0)
2026-04-17 01:38:16.889 8 WARNING keystonemiddleware.audit [None req-2b24b298-0c95-4c56-ae07-c521aee26173 c59e1120b71b43be90cf43da3625b89c c4bf852c1af3440195a967ab8290d98f - - default default] Skipping service tempest-service-998270980 as it have no endpoints. [pid: 7|app: 0|req: 429/861] 10.0.0.69 () {32 vars in 739 bytes} [Fri Apr 17 01:38:16 2026] DELETE /v2.0/security-groups/996d6b90-af8b-447c-913b-b83821c9861a => generated 0 bytes in 261 msecs (HTTP/1.1 204) 2 headers in 112 bytes (1 switches on core 0)
2026-04-17 01:38:17.127 8 WARNING neutron.scheduler.dhcp_agent_scheduler [None req-527f2ff7-13d8-44a3-87e4-0daceace09a7 c59e1120b71b43be90cf43da3625b89c c4bf852c1af3440195a967ab8290d98f - - default default] No more DHCP agents
2026-04-17 01:38:17.128 8 WARNING neutron.api.rpc.agentnotifiers.dhcp_rpc_agent_api [None req-527f2ff7-13d8-44a3-87e4-0daceace09a7 c59e1120b71b43be90cf43da3625b89c c4bf852c1af3440195a967ab8290d98f - - default default] Unable to schedule network 93acb8cd-6a24-4aab-84b7-4b5e294fa400: no agents available; will retry on subsequent port and subnet creation events.
2026-04-17 01:38:17.200 7 INFO neutron.plugins.ml2.drivers.ovn.mech_driver.mech_driver [None req-2b62a81d-bcf9-40dd-af66-5435087e833e - - - - - -] OVN reports status down for port: e52622d3-ac94-4cd8-a6a4-d38a46eea05b
2026-04-17 01:38:17.249 8 INFO neutron.db.ovn_revision_numbers_db [None req-527f2ff7-13d8-44a3-87e4-0daceace09a7 c59e1120b71b43be90cf43da3625b89c c4bf852c1af3440195a967ab8290d98f - - default default] Successfully bumped revision number for resource e52622d3-ac94-4cd8-a6a4-d38a46eea05b (type: ports) to 1 [pid: 8|app: 0|req: 433/862] 10.0.0.69 () {34 vars in 664 bytes} [Fri Apr 17 01:38:16 2026] POST /v2.0/ports => generated 773 bytes in 405 msecs (HTTP/1.1 201) 4 headers in 162 bytes (1 switches on core 0)
2026-04-17 01:38:17.300 7 WARNING keystonemiddleware.audit [None req-837b3b5e-cd30-4e5a-b742-3bf8f8380e69 960bdbabff1d476f9f518953c91ec1ce 17f78795abf341bdb1a5897593b62a6b - - default default] Skipping service tempest-service-998270980 as it have no endpoints. /var/lib/openstack/lib/python3.12/site-packages/pycadf/identifier.py:70: UserWarning: Invalid uuid: neutron. To ensure interoperability, identifiers should be a valid uuid. warnings.warn(('Invalid uuid: %s. To ensure interoperability, '
2026-04-17 01:38:17.543 7 INFO neutron.plugins.ml2.drivers.ovn.mech_driver.mech_driver [None req-2b62a81d-bcf9-40dd-af66-5435087e833e - - - - - -] OVN reports status down for port: e52622d3-ac94-4cd8-a6a4-d38a46eea05b
2026-04-17 01:38:17.600 7 INFO neutron.db.ovn_revision_numbers_db [None req-0e90b7f1-2818-4836-b215-6999f44270d3 c59e1120b71b43be90cf43da3625b89c c4bf852c1af3440195a967ab8290d98f - - default default] Successfully bumped revision number for resource e52622d3-ac94-4cd8-a6a4-d38a46eea05b (type: ports) to 2 [pid: 8|app: 0|req: 434/863] 10.0.0.49 () {34 vars in 989 bytes} [Fri Apr 17 01:38:17 2026] GET /v2.0/ports?device_id=a3db250d-6a25-43cb-8bc7-2f39db3c690e => generated 969 bytes in 92 msecs (HTTP/1.1 200) 4 headers in 157 bytes (1 switches on core 0) [pid: 8|app: 0|req: 435/864] 10.0.0.49 () {34 vars in 1039 bytes} [Fri Apr 17 01:38:17 2026] GET /v2.0/security-groups?id=b6f8a675-43c0-455a-b250-ab08e1d22af2&fields=id&fields=name => generated 113 bytes in 29 msecs (HTTP/1.1 200) 4 headers in 157 bytes (1 switches on core 0) [pid: 7|app: 0|req: 430/865] 10.0.0.69 () {34 vars in 736 bytes} [Fri Apr 17 01:38:17 2026] PUT /v2.0/ports/e52622d3-ac94-4cd8-a6a4-d38a46eea05b => generated 752 bytes in 368 msecs (HTTP/1.1 200) 4 headers in 157 bytes (1 switches on core 0)
2026-04-17 01:38:17.675 8 WARNING keystonemiddleware.audit [req-4cc10934-7960-4b7e-a4b8-05afeeb5e386 req-1ee1e0e8-d7a9-450e-aa49-cd52ab247947 6b419b8dd6864ee599b60487b9585334 c56a0e79ca3247b6b9702716dcb1dab0 - - default default] Skipping service tempest-service-998270980 as it have no endpoints.
2026-04-17 01:38:17.793 8 INFO neutron_taas.services.taas.taas_plugin [None req-8544c1ab-554d-4a22-8674-dcc37213b348 c59e1120b71b43be90cf43da3625b89c c4bf852c1af3440195a967ab8290d98f - - default default] TaaS: Handle Delete Port: e52622d3-ac94-4cd8-a6a4-d38a46eea05b
2026-04-17 01:38:17.796 8 INFO neutron_taas.services.taas.tap_mirror_plugin [None req-8544c1ab-554d-4a22-8674-dcc37213b348 c59e1120b71b43be90cf43da3625b89c c4bf852c1af3440195a967ab8290d98f - - default default] Tap Mirror: Handle Delete Port: e52622d3-ac94-4cd8-a6a4-d38a46eea05b [pid: 8|app: 0|req: 436/866] 10.0.0.69 () {32 vars in 719 bytes} [Fri Apr 17 01:38:17 2026] DELETE /v2.0/ports/e52622d3-ac94-4cd8-a6a4-d38a46eea05b => generated 0 bytes in 286 msecs (HTTP/1.1 204) 3 headers in 131 bytes (1 switches on core 0)
2026-04-17 01:38:17.964 7 WARNING keystonemiddleware.audit [None req-0e90b7f1-2818-4836-b215-6999f44270d3 c59e1120b71b43be90cf43da3625b89c c4bf852c1af3440195a967ab8290d98f - - default default] Skipping service tempest-service-998270980 as it have no endpoints. /var/lib/openstack/lib/python3.12/site-packages/pycadf/identifier.py:70: UserWarning: Invalid uuid: neutron. To ensure interoperability, identifiers should be a valid uuid. warnings.warn(('Invalid uuid: %s. To ensure interoperability, ' [pid: 7|app: 0|req: 431/867] 10.0.0.69 () {32 vars in 642 bytes} [Fri Apr 17 01:38:17 2026] GET /v2.0/ports => generated 1533 bytes in 73 msecs (HTTP/1.1 200) 4 headers in 158 bytes (1 switches on core 0)
2026-04-17 01:38:18.043 8 WARNING keystonemiddleware.audit [None req-8544c1ab-554d-4a22-8674-dcc37213b348 c59e1120b71b43be90cf43da3625b89c c4bf852c1af3440195a967ab8290d98f - - default default] Skipping service tempest-service-998270980 as it have no endpoints.
2026-04-17 01:38:18.058 8 INFO neutron.pecan_wsgi.hooks.translation [None req-78394c88-0bde-4579-a8c7-a59b413e786a c59e1120b71b43be90cf43da3625b89c c4bf852c1af3440195a967ab8290d98f - - default default] GET failed (client error): The resource could not be found. [pid: 8|app: 0|req: 437/868] 10.0.0.69 () {32 vars in 716 bytes} [Fri Apr 17 01:38:18 2026] GET /v2.0/ports/e52622d3-ac94-4cd8-a6a4-d38a46eea05b => generated 132 bytes in 20 msecs (HTTP/1.1 404) 4 headers in 164 bytes (1 switches on core 0)
2026-04-17 01:38:18.067 7 WARNING keystonemiddleware.audit [None req-fe95c778-fa5c-430f-8eff-46dfb8296f9c c59e1120b71b43be90cf43da3625b89c c4bf852c1af3440195a967ab8290d98f - - default default] Skipping service tempest-service-998270980 as it have no endpoints. [pid: 7|app: 0|req: 432/869] 10.0.0.69 () {32 vars in 642 bytes} [Fri Apr 17 01:38:18 2026] GET /v2.0/ports => generated 1533 bytes in 38 msecs (HTTP/1.1 200) 4 headers in 158 bytes (1 switches on core 0)
2026-04-17 01:38:18.112 8 WARNING keystonemiddleware.audit [None req-78394c88-0bde-4579-a8c7-a59b413e786a c59e1120b71b43be90cf43da3625b89c c4bf852c1af3440195a967ab8290d98f - - default default] Skipping service tempest-service-998270980 as it have no endpoints. [pid: 8|app: 0|req: 438/870] 10.0.0.69 () {32 vars in 716 bytes} [Fri Apr 17 01:38:18 2026] GET /v2.0/ports/8651c248-6994-4b69-b8e5-94eef69e6cd4 => generated 774 bytes in 30 msecs (HTTP/1.1 200) 4 headers in 157 bytes (1 switches on core 0)
2026-04-17 01:38:18.150 7 WARNING keystonemiddleware.audit [None req-6f2361fb-1feb-4d4c-8319-0675f0ed872e c59e1120b71b43be90cf43da3625b89c c4bf852c1af3440195a967ab8290d98f - - default default] Skipping service tempest-service-998270980 as it have no endpoints.
2026-04-17 01:38:18.162 7 INFO neutron.pecan_wsgi.hooks.translation [None req-b524b10f-bf10-4de7-a909-c1122da2e881 c59e1120b71b43be90cf43da3625b89c c4bf852c1af3440195a967ab8290d98f - - default default] DELETE failed (client error): The resource could not be found. [pid: 7|app: 0|req: 433/871] 10.0.0.69 () {32 vars in 719 bytes} [Fri Apr 17 01:38:18 2026] DELETE /v2.0/ports/4ff00e22-c37d-477a-aab8-c39ed4345d34 => generated 132 bytes in 17 msecs (HTTP/1.1 404) 4 headers in 164 bytes (1 switches on core 0)
2026-04-17 01:38:18.171 8 WARNING keystonemiddleware.audit [None req-cad87607-560b-4c1e-91f4-91ac08f822f9 c59e1120b71b43be90cf43da3625b89c c4bf852c1af3440195a967ab8290d98f - - default default] Skipping service tempest-service-998270980 as it have no endpoints.
2026-04-17 01:38:18.182 8 INFO neutron.pecan_wsgi.hooks.translation [None req-0a432ec1-4e0a-4785-873d-1571f89145b5 c59e1120b71b43be90cf43da3625b89c c4bf852c1af3440195a967ab8290d98f - - default default] DELETE failed (client error): The resource could not be found. [pid: 8|app: 0|req: 439/872] 10.0.0.69 () {32 vars in 723 bytes} [Fri Apr 17 01:38:18 2026] DELETE /v2.0/subnets/e1787e32-d212-4ecb-91b7-a7134866c420 => generated 136 bytes in 16 msecs (HTTP/1.1 404) 4 headers in 164 bytes (1 switches on core 0)
2026-04-17 01:38:18.189 7 WARNING keystonemiddleware.audit [None req-b524b10f-bf10-4de7-a909-c1122da2e881 c59e1120b71b43be90cf43da3625b89c c4bf852c1af3440195a967ab8290d98f - - default default] Skipping service tempest-service-998270980 as it have no endpoints.
2026-04-17 01:38:18.198 7 INFO neutron.pecan_wsgi.hooks.translation [None req-a37d7fdd-1fb5-4910-b3d2-b55e16796d3c c59e1120b71b43be90cf43da3625b89c c4bf852c1af3440195a967ab8290d98f - - default default] DELETE failed (client error): The resource could not be found. [pid: 7|app: 0|req: 434/873] 10.0.0.69 () {32 vars in 723 bytes} [Fri Apr 17 01:38:18 2026] DELETE /v2.0/subnets/ddf72b26-afcc-4709-8ce1-2b7058050b6e => generated 136 bytes in 12 msecs (HTTP/1.1 404) 4 headers in 164 bytes (1 switches on core 0)
2026-04-17 01:38:18.206 8 WARNING keystonemiddleware.audit [None req-0a432ec1-4e0a-4785-873d-1571f89145b5 c59e1120b71b43be90cf43da3625b89c c4bf852c1af3440195a967ab8290d98f - - default default] Skipping service tempest-service-998270980 as it have no endpoints.
2026-04-17 01:38:18.296 8 INFO neutron_taas.services.taas.taas_plugin [None req-5a01faaf-ea70-42f3-b0cf-572bde64ee6b c59e1120b71b43be90cf43da3625b89c c4bf852c1af3440195a967ab8290d98f - - default default] TaaS: Handle Delete Port: 8651c248-6994-4b69-b8e5-94eef69e6cd4
2026-04-17 01:38:18.299 8 INFO neutron_taas.services.taas.tap_mirror_plugin [None req-5a01faaf-ea70-42f3-b0cf-572bde64ee6b c59e1120b71b43be90cf43da3625b89c c4bf852c1af3440195a967ab8290d98f - - default default] Tap Mirror: Handle Delete Port: 8651c248-6994-4b69-b8e5-94eef69e6cd4 [pid: 8|app: 0|req: 440/874] 10.0.0.69 () {32 vars in 719 bytes} [Fri Apr 17 01:38:18 2026] DELETE /v2.0/ports/8651c248-6994-4b69-b8e5-94eef69e6cd4 => generated 0 bytes in 268 msecs (HTTP/1.1 204) 3 headers in 131 bytes (1 switches on core 0)
2026-04-17 01:38:18.479 8 WARNING keystonemiddleware.audit [None req-5a01faaf-ea70-42f3-b0cf-572bde64ee6b c59e1120b71b43be90cf43da3625b89c c4bf852c1af3440195a967ab8290d98f - - default default] Skipping service tempest-service-998270980 as it have no endpoints.
2026-04-17 01:38:18.616 7 INFO neutron.db.ovn_revision_numbers_db [None req-91ebc320-82ff-4234-ae81-1eec9f23c2f3 960bdbabff1d476f9f518953c91ec1ce 17f78795abf341bdb1a5897593b62a6b - - default default] Successfully bumped revision number for resource b1b1b92f-7cc6-4ea8-a967-b493621777da (type: security_groups) to 1
2026-04-17 01:38:18.629 7 INFO neutron.db.ovn_revision_numbers_db [None req-91ebc320-82ff-4234-ae81-1eec9f23c2f3 960bdbabff1d476f9f518953c91ec1ce 17f78795abf341bdb1a5897593b62a6b - - default default] Successfully bumped revision number for resource 14f0c361-b6ff-4b9a-ac8e-c5a8a47f3d97 (type: security_group_rules) to 0
2026-04-17 01:38:18.640 8 INFO neutron_taas.services.taas.taas_plugin [None req-a2670eba-eeb1-4065-92fa-455262ec800e c59e1120b71b43be90cf43da3625b89c c4bf852c1af3440195a967ab8290d98f - - default default] TaaS: Handle Delete Port: a5ee4f5a-64d8-4680-938b-bd75413a75c8
2026-04-17 01:38:18.640 7 INFO neutron.db.ovn_revision_numbers_db [None req-91ebc320-82ff-4234-ae81-1eec9f23c2f3 960bdbabff1d476f9f518953c91ec1ce 17f78795abf341bdb1a5897593b62a6b - - default default] Successfully bumped revision number for resource 53b965e3-a064-4d5a-8f13-f9fc19f32676 (type: security_group_rules) to 0
2026-04-17 01:38:18.643 8 INFO neutron_taas.services.taas.tap_mirror_plugin [None req-a2670eba-eeb1-4065-92fa-455262ec800e c59e1120b71b43be90cf43da3625b89c c4bf852c1af3440195a967ab8290d98f - - default default] Tap Mirror: Handle Delete Port: a5ee4f5a-64d8-4680-938b-bd75413a75c8
2026-04-17 01:38:18.652 7 INFO neutron.db.ovn_revision_numbers_db [None req-91ebc320-82ff-4234-ae81-1eec9f23c2f3 960bdbabff1d476f9f518953c91ec1ce 17f78795abf341bdb1a5897593b62a6b - - default default] Successfully bumped revision number for resource 580083ce-8ba8-4a87-b371-5b1a497d6aef (type: security_group_rules) to 0
2026-04-17 01:38:18.665 7 INFO neutron.db.ovn_revision_numbers_db [None req-91ebc320-82ff-4234-ae81-1eec9f23c2f3 960bdbabff1d476f9f518953c91ec1ce 17f78795abf341bdb1a5897593b62a6b - - default default] Successfully bumped revision number for resource 84286183-1515-4ebf-ae87-def7f9e11fb4 (type: security_group_rules) to 0 [pid: 7|app: 0|req: 435/875] 10.0.0.69 () {32 vars in 773 bytes} [Fri Apr 17 01:38:18 2026] GET /v2.0/security-groups?tenant_id=5eb73ad3e5504048a68f97c80ab91baf&name=default => generated 2925 bytes in 447 msecs (HTTP/1.1 200) 4 headers in 158 bytes (1 switches on core 0)
2026-04-17 01:38:18.871 8 INFO neutron.services.segments.plugin [-] Segment 1e6b4282-7364-4e19-9460-e51be760183f resource provider aggregate not found
2026-04-17 01:38:18.890 8 INFO neutron.services.segments.plugin [-] Segment 1e6b4282-7364-4e19-9460-e51be760183f resource provider aggregate not found
2026-04-17 01:38:18.918 8 INFO neutron.services.segments.plugin [-] Segment 1e6b4282-7364-4e19-9460-e51be760183f resource provider not found; error: Placement Client Error (4xx): {"errors": [{"status": 404, "title": "Not Found", "detail": "The resource could not be found.\n\n No resource provider with uuid 1e6b4282-7364-4e19-9460-e51be760183f found for delete ", "request_id": "req-e83a51f9-266b-44ea-8d66-4574fc5ce4e0"}]}
2026-04-17 01:38:18.918 8 INFO neutron.services.segments.plugin [-] Segment 1e6b4282-7364-4e19-9460-e51be760183f resource provider not found; error: Placement Client Error (4xx): {"errors": [{"status": 404, "title": "Not Found", "detail": "The resource could not be found.\n\n No resource provider with uuid 1e6b4282-7364-4e19-9460-e51be760183f found for delete ", "request_id": "req-f2fc57cf-97ee-497f-9d2c-2b04728abfef"}]}
2026-04-17 01:38:18.962 7 INFO neutron.plugins.ml2.drivers.ovn.mech_driver.mech_driver [None req-2b62a81d-bcf9-40dd-af66-5435087e833e - - - - - -] OVN reports status up for port: 800d53f7-62f0-410f-9113-c9f8acf650b2
2026-04-17 01:38:18.985 7 INFO neutron.plugins.ml2.plugin [None req-2b62a81d-bcf9-40dd-af66-5435087e833e - - - - - -] Attempt 1 to provision port 800d53f7-62f0-410f-9113-c9f8acf650b2 [pid: 8|app: 0|req: 441/876] 10.0.0.69 () {32 vars in 725 bytes} [Fri Apr 17 01:38:18 2026] DELETE /v2.0/networks/93acb8cd-6a24-4aab-84b7-4b5e294fa400 => generated 0 bytes in 531 msecs (HTTP/1.1 204) 3 headers in 131 bytes (1 switches on core 0) [pid: 8|app: 0|req: 442/877] 10.0.0.49 () {34 vars in 989 bytes} [Fri Apr 17 01:38:19 2026] GET /v2.0/ports?device_id=a3db250d-6a25-43cb-8bc7-2f39db3c690e => generated 969 bytes in 54 msecs (HTTP/1.1 200) 4 headers in 157 bytes (1 switches on core 0)
2026-04-17 01:38:19.173 7 INFO neutron.notifiers.nova [-] Nova event matching ['req-ec1fe405-d13e-43b6-94f3-1a237b04e26c'] response: {'server_uuid': 'a3db250d-6a25-43cb-8bc7-2f39db3c690e', 'name': 'network-vif-plugged', 'status': 'completed', 'tag': '800d53f7-62f0-410f-9113-c9f8acf650b2', 'code': 200} [pid: 7|app: 0|req: 436/878] 10.0.0.69 () {32 vars in 739 bytes} [Fri Apr 17 01:38:18 2026] DELETE /v2.0/security-groups/b1b1b92f-7cc6-4ea8-a967-b493621777da => generated 0 bytes in 621 msecs (HTTP/1.1 204) 2 headers in 112 bytes (1 switches on core 0) [pid: 7|app: 0|req: 437/879] 10.0.0.49 () {34 vars in 1039 bytes} [Fri Apr 17 01:38:19 2026] GET /v2.0/security-groups?id=b6f8a675-43c0-455a-b250-ab08e1d22af2&fields=id&fields=name => generated 113 bytes in 70 msecs (HTTP/1.1 200) 4 headers in 157 bytes (1 switches on core 0)
2026-04-17 01:38:19.436 7 INFO neutron.db.ovn_revision_numbers_db [None req-2b62a81d-bcf9-40dd-af66-5435087e833e - - - - - -] Successfully bumped revision number for resource 800d53f7-62f0-410f-9113-c9f8acf650b2 (type: ports) to 5
2026-04-17 01:38:19.526 8 INFO neutron.db.ovn_revision_numbers_db [None req-7c46445f-f5fb-4806-88ed-073d6a82915c 960bdbabff1d476f9f518953c91ec1ce 17f78795abf341bdb1a5897593b62a6b - - default default] Successfully bumped revision number for resource 83492f18-15ba-4b87-9d01-7c8a312174cd (type: security_groups) to 1
2026-04-17 01:38:19.536 8 INFO neutron.db.ovn_revision_numbers_db [None req-7c46445f-f5fb-4806-88ed-073d6a82915c 960bdbabff1d476f9f518953c91ec1ce 17f78795abf341bdb1a5897593b62a6b - - default default] Successfully bumped revision number for resource 7cc5704a-4097-4f27-a77f-8f907bca197f (type: security_group_rules) to 0
2026-04-17 01:38:19.565 8 INFO neutron.db.ovn_revision_numbers_db [None req-7c46445f-f5fb-4806-88ed-073d6a82915c 960bdbabff1d476f9f518953c91ec1ce 17f78795abf341bdb1a5897593b62a6b - - default default] Successfully bumped revision number for resource b3700ed4-1b8b-4eee-8a15-699247487b02 (type: security_group_rules) to 0
2026-04-17 01:38:19.581 8 INFO neutron.db.ovn_revision_numbers_db [None req-7c46445f-f5fb-4806-88ed-073d6a82915c 960bdbabff1d476f9f518953c91ec1ce 17f78795abf341bdb1a5897593b62a6b - - default default] Successfully bumped revision number for resource cd5ee055-0a64-4e20-9be8-6d4fdd748af0 (type: security_group_rules) to 0
2026-04-17 01:38:19.593 8 INFO neutron.db.ovn_revision_numbers_db [None req-7c46445f-f5fb-4806-88ed-073d6a82915c 960bdbabff1d476f9f518953c91ec1ce 17f78795abf341bdb1a5897593b62a6b - - default default] Successfully bumped revision number for resource d44ec43d-14d9-44cd-8f92-e3db60ab063a (type: security_group_rules) to 0 /var/lib/openstack/lib/python3.12/site-packages/pycadf/identifier.py:70: UserWarning: Invalid uuid: neutron. To ensure interoperability, identifiers should be a valid uuid. warnings.warn(('Invalid uuid: %s. To ensure interoperability, '
2026-04-17 01:38:19.669 8 INFO neutron.db.segments_db [None req-7c46445f-f5fb-4806-88ed-073d6a82915c 960bdbabff1d476f9f518953c91ec1ce 17f78795abf341bdb1a5897593b62a6b - - default default] Added segment 5f192a74-b63e-45ae-813d-eebaa282101d of type geneve for network 9f9e8787-1e60-4c19-af11-ca486559156c [pid: 7|app: 0|req: 438/880] 10.0.0.69 () {32 vars in 773 bytes} [Fri Apr 17 01:38:19 2026] GET /v2.0/security-groups?tenant_id=c4bf852c1af3440195a967ab8290d98f&name=default => generated 2925 bytes in 231 msecs (HTTP/1.1 200) 4 headers in 158 bytes (1 switches on core 0)
2026-04-17 01:38:19.784 8 INFO neutron.db.ovn_revision_numbers_db [None req-7c46445f-f5fb-4806-88ed-073d6a82915c 960bdbabff1d476f9f518953c91ec1ce 17f78795abf341bdb1a5897593b62a6b - - default default] Successfully bumped revision number for resource 9f9e8787-1e60-4c19-af11-ca486559156c (type: networks) to 1
2026-04-17 01:38:19.868 7 INFO neutron.db.ovn_revision_numbers_db [None req-e0a22e03-2bdb-47dc-a2a2-80243f15ee13 960bdbabff1d476f9f518953c91ec1ce 17f78795abf341bdb1a5897593b62a6b - - default default] Successfully bumped revision number for resource 469768a3-75c5-4d80-b45f-3df34be33083 (type: security_groups) to 1
2026-04-17 01:38:19.878 7 INFO neutron.db.ovn_revision_numbers_db [None req-e0a22e03-2bdb-47dc-a2a2-80243f15ee13 960bdbabff1d476f9f518953c91ec1ce 17f78795abf341bdb1a5897593b62a6b - - default default] Successfully bumped revision number for resource 83179677-f249-499f-ae24-62272965f2d9 (type: security_group_rules) to 0
2026-04-17 01:38:19.890 7 INFO neutron.db.ovn_revision_numbers_db [None req-e0a22e03-2bdb-47dc-a2a2-80243f15ee13 960bdbabff1d476f9f518953c91ec1ce 17f78795abf341bdb1a5897593b62a6b - - default default] Successfully bumped revision number for resource 987a2477-cbb3-4e44-984a-f9b1de153352 (type: security_group_rules) to 0
2026-04-17 01:38:19.901 7 INFO neutron.db.ovn_revision_numbers_db [None req-e0a22e03-2bdb-47dc-a2a2-80243f15ee13 960bdbabff1d476f9f518953c91ec1ce 17f78795abf341bdb1a5897593b62a6b - - default default] Successfully bumped revision number for resource 9b016eb9-f793-4ebe-a312-22b65313b81e (type: security_group_rules) to 0
2026-04-17 01:38:19.915 7 INFO neutron.db.ovn_revision_numbers_db [None req-e0a22e03-2bdb-47dc-a2a2-80243f15ee13 960bdbabff1d476f9f518953c91ec1ce 17f78795abf341bdb1a5897593b62a6b - - default default] Successfully bumped revision number for resource fe7cf704-d8f1-475f-9292-bcf9959bf54e (type: security_group_rules) to 0 [pid: 7|app: 0|req: 439/881] 10.0.0.69 () {32 vars in 773 bytes} [Fri Apr 17 01:38:19 2026] GET /v2.0/security-groups?tenant_id=f47ee828068842fe8cfad4ce12981815&name=default => generated 2925 bytes in 279 msecs (HTTP/1.1 200) 4 headers in 158 bytes (1 switches on core 0)
2026-04-17 01:38:19.983 8 WARNING neutron.scheduler.dhcp_agent_scheduler [None req-7c46445f-f5fb-4806-88ed-073d6a82915c 960bdbabff1d476f9f518953c91ec1ce 17f78795abf341bdb1a5897593b62a6b - - default default] No more DHCP agents
2026-04-17 01:38:19.985 8 WARNING neutron.api.rpc.agentnotifiers.dhcp_rpc_agent_api [None req-7c46445f-f5fb-4806-88ed-073d6a82915c 960bdbabff1d476f9f518953c91ec1ce 17f78795abf341bdb1a5897593b62a6b - - default default] Unable to schedule network 9f9e8787-1e60-4c19-af11-ca486559156c: no agents available; will retry on subsequent port and subnet creation events.
2026-04-17 01:38:20.086 7 INFO neutron.plugins.ml2.drivers.ovn.mech_driver.mech_driver [None req-1888d6b9-4bd9-45d4-81ed-244b83ee40da - - - - - -] OVN reports status down for port: aaab82c7-8263-4d5b-8e5c-2a188c575590
2026-04-17 01:38:20.096 8 INFO neutron.db.ovn_revision_numbers_db [None req-7c46445f-f5fb-4806-88ed-073d6a82915c 960bdbabff1d476f9f518953c91ec1ce 17f78795abf341bdb1a5897593b62a6b - - default default] Successfully bumped revision number for resource aaab82c7-8263-4d5b-8e5c-2a188c575590 (type: ports) to 1 [pid: 8|app: 0|req: 443/882] 10.0.0.69 () {34 vars in 670 bytes} [Fri Apr 17 01:38:19 2026] POST /v2.0/networks => generated 766 bytes in 1070 msecs (HTTP/1.1 201) 4 headers in 162 bytes (1 switches on core 0) [pid: 7|app: 0|req: 440/883] 10.0.0.69 () {32 vars in 739 bytes} [Fri Apr 17 01:38:19 2026] DELETE /v2.0/security-groups/04516a6b-361e-479a-a34b-f6be4461a039 => generated 0 bytes in 371 msecs (HTTP/1.1 204) 2 headers in 112 bytes (1 switches on core 0) [pid: 8|app: 0|req: 444/884] 10.0.0.69 () {32 vars in 739 bytes} [Fri Apr 17 01:38:20 2026] DELETE /v2.0/security-groups/469768a3-75c5-4d80-b45f-3df34be33083 => generated 0 bytes in 283 msecs (HTTP/1.1 204) 2 headers in 112 bytes (1 switches on core 0) [pid: 8|app: 0|req: 445/885] 10.0.0.49 () {34 vars in 989 bytes} [Fri Apr 17 01:38:20 2026] GET /v2.0/ports?device_id=a3db250d-6a25-43cb-8bc7-2f39db3c690e => generated 971 bytes in 34 msecs (HTTP/1.1 200) 4 headers in 157 bytes (1 switches on core 0)
2026-04-17 01:38:20.499 7 WARNING neutron.scheduler.dhcp_agent_scheduler [None req-d052874d-71d8-49c3-a1ca-ff49dcc47087 960bdbabff1d476f9f518953c91ec1ce 17f78795abf341bdb1a5897593b62a6b - - default default] No more DHCP agents
2026-04-17 01:38:20.500 7 WARNING neutron.api.rpc.agentnotifiers.dhcp_rpc_agent_api [None req-d052874d-71d8-49c3-a1ca-ff49dcc47087 960bdbabff1d476f9f518953c91ec1ce 17f78795abf341bdb1a5897593b62a6b - - default default] Unable to schedule network 9f9e8787-1e60-4c19-af11-ca486559156c: no agents available; will retry on subsequent port and subnet creation events. [pid: 8|app: 0|req: 446/886] 10.0.0.49 () {34 vars in 1039 bytes} [Fri Apr 17 01:38:20 2026] GET /v2.0/security-groups?id=b6f8a675-43c0-455a-b250-ab08e1d22af2&fields=id&fields=name => generated 113 bytes in 29 msecs (HTTP/1.1 200) 4 headers in 157 bytes (1 switches on core 0)
2026-04-17 01:38:20.991 7 INFO neutron.db.ovn_revision_numbers_db [None req-c6354874-4b9c-463f-a562-06ec2ea7adce - - - - - -] Successfully bumped revision number for resource aaab82c7-8263-4d5b-8e5c-2a188c575590 (type: ports) to 2
2026-04-17 01:38:21.045 7 INFO neutron.db.ovn_revision_numbers_db [None req-c6354874-4b9c-463f-a562-06ec2ea7adce - - - - - -] Successfully bumped revision number for resource 87a5b547-4245-4085-ad5f-03aef7fbf886 (type: subnets) to 0 [pid: 7|app: 0|req: 441/887] 10.0.0.69 () {34 vars in 668 bytes} [Fri Apr 17 01:38:20 2026] POST /v2.0/subnets => generated 691 bytes in 733 msecs (HTTP/1.1 201) 4 headers in 162 bytes (1 switches on core 0)
2026-04-17 01:38:21.209 7 INFO neutron.notifiers.nova [-] Nova event matching ['req-3f6c3562-af93-4501-886c-f489208ff76b'] response: {'server_uuid': 'a3db250d-6a25-43cb-8bc7-2f39db3c690e', 'name': 'network-vif-plugged', 'status': 'completed', 'tag': '800d53f7-62f0-410f-9113-c9f8acf650b2', 'code': 200}
2026-04-17 01:38:21.497 8 WARNING neutron.scheduler.dhcp_agent_scheduler [None req-b7e44387-75a1-40fd-b11a-93133dcc098b 960bdbabff1d476f9f518953c91ec1ce 17f78795abf341bdb1a5897593b62a6b - - default default] No more DHCP agents
2026-04-17 01:38:21.498 8 WARNING neutron.api.rpc.agentnotifiers.dhcp_rpc_agent_api [None req-b7e44387-75a1-40fd-b11a-93133dcc098b 960bdbabff1d476f9f518953c91ec1ce 17f78795abf341bdb1a5897593b62a6b - - default default] Unable to schedule network 487210d0-4a10-414d-b74d-282439933f45: no agents available; will retry on subsequent port and subnet creation events.
2026-04-17 01:38:21.669 7 INFO neutron.plugins.ml2.drivers.ovn.mech_driver.mech_driver [None req-1888d6b9-4bd9-45d4-81ed-244b83ee40da - - - - - -] OVN reports status down for port: 2141f75e-41fe-4e19-8730-dd03cf94ac55
2026-04-17 01:38:21.680 8 INFO neutron.db.ovn_revision_numbers_db [None req-b7e44387-75a1-40fd-b11a-93133dcc098b 960bdbabff1d476f9f518953c91ec1ce 17f78795abf341bdb1a5897593b62a6b - - default default] Successfully bumped revision number for resource 2141f75e-41fe-4e19-8730-dd03cf94ac55 (type: ports) to 1 [pid: 7|app: 0|req: 442/888] 10.0.0.49 () {34 vars in 989 bytes} [Fri Apr 17 01:38:21 2026] GET /v2.0/ports?device_id=a3db250d-6a25-43cb-8bc7-2f39db3c690e => generated 971 bytes in 141 msecs (HTTP/1.1 200) 4 headers in 157 bytes (1 switches on core 0) [pid: 7|app: 0|req: 443/889] 10.0.0.49 () {34 vars in 1039 bytes} [Fri Apr 17 01:38:21 2026] GET /v2.0/security-groups?id=b6f8a675-43c0-455a-b250-ab08e1d22af2&fields=id&fields=name => generated 113 bytes in 46 msecs (HTTP/1.1 200) 4 headers in 157 bytes (1 switches on core 0) [pid: 7|app: 0|req: 444/890] 10.0.0.49 () {34 vars in 989 bytes} [Fri Apr 17 01:38:21 2026] GET /v2.0/ports?device_id=a3db250d-6a25-43cb-8bc7-2f39db3c690e => generated 971 bytes in 35 msecs (HTTP/1.1 200) 4 headers in 157 bytes (1 switches on core 0)
2026-04-17 01:38:22.253 8 INFO neutron.plugins.ml2.drivers.ovn.mech_driver.ovsdb.commands [-] Schedule LRP lrp-2141f75e-41fe-4e19-8730-dd03cf94ac55 on gateway 5096fb1c-e812-451a-80e9-064a8d277c1c with priority 1
2026-04-17 01:38:22.367 7 INFO neutron.plugins.ml2.drivers.ovn.mech_driver.mech_driver [None req-1888d6b9-4bd9-45d4-81ed-244b83ee40da - - - - - -] OVN reports status up for port: 2141f75e-41fe-4e19-8730-dd03cf94ac55
2026-04-17 01:38:22.412 7 INFO neutron.plugins.ml2.plugin [None req-1888d6b9-4bd9-45d4-81ed-244b83ee40da - - - - - -] Attempt 1 to provision port 2141f75e-41fe-4e19-8730-dd03cf94ac55
2026-04-17 01:38:22.412 8 INFO neutron.db.ovn_revision_numbers_db [None req-b7e44387-75a1-40fd-b11a-93133dcc098b 960bdbabff1d476f9f518953c91ec1ce 17f78795abf341bdb1a5897593b62a6b - - default default] Successfully bumped revision number for resource 2141f75e-41fe-4e19-8730-dd03cf94ac55 (type: router_ports) to 1
2026-04-17 01:38:22.499 8 INFO neutron.db.ovn_revision_numbers_db [None req-b7e44387-75a1-40fd-b11a-93133dcc098b 960bdbabff1d476f9f518953c91ec1ce 17f78795abf341bdb1a5897593b62a6b - - default default] Successfully bumped revision number for resource b03d85d1-3f39-4619-bb7e-46888c2a256a (type: routers) to 2 [pid: 8|app: 0|req: 447/891] 10.0.0.69 () {34 vars in 668 bytes} [Fri Apr 17 01:38:21 2026] POST /v2.0/routers => generated 969 bytes in 1449 msecs (HTTP/1.1 201) 4 headers in 162 bytes (1 switches on core 0)
2026-04-17 01:38:22.543 7 INFO neutron.db.ovn_revision_numbers_db [None req-819277fe-bdb2-440b-9afd-edfcae1f32c2 6b419b8dd6864ee599b60487b9585334 c56a0e79ca3247b6b9702716dcb1dab0 - - default default] Successfully bumped revision number for resource 111bc2d9-69a1-41c7-b55b-7dfdf620dd0f (type: floatingips) to 1
2026-04-17 01:38:22.667 7 INFO neutron.db.ovn_revision_numbers_db [None req-819277fe-bdb2-440b-9afd-edfcae1f32c2 6b419b8dd6864ee599b60487b9585334 c56a0e79ca3247b6b9702716dcb1dab0 - - default default] Successfully bumped revision number for resource 111bc2d9-69a1-41c7-b55b-7dfdf620dd0f (type: floatingips) to 2
2026-04-17 01:38:22.668 7 INFO neutron.db.l3_db [None req-819277fe-bdb2-440b-9afd-edfcae1f32c2 6b419b8dd6864ee599b60487b9585334 c56a0e79ca3247b6b9702716dcb1dab0 - - default default] Floating IP 111bc2d9-69a1-41c7-b55b-7dfdf620dd0f associated. External IP: 10.96.250.219, port: 800d53f7-62f0-410f-9113-c9f8acf650b2. [pid: 7|app: 0|req: 445/892] 10.0.0.69 () {34 vars in 748 bytes} [Fri Apr 17 01:38:21 2026] PUT /v2.0/floatingips/111bc2d9-69a1-41c7-b55b-7dfdf620dd0f => generated 855 bytes in 799 msecs (HTTP/1.1 200) 4 headers in 157 bytes (1 switches on core 0)
2026-04-17 01:38:22.842 8 INFO neutron.db.ovn_revision_numbers_db [None req-7e0b8595-7ec2-4b83-bc43-51bc4249980a f0504513a11f430eaa36bf334eb0baf1 ffbd9a6647294845ac13267db5962970 - - default default] Successfully bumped revision number for resource 5f2e7c5d-4b8f-4a86-80c4-bfd8fe049618 (type: security_groups) to 1
2026-04-17 01:38:22.854 8 INFO neutron.db.ovn_revision_numbers_db [None req-7e0b8595-7ec2-4b83-bc43-51bc4249980a f0504513a11f430eaa36bf334eb0baf1 ffbd9a6647294845ac13267db5962970 - - default default] Successfully bumped revision number for resource a95d1e86-5b94-47db-a682-0400baf9c896 (type: security_group_rules) to 0
2026-04-17 01:38:22.867 8 INFO neutron.db.ovn_revision_numbers_db [None req-7e0b8595-7ec2-4b83-bc43-51bc4249980a f0504513a11f430eaa36bf334eb0baf1 ffbd9a6647294845ac13267db5962970 - - default default] Successfully bumped revision number for resource cf6ee68d-bce7-44bb-9bc9-bdfc0ceb2567 (type: security_group_rules) to 0
2026-04-17 01:38:22.881 8 INFO neutron.db.ovn_revision_numbers_db [None req-7e0b8595-7ec2-4b83-bc43-51bc4249980a f0504513a11f430eaa36bf334eb0baf1 ffbd9a6647294845ac13267db5962970 - - default default] Successfully bumped revision number for resource e005b207-6c8f-4bce-9408-81d7d5dddb54 (type: security_group_rules) to 0
2026-04-17 01:38:22.894 8 INFO neutron.db.ovn_revision_numbers_db [None req-7e0b8595-7ec2-4b83-bc43-51bc4249980a f0504513a11f430eaa36bf334eb0baf1 ffbd9a6647294845ac13267db5962970 - - default default] Successfully bumped revision number for resource e190561e-8f0b-45b1-872b-062b8e576f9f (type: security_group_rules) to 0
2026-04-17 01:38:22.978 8 INFO neutron.db.segments_db [None req-7e0b8595-7ec2-4b83-bc43-51bc4249980a f0504513a11f430eaa36bf334eb0baf1 ffbd9a6647294845ac13267db5962970 - - default default] Added segment 66835484-c974-4a80-a7e9-33da45cacfc3 of type geneve for network 43cf064a-4502-4b28-a020-97b8d1684e95
2026-04-17 01:38:23.100 8 INFO neutron.db.ovn_revision_numbers_db [None req-7e0b8595-7ec2-4b83-bc43-51bc4249980a f0504513a11f430eaa36bf334eb0baf1 ffbd9a6647294845ac13267db5962970 - - default default] Successfully bumped revision number for resource 43cf064a-4502-4b28-a020-97b8d1684e95 (type: networks) to 1
2026-04-17 01:38:23.157 7 WARNING neutron.scheduler.dhcp_agent_scheduler [None req-06b8c7a7-a54c-4424-845f-ead93430f224 960bdbabff1d476f9f518953c91ec1ce 17f78795abf341bdb1a5897593b62a6b - - default default] No more DHCP agents
2026-04-17 01:38:23.160 7 WARNING neutron.api.rpc.agentnotifiers.dhcp_rpc_agent_api [None req-06b8c7a7-a54c-4424-845f-ead93430f224 960bdbabff1d476f9f518953c91ec1ce 17f78795abf341bdb1a5897593b62a6b - - default default] Unable to schedule network 9f9e8787-1e60-4c19-af11-ca486559156c: no agents available; will retry on subsequent port and subnet creation events.
2026-04-17 01:38:23.264 7 INFO neutron.notifiers.nova [-] Nova event matching ['req-18504f36-00f7-4102-b5d6-4462051255e7'] response: {'name': 'network-changed', 'server_uuid': 'a3db250d-6a25-43cb-8bc7-2f39db3c690e', 'tag': '800d53f7-62f0-410f-9113-c9f8acf650b2', 'status': 'completed', 'code': 200}
2026-04-17 01:38:23.313 8 WARNING neutron.scheduler.dhcp_agent_scheduler [None req-7e0b8595-7ec2-4b83-bc43-51bc4249980a f0504513a11f430eaa36bf334eb0baf1 ffbd9a6647294845ac13267db5962970 - - default default] No more DHCP agents
2026-04-17 01:38:23.316 8 WARNING neutron.api.rpc.agentnotifiers.dhcp_rpc_agent_api [None req-7e0b8595-7ec2-4b83-bc43-51bc4249980a f0504513a11f430eaa36bf334eb0baf1 ffbd9a6647294845ac13267db5962970 - - default default] Unable to schedule network 43cf064a-4502-4b28-a020-97b8d1684e95: no agents available; will retry on subsequent port and subnet creation events.
2026-04-17 01:38:23.361 7 INFO neutron.db.ovn_revision_numbers_db [None req-06b8c7a7-a54c-4424-845f-ead93430f224 960bdbabff1d476f9f518953c91ec1ce 17f78795abf341bdb1a5897593b62a6b - - default default] Successfully bumped revision number for resource 3eac7916-b971-4e97-a952-f40269356380 (type: ports) to 1
2026-04-17 01:38:23.440 8 INFO neutron.db.ovn_revision_numbers_db [None req-7e0b8595-7ec2-4b83-bc43-51bc4249980a f0504513a11f430eaa36bf334eb0baf1 ffbd9a6647294845ac13267db5962970 - - default default] Successfully bumped revision number for resource cb745d33-da16-4caf-a243-9122ee52d66c (type: ports) to 1 [pid: 8|app: 0|req: 448/893] 10.0.0.69 () {34 vars in 669 bytes} [Fri Apr 17 01:38:22 2026] POST /v2.0/networks => generated 652 bytes in 948 msecs (HTTP/1.1 201) 4 headers in 162 bytes (1 switches on core 0)
2026-04-17 01:38:23.559 8 INFO neutron.db.segments_db [None req-f7a20367-26f0-4eed-89f6-ebba3fa4d991 f0504513a11f430eaa36bf334eb0baf1 ffbd9a6647294845ac13267db5962970 - - default default] Added segment 192fa2d5-7f7f-422c-9f63-b062724fd004 of type geneve for network 0f45d857-b62b-4336-8193-8d4b1909583a
2026-04-17 01:38:23.684 8 INFO neutron.db.ovn_revision_numbers_db [None req-f7a20367-26f0-4eed-89f6-ebba3fa4d991 f0504513a11f430eaa36bf334eb0baf1 ffbd9a6647294845ac13267db5962970 - - default default] Successfully bumped revision number for resource 0f45d857-b62b-4336-8193-8d4b1909583a (type: networks) to 1
2026-04-17 01:38:23.866 8 WARNING neutron.scheduler.dhcp_agent_scheduler [None req-f7a20367-26f0-4eed-89f6-ebba3fa4d991 f0504513a11f430eaa36bf334eb0baf1 ffbd9a6647294845ac13267db5962970 - - default default] No more DHCP agents
2026-04-17 01:38:23.868 8 WARNING neutron.api.rpc.agentnotifiers.dhcp_rpc_agent_api [None req-f7a20367-26f0-4eed-89f6-ebba3fa4d991 f0504513a11f430eaa36bf334eb0baf1 ffbd9a6647294845ac13267db5962970 - - default default] Unable to schedule network 0f45d857-b62b-4336-8193-8d4b1909583a: no agents available; will retry on subsequent port and subnet creation events.
2026-04-17 01:38:24.005 8 INFO neutron.db.ovn_revision_numbers_db [None req-f7a20367-26f0-4eed-89f6-ebba3fa4d991 f0504513a11f430eaa36bf334eb0baf1 ffbd9a6647294845ac13267db5962970 - - default default] Successfully bumped revision number for resource 75718c19-3609-49d0-b8c9-697fab2d19d1 (type: ports) to 1 [pid: 8|app: 0|req: 449/894] 10.0.0.69 () {34 vars in 669 bytes} [Fri Apr 17 01:38:23 2026] POST /v2.0/networks => generated 653 bytes in 568 msecs (HTTP/1.1 201) 4 headers in 162 bytes (1 switches on core 0) [pid: 8|app: 0|req: 450/895] 199.204.45.144 () {34 vars in 1080 bytes} [Fri Apr 17 01:38:24 2026] GET /v2.0/ports?tenant_id=c56a0e79ca3247b6b9702716dcb1dab0&device_id=a3db250d-6a25-43cb-8bc7-2f39db3c690e => generated 1209 bytes in 33 msecs (HTTP/1.1 200) 4 headers in 158 bytes (1 switches on core 0)
2026-04-17 01:38:24.211 7 WARNING neutron.scheduler.dhcp_agent_scheduler [None req-06b8c7a7-a54c-4424-845f-ead93430f224 960bdbabff1d476f9f518953c91ec1ce 17f78795abf341bdb1a5897593b62a6b - - default default] No more DHCP agents
2026-04-17 01:38:24.213 7 WARNING neutron.api.rpc.agentnotifiers.dhcp_rpc_agent_api [None req-06b8c7a7-a54c-4424-845f-ead93430f224 960bdbabff1d476f9f518953c91ec1ce 17f78795abf341bdb1a5897593b62a6b - - default default] Unable to schedule network 9f9e8787-1e60-4c19-af11-ca486559156c: no agents available; will retry on subsequent port and subnet creation events.
2026-04-17 01:38:24.359 8 INFO neutron.db.ovn_revision_numbers_db [None req-6edc3948-ace8-4218-85ac-5cadeae475ff 960bdbabff1d476f9f518953c91ec1ce 17f78795abf341bdb1a5897593b62a6b - - default default] Successfully bumped revision number for resource 6159e569-efb4-4933-b764-af10bc0f9317 (type: security_groups) to 1
2026-04-17 01:38:24.369 8 INFO neutron.db.ovn_revision_numbers_db [None req-6edc3948-ace8-4218-85ac-5cadeae475ff 960bdbabff1d476f9f518953c91ec1ce 17f78795abf341bdb1a5897593b62a6b - - default default] Successfully bumped revision number for resource 9b548b81-1c6f-4b23-bc5c-f308db9a2cc9 (type: security_group_rules) to 0
2026-04-17 01:38:24.379 8 INFO neutron.db.ovn_revision_numbers_db [None req-6edc3948-ace8-4218-85ac-5cadeae475ff 960bdbabff1d476f9f518953c91ec1ce 17f78795abf341bdb1a5897593b62a6b - - default default] Successfully bumped revision number for resource a799eee3-8f48-4274-8a8e-4d57f9295030 (type: security_group_rules) to 0
2026-04-17 01:38:24.390 8 INFO neutron.db.ovn_revision_numbers_db [None req-6edc3948-ace8-4218-85ac-5cadeae475ff 960bdbabff1d476f9f518953c91ec1ce 17f78795abf341bdb1a5897593b62a6b - - default default] Successfully bumped revision number for resource ac862478-7e0f-43f0-a5a1-38801ce0b9fe (type: security_group_rules) to 0
2026-04-17 01:38:24.401 8 INFO neutron.db.ovn_revision_numbers_db [None req-6edc3948-ace8-4218-85ac-5cadeae475ff 960bdbabff1d476f9f518953c91ec1ce 17f78795abf341bdb1a5897593b62a6b - - default default] Successfully bumped revision number for resource f53c472d-2d2c-4d53-b4a6-d4b8548f1b58 (type: security_group_rules) to 0 [pid: 8|app: 0|req: 451/896] 10.0.0.69 () {32 vars in 773 bytes} [Fri Apr 17 01:38:24 2026] GET /v2.0/security-groups?tenant_id=725558501b63497ebbe88f9eabec371a&name=default => generated 2925 bytes in 366 msecs (HTTP/1.1 200) 4 headers in 158 bytes (1 switches on core 0)
2026-04-17 01:38:24.600 8 WARNING neutron.scheduler.dhcp_agent_scheduler [None req-30e391d7-fd2e-4e8e-90d6-20a761b12518 f0504513a11f430eaa36bf334eb0baf1 ffbd9a6647294845ac13267db5962970 - - default default] No more DHCP agents
2026-04-17 01:38:24.601 8 WARNING neutron.api.rpc.agentnotifiers.dhcp_rpc_agent_api [None req-30e391d7-fd2e-4e8e-90d6-20a761b12518 f0504513a11f430eaa36bf334eb0baf1 ffbd9a6647294845ac13267db5962970 - - default default] Unable to schedule network 43cf064a-4502-4b28-a020-97b8d1684e95: no agents available; will retry on subsequent port and subnet creation events.
2026-04-17 01:38:24.647 8 INFO neutron.db.ovn_revision_numbers_db [None req-30e391d7-fd2e-4e8e-90d6-20a761b12518 f0504513a11f430eaa36bf334eb0baf1 ffbd9a6647294845ac13267db5962970 - - default default] Successfully bumped revision number for resource dd0e69bb-d9f1-4cf0-b2f8-08338db6caa1 (type: subnets) to 0 [pid: 8|app: 0|req: 452/897] 10.0.0.69 () {34 vars in 668 bytes} [Fri Apr 17 01:38:24 2026] POST /v2.0/subnets => generated 646 bytes in 253 msecs (HTTP/1.1 201) 4 headers in 162 bytes (1 switches on core 0) [pid: 8|app: 0|req: 453/898] 199.204.45.144 () {34 vars in 986 bytes} [Fri Apr 17 01:38:24 2026] GET /v2.0/networks?id=82bc8b72-3fce-4d96-8920-16fad0b54a68 => generated 812 bytes in 111 msecs (HTTP/1.1 200) 4 headers in 157 bytes (1 switches on core 0)
2026-04-17 01:38:24.844 7 INFO neutron.db.ovn_revision_numbers_db [None req-06b8c7a7-a54c-4424-845f-ead93430f224 960bdbabff1d476f9f518953c91ec1ce 17f78795abf341bdb1a5897593b62a6b - - default default] Successfully bumped revision number for resource 3eac7916-b971-4e97-a952-f40269356380 (type: router_ports) to 1 [pid: 7|app: 0|req: 446/899] 10.0.0.69 () {34 vars in 782 bytes} [Fri Apr 17 01:38:22 2026] PUT /v2.0/routers/b03d85d1-3f39-4619-bb7e-46888c2a256a/add_router_interface => generated 309 bytes in 2155 msecs (HTTP/1.1 200) 4 headers in 157 bytes (1 switches on core 0) [pid: 8|app: 0|req: 454/900] 10.0.0.69 () {32 vars in 739 bytes} [Fri Apr 17 01:38:24 2026] DELETE /v2.0/security-groups/6159e569-efb4-4933-b764-af10bc0f9317 => generated 0 bytes in 275 msecs (HTTP/1.1 204) 2 headers in 112 bytes (1 switches on core 0)
2026-04-17 01:38:25.102 7 WARNING neutron.scheduler.dhcp_agent_scheduler [None req-1e3e0efc-08c4-4063-8401-fd0d4addc399 f0504513a11f430eaa36bf334eb0baf1 ffbd9a6647294845ac13267db5962970 - - default default] No more DHCP agents
2026-04-17 01:38:25.104 7 WARNING neutron.api.rpc.agentnotifiers.dhcp_rpc_agent_api [None req-1e3e0efc-08c4-4063-8401-fd0d4addc399 f0504513a11f430eaa36bf334eb0baf1 ffbd9a6647294845ac13267db5962970 - - default default] Unable to schedule network 0f45d857-b62b-4336-8193-8d4b1909583a: no agents available; will retry on subsequent port and subnet creation events. [pid: 8|app: 0|req: 455/901] 199.204.45.144 () {34 vars in 1058 bytes} [Fri Apr 17 01:38:25 2026] GET /v2.0/floatingips?fixed_ip_address=10.100.0.7&port_id=800d53f7-62f0-410f-9113-c9f8acf650b2 => generated 860 bytes in 54 msecs (HTTP/1.1 200) 4 headers in 157 bytes (1 switches on core 0)
2026-04-17 01:38:25.147 7 INFO neutron.db.ovn_revision_numbers_db [None req-1e3e0efc-08c4-4063-8401-fd0d4addc399 f0504513a11f430eaa36bf334eb0baf1 ffbd9a6647294845ac13267db5962970 - - default default] Successfully bumped revision number for resource 4f372c5c-c74a-4e32-8c67-2a4535e658d5 (type: subnets) to 0 [pid: 7|app: 0|req: 447/902] 10.0.0.69 () {34 vars in 668 bytes} [Fri Apr 17 01:38:24 2026] POST /v2.0/subnets => generated 655 bytes in 315 msecs (HTTP/1.1 201) 4 headers in 162 bytes (1 switches on core 0) [pid: 8|app: 0|req: 456/903] 199.204.45.144 () {34 vars in 984 bytes} [Fri Apr 17 01:38:25 2026] GET /v2.0/subnets?id=e7bf5732-b426-415e-b983-6fa06184a08a => generated 693 bytes in 39 msecs (HTTP/1.1 200) 4 headers in 157 bytes (1 switches on core 0)
2026-04-17 01:38:25.328 8 INFO neutron.db.ovn_revision_numbers_db [None req-ae5bc289-7416-4fbc-81db-ce8ff8d3313c f0504513a11f430eaa36bf334eb0baf1 ffbd9a6647294845ac13267db5962970 - - default default] Successfully bumped revision number for resource cc1a8fd6-63a7-4f73-95e1-f464de429b3f (type: routers) to 1 [pid: 8|app: 0|req: 457/904] 10.0.0.69 () {34 vars in 668 bytes} [Fri Apr 17 01:38:25 2026] POST /v2.0/routers => generated 606 bytes in 174 msecs (HTTP/1.1 201) 4 headers in 162 bytes (1 switches on core 0)
2026-04-17 01:38:25.358 7 INFO neutron.db.ovn_revision_numbers_db [None req-0df80a74-7a1e-4097-a8fc-14efbd834e29 960bdbabff1d476f9f518953c91ec1ce 17f78795abf341bdb1a5897593b62a6b - - default default] Successfully bumped revision number for resource c6fc5309-b27e-423e-b5dc-40caf9fc8d37 (type: security_groups) to 1
2026-04-17 01:38:25.368 7 INFO neutron.db.ovn_revision_numbers_db [None req-0df80a74-7a1e-4097-a8fc-14efbd834e29 960bdbabff1d476f9f518953c91ec1ce 17f78795abf341bdb1a5897593b62a6b - - default default] Successfully bumped revision number for resource 213d1948-c929-435e-9421-6c1d96cd4c67 (type: security_group_rules) to 0 [pid: 8|app: 0|req: 458/905] 199.204.45.144 () {34 vars in 1052 bytes} [Fri Apr 17 01:38:25 2026] GET /v2.0/ports?network_id=82bc8b72-3fce-4d96-8920-16fad0b54a68&device_owner=network%3Adhcp => generated 12 bytes in 25 msecs (HTTP/1.1 200) 4 headers in 156 bytes (1 switches on core 0)
