2026-04-17 01:39:53.140 8 WARNING neutron.api.rpc.agentnotifiers.dhcp_rpc_agent_api [None req-991937e6-177a-4bdd-b8f0-dd654930daba 51ec1315978749d7a1e6c5835af34af6 622b7fc014a84c6491fafdb4c515e400 - - default default] Unable to schedule network f4c010f6-e70e-4533-83d8-2741dd15f1cb: no agents available; will retry on subsequent port and subnet creation events. [pid: 7|app: 0|req: 777/1516] 10.0.0.69 () {32 vars in 723 bytes} [Fri Apr 17 01:39:52 2026] DELETE /v2.0/routers/787879c2-2808-464f-8df5-80d7829c0c16 => generated 0 bytes in 916 msecs (HTTP/1.1 204) 2 headers in 112 bytes (1 switches on core 0)
2026-04-17 01:39:53.245 8 INFO neutron.db.ovn_revision_numbers_db [None req-991937e6-177a-4bdd-b8f0-dd654930daba 51ec1315978749d7a1e6c5835af34af6 622b7fc014a84c6491fafdb4c515e400 - - default default] Successfully bumped revision number for resource b59c5a57-7e61-478b-8bce-5f2704db3e40 (type: ports) to 1
2026-04-17 01:39:53.257 7 INFO neutron.plugins.ml2.drivers.ovn.mech_driver.mech_driver [None req-223ec9d0-2712-431c-ad0b-647841021712 - - - - - -] OVN reports status down for port: b59c5a57-7e61-478b-8bce-5f2704db3e40 [pid: 8|app: 0|req: 740/1517] 10.0.0.69 () {34 vars in 669 bytes} [Fri Apr 17 01:39:52 2026] POST /v2.0/networks => generated 669 bytes in 530 msecs (HTTP/1.1 201) 4 headers in 162 bytes (1 switches on core 0) [pid: 8|app: 0|req: 741/1518] 10.0.0.69 () {32 vars in 723 bytes} [Fri Apr 17 01:39:53 2026] DELETE /v2.0/subnets/30f1c5b8-5a58-4e91-91a4-dfcda21d7fe2 => generated 0 bytes in 118 msecs (HTTP/1.1 204) 3 headers in 131 bytes (1 switches on core 0)
2026-04-17 01:39:53.459 7 WARNING neutron.scheduler.dhcp_agent_scheduler [None req-cc204a3d-ce6e-4387-95e0-e402a37c198e bea9cc3cdec44cefabe63b7d3b155e7c 8cdfd7535a464ac8b9a3ab0c27194353 - - default default] No more DHCP agents
2026-04-17 01:39:53.460 8 INFO neutron.db.segments_db [None req-bbf679a2-74e7-4df7-93e0-53379ea40b71 51ec1315978749d7a1e6c5835af34af6 622b7fc014a84c6491fafdb4c515e400 - - default default] Added segment 180b9d11-3adb-406b-ac76-7856290d267b of type geneve for network 630e6df2-0739-4314-8817-a3ad8abf7df2
2026-04-17 01:39:53.461 7 WARNING neutron.api.rpc.agentnotifiers.dhcp_rpc_agent_api [None req-cc204a3d-ce6e-4387-95e0-e402a37c198e bea9cc3cdec44cefabe63b7d3b155e7c 8cdfd7535a464ac8b9a3ab0c27194353 - - default default] Unable to schedule network b5096a1e-a938-4cff-8dec-d86d9fb084ee: no agents available; will retry on subsequent port and subnet creation events.
2026-04-17 01:39:53.534 7 INFO neutron.plugins.ml2.drivers.ovn.mech_driver.mech_driver [None req-223ec9d0-2712-431c-ad0b-647841021712 - - - - - -] OVN reports status down for port: 7ff9957d-8bfd-47fc-ad10-039603746592
2026-04-17 01:39:53.640 7 INFO neutron.db.ovn_revision_numbers_db [None req-cc204a3d-ce6e-4387-95e0-e402a37c198e bea9cc3cdec44cefabe63b7d3b155e7c 8cdfd7535a464ac8b9a3ab0c27194353 - - default default] Successfully bumped revision number for resource 7ff9957d-8bfd-47fc-ad10-039603746592 (type: ports) to 1
2026-04-17 01:39:53.641 8 INFO neutron.db.ovn_revision_numbers_db [None req-bbf679a2-74e7-4df7-93e0-53379ea40b71 51ec1315978749d7a1e6c5835af34af6 622b7fc014a84c6491fafdb4c515e400 - - default default] Successfully bumped revision number for resource 630e6df2-0739-4314-8817-a3ad8abf7df2 (type: networks) to 1 [pid: 7|app: 0|req: 778/1519] 10.0.0.69 () {34 vars in 663 bytes} [Fri Apr 17 01:39:53 2026] POST /v2.0/ports => generated 743 bytes in 572 msecs (HTTP/1.1 201) 4 headers in 162 bytes (1 switches on core 0) /var/lib/openstack/lib/python3.12/site-packages/pycadf/identifier.py:70: UserWarning: Invalid uuid: neutron. To ensure interoperability, identifiers should be a valid uuid. warnings.warn(('Invalid uuid: %s. To ensure interoperability, '
2026-04-17 01:39:53.778 8 WARNING neutron.scheduler.dhcp_agent_scheduler [None req-bbf679a2-74e7-4df7-93e0-53379ea40b71 51ec1315978749d7a1e6c5835af34af6 622b7fc014a84c6491fafdb4c515e400 - - default default] No more DHCP agents
2026-04-17 01:39:53.781 8 WARNING neutron.api.rpc.agentnotifiers.dhcp_rpc_agent_api [None req-bbf679a2-74e7-4df7-93e0-53379ea40b71 51ec1315978749d7a1e6c5835af34af6 622b7fc014a84c6491fafdb4c515e400 - - default default] Unable to schedule network 630e6df2-0739-4314-8817-a3ad8abf7df2: no agents available; will retry on subsequent port and subnet creation events. [pid: 7|app: 0|req: 779/1520] 10.0.0.49 () {34 vars in 989 bytes} [Fri Apr 17 01:39:53 2026] GET /v2.0/ports?device_id=79ef039c-02cb-4f81-9267-6a37cdd569bf => generated 975 bytes in 76 msecs (HTTP/1.1 200) 4 headers in 157 bytes (1 switches on core 0)
2026-04-17 01:39:53.857 7 INFO neutron.plugins.ml2.drivers.ovn.mech_driver.mech_driver [None req-223ec9d0-2712-431c-ad0b-647841021712 - - - - - -] OVN reports status down for port: 229bec65-4fa5-49a9-8e1c-d764f8b9e855
2026-04-17 01:39:53.894 8 INFO neutron.db.ovn_revision_numbers_db [None req-bbf679a2-74e7-4df7-93e0-53379ea40b71 51ec1315978749d7a1e6c5835af34af6 622b7fc014a84c6491fafdb4c515e400 - - default default] Successfully bumped revision number for resource 229bec65-4fa5-49a9-8e1c-d764f8b9e855 (type: ports) to 1 [pid: 8|app: 0|req: 742/1521] 10.0.0.69 () {34 vars in 669 bytes} [Fri Apr 17 01:39:53 2026] POST /v2.0/networks => generated 669 bytes in 549 msecs (HTTP/1.1 201) 4 headers in 162 bytes (1 switches on core 0)
2026-04-17 01:39:54.044 8 INFO neutron.db.segments_db [None req-1787420d-d117-4616-9afb-340ae33d2dcf bea9cc3cdec44cefabe63b7d3b155e7c 8cdfd7535a464ac8b9a3ab0c27194353 - - default default] Added segment c9b313f6-052c-43df-8c5f-c47d240098f1 of type geneve for network 9d4f5dd1-d9a6-463e-96bc-8ac88f838fcc
2026-04-17 01:39:54.055 7 INFO neutron_taas.services.taas.taas_plugin [None req-5a86c50a-1f40-4d18-99e7-b9511e28e080 007a40dba91c4d84a2d9849ec372adfb a6e3d315bbb9489fb30b56733244f9c6 - - default default] TaaS: Handle Delete Port: 3bb5848e-412f-4ff9-98be-e5cc5b2e9d67
2026-04-17 01:39:54.057 7 INFO neutron_taas.services.taas.tap_mirror_plugin [None req-5a86c50a-1f40-4d18-99e7-b9511e28e080 007a40dba91c4d84a2d9849ec372adfb a6e3d315bbb9489fb30b56733244f9c6 - - default default] Tap Mirror: Handle Delete Port: 3bb5848e-412f-4ff9-98be-e5cc5b2e9d67
2026-04-17 01:39:54.192 8 INFO neutron.db.ovn_revision_numbers_db [None req-1787420d-d117-4616-9afb-340ae33d2dcf bea9cc3cdec44cefabe63b7d3b155e7c 8cdfd7535a464ac8b9a3ab0c27194353 - - default default] Successfully bumped revision number for resource 9d4f5dd1-d9a6-463e-96bc-8ac88f838fcc (type: networks) to 1
2026-04-17 01:39:54.273 7 INFO neutron.services.segments.plugin [-] Segment f30919e2-078d-45f1-bf41-d1f152e9da77 resource provider aggregate not found
2026-04-17 01:39:54.276 7 INFO neutron.services.segments.plugin [-] Segment f30919e2-078d-45f1-bf41-d1f152e9da77 resource provider aggregate not found
2026-04-17 01:39:54.290 7 INFO neutron.services.segments.plugin [-] Segment f30919e2-078d-45f1-bf41-d1f152e9da77 resource provider not found; error: Placement Client Error (4xx): {"errors": [{"status": 404, "title": "Not Found", "detail": "The resource could not be found.\n\n No resource provider with uuid f30919e2-078d-45f1-bf41-d1f152e9da77 found for delete ", "request_id": "req-efef2108-1184-42ad-951f-bb53bea35d25"}]}
2026-04-17 01:39:54.296 7 INFO neutron.services.segments.plugin [-] Segment f30919e2-078d-45f1-bf41-d1f152e9da77 resource provider not found; error: Placement Client Error (4xx): {"errors": [{"status": 404, "title": "Not Found", "detail": "The resource could not be found.\n\n No resource provider with uuid f30919e2-078d-45f1-bf41-d1f152e9da77 found for delete ", "request_id": "req-08693a94-1a48-4524-873b-eef618159580"}]} [pid: 7|app: 0|req: 780/1522] 10.0.0.69 () {32 vars in 725 bytes} [Fri Apr 17 01:39:53 2026] DELETE /v2.0/networks/503b4fa7-c380-4f35-8625-8d785c14ed55 => generated 0 bytes in 536 msecs (HTTP/1.1 204) 3 headers in 131 bytes (1 switches on core 0) [pid: 7|app: 0|req: 781/1523] 10.0.0.49 () {34 vars in 1039 bytes} [Fri Apr 17 01:39:54 2026] GET /v2.0/security-groups?id=6572937c-b512-4c01-87ad-79b432bc1189&fields=id&fields=name => generated 88 bytes in 26 msecs (HTTP/1.1 200) 4 headers in 156 bytes (1 switches on core 0)
2026-04-17 01:39:54.389 8 WARNING neutron.scheduler.dhcp_agent_scheduler [None req-1787420d-d117-4616-9afb-340ae33d2dcf bea9cc3cdec44cefabe63b7d3b155e7c 8cdfd7535a464ac8b9a3ab0c27194353 - - default default] No more DHCP agents
2026-04-17 01:39:54.390 8 WARNING neutron.api.rpc.agentnotifiers.dhcp_rpc_agent_api [None req-1787420d-d117-4616-9afb-340ae33d2dcf bea9cc3cdec44cefabe63b7d3b155e7c 8cdfd7535a464ac8b9a3ab0c27194353 - - default default] Unable to schedule network 9d4f5dd1-d9a6-463e-96bc-8ac88f838fcc: no agents available; will retry on subsequent port and subnet creation events.
2026-04-17 01:39:54.488 7 INFO neutron.plugins.ml2.drivers.ovn.mech_driver.mech_driver [None req-223ec9d0-2712-431c-ad0b-647841021712 - - - - - -] OVN reports status down for port: 533dacd7-bed1-4007-b0fc-32e2abf9660e
2026-04-17 01:39:54.495 8 INFO neutron.db.ovn_revision_numbers_db [None req-1787420d-d117-4616-9afb-340ae33d2dcf bea9cc3cdec44cefabe63b7d3b155e7c 8cdfd7535a464ac8b9a3ab0c27194353 - - default default] Successfully bumped revision number for resource 533dacd7-bed1-4007-b0fc-32e2abf9660e (type: ports) to 1 [pid: 8|app: 0|req: 743/1524] 10.0.0.69 () {34 vars in 669 bytes} [Fri Apr 17 01:39:53 2026] POST /v2.0/networks => generated 651 bytes in 583 msecs (HTTP/1.1 201) 4 headers in 162 bytes (1 switches on core 0)
2026-04-17 01:39:54.735 8 WARNING neutron.scheduler.dhcp_agent_scheduler [None req-c0772f5a-3657-48a5-a097-f66f231cd03a bea9cc3cdec44cefabe63b7d3b155e7c 8cdfd7535a464ac8b9a3ab0c27194353 - - default default] No more DHCP agents
2026-04-17 01:39:54.736 8 WARNING neutron.api.rpc.agentnotifiers.dhcp_rpc_agent_api [None req-c0772f5a-3657-48a5-a097-f66f231cd03a bea9cc3cdec44cefabe63b7d3b155e7c 8cdfd7535a464ac8b9a3ab0c27194353 - - default default] Unable to schedule network 9d4f5dd1-d9a6-463e-96bc-8ac88f838fcc: no agents available; will retry on subsequent port and subnet creation events.
2026-04-17 01:39:54.802 7 WARNING neutron.scheduler.dhcp_agent_scheduler [None req-ef146c8c-1a78-4f72-b575-33ec9ec9d918 51ec1315978749d7a1e6c5835af34af6 622b7fc014a84c6491fafdb4c515e400 - - default default] No more DHCP agents
2026-04-17 01:39:54.807 7 WARNING neutron.api.rpc.agentnotifiers.dhcp_rpc_agent_api [None req-ef146c8c-1a78-4f72-b575-33ec9ec9d918 51ec1315978749d7a1e6c5835af34af6 622b7fc014a84c6491fafdb4c515e400 - - default default] Unable to schedule network f4c010f6-e70e-4533-83d8-2741dd15f1cb: no agents available; will retry on subsequent port and subnet creation events.
2026-04-17 01:39:54.846 7 INFO neutron.plugins.ml2.drivers.ovn.mech_driver.mech_driver [None req-223ec9d0-2712-431c-ad0b-647841021712 - - - - - -] OVN reports status down for port: 9b2cf953-ed6d-4178-aab3-44905af35887
2026-04-17 01:39:54.865 8 INFO neutron.db.ovn_revision_numbers_db [None req-c0772f5a-3657-48a5-a097-f66f231cd03a bea9cc3cdec44cefabe63b7d3b155e7c 8cdfd7535a464ac8b9a3ab0c27194353 - - default default] Successfully bumped revision number for resource 9b2cf953-ed6d-4178-aab3-44905af35887 (type: ports) to 1 [pid: 8|app: 0|req: 744/1525] 10.0.0.69 () {34 vars in 663 bytes} [Fri Apr 17 01:39:54 2026] POST /v2.0/ports => generated 743 bytes in 390 msecs (HTTP/1.1 201) 4 headers in 162 bytes (1 switches on core 0) /var/lib/openstack/lib/python3.12/site-packages/pycadf/identifier.py:70: UserWarning: Invalid uuid: neutron. To ensure interoperability, identifiers should be a valid uuid. warnings.warn(('Invalid uuid: %s. To ensure interoperability, ' [pid: 8|app: 0|req: 745/1526] 10.0.0.69 () {32 vars in 773 bytes} [Fri Apr 17 01:39:54 2026] GET /v2.0/security-groups?tenant_id=a6e3d315bbb9489fb30b56733244f9c6&name=default => generated 2925 bytes in 102 msecs (HTTP/1.1 200) 4 headers in 158 bytes (1 switches on core 0) [pid: 8|app: 0|req: 746/1527] 10.0.0.69 () {34 vars in 746 bytes} [Fri Apr 17 01:39:55 2026] PUT /v2.0/ports/09f1fc10-2061-48a8-995b-342ca038636f/tags => generated 17 bytes in 59 msecs (HTTP/1.1 200) 4 headers in 156 bytes (1 switches on core 0) /var/lib/openstack/lib/python3.12/site-packages/pycadf/identifier.py:70: UserWarning: Invalid uuid: neutron. To ensure interoperability, identifiers should be a valid uuid. warnings.warn(('Invalid uuid: %s. To ensure interoperability, ' [pid: 8|app: 0|req: 747/1528] 10.0.0.69 () {32 vars in 739 bytes} [Fri Apr 17 01:39:55 2026] DELETE /v2.0/security-groups/3ddc46c4-4f94-4472-835b-358f54f99891 => generated 0 bytes in 259 msecs (HTTP/1.1 204) 2 headers in 112 bytes (1 switches on core 0) [pid: 8|app: 0|req: 748/1529] 10.0.0.69 () {34 vars in 746 bytes} [Fri Apr 17 01:39:55 2026] PUT /v2.0/ports/47579c93-9c2b-4c8a-b830-7b1f08c8e886/tags => generated 25 bytes in 72 msecs (HTTP/1.1 200) 4 headers in 156 bytes (1 switches on core 0) /var/lib/openstack/lib/python3.12/site-packages/pycadf/identifier.py:70: UserWarning: Invalid uuid: neutron. To ensure interoperability, identifiers should be a valid uuid. warnings.warn(('Invalid uuid: %s. To ensure interoperability, '
2026-04-17 01:39:55.429 7 INFO neutron.db.ovn_revision_numbers_db [None req-ea67a984-b9a4-4ccd-8b55-c9480fd6dc12 - - - - - -] Successfully bumped revision number for resource b59c5a57-7e61-478b-8bce-5f2704db3e40 (type: ports) to 2 [pid: 8|app: 0|req: 749/1530] 10.0.0.69 () {34 vars in 746 bytes} [Fri Apr 17 01:39:55 2026] PUT /v2.0/ports/06451bca-f469-462e-b4b9-442328b46f8f/tags => generated 34 bytes in 54 msecs (HTTP/1.1 200) 4 headers in 156 bytes (1 switches on core 0)
2026-04-17 01:39:55.464 7 INFO neutron.db.ovn_revision_numbers_db [None req-ea67a984-b9a4-4ccd-8b55-c9480fd6dc12 - - - - - -] Successfully bumped revision number for resource 822fb317-407f-414d-9391-cc5175b39507 (type: subnets) to 0 /var/lib/openstack/lib/python3.12/site-packages/pycadf/identifier.py:70: UserWarning: Invalid uuid: neutron. To ensure interoperability, identifiers should be a valid uuid. warnings.warn(('Invalid uuid: %s. To ensure interoperability, '
2026-04-17 01:39:55.492 7 WARNING neutron.scheduler.dhcp_agent_scheduler [None req-ef146c8c-1a78-4f72-b575-33ec9ec9d918 51ec1315978749d7a1e6c5835af34af6 622b7fc014a84c6491fafdb4c515e400 - - default default] No more DHCP agents
2026-04-17 01:39:55.493 7 WARNING neutron.api.rpc.agentnotifiers.dhcp_rpc_agent_api [None req-ef146c8c-1a78-4f72-b575-33ec9ec9d918 51ec1315978749d7a1e6c5835af34af6 622b7fc014a84c6491fafdb4c515e400 - - default default] Unable to schedule network 630e6df2-0739-4314-8817-a3ad8abf7df2: no agents available; will retry on subsequent port and subnet creation events. [pid: 8|app: 0|req: 750/1531] 10.0.0.69 () {34 vars in 746 bytes} [Fri Apr 17 01:39:55 2026] PUT /v2.0/ports/7ff9957d-8bfd-47fc-ad10-039603746592/tags => generated 19 bytes in 58 msecs (HTTP/1.1 200) 4 headers in 156 bytes (1 switches on core 0) /var/lib/openstack/lib/python3.12/site-packages/pycadf/identifier.py:70: UserWarning: Invalid uuid: neutron. To ensure interoperability, identifiers should be a valid uuid. warnings.warn(('Invalid uuid: %s. To ensure interoperability, ' [pid: 8|app: 0|req: 751/1532] 10.0.0.69 () {32 vars in 659 bytes} [Fri Apr 17 01:39:55 2026] GET /v2.0/ports?tags=red => generated 2253 bytes in 113 msecs (HTTP/1.1 200) 4 headers in 158 bytes (1 switches on core 0) [pid: 8|app: 0|req: 752/1533] 10.0.0.69 () {32 vars in 673 bytes} [Fri Apr 17 01:39:55 2026] GET /v2.0/ports?tags=red%2Cblue => generated 1513 bytes in 99 msecs (HTTP/1.1 200) 4 headers in 158 bytes (1 switches on core 0) [pid: 8|app: 0|req: 753/1534] 10.0.0.49 () {34 vars in 989 bytes} [Fri Apr 17 01:39:55 2026] GET /v2.0/ports?device_id=79ef039c-02cb-4f81-9267-6a37cdd569bf => generated 975 bytes in 60 msecs (HTTP/1.1 200) 4 headers in 157 bytes (1 switches on core 0) [pid: 8|app: 0|req: 754/1535] 10.0.0.69 () {32 vars in 669 bytes} [Fri Apr 17 01:39:55 2026] GET /v2.0/ports?tags-any=blue => generated 1513 bytes in 58 msecs (HTTP/1.1 200) 4 headers in 158 bytes (1 switches on core 0) [pid: 8|app: 0|req: 755/1536] 10.0.0.49 () {34 vars in 1039 bytes} [Fri Apr 17 01:39:55 2026] GET /v2.0/security-groups?id=6572937c-b512-4c01-87ad-79b432bc1189&fields=id&fields=name => generated 88 bytes in 61 msecs (HTTP/1.1 200) 4 headers in 156 bytes (1 switches on core 0)
2026-04-17 01:39:55.955 7 INFO neutron.db.ovn_revision_numbers_db [None req-3314b80f-2e04-4d6f-8504-912a7b6c99bb - - - - - -] Successfully bumped revision number for resource 229bec65-4fa5-49a9-8e1c-d764f8b9e855 (type: ports) to 2 [pid: 8|app: 0|req: 756/1537] 10.0.0.69 () {32 vars in 681 bytes} [Fri Apr 17 01:39:55 2026] GET /v2.0/ports?tags-any=red%2Cblue => generated 2253 bytes in 50 msecs (HTTP/1.1 200) 4 headers in 158 bytes (1 switches on core 0)
2026-04-17 01:39:55.985 7 INFO neutron.db.ovn_revision_numbers_db [None req-3314b80f-2e04-4d6f-8504-912a7b6c99bb - - - - - -] Successfully bumped revision number for resource d227a3ef-9a2f-4b5b-a427-a735e07c2eda (type: subnets) to 0 [pid: 7|app: 0|req: 782/1538] 10.0.0.69 () {34 vars in 668 bytes} [Fri Apr 17 01:39:54 2026] POST /v2.0/subnets => generated 1274 bytes in 1640 msecs (HTTP/1.1 201) 4 headers in 163 bytes (1 switches on core 0) [pid: 7|app: 0|req: 783/1539] 10.0.0.69 () {32 vars in 646 bytes} [Fri Apr 17 01:39:56 2026] GET /v2.0/subnets => generated 1910 bytes in 42 msecs (HTTP/1.1 200) 4 headers in 158 bytes (1 switches on core 0) [pid: 8|app: 0|req: 757/1540] 10.0.0.69 () {32 vars in 667 bytes} [Fri Apr 17 01:39:55 2026] GET /v2.0/ports?not-tags=red => generated 5268 bytes in 163 msecs (HTTP/1.1 200) 4 headers in 158 bytes (1 switches on core 0) [pid: 7|app: 0|req: 784/1541] 10.0.0.69 () {32 vars in 723 bytes} [Fri Apr 17 01:39:56 2026] DELETE /v2.0/subnets/822fb317-407f-414d-9391-cc5175b39507 => generated 0 bytes in 147 msecs (HTTP/1.1 204) 3 headers in 131 bytes (1 switches on core 0) [pid: 8|app: 0|req: 758/1542] 10.0.0.69 () {32 vars in 681 bytes} [Fri Apr 17 01:39:56 2026] GET /v2.0/ports?not-tags=red%2Cblue => generated 6008 bytes in 109 msecs (HTTP/1.1 200) 4 headers in 158 bytes (1 switches on core 0) [pid: 7|app: 0|req: 785/1543] 10.0.0.69 () {32 vars in 723 bytes} [Fri Apr 17 01:39:56 2026] DELETE /v2.0/subnets/d227a3ef-9a2f-4b5b-a427-a735e07c2eda => generated 0 bytes in 168 msecs (HTTP/1.1 204) 3 headers in 131 bytes (1 switches on core 0) [pid: 8|app: 0|req: 759/1544] 10.0.0.69 () {32 vars in 677 bytes} [Fri Apr 17 01:39:56 2026] GET /v2.0/ports?not-tags-any=blue => generated 6008 bytes in 100 msecs (HTTP/1.1 200) 4 headers in 158 bytes (1 switches on core 0) [pid: 7|app: 0|req: 786/1545] 10.0.0.69 () {32 vars in 646 bytes} [Fri Apr 17 01:39:56 2026] GET /v2.0/subnets => generated 649 bytes in 25 msecs (HTTP/1.1 200) 4 headers in 157 bytes (1 switches on core 0) [pid: 8|app: 0|req: 760/1546] 10.0.0.69 () {32 vars in 689 bytes} [Fri Apr 17 01:39:56 2026] GET /v2.0/ports?not-tags-any=red%2Cblue => generated 5268 bytes in 56 msecs (HTTP/1.1 200) 4 headers in 158 bytes (1 switches on core 0)
2026-04-17 01:39:56.515 7 INFO neutron_taas.services.taas.taas_plugin [None req-0d2ace4f-6412-4dd2-83e2-b149b085ea67 51ec1315978749d7a1e6c5835af34af6 622b7fc014a84c6491fafdb4c515e400 - - default default] TaaS: Handle Delete Port: 229bec65-4fa5-49a9-8e1c-d764f8b9e855
2026-04-17 01:39:56.529 7 INFO neutron_taas.services.taas.tap_mirror_plugin [None req-0d2ace4f-6412-4dd2-83e2-b149b085ea67 51ec1315978749d7a1e6c5835af34af6 622b7fc014a84c6491fafdb4c515e400 - - default default] Tap Mirror: Handle Delete Port: 229bec65-4fa5-49a9-8e1c-d764f8b9e855
2026-04-17 01:39:56.579 8 INFO neutron_taas.services.taas.taas_plugin [None req-f5727a14-cbbb-4d98-b10c-a1a231e6e9bb bea9cc3cdec44cefabe63b7d3b155e7c 8cdfd7535a464ac8b9a3ab0c27194353 - - default default] TaaS: Handle Delete Port: 09f1fc10-2061-48a8-995b-342ca038636f
2026-04-17 01:39:56.587 8 INFO neutron_taas.services.taas.tap_mirror_plugin [None req-f5727a14-cbbb-4d98-b10c-a1a231e6e9bb bea9cc3cdec44cefabe63b7d3b155e7c 8cdfd7535a464ac8b9a3ab0c27194353 - - default default] Tap Mirror: Handle Delete Port: 09f1fc10-2061-48a8-995b-342ca038636f
2026-04-17 01:39:56.727 7 INFO neutron.services.segments.plugin [-] Segment 180b9d11-3adb-406b-ac76-7856290d267b resource provider aggregate not found
2026-04-17 01:39:56.733 7 INFO neutron.services.segments.plugin [-] Segment 180b9d11-3adb-406b-ac76-7856290d267b resource provider aggregate not found
2026-04-17 01:39:56.755 7 INFO neutron.services.segments.plugin [-] Segment 180b9d11-3adb-406b-ac76-7856290d267b resource provider not found; error: Placement Client Error (4xx): {"errors": [{"status": 404, "title": "Not Found", "detail": "The resource could not be found.\n\n No resource provider with uuid 180b9d11-3adb-406b-ac76-7856290d267b found for delete ", "request_id": "req-6fcb6774-7e3c-4b3d-907b-663b32a41287"}]}
2026-04-17 01:39:56.798 7 INFO neutron.services.segments.plugin [-] Segment 180b9d11-3adb-406b-ac76-7856290d267b resource provider not found; error: Placement Client Error (4xx): {"errors": [{"status": 404, "title": "Not Found", "detail": "The resource could not be found.\n\n No resource provider with uuid 180b9d11-3adb-406b-ac76-7856290d267b found for delete ", "request_id": "req-3b8be032-25f0-413a-8417-6e9501e9b5ec"}]} [pid: 8|app: 0|req: 761/1547] 10.0.0.69 () {32 vars in 719 bytes} [Fri Apr 17 01:39:56 2026] DELETE /v2.0/ports/09f1fc10-2061-48a8-995b-342ca038636f => generated 0 bytes in 387 msecs (HTTP/1.1 204) 3 headers in 131 bytes (1 switches on core 0)
2026-04-17 01:39:56.846 7 INFO neutron.plugins.ml2.drivers.ovn.mech_driver.mech_driver [None req-223ec9d0-2712-431c-ad0b-647841021712 - - - - - -] OVN reports status down for port: af71072c-b256-4cef-864e-f4f20226263a [pid: 7|app: 0|req: 787/1548] 10.0.0.69 () {32 vars in 725 bytes} [Fri Apr 17 01:39:56 2026] DELETE /v2.0/networks/630e6df2-0739-4314-8817-a3ad8abf7df2 => generated 0 bytes in 529 msecs (HTTP/1.1 204) 3 headers in 131 bytes (1 switches on core 0)
2026-04-17 01:39:57.002 8 INFO neutron_taas.services.taas.taas_plugin [None req-f4b53dea-cc54-4337-a1e7-9eb5a2768eaf bea9cc3cdec44cefabe63b7d3b155e7c 8cdfd7535a464ac8b9a3ab0c27194353 - - default default] TaaS: Handle Delete Port: 47579c93-9c2b-4c8a-b830-7b1f08c8e886
2026-04-17 01:39:57.005 8 INFO neutron_taas.services.taas.tap_mirror_plugin [None req-f4b53dea-cc54-4337-a1e7-9eb5a2768eaf bea9cc3cdec44cefabe63b7d3b155e7c 8cdfd7535a464ac8b9a3ab0c27194353 - - default default] Tap Mirror: Handle Delete Port: 47579c93-9c2b-4c8a-b830-7b1f08c8e886
2026-04-17 01:39:57.090 7 INFO neutron.notifiers.nova [-] Nova event matching ['req-9f2e9594-161e-47ec-8d6e-105bd37d371d'] response: {'server_uuid': '79ef039c-02cb-4f81-9267-6a37cdd569bf', 'name': 'network-vif-unplugged', 'status': 'completed', 'tag': 'af71072c-b256-4cef-864e-f4f20226263a', 'code': 200} [pid: 8|app: 0|req: 762/1551] 10.0.0.69 () {32 vars in 719 bytes} [Fri Apr 17 01:39:56 2026] DELETE /v2.0/ports/47579c93-9c2b-4c8a-b830-7b1f08c8e886 => generated 0 bytes in 297 msecs (HTTP/1.1 204) 3 headers in 131 bytes (1 switches on core 0) [pid: 8|app: 0|req: 763/1552] 10.0.0.49 () {34 vars in 989 bytes} [Fri Apr 17 01:39:57 2026] GET /v2.0/ports?device_id=79ef039c-02cb-4f81-9267-6a37cdd569bf => generated 973 bytes in 36 msecs (HTTP/1.1 200) 4 headers in 157 bytes (1 switches on core 0) [pid: 8|app: 0|req: 764/1553] 10.0.0.69 () {32 vars in 622 bytes} [Fri Apr 17 01:39:57 2026] GET / => generated 151 bytes in 1 msecs (HTTP/1.1 200) 3 headers in 91 bytes (1 switches on core 0)
2026-04-17 01:39:57.226 7 INFO neutron_taas.services.taas.taas_plugin [None req-ba5b15e5-a246-42da-b61d-5bdfcf1b8008 51ec1315978749d7a1e6c5835af34af6 622b7fc014a84c6491fafdb4c515e400 - - default default] TaaS: Handle Delete Port: b59c5a57-7e61-478b-8bce-5f2704db3e40
2026-04-17 01:39:57.232 7 INFO neutron_taas.services.taas.tap_mirror_plugin [None req-ba5b15e5-a246-42da-b61d-5bdfcf1b8008 51ec1315978749d7a1e6c5835af34af6 622b7fc014a84c6491fafdb4c515e400 - - default default] Tap Mirror: Handle Delete Port: b59c5a57-7e61-478b-8bce-5f2704db3e40
2026-04-17 01:39:57.269 8 INFO neutron_taas.services.taas.taas_plugin [None req-811bd7b1-8c24-4264-86f5-ba02515d65e7 bea9cc3cdec44cefabe63b7d3b155e7c 8cdfd7535a464ac8b9a3ab0c27194353 - - default default] TaaS: Handle Delete Port: 06451bca-f469-462e-b4b9-442328b46f8f
2026-04-17 01:39:57.272 8 INFO neutron_taas.services.taas.tap_mirror_plugin [None req-811bd7b1-8c24-4264-86f5-ba02515d65e7 bea9cc3cdec44cefabe63b7d3b155e7c 8cdfd7535a464ac8b9a3ab0c27194353 - - default default] Tap Mirror: Handle Delete Port: 06451bca-f469-462e-b4b9-442328b46f8f [pid: 8|app: 0|req: 765/1554] 10.0.0.69 () {32 vars in 719 bytes} [Fri Apr 17 01:39:57 2026] DELETE /v2.0/ports/06451bca-f469-462e-b4b9-442328b46f8f => generated 0 bytes in 248 msecs (HTTP/1.1 204) 3 headers in 131 bytes (1 switches on core 0)
2026-04-17 01:39:57.477 7 INFO neutron.db.ovn_revision_numbers_db [None req-223ec9d0-2712-431c-ad0b-647841021712 - - - - - -] Successfully bumped revision number for resource af71072c-b256-4cef-864e-f4f20226263a (type: ports) to 6 [pid: 8|app: 0|req: 766/1555] 10.0.0.69 () {32 vars in 632 bytes} [Fri Apr 17 01:39:57 2026] GET /v2.0/ => generated 632 bytes in 158 msecs (HTTP/1.1 200) 4 headers in 157 bytes (1 switches on core 0) [pid: 8|app: 0|req: 767/1556] 10.0.0.49 () {34 vars in 1039 bytes} [Fri Apr 17 01:39:57 2026] GET /v2.0/security-groups?id=6572937c-b512-4c01-87ad-79b432bc1189&fields=id&fields=name => generated 88 bytes in 35 msecs (HTTP/1.1 200) 4 headers in 156 bytes (1 switches on core 0) [pid: 7|app: 0|req: 790/1557] 10.0.0.69 () {32 vars in 725 bytes} [Fri Apr 17 01:39:56 2026] DELETE /v2.0/networks/f4c010f6-e70e-4533-83d8-2741dd15f1cb => generated 0 bytes in 718 msecs (HTTP/1.1 204) 3 headers in 131 bytes (1 switches on core 0) /var/lib/openstack/lib/python3.12/site-packages/pycadf/identifier.py:70: UserWarning: Invalid uuid: neutron. To ensure interoperability, identifiers should be a valid uuid. warnings.warn(('Invalid uuid: %s. To ensure interoperability, '
2026-04-17 01:39:57.753 8 INFO neutron_taas.services.taas.taas_plugin [None req-e38a8fdc-2207-4026-96f5-8957b7f3c361 bea9cc3cdec44cefabe63b7d3b155e7c 8cdfd7535a464ac8b9a3ab0c27194353 - - default default] TaaS: Handle Delete Port: 7ff9957d-8bfd-47fc-ad10-039603746592
2026-04-17 01:39:57.756 8 INFO neutron_taas.services.taas.tap_mirror_plugin [None req-e38a8fdc-2207-4026-96f5-8957b7f3c361 bea9cc3cdec44cefabe63b7d3b155e7c 8cdfd7535a464ac8b9a3ab0c27194353 - - default default] Tap Mirror: Handle Delete Port: 7ff9957d-8bfd-47fc-ad10-039603746592
2026-04-17 01:39:57.791 7 INFO neutron_taas.services.taas.taas_plugin [None req-726e6c72-9e0c-4d0b-b302-2d17d0e0c695 51ec1315978749d7a1e6c5835af34af6 622b7fc014a84c6491fafdb4c515e400 - - default default] TaaS: Handle Delete Port: 017657bf-6bed-4360-bb32-020b8ead25fd
2026-04-17 01:39:57.793 7 INFO neutron_taas.services.taas.tap_mirror_plugin [None req-726e6c72-9e0c-4d0b-b302-2d17d0e0c695 51ec1315978749d7a1e6c5835af34af6 622b7fc014a84c6491fafdb4c515e400 - - default default] Tap Mirror: Handle Delete Port: 017657bf-6bed-4360-bb32-020b8ead25fd [pid: 8|app: 0|req: 768/1558] 10.0.0.69 () {32 vars in 719 bytes} [Fri Apr 17 01:39:57 2026] DELETE /v2.0/ports/7ff9957d-8bfd-47fc-ad10-039603746592 => generated 0 bytes in 285 msecs (HTTP/1.1 204) 3 headers in 131 bytes (1 switches on core 0)
2026-04-17 01:39:58.047 8 INFO neutron_taas.services.taas.taas_plugin [None req-9a2e77ca-23ed-439c-ba54-9f5d29926d9f bea9cc3cdec44cefabe63b7d3b155e7c 8cdfd7535a464ac8b9a3ab0c27194353 - - default default] TaaS: Handle Delete Port: 9b2cf953-ed6d-4178-aab3-44905af35887
2026-04-17 01:39:58.051 8 INFO neutron_taas.services.taas.tap_mirror_plugin [None req-9a2e77ca-23ed-439c-ba54-9f5d29926d9f bea9cc3cdec44cefabe63b7d3b155e7c 8cdfd7535a464ac8b9a3ab0c27194353 - - default default] Tap Mirror: Handle Delete Port: 9b2cf953-ed6d-4178-aab3-44905af35887 [pid: 7|app: 0|req: 791/1559] 10.0.0.69 () {32 vars in 725 bytes} [Fri Apr 17 01:39:57 2026] DELETE /v2.0/networks/545d4b3b-1267-4c1c-873e-062b9971d9ca => generated 0 bytes in 423 msecs (HTTP/1.1 204) 3 headers in 131 bytes (1 switches on core 0) [pid: 7|app: 0|req: 792/1560] 199.204.45.144 () {34 vars in 994 bytes} [Fri Apr 17 01:39:58 2026] GET /v2.0/ports?device_id=79ef039c-02cb-4f81-9267-6a37cdd569bf => generated 973 bytes in 38 msecs (HTTP/1.1 200) 4 headers in 157 bytes (1 switches on core 0) [pid: 8|app: 0|req: 769/1561] 10.0.0.69 () {32 vars in 719 bytes} [Fri Apr 17 01:39:57 2026] DELETE /v2.0/ports/9b2cf953-ed6d-4178-aab3-44905af35887 => generated 0 bytes in 310 msecs (HTTP/1.1 204) 3 headers in 131 bytes (1 switches on core 0)
2026-04-17 01:39:58.335 8 INFO neutron_taas.services.taas.taas_plugin [None req-095627ad-b699-441a-a495-9b28194c4070 51ec1315978749d7a1e6c5835af34af6 622b7fc014a84c6491fafdb4c515e400 - - default default] TaaS: Handle Delete Port: 61ceafbb-a55d-482b-a5af-a232b3ce5477
2026-04-17 01:39:58.340 8 INFO neutron_taas.services.taas.tap_mirror_plugin [None req-095627ad-b699-441a-a495-9b28194c4070 51ec1315978749d7a1e6c5835af34af6 622b7fc014a84c6491fafdb4c515e400 - - default default] Tap Mirror: Handle Delete Port: 61ceafbb-a55d-482b-a5af-a232b3ce5477
2026-04-17 01:39:58.403 7 INFO neutron.db.ovn_revision_numbers_db [None req-f317a5c8-b54a-4efe-bcf9-e7bb958f9a93 960bdbabff1d476f9f518953c91ec1ce 17f78795abf341bdb1a5897593b62a6b - - default default] Successfully bumped revision number for resource fd9f100a-cf6a-44ae-b647-1ff6e879d1c3 (type: security_groups) to 1
2026-04-17 01:39:58.415 7 INFO neutron.db.ovn_revision_numbers_db [None req-f317a5c8-b54a-4efe-bcf9-e7bb958f9a93 960bdbabff1d476f9f518953c91ec1ce 17f78795abf341bdb1a5897593b62a6b - - default default] Successfully bumped revision number for resource 20d766b0-94a9-47c9-9619-266b2a1a316e (type: security_group_rules) to 0
2026-04-17 01:39:58.425 7 INFO neutron.db.ovn_revision_numbers_db [None req-f317a5c8-b54a-4efe-bcf9-e7bb958f9a93 960bdbabff1d476f9f518953c91ec1ce 17f78795abf341bdb1a5897593b62a6b - - default default] Successfully bumped revision number for resource 3f575f25-cb1c-4124-b267-e9570132c8ad (type: security_group_rules) to 0
2026-04-17 01:39:58.436 7 INFO neutron.db.ovn_revision_numbers_db [None req-f317a5c8-b54a-4efe-bcf9-e7bb958f9a93 960bdbabff1d476f9f518953c91ec1ce 17f78795abf341bdb1a5897593b62a6b - - default default] Successfully bumped revision number for resource 59cb4004-25e0-4db9-b109-ad384a6c1960 (type: security_group_rules) to 0
2026-04-17 01:39:58.456 7 INFO neutron.db.ovn_revision_numbers_db [None req-f317a5c8-b54a-4efe-bcf9-e7bb958f9a93 960bdbabff1d476f9f518953c91ec1ce 17f78795abf341bdb1a5897593b62a6b - - default default] Successfully bumped revision number for resource 8d14d5b6-11d4-4f05-b129-78ff04490d8f (type: security_group_rules) to 0 [pid: 7|app: 0|req: 793/1562] 10.0.0.69 () {32 vars in 773 bytes} [Fri Apr 17 01:39:58 2026] GET /v2.0/security-groups?tenant_id=4479d4b9349d4c3fb683612a11644e03&name=default => generated 2925 bytes in 372 msecs (HTTP/1.1 200) 4 headers in 158 bytes (1 switches on core 0)
2026-04-17 01:39:58.562 8 INFO neutron.services.segments.plugin [-] Segment e3dfca68-9f3f-4b58-bc87-26a2076505c3 resource provider aggregate not found
2026-04-17 01:39:58.563 8 INFO neutron.services.segments.plugin [-] Segment e3dfca68-9f3f-4b58-bc87-26a2076505c3 resource provider aggregate not found
2026-04-17 01:39:58.585 8 INFO neutron.services.segments.plugin [-] Segment e3dfca68-9f3f-4b58-bc87-26a2076505c3 resource provider not found; error: Placement Client Error (4xx): {"errors": [{"status": 404, "title": "Not Found", "detail": "The resource could not be found.\n\n No resource provider with uuid e3dfca68-9f3f-4b58-bc87-26a2076505c3 found for delete ", "request_id": "req-48336cc2-836d-48ff-8707-6293a291af6a"}]}
2026-04-17 01:39:58.587 8 INFO neutron.services.segments.plugin [-] Segment e3dfca68-9f3f-4b58-bc87-26a2076505c3 resource provider not found; error: Placement Client Error (4xx): {"errors": [{"status": 404, "title": "Not Found", "detail": "The resource could not be found.\n\n No resource provider with uuid e3dfca68-9f3f-4b58-bc87-26a2076505c3 found for delete ", "request_id": "req-f6bec7b8-c435-4efc-9925-71a56a456429"}]} [pid: 8|app: 0|req: 770/1563] 10.0.0.69 () {32 vars in 725 bytes} [Fri Apr 17 01:39:58 2026] DELETE /v2.0/networks/15f68445-de82-4ac0-832c-a0c192ccc526 => generated 0 bytes in 411 msecs (HTTP/1.1 204) 3 headers in 131 bytes (1 switches on core 0)
2026-04-17 01:39:58.639 7 INFO neutron_taas.services.taas.taas_plugin [req-41ad7ca1-d136-4a8d-8350-77036005bff3 req-ccd0b3a1-02e3-49ce-b197-52b2bc578b1d 811bb01c96f940c2abf13937379353dc 8afec40ec4f94de3b8b0ed773cf21357 - - default default] TaaS: Handle Delete Port: af71072c-b256-4cef-864e-f4f20226263a
2026-04-17 01:39:58.642 7 INFO neutron_taas.services.taas.tap_mirror_plugin [req-41ad7ca1-d136-4a8d-8350-77036005bff3 req-ccd0b3a1-02e3-49ce-b197-52b2bc578b1d 811bb01c96f940c2abf13937379353dc 8afec40ec4f94de3b8b0ed773cf21357 - - default default] Tap Mirror: Handle Delete Port: af71072c-b256-4cef-864e-f4f20226263a
2026-04-17 01:39:58.729 8 INFO neutron_taas.services.taas.taas_plugin [None req-b1375b12-841a-4c95-86eb-f0aa4de49a58 bea9cc3cdec44cefabe63b7d3b155e7c 8cdfd7535a464ac8b9a3ab0c27194353 - - default default] TaaS: Handle Delete Port: 39455ed3-8fc0-486b-86cf-4f30fe10ad09
2026-04-17 01:39:58.732 8 INFO neutron_taas.services.taas.tap_mirror_plugin [None req-b1375b12-841a-4c95-86eb-f0aa4de49a58 bea9cc3cdec44cefabe63b7d3b155e7c 8cdfd7535a464ac8b9a3ab0c27194353 - - default default] Tap Mirror: Handle Delete Port: 39455ed3-8fc0-486b-86cf-4f30fe10ad09
2026-04-17 01:39:58.777 7 INFO neutron.services.segments.plugin [-] Segment a75b751b-3060-4880-af8f-b42ed13b5c8d resource provider aggregate not found
2026-04-17 01:39:58.792 7 INFO neutron.services.segments.plugin [-] Segment a75b751b-3060-4880-af8f-b42ed13b5c8d resource provider not found; error: Placement Client Error (4xx): {"errors": [{"status": 404, "title": "Not Found", "detail": "The resource could not be found.\n\n No resource provider with uuid a75b751b-3060-4880-af8f-b42ed13b5c8d found for delete ", "request_id": "req-979bdf60-992d-457b-89bc-3c7315e838e5"}]}
2026-04-17 01:39:58.811 7 INFO neutron.services.segments.plugin [-] Segment 3ebbe5e1-dfb4-45d5-be91-d71eb3c745fb resource provider aggregate not found
2026-04-17 01:39:58.815 7 INFO neutron.services.segments.plugin [-] Segment a75b751b-3060-4880-af8f-b42ed13b5c8d resource provider aggregate not found [pid: 7|app: 0|req: 794/1564] 199.204.45.144 () {36 vars in 997 bytes} [Fri Apr 17 01:39:58 2026] DELETE /v2.0/ports/af71072c-b256-4cef-864e-f4f20226263a => generated 0 bytes in 326 msecs (HTTP/1.1 204) 3 headers in 131 bytes (1 switches on core 0)
2026-04-17 01:39:58.827 7 INFO neutron.services.segments.plugin [-] Segment 3ebbe5e1-dfb4-45d5-be91-d71eb3c745fb resource provider not found; error: Placement Client Error (4xx): {"errors": [{"status": 404, "title": "Not Found", "detail": "The resource could not be found.\n\n No resource provider with uuid 3ebbe5e1-dfb4-45d5-be91-d71eb3c745fb found for delete ", "request_id": "req-48589f42-e0c0-41bc-85cd-a388ab8321af"}]}
2026-04-17 01:39:58.831 7 INFO neutron.services.segments.plugin [-] Segment a75b751b-3060-4880-af8f-b42ed13b5c8d resource provider not found; error: Placement Client Error (4xx): {"errors": [{"status": 404, "title": "Not Found", "detail": "The resource could not be found.\n\n No resource provider with uuid a75b751b-3060-4880-af8f-b42ed13b5c8d found for delete ", "request_id": "req-fe056ccb-6723-474b-8e85-2cbcf394f91e"}]}
2026-04-17 01:39:58.848 7 INFO neutron.services.segments.plugin [-] Segment 3ebbe5e1-dfb4-45d5-be91-d71eb3c745fb resource provider aggregate not found
2026-04-17 01:39:58.883 7 INFO neutron.services.segments.plugin [-] Segment 3ebbe5e1-dfb4-45d5-be91-d71eb3c745fb resource provider not found; error: Placement Client Error (4xx): {"errors": [{"status": 404, "title": "Not Found", "detail": "The resource could not be found.\n\n No resource provider with uuid 3ebbe5e1-dfb4-45d5-be91-d71eb3c745fb found for delete ", "request_id": "req-2b1f7112-254f-469e-a49a-13578b581718"}]} [pid: 8|app: 0|req: 771/1565] 10.0.0.69 () {32 vars in 725 bytes} [Fri Apr 17 01:39:58 2026] DELETE /v2.0/networks/1936c616-f767-4efc-8b19-2bcd0c103a0e => generated 0 bytes in 413 msecs (HTTP/1.1 204) 3 headers in 131 bytes (1 switches on core 0) [pid: 8|app: 0|req: 772/1566] 10.0.0.49 () {34 vars in 989 bytes} [Fri Apr 17 01:39:59 2026] GET /v2.0/ports?device_id=79ef039c-02cb-4f81-9267-6a37cdd569bf => generated 12 bytes in 23 msecs (HTTP/1.1 200) 4 headers in 156 bytes (1 switches on core 0)
2026-04-17 01:39:59.130 7 INFO neutron.notifiers.nova [-] Nova event matching ['req-579c9f6a-6240-47a3-a3f2-2daccde60075'] response: {'server_uuid': '79ef039c-02cb-4f81-9267-6a37cdd569bf', 'name': 'network-vif-unplugged', 'status': 'completed', 'tag': 'af71072c-b256-4cef-864e-f4f20226263a', 'code': 200}
2026-04-17 01:39:59.131 7 INFO neutron.notifiers.nova [-] Nova event matching ['req-579c9f6a-6240-47a3-a3f2-2daccde60075'] response: {'server_uuid': '79ef039c-02cb-4f81-9267-6a37cdd569bf', 'name': 'network-vif-deleted', 'tag': 'af71072c-b256-4cef-864e-f4f20226263a', 'status': 'completed', 'code': 200} [pid: 7|app: 0|req: 795/1567] 10.0.0.69 () {32 vars in 739 bytes} [Fri Apr 17 01:39:58 2026] DELETE /v2.0/security-groups/fd9f100a-cf6a-44ae-b647-1ff6e879d1c3 => generated 0 bytes in 329 msecs (HTTP/1.1 204) 2 headers in 112 bytes (1 switches on core 0)
2026-04-17 01:39:59.212 8 INFO neutron_taas.services.taas.taas_plugin [None req-b37073a8-0e2f-4ab8-a174-6e8912f7d649 bea9cc3cdec44cefabe63b7d3b155e7c 8cdfd7535a464ac8b9a3ab0c27194353 - - default default] TaaS: Handle Delete Port: e8bca4d6-9812-488b-9203-b15664fa502e
2026-04-17 01:39:59.216 8 INFO neutron_taas.services.taas.tap_mirror_plugin [None req-b37073a8-0e2f-4ab8-a174-6e8912f7d649 bea9cc3cdec44cefabe63b7d3b155e7c 8cdfd7535a464ac8b9a3ab0c27194353 - - default default] Tap Mirror: Handle Delete Port: e8bca4d6-9812-488b-9203-b15664fa502e [pid: 7|app: 0|req: 796/1568] 10.0.0.69 () {32 vars in 773 bytes} [Fri Apr 17 01:39:59 2026] GET /v2.0/security-groups?tenant_id=622b7fc014a84c6491fafdb4c515e400&name=default => generated 2925 bytes in 120 msecs (HTTP/1.1 200) 4 headers in 158 bytes (1 switches on core 0) [pid: 8|app: 0|req: 773/1569] 10.0.0.69 () {32 vars in 725 bytes} [Fri Apr 17 01:39:59 2026] DELETE /v2.0/networks/7e442b67-5a65-4d69-9152-b2276d825382 => generated 0 bytes in 395 msecs (HTTP/1.1 204) 3 headers in 131 bytes (1 switches on core 0)
2026-04-17 01:39:59.623 8 INFO neutron_taas.services.taas.taas_plugin [None req-cc1afd72-8d93-4f20-a971-d89500d4da27 bea9cc3cdec44cefabe63b7d3b155e7c 8cdfd7535a464ac8b9a3ab0c27194353 - - default default] TaaS: Handle Delete Port: 6f0af751-e8e8-4f23-b661-49dd2c0767cd
2026-04-17 01:39:59.626 8 INFO neutron_taas.services.taas.tap_mirror_plugin [None req-cc1afd72-8d93-4f20-a971-d89500d4da27 bea9cc3cdec44cefabe63b7d3b155e7c 8cdfd7535a464ac8b9a3ab0c27194353 - - default default] Tap Mirror: Handle Delete Port: 6f0af751-e8e8-4f23-b661-49dd2c0767cd [pid: 7|app: 0|req: 797/1570] 10.0.0.69 () {32 vars in 739 bytes} [Fri Apr 17 01:39:59 2026] DELETE /v2.0/security-groups/008e8d6d-2046-4ec4-91ed-d165eaffbfa1 => generated 0 bytes in 350 msecs (HTTP/1.1 204) 2 headers in 112 bytes (1 switches on core 0) [pid: 8|app: 0|req: 774/1571] 10.0.0.69 () {32 vars in 725 bytes} [Fri Apr 17 01:39:59 2026] DELETE /v2.0/networks/a6a515d0-c0cb-484a-955b-3d932ecfe906 => generated 0 bytes in 391 msecs (HTTP/1.1 204) 3 headers in 131 bytes (1 switches on core 0)
2026-04-17 01:39:59.992 7 INFO neutron_taas.services.taas.taas_plugin [None req-2324e2bb-dfaf-4d4f-95e7-05c173432a9c bea9cc3cdec44cefabe63b7d3b155e7c 8cdfd7535a464ac8b9a3ab0c27194353 - - default default] TaaS: Handle Delete Port: 13d505ff-8860-4521-8780-aad8b0d26ec3
2026-04-17 01:39:59.995 7 INFO neutron_taas.services.taas.tap_mirror_plugin [None req-2324e2bb-dfaf-4d4f-95e7-05c173432a9c bea9cc3cdec44cefabe63b7d3b155e7c 8cdfd7535a464ac8b9a3ab0c27194353 - - default default] Tap Mirror: Handle Delete Port: 13d505ff-8860-4521-8780-aad8b0d26ec3 [pid: 8|app: 0|req: 775/1572] 10.0.0.49 () {34 vars in 989 bytes} [Fri Apr 17 01:40:00 2026] GET /v2.0/ports?device_id=79ef039c-02cb-4f81-9267-6a37cdd569bf => generated 12 bytes in 23 msecs (HTTP/1.1 200) 4 headers in 156 bytes (1 switches on core 0) [pid: 7|app: 0|req: 798/1573] 10.0.0.69 () {32 vars in 725 bytes} [Fri Apr 17 01:39:59 2026] DELETE /v2.0/networks/b5096a1e-a938-4cff-8dec-d86d9fb084ee => generated 0 bytes in 383 msecs (HTTP/1.1 204) 3 headers in 131 bytes (1 switches on core 0)
2026-04-17 01:40:00.371 8 INFO neutron_taas.services.taas.taas_plugin [None req-c5092bae-9527-40ba-9210-95f3775fcb13 bea9cc3cdec44cefabe63b7d3b155e7c 8cdfd7535a464ac8b9a3ab0c27194353 - - default default] TaaS: Handle Delete Port: 533dacd7-bed1-4007-b0fc-32e2abf9660e
2026-04-17 01:40:00.401 8 INFO neutron_taas.services.taas.tap_mirror_plugin [None req-c5092bae-9527-40ba-9210-95f3775fcb13 bea9cc3cdec44cefabe63b7d3b155e7c 8cdfd7535a464ac8b9a3ab0c27194353 - - default default] Tap Mirror: Handle Delete Port: 533dacd7-bed1-4007-b0fc-32e2abf9660e
2026-04-17 01:40:00.615 8 INFO neutron.services.segments.plugin [-] Segment 6258a6f0-b5bb-4884-babc-af064b1c3b42 resource provider aggregate not found
2026-04-17 01:40:00.618 8 INFO neutron.services.segments.plugin [-] Segment 6258a6f0-b5bb-4884-babc-af064b1c3b42 resource provider aggregate not found
2026-04-17 01:40:00.647 8 INFO neutron.services.segments.plugin [-] Segment 6258a6f0-b5bb-4884-babc-af064b1c3b42 resource provider not found; error: Placement Client Error (4xx): {"errors": [{"status": 404, "title": "Not Found", "detail": "The resource could not be found.\n\n No resource provider with uuid 6258a6f0-b5bb-4884-babc-af064b1c3b42 found for delete ", "request_id": "req-70277230-f7c6-4181-af81-07ae3fc98ccc"}]}
2026-04-17 01:40:00.653 8 INFO neutron.services.segments.plugin [-] Segment 6258a6f0-b5bb-4884-babc-af064b1c3b42 resource provider not found; error: Placement Client Error (4xx): {"errors": [{"status": 404, "title": "Not Found", "detail": "The resource could not be found.\n\n No resource provider with uuid 6258a6f0-b5bb-4884-babc-af064b1c3b42 found for delete ", "request_id": "req-38d6ad35-4ca4-4461-b496-a86bc6ead98c"}]}
2026-04-17 01:40:00.668 8 INFO neutron.services.segments.plugin [-] Segment e4251420-b4f7-4d51-85bf-7c59913f2934 resource provider aggregate not found
2026-04-17 01:40:00.674 8 INFO neutron.services.segments.plugin [-] Segment e4251420-b4f7-4d51-85bf-7c59913f2934 resource provider aggregate not found
2026-04-17 01:40:00.688 8 INFO neutron.services.segments.plugin [-] Segment e4251420-b4f7-4d51-85bf-7c59913f2934 resource provider not found; error: Placement Client Error (4xx): {"errors": [{"status": 404, "title": "Not Found", "detail": "The resource could not be found.\n\n No resource provider with uuid e4251420-b4f7-4d51-85bf-7c59913f2934 found for delete ", "request_id": "req-af6c4cc9-81e3-48b0-bf4b-86fbf61f6be9"}]}
2026-04-17 01:40:00.704 8 INFO neutron.services.segments.plugin [-] Segment e4251420-b4f7-4d51-85bf-7c59913f2934 resource provider not found; error: Placement Client Error (4xx): {"errors": [{"status": 404, "title": "Not Found", "detail": "The resource could not be found.\n\n No resource provider with uuid e4251420-b4f7-4d51-85bf-7c59913f2934 found for delete ", "request_id": "req-b11a1657-8318-42ea-9850-44dac3f7f570"}]}
2026-04-17 01:40:00.710 8 INFO neutron.services.segments.plugin [-] Segment 6ab51051-685e-4938-95c6-c2b8f719051e resource provider aggregate not found
2026-04-17 01:40:00.725 8 INFO neutron.services.segments.plugin [-] Segment 6ab51051-685e-4938-95c6-c2b8f719051e resource provider aggregate not found
2026-04-17 01:40:00.730 8 INFO neutron.services.segments.plugin [-] Segment 6ab51051-685e-4938-95c6-c2b8f719051e resource provider not found; error: Placement Client Error (4xx): {"errors": [{"status": 404, "title": "Not Found", "detail": "The resource could not be found.\n\n No resource provider with uuid 6ab51051-685e-4938-95c6-c2b8f719051e found for delete ", "request_id": "req-d5b1ec77-e7e7-4e22-978e-663cf43811e6"}]}
2026-04-17 01:40:00.743 8 INFO neutron.services.segments.plugin [-] Segment 6ab51051-685e-4938-95c6-c2b8f719051e resource provider not found; error: Placement Client Error (4xx): {"errors": [{"status": 404, "title": "Not Found", "detail": "The resource could not be found.\n\n No resource provider with uuid 6ab51051-685e-4938-95c6-c2b8f719051e found for delete ", "request_id": "req-3826b26d-b94c-4ac5-b57b-932784d91e37"}]} [pid: 8|app: 0|req: 776/1574] 10.0.0.69 () {32 vars in 725 bytes} [Fri Apr 17 01:40:00 2026] DELETE /v2.0/networks/9d4f5dd1-d9a6-463e-96bc-8ac88f838fcc => generated 0 bytes in 500 msecs (HTTP/1.1 204) 3 headers in 131 bytes (1 switches on core 0)
2026-04-17 01:40:00.845 7 INFO neutron.services.segments.plugin [-] Segment 7d756fac-6636-46f6-ad39-654582ef6d5b resource provider aggregate not found
2026-04-17 01:40:00.865 7 INFO neutron.services.segments.plugin [-] Segment 7d756fac-6636-46f6-ad39-654582ef6d5b resource provider not found; error: Placement Client Error (4xx): {"errors": [{"status": 404, "title": "Not Found", "detail": "The resource could not be found.\n\n No resource provider with uuid 7d756fac-6636-46f6-ad39-654582ef6d5b found for delete ", "request_id": "req-d62f51fe-da7d-4ff1-8f94-90b6ed792caa"}]}
2026-04-17 01:40:00.906 7 INFO neutron.services.segments.plugin [-] Segment 7d756fac-6636-46f6-ad39-654582ef6d5b resource provider aggregate not found
2026-04-17 01:40:00.928 7 INFO neutron.services.segments.plugin [-] Segment 7d756fac-6636-46f6-ad39-654582ef6d5b resource provider not found; error: Placement Client Error (4xx): {"errors": [{"status": 404, "title": "Not Found", "detail": "The resource could not be found.\n\n No resource provider with uuid 7d756fac-6636-46f6-ad39-654582ef6d5b found for delete ", "request_id": "req-506f2989-b1f9-4bdf-8703-edbd853c24a3"}]} [pid: 7|app: 0|req: 799/1575] 10.0.0.49 () {34 vars in 989 bytes} [Fri Apr 17 01:40:01 2026] GET /v2.0/ports?device_id=79ef039c-02cb-4f81-9267-6a37cdd569bf => generated 12 bytes in 21 msecs (HTTP/1.1 200) 4 headers in 156 bytes (1 switches on core 0)
2026-04-17 01:40:01.689 8 INFO neutron.db.ovn_revision_numbers_db [None req-6fdd4d26-bfc5-4bf8-b172-cd000adebbf6 71dd1185e5a8478c8ea8046b776297a6 29cf284b63a344f0a5247f0aec4c65b5 - - default default] Successfully bumped revision number for resource d765c9e7-5ef2-43ca-a07c-04915aee88ac (type: security_groups) to 1
2026-04-17 01:40:01.701 8 INFO neutron.db.ovn_revision_numbers_db [None req-6fdd4d26-bfc5-4bf8-b172-cd000adebbf6 71dd1185e5a8478c8ea8046b776297a6 29cf284b63a344f0a5247f0aec4c65b5 - - default default] Successfully bumped revision number for resource 1eff91c9-b882-4be6-8f16-2fe26ee27d2e (type: security_group_rules) to 0
2026-04-17 01:40:01.714 8 INFO neutron.db.ovn_revision_numbers_db [None req-6fdd4d26-bfc5-4bf8-b172-cd000adebbf6 71dd1185e5a8478c8ea8046b776297a6 29cf284b63a344f0a5247f0aec4c65b5 - - default default] Successfully bumped revision number for resource 4c5ed5c4-2959-432b-a00b-1aee7d2ef9fd (type: security_group_rules) to 0
2026-04-17 01:40:01.726 8 INFO neutron.db.ovn_revision_numbers_db [None req-6fdd4d26-bfc5-4bf8-b172-cd000adebbf6 71dd1185e5a8478c8ea8046b776297a6 29cf284b63a344f0a5247f0aec4c65b5 - - default default] Successfully bumped revision number for resource 5754879a-4dc7-4fa7-bf3f-1cf86fcc43d9 (type: security_group_rules) to 0
2026-04-17 01:40:01.746 8 INFO neutron.db.ovn_revision_numbers_db [None req-6fdd4d26-bfc5-4bf8-b172-cd000adebbf6 71dd1185e5a8478c8ea8046b776297a6 29cf284b63a344f0a5247f0aec4c65b5 - - default default] Successfully bumped revision number for resource 57c8af7b-14c0-4476-8b29-437e5203f9e6 (type: security_group_rules) to 0
2026-04-17 01:40:01.828 8 INFO neutron.db.segments_db [None req-6fdd4d26-bfc5-4bf8-b172-cd000adebbf6 71dd1185e5a8478c8ea8046b776297a6 29cf284b63a344f0a5247f0aec4c65b5 - - default default] Added segment ebd45a95-a064-4feb-b7bd-f390b743dfcd of type geneve for network 0ab21dfd-1672-4f74-9c52-da5212e2bb1b
2026-04-17 01:40:01.924 7 INFO neutron.db.ovn_revision_numbers_db [None req-c231472c-9c92-4fcc-acd8-b93c77cac97f 960bdbabff1d476f9f518953c91ec1ce 17f78795abf341bdb1a5897593b62a6b - - default default] Successfully bumped revision number for resource ceca2d45-b5ff-4fca-a7c0-0e946dee7964 (type: security_groups) to 1
2026-04-17 01:40:01.934 7 INFO neutron.db.ovn_revision_numbers_db [None req-c231472c-9c92-4fcc-acd8-b93c77cac97f 960bdbabff1d476f9f518953c91ec1ce 17f78795abf341bdb1a5897593b62a6b - - default default] Successfully bumped revision number for resource c1092d19-2d09-4eb4-8a6f-2a1fbcd6363b (type: security_group_rules) to 0
2026-04-17 01:40:01.945 7 INFO neutron.db.ovn_revision_numbers_db [None req-c231472c-9c92-4fcc-acd8-b93c77cac97f 960bdbabff1d476f9f518953c91ec1ce 17f78795abf341bdb1a5897593b62a6b - - default default] Successfully bumped revision number for resource ce2963af-1bd0-4a44-901f-ffbcd6cee052 (type: security_group_rules) to 0
2026-04-17 01:40:01.958 7 INFO neutron.db.ovn_revision_numbers_db [None req-c231472c-9c92-4fcc-acd8-b93c77cac97f 960bdbabff1d476f9f518953c91ec1ce 17f78795abf341bdb1a5897593b62a6b - - default default] Successfully bumped revision number for resource ea6c153b-9eac-4fa6-b53d-64aa59f8f972 (type: security_group_rules) to 0
2026-04-17 01:40:01.979 7 INFO neutron.db.ovn_revision_numbers_db [None req-c231472c-9c92-4fcc-acd8-b93c77cac97f 960bdbabff1d476f9f518953c91ec1ce 17f78795abf341bdb1a5897593b62a6b - - default default] Successfully bumped revision number for resource ecfc3746-aea7-4315-ada1-41a642087be3 (type: security_group_rules) to 0
