2026-09-18 06:30:38.962 7 INFO placement.requestlog [None req-c2b3560d-91e2-4409-8366-fe86cc109e18 e767c97128424277aa892d1164b9608a 0a3d1678dc674db2a8e43222e804349b - - 9ed83f489a91455094940c5d011ab250 9ed83f489a91455094940c5d011ab250] 10.0.0.47 "DELETE /resource_providers/e7a5a75b-f407-43fa-a2ad-b932702ceeda" status: 404 len: 246 microversion: 1.1 [pid: 7|app: 0|req: 430/863] 10.0.0.47 () {34 vars in 824 bytes} [Fri Sep 18 06:30:38 2026] DELETE /resource_providers/e7a5a75b-f407-43fa-a2ad-b932702ceeda => generated 246 bytes in 20 msecs (HTTP/1.1 404) 6 headers in 231 bytes (1 switches on core 0)
2026-09-18 06:30:43.274 7 INFO placement.requestlog [None req-08cae7cd-8416-4b4f-81da-bcd200edee3e e767c97128424277aa892d1164b9608a 0a3d1678dc674db2a8e43222e804349b - - 9ed83f489a91455094940c5d011ab250 9ed83f489a91455094940c5d011ab250] 10.0.0.47 "GET /resource_providers/c075cf43-a3b4-4318-adb8-700002d876af/aggregates" status: 404 len: 235 microversion: 1.1 [pid: 7|app: 0|req: 431/864] 10.0.0.47 () {32 vars in 824 bytes} [Fri Sep 18 06:30:43 2026] GET /resource_providers/c075cf43-a3b4-4318-adb8-700002d876af/aggregates => generated 235 bytes in 17 msecs (HTTP/1.1 404) 5 headers in 202 bytes (1 switches on core 0)
2026-09-18 06:30:43.277 8 INFO placement.requestlog [None req-a7d2a3ed-60b2-4610-bfbd-8396f9bf6eaf e767c97128424277aa892d1164b9608a 0a3d1678dc674db2a8e43222e804349b - - 9ed83f489a91455094940c5d011ab250 9ed83f489a91455094940c5d011ab250] 10.0.0.47 "GET /resource_providers/c075cf43-a3b4-4318-adb8-700002d876af/aggregates" status: 404 len: 235 microversion: 1.1 [pid: 8|app: 0|req: 434/865] 10.0.0.47 () {32 vars in 824 bytes} [Fri Sep 18 06:30:43 2026] GET /resource_providers/c075cf43-a3b4-4318-adb8-700002d876af/aggregates => generated 235 bytes in 20 msecs (HTTP/1.1 404) 5 headers in 202 bytes (1 switches on core 0)
2026-09-18 06:30:43.299 8 INFO placement.requestlog [None req-1dce5303-c8c4-4af2-a7b4-50ca9cddf328 e767c97128424277aa892d1164b9608a 0a3d1678dc674db2a8e43222e804349b - - 9ed83f489a91455094940c5d011ab250 9ed83f489a91455094940c5d011ab250] 10.0.0.47 "DELETE /resource_providers/c075cf43-a3b4-4318-adb8-700002d876af" status: 404 len: 246 microversion: 1.1 [pid: 8|app: 0|req: 435/866] 10.0.0.47 () {34 vars in 824 bytes} [Fri Sep 18 06:30:43 2026] DELETE /resource_providers/c075cf43-a3b4-4318-adb8-700002d876af => generated 246 bytes in 15 msecs (HTTP/1.1 404) 6 headers in 231 bytes (1 switches on core 0)
2026-09-18 06:30:43.304 7 INFO placement.requestlog [None req-726ea97f-3489-42a3-add5-a5a396e758f2 e767c97128424277aa892d1164b9608a 0a3d1678dc674db2a8e43222e804349b - - 9ed83f489a91455094940c5d011ab250 9ed83f489a91455094940c5d011ab250] 10.0.0.47 "DELETE /resource_providers/c075cf43-a3b4-4318-adb8-700002d876af" status: 404 len: 246 microversion: 1.1 [pid: 7|app: 0|req: 432/867] 10.0.0.47 () {34 vars in 824 bytes} [Fri Sep 18 06:30:43 2026] DELETE /resource_providers/c075cf43-a3b4-4318-adb8-700002d876af => generated 246 bytes in 20 msecs (HTTP/1.1 404) 6 headers in 231 bytes (1 switches on core 0)
2026-09-18 06:30:43.705 8 INFO placement.requestlog [None req-5ef261eb-9d73-4eb3-a050-ceb9762c5c9d e767c97128424277aa892d1164b9608a 0a3d1678dc674db2a8e43222e804349b - - 9ed83f489a91455094940c5d011ab250 9ed83f489a91455094940c5d011ab250] 10.0.0.47 "GET /resource_providers/7d0b5ff2-258e-446f-92b6-2d9eecc9ba9a/aggregates" status: 404 len: 235 microversion: 1.1 [pid: 8|app: 0|req: 436/868] 10.0.0.47 () {32 vars in 824 bytes} [Fri Sep 18 06:30:43 2026] GET /resource_providers/7d0b5ff2-258e-446f-92b6-2d9eecc9ba9a/aggregates => generated 235 bytes in 9 msecs (HTTP/1.1 404) 5 headers in 202 bytes (1 switches on core 0)
2026-09-18 06:30:43.711 7 INFO placement.requestlog [None req-78d08b01-f9f9-4681-8be7-b282396d7df9 e767c97128424277aa892d1164b9608a 0a3d1678dc674db2a8e43222e804349b - - 9ed83f489a91455094940c5d011ab250 9ed83f489a91455094940c5d011ab250] 10.0.0.47 "GET /resource_providers/7d0b5ff2-258e-446f-92b6-2d9eecc9ba9a/aggregates" status: 404 len: 235 microversion: 1.1 [pid: 7|app: 0|req: 433/869] 10.0.0.47 () {32 vars in 824 bytes} [Fri Sep 18 06:30:43 2026] GET /resource_providers/7d0b5ff2-258e-446f-92b6-2d9eecc9ba9a/aggregates => generated 235 bytes in 16 msecs (HTTP/1.1 404) 5 headers in 202 bytes (1 switches on core 0)
2026-09-18 06:30:43.726 8 INFO placement.requestlog [None req-235aee6b-0896-4754-b79c-5129be8a2318 e767c97128424277aa892d1164b9608a 0a3d1678dc674db2a8e43222e804349b - - 9ed83f489a91455094940c5d011ab250 9ed83f489a91455094940c5d011ab250] 10.0.0.47 "DELETE /resource_providers/7d0b5ff2-258e-446f-92b6-2d9eecc9ba9a" status: 404 len: 246 microversion: 1.1 [pid: 8|app: 0|req: 437/870] 10.0.0.47 () {34 vars in 824 bytes} [Fri Sep 18 06:30:43 2026] DELETE /resource_providers/7d0b5ff2-258e-446f-92b6-2d9eecc9ba9a => generated 246 bytes in 11 msecs (HTTP/1.1 404) 6 headers in 231 bytes (1 switches on core 0)
2026-09-18 06:30:43.731 7 INFO placement.requestlog [None req-ccfb1349-c0fa-43a7-b5f5-0315c5a07cb6 e767c97128424277aa892d1164b9608a 0a3d1678dc674db2a8e43222e804349b - - 9ed83f489a91455094940c5d011ab250 9ed83f489a91455094940c5d011ab250] 10.0.0.47 "DELETE /resource_providers/7d0b5ff2-258e-446f-92b6-2d9eecc9ba9a" status: 404 len: 246 microversion: 1.1 [pid: 7|app: 0|req: 434/871] 10.0.0.47 () {34 vars in 824 bytes} [Fri Sep 18 06:30:43 2026] DELETE /resource_providers/7d0b5ff2-258e-446f-92b6-2d9eecc9ba9a => generated 246 bytes in 13 msecs (HTTP/1.1 404) 6 headers in 231 bytes (1 switches on core 0)
2026-09-18 06:30:45.299 7 INFO placement.requestlog [None req-63940bc4-41bb-49a6-af09-f27ecd9e6bd2 - - - - - -] 10.0.0.27 "GET /" status: 200 len: 136 microversion: 1.0
2026-09-18 06:30:45.299 8 INFO placement.requestlog [None req-6a2ac905-7ed2-4554-968a-d6c1ca70768c - - - - - -] 10.0.0.27 "GET /" status: 200 len: 136 microversion: 1.0
2026-09-18 06:30:50.628 7 INFO placement.requestlog [None req-5cc02aee-5718-479f-b620-088c2cfa076e e767c97128424277aa892d1164b9608a 0a3d1678dc674db2a8e43222e804349b - - 9ed83f489a91455094940c5d011ab250 9ed83f489a91455094940c5d011ab250] 10.0.0.47 "GET /resource_providers/20ec16f5-6fcf-4291-b68b-464d969d68da/aggregates" status: 404 len: 235 microversion: 1.1
2026-09-18 06:30:50.628 8 INFO placement.requestlog [None req-648780d6-0afa-4de1-ade6-408dfe83c58e e767c97128424277aa892d1164b9608a 0a3d1678dc674db2a8e43222e804349b - - 9ed83f489a91455094940c5d011ab250 9ed83f489a91455094940c5d011ab250] 10.0.0.47 "GET /resource_providers/20ec16f5-6fcf-4291-b68b-464d969d68da/aggregates" status: 404 len: 235 microversion: 1.1 [pid: 7|app: 0|req: 436/874] 10.0.0.47 () {32 vars in 824 bytes} [Fri Sep 18 06:30:50 2026] GET /resource_providers/20ec16f5-6fcf-4291-b68b-464d969d68da/aggregates => generated 235 bytes in 21 msecs (HTTP/1.1 404) 5 headers in 202 bytes (1 switches on core 0) [pid: 8|app: 0|req: 439/875] 10.0.0.47 () {32 vars in 824 bytes} [Fri Sep 18 06:30:50 2026] GET /resource_providers/20ec16f5-6fcf-4291-b68b-464d969d68da/aggregates => generated 235 bytes in 21 msecs (HTTP/1.1 404) 5 headers in 202 bytes (1 switches on core 0)
2026-09-18 06:30:50.648 7 INFO placement.requestlog [None req-e626e49e-4332-4800-a739-7dbdff0d7b2d e767c97128424277aa892d1164b9608a 0a3d1678dc674db2a8e43222e804349b - - 9ed83f489a91455094940c5d011ab250 9ed83f489a91455094940c5d011ab250] 10.0.0.47 "DELETE /resource_providers/20ec16f5-6fcf-4291-b68b-464d969d68da" status: 404 len: 246 microversion: 1.1 [pid: 7|app: 0|req: 437/876] 10.0.0.47 () {34 vars in 824 bytes} [Fri Sep 18 06:30:50 2026] DELETE /resource_providers/20ec16f5-6fcf-4291-b68b-464d969d68da => generated 246 bytes in 14 msecs (HTTP/1.1 404) 6 headers in 231 bytes (1 switches on core 0)
2026-09-18 06:30:50.654 8 INFO placement.requestlog [None req-ab40b663-8d82-49be-ac08-a439ae35e056 e767c97128424277aa892d1164b9608a 0a3d1678dc674db2a8e43222e804349b - - 9ed83f489a91455094940c5d011ab250 9ed83f489a91455094940c5d011ab250] 10.0.0.47 "DELETE /resource_providers/20ec16f5-6fcf-4291-b68b-464d969d68da" status: 404 len: 246 microversion: 1.1 [pid: 8|app: 0|req: 440/877] 10.0.0.47 () {34 vars in 824 bytes} [Fri Sep 18 06:30:50 2026] DELETE /resource_providers/20ec16f5-6fcf-4291-b68b-464d969d68da => generated 246 bytes in 15 msecs (HTTP/1.1 404) 6 headers in 231 bytes (1 switches on core 0)
2026-09-18 06:30:52.664 7 INFO placement.requestlog [None req-db6740d3-f32b-4255-878c-41784087c3f5 e767c97128424277aa892d1164b9608a 0a3d1678dc674db2a8e43222e804349b - - 9ed83f489a91455094940c5d011ab250 9ed83f489a91455094940c5d011ab250] 10.0.0.47 "GET /resource_providers/6c9fb93d-7d0b-45ca-b1a8-43a6dbbf950f/aggregates" status: 404 len: 235 microversion: 1.1 [pid: 7|app: 0|req: 438/878] 10.0.0.47 () {32 vars in 824 bytes} [Fri Sep 18 06:30:52 2026] GET /resource_providers/6c9fb93d-7d0b-45ca-b1a8-43a6dbbf950f/aggregates => generated 235 bytes in 10 msecs (HTTP/1.1 404) 5 headers in 202 bytes (1 switches on core 0)
2026-09-18 06:30:52.679 8 INFO placement.requestlog [None req-c8a4063b-3e0b-4141-beb4-85cc107a27e0 e767c97128424277aa892d1164b9608a 0a3d1678dc674db2a8e43222e804349b - - 9ed83f489a91455094940c5d011ab250 9ed83f489a91455094940c5d011ab250] 10.0.0.47 "GET /resource_providers/6c9fb93d-7d0b-45ca-b1a8-43a6dbbf950f/aggregates" status: 404 len: 235 microversion: 1.1 [pid: 8|app: 0|req: 441/879] 10.0.0.47 () {32 vars in 824 bytes} [Fri Sep 18 06:30:52 2026] GET /resource_providers/6c9fb93d-7d0b-45ca-b1a8-43a6dbbf950f/aggregates => generated 235 bytes in 19 msecs (HTTP/1.1 404) 5 headers in 202 bytes (1 switches on core 0)
2026-09-18 06:30:52.684 7 INFO placement.requestlog [None req-69f2e80c-ed2b-45e0-bf9f-a06d636fd335 e767c97128424277aa892d1164b9608a 0a3d1678dc674db2a8e43222e804349b - - 9ed83f489a91455094940c5d011ab250 9ed83f489a91455094940c5d011ab250] 10.0.0.47 "DELETE /resource_providers/6c9fb93d-7d0b-45ca-b1a8-43a6dbbf950f" status: 404 len: 246 microversion: 1.1 [pid: 7|app: 0|req: 439/880] 10.0.0.47 () {34 vars in 824 bytes} [Fri Sep 18 06:30:52 2026] DELETE /resource_providers/6c9fb93d-7d0b-45ca-b1a8-43a6dbbf950f => generated 246 bytes in 12 msecs (HTTP/1.1 404) 6 headers in 231 bytes (1 switches on core 0)
2026-09-18 06:30:52.701 7 INFO placement.requestlog [None req-271dec9d-a6dc-48d1-b658-84ac13edaf8d e767c97128424277aa892d1164b9608a 0a3d1678dc674db2a8e43222e804349b - - 9ed83f489a91455094940c5d011ab250 9ed83f489a91455094940c5d011ab250] 10.0.0.47 "GET /resource_providers/8e80334c-6e57-48d0-af17-100689dca261/aggregates" status: 404 len: 235 microversion: 1.1
2026-09-18 06:30:52.701 8 INFO placement.requestlog [None req-792127c2-dea8-4273-b872-d64e34754762 e767c97128424277aa892d1164b9608a 0a3d1678dc674db2a8e43222e804349b - - 9ed83f489a91455094940c5d011ab250 9ed83f489a91455094940c5d011ab250] 10.0.0.47 "DELETE /resource_providers/6c9fb93d-7d0b-45ca-b1a8-43a6dbbf950f" status: 404 len: 246 microversion: 1.1 [pid: 7|app: 0|req: 440/881] 10.0.0.47 () {32 vars in 824 bytes} [Fri Sep 18 06:30:52 2026] GET /resource_providers/8e80334c-6e57-48d0-af17-100689dca261/aggregates => generated 235 bytes in 9 msecs (HTTP/1.1 404) 5 headers in 202 bytes (1 switches on core 0) [pid: 8|app: 0|req: 442/882] 10.0.0.47 () {34 vars in 824 bytes} [Fri Sep 18 06:30:52 2026] DELETE /resource_providers/6c9fb93d-7d0b-45ca-b1a8-43a6dbbf950f => generated 246 bytes in 15 msecs (HTTP/1.1 404) 6 headers in 231 bytes (1 switches on core 0)
2026-09-18 06:30:52.722 7 INFO placement.requestlog [None req-d74a5959-c669-445c-aa1f-1f1e1b751a25 e767c97128424277aa892d1164b9608a 0a3d1678dc674db2a8e43222e804349b - - 9ed83f489a91455094940c5d011ab250 9ed83f489a91455094940c5d011ab250] 10.0.0.47 "DELETE /resource_providers/8e80334c-6e57-48d0-af17-100689dca261" status: 404 len: 246 microversion: 1.1 [pid: 7|app: 0|req: 441/883] 10.0.0.47 () {34 vars in 824 bytes} [Fri Sep 18 06:30:52 2026] DELETE /resource_providers/8e80334c-6e57-48d0-af17-100689dca261 => generated 246 bytes in 11 msecs (HTTP/1.1 404) 6 headers in 231 bytes (1 switches on core 0)
2026-09-18 06:30:52.726 8 INFO placement.requestlog [None req-26ded7ea-1541-474e-8c7e-486e36277ba9 e767c97128424277aa892d1164b9608a 0a3d1678dc674db2a8e43222e804349b - - 9ed83f489a91455094940c5d011ab250 9ed83f489a91455094940c5d011ab250] 10.0.0.47 "GET /resource_providers/8e80334c-6e57-48d0-af17-100689dca261/aggregates" status: 404 len: 235 microversion: 1.1 [pid: 8|app: 0|req: 443/884] 10.0.0.47 () {32 vars in 824 bytes} [Fri Sep 18 06:30:52 2026] GET /resource_providers/8e80334c-6e57-48d0-af17-100689dca261/aggregates => generated 235 bytes in 15 msecs (HTTP/1.1 404) 5 headers in 202 bytes (1 switches on core 0)
2026-09-18 06:30:52.746 7 INFO placement.requestlog [None req-109c2775-6cb2-4505-958b-bef2f4a3bcf5 e767c97128424277aa892d1164b9608a 0a3d1678dc674db2a8e43222e804349b - - 9ed83f489a91455094940c5d011ab250 9ed83f489a91455094940c5d011ab250] 10.0.0.47 "DELETE /resource_providers/8e80334c-6e57-48d0-af17-100689dca261" status: 404 len: 246 microversion: 1.1 [pid: 7|app: 0|req: 442/885] 10.0.0.47 () {34 vars in 824 bytes} [Fri Sep 18 06:30:52 2026] DELETE /resource_providers/8e80334c-6e57-48d0-af17-100689dca261 => generated 246 bytes in 13 msecs (HTTP/1.1 404) 6 headers in 231 bytes (1 switches on core 0)
2026-09-18 06:30:54.758 8 INFO placement.requestlog [None req-f2b0850a-2ac2-4838-80ef-b5f6afa9e84e e767c97128424277aa892d1164b9608a 0a3d1678dc674db2a8e43222e804349b - - 9ed83f489a91455094940c5d011ab250 9ed83f489a91455094940c5d011ab250] 10.0.0.47 "GET /resource_providers/3760345c-daca-4ae9-a975-0d9b9d2c8e18/aggregates" status: 404 len: 235 microversion: 1.1 [pid: 8|app: 0|req: 444/886] 10.0.0.47 () {32 vars in 824 bytes} [Fri Sep 18 06:30:54 2026] GET /resource_providers/3760345c-daca-4ae9-a975-0d9b9d2c8e18/aggregates => generated 235 bytes in 20 msecs (HTTP/1.1 404) 5 headers in 202 bytes (1 switches on core 0)
2026-09-18 06:30:54.787 8 INFO placement.requestlog [None req-b6cd7362-8ade-4719-8d4f-ea2dcbb4d474 e767c97128424277aa892d1164b9608a 0a3d1678dc674db2a8e43222e804349b - - 9ed83f489a91455094940c5d011ab250 9ed83f489a91455094940c5d011ab250] 10.0.0.47 "DELETE /resource_providers/3760345c-daca-4ae9-a975-0d9b9d2c8e18" status: 404 len: 246 microversion: 1.1 [pid: 8|app: 0|req: 445/887] 10.0.0.47 () {34 vars in 824 bytes} [Fri Sep 18 06:30:54 2026] DELETE /resource_providers/3760345c-daca-4ae9-a975-0d9b9d2c8e18 => generated 246 bytes in 15 msecs (HTTP/1.1 404) 6 headers in 231 bytes (1 switches on core 0)
2026-09-18 06:30:54.789 7 INFO placement.requestlog [None req-b30d9e57-0875-4360-9e4f-989285f7bd07 e767c97128424277aa892d1164b9608a 0a3d1678dc674db2a8e43222e804349b - - 9ed83f489a91455094940c5d011ab250 9ed83f489a91455094940c5d011ab250] 10.0.0.47 "GET /resource_providers/3760345c-daca-4ae9-a975-0d9b9d2c8e18/aggregates" status: 404 len: 235 microversion: 1.1 [pid: 7|app: 0|req: 443/888] 10.0.0.47 () {32 vars in 824 bytes} [Fri Sep 18 06:30:54 2026] GET /resource_providers/3760345c-daca-4ae9-a975-0d9b9d2c8e18/aggregates => generated 235 bytes in 18 msecs (HTTP/1.1 404) 5 headers in 202 bytes (1 switches on core 0)
2026-09-18 06:30:54.810 8 INFO placement.requestlog [None req-b87d7b15-41dd-4a59-adcf-2b4ac940ef82 e767c97128424277aa892d1164b9608a 0a3d1678dc674db2a8e43222e804349b - - 9ed83f489a91455094940c5d011ab250 9ed83f489a91455094940c5d011ab250] 10.0.0.47 "DELETE /resource_providers/3760345c-daca-4ae9-a975-0d9b9d2c8e18" status: 404 len: 246 microversion: 1.1 [pid: 8|app: 0|req: 446/889] 10.0.0.47 () {34 vars in 824 bytes} [Fri Sep 18 06:30:54 2026] DELETE /resource_providers/3760345c-daca-4ae9-a975-0d9b9d2c8e18 => generated 246 bytes in 12 msecs (HTTP/1.1 404) 6 headers in 231 bytes (1 switches on core 0)
2026-09-18 06:30:55.299 7 INFO placement.requestlog [None req-5095f04a-783e-4063-9f7f-9d4e5b1c47b5 - - - - - -] 10.0.0.27 "GET /" status: 200 len: 136 microversion: 1.0
2026-09-18 06:30:55.299 8 INFO placement.requestlog [None req-16286f0a-bb9a-4e0a-bee1-8b629dab8180 - - - - - -] 10.0.0.27 "GET /" status: 200 len: 136 microversion: 1.0
2026-09-18 06:30:58.403 7 INFO placement.requestlog [req-3dcee461-0074-4b1f-98db-54e5e852a0af req-6c152c56-1883-484b-b0c6-badbfb392f3e e36c5d1c782c4c13a91a4929b8e5c83f 0a3d1678dc674db2a8e43222e804349b - - 9ed83f489a91455094940c5d011ab250 9ed83f489a91455094940c5d011ab250] 10.0.0.226 "GET /allocation_candidates?limit=1000&resources=DISK_GB%3A1%2CMEMORY_MB%3A512%2CVCPU%3A1&root_required=%21COMPUTE_STATUS_DISABLED" status: 200 len: 2188 microversion: 1.36 [pid: 7|app: 0|req: 445/892] 10.0.0.226 () {34 vars in 1012 bytes} [Fri Sep 18 06:30:58 2026] GET /allocation_candidates?limit=1000&resources=DISK_GB%3A1%2CMEMORY_MB%3A512%2CVCPU%3A1&root_required=%21COMPUTE_STATUS_DISABLED => generated 2188 bytes in 69 msecs (HTTP/1.1 200) 8 headers in 297 bytes (1 switches on core 0)
2026-09-18 06:30:58.464 8 INFO placement.requestlog [req-3dcee461-0074-4b1f-98db-54e5e852a0af req-60ed1243-5d9d-4bd8-9fc2-2ee800bc4094 e36c5d1c782c4c13a91a4929b8e5c83f 0a3d1678dc674db2a8e43222e804349b - - 9ed83f489a91455094940c5d011ab250 9ed83f489a91455094940c5d011ab250] 10.0.0.226 "GET /allocations/86f7e6bd-273f-4663-b7f1-cd75faaf1521" status: 200 len: 19 microversion: 1.28 [pid: 8|app: 0|req: 448/893] 10.0.0.226 () {34 vars in 861 bytes} [Fri Sep 18 06:30:58 2026] GET /allocations/86f7e6bd-273f-4663-b7f1-cd75faaf1521 => generated 19 bytes in 17 msecs (HTTP/1.1 200) 8 headers in 295 bytes (1 switches on core 0)
2026-09-18 06:30:58.573 7 INFO placement.requestlog [req-3dcee461-0074-4b1f-98db-54e5e852a0af req-89589ab2-c4c1-4674-8c27-acc887e0b3ef e36c5d1c782c4c13a91a4929b8e5c83f 0a3d1678dc674db2a8e43222e804349b - - 9ed83f489a91455094940c5d011ab250 9ed83f489a91455094940c5d011ab250] 10.0.0.226 "PUT /allocations/86f7e6bd-273f-4663-b7f1-cd75faaf1521" status: 204 len: 0 microversion: 1.36 [pid: 7|app: 0|req: 446/894] 10.0.0.226 () {38 vars in 914 bytes} [Fri Sep 18 06:30:58 2026] PUT /allocations/86f7e6bd-273f-4663-b7f1-cd75faaf1521 => generated 0 bytes in 97 msecs (HTTP/1.1 204) 5 headers in 199 bytes (1 switches on core 0)
2026-09-18 06:30:58.887 8 INFO placement.requestlog [req-3dcee461-0074-4b1f-98db-54e5e852a0af req-cd6b08c6-4be6-4901-a094-b068f5cc8e63 e36c5d1c782c4c13a91a4929b8e5c83f 0a3d1678dc674db2a8e43222e804349b - - 9ed83f489a91455094940c5d011ab250 9ed83f489a91455094940c5d011ab250] 162.253.55.195 "GET /allocations/86f7e6bd-273f-4663-b7f1-cd75faaf1521" status: 200 len: 258 microversion: 1.28 [pid: 8|app: 0|req: 449/895] 162.253.55.195 () {34 vars in 863 bytes} [Fri Sep 18 06:30:58 2026] GET /allocations/86f7e6bd-273f-4663-b7f1-cd75faaf1521 => generated 258 bytes in 18 msecs (HTTP/1.1 200) 8 headers in 296 bytes (1 switches on core 0)
2026-09-18 06:30:59.006 7 INFO placement.requestlog [req-3dcee461-0074-4b1f-98db-54e5e852a0af req-b2958d81-9e42-4a53-8889-9393568b1068 e36c5d1c782c4c13a91a4929b8e5c83f 0a3d1678dc674db2a8e43222e804349b - - 9ed83f489a91455094940c5d011ab250 9ed83f489a91455094940c5d011ab250] 162.253.55.195 "GET /resource_providers/2ecdb4fb-68f4-49fa-8339-fdf28fca2099/allocations" status: 200 len: 153 microversion: 1.0 [pid: 7|app: 0|req: 447/896] 162.253.55.195 () {32 vars in 857 bytes} [Fri Sep 18 06:30:58 2026] GET /resource_providers/2ecdb4fb-68f4-49fa-8339-fdf28fca2099/allocations => generated 153 bytes in 29 msecs (HTTP/1.1 200) 6 headers in 224 bytes (1 switches on core 0)
2026-09-18 06:30:59.025 8 INFO placement.requestlog [req-3dcee461-0074-4b1f-98db-54e5e852a0af req-5ee677ff-47ac-4a7e-b9b8-e1e48aa13bf6 e36c5d1c782c4c13a91a4929b8e5c83f 0a3d1678dc674db2a8e43222e804349b - - 9ed83f489a91455094940c5d011ab250 9ed83f489a91455094940c5d011ab250] 162.253.55.195 "GET /allocations/86f7e6bd-273f-4663-b7f1-cd75faaf1521" status: 200 len: 258 microversion: 1.28 [pid: 8|app: 0|req: 450/897] 162.253.55.195 () {34 vars in 863 bytes} [Fri Sep 18 06:30:59 2026] GET /allocations/86f7e6bd-273f-4663-b7f1-cd75faaf1521 => generated 258 bytes in 14 msecs (HTTP/1.1 200) 8 headers in 296 bytes (1 switches on core 0)
2026-09-18 06:31:01.564 7 INFO placement.requestlog [None req-e98d2430-64d8-42a0-b669-23c07b10aa07 e767c97128424277aa892d1164b9608a 0a3d1678dc674db2a8e43222e804349b - - 9ed83f489a91455094940c5d011ab250 9ed83f489a91455094940c5d011ab250] 10.0.0.47 "GET /resource_providers/97a50592-75c1-40ec-9439-1c842a040b74/aggregates" status: 404 len: 235 microversion: 1.1 [pid: 7|app: 0|req: 448/898] 10.0.0.47 () {32 vars in 824 bytes} [Fri Sep 18 06:31:01 2026] GET /resource_providers/97a50592-75c1-40ec-9439-1c842a040b74/aggregates => generated 235 bytes in 18 msecs (HTTP/1.1 404) 5 headers in 202 bytes (1 switches on core 0)
2026-09-18 06:31:01.567 8 INFO placement.requestlog [None req-985c6c7b-2c06-4aa6-8ff3-2486a46eae86 e767c97128424277aa892d1164b9608a 0a3d1678dc674db2a8e43222e804349b - - 9ed83f489a91455094940c5d011ab250 9ed83f489a91455094940c5d011ab250] 10.0.0.47 "GET /resource_providers/97a50592-75c1-40ec-9439-1c842a040b74/aggregates" status: 404 len: 235 microversion: 1.1 [pid: 8|app: 0|req: 451/899] 10.0.0.47 () {32 vars in 824 bytes} [Fri Sep 18 06:31:01 2026] GET /resource_providers/97a50592-75c1-40ec-9439-1c842a040b74/aggregates => generated 235 bytes in 19 msecs (HTTP/1.1 404) 5 headers in 202 bytes (1 switches on core 0)
2026-09-18 06:31:01.592 7 INFO placement.requestlog [None req-a635d1ea-5e37-4dda-8851-ecc9c4eecb62 e767c97128424277aa892d1164b9608a 0a3d1678dc674db2a8e43222e804349b - - 9ed83f489a91455094940c5d011ab250 9ed83f489a91455094940c5d011ab250] 10.0.0.47 "DELETE /resource_providers/97a50592-75c1-40ec-9439-1c842a040b74" status: 404 len: 246 microversion: 1.1 [pid: 7|app: 0|req: 449/900] 10.0.0.47 () {34 vars in 824 bytes} [Fri Sep 18 06:31:01 2026] DELETE /resource_providers/97a50592-75c1-40ec-9439-1c842a040b74 => generated 246 bytes in 12 msecs (HTTP/1.1 404) 6 headers in 231 bytes (1 switches on core 0)
2026-09-18 06:31:01.600 8 INFO placement.requestlog [None req-70468694-f9ca-446d-be4e-418498712202 e767c97128424277aa892d1164b9608a 0a3d1678dc674db2a8e43222e804349b - - 9ed83f489a91455094940c5d011ab250 9ed83f489a91455094940c5d011ab250] 10.0.0.47 "DELETE /resource_providers/97a50592-75c1-40ec-9439-1c842a040b74" status: 404 len: 246 microversion: 1.1 [pid: 8|app: 0|req: 452/901] 10.0.0.47 () {34 vars in 824 bytes} [Fri Sep 18 06:31:01 2026] DELETE /resource_providers/97a50592-75c1-40ec-9439-1c842a040b74 => generated 246 bytes in 18 msecs (HTTP/1.1 404) 6 headers in 231 bytes (1 switches on core 0)
2026-09-18 06:31:03.223 8 INFO placement.requestlog [None req-73fa455f-f5ed-46be-ad52-58d2a445df76 e767c97128424277aa892d1164b9608a 0a3d1678dc674db2a8e43222e804349b - - 9ed83f489a91455094940c5d011ab250 9ed83f489a91455094940c5d011ab250] 10.0.0.47 "GET /resource_providers/6faf7a9c-9179-4dff-8259-9a5ba53881bd/aggregates" status: 404 len: 235 microversion: 1.1 [pid: 8|app: 0|req: 453/902] 10.0.0.47 () {32 vars in 824 bytes} [Fri Sep 18 06:31:03 2026] GET /resource_providers/6faf7a9c-9179-4dff-8259-9a5ba53881bd/aggregates => generated 235 bytes in 17 msecs (HTTP/1.1 404) 5 headers in 202 bytes (1 switches on core 0)
2026-09-18 06:31:03.227 7 INFO placement.requestlog [None req-894c4630-9516-4a35-b7db-1b657efe3c85 e767c97128424277aa892d1164b9608a 0a3d1678dc674db2a8e43222e804349b - - 9ed83f489a91455094940c5d011ab250 9ed83f489a91455094940c5d011ab250] 10.0.0.47 "GET /resource_providers/6faf7a9c-9179-4dff-8259-9a5ba53881bd/aggregates" status: 404 len: 235 microversion: 1.1 [pid: 7|app: 0|req: 450/903] 10.0.0.47 () {32 vars in 824 bytes} [Fri Sep 18 06:31:03 2026] GET /resource_providers/6faf7a9c-9179-4dff-8259-9a5ba53881bd/aggregates => generated 235 bytes in 22 msecs (HTTP/1.1 404) 5 headers in 202 bytes (1 switches on core 0)
2026-09-18 06:31:03.248 7 INFO placement.requestlog [None req-b15a2c5b-d444-4ada-b8aa-d6a35d9784b4 e767c97128424277aa892d1164b9608a 0a3d1678dc674db2a8e43222e804349b - - 9ed83f489a91455094940c5d011ab250 9ed83f489a91455094940c5d011ab250] 10.0.0.47 "DELETE /resource_providers/6faf7a9c-9179-4dff-8259-9a5ba53881bd" status: 404 len: 246 microversion: 1.1 [pid: 7|app: 0|req: 451/904] 10.0.0.47 () {34 vars in 824 bytes} [Fri Sep 18 06:31:03 2026] DELETE /resource_providers/6faf7a9c-9179-4dff-8259-9a5ba53881bd => generated 246 bytes in 15 msecs (HTTP/1.1 404) 6 headers in 231 bytes (1 switches on core 0)
2026-09-18 06:31:03.253 8 INFO placement.requestlog [None req-4ba3ba01-ffab-4c78-a85c-6b9be8be62cd e767c97128424277aa892d1164b9608a 0a3d1678dc674db2a8e43222e804349b - - 9ed83f489a91455094940c5d011ab250 9ed83f489a91455094940c5d011ab250] 10.0.0.47 "DELETE /resource_providers/6faf7a9c-9179-4dff-8259-9a5ba53881bd" status: 404 len: 246 microversion: 1.1 [pid: 8|app: 0|req: 454/905] 10.0.0.47 () {34 vars in 824 bytes} [Fri Sep 18 06:31:03 2026] DELETE /resource_providers/6faf7a9c-9179-4dff-8259-9a5ba53881bd => generated 246 bytes in 21 msecs (HTTP/1.1 404) 6 headers in 231 bytes (1 switches on core 0)
2026-09-18 06:31:03.628 7 INFO placement.requestlog [None req-103e9a3d-0127-44ed-bfbe-3017b4e8691e e767c97128424277aa892d1164b9608a 0a3d1678dc674db2a8e43222e804349b - - 9ed83f489a91455094940c5d011ab250 9ed83f489a91455094940c5d011ab250] 10.0.0.47 "GET /resource_providers/9f519c24-c72f-403b-9aa4-825e173265f0/aggregates" status: 404 len: 235 microversion: 1.1 [pid: 7|app: 0|req: 452/906] 10.0.0.47 () {32 vars in 824 bytes} [Fri Sep 18 06:31:03 2026] GET /resource_providers/9f519c24-c72f-403b-9aa4-825e173265f0/aggregates => generated 235 bytes in 24 msecs (HTTP/1.1 404) 5 headers in 202 bytes (1 switches on core 0)
2026-09-18 06:31:03.634 8 INFO placement.requestlog [None req-365550c0-cefe-4b6e-a89f-b056abfe1e27 e767c97128424277aa892d1164b9608a 0a3d1678dc674db2a8e43222e804349b - - 9ed83f489a91455094940c5d011ab250 9ed83f489a91455094940c5d011ab250] 10.0.0.47 "GET /resource_providers/9f519c24-c72f-403b-9aa4-825e173265f0/aggregates" status: 404 len: 235 microversion: 1.1 [pid: 8|app: 0|req: 455/907] 10.0.0.47 () {32 vars in 824 bytes} [Fri Sep 18 06:31:03 2026] GET /resource_providers/9f519c24-c72f-403b-9aa4-825e173265f0/aggregates => generated 235 bytes in 13 msecs (HTTP/1.1 404) 5 headers in 202 bytes (1 switches on core 0)
2026-09-18 06:31:03.653 7 INFO placement.requestlog [None req-b724ff44-03c8-40ef-9997-734fac2254d0 e767c97128424277aa892d1164b9608a 0a3d1678dc674db2a8e43222e804349b - - 9ed83f489a91455094940c5d011ab250 9ed83f489a91455094940c5d011ab250] 10.0.0.47 "DELETE /resource_providers/9f519c24-c72f-403b-9aa4-825e173265f0" status: 404 len: 246 microversion: 1.1 [pid: 7|app: 0|req: 453/908] 10.0.0.47 () {34 vars in 824 bytes} [Fri Sep 18 06:31:03 2026] DELETE /resource_providers/9f519c24-c72f-403b-9aa4-825e173265f0 => generated 246 bytes in 10 msecs (HTTP/1.1 404) 6 headers in 231 bytes (1 switches on core 0)
2026-09-18 06:31:03.654 8 INFO placement.requestlog [None req-fe2d4cc4-6b00-4dd7-8886-5cbeb1819fbf e767c97128424277aa892d1164b9608a 0a3d1678dc674db2a8e43222e804349b - - 9ed83f489a91455094940c5d011ab250 9ed83f489a91455094940c5d011ab250] 10.0.0.47 "DELETE /resource_providers/9f519c24-c72f-403b-9aa4-825e173265f0" status: 404 len: 246 microversion: 1.1 [pid: 8|app: 0|req: 456/909] 10.0.0.47 () {34 vars in 824 bytes} [Fri Sep 18 06:31:03 2026] DELETE /resource_providers/9f519c24-c72f-403b-9aa4-825e173265f0 => generated 246 bytes in 11 msecs (HTTP/1.1 404) 6 headers in 231 bytes (1 switches on core 0)
2026-09-18 06:31:05.274 7 INFO placement.requestlog [None req-533c36f2-2f2d-4ea1-b2b7-04db791edcea e767c97128424277aa892d1164b9608a 0a3d1678dc674db2a8e43222e804349b - - 9ed83f489a91455094940c5d011ab250 9ed83f489a91455094940c5d011ab250] 10.0.0.47 "GET /resource_providers/4d5aa246-1b1a-489d-bfff-3b1a4c9fede3/aggregates" status: 404 len: 235 microversion: 1.1 [pid: 7|app: 0|req: 454/910] 10.0.0.47 () {32 vars in 824 bytes} [Fri Sep 18 06:31:05 2026] GET /resource_providers/4d5aa246-1b1a-489d-bfff-3b1a4c9fede3/aggregates => generated 235 bytes in 18 msecs (HTTP/1.1 404) 5 headers in 202 bytes (1 switches on core 0)
2026-09-18 06:31:05.281 8 INFO placement.requestlog [None req-3543b82a-158a-4bd4-bb65-9ed90c9b258e e767c97128424277aa892d1164b9608a 0a3d1678dc674db2a8e43222e804349b - - 9ed83f489a91455094940c5d011ab250 9ed83f489a91455094940c5d011ab250] 10.0.0.47 "GET /resource_providers/4d5aa246-1b1a-489d-bfff-3b1a4c9fede3/aggregates" status: 404 len: 235 microversion: 1.1 [pid: 8|app: 0|req: 457/911] 10.0.0.47 () {32 vars in 824 bytes} [Fri Sep 18 06:31:05 2026] GET /resource_providers/4d5aa246-1b1a-489d-bfff-3b1a4c9fede3/aggregates => generated 235 bytes in 20 msecs (HTTP/1.1 404) 5 headers in 202 bytes (1 switches on core 0)
2026-09-18 06:31:05.298 7 INFO placement.requestlog [None req-060ffb2b-1b36-4560-b191-0490809d6422 e767c97128424277aa892d1164b9608a 0a3d1678dc674db2a8e43222e804349b - - 9ed83f489a91455094940c5d011ab250 9ed83f489a91455094940c5d011ab250] 10.0.0.47 "DELETE /resource_providers/4d5aa246-1b1a-489d-bfff-3b1a4c9fede3" status: 404 len: 246 microversion: 1.1 [pid: 7|app: 0|req: 455/912] 10.0.0.47 () {34 vars in 824 bytes} [Fri Sep 18 06:31:05 2026] DELETE /resource_providers/4d5aa246-1b1a-489d-bfff-3b1a4c9fede3 => generated 246 bytes in 12 msecs (HTTP/1.1 404) 6 headers in 231 bytes (1 switches on core 0)
2026-09-18 06:31:05.300 7 INFO placement.requestlog [None req-3d911f0f-fa0d-45da-aaa9-7259cd168b05 - - - - - -] 10.0.0.27 "GET /" status: 200 len: 136 microversion: 1.0
2026-09-18 06:31:05.314 7 INFO placement.requestlog [None req-3539eccf-4f14-4a86-90bb-ef648447222a - - - - - -] 10.0.0.27 "GET /" status: 200 len: 136 microversion: 1.0
2026-09-18 06:31:05.320 8 INFO placement.requestlog [None req-2edf49a6-17c9-4b36-a640-12aff5302027 e767c97128424277aa892d1164b9608a 0a3d1678dc674db2a8e43222e804349b - - 9ed83f489a91455094940c5d011ab250 9ed83f489a91455094940c5d011ab250] 10.0.0.47 "DELETE /resource_providers/4d5aa246-1b1a-489d-bfff-3b1a4c9fede3" status: 404 len: 246 microversion: 1.1 [pid: 8|app: 0|req: 458/915] 10.0.0.47 () {34 vars in 824 bytes} [Fri Sep 18 06:31:05 2026] DELETE /resource_providers/4d5aa246-1b1a-489d-bfff-3b1a4c9fede3 => generated 246 bytes in 23 msecs (HTTP/1.1 404) 6 headers in 231 bytes (1 switches on core 0)
2026-09-18 06:31:05.667 7 INFO placement.requestlog [None req-27b3b9f8-824a-4177-b215-79af9eaf0236 e767c97128424277aa892d1164b9608a 0a3d1678dc674db2a8e43222e804349b - - 9ed83f489a91455094940c5d011ab250 9ed83f489a91455094940c5d011ab250] 10.0.0.47 "GET /resource_providers/094cb642-af28-402b-8895-b0d3d6a51d0c/aggregates" status: 404 len: 235 microversion: 1.1 [pid: 7|app: 0|req: 458/916] 10.0.0.47 () {32 vars in 824 bytes} [Fri Sep 18 06:31:05 2026] GET /resource_providers/094cb642-af28-402b-8895-b0d3d6a51d0c/aggregates => generated 235 bytes in 9 msecs (HTTP/1.1 404) 5 headers in 202 bytes (1 switches on core 0)
2026-09-18 06:31:05.676 8 INFO placement.requestlog [None req-78557f70-fbf0-4725-b902-ba34f7f8fcba e767c97128424277aa892d1164b9608a 0a3d1678dc674db2a8e43222e804349b - - 9ed83f489a91455094940c5d011ab250 9ed83f489a91455094940c5d011ab250] 10.0.0.47 "GET /resource_providers/094cb642-af28-402b-8895-b0d3d6a51d0c/aggregates" status: 404 len: 235 microversion: 1.1 [pid: 8|app: 0|req: 459/917] 10.0.0.47 () {32 vars in 824 bytes} [Fri Sep 18 06:31:05 2026] GET /resource_providers/094cb642-af28-402b-8895-b0d3d6a51d0c/aggregates => generated 235 bytes in 14 msecs (HTTP/1.1 404) 5 headers in 202 bytes (1 switches on core 0)
2026-09-18 06:31:05.688 7 INFO placement.requestlog [None req-03f0e55a-012d-494b-93a5-98f6368729a5 e767c97128424277aa892d1164b9608a 0a3d1678dc674db2a8e43222e804349b - - 9ed83f489a91455094940c5d011ab250 9ed83f489a91455094940c5d011ab250] 10.0.0.47 "DELETE /resource_providers/094cb642-af28-402b-8895-b0d3d6a51d0c" status: 404 len: 246 microversion: 1.1 [pid: 7|app: 0|req: 459/918] 10.0.0.47 () {34 vars in 824 bytes} [Fri Sep 18 06:31:05 2026] DELETE /resource_providers/094cb642-af28-402b-8895-b0d3d6a51d0c => generated 246 bytes in 14 msecs (HTTP/1.1 404) 6 headers in 231 bytes (1 switches on core 0)
2026-09-18 06:31:05.699 8 INFO placement.requestlog [None req-0b2fe004-021c-44aa-85dc-dcc987ecd405 e767c97128424277aa892d1164b9608a 0a3d1678dc674db2a8e43222e804349b - - 9ed83f489a91455094940c5d011ab250 9ed83f489a91455094940c5d011ab250] 10.0.0.47 "DELETE /resource_providers/094cb642-af28-402b-8895-b0d3d6a51d0c" status: 404 len: 246 microversion: 1.1 [pid: 8|app: 0|req: 460/919] 10.0.0.47 () {34 vars in 824 bytes} [Fri Sep 18 06:31:05 2026] DELETE /resource_providers/094cb642-af28-402b-8895-b0d3d6a51d0c => generated 246 bytes in 17 msecs (HTTP/1.1 404) 6 headers in 231 bytes (1 switches on core 0)
2026-09-18 06:31:07.318 7 INFO placement.requestlog [None req-f0899129-58c0-4270-af88-66ca562b9fa4 e767c97128424277aa892d1164b9608a 0a3d1678dc674db2a8e43222e804349b - - 9ed83f489a91455094940c5d011ab250 9ed83f489a91455094940c5d011ab250] 10.0.0.47 "GET /resource_providers/01f4be4d-7fc2-4689-bcc5-a5bc47160018/aggregates" status: 404 len: 235 microversion: 1.1 [pid: 7|app: 0|req: 460/920] 10.0.0.47 () {32 vars in 824 bytes} [Fri Sep 18 06:31:07 2026] GET /resource_providers/01f4be4d-7fc2-4689-bcc5-a5bc47160018/aggregates => generated 235 bytes in 13 msecs (HTTP/1.1 404) 5 headers in 202 bytes (1 switches on core 0)
2026-09-18 06:31:07.341 8 INFO placement.requestlog [None req-87bd2e0e-a448-48e6-ad3a-2f17795fbe15 e767c97128424277aa892d1164b9608a 0a3d1678dc674db2a8e43222e804349b - - 9ed83f489a91455094940c5d011ab250 9ed83f489a91455094940c5d011ab250] 10.0.0.47 "GET /resource_providers/01f4be4d-7fc2-4689-bcc5-a5bc47160018/aggregates" status: 404 len: 235 microversion: 1.1
2026-09-18 06:31:07.342 7 INFO placement.requestlog [None req-08ade9b8-ea75-423c-bd9a-ca11a24d2b3e e767c97128424277aa892d1164b9608a 0a3d1678dc674db2a8e43222e804349b - - 9ed83f489a91455094940c5d011ab250 9ed83f489a91455094940c5d011ab250] 10.0.0.47 "DELETE /resource_providers/01f4be4d-7fc2-4689-bcc5-a5bc47160018" status: 404 len: 246 microversion: 1.1 [pid: 8|app: 0|req: 461/921] 10.0.0.47 () {32 vars in 824 bytes} [Fri Sep 18 06:31:07 2026] GET /resource_providers/01f4be4d-7fc2-4689-bcc5-a5bc47160018/aggregates => generated 235 bytes in 14 msecs (HTTP/1.1 404) 5 headers in 202 bytes (1 switches on core 0) [pid: 7|app: 0|req: 461/922] 10.0.0.47 () {34 vars in 824 bytes} [Fri Sep 18 06:31:07 2026] DELETE /resource_providers/01f4be4d-7fc2-4689-bcc5-a5bc47160018 => generated 246 bytes in 14 msecs (HTTP/1.1 404) 6 headers in 231 bytes (1 switches on core 0)
2026-09-18 06:31:07.362 8 INFO placement.requestlog [None req-1d6b9d47-0489-4050-bf70-a04e278cd843 e767c97128424277aa892d1164b9608a 0a3d1678dc674db2a8e43222e804349b - - 9ed83f489a91455094940c5d011ab250 9ed83f489a91455094940c5d011ab250] 10.0.0.47 "DELETE /resource_providers/01f4be4d-7fc2-4689-bcc5-a5bc47160018" status: 404 len: 246 microversion: 1.1 [pid: 8|app: 0|req: 462/923] 10.0.0.47 () {34 vars in 824 bytes} [Fri Sep 18 06:31:07 2026] DELETE /resource_providers/01f4be4d-7fc2-4689-bcc5-a5bc47160018 => generated 246 bytes in 11 msecs (HTTP/1.1 404) 6 headers in 231 bytes (1 switches on core 0)
2026-09-18 06:31:07.720 7 INFO placement.requestlog [None req-1ea3728b-b46c-4736-924f-702fe0670476 e767c97128424277aa892d1164b9608a 0a3d1678dc674db2a8e43222e804349b - - 9ed83f489a91455094940c5d011ab250 9ed83f489a91455094940c5d011ab250] 10.0.0.47 "GET /resource_providers/2b337956-7993-4c32-a5bf-10f0132b4b2f/aggregates" status: 404 len: 235 microversion: 1.1 [pid: 7|app: 0|req: 462/924] 10.0.0.47 () {32 vars in 824 bytes} [Fri Sep 18 06:31:07 2026] GET /resource_providers/2b337956-7993-4c32-a5bf-10f0132b4b2f/aggregates => generated 235 bytes in 13 msecs (HTTP/1.1 404) 5 headers in 202 bytes (1 switches on core 0)
2026-09-18 06:31:07.727 8 INFO placement.requestlog [None req-efbafb41-7117-430f-a79b-33cf4e06a497 e767c97128424277aa892d1164b9608a 0a3d1678dc674db2a8e43222e804349b - - 9ed83f489a91455094940c5d011ab250 9ed83f489a91455094940c5d011ab250] 10.0.0.47 "GET /resource_providers/2b337956-7993-4c32-a5bf-10f0132b4b2f/aggregates" status: 404 len: 235 microversion: 1.1 [pid: 8|app: 0|req: 463/925] 10.0.0.47 () {32 vars in 824 bytes} [Fri Sep 18 06:31:07 2026] GET /resource_providers/2b337956-7993-4c32-a5bf-10f0132b4b2f/aggregates => generated 235 bytes in 12 msecs (HTTP/1.1 404) 5 headers in 202 bytes (1 switches on core 0)
2026-09-18 06:31:07.740 7 INFO placement.requestlog [None req-1e580460-1851-4869-93ee-d800cdf31a45 e767c97128424277aa892d1164b9608a 0a3d1678dc674db2a8e43222e804349b - - 9ed83f489a91455094940c5d011ab250 9ed83f489a91455094940c5d011ab250] 10.0.0.47 "DELETE /resource_providers/2b337956-7993-4c32-a5bf-10f0132b4b2f" status: 404 len: 246 microversion: 1.1 [pid: 7|app: 0|req: 463/926] 10.0.0.47 () {34 vars in 824 bytes} [Fri Sep 18 06:31:07 2026] DELETE /resource_providers/2b337956-7993-4c32-a5bf-10f0132b4b2f => generated 246 bytes in 12 msecs (HTTP/1.1 404) 6 headers in 231 bytes (1 switches on core 0)
2026-09-18 06:31:07.748 8 INFO placement.requestlog [None req-f19fdbc9-fc34-4ec1-9d29-9f606511136f e767c97128424277aa892d1164b9608a 0a3d1678dc674db2a8e43222e804349b - - 9ed83f489a91455094940c5d011ab250 9ed83f489a91455094940c5d011ab250] 10.0.0.47 "DELETE /resource_providers/2b337956-7993-4c32-a5bf-10f0132b4b2f" status: 404 len: 246 microversion: 1.1 [pid: 8|app: 0|req: 464/927] 10.0.0.47 () {34 vars in 824 bytes} [Fri Sep 18 06:31:07 2026] DELETE /resource_providers/2b337956-7993-4c32-a5bf-10f0132b4b2f => generated 246 bytes in 11 msecs (HTTP/1.1 404) 6 headers in 231 bytes (1 switches on core 0)
2026-09-18 06:31:10.228 7 INFO placement.requestlog [None req-b8a0c320-9e24-40ee-91ad-022045ba0c9d e767c97128424277aa892d1164b9608a 0a3d1678dc674db2a8e43222e804349b - - 9ed83f489a91455094940c5d011ab250 9ed83f489a91455094940c5d011ab250] 10.0.0.47 "GET /resource_providers/55e266aa-d7bd-4953-95fa-6dfe3ddbaaeb/aggregates" status: 404 len: 235 microversion: 1.1 [pid: 7|app: 0|req: 464/928] 10.0.0.47 () {32 vars in 824 bytes} [Fri Sep 18 06:31:10 2026] GET /resource_providers/55e266aa-d7bd-4953-95fa-6dfe3ddbaaeb/aggregates => generated 235 bytes in 13 msecs (HTTP/1.1 404) 5 headers in 202 bytes (1 switches on core 0)
2026-09-18 06:31:10.229 8 INFO placement.requestlog [None req-c4e6f09c-11f8-489c-8973-3050a12478fe e767c97128424277aa892d1164b9608a 0a3d1678dc674db2a8e43222e804349b - - 9ed83f489a91455094940c5d011ab250 9ed83f489a91455094940c5d011ab250] 10.0.0.47 "GET /resource_providers/55e266aa-d7bd-4953-95fa-6dfe3ddbaaeb/aggregates" status: 404 len: 235 microversion: 1.1 [pid: 8|app: 0|req: 465/929] 10.0.0.47 () {32 vars in 824 bytes} [Fri Sep 18 06:31:10 2026] GET /resource_providers/55e266aa-d7bd-4953-95fa-6dfe3ddbaaeb/aggregates => generated 235 bytes in 13 msecs (HTTP/1.1 404) 5 headers in 202 bytes (1 switches on core 0)
2026-09-18 06:31:10.247 8 INFO placement.requestlog [None req-baa9b320-bb07-4c24-a014-e183f261d147 e767c97128424277aa892d1164b9608a 0a3d1678dc674db2a8e43222e804349b - - 9ed83f489a91455094940c5d011ab250 9ed83f489a91455094940c5d011ab250] 10.0.0.47 "DELETE /resource_providers/55e266aa-d7bd-4953-95fa-6dfe3ddbaaeb" status: 404 len: 246 microversion: 1.1 [pid: 8|app: 0|req: 466/930] 10.0.0.47 () {34 vars in 824 bytes} [Fri Sep 18 06:31:10 2026] DELETE /resource_providers/55e266aa-d7bd-4953-95fa-6dfe3ddbaaeb => generated 246 bytes in 10 msecs (HTTP/1.1 404) 6 headers in 231 bytes (1 switches on core 0)
2026-09-18 06:31:10.248 7 INFO placement.requestlog [None req-c400ef93-601d-4cb6-b6e1-ad890183a4b0 e767c97128424277aa892d1164b9608a 0a3d1678dc674db2a8e43222e804349b - - 9ed83f489a91455094940c5d011ab250 9ed83f489a91455094940c5d011ab250] 10.0.0.47 "DELETE /resource_providers/55e266aa-d7bd-4953-95fa-6dfe3ddbaaeb" status: 404 len: 246 microversion: 1.1 [pid: 7|app: 0|req: 465/931] 10.0.0.47 () {34 vars in 824 bytes} [Fri Sep 18 06:31:10 2026] DELETE /resource_providers/55e266aa-d7bd-4953-95fa-6dfe3ddbaaeb => generated 246 bytes in 11 msecs (HTTP/1.1 404) 6 headers in 231 bytes (1 switches on core 0)
2026-09-18 06:31:12.646 7 INFO placement.requestlog [None req-526c9903-69d6-499e-87be-a5082cec8b72 e767c97128424277aa892d1164b9608a 0a3d1678dc674db2a8e43222e804349b - - 9ed83f489a91455094940c5d011ab250 9ed83f489a91455094940c5d011ab250] 10.0.0.47 "GET /resource_providers/443c2f4c-ecb2-47e6-bd86-54780bb70022/aggregates" status: 404 len: 235 microversion: 1.1 [pid: 7|app: 0|req: 466/932] 10.0.0.47 () {32 vars in 824 bytes} [Fri Sep 18 06:31:12 2026] GET /resource_providers/443c2f4c-ecb2-47e6-bd86-54780bb70022/aggregates => generated 235 bytes in 13 msecs (HTTP/1.1 404) 5 headers in 202 bytes (1 switches on core 0)
2026-09-18 06:31:12.665 7 INFO placement.requestlog [None req-f35e2011-f214-4621-b235-831901ec827f e767c97128424277aa892d1164b9608a 0a3d1678dc674db2a8e43222e804349b - - 9ed83f489a91455094940c5d011ab250 9ed83f489a91455094940c5d011ab250] 10.0.0.47 "DELETE /resource_providers/443c2f4c-ecb2-47e6-bd86-54780bb70022" status: 404 len: 246 microversion: 1.1 [pid: 7|app: 0|req: 467/933] 10.0.0.47 () {34 vars in 824 bytes} [Fri Sep 18 06:31:12 2026] DELETE /resource_providers/443c2f4c-ecb2-47e6-bd86-54780bb70022 => generated 246 bytes in 12 msecs (HTTP/1.1 404) 6 headers in 231 bytes (1 switches on core 0)
2026-09-18 06:31:12.691 8 INFO placement.requestlog [None req-685ec0b8-e72e-475c-a630-e7fd54654f35 e767c97128424277aa892d1164b9608a 0a3d1678dc674db2a8e43222e804349b - - 9ed83f489a91455094940c5d011ab250 9ed83f489a91455094940c5d011ab250] 10.0.0.47 "GET /resource_providers/443c2f4c-ecb2-47e6-bd86-54780bb70022/aggregates" status: 404 len: 235 microversion: 1.1 [pid: 8|app: 0|req: 467/934] 10.0.0.47 () {32 vars in 824 bytes} [Fri Sep 18 06:31:12 2026] GET /resource_providers/443c2f4c-ecb2-47e6-bd86-54780bb70022/aggregates => generated 235 bytes in 68 msecs (HTTP/1.1 404) 5 headers in 202 bytes (1 switches on core 0)
2026-09-18 06:31:12.720 7 INFO placement.requestlog [None req-57cd1d7d-a6bf-486b-b1e0-4f103f2702f5 e767c97128424277aa892d1164b9608a 0a3d1678dc674db2a8e43222e804349b - - 9ed83f489a91455094940c5d011ab250 9ed83f489a91455094940c5d011ab250] 10.0.0.47 "DELETE /resource_providers/443c2f4c-ecb2-47e6-bd86-54780bb70022" status: 404 len: 246 microversion: 1.1 [pid: 7|app: 0|req: 468/935] 10.0.0.47 () {34 vars in 824 bytes} [Fri Sep 18 06:31:12 2026] DELETE /resource_providers/443c2f4c-ecb2-47e6-bd86-54780bb70022 => generated 246 bytes in 13 msecs (HTTP/1.1 404) 6 headers in 231 bytes (1 switches on core 0)
2026-09-18 06:31:14.347 8 INFO placement.requestlog [None req-02565617-84f0-466c-814e-043df04e6c99 e767c97128424277aa892d1164b9608a 0a3d1678dc674db2a8e43222e804349b - - 9ed83f489a91455094940c5d011ab250 9ed83f489a91455094940c5d011ab250] 10.0.0.47 "GET /resource_providers/43672b5d-1a72-4741-a219-939c0073ec3d/aggregates" status: 404 len: 235 microversion: 1.1 [pid: 8|app: 0|req: 468/936] 10.0.0.47 () {32 vars in 824 bytes} [Fri Sep 18 06:31:14 2026] GET /resource_providers/43672b5d-1a72-4741-a219-939c0073ec3d/aggregates => generated 235 bytes in 14 msecs (HTTP/1.1 404) 5 headers in 202 bytes (1 switches on core 0)
2026-09-18 06:31:14.353 7 INFO placement.requestlog [None req-40eefe1e-477e-44a7-8478-b86e3155dc63 e767c97128424277aa892d1164b9608a 0a3d1678dc674db2a8e43222e804349b - - 9ed83f489a91455094940c5d011ab250 9ed83f489a91455094940c5d011ab250] 10.0.0.47 "GET /resource_providers/43672b5d-1a72-4741-a219-939c0073ec3d/aggregates" status: 404 len: 235 microversion: 1.1 [pid: 7|app: 0|req: 469/937] 10.0.0.47 () {32 vars in 824 bytes} [Fri Sep 18 06:31:14 2026] GET /resource_providers/43672b5d-1a72-4741-a219-939c0073ec3d/aggregates => generated 235 bytes in 12 msecs (HTTP/1.1 404) 5 headers in 202 bytes (1 switches on core 0)
2026-09-18 06:31:14.372 8 INFO placement.requestlog [None req-195d1c4a-0bb2-4246-9b31-cd85a812e938 e767c97128424277aa892d1164b9608a 0a3d1678dc674db2a8e43222e804349b - - 9ed83f489a91455094940c5d011ab250 9ed83f489a91455094940c5d011ab250] 10.0.0.47 "DELETE /resource_providers/43672b5d-1a72-4741-a219-939c0073ec3d" status: 404 len: 246 microversion: 1.1 [pid: 8|app: 0|req: 469/938] 10.0.0.47 () {34 vars in 824 bytes} [Fri Sep 18 06:31:14 2026] DELETE /resource_providers/43672b5d-1a72-4741-a219-939c0073ec3d => generated 246 bytes in 9 msecs (HTTP/1.1 404) 6 headers in 231 bytes (1 switches on core 0)
2026-09-18 06:31:14.374 7 INFO placement.requestlog [None req-a125b1d3-0a71-4a1b-afbf-8522964bd567 e767c97128424277aa892d1164b9608a 0a3d1678dc674db2a8e43222e804349b - - 9ed83f489a91455094940c5d011ab250 9ed83f489a91455094940c5d011ab250] 10.0.0.47 "DELETE /resource_providers/43672b5d-1a72-4741-a219-939c0073ec3d" status: 404 len: 246 microversion: 1.1 [pid: 7|app: 0|req: 470/939] 10.0.0.47 () {34 vars in 824 bytes} [Fri Sep 18 06:31:14 2026] DELETE /resource_providers/43672b5d-1a72-4741-a219-939c0073ec3d => generated 246 bytes in 10 msecs (HTTP/1.1 404) 6 headers in 231 bytes (1 switches on core 0)
2026-09-18 06:31:14.837 8 INFO placement.requestlog [None req-5828e075-72f8-4c79-9836-0f423a95f9b2 e767c97128424277aa892d1164b9608a 0a3d1678dc674db2a8e43222e804349b - - 9ed83f489a91455094940c5d011ab250 9ed83f489a91455094940c5d011ab250] 10.0.0.47 "GET /resource_providers/0781e331-48e0-4030-9659-bfd057469d82/aggregates" status: 404 len: 235 microversion: 1.1 [pid: 8|app: 0|req: 470/940] 10.0.0.47 () {32 vars in 824 bytes} [Fri Sep 18 06:31:14 2026] GET /resource_providers/0781e331-48e0-4030-9659-bfd057469d82/aggregates => generated 235 bytes in 11 msecs (HTTP/1.1 404) 5 headers in 202 bytes (1 switches on core 0)
2026-09-18 06:31:14.841 7 INFO placement.requestlog [None req-d24a9f4d-b7e3-49af-899b-d538d9eaedda e767c97128424277aa892d1164b9608a 0a3d1678dc674db2a8e43222e804349b - - 9ed83f489a91455094940c5d011ab250 9ed83f489a91455094940c5d011ab250] 10.0.0.47 "GET /resource_providers/0781e331-48e0-4030-9659-bfd057469d82/aggregates" status: 404 len: 235 microversion: 1.1 [pid: 7|app: 0|req: 471/941] 10.0.0.47 () {32 vars in 824 bytes} [Fri Sep 18 06:31:14 2026] GET /resource_providers/0781e331-48e0-4030-9659-bfd057469d82/aggregates => generated 235 bytes in 14 msecs (HTTP/1.1 404) 5 headers in 202 bytes (1 switches on core 0)
2026-09-18 06:31:14.855 8 INFO placement.requestlog [None req-709f82bf-5f4e-40c4-9a3d-c0b15ee4d298 e767c97128424277aa892d1164b9608a 0a3d1678dc674db2a8e43222e804349b - - 9ed83f489a91455094940c5d011ab250 9ed83f489a91455094940c5d011ab250] 10.0.0.47 "DELETE /resource_providers/0781e331-48e0-4030-9659-bfd057469d82" status: 404 len: 246 microversion: 1.1 [pid: 8|app: 0|req: 471/942] 10.0.0.47 () {34 vars in 824 bytes} [Fri Sep 18 06:31:14 2026] DELETE /resource_providers/0781e331-48e0-4030-9659-bfd057469d82 => generated 246 bytes in 9 msecs (HTTP/1.1 404) 6 headers in 231 bytes (1 switches on core 0)
2026-09-18 06:31:14.865 7 INFO placement.requestlog [None req-b15133fa-7c8a-4ab9-94a1-181b39ab884d e767c97128424277aa892d1164b9608a 0a3d1678dc674db2a8e43222e804349b - - 9ed83f489a91455094940c5d011ab250 9ed83f489a91455094940c5d011ab250] 10.0.0.47 "DELETE /resource_providers/0781e331-48e0-4030-9659-bfd057469d82" status: 404 len: 246 microversion: 1.1 [pid: 7|app: 0|req: 472/943] 10.0.0.47 () {34 vars in 824 bytes} [Fri Sep 18 06:31:14 2026] DELETE /resource_providers/0781e331-48e0-4030-9659-bfd057469d82 => generated 246 bytes in 14 msecs (HTTP/1.1 404) 6 headers in 231 bytes (1 switches on core 0)
2026-09-18 06:31:15.298 7 INFO placement.requestlog [None req-c8dfdbf4-ea71-4d14-88e9-276061482346 - - - - - -] 10.0.0.27 "GET /" status: 200 len: 136 microversion: 1.0
2026-09-18 06:31:15.298 8 INFO placement.requestlog [None req-6c8fe6e9-91ec-475b-8e1a-354ccc6b127d - - - - - -] 10.0.0.27 "GET /" status: 200 len: 136 microversion: 1.0
2026-09-18 06:31:17.210 7 INFO placement.requestlog [req-12cda1cc-d827-4d25-ab0a-f974a90f540e req-7fca9423-cabf-4010-8f57-7b915439a0cb e36c5d1c782c4c13a91a4929b8e5c83f 0a3d1678dc674db2a8e43222e804349b - - 9ed83f489a91455094940c5d011ab250 9ed83f489a91455094940c5d011ab250] 162.253.55.195 "GET /resource_providers/2ecdb4fb-68f4-49fa-8339-fdf28fca2099/allocations" status: 200 len: 153 microversion: 1.0 [pid: 7|app: 0|req: 474/946] 162.253.55.195 () {32 vars in 857 bytes} [Fri Sep 18 06:31:17 2026] GET /resource_providers/2ecdb4fb-68f4-49fa-8339-fdf28fca2099/allocations => generated 153 bytes in 19 msecs (HTTP/1.1 200) 6 headers in 224 bytes (1 switches on core 0)
2026-09-18 06:31:17.235 8 INFO placement.requestlog [req-12cda1cc-d827-4d25-ab0a-f974a90f540e req-36116eef-d056-459d-8ebc-2b2cf9545e58 e36c5d1c782c4c13a91a4929b8e5c83f 0a3d1678dc674db2a8e43222e804349b - - 9ed83f489a91455094940c5d011ab250 9ed83f489a91455094940c5d011ab250] 162.253.55.195 "GET /resource_providers/2ecdb4fb-68f4-49fa-8339-fdf28fca2099/allocations" status: 200 len: 153 microversion: 1.0 [pid: 8|app: 0|req: 473/947] 162.253.55.195 () {32 vars in 857 bytes} [Fri Sep 18 06:31:17 2026] GET /resource_providers/2ecdb4fb-68f4-49fa-8339-fdf28fca2099/allocations => generated 153 bytes in 18 msecs (HTTP/1.1 200) 6 headers in 224 bytes (1 switches on core 0)
2026-09-18 06:31:17.252 7 INFO placement.requestlog [req-12cda1cc-d827-4d25-ab0a-f974a90f540e req-30620253-e17c-49ba-b50a-07762d24e783 e36c5d1c782c4c13a91a4929b8e5c83f 0a3d1678dc674db2a8e43222e804349b - - 9ed83f489a91455094940c5d011ab250 9ed83f489a91455094940c5d011ab250] 162.253.55.195 "GET /allocations/86f7e6bd-273f-4663-b7f1-cd75faaf1521" status: 200 len: 258 microversion: 1.28 [pid: 7|app: 0|req: 475/948] 162.253.55.195 () {34 vars in 863 bytes} [Fri Sep 18 06:31:17 2026] GET /allocations/86f7e6bd-273f-4663-b7f1-cd75faaf1521 => generated 258 bytes in 11 msecs (HTTP/1.1 200) 8 headers in 296 bytes (1 switches on core 0)
