2026-07-08 05:25:51.035 7 INFO neutron.db.ovn_revision_numbers_db [None req-88be3201-fcf1-4a2f-b657-72aeddeff07d 5b6a0daa70414b51bb01d41842b4f577 acc21c609a97450bb7213215bf070dad - - default default] Successfully bumped revision number for resource e63e62a4-4f38-44b5-a5f7-79ea885d284b (type: security_group_rules) to 0 [pid: 7|app: 0|req: 1197/2243] 10.0.0.42 () {32 vars in 773 bytes} [Wed Jul 8 05:25:50 2026] GET /v2.0/security-groups?tenant_id=f5c0bb417018412fb0d46178933452ea&name=default => generated 2925 bytes in 292 msecs (HTTP/1.1 200) 4 headers in 158 bytes (1 switches on core 0) [pid: 7|app: 0|req: 1198/2244] 10.0.0.42 () {32 vars in 739 bytes} [Wed Jul 8 05:25:51 2026] DELETE /v2.0/security-groups/a93970f7-cce5-43e1-bed5-1323025c3ac4 => generated 0 bytes in 292 msecs (HTTP/1.1 204) 2 headers in 112 bytes (1 switches on core 0)
2026-07-08 05:25:51.619 8 INFO neutron.db.ovn_revision_numbers_db [None req-21dcead6-1403-4939-ae9c-b9fdba591981 - - - - - -] Successfully bumped revision number for resource 15470030-68ad-4355-9c19-9848420d40df (type: ports) to 2
2026-07-08 05:25:51.678 8 INFO neutron.db.ovn_revision_numbers_db [None req-21dcead6-1403-4939-ae9c-b9fdba591981 - - - - - -] Successfully bumped revision number for resource 905fffe2-c231-4ca8-9ffd-8dd310fd79c2 (type: subnets) to 0 [pid: 8|app: 0|req: 1047/2245] 10.0.0.42 () {34 vars in 668 bytes} [Wed Jul 8 05:25:50 2026] POST /v2.0/subnets => generated 687 bytes in 893 msecs (HTTP/1.1 201) 4 headers in 162 bytes (1 switches on core 0)
2026-07-08 05:25:52.088 7 WARNING neutron.scheduler.dhcp_agent_scheduler [None req-0cbf2a83-91c0-4809-9345-2afd90367aff 5b6a0daa70414b51bb01d41842b4f577 acc21c609a97450bb7213215bf070dad - - default default] No more DHCP agents
2026-07-08 05:25:52.090 7 WARNING neutron.api.rpc.agentnotifiers.dhcp_rpc_agent_api [None req-0cbf2a83-91c0-4809-9345-2afd90367aff 5b6a0daa70414b51bb01d41842b4f577 acc21c609a97450bb7213215bf070dad - - default default] Unable to schedule network 4c20bcec-3b38-4da2-a404-70760e04d920: no agents available; will retry on subsequent port and subnet creation events.
2026-07-08 05:25:52.261 7 INFO neutron.db.ovn_revision_numbers_db [None req-0cbf2a83-91c0-4809-9345-2afd90367aff 5b6a0daa70414b51bb01d41842b4f577 acc21c609a97450bb7213215bf070dad - - default default] Successfully bumped revision number for resource 47460301-c95a-4539-b9e0-1ffaa61f69a9 (type: ports) to 1
2026-07-08 05:25:52.817 7 INFO neutron.plugins.ml2.drivers.ovn.mech_driver.ovsdb.commands [-] Schedule LRP lrp-47460301-c95a-4539-b9e0-1ffaa61f69a9 on gateway 8b84c5ea-d556-4f97-8c24-b63d10f15298 with priority 1
2026-07-08 05:25:52.973 8 INFO neutron.plugins.ml2.drivers.ovn.mech_driver.ovsdb.ovsdb_monitor [None req-73864872-28af-4740-937b-8ca111fb7ac1 - - - - - -] Router 30f5b027-8987-4eeb-aa7f-310b7d64f738 is bound to host instance
2026-07-08 05:25:52.981 7 INFO neutron.db.ovn_revision_numbers_db [None req-0cbf2a83-91c0-4809-9345-2afd90367aff 5b6a0daa70414b51bb01d41842b4f577 acc21c609a97450bb7213215bf070dad - - default default] Successfully bumped revision number for resource 47460301-c95a-4539-b9e0-1ffaa61f69a9 (type: router_ports) to 1
2026-07-08 05:25:53.052 7 INFO neutron.db.ovn_revision_numbers_db [None req-0cbf2a83-91c0-4809-9345-2afd90367aff 5b6a0daa70414b51bb01d41842b4f577 acc21c609a97450bb7213215bf070dad - - default default] Successfully bumped revision number for resource 30f5b027-8987-4eeb-aa7f-310b7d64f738 (type: routers) to 2 [pid: 7|app: 0|req: 1199/2246] 10.0.0.42 () {34 vars in 668 bytes} [Wed Jul 8 05:25:51 2026] POST /v2.0/routers => generated 965 bytes in 1368 msecs (HTTP/1.1 201) 4 headers in 162 bytes (1 switches on core 0)
2026-07-08 05:25:53.218 8 INFO neutron.db.ovn_revision_numbers_db [None req-53b5e1bf-ad7f-421a-9cd0-cca60cb9007f 71fd31853fd54e2d840d68c02d99afaf f211a8b95a42413eb3409f538824027c - - default default] Successfully bumped revision number for resource 86dd3c6a-5461-4b93-a4a7-a7771277c8e8 (type: security_groups) to 1
2026-07-08 05:25:53.242 8 INFO neutron.db.ovn_revision_numbers_db [None req-53b5e1bf-ad7f-421a-9cd0-cca60cb9007f 71fd31853fd54e2d840d68c02d99afaf f211a8b95a42413eb3409f538824027c - - default default] Successfully bumped revision number for resource 05775209-1d31-4227-8b49-13e94a6b4da6 (type: security_group_rules) to 0
2026-07-08 05:25:53.263 8 INFO neutron.db.ovn_revision_numbers_db [None req-53b5e1bf-ad7f-421a-9cd0-cca60cb9007f 71fd31853fd54e2d840d68c02d99afaf f211a8b95a42413eb3409f538824027c - - default default] Successfully bumped revision number for resource 93dd9ec9-6488-4cf4-addc-766143450f44 (type: security_group_rules) to 0
2026-07-08 05:25:53.291 8 INFO neutron.db.ovn_revision_numbers_db [None req-53b5e1bf-ad7f-421a-9cd0-cca60cb9007f 71fd31853fd54e2d840d68c02d99afaf f211a8b95a42413eb3409f538824027c - - default default] Successfully bumped revision number for resource c303c2d9-48a6-45b8-91c0-973ca28378fd (type: security_group_rules) to 0
2026-07-08 05:25:53.322 8 INFO neutron.db.ovn_revision_numbers_db [None req-53b5e1bf-ad7f-421a-9cd0-cca60cb9007f 71fd31853fd54e2d840d68c02d99afaf f211a8b95a42413eb3409f538824027c - - default default] Successfully bumped revision number for resource ff99f799-87f8-4c5a-bfb1-4f8a54aedf86 (type: security_group_rules) to 0
2026-07-08 05:25:53.456 8 INFO neutron.db.segments_db [None req-53b5e1bf-ad7f-421a-9cd0-cca60cb9007f 71fd31853fd54e2d840d68c02d99afaf f211a8b95a42413eb3409f538824027c - - default default] Added segment b8532983-8078-45dc-b3c6-ed1b5990f3b7 of type geneve for network 15ed9fcf-4b74-4be9-b6bb-0229afe9ea1c
2026-07-08 05:25:53.585 7 WARNING neutron.scheduler.dhcp_agent_scheduler [None req-d8f1182b-a12f-4e93-9005-f358cdf35898 5b6a0daa70414b51bb01d41842b4f577 acc21c609a97450bb7213215bf070dad - - default default] No more DHCP agents
2026-07-08 05:25:53.586 7 WARNING neutron.api.rpc.agentnotifiers.dhcp_rpc_agent_api [None req-d8f1182b-a12f-4e93-9005-f358cdf35898 5b6a0daa70414b51bb01d41842b4f577 acc21c609a97450bb7213215bf070dad - - default default] Unable to schedule network f6b54790-da75-4860-89dc-5f2e5782b13e: no agents available; will retry on subsequent port and subnet creation events.
2026-07-08 05:25:53.834 7 INFO neutron.db.ovn_revision_numbers_db [None req-d8f1182b-a12f-4e93-9005-f358cdf35898 5b6a0daa70414b51bb01d41842b4f577 acc21c609a97450bb7213215bf070dad - - default default] Successfully bumped revision number for resource 984f3a82-73ba-4ad5-93fd-705ba4d14522 (type: ports) to 1
2026-07-08 05:25:53.876 8 INFO neutron.db.ovn_revision_numbers_db [None req-53b5e1bf-ad7f-421a-9cd0-cca60cb9007f 71fd31853fd54e2d840d68c02d99afaf f211a8b95a42413eb3409f538824027c - - default default] Successfully bumped revision number for resource 15ed9fcf-4b74-4be9-b6bb-0229afe9ea1c (type: networks) to 1
2026-07-08 05:25:54.174 8 WARNING neutron.scheduler.dhcp_agent_scheduler [None req-53b5e1bf-ad7f-421a-9cd0-cca60cb9007f 71fd31853fd54e2d840d68c02d99afaf f211a8b95a42413eb3409f538824027c - - default default] No more DHCP agents
2026-07-08 05:25:54.179 8 WARNING neutron.api.rpc.agentnotifiers.dhcp_rpc_agent_api [None req-53b5e1bf-ad7f-421a-9cd0-cca60cb9007f 71fd31853fd54e2d840d68c02d99afaf f211a8b95a42413eb3409f538824027c - - default default] Unable to schedule network 15ed9fcf-4b74-4be9-b6bb-0229afe9ea1c: no agents available; will retry on subsequent port and subnet creation events.
2026-07-08 05:25:54.361 8 INFO neutron.db.ovn_revision_numbers_db [None req-53b5e1bf-ad7f-421a-9cd0-cca60cb9007f 71fd31853fd54e2d840d68c02d99afaf f211a8b95a42413eb3409f538824027c - - default default] Successfully bumped revision number for resource f75a80d8-10f7-4433-91a9-22e42f601a7a (type: ports) to 1 [pid: 8|app: 0|req: 1048/2247] 10.0.0.42 () {34 vars in 669 bytes} [Wed Jul 8 05:25:52 2026] POST /v2.0/networks => generated 650 bytes in 1781 msecs (HTTP/1.1 201) 4 headers in 162 bytes (1 switches on core 0)
2026-07-08 05:25:54.489 8 INFO neutron.db.ovn_revision_numbers_db [None req-44e2632a-9af3-412f-991c-4f348e5f6146 - - - - - -] Successfully bumped revision number for resource 47460301-c95a-4539-b9e0-1ffaa61f69a9 (type: ports) to 4
2026-07-08 05:25:54.683 7 WARNING neutron.scheduler.dhcp_agent_scheduler [None req-d8f1182b-a12f-4e93-9005-f358cdf35898 5b6a0daa70414b51bb01d41842b4f577 acc21c609a97450bb7213215bf070dad - - default default] No more DHCP agents
2026-07-08 05:25:54.685 7 WARNING neutron.api.rpc.agentnotifiers.dhcp_rpc_agent_api [None req-d8f1182b-a12f-4e93-9005-f358cdf35898 5b6a0daa70414b51bb01d41842b4f577 acc21c609a97450bb7213215bf070dad - - default default] Unable to schedule network f6b54790-da75-4860-89dc-5f2e5782b13e: no agents available; will retry on subsequent port and subnet creation events.
2026-07-08 05:25:54.886 8 WARNING neutron.scheduler.dhcp_agent_scheduler [None req-e1fcc77b-9cef-40a3-a89c-2a10518145da 71fd31853fd54e2d840d68c02d99afaf f211a8b95a42413eb3409f538824027c - - default default] No more DHCP agents
2026-07-08 05:25:54.888 8 WARNING neutron.api.rpc.agentnotifiers.dhcp_rpc_agent_api [None req-e1fcc77b-9cef-40a3-a89c-2a10518145da 71fd31853fd54e2d840d68c02d99afaf f211a8b95a42413eb3409f538824027c - - default default] Unable to schedule network 15ed9fcf-4b74-4be9-b6bb-0229afe9ea1c: no agents available; will retry on subsequent port and subnet creation events.
2026-07-08 05:25:55.119 8 INFO neutron.db.ovn_revision_numbers_db [None req-e1fcc77b-9cef-40a3-a89c-2a10518145da 71fd31853fd54e2d840d68c02d99afaf f211a8b95a42413eb3409f538824027c - - default default] Successfully bumped revision number for resource 9d9301f6-e1ec-4de9-bc64-d104d207dd39 (type: ports) to 1
2026-07-08 05:25:55.221 7 INFO neutron.db.ovn_revision_numbers_db [None req-d8f1182b-a12f-4e93-9005-f358cdf35898 5b6a0daa70414b51bb01d41842b4f577 acc21c609a97450bb7213215bf070dad - - default default] Successfully bumped revision number for resource 984f3a82-73ba-4ad5-93fd-705ba4d14522 (type: router_ports) to 1 [pid: 7|app: 0|req: 1200/2248] 10.0.0.42 () {34 vars in 782 bytes} [Wed Jul 8 05:25:53 2026] PUT /v2.0/routers/30f5b027-8987-4eeb-aa7f-310b7d64f738/add_router_interface => generated 309 bytes in 2153 msecs (HTTP/1.1 200) 4 headers in 157 bytes (1 switches on core 0) [pid: 8|app: 0|req: 1049/2249] 10.0.0.42 () {34 vars in 663 bytes} [Wed Jul 8 05:25:54 2026] POST /v2.0/ports => generated 743 bytes in 927 msecs (HTTP/1.1 201) 4 headers in 162 bytes (1 switches on core 0) /var/lib/openstack/lib/python3.12/site-packages/pycadf/identifier.py:70: UserWarning: Invalid uuid: neutron. To ensure interoperability, identifiers should be a valid uuid. warnings.warn(('Invalid uuid: %s. To ensure interoperability, '
2026-07-08 05:25:55.409 8 INFO neutron.db.ovn_revision_numbers_db [None req-44e2632a-9af3-412f-991c-4f348e5f6146 - - - - - -] Successfully bumped revision number for resource 47460301-c95a-4539-b9e0-1ffaa61f69a9 (type: ports) to 5
2026-07-08 05:25:55.594 7 INFO neutron.db.ovn_revision_numbers_db [None req-1bb57d6e-29de-4b12-b71e-9c5d5e0b1572 5b6a0daa70414b51bb01d41842b4f577 acc21c609a97450bb7213215bf070dad - - default default] Successfully bumped revision number for resource 12d850a5-1bc8-43aa-9fe0-b6a5ea8e9d99 (type: security_groups) to 1
2026-07-08 05:25:55.606 7 INFO neutron.db.ovn_revision_numbers_db [None req-1bb57d6e-29de-4b12-b71e-9c5d5e0b1572 5b6a0daa70414b51bb01d41842b4f577 acc21c609a97450bb7213215bf070dad - - default default] Successfully bumped revision number for resource 03284bc6-78ef-42e0-9800-2c526ffbb7ac (type: security_group_rules) to 0
2026-07-08 05:25:55.618 7 INFO neutron.db.ovn_revision_numbers_db [None req-1bb57d6e-29de-4b12-b71e-9c5d5e0b1572 5b6a0daa70414b51bb01d41842b4f577 acc21c609a97450bb7213215bf070dad - - default default] Successfully bumped revision number for resource 9314cb76-fad5-4652-a065-81f28ba0e1ef (type: security_group_rules) to 0
2026-07-08 05:25:55.632 7 INFO neutron.db.ovn_revision_numbers_db [None req-1bb57d6e-29de-4b12-b71e-9c5d5e0b1572 5b6a0daa70414b51bb01d41842b4f577 acc21c609a97450bb7213215bf070dad - - default default] Successfully bumped revision number for resource d5718033-9710-4758-b653-27db69866bcf (type: security_group_rules) to 0
2026-07-08 05:25:55.646 7 INFO neutron.db.ovn_revision_numbers_db [None req-1bb57d6e-29de-4b12-b71e-9c5d5e0b1572 5b6a0daa70414b51bb01d41842b4f577 acc21c609a97450bb7213215bf070dad - - default default] Successfully bumped revision number for resource f941d17d-6f84-4e28-b8fe-e8f409507265 (type: security_group_rules) to 0 [pid: 7|app: 0|req: 1201/2250] 10.0.0.42 () {32 vars in 773 bytes} [Wed Jul 8 05:25:55 2026] GET /v2.0/security-groups?tenant_id=e08d90f019be4540a8bb93a1fefc9c6c&name=default => generated 2925 bytes in 401 msecs (HTTP/1.1 200) 4 headers in 158 bytes (1 switches on core 0) [pid: 8|app: 0|req: 1050/2251] 10.0.0.42 () {34 vars in 665 bytes} [Wed Jul 8 05:25:55 2026] POST /v2.0/trunks => generated 409 bytes in 377 msecs (HTTP/1.1 201) 4 headers in 162 bytes (1 switches on core 0)
2026-07-08 05:25:55.899 8 WARNING neutron.plugins.ml2.drivers.ovn.mech_driver.ovsdb.ovn_client [None req-ae7ad9f5-2d7c-4b24-8380-0491af835265 - - - - - -] No hosting information found for port 8396f74c-b549-4827-a7a2-305444a24bea: RuntimeError: No hosting information found for port 8396f74c-b549-4827-a7a2-305444a24bea
2026-07-08 05:25:55.913 7 INFO neutron.db.ovn_revision_numbers_db [None req-b7e52c96-cc75-4874-ae84-815d9fb807d2 35ddfb03722b4d11a1d684e99cfc604e 0843a5ca61344b129eb4f6956a233d1b - - default default] Successfully bumped revision number for resource b9163e11-f5e0-4d14-90f1-38d57f2e49b7 (type: security_groups) to 1
2026-07-08 05:25:55.927 7 INFO neutron.db.ovn_revision_numbers_db [None req-b7e52c96-cc75-4874-ae84-815d9fb807d2 35ddfb03722b4d11a1d684e99cfc604e 0843a5ca61344b129eb4f6956a233d1b - - default default] Successfully bumped revision number for resource 0406f108-bcd2-4dab-be54-e16c3c040845 (type: security_group_rules) to 0
2026-07-08 05:25:55.938 7 INFO neutron.db.ovn_revision_numbers_db [None req-b7e52c96-cc75-4874-ae84-815d9fb807d2 35ddfb03722b4d11a1d684e99cfc604e 0843a5ca61344b129eb4f6956a233d1b - - default default] Successfully bumped revision number for resource 24d09938-9cd3-4038-9796-425482d5f8e0 (type: security_group_rules) to 0
2026-07-08 05:25:55.948 7 INFO neutron.db.ovn_revision_numbers_db [None req-b7e52c96-cc75-4874-ae84-815d9fb807d2 35ddfb03722b4d11a1d684e99cfc604e 0843a5ca61344b129eb4f6956a233d1b - - default default] Successfully bumped revision number for resource 89a6dc52-478d-43c5-a3d4-b59016aef3d6 (type: security_group_rules) to 0
2026-07-08 05:25:55.961 7 INFO neutron.db.ovn_revision_numbers_db [None req-b7e52c96-cc75-4874-ae84-815d9fb807d2 35ddfb03722b4d11a1d684e99cfc604e 0843a5ca61344b129eb4f6956a233d1b - - default default] Successfully bumped revision number for resource a9589f17-1333-4642-afbb-8a069756e1e9 (type: security_group_rules) to 0
2026-07-08 05:25:56.088 8 INFO neutron.db.ovn_revision_numbers_db [None req-ae7ad9f5-2d7c-4b24-8380-0491af835265 - - - - - -] Successfully bumped revision number for resource 8396f74c-b549-4827-a7a2-305444a24bea (type: router_ports) to 2
2026-07-08 05:25:56.141 7 INFO neutron.db.ovn_revision_numbers_db [None req-b7e52c96-cc75-4874-ae84-815d9fb807d2 35ddfb03722b4d11a1d684e99cfc604e 0843a5ca61344b129eb4f6956a233d1b - - default default] Successfully bumped revision number for resource a32bcd84-fa9c-476a-82f6-c0994624f6a4 (type: security_groups) to 1
2026-07-08 05:25:56.151 7 INFO neutron.db.ovn_revision_numbers_db [None req-b7e52c96-cc75-4874-ae84-815d9fb807d2 35ddfb03722b4d11a1d684e99cfc604e 0843a5ca61344b129eb4f6956a233d1b - - default default] Successfully bumped revision number for resource 7bc302b1-048b-4e8a-8a70-57a2cb63b64e (type: security_group_rules) to 0
2026-07-08 05:25:56.162 7 INFO neutron.db.ovn_revision_numbers_db [None req-b7e52c96-cc75-4874-ae84-815d9fb807d2 35ddfb03722b4d11a1d684e99cfc604e 0843a5ca61344b129eb4f6956a233d1b - - default default] Successfully bumped revision number for resource b52dd132-139c-408d-a5d7-deb718c739f6 (type: security_group_rules) to 0
2026-07-08 05:25:56.169 8 INFO neutron.plugins.ml2.drivers.ovn.mech_driver.mech_driver [None req-ae7ad9f5-2d7c-4b24-8380-0491af835265 - - - - - -] OVN reports status down for port: 15470030-68ad-4355-9c19-9848420d40df [pid: 7|app: 0|req: 1202/2252] 10.0.0.42 () {34 vars in 683 bytes} [Wed Jul 8 05:25:55 2026] POST /v2.0/security-groups => generated 1601 bytes in 517 msecs (HTTP/1.1 201) 4 headers in 163 bytes (1 switches on core 0)
2026-07-08 05:25:56.284 8 INFO neutron.plugins.ml2.drivers.ovn.mech_driver.mech_driver [None req-ae7ad9f5-2d7c-4b24-8380-0491af835265 - - - - - -] OVN reports status down for port: 47460301-c95a-4539-b9e0-1ffaa61f69a9
2026-07-08 05:25:56.287 7 INFO neutron.db.segments_db [None req-510933c7-2eea-4179-82bf-f8007a80a53a 71fd31853fd54e2d840d68c02d99afaf f211a8b95a42413eb3409f538824027c - - default default] Added segment 7c448746-6394-412a-882b-0095a5289ed8 of type geneve for network 779daaa0-2897-4b8f-8bac-da60ccd72da8 [pid: 8|app: 0|req: 1051/2253] 10.0.0.42 () {32 vars in 739 bytes} [Wed Jul 8 05:25:55 2026] DELETE /v2.0/security-groups/12d850a5-1bc8-43aa-9fe0-b6a5ea8e9d99 => generated 0 bytes in 592 msecs (HTTP/1.1 204) 2 headers in 112 bytes (1 switches on core 0)
2026-07-08 05:25:56.411 7 INFO neutron.db.ovn_revision_numbers_db [None req-510933c7-2eea-4179-82bf-f8007a80a53a 71fd31853fd54e2d840d68c02d99afaf f211a8b95a42413eb3409f538824027c - - default default] Successfully bumped revision number for resource 779daaa0-2897-4b8f-8bac-da60ccd72da8 (type: networks) to 1
2026-07-08 05:25:56.606 7 WARNING neutron.scheduler.dhcp_agent_scheduler [None req-510933c7-2eea-4179-82bf-f8007a80a53a 71fd31853fd54e2d840d68c02d99afaf f211a8b95a42413eb3409f538824027c - - default default] No more DHCP agents
2026-07-08 05:25:56.609 7 WARNING neutron.api.rpc.agentnotifiers.dhcp_rpc_agent_api [None req-510933c7-2eea-4179-82bf-f8007a80a53a 71fd31853fd54e2d840d68c02d99afaf f211a8b95a42413eb3409f538824027c - - default default] Unable to schedule network 779daaa0-2897-4b8f-8bac-da60ccd72da8: no agents available; will retry on subsequent port and subnet creation events.
2026-07-08 05:25:56.632 8 INFO neutron.db.ovn_revision_numbers_db [None req-1e324423-5f8b-48b5-bb75-03c54a8df4ed 7c1e7f4228ab40ddaf0357a6168ae2cd 11dc5a2cc7dd48339304f4384111abab - - default default] Successfully bumped revision number for resource c43fa328-5363-43d4-9e0b-ca0c140fe865 (type: security_groups) to 1
2026-07-08 05:25:56.676 8 INFO neutron.db.ovn_revision_numbers_db [None req-1e324423-5f8b-48b5-bb75-03c54a8df4ed 7c1e7f4228ab40ddaf0357a6168ae2cd 11dc5a2cc7dd48339304f4384111abab - - default default] Successfully bumped revision number for resource b25f4f21-50e7-44a2-b39c-2a0b2beba8da (type: security_group_rules) to 0
2026-07-08 05:25:56.695 8 INFO neutron.db.ovn_revision_numbers_db [None req-1e324423-5f8b-48b5-bb75-03c54a8df4ed 7c1e7f4228ab40ddaf0357a6168ae2cd 11dc5a2cc7dd48339304f4384111abab - - default default] Successfully bumped revision number for resource fdff7152-e5a7-44cd-b7c1-3b0b5d4cbcbb (type: security_group_rules) to 0
2026-07-08 05:25:56.711 7 INFO neutron.db.ovn_revision_numbers_db [None req-510933c7-2eea-4179-82bf-f8007a80a53a 71fd31853fd54e2d840d68c02d99afaf f211a8b95a42413eb3409f538824027c - - default default] Successfully bumped revision number for resource e40b8790-da2b-43fc-a9bf-871e6acb471d (type: ports) to 1 [pid: 7|app: 0|req: 1203/2254] 10.0.0.42 () {34 vars in 669 bytes} [Wed Jul 8 05:25:56 2026] POST /v2.0/networks => generated 651 bytes in 542 msecs (HTTP/1.1 201) 4 headers in 162 bytes (1 switches on core 0) [pid: 8|app: 0|req: 1052/2255] 10.0.0.42 () {34 vars in 684 bytes} [Wed Jul 8 05:25:56 2026] POST /v2.0/security-groups => generated 1675 bytes in 424 msecs (HTTP/1.1 201) 4 headers in 163 bytes (1 switches on core 0)
2026-07-08 05:25:56.870 7 INFO neutron.db.ovn_revision_numbers_db [None req-c2535130-00f4-4db3-bbed-172405d66f15 35ddfb03722b4d11a1d684e99cfc604e 0843a5ca61344b129eb4f6956a233d1b - - default default] Successfully bumped revision number for resource 02069529-8acf-4297-89ae-22b02eb1ea85 (type: security_groups) to 1
2026-07-08 05:25:56.880 7 INFO neutron.db.ovn_revision_numbers_db [None req-c2535130-00f4-4db3-bbed-172405d66f15 35ddfb03722b4d11a1d684e99cfc604e 0843a5ca61344b129eb4f6956a233d1b - - default default] Successfully bumped revision number for resource 209d2ead-884f-4cb2-bb73-dfae88976b12 (type: security_group_rules) to 0
2026-07-08 05:25:56.890 7 INFO neutron.db.ovn_revision_numbers_db [None req-c2535130-00f4-4db3-bbed-172405d66f15 35ddfb03722b4d11a1d684e99cfc604e 0843a5ca61344b129eb4f6956a233d1b - - default default] Successfully bumped revision number for resource 7f0136bf-3be7-46da-b72b-90c42280c0d5 (type: security_group_rules) to 0 [pid: 7|app: 0|req: 1204/2256] 10.0.0.42 () {34 vars in 683 bytes} [Wed Jul 8 05:25:56 2026] POST /v2.0/security-groups => generated 1601 bytes in 186 msecs (HTTP/1.1 201) 4 headers in 163 bytes (1 switches on core 0)
2026-07-08 05:25:57.020 8 INFO neutron.db.ovn_revision_numbers_db [None req-ae7ad9f5-2d7c-4b24-8380-0491af835265 - - - - - -] Successfully bumped revision number for resource 47460301-c95a-4539-b9e0-1ffaa61f69a9 (type: ports) to 6
2026-07-08 05:25:57.123 8 WARNING neutron.plugins.ml2.drivers.ovn.mech_driver.ovsdb.ovn_client [None req-4272854b-5395-40c3-9a37-ffb1cf99345a - - - - - -] Logical_Switch_Port %s host information not removed, the port state is up
2026-07-08 05:25:57.123 8 INFO neutron.plugins.ml2.drivers.ovn.mech_driver.mech_driver [None req-4272854b-5395-40c3-9a37-ffb1cf99345a - - - - - -] OVN reports status up for port: 47460301-c95a-4539-b9e0-1ffaa61f69a9
2026-07-08 05:25:57.124 8 INFO neutron.db.ovn_revision_numbers_db [None req-a8108187-ab4b-4d59-ac7a-a1920cb0e7d8 5b6a0daa70414b51bb01d41842b4f577 acc21c609a97450bb7213215bf070dad - - default default] Successfully bumped revision number for resource ab451596-efd5-407a-afa6-703a09a975d8 (type: security_groups) to 1
2026-07-08 05:25:57.142 8 INFO neutron.plugins.ml2.plugin [None req-4272854b-5395-40c3-9a37-ffb1cf99345a - - - - - -] Attempt 1 to provision port 47460301-c95a-4539-b9e0-1ffaa61f69a9
2026-07-08 05:25:57.145 8 INFO neutron.db.ovn_revision_numbers_db [None req-a8108187-ab4b-4d59-ac7a-a1920cb0e7d8 5b6a0daa70414b51bb01d41842b4f577 acc21c609a97450bb7213215bf070dad - - default default] Successfully bumped revision number for resource 55631fa1-d80d-46f8-94e5-213855b0f6e4 (type: security_group_rules) to 0
2026-07-08 05:25:57.181 8 INFO neutron.db.ovn_revision_numbers_db [None req-a8108187-ab4b-4d59-ac7a-a1920cb0e7d8 5b6a0daa70414b51bb01d41842b4f577 acc21c609a97450bb7213215bf070dad - - default default] Successfully bumped revision number for resource cf54bfeb-6cc3-4e38-b521-bd9af50e0bdc (type: security_group_rules) to 0
2026-07-08 05:25:57.188 7 WARNING neutron.scheduler.dhcp_agent_scheduler [None req-4db6ae74-b2ec-475b-855f-24b12df0d375 71fd31853fd54e2d840d68c02d99afaf f211a8b95a42413eb3409f538824027c - - default default] No more DHCP agents
2026-07-08 05:25:57.189 7 WARNING neutron.api.rpc.agentnotifiers.dhcp_rpc_agent_api [None req-4db6ae74-b2ec-475b-855f-24b12df0d375 71fd31853fd54e2d840d68c02d99afaf f211a8b95a42413eb3409f538824027c - - default default] Unable to schedule network 779daaa0-2897-4b8f-8bac-da60ccd72da8: no agents available; will retry on subsequent port and subnet creation events.
2026-07-08 05:25:57.199 8 INFO neutron.db.ovn_revision_numbers_db [None req-a8108187-ab4b-4d59-ac7a-a1920cb0e7d8 5b6a0daa70414b51bb01d41842b4f577 acc21c609a97450bb7213215bf070dad - - default default] Successfully bumped revision number for resource cf72ff80-a586-480e-88e2-493c11c08843 (type: security_group_rules) to 0
2026-07-08 05:25:57.222 8 INFO neutron.db.ovn_revision_numbers_db [None req-a8108187-ab4b-4d59-ac7a-a1920cb0e7d8 5b6a0daa70414b51bb01d41842b4f577 acc21c609a97450bb7213215bf070dad - - default default] Successfully bumped revision number for resource dad13609-ca95-4f48-896e-24e865153600 (type: security_group_rules) to 0
2026-07-08 05:25:57.332 7 INFO neutron.db.ovn_revision_numbers_db [None req-4db6ae74-b2ec-475b-855f-24b12df0d375 71fd31853fd54e2d840d68c02d99afaf f211a8b95a42413eb3409f538824027c - - default default] Successfully bumped revision number for resource 4c67c3e8-accb-42d4-9fda-abcc7ec7da35 (type: ports) to 1 [pid: 8|app: 0|req: 1053/2257] 10.0.0.42 () {32 vars in 773 bytes} [Wed Jul 8 05:25:56 2026] GET /v2.0/security-groups?tenant_id=250b49a073e14519abf3e81d1bd263cb&name=default => generated 2925 bytes in 601 msecs (HTTP/1.1 200) 4 headers in 158 bytes (1 switches on core 0) [pid: 7|app: 0|req: 1205/2258] 10.0.0.42 () {34 vars in 663 bytes} [Wed Jul 8 05:25:56 2026] POST /v2.0/ports => generated 743 bytes in 464 msecs (HTTP/1.1 201) 4 headers in 162 bytes (1 switches on core 0) /var/lib/openstack/lib/python3.12/site-packages/pycadf/identifier.py:70: UserWarning: Invalid uuid: neutron. To ensure interoperability, identifiers should be a valid uuid. warnings.warn(('Invalid uuid: %s. To ensure interoperability, '
2026-07-08 05:25:57.542 7 INFO neutron.db.ovn_revision_numbers_db [None req-6e3e4b06-63b5-4de7-b3f7-0688baa62877 35ddfb03722b4d11a1d684e99cfc604e 0843a5ca61344b129eb4f6956a233d1b - - default default] Successfully bumped revision number for resource b3e6e37d-6851-4275-994d-f275c13e6337 (type: security_groups) to 1
2026-07-08 05:25:57.553 7 INFO neutron.db.ovn_revision_numbers_db [None req-6e3e4b06-63b5-4de7-b3f7-0688baa62877 35ddfb03722b4d11a1d684e99cfc604e 0843a5ca61344b129eb4f6956a233d1b - - default default] Successfully bumped revision number for resource 581c8a5d-415f-407f-869a-0971952f8ec4 (type: security_group_rules) to 0
2026-07-08 05:25:57.564 7 INFO neutron.db.ovn_revision_numbers_db [None req-6e3e4b06-63b5-4de7-b3f7-0688baa62877 35ddfb03722b4d11a1d684e99cfc604e 0843a5ca61344b129eb4f6956a233d1b - - default default] Successfully bumped revision number for resource 8c59c488-84ef-4b1c-8344-75f8a1c7961a (type: security_group_rules) to 0 [pid: 7|app: 0|req: 1206/2259] 10.0.0.42 () {34 vars in 683 bytes} [Wed Jul 8 05:25:57 2026] POST /v2.0/security-groups => generated 1601 bytes in 211 msecs (HTTP/1.1 201) 4 headers in 163 bytes (1 switches on core 0)
2026-07-08 05:25:57.687 8 INFO neutron.db.ovn_revision_numbers_db [None req-0ea6ff5e-a2ca-4c9c-8ce9-5a8dd375f337 7c1e7f4228ab40ddaf0357a6168ae2cd 11dc5a2cc7dd48339304f4384111abab - - default default] Successfully bumped revision number for resource fc5636cc-b123-481e-a1a1-698033997f30 (type: security_group_rules) to 0 [pid: 8|app: 0|req: 1054/2260] 10.0.0.42 () {34 vars in 694 bytes} [Wed Jul 8 05:25:57 2026] POST /v2.0/security-group-rules => generated 597 bytes in 428 msecs (HTTP/1.1 201) 4 headers in 162 bytes (1 switches on core 0) [pid: 7|app: 0|req: 1207/2261] 10.0.0.42 () {32 vars in 739 bytes} [Wed Jul 8 05:25:57 2026] DELETE /v2.0/security-groups/ab451596-efd5-407a-afa6-703a09a975d8 => generated 0 bytes in 276 msecs (HTTP/1.1 204) 2 headers in 112 bytes (1 switches on core 0)
2026-07-08 05:25:58.002 7 INFO neutron.db.ovn_revision_numbers_db [None req-e347d725-9f5c-4a87-8677-b0ad4ce6f0c4 35ddfb03722b4d11a1d684e99cfc604e 0843a5ca61344b129eb4f6956a233d1b - - default default] Successfully bumped revision number for resource 0acba4d7-0063-4d37-ba3a-b3f520087545 (type: security_groups) to 1
2026-07-08 05:25:58.012 7 INFO neutron.db.ovn_revision_numbers_db [None req-e347d725-9f5c-4a87-8677-b0ad4ce6f0c4 35ddfb03722b4d11a1d684e99cfc604e 0843a5ca61344b129eb4f6956a233d1b - - default default] Successfully bumped revision number for resource 81502904-8700-43af-b66b-2adbf56e87be (type: security_group_rules) to 0
2026-07-08 05:25:58.022 7 INFO neutron.db.ovn_revision_numbers_db [None req-e347d725-9f5c-4a87-8677-b0ad4ce6f0c4 35ddfb03722b4d11a1d684e99cfc604e 0843a5ca61344b129eb4f6956a233d1b - - default default] Successfully bumped revision number for resource a7a2a5da-1069-4f09-aed5-dc2af434664c (type: security_group_rules) to 0 [pid: 7|app: 0|req: 1208/2262] 10.0.0.42 () {34 vars in 683 bytes} [Wed Jul 8 05:25:57 2026] POST /v2.0/security-groups => generated 1601 bytes in 207 msecs (HTTP/1.1 201) 4 headers in 163 bytes (1 switches on core 0) [pid: 8|app: 0|req: 1055/2263] 10.0.0.42 () {34 vars in 665 bytes} [Wed Jul 8 05:25:57 2026] POST /v2.0/trunks => generated 409 bytes in 307 msecs (HTTP/1.1 201) 4 headers in 162 bytes (1 switches on core 0)
2026-07-08 05:25:58.128 8 INFO neutron.db.ovn_revision_numbers_db [None req-4272854b-5395-40c3-9a37-ffb1cf99345a - - - - - -] Successfully bumped revision number for resource 47460301-c95a-4539-b9e0-1ffaa61f69a9 (type: ports) to 7
2026-07-08 05:25:58.228 7 INFO neutron.db.ovn_revision_numbers_db [None req-b555615b-9761-4b6c-a81c-1673533ff65e 7c1e7f4228ab40ddaf0357a6168ae2cd 11dc5a2cc7dd48339304f4384111abab - - default default] Successfully bumped revision number for resource c0031bf5-a449-4513-a9ce-15894ff57667 (type: security_group_rules) to 0 [pid: 7|app: 0|req: 1209/2264] 10.0.0.42 () {34 vars in 694 bytes} [Wed Jul 8 05:25:58 2026] POST /v2.0/security-group-rules => generated 596 bytes in 181 msecs (HTTP/1.1 201) 4 headers in 162 bytes (1 switches on core 0)
2026-07-08 05:25:58.303 8 INFO neutron.plugins.ml2.drivers.ovn.mech_driver.mech_driver [None req-a2d307f1-7f84-4fa7-ac65-390218af6991 - - - - - -] OVN reports status down for port: 984f3a82-73ba-4ad5-93fd-705ba4d14522
2026-07-08 05:25:58.324 8 INFO neutron.db.ovn_revision_numbers_db [None req-7b2b4570-1941-4e7e-aadc-1b4b6b5fb384 35ddfb03722b4d11a1d684e99cfc604e 0843a5ca61344b129eb4f6956a233d1b - - default default] Successfully bumped revision number for resource 152e5722-4e22-40e1-9bb0-ad08f192beea (type: security_groups) to 1
2026-07-08 05:25:58.341 8 INFO neutron.db.ovn_revision_numbers_db [None req-7b2b4570-1941-4e7e-aadc-1b4b6b5fb384 35ddfb03722b4d11a1d684e99cfc604e 0843a5ca61344b129eb4f6956a233d1b - - default default] Successfully bumped revision number for resource 20ba5b7c-eece-4b3d-971e-c32a6adaa303 (type: security_group_rules) to 0
2026-07-08 05:25:58.361 8 INFO neutron.db.ovn_revision_numbers_db [None req-7b2b4570-1941-4e7e-aadc-1b4b6b5fb384 35ddfb03722b4d11a1d684e99cfc604e 0843a5ca61344b129eb4f6956a233d1b - - default default] Successfully bumped revision number for resource 2c29c48b-34ab-4ad6-8453-b2b09bf88395 (type: security_group_rules) to 0
2026-07-08 05:25:58.382 7 INFO neutron.db.segments_db [None req-0a6f9208-d682-4dfe-974b-2de2d7da2659 71fd31853fd54e2d840d68c02d99afaf f211a8b95a42413eb3409f538824027c - - default default] Added segment 1772e9ff-d621-45d1-9638-d3a1ea6dbf75 of type geneve for network fe11c26c-0d71-4c11-8f98-c4c060195c4c
2026-07-08 05:25:58.404 8 WARNING neutron.plugins.ml2.drivers.ovn.mech_driver.ovsdb.ovn_client [None req-a2d307f1-7f84-4fa7-ac65-390218af6991 - - - - - -] Logical_Switch_Port %s host information not removed, the port state is up
2026-07-08 05:25:58.405 8 INFO neutron.plugins.ml2.drivers.ovn.mech_driver.mech_driver [None req-a2d307f1-7f84-4fa7-ac65-390218af6991 - - - - - -] OVN reports status down for port: f75a80d8-10f7-4433-91a9-22e42f601a7a [pid: 8|app: 0|req: 1056/2265] 10.0.0.42 () {34 vars in 683 bytes} [Wed Jul 8 05:25:58 2026] POST /v2.0/security-groups => generated 1601 bytes in 323 msecs (HTTP/1.1 201) 4 headers in 163 bytes (1 switches on core 0)
2026-07-08 05:25:58.522 7 INFO neutron.db.ovn_revision_numbers_db [None req-0a6f9208-d682-4dfe-974b-2de2d7da2659 71fd31853fd54e2d840d68c02d99afaf f211a8b95a42413eb3409f538824027c - - default default] Successfully bumped revision number for resource fe11c26c-0d71-4c11-8f98-c4c060195c4c (type: networks) to 1
2026-07-08 05:25:58.563 8 INFO neutron.plugins.ml2.drivers.ovn.mech_driver.mech_driver [None req-a2d307f1-7f84-4fa7-ac65-390218af6991 - - - - - -] OVN reports status up for port: 984f3a82-73ba-4ad5-93fd-705ba4d14522
2026-07-08 05:25:58.580 8 INFO neutron.plugins.ml2.plugin [None req-a2d307f1-7f84-4fa7-ac65-390218af6991 - - - - - -] Attempt 1 to provision port 984f3a82-73ba-4ad5-93fd-705ba4d14522
2026-07-08 05:25:58.736 7 WARNING neutron.scheduler.dhcp_agent_scheduler [None req-0a6f9208-d682-4dfe-974b-2de2d7da2659 71fd31853fd54e2d840d68c02d99afaf f211a8b95a42413eb3409f538824027c - - default default] No more DHCP agents
2026-07-08 05:25:58.738 7 WARNING neutron.api.rpc.agentnotifiers.dhcp_rpc_agent_api [None req-0a6f9208-d682-4dfe-974b-2de2d7da2659 71fd31853fd54e2d840d68c02d99afaf f211a8b95a42413eb3409f538824027c - - default default] Unable to schedule network fe11c26c-0d71-4c11-8f98-c4c060195c4c: no agents available; will retry on subsequent port and subnet creation events.
2026-07-08 05:25:58.827 8 INFO neutron.db.ovn_revision_numbers_db [None req-74cd5ba2-5e0f-42c9-9a95-d4ffcde1fd9a 7c1e7f4228ab40ddaf0357a6168ae2cd 11dc5a2cc7dd48339304f4384111abab - - default default] Successfully bumped revision number for resource 2f2cfbe4-c0ab-49de-b0d0-d6925d1f963e (type: security_group_rules) to 0
2026-07-08 05:25:58.848 7 INFO neutron.db.ovn_revision_numbers_db [None req-0a6f9208-d682-4dfe-974b-2de2d7da2659 71fd31853fd54e2d840d68c02d99afaf f211a8b95a42413eb3409f538824027c - - default default] Successfully bumped revision number for resource 265254c8-ba3e-4a73-ba43-ba3ca9a778ee (type: ports) to 1 [pid: 7|app: 0|req: 1210/2266] 10.0.0.42 () {34 vars in 669 bytes} [Wed Jul 8 05:25:58 2026] POST /v2.0/networks => generated 651 bytes in 604 msecs (HTTP/1.1 201) 4 headers in 162 bytes (1 switches on core 0) [pid: 7|app: 0|req: 1211/2267] 10.0.0.42 () {34 vars in 766 bytes} [Wed Jul 8 05:25:58 2026] PUT /v2.0/security-groups/a32bcd84-fa9c-476a-82f6-c0994624f6a4/tags => generated 17 bytes in 50 msecs (HTTP/1.1 200) 4 headers in 156 bytes (1 switches on core 0) [pid: 8|app: 0|req: 1057/2268] 10.0.0.42 () {34 vars in 694 bytes} [Wed Jul 8 05:25:58 2026] POST /v2.0/security-group-rules => generated 602 bytes in 495 msecs (HTTP/1.1 201) 4 headers in 162 bytes (1 switches on core 0)
2026-07-08 05:25:59.150 7 WARNING neutron.scheduler.dhcp_agent_scheduler [None req-e1881588-3f92-486f-8aec-c0f84c7724cb 71fd31853fd54e2d840d68c02d99afaf f211a8b95a42413eb3409f538824027c - - default default] No more DHCP agents
2026-07-08 05:25:59.152 7 WARNING neutron.api.rpc.agentnotifiers.dhcp_rpc_agent_api [None req-e1881588-3f92-486f-8aec-c0f84c7724cb 71fd31853fd54e2d840d68c02d99afaf f211a8b95a42413eb3409f538824027c - - default default] Unable to schedule network fe11c26c-0d71-4c11-8f98-c4c060195c4c: no agents available; will retry on subsequent port and subnet creation events.
2026-07-08 05:25:59.222 8 INFO neutron.db.ovn_revision_numbers_db [None req-a5d37426-d314-418e-8009-e2b81bdd0fcf 7c1e7f4228ab40ddaf0357a6168ae2cd 11dc5a2cc7dd48339304f4384111abab - - default default] Successfully bumped revision number for resource 550e4b44-1d0e-443d-a84a-d2a0d3a96b61 (type: security_group_rules) to 0
2026-07-08 05:25:59.324 7 INFO neutron.db.ovn_revision_numbers_db [None req-e1881588-3f92-486f-8aec-c0f84c7724cb 71fd31853fd54e2d840d68c02d99afaf f211a8b95a42413eb3409f538824027c - - default default] Successfully bumped revision number for resource aba764c6-7316-47b0-9ea9-09e07ebfe913 (type: ports) to 1 [pid: 8|app: 0|req: 1058/2269] 10.0.0.42 () {34 vars in 694 bytes} [Wed Jul 8 05:25:58 2026] POST /v2.0/security-group-rules => generated 601 bytes in 413 msecs (HTTP/1.1 201) 4 headers in 162 bytes (1 switches on core 0) [pid: 7|app: 0|req: 1212/2270] 10.0.0.42 () {34 vars in 663 bytes} [Wed Jul 8 05:25:58 2026] POST /v2.0/ports => generated 743 bytes in 453 msecs (HTTP/1.1 201) 4 headers in 162 bytes (1 switches on core 0) /var/lib/openstack/lib/python3.12/site-packages/pycadf/identifier.py:70: UserWarning: Invalid uuid: neutron. To ensure interoperability, identifiers should be a valid uuid. warnings.warn(('Invalid uuid: %s. To ensure interoperability, '
2026-07-08 05:25:59.407 7 INFO neutron.db.securitygroups_db [None req-d9818502-92c7-4bce-b8fa-ff99024635b7 7c1e7f4228ab40ddaf0357a6168ae2cd 11dc5a2cc7dd48339304f4384111abab - - default default] Project 11dc5a2cc7dd48339304f4384111abab added a security group rule with legacy IPv6 ICMP protocol name icmp, ipv6-icmp should be used instead. It was automatically converted. [pid: 8|app: 0|req: 1059/2271] 10.0.0.42 () {34 vars in 766 bytes} [Wed Jul 8 05:25:59 2026] PUT /v2.0/security-groups/02069529-8acf-4297-89ae-22b02eb1ea85/tags => generated 25 bytes in 91 msecs (HTTP/1.1 200) 4 headers in 156 bytes (1 switches on core 0)
2026-07-08 05:25:59.559 8 INFO neutron.db.ovn_revision_numbers_db [None req-a2d307f1-7f84-4fa7-ac65-390218af6991 - - - - - -] Successfully bumped revision number for resource 984f3a82-73ba-4ad5-93fd-705ba4d14522 (type: ports) to 2
2026-07-08 05:25:59.569 7 INFO neutron.db.ovn_revision_numbers_db [None req-d9818502-92c7-4bce-b8fa-ff99024635b7 7c1e7f4228ab40ddaf0357a6168ae2cd 11dc5a2cc7dd48339304f4384111abab - - default default] Successfully bumped revision number for resource f7c2d442-7693-4e1a-be23-ff0d653c18c9 (type: security_group_rules) to 0 [pid: 7|app: 0|req: 1213/2272] 10.0.0.42 () {34 vars in 694 bytes} [Wed Jul 8 05:25:59 2026] POST /v2.0/security-group-rules => generated 607 bytes in 233 msecs (HTTP/1.1 201) 4 headers in 162 bytes (1 switches on core 0) [pid: 7|app: 0|req: 1214/2273] 10.0.0.42 () {34 vars in 766 bytes} [Wed Jul 8 05:25:59 2026] PUT /v2.0/security-groups/b3e6e37d-6851-4275-994d-f275c13e6337/tags => generated 34 bytes in 48 msecs (HTTP/1.1 200) 4 headers in 156 bytes (1 switches on core 0)
2026-07-08 05:25:59.688 7 INFO neutron.db.securitygroups_db [None req-48bb963f-ee29-4090-90a1-2f670d9ab541 7c1e7f4228ab40ddaf0357a6168ae2cd 11dc5a2cc7dd48339304f4384111abab - - default default] Project 11dc5a2cc7dd48339304f4384111abab added a security group rule with legacy IPv6 ICMP protocol name icmp, ipv6-icmp should be used instead. It was automatically converted.
2026-07-08 05:25:59.828 7 INFO neutron.db.ovn_revision_numbers_db [None req-48bb963f-ee29-4090-90a1-2f670d9ab541 7c1e7f4228ab40ddaf0357a6168ae2cd 11dc5a2cc7dd48339304f4384111abab - - default default] Successfully bumped revision number for resource 582f3c80-c0b3-437c-8305-05f6e1385b99 (type: security_group_rules) to 0 [pid: 7|app: 0|req: 1215/2274] 10.0.0.42 () {34 vars in 694 bytes} [Wed Jul 8 05:25:59 2026] POST /v2.0/security-group-rules => generated 606 bytes in 230 msecs (HTTP/1.1 201) 4 headers in 162 bytes (1 switches on core 0) [pid: 7|app: 0|req: 1216/2275] 10.0.0.42 () {34 vars in 766 bytes} [Wed Jul 8 05:25:59 2026] PUT /v2.0/security-groups/0acba4d7-0063-4d37-ba3a-b3f520087545/tags => generated 19 bytes in 52 msecs (HTTP/1.1 200) 4 headers in 156 bytes (1 switches on core 0) [pid: 7|app: 0|req: 1217/2276] 10.0.0.42 () {32 vars in 679 bytes} [Wed Jul 8 05:25:59 2026] GET /v2.0/security-groups?tags=red => generated 4804 bytes in 52 msecs (HTTP/1.1 200) 4 headers in 158 bytes (1 switches on core 0) [pid: 7|app: 0|req: 1218/2277] 10.0.0.42 () {32 vars in 693 bytes} [Wed Jul 8 05:26:00 2026] GET /v2.0/security-groups?tags=red%2Cblue => generated 3218 bytes in 45 msecs (HTTP/1.1 200) 4 headers in 158 bytes (1 switches on core 0) [pid: 7|app: 0|req: 1219/2278] 10.0.0.42 () {32 vars in 689 bytes} [Wed Jul 8 05:26:00 2026] GET /v2.0/security-groups?tags-any=blue => generated 3218 bytes in 37 msecs (HTTP/1.1 200) 4 headers in 158 bytes (1 switches on core 0) [pid: 7|app: 0|req: 1220/2279] 10.0.0.42 () {32 vars in 701 bytes} [Wed Jul 8 05:26:00 2026] GET /v2.0/security-groups?tags-any=red%2Cblue => generated 4804 bytes in 33 msecs (HTTP/1.1 200) 4 headers in 158 bytes (1 switches on core 0) [pid: 7|app: 0|req: 1221/2280] 10.0.0.42 () {32 vars in 687 bytes} [Wed Jul 8 05:26:00 2026] GET /v2.0/security-groups?not-tags=red => generated 6094 bytes in 42 msecs (HTTP/1.1 200) 4 headers in 158 bytes (1 switches on core 0) [pid: 7|app: 0|req: 1222/2281] 10.0.0.42 () {32 vars in 701 bytes} [Wed Jul 8 05:26:00 2026] GET /v2.0/security-groups?not-tags=red%2Cblue => generated 7680 bytes in 53 msecs (HTTP/1.1 200) 4 headers in 158 bytes (1 switches on core 0) [pid: 7|app: 0|req: 1223/2282] 10.0.0.42 () {32 vars in 697 bytes} [Wed Jul 8 05:26:00 2026] GET /v2.0/security-groups?not-tags-any=blue => generated 7680 bytes in 39 msecs (HTTP/1.1 200) 4 headers in 158 bytes (1 switches on core 0) [pid: 7|app: 0|req: 1224/2283] 10.0.0.42 () {32 vars in 709 bytes} [Wed Jul 8 05:26:00 2026] GET /v2.0/security-groups?not-tags-any=red%2Cblue => generated 6094 bytes in 34 msecs (HTTP/1.1 200) 4 headers in 158 bytes (1 switches on core 0) [pid: 8|app: 0|req: 1060/2284] 10.0.0.42 () {34 vars in 665 bytes} [Wed Jul 8 05:25:59 2026] POST /v2.0/trunks => generated 409 bytes in 912 msecs (HTTP/1.1 201) 4 headers in 162 bytes (1 switches on core 0)
2026-07-08 05:26:00.500 7 INFO neutron.db.ovn_revision_numbers_db [None req-b0b06cce-63b2-46e8-83cb-aa533f16d404 7c1e7f4228ab40ddaf0357a6168ae2cd 11dc5a2cc7dd48339304f4384111abab - - default default] Successfully bumped revision number for resource 9b7eda9e-6714-450d-92c0-d451f8584653 (type: security_groups) to 1 [pid: 8|app: 0|req: 1061/2285] 10.0.0.42 () {32 vars in 739 bytes} [Wed Jul 8 05:26:00 2026] DELETE /v2.0/security-groups/a32bcd84-fa9c-476a-82f6-c0994624f6a4 => generated 0 bytes in 170 msecs (HTTP/1.1 204) 2 headers in 112 bytes (1 switches on core 0)
2026-07-08 05:26:00.514 7 INFO neutron.db.ovn_revision_numbers_db [None req-b0b06cce-63b2-46e8-83cb-aa533f16d404 7c1e7f4228ab40ddaf0357a6168ae2cd 11dc5a2cc7dd48339304f4384111abab - - default default] Successfully bumped revision number for resource 1da212db-ca20-448e-8fb9-798739a3c956 (type: security_group_rules) to 0
2026-07-08 05:26:00.529 7 INFO neutron.db.ovn_revision_numbers_db [None req-b0b06cce-63b2-46e8-83cb-aa533f16d404 7c1e7f4228ab40ddaf0357a6168ae2cd 11dc5a2cc7dd48339304f4384111abab - - default default] Successfully bumped revision number for resource 922f94b7-8a03-418d-891e-7e3ff0956da5 (type: security_group_rules) to 0 [pid: 7|app: 0|req: 1225/2286] 10.0.0.42 () {34 vars in 684 bytes} [Wed Jul 8 05:26:00 2026] POST /v2.0/security-groups => generated 1659 bytes in 250 msecs (HTTP/1.1 201) 4 headers in 163 bytes (1 switches on core 0)
2026-07-08 05:26:00.596 8 INFO neutron.db.segments_db [None req-156bddfb-f48f-48df-88b7-1365094e65fd 71fd31853fd54e2d840d68c02d99afaf f211a8b95a42413eb3409f538824027c - - default default] Added segment 475c257e-6ff1-44f9-9935-22b553ee58cd of type geneve for network 02595228-2287-4dc9-a6a4-1a607cd56547 [pid: 7|app: 0|req: 1226/2287] 10.0.0.42 () {32 vars in 739 bytes} [Wed Jul 8 05:26:00 2026] DELETE /v2.0/security-groups/02069529-8acf-4297-89ae-22b02eb1ea85 => generated 0 bytes in 150 msecs (HTTP/1.1 204) 2 headers in 112 bytes (1 switches on core 0)
2026-07-08 05:26:00.750 8 INFO neutron.db.ovn_revision_numbers_db [None req-156bddfb-f48f-48df-88b7-1365094e65fd 71fd31853fd54e2d840d68c02d99afaf f211a8b95a42413eb3409f538824027c - - default default] Successfully bumped revision number for resource 02595228-2287-4dc9-a6a4-1a607cd56547 (type: networks) to 1
2026-07-08 05:26:00.851 7 INFO neutron.db.ovn_revision_numbers_db [None req-e8b1dc10-7ca2-489e-bc89-8957b281b859 7c1e7f4228ab40ddaf0357a6168ae2cd 11dc5a2cc7dd48339304f4384111abab - - default default] Successfully bumped revision number for resource 14e7a37b-0ab4-4977-90ba-2ed215a8e693 (type: security_group_rules) to 0 [pid: 7|app: 0|req: 1227/2288] 10.0.0.42 () {34 vars in 694 bytes} [Wed Jul 8 05:26:00 2026] POST /v2.0/security-group-rules => generated 597 bytes in 171 msecs (HTTP/1.1 201) 4 headers in 162 bytes (1 switches on core 0)
2026-07-08 05:26:00.934 8 WARNING neutron.scheduler.dhcp_agent_scheduler [None req-156bddfb-f48f-48df-88b7-1365094e65fd 71fd31853fd54e2d840d68c02d99afaf f211a8b95a42413eb3409f538824027c - - default default] No more DHCP agents
2026-07-08 05:26:00.936 8 WARNING neutron.api.rpc.agentnotifiers.dhcp_rpc_agent_api [None req-156bddfb-f48f-48df-88b7-1365094e65fd 71fd31853fd54e2d840d68c02d99afaf f211a8b95a42413eb3409f538824027c - - default default] Unable to schedule network 02595228-2287-4dc9-a6a4-1a607cd56547: no agents available; will retry on subsequent port and subnet creation events. [pid: 7|app: 0|req: 1228/2289] 10.0.0.42 () {32 vars in 739 bytes} [Wed Jul 8 05:26:00 2026] DELETE /v2.0/security-groups/b3e6e37d-6851-4275-994d-f275c13e6337 => generated 0 bytes in 163 msecs (HTTP/1.1 204) 2 headers in 112 bytes (1 switches on core 0)
2026-07-08 05:26:01.078 8 INFO neutron.db.ovn_revision_numbers_db [None req-156bddfb-f48f-48df-88b7-1365094e65fd 71fd31853fd54e2d840d68c02d99afaf f211a8b95a42413eb3409f538824027c - - default default] Successfully bumped revision number for resource c82399b9-eee2-491e-9ab8-0573b27bfd86 (type: ports) to 1 [pid: 8|app: 0|req: 1062/2290] 10.0.0.42 () {34 vars in 669 bytes} [Wed Jul 8 05:26:00 2026] POST /v2.0/networks => generated 650 bytes in 585 msecs (HTTP/1.1 201) 4 headers in 162 bytes (1 switches on core 0)
2026-07-08 05:26:01.187 7 INFO neutron.db.ovn_revision_numbers_db [None req-da4cf2d1-bf11-4b0d-8152-4a8fac3c0163 7c1e7f4228ab40ddaf0357a6168ae2cd 11dc5a2cc7dd48339304f4384111abab - - default default] Successfully bumped revision number for resource 4ca5473d-09f9-4c76-b01a-f86a6b24338c (type: security_group_rules) to 0 [pid: 7|app: 0|req: 1229/2291] 10.0.0.42 () {34 vars in 694 bytes} [Wed Jul 8 05:26:01 2026] POST /v2.0/security-group-rules => generated 602 bytes in 179 msecs (HTTP/1.1 201) 4 headers in 162 bytes (1 switches on core 0) [pid: 8|app: 0|req: 1063/2292] 10.0.0.42 () {32 vars in 739 bytes} [Wed Jul 8 05:26:01 2026] DELETE /v2.0/security-groups/0acba4d7-0063-4d37-ba3a-b3f520087545 => generated 0 bytes in 144 msecs (HTTP/1.1 204) 2 headers in 112 bytes (1 switches on core 0)
2026-07-08 05:26:01.444 7 WARNING neutron.scheduler.dhcp_agent_scheduler [None req-edac98d4-67b0-4b5c-a89f-b58f7380905e 71fd31853fd54e2d840d68c02d99afaf f211a8b95a42413eb3409f538824027c - - default default] No more DHCP agents
2026-07-08 05:26:01.446 7 WARNING neutron.api.rpc.agentnotifiers.dhcp_rpc_agent_api [None req-edac98d4-67b0-4b5c-a89f-b58f7380905e 71fd31853fd54e2d840d68c02d99afaf f211a8b95a42413eb3409f538824027c - - default default] Unable to schedule network 02595228-2287-4dc9-a6a4-1a607cd56547: no agents available; will retry on subsequent port and subnet creation events.
2026-07-08 05:26:01.476 8 WARNING neutron.scheduler.dhcp_agent_scheduler [None req-98ea3f76-3c9f-4421-8672-7cd1e988b0ed 7c1e7f4228ab40ddaf0357a6168ae2cd 11dc5a2cc7dd48339304f4384111abab - - default default] No more DHCP agents
2026-07-08 05:26:01.477 8 WARNING neutron.api.rpc.agentnotifiers.dhcp_rpc_agent_api [None req-98ea3f76-3c9f-4421-8672-7cd1e988b0ed 7c1e7f4228ab40ddaf0357a6168ae2cd 11dc5a2cc7dd48339304f4384111abab - - default default] Unable to schedule network 4c20bcec-3b38-4da2-a404-70760e04d920: no agents available; will retry on subsequent port and subnet creation events.
2026-07-08 05:26:01.617 7 INFO neutron.db.ovn_revision_numbers_db [None req-edac98d4-67b0-4b5c-a89f-b58f7380905e 71fd31853fd54e2d840d68c02d99afaf f211a8b95a42413eb3409f538824027c - - default default] Successfully bumped revision number for resource b45a6c8c-f162-4254-b76c-360b10d86c6e (type: ports) to 1 [pid: 7|app: 0|req: 1230/2293] 10.0.0.42 () {34 vars in 663 bytes} [Wed Jul 8 05:26:01 2026] POST /v2.0/ports => generated 743 bytes in 442 msecs (HTTP/1.1 201) 4 headers in 162 bytes (1 switches on core 0) /var/lib/openstack/lib/python3.12/site-packages/pycadf/identifier.py:70: UserWarning: Invalid uuid: neutron. To ensure interoperability, identifiers should be a valid uuid. warnings.warn(('Invalid uuid: %s. To ensure interoperability, ' [pid: 7|app: 0|req: 1231/2294] 10.0.0.42 () {32 vars in 739 bytes} [Wed Jul 8 05:26:01 2026] DELETE /v2.0/security-groups/152e5722-4e22-40e1-9bb0-ad08f192beea => generated 0 bytes in 164 msecs (HTTP/1.1 204) 2 headers in 112 bytes (1 switches on core 0) [pid: 8|app: 0|req: 1064/2295] 10.0.0.42 () {34 vars in 675 bytes} [Wed Jul 8 05:26:01 2026] POST /v2.0/floatingips => generated 552 bytes in 640 msecs (HTTP/1.1 201) 4 headers in 162 bytes (1 switches on core 0) [pid: 8|app: 0|req: 1065/2296] 10.0.0.128 () {34 vars in 1098 bytes} [Wed Jul 8 05:26:01 2026] GET /v2.0/security-groups?name=tempest-securitygroup--445915805&fields=id&tenant_id=11dc5a2cc7dd48339304f4384111abab => generated 69 bytes in 42 msecs (HTTP/1.1 200) 4 headers in 156 bytes (1 switches on core 0) [pid: 8|app: 0|req: 1066/2297] 10.0.0.128 () {34 vars in 1100 bytes} [Wed Jul 8 05:26:02 2026] GET /v2.0/security-groups?name=tempest-secgroup-smoke-1129957291&fields=id&tenant_id=11dc5a2cc7dd48339304f4384111abab => generated 69 bytes in 43 msecs (HTTP/1.1 200) 4 headers in 156 bytes (1 switches on core 0) [pid: 7|app: 0|req: 1232/2298] 10.0.0.42 () {34 vars in 665 bytes} [Wed Jul 8 05:26:01 2026] POST /v2.0/trunks => generated 409 bytes in 276 msecs (HTTP/1.1 201) 4 headers in 162 bytes (1 switches on core 0) [pid: 8|app: 0|req: 1067/2299] 10.0.0.128 () {34 vars in 982 bytes} [Wed Jul 8 05:26:02 2026] GET /v2.0/networks?id=a9754717-b223-44b1-88f7-bea31d90802f => generated 711 bytes in 61 msecs (HTTP/1.1 200) 4 headers in 157 bytes (1 switches on core 0) [pid: 8|app: 0|req: 1068/2300] 10.0.0.128 () {34 vars in 965 bytes} [Wed Jul 8 05:26:02 2026] GET /v2.0/quotas/11dc5a2cc7dd48339304f4384111abab => generated 292 bytes in 14 msecs (HTTP/1.1 200) 4 headers in 157 bytes (1 switches on core 0)
