2026-07-08 05:24:56.834 7 WARNING neutron.api.rpc.agentnotifiers.dhcp_rpc_agent_api [req-d7f60d0e-b6c6-4841-9643-c6db5cc1e7cd req-3bb1752c-806f-468f-a3ba-e2513d3609be a8deed8e94494b15a0143bddac1c177c 5ddd778e3d70406a8d9bb0fde9d0277c - - default default] Unable to schedule network 6160806b-781a-48ba-a5b0-ddd25b5cb085: no agents available; will retry on subsequent port and subnet creation events. [pid: 8|app: 0|req: 879/1892] 10.0.0.42 () {34 vars in 664 bytes} [Wed Jul 8 05:24:56 2026] POST /v2.0/ports => generated 775 bytes in 524 msecs (HTTP/1.1 201) 4 headers in 162 bytes (1 switches on core 0) /var/lib/openstack/lib/python3.12/site-packages/pycadf/identifier.py:70: UserWarning: Invalid uuid: neutron. To ensure interoperability, identifiers should be a valid uuid. warnings.warn(('Invalid uuid: %s. To ensure interoperability, ' [pid: 8|app: 0|req: 880/1893] 10.0.0.128 () {34 vars in 1040 bytes} [Wed Jul 8 05:24:56 2026] GET /v2.0/security-groups?id=464d0b8a-c2e8-418e-b048-16a8e170457f&fields=id&fields=name => generated 88 bytes in 26 msecs (HTTP/1.1 200) 4 headers in 156 bytes (1 switches on core 0)
2026-07-08 05:24:56.979 8 INFO neutron.plugins.ml2.drivers.ovn.mech_driver.mech_driver [None req-acec57e1-9ced-4830-816c-ee08a710d571 - - - - - -] OVN reports status down for port: 0400b3fb-9d49-44d3-b046-ef6f5e25b65d
2026-07-08 05:24:57.015 7 INFO neutron.db.ovn_revision_numbers_db [req-d7f60d0e-b6c6-4841-9643-c6db5cc1e7cd req-3bb1752c-806f-468f-a3ba-e2513d3609be a8deed8e94494b15a0143bddac1c177c 5ddd778e3d70406a8d9bb0fde9d0277c - - default default] Successfully bumped revision number for resource 0400b3fb-9d49-44d3-b046-ef6f5e25b65d (type: ports) to 1
2026-07-08 05:24:57.017 8 INFO neutron.db.segments_db [None req-6de5ab32-63c7-4bab-a347-70c52e972664 f11e7f5106b44605858dc6076e87ff0b d4d71381e0f04927b54ade8f3e0308c4 - - default default] Added segment 0f0aea31-0a98-48f2-979a-bae8d2d780e1 of type geneve for network cc8c085d-d28c-4862-a2b4-3fe121497979 [pid: 7|app: 0|req: 1014/1894] 199.204.45.95 () {38 vars in 954 bytes} [Wed Jul 8 05:24:56 2026] POST /v2.0/ports => generated 954 bytes in 551 msecs (HTTP/1.1 201) 4 headers in 162 bytes (1 switches on core 0) /var/lib/openstack/lib/python3.12/site-packages/pycadf/identifier.py:70: UserWarning: Invalid uuid: neutron. To ensure interoperability, identifiers should be a valid uuid. warnings.warn(('Invalid uuid: %s. To ensure interoperability, ' [pid: 7|app: 0|req: 1015/1895] 10.0.0.128 () {34 vars in 990 bytes} [Wed Jul 8 05:24:57 2026] GET /v2.0/ports?device_id=5573d6de-a992-4f75-b4de-5a451bcd0873 => generated 957 bytes in 47 msecs (HTTP/1.1 200) 4 headers in 157 bytes (1 switches on core 0)
2026-07-08 05:24:57.196 8 INFO neutron.db.ovn_revision_numbers_db [None req-6de5ab32-63c7-4bab-a347-70c52e972664 f11e7f5106b44605858dc6076e87ff0b d4d71381e0f04927b54ade8f3e0308c4 - - default default] Successfully bumped revision number for resource cc8c085d-d28c-4862-a2b4-3fe121497979 (type: networks) to 1
2026-07-08 05:24:57.354 8 WARNING neutron.scheduler.dhcp_agent_scheduler [None req-6de5ab32-63c7-4bab-a347-70c52e972664 f11e7f5106b44605858dc6076e87ff0b d4d71381e0f04927b54ade8f3e0308c4 - - default default] No more DHCP agents
2026-07-08 05:24:57.355 8 WARNING neutron.api.rpc.agentnotifiers.dhcp_rpc_agent_api [None req-6de5ab32-63c7-4bab-a347-70c52e972664 f11e7f5106b44605858dc6076e87ff0b d4d71381e0f04927b54ade8f3e0308c4 - - default default] Unable to schedule network cc8c085d-d28c-4862-a2b4-3fe121497979: no agents available; will retry on subsequent port and subnet creation events.
2026-07-08 05:24:57.437 8 INFO neutron.plugins.ml2.drivers.ovn.mech_driver.mech_driver [None req-acec57e1-9ced-4830-816c-ee08a710d571 - - - - - -] OVN reports status down for port: ca7f91e0-f8c7-4bf4-b070-7f856b31f8e9
2026-07-08 05:24:57.515 8 INFO neutron.db.ovn_revision_numbers_db [None req-6de5ab32-63c7-4bab-a347-70c52e972664 f11e7f5106b44605858dc6076e87ff0b d4d71381e0f04927b54ade8f3e0308c4 - - default default] Successfully bumped revision number for resource ca7f91e0-f8c7-4bf4-b070-7f856b31f8e9 (type: ports) to 1 [pid: 8|app: 0|req: 881/1896] 10.0.0.42 () {34 vars in 669 bytes} [Wed Jul 8 05:24:56 2026] POST /v2.0/networks => generated 651 bytes in 684 msecs (HTTP/1.1 201) 4 headers in 162 bytes (1 switches on core 0)
2026-07-08 05:24:57.631 7 INFO neutron.db.ovn_revision_numbers_db [req-d7f60d0e-b6c6-4841-9643-c6db5cc1e7cd req-aea166ee-f1f1-48ad-ab24-3afce76112c2 008b320a7f464825baee8254f391784d a586a0c609284e8b9b5365d13a391fbc - - 331a7c46ee7b468a8cfcbea4d96b1dae 331a7c46ee7b468a8cfcbea4d96b1dae] Successfully bumped revision number for resource 0400b3fb-9d49-44d3-b046-ef6f5e25b65d (type: ports) to 2 [pid: 8|app: 0|req: 882/1897] 10.0.0.128 () {34 vars in 1040 bytes} [Wed Jul 8 05:24:57 2026] GET /v2.0/security-groups?id=d07ba0cb-9d7c-4836-b2e0-409072291ec4&fields=id&fields=name => generated 113 bytes in 65 msecs (HTTP/1.1 200) 4 headers in 157 bytes (1 switches on core 0)
2026-07-08 05:24:57.852 7 INFO neutron.db.ovn_revision_numbers_db [req-d7f60d0e-b6c6-4841-9643-c6db5cc1e7cd req-aea166ee-f1f1-48ad-ab24-3afce76112c2 008b320a7f464825baee8254f391784d a586a0c609284e8b9b5365d13a391fbc - - 331a7c46ee7b468a8cfcbea4d96b1dae 331a7c46ee7b468a8cfcbea4d96b1dae] Successfully bumped revision number for resource 0400b3fb-9d49-44d3-b046-ef6f5e25b65d (type: ports) to 4
2026-07-08 05:24:57.853 8 WARNING neutron.scheduler.dhcp_agent_scheduler [None req-faffc297-b54b-4804-96e0-fcbee6ba5d8f f11e7f5106b44605858dc6076e87ff0b d4d71381e0f04927b54ade8f3e0308c4 - - default default] No more DHCP agents
2026-07-08 05:24:57.854 8 WARNING neutron.api.rpc.agentnotifiers.dhcp_rpc_agent_api [None req-faffc297-b54b-4804-96e0-fcbee6ba5d8f f11e7f5106b44605858dc6076e87ff0b d4d71381e0f04927b54ade8f3e0308c4 - - default default] Unable to schedule network cc8c085d-d28c-4862-a2b4-3fe121497979: no agents available; will retry on subsequent port and subnet creation events. [pid: 7|app: 0|req: 1016/1898] 199.204.45.95 () {38 vars in 1027 bytes} [Wed Jul 8 05:24:57 2026] PUT /v2.0/ports/0400b3fb-9d49-44d3-b046-ef6f5e25b65d => generated 1204 bytes in 758 msecs (HTTP/1.1 200) 4 headers in 158 bytes (1 switches on core 0)
2026-07-08 05:24:57.911 7 INFO neutron.notifiers.nova [-] Nova event matching ['req-31cd3ae7-3a2c-46f5-a026-595f80580dbf'] response: {'name': 'network-changed', 'server_uuid': '5573d6de-a992-4f75-b4de-5a451bcd0873', 'tag': '0400b3fb-9d49-44d3-b046-ef6f5e25b65d', 'status': 'completed', 'code': 200} /var/lib/openstack/lib/python3.12/site-packages/pycadf/identifier.py:70: UserWarning: Invalid uuid: neutron. To ensure interoperability, identifiers should be a valid uuid. warnings.warn(('Invalid uuid: %s. To ensure interoperability, '
2026-07-08 05:24:58.128 8 INFO neutron.plugins.ml2.drivers.ovn.mech_driver.mech_driver [None req-acec57e1-9ced-4830-816c-ee08a710d571 - - - - - -] OVN reports status up for port: bd1d78e9-ea0c-4352-87e3-bf65720db473
2026-07-08 05:24:58.165 8 INFO neutron.plugins.ml2.plugin [None req-acec57e1-9ced-4830-816c-ee08a710d571 - - - - - -] Attempt 1 to provision port bd1d78e9-ea0c-4352-87e3-bf65720db473
2026-07-08 05:24:58.263 7 INFO neutron.db.ovn_revision_numbers_db [None req-5e0d2fd5-f705-47cc-bff7-5c18e2d08137 10a6e0fc133049d0bc61f36c8f2ac27e 0afbe7dc997c41e8bfc2af5d8cf87f93 - - default default] Successfully bumped revision number for resource 3069571f-7edf-4cb5-936d-1db91f586ab3 (type: security_groups) to 1
2026-07-08 05:24:58.276 7 INFO neutron.db.ovn_revision_numbers_db [None req-5e0d2fd5-f705-47cc-bff7-5c18e2d08137 10a6e0fc133049d0bc61f36c8f2ac27e 0afbe7dc997c41e8bfc2af5d8cf87f93 - - default default] Successfully bumped revision number for resource 1998c2b0-9915-4942-9a95-a8c77dd9cfc6 (type: security_group_rules) to 0
2026-07-08 05:24:58.294 7 INFO neutron.db.ovn_revision_numbers_db [None req-5e0d2fd5-f705-47cc-bff7-5c18e2d08137 10a6e0fc133049d0bc61f36c8f2ac27e 0afbe7dc997c41e8bfc2af5d8cf87f93 - - default default] Successfully bumped revision number for resource 1febabde-c190-49b0-ba41-7fa014c95957 (type: security_group_rules) to 0
2026-07-08 05:24:58.312 7 INFO neutron.db.ovn_revision_numbers_db [None req-5e0d2fd5-f705-47cc-bff7-5c18e2d08137 10a6e0fc133049d0bc61f36c8f2ac27e 0afbe7dc997c41e8bfc2af5d8cf87f93 - - default default] Successfully bumped revision number for resource 4ce9de53-a62b-4767-a3f8-b8da42083f9e (type: security_group_rules) to 0
2026-07-08 05:24:58.324 7 INFO neutron.db.ovn_revision_numbers_db [None req-5e0d2fd5-f705-47cc-bff7-5c18e2d08137 10a6e0fc133049d0bc61f36c8f2ac27e 0afbe7dc997c41e8bfc2af5d8cf87f93 - - default default] Successfully bumped revision number for resource 703b9334-b77f-4042-bf6b-c2f3b6539073 (type: security_group_rules) to 0
2026-07-08 05:24:58.346 8 INFO neutron.notifiers.nova [-] Nova event matching ['req-6bb462ff-021c-4ae8-832f-7b9f4b8908b3'] response: {'server_uuid': '0021a5fc-56c6-4a53-9b95-5ad7e2213e9a', 'name': 'network-vif-plugged', 'status': 'completed', 'tag': 'bd1d78e9-ea0c-4352-87e3-bf65720db473', 'code': 200}
2026-07-08 05:24:58.412 7 INFO neutron.db.segments_db [None req-5e0d2fd5-f705-47cc-bff7-5c18e2d08137 10a6e0fc133049d0bc61f36c8f2ac27e 0afbe7dc997c41e8bfc2af5d8cf87f93 - - default default] Added segment 51f8514a-56c0-49c5-80a5-f83260add8ee of type geneve for network 422a4061-8733-4e9c-b6a0-3ec1748952c7
2026-07-08 05:24:58.564 7 INFO neutron.db.ovn_revision_numbers_db [None req-5e0d2fd5-f705-47cc-bff7-5c18e2d08137 10a6e0fc133049d0bc61f36c8f2ac27e 0afbe7dc997c41e8bfc2af5d8cf87f93 - - default default] Successfully bumped revision number for resource 422a4061-8733-4e9c-b6a0-3ec1748952c7 (type: networks) to 1
2026-07-08 05:24:58.663 8 INFO neutron.db.ovn_revision_numbers_db [None req-6fb64556-cfcf-4728-b8b1-58e2c04b1d18 - - - - - -] Successfully bumped revision number for resource ca7f91e0-f8c7-4bf4-b070-7f856b31f8e9 (type: ports) to 2
2026-07-08 05:24:58.680 8 INFO neutron.db.ovn_revision_numbers_db [None req-acec57e1-9ced-4830-816c-ee08a710d571 - - - - - -] Successfully bumped revision number for resource bd1d78e9-ea0c-4352-87e3-bf65720db473 (type: ports) to 5
2026-07-08 05:24:58.720 8 INFO neutron.db.ovn_revision_numbers_db [None req-6fb64556-cfcf-4728-b8b1-58e2c04b1d18 - - - - - -] Successfully bumped revision number for resource 33e5c2e6-ff2e-457c-9549-11bd91553d56 (type: subnets) to 0 [pid: 8|app: 0|req: 883/1899] 10.0.0.42 () {34 vars in 668 bytes} [Wed Jul 8 05:24:57 2026] POST /v2.0/subnets => generated 626 bytes in 1123 msecs (HTTP/1.1 201) 4 headers in 162 bytes (1 switches on core 0)
2026-07-08 05:24:58.764 7 WARNING neutron.scheduler.dhcp_agent_scheduler [None req-5e0d2fd5-f705-47cc-bff7-5c18e2d08137 10a6e0fc133049d0bc61f36c8f2ac27e 0afbe7dc997c41e8bfc2af5d8cf87f93 - - default default] No more DHCP agents
2026-07-08 05:24:58.766 7 WARNING neutron.api.rpc.agentnotifiers.dhcp_rpc_agent_api [None req-5e0d2fd5-f705-47cc-bff7-5c18e2d08137 10a6e0fc133049d0bc61f36c8f2ac27e 0afbe7dc997c41e8bfc2af5d8cf87f93 - - default default] Unable to schedule network 422a4061-8733-4e9c-b6a0-3ec1748952c7: no agents available; will retry on subsequent port and subnet creation events. /var/lib/openstack/lib/python3.12/site-packages/pycadf/identifier.py:70: UserWarning: Invalid uuid: neutron. To ensure interoperability, identifiers should be a valid uuid. warnings.warn(('Invalid uuid: %s. To ensure interoperability, '
2026-07-08 05:24:58.889 7 INFO neutron.db.ovn_revision_numbers_db [None req-5e0d2fd5-f705-47cc-bff7-5c18e2d08137 10a6e0fc133049d0bc61f36c8f2ac27e 0afbe7dc997c41e8bfc2af5d8cf87f93 - - default default] Successfully bumped revision number for resource 576aa0fc-5255-4b46-9c72-bf60a2cbdae2 (type: ports) to 1 [pid: 7|app: 0|req: 1017/1900] 10.0.0.42 () {34 vars in 669 bytes} [Wed Jul 8 05:24:57 2026] POST /v2.0/networks => generated 651 bytes in 1038 msecs (HTTP/1.1 201) 4 headers in 162 bytes (1 switches on core 0) [pid: 8|app: 0|req: 884/1901] 10.0.0.128 () {34 vars in 990 bytes} [Wed Jul 8 05:24:58 2026] GET /v2.0/ports?device_id=0021a5fc-56c6-4a53-9b95-5ad7e2213e9a => generated 971 bytes in 189 msecs (HTTP/1.1 200) 4 headers in 157 bytes (1 switches on core 0)
2026-07-08 05:24:58.959 8 INFO neutron.plugins.ml2.drivers.ovn.mech_driver.mech_driver [None req-cf2f816f-200e-4bb6-b6ae-4fd8c7678d9f - - - - - -] OVN reports status down for port: 576aa0fc-5255-4b46-9c72-bf60a2cbdae2 [pid: 7|app: 0|req: 1018/1902] 199.204.45.95 () {34 vars in 1079 bytes} [Wed Jul 8 05:24:58 2026] GET /v2.0/ports?tenant_id=5ddd778e3d70406a8d9bb0fde9d0277c&device_id=5573d6de-a992-4f75-b4de-5a451bcd0873 => generated 1207 bytes in 55 msecs (HTTP/1.1 200) 4 headers in 158 bytes (1 switches on core 0) [pid: 8|app: 0|req: 885/1903] 10.0.0.128 () {34 vars in 990 bytes} [Wed Jul 8 05:24:58 2026] GET /v2.0/ports?device_id=5573d6de-a992-4f75-b4de-5a451bcd0873 => generated 969 bytes in 125 msecs (HTTP/1.1 200) 4 headers in 157 bytes (1 switches on core 0)
2026-07-08 05:24:59.250 7 WARNING neutron.scheduler.dhcp_agent_scheduler [None req-3b1cbc52-2525-4139-b237-2503c03d6094 f11e7f5106b44605858dc6076e87ff0b d4d71381e0f04927b54ade8f3e0308c4 - - default default] No more DHCP agents
2026-07-08 05:24:59.251 7 WARNING neutron.api.rpc.agentnotifiers.dhcp_rpc_agent_api [None req-3b1cbc52-2525-4139-b237-2503c03d6094 f11e7f5106b44605858dc6076e87ff0b d4d71381e0f04927b54ade8f3e0308c4 - - default default] Unable to schedule network cc8c085d-d28c-4862-a2b4-3fe121497979: no agents available; will retry on subsequent port and subnet creation events.
2026-07-08 05:24:59.296 8 WARNING neutron.scheduler.dhcp_agent_scheduler [None req-9f992596-d0a5-4000-8271-e359c9728474 10a6e0fc133049d0bc61f36c8f2ac27e 0afbe7dc997c41e8bfc2af5d8cf87f93 - - default default] No more DHCP agents
2026-07-08 05:24:59.297 8 WARNING neutron.api.rpc.agentnotifiers.dhcp_rpc_agent_api [None req-9f992596-d0a5-4000-8271-e359c9728474 10a6e0fc133049d0bc61f36c8f2ac27e 0afbe7dc997c41e8bfc2af5d8cf87f93 - - default default] Unable to schedule network 422a4061-8733-4e9c-b6a0-3ec1748952c7: no agents available; will retry on subsequent port and subnet creation events.
2026-07-08 05:24:59.365 8 INFO neutron.plugins.ml2.drivers.ovn.mech_driver.mech_driver [None req-cf2f816f-200e-4bb6-b6ae-4fd8c7678d9f - - - - - -] OVN reports status down for port: d3ca024f-a5cb-4b4d-b3e0-0fc729c17193
2026-07-08 05:24:59.465 7 INFO neutron.db.ovn_revision_numbers_db [None req-3b1cbc52-2525-4139-b237-2503c03d6094 f11e7f5106b44605858dc6076e87ff0b d4d71381e0f04927b54ade8f3e0308c4 - - default default] Successfully bumped revision number for resource d3ca024f-a5cb-4b4d-b3e0-0fc729c17193 (type: ports) to 1
2026-07-08 05:24:59.543 8 INFO neutron.plugins.ml2.drivers.ovn.mech_driver.mech_driver [None req-cf2f816f-200e-4bb6-b6ae-4fd8c7678d9f - - - - - -] OVN reports status down for port: ba1471a2-95c2-49c9-9d20-b947d889f5d8
2026-07-08 05:24:59.583 8 INFO neutron.db.ovn_revision_numbers_db [None req-9f992596-d0a5-4000-8271-e359c9728474 10a6e0fc133049d0bc61f36c8f2ac27e 0afbe7dc997c41e8bfc2af5d8cf87f93 - - default default] Successfully bumped revision number for resource ba1471a2-95c2-49c9-9d20-b947d889f5d8 (type: ports) to 1 [pid: 7|app: 0|req: 1019/1904] 10.0.0.42 () {34 vars in 664 bytes} [Wed Jul 8 05:24:58 2026] POST /v2.0/ports => generated 953 bytes in 626 msecs (HTTP/1.1 201) 4 headers in 162 bytes (1 switches on core 0) /var/lib/openstack/lib/python3.12/site-packages/pycadf/identifier.py:70: UserWarning: Invalid uuid: neutron. To ensure interoperability, identifiers should be a valid uuid. warnings.warn(('Invalid uuid: %s. To ensure interoperability, ' [pid: 7|app: 0|req: 1020/1905] 10.0.0.128 () {34 vars in 1040 bytes} [Wed Jul 8 05:24:59 2026] GET /v2.0/security-groups?id=464d0b8a-c2e8-418e-b048-16a8e170457f&fields=id&fields=name => generated 88 bytes in 33 msecs (HTTP/1.1 200) 4 headers in 156 bytes (1 switches on core 0) [pid: 8|app: 0|req: 886/1906] 10.0.0.42 () {34 vars in 663 bytes} [Wed Jul 8 05:24:59 2026] POST /v2.0/ports => generated 743 bytes in 570 msecs (HTTP/1.1 201) 4 headers in 162 bytes (1 switches on core 0) /var/lib/openstack/lib/python3.12/site-packages/pycadf/identifier.py:70: UserWarning: Invalid uuid: neutron. To ensure interoperability, identifiers should be a valid uuid. warnings.warn(('Invalid uuid: %s. To ensure interoperability, ' [pid: 7|app: 0|req: 1021/1907] 199.204.45.95 () {34 vars in 1017 bytes} [Wed Jul 8 05:24:59 2026] GET /v2.0/networks?tenant_id=5ddd778e3d70406a8d9bb0fde9d0277c&shared=False => generated 798 bytes in 56 msecs (HTTP/1.1 200) 4 headers in 157 bytes (1 switches on core 0) [pid: 8|app: 0|req: 887/1908] 10.0.0.128 () {34 vars in 1040 bytes} [Wed Jul 8 05:24:59 2026] GET /v2.0/security-groups?id=d07ba0cb-9d7c-4836-b2e0-409072291ec4&fields=id&fields=name => generated 113 bytes in 35 msecs (HTTP/1.1 200) 4 headers in 157 bytes (1 switches on core 0)
2026-07-08 05:24:59.782 8 INFO neutron.db.segments_db [None req-bf67d436-1f59-4ad1-9129-bae6a359dd29 10a6e0fc133049d0bc61f36c8f2ac27e 0afbe7dc997c41e8bfc2af5d8cf87f93 - - default default] Added segment 396691b1-a866-42c0-a2a7-3159fd68e8c1 of type geneve for network 93adcd7a-323d-4e93-8ae6-aea4b8822815
2026-07-08 05:24:59.801 7 INFO neutron_taas.services.taas.taas_plugin [None req-301eece1-d990-4f57-b493-2614c29b07c0 f11e7f5106b44605858dc6076e87ff0b d4d71381e0f04927b54ade8f3e0308c4 - - default default] TaaS: Handle Delete Port: d3ca024f-a5cb-4b4d-b3e0-0fc729c17193
2026-07-08 05:24:59.804 7 INFO neutron_taas.services.taas.tap_mirror_plugin [None req-301eece1-d990-4f57-b493-2614c29b07c0 f11e7f5106b44605858dc6076e87ff0b d4d71381e0f04927b54ade8f3e0308c4 - - default default] Tap Mirror: Handle Delete Port: d3ca024f-a5cb-4b4d-b3e0-0fc729c17193
2026-07-08 05:24:59.920 8 INFO neutron.db.ovn_revision_numbers_db [None req-bf67d436-1f59-4ad1-9129-bae6a359dd29 10a6e0fc133049d0bc61f36c8f2ac27e 0afbe7dc997c41e8bfc2af5d8cf87f93 - - default default] Successfully bumped revision number for resource 93adcd7a-323d-4e93-8ae6-aea4b8822815 (type: networks) to 1 [pid: 7|app: 0|req: 1022/1909] 10.0.0.42 () {32 vars in 719 bytes} [Wed Jul 8 05:24:59 2026] DELETE /v2.0/ports/d3ca024f-a5cb-4b4d-b3e0-0fc729c17193 => generated 0 bytes in 348 msecs (HTTP/1.1 204) 3 headers in 131 bytes (1 switches on core 0) [pid: 7|app: 0|req: 1023/1910] 199.204.45.95 () {34 vars in 929 bytes} [Wed Jul 8 05:25:00 2026] GET /v2.0/networks?shared=True => generated 791 bytes in 42 msecs (HTTP/1.1 200) 4 headers in 157 bytes (1 switches on core 0)
2026-07-08 05:25:00.092 7 INFO neutron.pecan_wsgi.hooks.translation [None req-c7c1d3a0-adbe-4f35-8cbb-64ccd66add2a f11e7f5106b44605858dc6076e87ff0b d4d71381e0f04927b54ade8f3e0308c4 - - default default] DELETE failed (client error): The resource could not be found. [pid: 7|app: 0|req: 1024/1911] 10.0.0.42 () {32 vars in 719 bytes} [Wed Jul 8 05:25:00 2026] DELETE /v2.0/ports/d3ca024f-a5cb-4b4d-b3e0-0fc729c17193 => generated 132 bytes in 20 msecs (HTTP/1.1 404) 4 headers in 164 bytes (1 switches on core 0)
2026-07-08 05:25:00.116 7 INFO neutron.pecan_wsgi.hooks.translation [None req-15944602-fd4d-4782-9fa0-11c2e53e6c85 f11e7f5106b44605858dc6076e87ff0b d4d71381e0f04927b54ade8f3e0308c4 - - default default] GET failed (client error): The resource could not be found. [pid: 7|app: 0|req: 1025/1912] 10.0.0.42 () {32 vars in 716 bytes} [Wed Jul 8 05:25:00 2026] GET /v2.0/ports/d3ca024f-a5cb-4b4d-b3e0-0fc729c17193 => generated 132 bytes in 18 msecs (HTTP/1.1 404) 4 headers in 164 bytes (1 switches on core 0)
2026-07-08 05:25:00.159 8 WARNING neutron.scheduler.dhcp_agent_scheduler [None req-bf67d436-1f59-4ad1-9129-bae6a359dd29 10a6e0fc133049d0bc61f36c8f2ac27e 0afbe7dc997c41e8bfc2af5d8cf87f93 - - default default] No more DHCP agents
2026-07-08 05:25:00.161 8 WARNING neutron.api.rpc.agentnotifiers.dhcp_rpc_agent_api [None req-bf67d436-1f59-4ad1-9129-bae6a359dd29 10a6e0fc133049d0bc61f36c8f2ac27e 0afbe7dc997c41e8bfc2af5d8cf87f93 - - default default] Unable to schedule network 93adcd7a-323d-4e93-8ae6-aea4b8822815: no agents available; will retry on subsequent port and subnet creation events.
2026-07-08 05:25:00.230 8 INFO neutron.plugins.ml2.drivers.ovn.mech_driver.mech_driver [None req-cf2f816f-200e-4bb6-b6ae-4fd8c7678d9f - - - - - -] OVN reports status down for port: 9b1b7591-765d-44e0-b187-627556529051
2026-07-08 05:25:00.290 8 INFO neutron.db.ovn_revision_numbers_db [None req-bf67d436-1f59-4ad1-9129-bae6a359dd29 10a6e0fc133049d0bc61f36c8f2ac27e 0afbe7dc997c41e8bfc2af5d8cf87f93 - - default default] Successfully bumped revision number for resource 9b1b7591-765d-44e0-b187-627556529051 (type: ports) to 1 [pid: 8|app: 0|req: 888/1913] 10.0.0.42 () {34 vars in 669 bytes} [Wed Jul 8 05:24:59 2026] POST /v2.0/networks => generated 651 bytes in 643 msecs (HTTP/1.1 201) 4 headers in 162 bytes (1 switches on core 0) [pid: 7|app: 0|req: 1026/1914] 10.0.0.42 () {32 vars in 723 bytes} [Wed Jul 8 05:25:00 2026] DELETE /v2.0/subnets/33e5c2e6-ff2e-457c-9549-11bd91553d56 => generated 0 bytes in 223 msecs (HTTP/1.1 204) 3 headers in 131 bytes (1 switches on core 0)
2026-07-08 05:25:00.426 8 INFO neutron.notifiers.nova [-] Nova event matching ['req-551f93a9-cddb-40fd-9d1c-f1ec13b25b89'] response: {'server_uuid': '0021a5fc-56c6-4a53-9b95-5ad7e2213e9a', 'name': 'network-vif-plugged', 'status': 'completed', 'tag': 'bd1d78e9-ea0c-4352-87e3-bf65720db473', 'code': 200}
2026-07-08 05:25:00.499 7 INFO neutron_taas.services.taas.taas_plugin [None req-f07eb925-a672-4711-865b-705be9cc918e f11e7f5106b44605858dc6076e87ff0b d4d71381e0f04927b54ade8f3e0308c4 - - default default] TaaS: Handle Delete Port: ca7f91e0-f8c7-4bf4-b070-7f856b31f8e9
2026-07-08 05:25:00.504 7 INFO neutron_taas.services.taas.tap_mirror_plugin [None req-f07eb925-a672-4711-865b-705be9cc918e f11e7f5106b44605858dc6076e87ff0b d4d71381e0f04927b54ade8f3e0308c4 - - default default] Tap Mirror: Handle Delete Port: ca7f91e0-f8c7-4bf4-b070-7f856b31f8e9
2026-07-08 05:25:00.651 8 WARNING neutron.scheduler.dhcp_agent_scheduler [None req-7b2b0ab5-2020-4eb2-ae21-86b6fec544b4 10a6e0fc133049d0bc61f36c8f2ac27e 0afbe7dc997c41e8bfc2af5d8cf87f93 - - default default] No more DHCP agents
2026-07-08 05:25:00.652 8 WARNING neutron.api.rpc.agentnotifiers.dhcp_rpc_agent_api [None req-7b2b0ab5-2020-4eb2-ae21-86b6fec544b4 10a6e0fc133049d0bc61f36c8f2ac27e 0afbe7dc997c41e8bfc2af5d8cf87f93 - - default default] Unable to schedule network 93adcd7a-323d-4e93-8ae6-aea4b8822815: no agents available; will retry on subsequent port and subnet creation events.
2026-07-08 05:25:00.731 8 INFO neutron.plugins.ml2.drivers.ovn.mech_driver.mech_driver [None req-cf2f816f-200e-4bb6-b6ae-4fd8c7678d9f - - - - - -] OVN reports status down for port: 416ad743-dd33-4ad4-86e9-a6e699e18896
2026-07-08 05:25:00.751 7 INFO neutron.services.segments.plugin [-] Segment 0f0aea31-0a98-48f2-979a-bae8d2d780e1 resource provider aggregate not found
2026-07-08 05:25:00.760 7 INFO neutron.services.segments.plugin [-] Segment 0f0aea31-0a98-48f2-979a-bae8d2d780e1 resource provider aggregate not found
2026-07-08 05:25:00.769 7 INFO neutron.services.segments.plugin [-] Segment 0f0aea31-0a98-48f2-979a-bae8d2d780e1 resource provider not found; error: Placement Client Error (4xx): {"errors": [{"status": 404, "title": "Not Found", "detail": "The resource could not be found.\n\n No resource provider with uuid 0f0aea31-0a98-48f2-979a-bae8d2d780e1 found for delete ", "request_id": "req-845b0858-63e6-4a60-b2d2-d9a6077a6b90"}]}
2026-07-08 05:25:00.789 7 INFO neutron.services.segments.plugin [-] Segment 0f0aea31-0a98-48f2-979a-bae8d2d780e1 resource provider not found; error: Placement Client Error (4xx): {"errors": [{"status": 404, "title": "Not Found", "detail": "The resource could not be found.\n\n No resource provider with uuid 0f0aea31-0a98-48f2-979a-bae8d2d780e1 found for delete ", "request_id": "req-8963128a-bd80-4c32-9484-db7b9fbf848f"}]}
2026-07-08 05:25:00.831 8 INFO neutron.db.ovn_revision_numbers_db [None req-7b2b0ab5-2020-4eb2-ae21-86b6fec544b4 10a6e0fc133049d0bc61f36c8f2ac27e 0afbe7dc997c41e8bfc2af5d8cf87f93 - - default default] Successfully bumped revision number for resource 416ad743-dd33-4ad4-86e9-a6e699e18896 (type: ports) to 1 [pid: 7|app: 0|req: 1027/1915] 10.0.0.42 () {32 vars in 725 bytes} [Wed Jul 8 05:25:00 2026] DELETE /v2.0/networks/cc8c085d-d28c-4862-a2b4-3fe121497979 => generated 0 bytes in 502 msecs (HTTP/1.1 204) 3 headers in 131 bytes (1 switches on core 0) [pid: 8|app: 0|req: 889/1916] 10.0.0.42 () {34 vars in 663 bytes} [Wed Jul 8 05:25:00 2026] POST /v2.0/ports => generated 743 bytes in 615 msecs (HTTP/1.1 201) 4 headers in 162 bytes (1 switches on core 0) [pid: 7|app: 0|req: 1028/1917] 10.0.0.128 () {34 vars in 990 bytes} [Wed Jul 8 05:25:00 2026] GET /v2.0/ports?device_id=0021a5fc-56c6-4a53-9b95-5ad7e2213e9a => generated 971 bytes in 79 msecs (HTTP/1.1 200) 4 headers in 157 bytes (1 switches on core 0) /var/lib/openstack/lib/python3.12/site-packages/pycadf/identifier.py:70: UserWarning: Invalid uuid: neutron. To ensure interoperability, identifiers should be a valid uuid. warnings.warn(('Invalid uuid: %s. To ensure interoperability, ' [pid: 8|app: 0|req: 890/1918] 10.0.0.128 () {34 vars in 990 bytes} [Wed Jul 8 05:25:00 2026] GET /v2.0/ports?device_id=5573d6de-a992-4f75-b4de-5a451bcd0873 => generated 969 bytes in 39 msecs (HTTP/1.1 200) 4 headers in 157 bytes (1 switches on core 0)
2026-07-08 05:25:01.028 7 INFO neutron.db.segments_db [None req-b70455ca-a6ad-47e3-9edf-a25c4557fd10 f11e7f5106b44605858dc6076e87ff0b d4d71381e0f04927b54ade8f3e0308c4 - - default default] Added segment e48a1943-77f3-476d-b107-d451db8a3b92 of type geneve for network ce7be043-86a2-43cb-9202-9f4ec7177cf1
2026-07-08 05:25:01.092 8 INFO neutron.db.segments_db [None req-20a65c43-dde5-4deb-9eb3-ad7eec30d17f 10a6e0fc133049d0bc61f36c8f2ac27e 0afbe7dc997c41e8bfc2af5d8cf87f93 - - default default] Added segment 711251b3-faee-433e-ba78-2c9eb7215114 of type geneve for network 887cd24c-5653-42de-8ec2-c7104005cc96
2026-07-08 05:25:01.183 7 INFO neutron.db.ovn_revision_numbers_db [None req-b70455ca-a6ad-47e3-9edf-a25c4557fd10 f11e7f5106b44605858dc6076e87ff0b d4d71381e0f04927b54ade8f3e0308c4 - - default default] Successfully bumped revision number for resource ce7be043-86a2-43cb-9202-9f4ec7177cf1 (type: networks) to 1
2026-07-08 05:25:01.250 8 INFO neutron.db.ovn_revision_numbers_db [None req-20a65c43-dde5-4deb-9eb3-ad7eec30d17f 10a6e0fc133049d0bc61f36c8f2ac27e 0afbe7dc997c41e8bfc2af5d8cf87f93 - - default default] Successfully bumped revision number for resource 887cd24c-5653-42de-8ec2-c7104005cc96 (type: networks) to 1
2026-07-08 05:25:01.389 7 WARNING neutron.scheduler.dhcp_agent_scheduler [None req-b70455ca-a6ad-47e3-9edf-a25c4557fd10 f11e7f5106b44605858dc6076e87ff0b d4d71381e0f04927b54ade8f3e0308c4 - - default default] No more DHCP agents
2026-07-08 05:25:01.390 7 WARNING neutron.api.rpc.agentnotifiers.dhcp_rpc_agent_api [None req-b70455ca-a6ad-47e3-9edf-a25c4557fd10 f11e7f5106b44605858dc6076e87ff0b d4d71381e0f04927b54ade8f3e0308c4 - - default default] Unable to schedule network ce7be043-86a2-43cb-9202-9f4ec7177cf1: no agents available; will retry on subsequent port and subnet creation events.
2026-07-08 05:25:01.414 8 WARNING neutron.scheduler.dhcp_agent_scheduler [None req-20a65c43-dde5-4deb-9eb3-ad7eec30d17f 10a6e0fc133049d0bc61f36c8f2ac27e 0afbe7dc997c41e8bfc2af5d8cf87f93 - - default default] No more DHCP agents
2026-07-08 05:25:01.416 8 WARNING neutron.api.rpc.agentnotifiers.dhcp_rpc_agent_api [None req-20a65c43-dde5-4deb-9eb3-ad7eec30d17f 10a6e0fc133049d0bc61f36c8f2ac27e 0afbe7dc997c41e8bfc2af5d8cf87f93 - - default default] Unable to schedule network 887cd24c-5653-42de-8ec2-c7104005cc96: no agents available; will retry on subsequent port and subnet creation events.
2026-07-08 05:25:01.515 8 INFO neutron.plugins.ml2.drivers.ovn.mech_driver.mech_driver [None req-cf2f816f-200e-4bb6-b6ae-4fd8c7678d9f - - - - - -] OVN reports status down for port: 9d740d8f-5931-4e1f-ae81-4173916effc2
2026-07-08 05:25:01.520 7 INFO neutron.db.ovn_revision_numbers_db [None req-b70455ca-a6ad-47e3-9edf-a25c4557fd10 f11e7f5106b44605858dc6076e87ff0b d4d71381e0f04927b54ade8f3e0308c4 - - default default] Successfully bumped revision number for resource 9d740d8f-5931-4e1f-ae81-4173916effc2 (type: ports) to 1 [pid: 7|app: 0|req: 1029/1919] 10.0.0.42 () {34 vars in 669 bytes} [Wed Jul 8 05:25:00 2026] POST /v2.0/networks => generated 651 bytes in 606 msecs (HTTP/1.1 201) 4 headers in 162 bytes (1 switches on core 0) [pid: 7|app: 0|req: 1030/1920] 10.0.0.128 () {34 vars in 1040 bytes} [Wed Jul 8 05:25:01 2026] GET /v2.0/security-groups?id=464d0b8a-c2e8-418e-b048-16a8e170457f&fields=id&fields=name => generated 88 bytes in 63 msecs (HTTP/1.1 200) 4 headers in 156 bytes (1 switches on core 0) [pid: 7|app: 0|req: 1031/1921] 10.0.0.128 () {34 vars in 1040 bytes} [Wed Jul 8 05:25:01 2026] GET /v2.0/security-groups?id=d07ba0cb-9d7c-4836-b2e0-409072291ec4&fields=id&fields=name => generated 113 bytes in 38 msecs (HTTP/1.1 200) 4 headers in 157 bytes (1 switches on core 0)
2026-07-08 05:25:01.675 8 INFO neutron.plugins.ml2.drivers.ovn.mech_driver.mech_driver [None req-cf2f816f-200e-4bb6-b6ae-4fd8c7678d9f - - - - - -] OVN reports status down for port: 3e3d3b98-fdfe-4b4e-83c4-b4e75af1bf7d [pid: 7|app: 0|req: 1032/1922] 199.204.45.95 () {34 vars in 1079 bytes} [Wed Jul 8 05:25:01 2026] GET /v2.0/ports?tenant_id=5ddd778e3d70406a8d9bb0fde9d0277c&device_id=5573d6de-a992-4f75-b4de-5a451bcd0873 => generated 1207 bytes in 49 msecs (HTTP/1.1 200) 4 headers in 158 bytes (1 switches on core 0)
2026-07-08 05:25:01.738 8 INFO neutron.db.ovn_revision_numbers_db [None req-20a65c43-dde5-4deb-9eb3-ad7eec30d17f 10a6e0fc133049d0bc61f36c8f2ac27e 0afbe7dc997c41e8bfc2af5d8cf87f93 - - default default] Successfully bumped revision number for resource 3e3d3b98-fdfe-4b4e-83c4-b4e75af1bf7d (type: ports) to 1 [pid: 8|app: 0|req: 891/1923] 10.0.0.42 () {34 vars in 669 bytes} [Wed Jul 8 05:25:00 2026] POST /v2.0/networks => generated 650 bytes in 829 msecs (HTTP/1.1 201) 4 headers in 162 bytes (1 switches on core 0) [pid: 8|app: 0|req: 892/1924] 199.204.45.95 () {34 vars in 1057 bytes} [Wed Jul 8 05:25:01 2026] GET /v2.0/floatingips?fixed_ip_address=10.100.0.7&port_id=0400b3fb-9d49-44d3-b046-ef6f5e25b65d => generated 19 bytes in 22 msecs (HTTP/1.1 200) 4 headers in 156 bytes (1 switches on core 0)
2026-07-08 05:25:01.928 7 WARNING neutron.scheduler.dhcp_agent_scheduler [None req-b7c485d8-b711-48bc-9fcd-7638c10764ba f11e7f5106b44605858dc6076e87ff0b d4d71381e0f04927b54ade8f3e0308c4 - - default default] No more DHCP agents
2026-07-08 05:25:01.929 7 WARNING neutron.api.rpc.agentnotifiers.dhcp_rpc_agent_api [None req-b7c485d8-b711-48bc-9fcd-7638c10764ba f11e7f5106b44605858dc6076e87ff0b d4d71381e0f04927b54ade8f3e0308c4 - - default default] Unable to schedule network ce7be043-86a2-43cb-9202-9f4ec7177cf1: no agents available; will retry on subsequent port and subnet creation events.
2026-07-08 05:25:02.054 8 WARNING neutron.scheduler.dhcp_agent_scheduler [None req-35b25e3c-f1f3-4b82-a838-f85b702b6708 10a6e0fc133049d0bc61f36c8f2ac27e 0afbe7dc997c41e8bfc2af5d8cf87f93 - - default default] No more DHCP agents
2026-07-08 05:25:02.056 8 WARNING neutron.api.rpc.agentnotifiers.dhcp_rpc_agent_api [None req-35b25e3c-f1f3-4b82-a838-f85b702b6708 10a6e0fc133049d0bc61f36c8f2ac27e 0afbe7dc997c41e8bfc2af5d8cf87f93 - - default default] Unable to schedule network 887cd24c-5653-42de-8ec2-c7104005cc96: no agents available; will retry on subsequent port and subnet creation events.
2026-07-08 05:25:02.153 8 INFO neutron.plugins.ml2.drivers.ovn.mech_driver.mech_driver [None req-cf2f816f-200e-4bb6-b6ae-4fd8c7678d9f - - - - - -] OVN reports status down for port: 108f0163-eddc-4c98-b448-ee44afe7d526
2026-07-08 05:25:02.234 8 INFO neutron.db.ovn_revision_numbers_db [None req-35b25e3c-f1f3-4b82-a838-f85b702b6708 10a6e0fc133049d0bc61f36c8f2ac27e 0afbe7dc997c41e8bfc2af5d8cf87f93 - - default default] Successfully bumped revision number for resource 108f0163-eddc-4c98-b448-ee44afe7d526 (type: ports) to 1 [pid: 8|app: 0|req: 893/1925] 10.0.0.42 () {34 vars in 663 bytes} [Wed Jul 8 05:25:01 2026] POST /v2.0/ports => generated 743 bytes in 501 msecs (HTTP/1.1 201) 4 headers in 162 bytes (1 switches on core 0) /var/lib/openstack/lib/python3.12/site-packages/pycadf/identifier.py:70: UserWarning: Invalid uuid: neutron. To ensure interoperability, identifiers should be a valid uuid. warnings.warn(('Invalid uuid: %s. To ensure interoperability, ' [pid: 8|app: 0|req: 894/1926] 199.204.45.95 () {34 vars in 983 bytes} [Wed Jul 8 05:25:02 2026] GET /v2.0/subnets?id=83fccc7e-2902-40e5-82c8-1dc84b09c7e3 => generated 678 bytes in 31 msecs (HTTP/1.1 200) 4 headers in 157 bytes (1 switches on core 0)
2026-07-08 05:25:02.466 7 INFO neutron.db.ovn_revision_numbers_db [None req-c0c484bc-c7c8-44b5-8107-e0756956226b - - - - - -] Successfully bumped revision number for resource 9d740d8f-5931-4e1f-ae81-4173916effc2 (type: ports) to 2
2026-07-08 05:25:02.513 7 INFO neutron.db.ovn_revision_numbers_db [None req-c0c484bc-c7c8-44b5-8107-e0756956226b - - - - - -] Successfully bumped revision number for resource 762880c2-a44e-4ba5-803a-703062c0c16b (type: subnets) to 0 [pid: 7|app: 0|req: 1033/1927] 10.0.0.42 () {34 vars in 668 bytes} [Wed Jul 8 05:25:01 2026] POST /v2.0/subnets => generated 626 bytes in 828 msecs (HTTP/1.1 201) 4 headers in 162 bytes (1 switches on core 0)
2026-07-08 05:25:02.541 8 INFO neutron.db.segments_db [None req-a53d622e-9843-4f8d-b0a2-6a22c2b69b6c 10a6e0fc133049d0bc61f36c8f2ac27e 0afbe7dc997c41e8bfc2af5d8cf87f93 - - default default] Added segment dc6c1207-2534-4a57-b426-da576e402328 of type geneve for network 28ae7a79-9948-4e79-afee-600e5f3d5aa0 [pid: 7|app: 0|req: 1034/1928] 199.204.45.95 () {34 vars in 1051 bytes} [Wed Jul 8 05:25:02 2026] GET /v2.0/ports?network_id=6160806b-781a-48ba-a5b0-ddd25b5cb085&device_owner=network%3Adhcp => generated 12 bytes in 20 msecs (HTTP/1.1 200) 4 headers in 156 bytes (1 switches on core 0)
2026-07-08 05:25:02.685 8 INFO neutron.db.ovn_revision_numbers_db [None req-a53d622e-9843-4f8d-b0a2-6a22c2b69b6c 10a6e0fc133049d0bc61f36c8f2ac27e 0afbe7dc997c41e8bfc2af5d8cf87f93 - - default default] Successfully bumped revision number for resource 28ae7a79-9948-4e79-afee-600e5f3d5aa0 (type: networks) to 1
2026-07-08 05:25:02.823 7 WARNING neutron.scheduler.dhcp_agent_scheduler [None req-9c5f7cda-7688-4e2d-9475-9d2362654be2 f11e7f5106b44605858dc6076e87ff0b d4d71381e0f04927b54ade8f3e0308c4 - - default default] No more DHCP agents
2026-07-08 05:25:02.824 7 WARNING neutron.api.rpc.agentnotifiers.dhcp_rpc_agent_api [None req-9c5f7cda-7688-4e2d-9475-9d2362654be2 f11e7f5106b44605858dc6076e87ff0b d4d71381e0f04927b54ade8f3e0308c4 - - default default] Unable to schedule network ce7be043-86a2-43cb-9202-9f4ec7177cf1: no agents available; will retry on subsequent port and subnet creation events.
2026-07-08 05:25:02.879 8 WARNING neutron.scheduler.dhcp_agent_scheduler [None req-a53d622e-9843-4f8d-b0a2-6a22c2b69b6c 10a6e0fc133049d0bc61f36c8f2ac27e 0afbe7dc997c41e8bfc2af5d8cf87f93 - - default default] No more DHCP agents
2026-07-08 05:25:02.882 8 WARNING neutron.api.rpc.agentnotifiers.dhcp_rpc_agent_api [None req-a53d622e-9843-4f8d-b0a2-6a22c2b69b6c 10a6e0fc133049d0bc61f36c8f2ac27e 0afbe7dc997c41e8bfc2af5d8cf87f93 - - default default] Unable to schedule network 28ae7a79-9948-4e79-afee-600e5f3d5aa0: no agents available; will retry on subsequent port and subnet creation events.
2026-07-08 05:25:02.984 8 INFO neutron.plugins.ml2.drivers.ovn.mech_driver.mech_driver [None req-cf2f816f-200e-4bb6-b6ae-4fd8c7678d9f - - - - - -] OVN reports status down for port: b6f139ad-9142-4f7d-b327-81cfc490967c
2026-07-08 05:25:03.066 7 INFO neutron.db.ovn_revision_numbers_db [None req-9c5f7cda-7688-4e2d-9475-9d2362654be2 f11e7f5106b44605858dc6076e87ff0b d4d71381e0f04927b54ade8f3e0308c4 - - default default] Successfully bumped revision number for resource b6f139ad-9142-4f7d-b327-81cfc490967c (type: ports) to 1
2026-07-08 05:25:03.084 8 INFO neutron.db.ovn_revision_numbers_db [None req-a53d622e-9843-4f8d-b0a2-6a22c2b69b6c 10a6e0fc133049d0bc61f36c8f2ac27e 0afbe7dc997c41e8bfc2af5d8cf87f93 - - default default] Successfully bumped revision number for resource 6f4853df-3c68-434b-be33-8fed2dfacb52 (type: ports) to 1 [pid: 7|app: 0|req: 1035/1929] 10.0.0.42 () {34 vars in 664 bytes} [Wed Jul 8 05:25:02 2026] POST /v2.0/ports => generated 916 bytes in 533 msecs (HTTP/1.1 201) 4 headers in 162 bytes (1 switches on core 0) [pid: 8|app: 0|req: 895/1930] 10.0.0.42 () {34 vars in 669 bytes} [Wed Jul 8 05:25:02 2026] POST /v2.0/networks => generated 650 bytes in 750 msecs (HTTP/1.1 201) 4 headers in 162 bytes (1 switches on core 0) [pid: 7|app: 0|req: 1036/1931] 199.204.45.95 () {34 vars in 1011 bytes} [Wed Jul 8 05:25:03 2026] GET /v2.0/networks/6160806b-781a-48ba-a5b0-ddd25b5cb085?fields=segments => generated 14 bytes in 40 msecs (HTTP/1.1 200) 4 headers in 156 bytes (1 switches on core 0)
2026-07-08 05:25:03.141 8 INFO neutron.plugins.ml2.drivers.ovn.mech_driver.mech_driver [None req-cf2f816f-200e-4bb6-b6ae-4fd8c7678d9f - - - - - -] OVN reports status down for port: 6f4853df-3c68-434b-be33-8fed2dfacb52 [pid: 7|app: 0|req: 1037/1932] 10.0.0.128 () {34 vars in 990 bytes} [Wed Jul 8 05:25:03 2026] GET /v2.0/ports?device_id=0021a5fc-56c6-4a53-9b95-5ad7e2213e9a => generated 971 bytes in 34 msecs (HTTP/1.1 200) 4 headers in 157 bytes (1 switches on core 0) [pid: 8|app: 0|req: 896/1933] 10.0.0.128 () {34 vars in 990 bytes} [Wed Jul 8 05:25:03 2026] GET /v2.0/ports?device_id=5573d6de-a992-4f75-b4de-5a451bcd0873 => generated 969 bytes in 60 msecs (HTTP/1.1 200) 4 headers in 157 bytes (1 switches on core 0)
2026-07-08 05:25:03.284 7 INFO neutron_taas.services.taas.taas_plugin [None req-02b9c611-905b-4048-9c57-73945dcf0e93 f11e7f5106b44605858dc6076e87ff0b d4d71381e0f04927b54ade8f3e0308c4 - - default default] TaaS: Handle Delete Port: b6f139ad-9142-4f7d-b327-81cfc490967c
2026-07-08 05:25:03.287 7 INFO neutron_taas.services.taas.tap_mirror_plugin [None req-02b9c611-905b-4048-9c57-73945dcf0e93 f11e7f5106b44605858dc6076e87ff0b d4d71381e0f04927b54ade8f3e0308c4 - - default default] Tap Mirror: Handle Delete Port: b6f139ad-9142-4f7d-b327-81cfc490967c [pid: 7|app: 0|req: 1038/1934] 10.0.0.42 () {32 vars in 719 bytes} [Wed Jul 8 05:25:03 2026] DELETE /v2.0/ports/b6f139ad-9142-4f7d-b327-81cfc490967c => generated 0 bytes in 311 msecs (HTTP/1.1 204) 3 headers in 131 bytes (1 switches on core 0)
2026-07-08 05:25:03.482 8 WARNING neutron.scheduler.dhcp_agent_scheduler [None req-56391424-ba48-4ce0-8f06-f468e2d5418b 10a6e0fc133049d0bc61f36c8f2ac27e 0afbe7dc997c41e8bfc2af5d8cf87f93 - - default default] No more DHCP agents
2026-07-08 05:25:03.485 8 WARNING neutron.api.rpc.agentnotifiers.dhcp_rpc_agent_api [None req-56391424-ba48-4ce0-8f06-f468e2d5418b 10a6e0fc133049d0bc61f36c8f2ac27e 0afbe7dc997c41e8bfc2af5d8cf87f93 - - default default] Unable to schedule network 28ae7a79-9948-4e79-afee-600e5f3d5aa0: no agents available; will retry on subsequent port and subnet creation events. [pid: 7|app: 0|req: 1039/1935] 199.204.45.95 () {34 vars in 1111 bytes} [Wed Jul 8 05:25:03 2026] GET /v2.0/networks/6160806b-781a-48ba-a5b0-ddd25b5cb085?fields=provider%3Aphysical_network&fields=provider%3Anetwork_type => generated 79 bytes in 45 msecs (HTTP/1.1 200) 4 headers in 156 bytes (1 switches on core 0)
2026-07-08 05:25:03.568 8 INFO neutron.plugins.ml2.drivers.ovn.mech_driver.mech_driver [None req-cf2f816f-200e-4bb6-b6ae-4fd8c7678d9f - - - - - -] OVN reports status down for port: 14534df0-b46e-4080-aa5f-353e3a79ffeb [pid: 7|app: 0|req: 1040/1936] 10.0.0.128 () {34 vars in 1040 bytes} [Wed Jul 8 05:25:03 2026] GET /v2.0/security-groups?id=464d0b8a-c2e8-418e-b048-16a8e170457f&fields=id&fields=name => generated 88 bytes in 62 msecs (HTTP/1.1 200) 4 headers in 156 bytes (1 switches on core 0) [pid: 7|app: 0|req: 1041/1937] 10.0.0.128 () {34 vars in 1040 bytes} [Wed Jul 8 05:25:03 2026] GET /v2.0/security-groups?id=d07ba0cb-9d7c-4836-b2e0-409072291ec4&fields=id&fields=name => generated 113 bytes in 39 msecs (HTTP/1.1 200) 4 headers in 157 bytes (1 switches on core 0)
2026-07-08 05:25:03.643 7 INFO neutron.pecan_wsgi.hooks.translation [None req-a8236895-d2cb-4b53-a910-c3df6b4c82c8 f11e7f5106b44605858dc6076e87ff0b d4d71381e0f04927b54ade8f3e0308c4 - - default default] GET failed (client error): The resource could not be found. [pid: 7|app: 0|req: 1042/1938] 10.0.0.42 () {32 vars in 716 bytes} [Wed Jul 8 05:25:03 2026] GET /v2.0/ports/b6f139ad-9142-4f7d-b327-81cfc490967c => generated 132 bytes in 19 msecs (HTTP/1.1 404) 4 headers in 164 bytes (1 switches on core 0)
2026-07-08 05:25:03.646 8 INFO neutron.db.ovn_revision_numbers_db [None req-56391424-ba48-4ce0-8f06-f468e2d5418b 10a6e0fc133049d0bc61f36c8f2ac27e 0afbe7dc997c41e8bfc2af5d8cf87f93 - - default default] Successfully bumped revision number for resource 14534df0-b46e-4080-aa5f-353e3a79ffeb (type: ports) to 1 [pid: 8|app: 0|req: 897/1939] 10.0.0.42 () {34 vars in 663 bytes} [Wed Jul 8 05:25:03 2026] POST /v2.0/ports => generated 743 bytes in 534 msecs (HTTP/1.1 201) 4 headers in 162 bytes (1 switches on core 0) /var/lib/openstack/lib/python3.12/site-packages/pycadf/identifier.py:70: UserWarning: Invalid uuid: neutron. To ensure interoperability, identifiers should be a valid uuid. warnings.warn(('Invalid uuid: %s. To ensure interoperability, '
2026-07-08 05:25:03.816 8 INFO neutron.db.segments_db [None req-a39ebde6-f535-477c-a85d-86781f0d4d12 10a6e0fc133049d0bc61f36c8f2ac27e 0afbe7dc997c41e8bfc2af5d8cf87f93 - - default default] Added segment ead540a7-c8e7-4427-b63a-5856e6e7b24b of type geneve for network f63357d3-08d1-4813-bc78-1344199d6055 [pid: 7|app: 0|req: 1043/1940] 10.0.0.42 () {32 vars in 723 bytes} [Wed Jul 8 05:25:03 2026] DELETE /v2.0/subnets/762880c2-a44e-4ba5-803a-703062c0c16b => generated 0 bytes in 168 msecs (HTTP/1.1 204) 3 headers in 131 bytes (1 switches on core 0)
2026-07-08 05:25:03.933 8 INFO neutron.db.ovn_revision_numbers_db [None req-a39ebde6-f535-477c-a85d-86781f0d4d12 10a6e0fc133049d0bc61f36c8f2ac27e 0afbe7dc997c41e8bfc2af5d8cf87f93 - - default default] Successfully bumped revision number for resource f63357d3-08d1-4813-bc78-1344199d6055 (type: networks) to 1
2026-07-08 05:25:04.093 8 INFO neutron.plugins.ml2.drivers.ovn.mech_driver.mech_driver [None req-cf2f816f-200e-4bb6-b6ae-4fd8c7678d9f - - - - - -] OVN reports status down for port: bd1d78e9-ea0c-4352-87e3-bf65720db473
2026-07-08 05:25:04.224 8 WARNING neutron.scheduler.dhcp_agent_scheduler [None req-a39ebde6-f535-477c-a85d-86781f0d4d12 10a6e0fc133049d0bc61f36c8f2ac27e 0afbe7dc997c41e8bfc2af5d8cf87f93 - - default default] No more DHCP agents
2026-07-08 05:25:04.228 8 WARNING neutron.api.rpc.agentnotifiers.dhcp_rpc_agent_api [None req-a39ebde6-f535-477c-a85d-86781f0d4d12 10a6e0fc133049d0bc61f36c8f2ac27e 0afbe7dc997c41e8bfc2af5d8cf87f93 - - default default] Unable to schedule network f63357d3-08d1-4813-bc78-1344199d6055: no agents available; will retry on subsequent port and subnet creation events.
2026-07-08 05:25:04.316 8 INFO neutron.notifiers.nova [-] Nova event matching ['req-6b372ce5-f3ed-4a90-a50b-c0feafa197eb'] response: {'server_uuid': '0021a5fc-56c6-4a53-9b95-5ad7e2213e9a', 'name': 'network-vif-unplugged', 'status': 'completed', 'tag': 'bd1d78e9-ea0c-4352-87e3-bf65720db473', 'code': 200}
2026-07-08 05:25:04.414 8 INFO neutron.db.ovn_revision_numbers_db [None req-a39ebde6-f535-477c-a85d-86781f0d4d12 10a6e0fc133049d0bc61f36c8f2ac27e 0afbe7dc997c41e8bfc2af5d8cf87f93 - - default default] Successfully bumped revision number for resource f9181b13-21b1-4084-b431-153383816460 (type: ports) to 1 [pid: 8|app: 0|req: 898/1941] 10.0.0.42 () {34 vars in 669 bytes} [Wed Jul 8 05:25:03 2026] POST /v2.0/networks => generated 650 bytes in 728 msecs (HTTP/1.1 201) 4 headers in 162 bytes (1 switches on core 0)
2026-07-08 05:25:04.535 7 INFO neutron_taas.services.taas.taas_plugin [None req-017e9f6c-c9d4-4422-b5b1-989b7083b643 f11e7f5106b44605858dc6076e87ff0b d4d71381e0f04927b54ade8f3e0308c4 - - default default] TaaS: Handle Delete Port: 9d740d8f-5931-4e1f-ae81-4173916effc2
2026-07-08 05:25:04.539 7 INFO neutron_taas.services.taas.tap_mirror_plugin [None req-017e9f6c-c9d4-4422-b5b1-989b7083b643 f11e7f5106b44605858dc6076e87ff0b d4d71381e0f04927b54ade8f3e0308c4 - - default default] Tap Mirror: Handle Delete Port: 9d740d8f-5931-4e1f-ae81-4173916effc2
2026-07-08 05:25:04.548 8 INFO neutron.db.ovn_revision_numbers_db [None req-cf2f816f-200e-4bb6-b6ae-4fd8c7678d9f - - - - - -] Successfully bumped revision number for resource bd1d78e9-ea0c-4352-87e3-bf65720db473 (type: ports) to 6
2026-07-08 05:25:04.658 8 INFO neutron.plugins.ml2.drivers.ovn.mech_driver.mech_driver [None req-f5bb189c-bc4f-4433-b493-46975f565aaf - - - - - -] OVN reports status down for port: f9181b13-21b1-4084-b431-153383816460
2026-07-08 05:25:04.813 7 INFO neutron.services.segments.plugin [-] Segment e48a1943-77f3-476d-b107-d451db8a3b92 resource provider aggregate not found
2026-07-08 05:25:04.820 7 INFO neutron.services.segments.plugin [-] Segment e48a1943-77f3-476d-b107-d451db8a3b92 resource provider aggregate not found
2026-07-08 05:25:04.834 7 INFO neutron.services.segments.plugin [-] Segment e48a1943-77f3-476d-b107-d451db8a3b92 resource provider not found; error: Placement Client Error (4xx): {"errors": [{"status": 404, "title": "Not Found", "detail": "The resource could not be found.\n\n No resource provider with uuid e48a1943-77f3-476d-b107-d451db8a3b92 found for delete ", "request_id": "req-0dd9e457-4b77-4d3e-9ea4-40c38b44be84"}]}
2026-07-08 05:25:04.839 7 INFO neutron.services.segments.plugin [-] Segment e48a1943-77f3-476d-b107-d451db8a3b92 resource provider not found; error: Placement Client Error (4xx): {"errors": [{"status": 404, "title": "Not Found", "detail": "The resource could not be found.\n\n No resource provider with uuid e48a1943-77f3-476d-b107-d451db8a3b92 found for delete ", "request_id": "req-523318f2-2f38-4db5-b91c-60b4583bac67"}]}
2026-07-08 05:25:04.863 8 WARNING neutron.scheduler.dhcp_agent_scheduler [None req-0d13ea07-c13a-46cb-80c0-381c4341593a 10a6e0fc133049d0bc61f36c8f2ac27e 0afbe7dc997c41e8bfc2af5d8cf87f93 - - default default] No more DHCP agents
2026-07-08 05:25:04.864 8 WARNING neutron.api.rpc.agentnotifiers.dhcp_rpc_agent_api [None req-0d13ea07-c13a-46cb-80c0-381c4341593a 10a6e0fc133049d0bc61f36c8f2ac27e 0afbe7dc997c41e8bfc2af5d8cf87f93 - - default default] Unable to schedule network f63357d3-08d1-4813-bc78-1344199d6055: no agents available; will retry on subsequent port and subnet creation events. [pid: 7|app: 0|req: 1044/1942] 10.0.0.42 () {32 vars in 725 bytes} [Wed Jul 8 05:25:03 2026] DELETE /v2.0/networks/ce7be043-86a2-43cb-9202-9f4ec7177cf1 => generated 0 bytes in 1053 msecs (HTTP/1.1 204) 3 headers in 131 bytes (1 switches on core 0)
2026-07-08 05:25:04.946 8 INFO neutron.plugins.ml2.drivers.ovn.mech_driver.mech_driver [None req-f5bb189c-bc4f-4433-b493-46975f565aaf - - - - - -] OVN reports status down for port: 15d726d4-101b-4973-a6f6-62337e7ec7fe [pid: 7|app: 0|req: 1045/1943] 10.0.0.128 () {34 vars in 990 bytes} [Wed Jul 8 05:25:04 2026] GET /v2.0/ports?device_id=0021a5fc-56c6-4a53-9b95-5ad7e2213e9a => generated 969 bytes in 77 msecs (HTTP/1.1 200) 4 headers in 157 bytes (1 switches on core 0)
2026-07-08 05:25:05.032 8 INFO neutron.db.ovn_revision_numbers_db [None req-0d13ea07-c13a-46cb-80c0-381c4341593a 10a6e0fc133049d0bc61f36c8f2ac27e 0afbe7dc997c41e8bfc2af5d8cf87f93 - - default default] Successfully bumped revision number for resource 15d726d4-101b-4973-a6f6-62337e7ec7fe (type: ports) to 1 [pid: 7|app: 0|req: 1046/1944] 10.0.0.128 () {34 vars in 990 bytes} [Wed Jul 8 05:25:04 2026] GET /v2.0/ports?device_id=5573d6de-a992-4f75-b4de-5a451bcd0873 => generated 969 bytes in 95 msecs (HTTP/1.1 200) 4 headers in 157 bytes (1 switches on core 0) [pid: 8|app: 0|req: 899/1945] 10.0.0.42 () {34 vars in 663 bytes} [Wed Jul 8 05:25:04 2026] POST /v2.0/ports => generated 743 bytes in 641 msecs (HTTP/1.1 201) 4 headers in 162 bytes (1 switches on core 0) /var/lib/openstack/lib/python3.12/site-packages/pycadf/identifier.py:70: UserWarning: Invalid uuid: neutron. To ensure interoperability, identifiers should be a valid uuid. warnings.warn(('Invalid uuid: %s. To ensure interoperability, ' [pid: 8|app: 0|req: 900/1946] 10.0.0.128 () {34 vars in 1040 bytes} [Wed Jul 8 05:25:05 2026] GET /v2.0/security-groups?id=464d0b8a-c2e8-418e-b048-16a8e170457f&fields=id&fields=name => generated 88 bytes in 24 msecs (HTTP/1.1 200) 4 headers in 156 bytes (1 switches on core 0) [pid: 8|app: 0|req: 901/1947] 10.0.0.128 () {34 vars in 1040 bytes} [Wed Jul 8 05:25:05 2026] GET /v2.0/security-groups?id=d07ba0cb-9d7c-4836-b2e0-409072291ec4&fields=id&fields=name => generated 113 bytes in 34 msecs (HTTP/1.1 200) 4 headers in 157 bytes (1 switches on core 0) [pid: 8|app: 0|req: 902/1948] 10.0.0.42 () {34 vars in 746 bytes} [Wed Jul 8 05:25:05 2026] PUT /v2.0/ports/ba1471a2-95c2-49c9-9d20-b947d889f5d8/tags => generated 17 bytes in 54 msecs (HTTP/1.1 200) 4 headers in 156 bytes (1 switches on core 0) /var/lib/openstack/lib/python3.12/site-packages/pycadf/identifier.py:70: UserWarning: Invalid uuid: neutron. To ensure interoperability, identifiers should be a valid uuid. warnings.warn(('Invalid uuid: %s. To ensure interoperability, '
2026-07-08 05:25:05.253 7 WARNING neutron.scheduler.dhcp_agent_scheduler [None req-420b7361-88a9-459b-878e-666341907311 f11e7f5106b44605858dc6076e87ff0b d4d71381e0f04927b54ade8f3e0308c4 - - default default] No more DHCP agents
