2026-07-08 05:23:54.598 8 INFO neutron.plugins.ml2.drivers.ovn.mech_driver.mech_driver [None req-3db11a03-3d7d-41ea-adc5-209f70946fe0 - - - - - -] OVN reports status up for port: da1d920d-61cd-4c12-be40-dc5dc1a43baa
2026-07-08 05:23:54.611 8 INFO neutron.plugins.ml2.plugin [None req-3db11a03-3d7d-41ea-adc5-209f70946fe0 - - - - - -] Attempt 1 to provision port da1d920d-61cd-4c12-be40-dc5dc1a43baa
2026-07-08 05:23:54.877 8 INFO neutron.db.ovn_revision_numbers_db [None req-3db11a03-3d7d-41ea-adc5-209f70946fe0 - - - - - -] Successfully bumped revision number for resource da1d920d-61cd-4c12-be40-dc5dc1a43baa (type: ports) to 3 /var/lib/openstack/lib/python3.12/site-packages/pycadf/identifier.py:70: UserWarning: Invalid uuid: neutron. To ensure interoperability, identifiers should be a valid uuid. warnings.warn(('Invalid uuid: %s. To ensure interoperability, '
2026-07-08 05:23:55.155 7 WARNING neutron.scheduler.dhcp_agent_scheduler [None req-4a453980-b534-4ab3-ad50-0fe9112c6cb1 3c68a662919b4cc9b8deb69f5a40eb33 bfbe83216e404c399941a5fb2875a2a0 - - default default] No more DHCP agents
2026-07-08 05:23:55.156 7 WARNING neutron.api.rpc.agentnotifiers.dhcp_rpc_agent_api [None req-4a453980-b534-4ab3-ad50-0fe9112c6cb1 3c68a662919b4cc9b8deb69f5a40eb33 bfbe83216e404c399941a5fb2875a2a0 - - default default] Unable to schedule network 3682a237-7fa1-47d3-b652-9a956b699ecd: no agents available; will retry on subsequent port and subnet creation events.
2026-07-08 05:23:55.352 7 INFO neutron.db.ovn_revision_numbers_db [None req-4a453980-b534-4ab3-ad50-0fe9112c6cb1 3c68a662919b4cc9b8deb69f5a40eb33 bfbe83216e404c399941a5fb2875a2a0 - - default default] Successfully bumped revision number for resource da1d920d-61cd-4c12-be40-dc5dc1a43baa (type: router_ports) to 3 [pid: 7|app: 0|req: 776/1451] 10.0.0.42 () {34 vars in 782 bytes} [Wed Jul 8 05:23:53 2026] PUT /v2.0/routers/d9e3e573-6b3a-4cf9-8e80-8c22c74b0781/add_router_interface => generated 309 bytes in 1397 msecs (HTTP/1.1 200) 4 headers in 157 bytes (1 switches on core 0) /var/lib/openstack/lib/python3.12/site-packages/pycadf/identifier.py:70: UserWarning: Invalid uuid: neutron. To ensure interoperability, identifiers should be a valid uuid. warnings.warn(('Invalid uuid: %s. To ensure interoperability, '
2026-07-08 05:23:55.386 8 WARNING neutron.scheduler.dhcp_agent_scheduler [None req-b0da47de-ba03-482f-9f0c-d5bea5586c0a 240f62c51b764fe398f42bd949c41a4d 43bd3d9c0c6346fdb3c7e5c72fe078f2 - - default default] No more DHCP agents
2026-07-08 05:23:55.388 8 WARNING neutron.api.rpc.agentnotifiers.dhcp_rpc_agent_api [None req-b0da47de-ba03-482f-9f0c-d5bea5586c0a 240f62c51b764fe398f42bd949c41a4d 43bd3d9c0c6346fdb3c7e5c72fe078f2 - - default default] Unable to schedule network ec5b4537-99af-4f40-b7a1-066715e0ff96: no agents available; will retry on subsequent port and subnet creation events. [pid: 7|app: 0|req: 777/1452] 10.0.0.42 () {32 vars in 716 bytes} [Wed Jul 8 05:23:55 2026] GET /v2.0/ports/da1d920d-61cd-4c12-be40-dc5dc1a43baa => generated 1012 bytes in 33 msecs (HTTP/1.1 200) 4 headers in 158 bytes (1 switches on core 0)
2026-07-08 05:23:55.448 8 INFO neutron.db.ovn_revision_numbers_db [None req-b0da47de-ba03-482f-9f0c-d5bea5586c0a 240f62c51b764fe398f42bd949c41a4d 43bd3d9c0c6346fdb3c7e5c72fe078f2 - - default default] Successfully bumped revision number for resource f55ad93e-db6d-4917-a43d-46ff1ad9074d (type: subnets) to 0
2026-07-08 05:23:55.479 8 WARNING neutron.scheduler.dhcp_agent_scheduler [None req-b0da47de-ba03-482f-9f0c-d5bea5586c0a 240f62c51b764fe398f42bd949c41a4d 43bd3d9c0c6346fdb3c7e5c72fe078f2 - - default default] No more DHCP agents
2026-07-08 05:23:55.480 8 WARNING neutron.api.rpc.agentnotifiers.dhcp_rpc_agent_api [None req-b0da47de-ba03-482f-9f0c-d5bea5586c0a 240f62c51b764fe398f42bd949c41a4d 43bd3d9c0c6346fdb3c7e5c72fe078f2 - - default default] Unable to schedule network 83f8032a-3d23-40a0-a87a-18f41030a7cf: no agents available; will retry on subsequent port and subnet creation events.
2026-07-08 05:23:55.531 8 INFO neutron.db.ovn_revision_numbers_db [None req-b0da47de-ba03-482f-9f0c-d5bea5586c0a 240f62c51b764fe398f42bd949c41a4d 43bd3d9c0c6346fdb3c7e5c72fe078f2 - - default default] Successfully bumped revision number for resource 08687646-c517-4c60-8927-11d7c853d333 (type: subnets) to 0 [pid: 8|app: 0|req: 676/1453] 10.0.0.42 () {34 vars in 668 bytes} [Wed Jul 8 05:23:55 2026] POST /v2.0/subnets => generated 1324 bytes in 555 msecs (HTTP/1.1 201) 4 headers in 163 bytes (1 switches on core 0)
2026-07-08 05:23:55.741 7 INFO neutron_taas.services.taas.taas_plugin [None req-a83b20fc-85d2-4019-8f48-2f93932d512d 3c68a662919b4cc9b8deb69f5a40eb33 bfbe83216e404c399941a5fb2875a2a0 - - default default] TaaS: Handle Delete Port: da1d920d-61cd-4c12-be40-dc5dc1a43baa
2026-07-08 05:23:55.743 7 INFO neutron_taas.services.taas.tap_mirror_plugin [None req-a83b20fc-85d2-4019-8f48-2f93932d512d 3c68a662919b4cc9b8deb69f5a40eb33 bfbe83216e404c399941a5fb2875a2a0 - - default default] Tap Mirror: Handle Delete Port: da1d920d-61cd-4c12-be40-dc5dc1a43baa
2026-07-08 05:23:55.816 8 INFO neutron.db.ovn_revision_numbers_db [None req-e77aa103-3843-4aa5-b8a5-eb93f1dd81d5 5b6a0daa70414b51bb01d41842b4f577 acc21c609a97450bb7213215bf070dad - - default default] Successfully bumped revision number for resource aa3a4ed8-fba7-4b6e-8fdc-cab54aae5559 (type: security_groups) to 1
2026-07-08 05:23:55.825 8 INFO neutron.db.ovn_revision_numbers_db [None req-e77aa103-3843-4aa5-b8a5-eb93f1dd81d5 5b6a0daa70414b51bb01d41842b4f577 acc21c609a97450bb7213215bf070dad - - default default] Successfully bumped revision number for resource c62463ab-59b4-490b-b30c-f41f2dee477e (type: security_group_rules) to 0
2026-07-08 05:23:55.843 8 INFO neutron.db.ovn_revision_numbers_db [None req-e77aa103-3843-4aa5-b8a5-eb93f1dd81d5 5b6a0daa70414b51bb01d41842b4f577 acc21c609a97450bb7213215bf070dad - - default default] Successfully bumped revision number for resource d5a7337c-230a-42f0-b9bb-81a985ced2d3 (type: security_group_rules) to 0
2026-07-08 05:23:55.858 8 INFO neutron.db.ovn_revision_numbers_db [None req-e77aa103-3843-4aa5-b8a5-eb93f1dd81d5 5b6a0daa70414b51bb01d41842b4f577 acc21c609a97450bb7213215bf070dad - - default default] Successfully bumped revision number for resource f61dd319-1527-4812-b71a-518380a87e3c (type: security_group_rules) to 0
2026-07-08 05:23:55.875 8 INFO neutron.db.ovn_revision_numbers_db [None req-e77aa103-3843-4aa5-b8a5-eb93f1dd81d5 5b6a0daa70414b51bb01d41842b4f577 acc21c609a97450bb7213215bf070dad - - default default] Successfully bumped revision number for resource fa3f1fdb-427d-4388-bae4-2b0a696b8900 (type: security_group_rules) to 0 [pid: 8|app: 0|req: 677/1454] 10.0.0.42 () {32 vars in 773 bytes} [Wed Jul 8 05:23:55 2026] GET /v2.0/security-groups?tenant_id=73132fde8a1f4a96914aa3f8e1f9078f&name=default => generated 2925 bytes in 360 msecs (HTTP/1.1 200) 4 headers in 158 bytes (1 switches on core 0) [pid: 8|app: 0|req: 678/1455] 10.0.0.42 () {32 vars in 646 bytes} [Wed Jul 8 05:23:55 2026] GET /v2.0/subnets => generated 1960 bytes in 86 msecs (HTTP/1.1 200) 4 headers in 158 bytes (1 switches on core 0) [pid: 7|app: 0|req: 778/1456] 10.0.0.42 () {34 vars in 788 bytes} [Wed Jul 8 05:23:55 2026] PUT /v2.0/routers/d9e3e573-6b3a-4cf9-8e80-8c22c74b0781/remove_router_interface => generated 309 bytes in 728 msecs (HTTP/1.1 200) 4 headers in 157 bytes (1 switches on core 0) /var/lib/openstack/lib/python3.12/site-packages/pycadf/identifier.py:70: UserWarning: Invalid uuid: neutron. To ensure interoperability, identifiers should be a valid uuid. warnings.warn(('Invalid uuid: %s. To ensure interoperability, ' [pid: 7|app: 0|req: 779/1457] 10.0.0.42 () {32 vars in 723 bytes} [Wed Jul 8 05:23:56 2026] DELETE /v2.0/subnets/f55ad93e-db6d-4917-a43d-46ff1ad9074d => generated 0 bytes in 172 msecs (HTTP/1.1 204) 3 headers in 131 bytes (1 switches on core 0) [pid: 8|app: 0|req: 679/1458] 10.0.0.42 () {32 vars in 739 bytes} [Wed Jul 8 05:23:56 2026] DELETE /v2.0/security-groups/aa3a4ed8-fba7-4b6e-8fdc-cab54aae5559 => generated 0 bytes in 337 msecs (HTTP/1.1 204) 2 headers in 112 bytes (1 switches on core 0) [pid: 7|app: 0|req: 780/1459] 10.0.0.223 () {34 vars in 990 bytes} [Wed Jul 8 05:23:56 2026] GET /v2.0/ports?device_id=2f3fb40c-ff75-46b5-b0d4-d6c416329d02 => generated 1209 bytes in 97 msecs (HTTP/1.1 200) 4 headers in 158 bytes (1 switches on core 0)
2026-07-08 05:23:56.425 8 INFO neutron.api.v2.resource [None req-3803b768-d33a-4f78-875b-878e47c79b49 3c68a662919b4cc9b8deb69f5a40eb33 bfbe83216e404c399941a5fb2875a2a0 - - default default] remove_router_interface failed (client error): The resource could not be found. [pid: 8|app: 0|req: 680/1460] 10.0.0.42 () {34 vars in 788 bytes} [Wed Jul 8 05:23:56 2026] PUT /v2.0/routers/d9e3e573-6b3a-4cf9-8e80-8c22c74b0781/remove_router_interface => generated 197 bytes in 85 msecs (HTTP/1.1 404) 4 headers in 164 bytes (1 switches on core 0) [pid: 8|app: 0|req: 681/1461] 10.0.0.223 () {34 vars in 1040 bytes} [Wed Jul 8 05:23:56 2026] GET /v2.0/security-groups?id=0c471826-602d-4059-886b-3ecd93f0ed50&fields=id&fields=name => generated 113 bytes in 26 msecs (HTTP/1.1 200) 4 headers in 157 bytes (1 switches on core 0) [pid: 8|app: 0|req: 682/1462] 10.0.0.42 () {32 vars in 735 bytes} [Wed Jul 8 05:23:56 2026] GET /v2.0/ports?device_id=d9e3e573-6b3a-4cf9-8e80-8c22c74b0781 => generated 12 bytes in 23 msecs (HTTP/1.1 200) 4 headers in 156 bytes (1 switches on core 0) [pid: 7|app: 0|req: 781/1463] 10.0.0.42 () {32 vars in 723 bytes} [Wed Jul 8 05:23:56 2026] DELETE /v2.0/subnets/08687646-c517-4c60-8927-11d7c853d333 => generated 0 bytes in 164 msecs (HTTP/1.1 204) 3 headers in 131 bytes (1 switches on core 0) [pid: 7|app: 0|req: 782/1464] 10.0.0.42 () {32 vars in 646 bytes} [Wed Jul 8 05:23:56 2026] GET /v2.0/subnets => generated 649 bytes in 39 msecs (HTTP/1.1 200) 4 headers in 157 bytes (1 switches on core 0) [pid: 8|app: 0|req: 683/1465] 10.0.0.42 () {32 vars in 723 bytes} [Wed Jul 8 05:23:56 2026] DELETE /v2.0/routers/d9e3e573-6b3a-4cf9-8e80-8c22c74b0781 => generated 0 bytes in 204 msecs (HTTP/1.1 204) 2 headers in 112 bytes (1 switches on core 0)
2026-07-08 05:23:56.741 7 INFO neutron_taas.services.taas.taas_plugin [None req-423c9fb6-3c99-49b6-8ff1-0eb400dd6c2e 240f62c51b764fe398f42bd949c41a4d 43bd3d9c0c6346fdb3c7e5c72fe078f2 - - default default] TaaS: Handle Delete Port: 67bbaf54-b7f6-4420-9b35-0e3b31be0ddc
2026-07-08 05:23:56.744 7 INFO neutron_taas.services.taas.tap_mirror_plugin [None req-423c9fb6-3c99-49b6-8ff1-0eb400dd6c2e 240f62c51b764fe398f42bd949c41a4d 43bd3d9c0c6346fdb3c7e5c72fe078f2 - - default default] Tap Mirror: Handle Delete Port: 67bbaf54-b7f6-4420-9b35-0e3b31be0ddc [pid: 8|app: 0|req: 684/1466] 10.0.0.42 () {32 vars in 723 bytes} [Wed Jul 8 05:23:56 2026] DELETE /v2.0/subnets/ee243c31-1fbe-424f-b534-2463cdcb728f => generated 0 bytes in 208 msecs (HTTP/1.1 204) 3 headers in 131 bytes (1 switches on core 0)
2026-07-08 05:23:56.964 7 INFO neutron.services.segments.plugin [-] Segment 12b89afc-5549-4dcb-9efa-4124608f4138 resource provider aggregate not found
2026-07-08 05:23:56.968 7 INFO neutron.services.segments.plugin [-] Segment 12b89afc-5549-4dcb-9efa-4124608f4138 resource provider aggregate not found
2026-07-08 05:23:56.990 7 INFO neutron.services.segments.plugin [-] Segment 12b89afc-5549-4dcb-9efa-4124608f4138 resource provider not found; error: Placement Client Error (4xx): {"errors": [{"status": 404, "title": "Not Found", "detail": "The resource could not be found.\n\n No resource provider with uuid 12b89afc-5549-4dcb-9efa-4124608f4138 found for delete ", "request_id": "req-7feeed3c-08d0-4d51-a124-7ae9dce0e450"}]}
2026-07-08 05:23:56.995 7 INFO neutron.services.segments.plugin [-] Segment 12b89afc-5549-4dcb-9efa-4124608f4138 resource provider not found; error: Placement Client Error (4xx): {"errors": [{"status": 404, "title": "Not Found", "detail": "The resource could not be found.\n\n No resource provider with uuid 12b89afc-5549-4dcb-9efa-4124608f4138 found for delete ", "request_id": "req-ee9edd1f-d313-451a-8f52-76989c4c22eb"}]} [pid: 7|app: 0|req: 783/1467] 10.0.0.42 () {32 vars in 725 bytes} [Wed Jul 8 05:23:56 2026] DELETE /v2.0/networks/83f8032a-3d23-40a0-a87a-18f41030a7cf => generated 0 bytes in 414 msecs (HTTP/1.1 204) 3 headers in 131 bytes (1 switches on core 0)
2026-07-08 05:23:57.061 8 INFO neutron_taas.services.taas.taas_plugin [None req-7b186cf6-562c-4267-b430-6f7703e4031f 3c68a662919b4cc9b8deb69f5a40eb33 bfbe83216e404c399941a5fb2875a2a0 - - default default] TaaS: Handle Delete Port: 95b80634-a6b8-41c2-b8d3-ee519307ea76
2026-07-08 05:23:57.064 8 INFO neutron_taas.services.taas.tap_mirror_plugin [None req-7b186cf6-562c-4267-b430-6f7703e4031f 3c68a662919b4cc9b8deb69f5a40eb33 bfbe83216e404c399941a5fb2875a2a0 - - default default] Tap Mirror: Handle Delete Port: 95b80634-a6b8-41c2-b8d3-ee519307ea76
2026-07-08 05:23:57.159 7 INFO neutron_taas.services.taas.taas_plugin [None req-5ed298ca-1973-4441-8a85-e0ce77216e8f 240f62c51b764fe398f42bd949c41a4d 43bd3d9c0c6346fdb3c7e5c72fe078f2 - - default default] TaaS: Handle Delete Port: efe425cc-3edd-4447-95eb-273023a2d01e
2026-07-08 05:23:57.168 7 INFO neutron_taas.services.taas.tap_mirror_plugin [None req-5ed298ca-1973-4441-8a85-e0ce77216e8f 240f62c51b764fe398f42bd949c41a4d 43bd3d9c0c6346fdb3c7e5c72fe078f2 - - default default] Tap Mirror: Handle Delete Port: efe425cc-3edd-4447-95eb-273023a2d01e
2026-07-08 05:23:57.292 8 INFO neutron.services.segments.plugin [-] Segment abb83b30-bfee-42ca-b17f-17499de694dd resource provider aggregate not found
2026-07-08 05:23:57.309 8 INFO neutron.services.segments.plugin [-] Segment abb83b30-bfee-42ca-b17f-17499de694dd resource provider aggregate not found
2026-07-08 05:23:57.323 8 INFO neutron.services.segments.plugin [-] Segment abb83b30-bfee-42ca-b17f-17499de694dd resource provider not found; error: Placement Client Error (4xx): {"errors": [{"status": 404, "title": "Not Found", "detail": "The resource could not be found.\n\n No resource provider with uuid abb83b30-bfee-42ca-b17f-17499de694dd found for delete ", "request_id": "req-6337d0f5-1c6d-4cf0-9253-6617e0c04412"}]}
2026-07-08 05:23:57.340 8 INFO neutron.services.segments.plugin [-] Segment abb83b30-bfee-42ca-b17f-17499de694dd resource provider not found; error: Placement Client Error (4xx): {"errors": [{"status": 404, "title": "Not Found", "detail": "The resource could not be found.\n\n No resource provider with uuid abb83b30-bfee-42ca-b17f-17499de694dd found for delete ", "request_id": "req-3eef55fa-f1a2-4df8-9d5c-7ff0b8f8a136"}]} [pid: 7|app: 0|req: 784/1468] 10.0.0.42 () {32 vars in 725 bytes} [Wed Jul 8 05:23:57 2026] DELETE /v2.0/networks/ec5b4537-99af-4f40-b7a1-066715e0ff96 => generated 0 bytes in 378 msecs (HTTP/1.1 204) 3 headers in 131 bytes (1 switches on core 0) [pid: 8|app: 0|req: 685/1469] 10.0.0.42 () {32 vars in 725 bytes} [Wed Jul 8 05:23:56 2026] DELETE /v2.0/networks/3682a237-7fa1-47d3-b652-9a956b699ecd => generated 0 bytes in 524 msecs (HTTP/1.1 204) 3 headers in 131 bytes (1 switches on core 0)
2026-07-08 05:23:57.529 8 INFO neutron.db.segments_db [None req-a25e4848-7ec6-481a-a759-ac80d044c64d 3c68a662919b4cc9b8deb69f5a40eb33 bfbe83216e404c399941a5fb2875a2a0 - - default default] Added segment d320516a-ff5f-4e0f-8819-198957a65087 of type geneve for network d0aae6b2-eb08-4332-9795-f930f125a183
2026-07-08 05:23:57.539 7 INFO neutron_taas.services.taas.taas_plugin [None req-b9f20138-9509-4fe2-91a7-c072134fda3d 240f62c51b764fe398f42bd949c41a4d 43bd3d9c0c6346fdb3c7e5c72fe078f2 - - default default] TaaS: Handle Delete Port: a8d1488f-de9f-4918-9221-10a046b2a446
2026-07-08 05:23:57.541 7 INFO neutron_taas.services.taas.tap_mirror_plugin [None req-b9f20138-9509-4fe2-91a7-c072134fda3d 240f62c51b764fe398f42bd949c41a4d 43bd3d9c0c6346fdb3c7e5c72fe078f2 - - default default] Tap Mirror: Handle Delete Port: a8d1488f-de9f-4918-9221-10a046b2a446
2026-07-08 05:23:57.665 8 INFO neutron.db.ovn_revision_numbers_db [None req-a25e4848-7ec6-481a-a759-ac80d044c64d 3c68a662919b4cc9b8deb69f5a40eb33 bfbe83216e404c399941a5fb2875a2a0 - - default default] Successfully bumped revision number for resource d0aae6b2-eb08-4332-9795-f930f125a183 (type: networks) to 1 [pid: 7|app: 0|req: 785/1470] 10.0.0.42 () {32 vars in 725 bytes} [Wed Jul 8 05:23:57 2026] DELETE /v2.0/networks/ae7188fd-f100-4dc2-9b99-b0f04a0b6a6f => generated 0 bytes in 375 msecs (HTTP/1.1 204) 3 headers in 131 bytes (1 switches on core 0)
2026-07-08 05:23:57.868 8 WARNING neutron.scheduler.dhcp_agent_scheduler [None req-a25e4848-7ec6-481a-a759-ac80d044c64d 3c68a662919b4cc9b8deb69f5a40eb33 bfbe83216e404c399941a5fb2875a2a0 - - default default] No more DHCP agents
2026-07-08 05:23:57.870 8 WARNING neutron.api.rpc.agentnotifiers.dhcp_rpc_agent_api [None req-a25e4848-7ec6-481a-a759-ac80d044c64d 3c68a662919b4cc9b8deb69f5a40eb33 bfbe83216e404c399941a5fb2875a2a0 - - default default] Unable to schedule network d0aae6b2-eb08-4332-9795-f930f125a183: no agents available; will retry on subsequent port and subnet creation events.
2026-07-08 05:23:57.953 7 INFO neutron_taas.services.taas.taas_plugin [None req-d3248af3-76bf-49c0-941e-3b51e5d4c1b1 240f62c51b764fe398f42bd949c41a4d 43bd3d9c0c6346fdb3c7e5c72fe078f2 - - default default] TaaS: Handle Delete Port: a042dfd6-6034-4682-acfa-925706776984
2026-07-08 05:23:57.956 7 INFO neutron_taas.services.taas.tap_mirror_plugin [None req-d3248af3-76bf-49c0-941e-3b51e5d4c1b1 240f62c51b764fe398f42bd949c41a4d 43bd3d9c0c6346fdb3c7e5c72fe078f2 - - default default] Tap Mirror: Handle Delete Port: a042dfd6-6034-4682-acfa-925706776984
2026-07-08 05:23:57.983 8 INFO neutron.db.ovn_revision_numbers_db [None req-a25e4848-7ec6-481a-a759-ac80d044c64d 3c68a662919b4cc9b8deb69f5a40eb33 bfbe83216e404c399941a5fb2875a2a0 - - default default] Successfully bumped revision number for resource d007c5b5-0d6f-4c70-b6e1-ee63b90b3189 (type: ports) to 1 [pid: 8|app: 0|req: 686/1471] 10.0.0.42 () {34 vars in 669 bytes} [Wed Jul 8 05:23:57 2026] POST /v2.0/networks => generated 649 bytes in 576 msecs (HTTP/1.1 201) 4 headers in 162 bytes (1 switches on core 0)
2026-07-08 05:23:58.214 8 WARNING neutron.scheduler.dhcp_agent_scheduler [None req-f83588c0-a15b-410d-b924-20db9d943d24 3c68a662919b4cc9b8deb69f5a40eb33 bfbe83216e404c399941a5fb2875a2a0 - - default default] No more DHCP agents
2026-07-08 05:23:58.215 8 WARNING neutron.api.rpc.agentnotifiers.dhcp_rpc_agent_api [None req-f83588c0-a15b-410d-b924-20db9d943d24 3c68a662919b4cc9b8deb69f5a40eb33 bfbe83216e404c399941a5fb2875a2a0 - - default default] Unable to schedule network d0aae6b2-eb08-4332-9795-f930f125a183: no agents available; will retry on subsequent port and subnet creation events. [pid: 7|app: 0|req: 786/1472] 10.0.0.42 () {32 vars in 725 bytes} [Wed Jul 8 05:23:57 2026] DELETE /v2.0/networks/7489ee8c-bfc2-4445-b7c4-ce719f6ca051 => generated 0 bytes in 418 msecs (HTTP/1.1 204) 3 headers in 131 bytes (1 switches on core 0) [pid: 7|app: 0|req: 787/1473] 10.0.0.128 () {34 vars in 990 bytes} [Wed Jul 8 05:23:58 2026] GET /v2.0/ports?device_id=2f3fb40c-ff75-46b5-b0d4-d6c416329d02 => generated 971 bytes in 89 msecs (HTTP/1.1 200) 4 headers in 157 bytes (1 switches on core 0) [pid: 7|app: 0|req: 788/1474] 10.0.0.128 () {34 vars in 1040 bytes} [Wed Jul 8 05:23:58 2026] GET /v2.0/security-groups?id=0c471826-602d-4059-886b-3ecd93f0ed50&fields=id&fields=name => generated 113 bytes in 27 msecs (HTTP/1.1 200) 4 headers in 157 bytes (1 switches on core 0) [pid: 7|app: 0|req: 789/1475] 10.0.0.128 () {34 vars in 990 bytes} [Wed Jul 8 05:23:58 2026] GET /v2.0/ports?device_id=2f3fb40c-ff75-46b5-b0d4-d6c416329d02 => generated 971 bytes in 41 msecs (HTTP/1.1 200) 4 headers in 157 bytes (1 switches on core 0) [pid: 7|app: 0|req: 790/1476] 10.0.0.128 () {34 vars in 1040 bytes} [Wed Jul 8 05:23:58 2026] GET /v2.0/security-groups?id=0c471826-602d-4059-886b-3ecd93f0ed50&fields=id&fields=name => generated 113 bytes in 60 msecs (HTTP/1.1 200) 4 headers in 157 bytes (1 switches on core 0)
2026-07-08 05:23:58.730 8 INFO neutron.db.ovn_revision_numbers_db [None req-0fff3bef-fff7-41eb-a479-ad7987dca54a - - - - - -] Successfully bumped revision number for resource d007c5b5-0d6f-4c70-b6e1-ee63b90b3189 (type: ports) to 2
2026-07-08 05:23:58.758 8 INFO neutron.db.ovn_revision_numbers_db [None req-0fff3bef-fff7-41eb-a479-ad7987dca54a - - - - - -] Successfully bumped revision number for resource f90c6495-ba3b-46f2-929c-82f5bb349377 (type: subnets) to 0 [pid: 8|app: 0|req: 687/1477] 10.0.0.42 () {34 vars in 668 bytes} [Wed Jul 8 05:23:58 2026] POST /v2.0/subnets => generated 626 bytes in 760 msecs (HTTP/1.1 201) 4 headers in 162 bytes (1 switches on core 0)
2026-07-08 05:23:58.891 8 INFO neutron.db.ovn_revision_numbers_db [None req-9263da79-1c85-4e97-bbab-17b359fd2cc6 3c68a662919b4cc9b8deb69f5a40eb33 bfbe83216e404c399941a5fb2875a2a0 - - default default] Successfully bumped revision number for resource cf4dd55e-58f3-4dc7-90fb-d1af2d60c74e (type: routers) to 1 [pid: 8|app: 0|req: 688/1478] 10.0.0.42 () {34 vars in 668 bytes} [Wed Jul 8 05:23:58 2026] POST /v2.0/routers => generated 603 bytes in 124 msecs (HTTP/1.1 201) 4 headers in 162 bytes (1 switches on core 0) [pid: 7|app: 0|req: 791/1479] 10.0.0.42 () {32 vars in 773 bytes} [Wed Jul 8 05:23:58 2026] GET /v2.0/security-groups?tenant_id=43bd3d9c0c6346fdb3c7e5c72fe078f2&name=default => generated 2925 bytes in 165 msecs (HTTP/1.1 200) 4 headers in 158 bytes (1 switches on core 0)
2026-07-08 05:23:59.014 7 INFO neutron.services.segments.plugin [-] Segment 189a0835-1f31-437f-9000-2f3f8e6756ca resource provider aggregate not found
2026-07-08 05:23:59.024 7 INFO neutron.services.segments.plugin [-] Segment 189a0835-1f31-437f-9000-2f3f8e6756ca resource provider aggregate not found
2026-07-08 05:23:59.043 7 INFO neutron.services.segments.plugin [-] Segment 189a0835-1f31-437f-9000-2f3f8e6756ca resource provider not found; error: Placement Client Error (4xx): {"errors": [{"status": 404, "title": "Not Found", "detail": "The resource could not be found.\n\n No resource provider with uuid 189a0835-1f31-437f-9000-2f3f8e6756ca found for delete ", "request_id": "req-d2773d84-26b6-447a-b059-c234fcf7aed3"}]}
2026-07-08 05:23:59.045 7 INFO neutron.services.segments.plugin [-] Segment 189a0835-1f31-437f-9000-2f3f8e6756ca resource provider not found; error: Placement Client Error (4xx): {"errors": [{"status": 404, "title": "Not Found", "detail": "The resource could not be found.\n\n No resource provider with uuid 189a0835-1f31-437f-9000-2f3f8e6756ca found for delete ", "request_id": "req-f54ca32b-4262-41a6-b0ce-721c79d6d887"}]}
2026-07-08 05:23:59.066 7 INFO neutron.services.segments.plugin [-] Segment 07398b28-5387-40c6-a356-7959d7931008 resource provider aggregate not found
2026-07-08 05:23:59.069 7 INFO neutron.services.segments.plugin [-] Segment 07398b28-5387-40c6-a356-7959d7931008 resource provider aggregate not found
2026-07-08 05:23:59.089 7 INFO neutron.services.segments.plugin [-] Segment 07398b28-5387-40c6-a356-7959d7931008 resource provider not found; error: Placement Client Error (4xx): {"errors": [{"status": 404, "title": "Not Found", "detail": "The resource could not be found.\n\n No resource provider with uuid 07398b28-5387-40c6-a356-7959d7931008 found for delete ", "request_id": "req-f474f056-2b46-4fd5-ac7f-e34553143c74"}]}
2026-07-08 05:23:59.093 7 INFO neutron.services.segments.plugin [-] Segment 07398b28-5387-40c6-a356-7959d7931008 resource provider not found; error: Placement Client Error (4xx): {"errors": [{"status": 404, "title": "Not Found", "detail": "The resource could not be found.\n\n No resource provider with uuid 07398b28-5387-40c6-a356-7959d7931008 found for delete ", "request_id": "req-4e49c168-22f5-4cb8-97f5-0f4536b47f5c"}]}
2026-07-08 05:23:59.110 7 INFO neutron.services.segments.plugin [-] Segment c534e849-d834-4817-8fbe-4514c3a19a01 resource provider aggregate not found
2026-07-08 05:23:59.115 7 INFO neutron.services.segments.plugin [-] Segment c534e849-d834-4817-8fbe-4514c3a19a01 resource provider aggregate not found
2026-07-08 05:23:59.129 7 INFO neutron.services.segments.plugin [-] Segment c534e849-d834-4817-8fbe-4514c3a19a01 resource provider not found; error: Placement Client Error (4xx): {"errors": [{"status": 404, "title": "Not Found", "detail": "The resource could not be found.\n\n No resource provider with uuid c534e849-d834-4817-8fbe-4514c3a19a01 found for delete ", "request_id": "req-48ce54e2-00d4-46da-9b99-524e34620c13"}]}
2026-07-08 05:23:59.138 7 INFO neutron.services.segments.plugin [-] Segment c534e849-d834-4817-8fbe-4514c3a19a01 resource provider not found; error: Placement Client Error (4xx): {"errors": [{"status": 404, "title": "Not Found", "detail": "The resource could not be found.\n\n No resource provider with uuid c534e849-d834-4817-8fbe-4514c3a19a01 found for delete ", "request_id": "req-4448cfcc-7036-462a-9ee6-dac0c09a5ada"}]}
2026-07-08 05:23:59.273 8 WARNING neutron.scheduler.dhcp_agent_scheduler [None req-a214350d-1247-4bf8-92ef-085f46360b1f 3c68a662919b4cc9b8deb69f5a40eb33 bfbe83216e404c399941a5fb2875a2a0 - - default default] No more DHCP agents
2026-07-08 05:23:59.274 8 WARNING neutron.api.rpc.agentnotifiers.dhcp_rpc_agent_api [None req-a214350d-1247-4bf8-92ef-085f46360b1f 3c68a662919b4cc9b8deb69f5a40eb33 bfbe83216e404c399941a5fb2875a2a0 - - default default] Unable to schedule network d0aae6b2-eb08-4332-9795-f930f125a183: no agents available; will retry on subsequent port and subnet creation events. [pid: 7|app: 0|req: 792/1480] 10.0.0.42 () {32 vars in 739 bytes} [Wed Jul 8 05:23:58 2026] DELETE /v2.0/security-groups/aaa17bcc-76b5-4fa2-882e-51abea93c47a => generated 0 bytes in 349 msecs (HTTP/1.1 204) 2 headers in 112 bytes (1 switches on core 0)
2026-07-08 05:23:59.441 8 INFO neutron.db.ovn_revision_numbers_db [None req-a214350d-1247-4bf8-92ef-085f46360b1f 3c68a662919b4cc9b8deb69f5a40eb33 bfbe83216e404c399941a5fb2875a2a0 - - default default] Successfully bumped revision number for resource e5363cf1-6a2d-4541-b0ff-4540088c5022 (type: ports) to 1
2026-07-08 05:23:59.714 8 WARNING neutron.plugins.ml2.drivers.ovn.mech_driver.ovsdb.ovn_client [None req-61f01039-3fcc-42b6-8bb5-5668c8be6d9d - - - - - -] No port found with ID da1d920d-61cd-4c12-be40-dc5dc1a43baa: RuntimeError: No port found with ID da1d920d-61cd-4c12-be40-dc5dc1a43baa
2026-07-08 05:23:59.732 8 INFO neutron.plugins.ml2.drivers.ovn.mech_driver.mech_driver [None req-61f01039-3fcc-42b6-8bb5-5668c8be6d9d - - - - - -] OVN reports status down for port: d007c5b5-0d6f-4c70-b6e1-ee63b90b3189 [pid: 7|app: 0|req: 793/1481] 10.0.0.128 () {34 vars in 990 bytes} [Wed Jul 8 05:23:59 2026] GET /v2.0/ports?device_id=2f3fb40c-ff75-46b5-b0d4-d6c416329d02 => generated 971 bytes in 35 msecs (HTTP/1.1 200) 4 headers in 157 bytes (1 switches on core 0) [pid: 7|app: 0|req: 794/1482] 10.0.0.128 () {34 vars in 1040 bytes} [Wed Jul 8 05:23:59 2026] GET /v2.0/security-groups?id=0c471826-602d-4059-886b-3ecd93f0ed50&fields=id&fields=name => generated 113 bytes in 30 msecs (HTTP/1.1 200) 4 headers in 157 bytes (1 switches on core 0)
2026-07-08 05:23:59.871 8 INFO neutron.plugins.ml2.drivers.ovn.mech_driver.mech_driver [None req-61f01039-3fcc-42b6-8bb5-5668c8be6d9d - - - - - -] OVN reports status down for port: e5363cf1-6a2d-4541-b0ff-4540088c5022
2026-07-08 05:23:59.989 8 INFO neutron.plugins.ml2.drivers.ovn.mech_driver.mech_driver [None req-61f01039-3fcc-42b6-8bb5-5668c8be6d9d - - - - - -] OVN reports status down for port: 020144c6-b5d5-49b8-84ba-a0e733e53ce9
2026-07-08 05:24:00.229 8 INFO neutron.notifiers.nova [-] Nova event matching ['req-2d0e3b49-2d46-47f6-8966-9ec26a692491'] response: {'server_uuid': '2f3fb40c-ff75-46b5-b0d4-d6c416329d02', 'name': 'network-vif-unplugged', 'status': 'completed', 'tag': '020144c6-b5d5-49b8-84ba-a0e733e53ce9', 'code': 200}
2026-07-08 05:24:00.484 8 WARNING neutron.scheduler.dhcp_agent_scheduler [None req-a214350d-1247-4bf8-92ef-085f46360b1f 3c68a662919b4cc9b8deb69f5a40eb33 bfbe83216e404c399941a5fb2875a2a0 - - default default] No more DHCP agents
2026-07-08 05:24:00.487 8 WARNING neutron.api.rpc.agentnotifiers.dhcp_rpc_agent_api [None req-a214350d-1247-4bf8-92ef-085f46360b1f 3c68a662919b4cc9b8deb69f5a40eb33 bfbe83216e404c399941a5fb2875a2a0 - - default default] Unable to schedule network d0aae6b2-eb08-4332-9795-f930f125a183: no agents available; will retry on subsequent port and subnet creation events.
2026-07-08 05:24:00.516 8 INFO neutron.db.ovn_revision_numbers_db [None req-61f01039-3fcc-42b6-8bb5-5668c8be6d9d - - - - - -] Successfully bumped revision number for resource 020144c6-b5d5-49b8-84ba-a0e733e53ce9 (type: ports) to 8
2026-07-08 05:24:00.662 8 INFO neutron.plugins.ml2.drivers.ovn.mech_driver.mech_driver [None req-d0cabcac-2ccc-4785-a8f2-830dcfb4d917 - - - - - -] OVN reports status up for port: e5363cf1-6a2d-4541-b0ff-4540088c5022
2026-07-08 05:24:00.690 8 INFO neutron.plugins.ml2.plugin [None req-d0cabcac-2ccc-4785-a8f2-830dcfb4d917 - - - - - -] Attempt 1 to provision port e5363cf1-6a2d-4541-b0ff-4540088c5022 [pid: 7|app: 0|req: 795/1483] 199.204.45.95 () {34 vars in 993 bytes} [Wed Jul 8 05:24:00 2026] GET /v2.0/ports?device_id=2f3fb40c-ff75-46b5-b0d4-d6c416329d02 => generated 969 bytes in 74 msecs (HTTP/1.1 200) 4 headers in 157 bytes (1 switches on core 0)
2026-07-08 05:24:00.948 8 INFO neutron.db.ovn_revision_numbers_db [None req-a214350d-1247-4bf8-92ef-085f46360b1f 3c68a662919b4cc9b8deb69f5a40eb33 bfbe83216e404c399941a5fb2875a2a0 - - default default] Successfully bumped revision number for resource e5363cf1-6a2d-4541-b0ff-4540088c5022 (type: router_ports) to 1 [pid: 8|app: 0|req: 689/1484] 10.0.0.42 () {34 vars in 782 bytes} [Wed Jul 8 05:23:58 2026] PUT /v2.0/routers/cf4dd55e-58f3-4dc7-90fb-d1af2d60c74e/add_router_interface => generated 309 bytes in 2046 msecs (HTTP/1.1 200) 4 headers in 157 bytes (1 switches on core 0) /var/lib/openstack/lib/python3.12/site-packages/pycadf/identifier.py:70: UserWarning: Invalid uuid: neutron. To ensure interoperability, identifiers should be a valid uuid. warnings.warn(('Invalid uuid: %s. To ensure interoperability, '
2026-07-08 05:24:01.014 7 INFO neutron_taas.services.taas.taas_plugin [req-9012a0f4-1f75-40de-8048-a1c58505bd1a req-c600bcab-2bff-41dd-be04-cb2892a7d244 56424a8382364013adb4a6fcba24c2ea 29b03ae67f08442b9d9056898b4276e1 - - default default] TaaS: Handle Delete Port: 020144c6-b5d5-49b8-84ba-a0e733e53ce9
2026-07-08 05:24:01.017 7 INFO neutron_taas.services.taas.tap_mirror_plugin [req-9012a0f4-1f75-40de-8048-a1c58505bd1a req-c600bcab-2bff-41dd-be04-cb2892a7d244 56424a8382364013adb4a6fcba24c2ea 29b03ae67f08442b9d9056898b4276e1 - - default default] Tap Mirror: Handle Delete Port: 020144c6-b5d5-49b8-84ba-a0e733e53ce9 [pid: 8|app: 0|req: 690/1485] 10.0.0.128 () {34 vars in 990 bytes} [Wed Jul 8 05:24:00 2026] GET /v2.0/ports?device_id=2f3fb40c-ff75-46b5-b0d4-d6c416329d02 => generated 969 bytes in 122 msecs (HTTP/1.1 200) 4 headers in 157 bytes (1 switches on core 0) [pid: 8|app: 0|req: 691/1486] 10.0.0.42 () {32 vars in 716 bytes} [Wed Jul 8 05:24:01 2026] GET /v2.0/ports/e5363cf1-6a2d-4541-b0ff-4540088c5022 => generated 943 bytes in 53 msecs (HTTP/1.1 200) 4 headers in 157 bytes (1 switches on core 0)
2026-07-08 05:24:01.234 7 INFO neutron.db.l3_db [req-9012a0f4-1f75-40de-8048-a1c58505bd1a req-c600bcab-2bff-41dd-be04-cb2892a7d244 56424a8382364013adb4a6fcba24c2ea 29b03ae67f08442b9d9056898b4276e1 - - default default] Floating IP 4bb28c5d-759d-4c08-a262-26a791a29abd disassociated. External IP: 10.96.250.217, port: 020144c6-b5d5-49b8-84ba-a0e733e53ce9.
2026-07-08 05:24:01.372 8 INFO neutron.db.ovn_revision_numbers_db [None req-d0cabcac-2ccc-4785-a8f2-830dcfb4d917 - - - - - -] Successfully bumped revision number for resource e5363cf1-6a2d-4541-b0ff-4540088c5022 (type: ports) to 2 [pid: 7|app: 0|req: 796/1487] 199.204.45.95 () {36 vars in 996 bytes} [Wed Jul 8 05:24:00 2026] DELETE /v2.0/ports/020144c6-b5d5-49b8-84ba-a0e733e53ce9 => generated 0 bytes in 573 msecs (HTTP/1.1 204) 3 headers in 131 bytes (1 switches on core 0)
2026-07-08 05:24:01.483 7 INFO neutron.notifiers.nova [-] Nova event matching ['req-6bd38fda-c6a7-432a-976b-b42900291af2'] response: {'server_uuid': '2f3fb40c-ff75-46b5-b0d4-d6c416329d02', 'name': 'network-vif-deleted', 'tag': '020144c6-b5d5-49b8-84ba-a0e733e53ce9', 'status': 'completed', 'code': 200} [pid: 7|app: 0|req: 797/1488] 10.0.0.128 () {34 vars in 1040 bytes} [Wed Jul 8 05:24:01 2026] GET /v2.0/security-groups?id=0c471826-602d-4059-886b-3ecd93f0ed50&fields=id&fields=name => generated 113 bytes in 67 msecs (HTTP/1.1 200) 4 headers in 157 bytes (1 switches on core 0) [pid: 7|app: 0|req: 798/1489] 10.0.0.42 () {32 vars in 716 bytes} [Wed Jul 8 05:24:01 2026] GET /v2.0/ports/e5363cf1-6a2d-4541-b0ff-4540088c5022 => generated 943 bytes in 74 msecs (HTTP/1.1 200) 4 headers in 157 bytes (1 switches on core 0)
2026-07-08 05:24:01.684 8 INFO neutron.db.ovn_revision_numbers_db [None req-c7c2a462-711e-4b4c-83ff-e7fef14ca520 ee6dba7001e449d199129848fe87a469 9605ba24de394d3fafc34e107880ffba - - default default] Successfully bumped revision number for resource 30aa277f-0d8a-4af8-b928-a5189afcdb29 (type: security_groups) to 1
2026-07-08 05:24:01.693 8 INFO neutron.db.ovn_revision_numbers_db [None req-c7c2a462-711e-4b4c-83ff-e7fef14ca520 ee6dba7001e449d199129848fe87a469 9605ba24de394d3fafc34e107880ffba - - default default] Successfully bumped revision number for resource 5a44d711-d498-4f8d-97bf-3b18700b9ca2 (type: security_group_rules) to 0
2026-07-08 05:24:01.705 8 INFO neutron.db.ovn_revision_numbers_db [None req-c7c2a462-711e-4b4c-83ff-e7fef14ca520 ee6dba7001e449d199129848fe87a469 9605ba24de394d3fafc34e107880ffba - - default default] Successfully bumped revision number for resource 82a8d1ee-f01f-41e3-a184-949898a31d42 (type: security_group_rules) to 0
2026-07-08 05:24:01.719 8 INFO neutron.db.ovn_revision_numbers_db [None req-c7c2a462-711e-4b4c-83ff-e7fef14ca520 ee6dba7001e449d199129848fe87a469 9605ba24de394d3fafc34e107880ffba - - default default] Successfully bumped revision number for resource bcb51e31-1bc7-4067-8f3e-d7a889b422b9 (type: security_group_rules) to 0
2026-07-08 05:24:01.732 8 INFO neutron.db.ovn_revision_numbers_db [None req-c7c2a462-711e-4b4c-83ff-e7fef14ca520 ee6dba7001e449d199129848fe87a469 9605ba24de394d3fafc34e107880ffba - - default default] Successfully bumped revision number for resource c5b53487-d94e-421d-9b74-975baddf9ea8 (type: security_group_rules) to 0
2026-07-08 05:24:01.813 8 INFO neutron.db.segments_db [None req-c7c2a462-711e-4b4c-83ff-e7fef14ca520 ee6dba7001e449d199129848fe87a469 9605ba24de394d3fafc34e107880ffba - - default default] Added segment 5d39fd0f-9000-4d5e-bc54-c238a7d52829 of type geneve for network e2d2c06f-a6b7-4e81-904a-4bdc72db6a45
2026-07-08 05:24:01.900 7 INFO neutron_taas.services.taas.taas_plugin [None req-6919b13d-bd2d-41ad-ae96-127ddc46e51e 3c68a662919b4cc9b8deb69f5a40eb33 bfbe83216e404c399941a5fb2875a2a0 - - default default] TaaS: Handle Delete Port: e5363cf1-6a2d-4541-b0ff-4540088c5022
2026-07-08 05:24:01.915 7 INFO neutron_taas.services.taas.tap_mirror_plugin [None req-6919b13d-bd2d-41ad-ae96-127ddc46e51e 3c68a662919b4cc9b8deb69f5a40eb33 bfbe83216e404c399941a5fb2875a2a0 - - default default] Tap Mirror: Handle Delete Port: e5363cf1-6a2d-4541-b0ff-4540088c5022
2026-07-08 05:24:01.926 8 INFO neutron.db.ovn_revision_numbers_db [None req-c7c2a462-711e-4b4c-83ff-e7fef14ca520 ee6dba7001e449d199129848fe87a469 9605ba24de394d3fafc34e107880ffba - - default default] Successfully bumped revision number for resource e2d2c06f-a6b7-4e81-904a-4bdc72db6a45 (type: networks) to 1
2026-07-08 05:24:02.056 8 WARNING neutron.scheduler.dhcp_agent_scheduler [None req-c7c2a462-711e-4b4c-83ff-e7fef14ca520 ee6dba7001e449d199129848fe87a469 9605ba24de394d3fafc34e107880ffba - - default default] No more DHCP agents
2026-07-08 05:24:02.057 8 WARNING neutron.api.rpc.agentnotifiers.dhcp_rpc_agent_api [None req-c7c2a462-711e-4b4c-83ff-e7fef14ca520 ee6dba7001e449d199129848fe87a469 9605ba24de394d3fafc34e107880ffba - - default default] Unable to schedule network e2d2c06f-a6b7-4e81-904a-4bdc72db6a45: no agents available; will retry on subsequent port and subnet creation events.
2026-07-08 05:24:02.193 8 INFO neutron.db.ovn_revision_numbers_db [None req-c7c2a462-711e-4b4c-83ff-e7fef14ca520 ee6dba7001e449d199129848fe87a469 9605ba24de394d3fafc34e107880ffba - - default default] Successfully bumped revision number for resource 3d2ea2ab-7755-49f8-be32-67bd3532df1a (type: ports) to 1 [pid: 8|app: 0|req: 692/1490] 10.0.0.42 () {34 vars in 669 bytes} [Wed Jul 8 05:24:01 2026] POST /v2.0/networks => generated 662 bytes in 1091 msecs (HTTP/1.1 201) 4 headers in 162 bytes (1 switches on core 0)
2026-07-08 05:24:02.329 8 INFO neutron.notifiers.nova [-] Nova event matching ['req-20521ae0-d64a-485c-95fc-2a77f981c602'] response: {'server_uuid': '2f3fb40c-ff75-46b5-b0d4-d6c416329d02', 'name': 'network-vif-unplugged', 'status': 'completed', 'tag': '020144c6-b5d5-49b8-84ba-a0e733e53ce9', 'code': 200} [pid: 7|app: 0|req: 799/1491] 10.0.0.42 () {34 vars in 788 bytes} [Wed Jul 8 05:24:01 2026] PUT /v2.0/routers/cf4dd55e-58f3-4dc7-90fb-d1af2d60c74e/remove_router_interface => generated 309 bytes in 840 msecs (HTTP/1.1 200) 4 headers in 157 bytes (1 switches on core 0) /var/lib/openstack/lib/python3.12/site-packages/pycadf/identifier.py:70: UserWarning: Invalid uuid: neutron. To ensure interoperability, identifiers should be a valid uuid. warnings.warn(('Invalid uuid: %s. To ensure interoperability, ' [pid: 7|app: 0|req: 800/1492] 10.0.0.42 () {32 vars in 735 bytes} [Wed Jul 8 05:24:02 2026] GET /v2.0/ports?device_id=cf4dd55e-58f3-4dc7-90fb-d1af2d60c74e => generated 12 bytes in 35 msecs (HTTP/1.1 200) 4 headers in 156 bytes (1 switches on core 0)
2026-07-08 05:24:02.566 8 WARNING neutron.scheduler.dhcp_agent_scheduler [None req-05366cf6-8d69-4b93-9168-ef25767e7ada ee6dba7001e449d199129848fe87a469 9605ba24de394d3fafc34e107880ffba - - default default] No more DHCP agents
2026-07-08 05:24:02.572 8 WARNING neutron.api.rpc.agentnotifiers.dhcp_rpc_agent_api [None req-05366cf6-8d69-4b93-9168-ef25767e7ada ee6dba7001e449d199129848fe87a469 9605ba24de394d3fafc34e107880ffba - - default default] Unable to schedule network e2d2c06f-a6b7-4e81-904a-4bdc72db6a45: no agents available; will retry on subsequent port and subnet creation events. [pid: 7|app: 0|req: 801/1493] 10.0.0.42 () {32 vars in 723 bytes} [Wed Jul 8 05:24:02 2026] DELETE /v2.0/routers/cf4dd55e-58f3-4dc7-90fb-d1af2d60c74e => generated 0 bytes in 209 msecs (HTTP/1.1 204) 2 headers in 112 bytes (1 switches on core 0) [pid: 7|app: 0|req: 802/1494] 10.0.0.128 () {34 vars in 990 bytes} [Wed Jul 8 05:24:02 2026] GET /v2.0/ports?device_id=2f3fb40c-ff75-46b5-b0d4-d6c416329d02 => generated 12 bytes in 16 msecs (HTTP/1.1 200) 4 headers in 156 bytes (1 switches on core 0) [pid: 7|app: 0|req: 803/1495] 10.0.0.42 () {32 vars in 723 bytes} [Wed Jul 8 05:24:02 2026] DELETE /v2.0/subnets/f90c6495-ba3b-46f2-929c-82f5bb349377 => generated 0 bytes in 171 msecs (HTTP/1.1 204) 3 headers in 131 bytes (1 switches on core 0)
2026-07-08 05:24:02.989 7 INFO neutron_taas.services.taas.taas_plugin [None req-947e8f86-0d32-4d1f-9668-333b02d75b24 3c68a662919b4cc9b8deb69f5a40eb33 bfbe83216e404c399941a5fb2875a2a0 - - default default] TaaS: Handle Delete Port: d007c5b5-0d6f-4c70-b6e1-ee63b90b3189
2026-07-08 05:24:02.992 7 INFO neutron_taas.services.taas.tap_mirror_plugin [None req-947e8f86-0d32-4d1f-9668-333b02d75b24 3c68a662919b4cc9b8deb69f5a40eb33 bfbe83216e404c399941a5fb2875a2a0 - - default default] Tap Mirror: Handle Delete Port: d007c5b5-0d6f-4c70-b6e1-ee63b90b3189
2026-07-08 05:24:03.059 8 INFO neutron.db.ovn_revision_numbers_db [None req-fb55eeee-a4ae-46d6-85c6-5c713a5ec771 - - - - - -] Successfully bumped revision number for resource 3d2ea2ab-7755-49f8-be32-67bd3532df1a (type: ports) to 2
2026-07-08 05:24:03.089 8 INFO neutron.db.ovn_revision_numbers_db [None req-fb55eeee-a4ae-46d6-85c6-5c713a5ec771 - - - - - -] Successfully bumped revision number for resource 4384c306-305d-403c-8fc2-b73a273b8f13 (type: subnets) to 0 [pid: 8|app: 0|req: 693/1496] 10.0.0.42 () {34 vars in 668 bytes} [Wed Jul 8 05:24:02 2026] POST /v2.0/subnets => generated 641 bytes in 793 msecs (HTTP/1.1 201) 4 headers in 162 bytes (1 switches on core 0)
2026-07-08 05:24:03.214 7 INFO neutron.services.segments.plugin [-] Segment d320516a-ff5f-4e0f-8819-198957a65087 resource provider aggregate not found
2026-07-08 05:24:03.222 7 INFO neutron.services.segments.plugin [-] Segment d320516a-ff5f-4e0f-8819-198957a65087 resource provider aggregate not found
2026-07-08 05:24:03.229 8 INFO neutron.db.segments_db [None req-546926cf-9914-456f-bfbc-c434a58872bc ee6dba7001e449d199129848fe87a469 9605ba24de394d3fafc34e107880ffba - - default default] Added segment 4917e835-a13b-4449-ad28-ffda11313503 of type geneve for network 5ea3ef6b-9e91-40fa-a681-5792f692f0ed
2026-07-08 05:24:03.233 7 INFO neutron.services.segments.plugin [-] Segment d320516a-ff5f-4e0f-8819-198957a65087 resource provider not found; error: Placement Client Error (4xx): {"errors": [{"status": 404, "title": "Not Found", "detail": "The resource could not be found.\n\n No resource provider with uuid d320516a-ff5f-4e0f-8819-198957a65087 found for delete ", "request_id": "req-6770ed0b-8bbc-4442-b416-adf224b44c39"}]}
2026-07-08 05:24:03.241 7 INFO neutron.services.segments.plugin [-] Segment d320516a-ff5f-4e0f-8819-198957a65087 resource provider not found; error: Placement Client Error (4xx): {"errors": [{"status": 404, "title": "Not Found", "detail": "The resource could not be found.\n\n No resource provider with uuid d320516a-ff5f-4e0f-8819-198957a65087 found for delete ", "request_id": "req-9328472b-83b7-4650-ad98-ab760668b3b2"}]} [pid: 7|app: 0|req: 804/1497] 10.0.0.42 () {32 vars in 725 bytes} [Wed Jul 8 05:24:02 2026] DELETE /v2.0/networks/d0aae6b2-eb08-4332-9795-f930f125a183 => generated 0 bytes in 400 msecs (HTTP/1.1 204) 3 headers in 131 bytes (1 switches on core 0)
2026-07-08 05:24:03.382 8 INFO neutron.db.ovn_revision_numbers_db [None req-546926cf-9914-456f-bfbc-c434a58872bc ee6dba7001e449d199129848fe87a469 9605ba24de394d3fafc34e107880ffba - - default default] Successfully bumped revision number for resource 5ea3ef6b-9e91-40fa-a681-5792f692f0ed (type: networks) to 1
2026-07-08 05:24:03.565 8 WARNING neutron.scheduler.dhcp_agent_scheduler [None req-546926cf-9914-456f-bfbc-c434a58872bc ee6dba7001e449d199129848fe87a469 9605ba24de394d3fafc34e107880ffba - - default default] No more DHCP agents
2026-07-08 05:24:03.567 8 WARNING neutron.api.rpc.agentnotifiers.dhcp_rpc_agent_api [None req-546926cf-9914-456f-bfbc-c434a58872bc ee6dba7001e449d199129848fe87a469 9605ba24de394d3fafc34e107880ffba - - default default] Unable to schedule network 5ea3ef6b-9e91-40fa-a681-5792f692f0ed: no agents available; will retry on subsequent port and subnet creation events.
2026-07-08 05:24:03.680 8 INFO neutron.db.ovn_revision_numbers_db [None req-546926cf-9914-456f-bfbc-c434a58872bc ee6dba7001e449d199129848fe87a469 9605ba24de394d3fafc34e107880ffba - - default default] Successfully bumped revision number for resource f06077ff-5add-42ae-8178-995214004d01 (type: ports) to 1 [pid: 8|app: 0|req: 694/1498] 10.0.0.42 () {34 vars in 669 bytes} [Wed Jul 8 05:24:03 2026] POST /v2.0/networks => generated 663 bytes in 601 msecs (HTTP/1.1 201) 4 headers in 162 bytes (1 switches on core 0)
2026-07-08 05:24:03.758 7 WARNING neutron.scheduler.dhcp_agent_scheduler [None req-f3ab265b-a471-4ce4-a8c9-f241d11856c2 3c68a662919b4cc9b8deb69f5a40eb33 bfbe83216e404c399941a5fb2875a2a0 - - default default] No more DHCP agents
2026-07-08 05:24:03.760 7 WARNING neutron.api.rpc.agentnotifiers.dhcp_rpc_agent_api [None req-f3ab265b-a471-4ce4-a8c9-f241d11856c2 3c68a662919b4cc9b8deb69f5a40eb33 bfbe83216e404c399941a5fb2875a2a0 - - default default] Unable to schedule network 4c20bcec-3b38-4da2-a404-70760e04d920: no agents available; will retry on subsequent port and subnet creation events.
2026-07-08 05:24:03.874 8 INFO neutron.db.ovn_revision_numbers_db [None req-0151f557-c40d-40fe-890c-5c376d6e5e06 ee6dba7001e449d199129848fe87a469 9605ba24de394d3fafc34e107880ffba - - default default] Successfully bumped revision number for resource 5ea3ef6b-9e91-40fa-a681-5792f692f0ed (type: networks) to 2 [pid: 8|app: 0|req: 695/1499] 10.0.0.42 () {34 vars in 742 bytes} [Wed Jul 8 05:24:03 2026] PUT /v2.0/networks/5ea3ef6b-9e91-40fa-a681-5792f692f0ed => generated 636 bytes in 180 msecs (HTTP/1.1 200) 4 headers in 157 bytes (1 switches on core 0) [pid: 8|app: 0|req: 696/1500] 10.0.0.128 () {34 vars in 990 bytes} [Wed Jul 8 05:24:03 2026] GET /v2.0/ports?device_id=2f3fb40c-ff75-46b5-b0d4-d6c416329d02 => generated 12 bytes in 28 msecs (HTTP/1.1 200) 4 headers in 156 bytes (1 switches on core 0)
2026-07-08 05:24:03.957 7 INFO neutron.db.ovn_revision_numbers_db [None req-f3ab265b-a471-4ce4-a8c9-f241d11856c2 3c68a662919b4cc9b8deb69f5a40eb33 bfbe83216e404c399941a5fb2875a2a0 - - default default] Successfully bumped revision number for resource 82b02714-52e2-40ca-a9d2-81e8b514c4d4 (type: ports) to 1
2026-07-08 05:24:04.110 8 WARNING neutron.scheduler.dhcp_agent_scheduler [None req-c42cbfe9-dd54-41c7-bd57-af835b69b0be ee6dba7001e449d199129848fe87a469 9605ba24de394d3fafc34e107880ffba - - default default] No more DHCP agents
2026-07-08 05:24:04.111 8 WARNING neutron.api.rpc.agentnotifiers.dhcp_rpc_agent_api [None req-c42cbfe9-dd54-41c7-bd57-af835b69b0be ee6dba7001e449d199129848fe87a469 9605ba24de394d3fafc34e107880ffba - - default default] Unable to schedule network 5ea3ef6b-9e91-40fa-a681-5792f692f0ed: no agents available; will retry on subsequent port and subnet creation events.
2026-07-08 05:24:04.564 8 INFO neutron.db.ovn_revision_numbers_db [None req-81b84170-6001-4d6e-9970-74dca917466d - - - - - -] Successfully bumped revision number for resource f06077ff-5add-42ae-8178-995214004d01 (type: ports) to 2
2026-07-08 05:24:04.594 8 INFO neutron.db.ovn_revision_numbers_db [None req-81b84170-6001-4d6e-9970-74dca917466d - - - - - -] Successfully bumped revision number for resource e8bc0059-c4a0-420e-afff-2e1c22e9cb83 (type: subnets) to 0 [pid: 8|app: 0|req: 697/1501] 10.0.0.42 () {34 vars in 668 bytes} [Wed Jul 8 05:24:03 2026] POST /v2.0/subnets => generated 626 bytes in 681 msecs (HTTP/1.1 201) 4 headers in 162 bytes (1 switches on core 0)
2026-07-08 05:24:04.617 7 INFO neutron.plugins.ml2.drivers.ovn.mech_driver.ovsdb.commands [-] Schedule LRP lrp-82b02714-52e2-40ca-a9d2-81e8b514c4d4 on gateway 8b84c5ea-d556-4f97-8c24-b63d10f15298 with priority 1
2026-07-08 05:24:04.722 7 INFO neutron.db.ovn_revision_numbers_db [None req-f3ab265b-a471-4ce4-a8c9-f241d11856c2 3c68a662919b4cc9b8deb69f5a40eb33 bfbe83216e404c399941a5fb2875a2a0 - - default default] Successfully bumped revision number for resource 82b02714-52e2-40ca-a9d2-81e8b514c4d4 (type: router_ports) to 1
2026-07-08 05:24:04.796 7 INFO neutron.db.ovn_revision_numbers_db [None req-f3ab265b-a471-4ce4-a8c9-f241d11856c2 3c68a662919b4cc9b8deb69f5a40eb33 bfbe83216e404c399941a5fb2875a2a0 - - default default] Successfully bumped revision number for resource abe60182-13f0-4211-80d4-5d4ffaea22b1 (type: routers) to 2 [pid: 7|app: 0|req: 805/1502] 10.0.0.42 () {34 vars in 668 bytes} [Wed Jul 8 05:24:03 2026] POST /v2.0/routers => generated 948 bytes in 1536 msecs (HTTP/1.1 201) 4 headers in 162 bytes (1 switches on core 0) [pid: 7|app: 0|req: 806/1503] 10.0.0.42 () {32 vars in 720 bytes} [Wed Jul 8 05:24:04 2026] GET /v2.0/routers/abe60182-13f0-4211-80d4-5d4ffaea22b1 => generated 954 bytes in 74 msecs (HTTP/1.1 200) 4 headers in 157 bytes (1 switches on core 0)
2026-07-08 05:24:04.910 8 INFO neutron.db.ovn_revision_numbers_db [None req-5acf8e2b-d437-4247-990e-2f246fa21b71 ee6dba7001e449d199129848fe87a469 9605ba24de394d3fafc34e107880ffba - - default default] Successfully bumped revision number for resource e8bc0059-c4a0-420e-afff-2e1c22e9cb83 (type: subnets) to 1 [pid: 8|app: 0|req: 698/1504] 10.0.0.42 () {34 vars in 740 bytes} [Wed Jul 8 05:24:04 2026] PUT /v2.0/subnets/e8bc0059-c4a0-420e-afff-2e1c22e9cb83 => generated 636 bytes in 302 msecs (HTTP/1.1 200) 4 headers in 157 bytes (1 switches on core 0) [pid: 7|app: 0|req: 807/1505] 10.0.0.42 () {32 vars in 646 bytes} [Wed Jul 8 05:24:04 2026] GET /v2.0/routers => generated 957 bytes in 85 msecs (HTTP/1.1 200) 4 headers in 157 bytes (1 switches on core 0)
2026-07-08 05:24:05.060 8 INFO neutron_taas.services.taas.taas_plugin [None req-10b1f8e2-38f1-493a-b2f2-cbbc25550539 ee6dba7001e449d199129848fe87a469 9605ba24de394d3fafc34e107880ffba - - default default] TaaS: Handle Delete Port: f06077ff-5add-42ae-8178-995214004d01
2026-07-08 05:24:05.063 8 INFO neutron_taas.services.taas.tap_mirror_plugin [None req-10b1f8e2-38f1-493a-b2f2-cbbc25550539 ee6dba7001e449d199129848fe87a469 9605ba24de394d3fafc34e107880ffba - - default default] Tap Mirror: Handle Delete Port: f06077ff-5add-42ae-8178-995214004d01
2026-07-08 05:24:05.387 8 INFO neutron.services.segments.plugin [-] Segment 4917e835-a13b-4449-ad28-ffda11313503 resource provider aggregate not found
2026-07-08 05:24:05.392 8 INFO neutron.services.segments.plugin [-] Segment 4917e835-a13b-4449-ad28-ffda11313503 resource provider aggregate not found
2026-07-08 05:24:05.409 8 INFO neutron.services.segments.plugin [-] Segment 4917e835-a13b-4449-ad28-ffda11313503 resource provider not found; error: Placement Client Error (4xx): {"errors": [{"status": 404, "title": "Not Found", "detail": "The resource could not be found.\n\n No resource provider with uuid 4917e835-a13b-4449-ad28-ffda11313503 found for delete ", "request_id": "req-3c738f2e-6244-4816-a68a-3ec82aeabc51"}]}
