+ COMMAND=start + start + for KEYSTONE_WSGI_SCRIPT in keystone-wsgi-public ++ type -p keystone-wsgi-public + cp -a /var/lib/openstack/bin/keystone-wsgi-public /var/www/cgi-bin/keystone/ + '[' -f /etc/apache2/envvars ']' + source /etc/apache2/envvars ++ unset HOME ++ '[' '' '!=' '' ']' ++ SUFFIX= ++ export APACHE_RUN_USER=www-data ++ APACHE_RUN_USER=www-data ++ export APACHE_RUN_GROUP=www-data ++ APACHE_RUN_GROUP=www-data ++ export APACHE_PID_FILE=/var/run/apache2/apache2.pid ++ APACHE_PID_FILE=/var/run/apache2/apache2.pid ++ export APACHE_RUN_DIR=/var/run/apache2 ++ APACHE_RUN_DIR=/var/run/apache2 ++ export APACHE_LOCK_DIR=/var/lock/apache2 ++ APACHE_LOCK_DIR=/var/lock/apache2 ++ export APACHE_LOG_DIR=/var/log/apache2 ++ APACHE_LOG_DIR=/var/log/apache2 ++ export LANG=C ++ LANG=C ++ export LANG + '[' -f /var/run/apache2/apache2.pid ']' + exec apache2 -DFOREGROUND AH00558: apache2: Could not reliably determine the server's fully qualified domain name, using 10.0.0.63. Set the 'ServerName' directive globally to suppress this message AH00558: apache2: Could not reliably determine the server's fully qualified domain name, using 10.0.0.63. Set the 'ServerName' directive globally to suppress this message
[Tue Apr 07 15:28:20.064537 2026] [mpm_event:notice] [pid 1:tid 140050256816000] AH00489: Apache/2.4.58 (Ubuntu) mod_wsgi/5.0.0 Python/3.12 configured -- resuming normal operations
[Tue Apr 07 15:28:20.064694 2026] [core:notice] [pid 1:tid 140050256816000] AH00094: Command line: 'apache2 -D FOREGROUND'
[Tue Apr 07 15:29:18.603023 2026] [wsgi:error] [pid 11:tid 140049620043456] /var/lib/openstack/lib/python3.12/site-packages/oslo_utils/importutils.py:77: EventletDeprecationWarning:
[Tue Apr 07 15:29:18.603061 2026] [wsgi:error] [pid 11:tid 140049620043456] Eventlet is deprecated. It is currently being maintained in bugfix mode, and
[Tue Apr 07 15:29:18.603063 2026] [wsgi:error] [pid 11:tid 140049620043456] we strongly recommend against using it for new projects.
[Tue Apr 07 15:29:18.603064 2026] [wsgi:error] [pid 11:tid 140049620043456]
[Tue Apr 07 15:29:18.603065 2026] [wsgi:error] [pid 11:tid 140049620043456] If you are already using Eventlet, we recommend migrating to a different
[Tue Apr 07 15:29:18.603066 2026] [wsgi:error] [pid 11:tid 140049620043456] framework. For more detail see
[Tue Apr 07 15:29:18.603067 2026] [wsgi:error] [pid 11:tid 140049620043456] https://eventlet.readthedocs.io/en/latest/asyncio/migration.html
[Tue Apr 07 15:29:18.603069 2026] [wsgi:error] [pid 11:tid 140049620043456]
[Tue Apr 07 15:29:18.603070 2026] [wsgi:error] [pid 11:tid 140049620043456] __import__(import_str)
[Tue Apr 07 15:29:18.611192 2026] [wsgi:error] [pid 9:tid 140049620043456] /var/lib/openstack/lib/python3.12/site-packages/oslo_utils/importutils.py:77: EventletDeprecationWarning:
[Tue Apr 07 15:29:18.611233 2026] [wsgi:error] [pid 9:tid 140049620043456] Eventlet is deprecated. It is currently being maintained in bugfix mode, and
[Tue Apr 07 15:29:18.611235 2026] [wsgi:error] [pid 9:tid 140049620043456] we strongly recommend against using it for new projects.
[Tue Apr 07 15:29:18.611236 2026] [wsgi:error] [pid 9:tid 140049620043456]
[Tue Apr 07 15:29:18.611237 2026] [wsgi:error] [pid 9:tid 140049620043456] If you are already using Eventlet, we recommend migrating to a different
[Tue Apr 07 15:29:18.611239 2026] [wsgi:error] [pid 9:tid 140049620043456] framework. For more detail see
[Tue Apr 07 15:29:18.611240 2026] [wsgi:error] [pid 9:tid 140049620043456] https://eventlet.readthedocs.io/en/latest/asyncio/migration.html
[Tue Apr 07 15:29:18.611241 2026] [wsgi:error] [pid 9:tid 140049620043456]
[Tue Apr 07 15:29:18.611242 2026] [wsgi:error] [pid 9:tid 140049620043456] __import__(import_str) 10.0.0.174 - - [07/Apr/2026:15:29:17 +0000] "GET /v3/ HTTP/1.1" 200 249 10.0.0.174 - - [07/Apr/2026:15:29:17 +0000] "GET /v3/ HTTP/1.1" 200 249
[Tue Apr 07 15:29:23.787952 2026] [wsgi:error] [pid 10:tid 140049620043456] /var/lib/openstack/lib/python3.12/site-packages/oslo_utils/importutils.py:77: EventletDeprecationWarning:
[Tue Apr 07 15:29:23.788051 2026] [wsgi:error] [pid 10:tid 140049620043456] Eventlet is deprecated. It is currently being maintained in bugfix mode, and
[Tue Apr 07 15:29:23.788064 2026] [wsgi:error] [pid 10:tid 140049620043456] we strongly recommend against using it for new projects.
[Tue Apr 07 15:29:23.788074 2026] [wsgi:error] [pid 10:tid 140049620043456]
[Tue Apr 07 15:29:23.788086 2026] [wsgi:error] [pid 10:tid 140049620043456] If you are already using Eventlet, we recommend migrating to a different
[Tue Apr 07 15:29:23.788097 2026] [wsgi:error] [pid 10:tid 140049620043456] framework. For more detail see
[Tue Apr 07 15:29:23.788107 2026] [wsgi:error] [pid 10:tid 140049620043456] https://eventlet.readthedocs.io/en/latest/asyncio/migration.html
[Tue Apr 07 15:29:23.788117 2026] [wsgi:error] [pid 10:tid 140049620043456]
[Tue Apr 07 15:29:23.788127 2026] [wsgi:error] [pid 10:tid 140049620043456] __import__(import_str) 10.0.0.174 - - [07/Apr/2026:15:29:22 +0000] "GET /v3/ HTTP/1.1" 200 249
[Tue Apr 07 15:29:31.688001 2026] [wsgi:error] [pid 12:tid 140049620043456] /var/lib/openstack/lib/python3.12/site-packages/oslo_utils/importutils.py:77: EventletDeprecationWarning:
[Tue Apr 07 15:29:31.688046 2026] [wsgi:error] [pid 12:tid 140049620043456] Eventlet is deprecated. It is currently being maintained in bugfix mode, and
[Tue Apr 07 15:29:31.688048 2026] [wsgi:error] [pid 12:tid 140049620043456] we strongly recommend against using it for new projects.
[Tue Apr 07 15:29:31.688049 2026] [wsgi:error] [pid 12:tid 140049620043456]
[Tue Apr 07 15:29:31.688050 2026] [wsgi:error] [pid 12:tid 140049620043456] If you are already using Eventlet, we recommend migrating to a different
[Tue Apr 07 15:29:31.688051 2026] [wsgi:error] [pid 12:tid 140049620043456] framework. For more detail see
[Tue Apr 07 15:29:31.688052 2026] [wsgi:error] [pid 12:tid 140049620043456] https://eventlet.readthedocs.io/en/latest/asyncio/migration.html
[Tue Apr 07 15:29:31.688054 2026] [wsgi:error] [pid 12:tid 140049620043456]
[Tue Apr 07 15:29:31.688055 2026] [wsgi:error] [pid 12:tid 140049620043456] __import__(import_str) 10.0.0.242 - - [07/Apr/2026:15:29:30 +0000] "GET / HTTP/1.1" 300 295
[Tue Apr 07 15:29:36.303373 2026] [wsgi:error] [pid 9:tid 140049620043456] [remote 10.0.0.242:34916] 2026-04-07 15:29:36.300 9 WARNING keystone.identity.core [None req-02d80834-740e-42ce-8a94-f6cf2145e14f - - - - - -] Invalid domain name (atmosphere) found in config file name: keystone.exception.DomainNotFound: Could not find domain: atmosphere.
[Tue Apr 07 15:29:36.361851 2026] [wsgi:error] [pid 9:tid 140049620043456] [remote 10.0.0.242:34916] 2026-04-07 15:29:36.361 9 WARNING keystone.common.password_hashing [None req-02d80834-740e-42ce-8a94-f6cf2145e14f - - - - - -] Truncating password to algorithm specific maximum length 72 characters.
[Tue Apr 07 15:29:36.662590 2026] [wsgi:error] [pid 9:tid 140049620043456] [remote 10.0.0.242:34916] 2026-04-07 15:29:36.662 9 WARNING keystone.common.fernet_utils [None req-02d80834-740e-42ce-8a94-f6cf2145e14f - - - - - -] key_repository is world readable: /etc/keystone/fernet-keys/ 10.0.0.242 - - [07/Apr/2026:15:29:36 +0000] "POST /v3/auth/tokens HTTP/1.1" 201 1359
[Tue Apr 07 15:29:36.972043 2026] [wsgi:error] [pid 11:tid 140049620043456] [remote 10.0.0.242:34916] 2026-04-07 15:29:36.969 11 WARNING keystone.identity.core [None req-fce38af2-1388-40d1-b586-37af13672355 - - - - - -] Invalid domain name (atmosphere) found in config file name: keystone.exception.DomainNotFound: Could not find domain: atmosphere. 10.0.0.242 - - [07/Apr/2026:15:29:36 +0000] "POST /v3/domains HTTP/1.1" 201 261 10.0.0.97 - - [07/Apr/2026:15:29:47 +0000] "GET / HTTP/1.1" 300 295
[Tue Apr 07 15:29:47.332418 2026] [wsgi:error] [pid 12:tid 140049620043456] [remote 10.0.0.97:43572] 2026-04-07 15:29:47.331 12 WARNING keystone.common.password_hashing [None req-61314d1e-4632-4ea6-a60a-15ba8e8eddcf - - - - - -] Truncating password to algorithm specific maximum length 72 characters.
[Tue Apr 07 15:29:47.608866 2026] [wsgi:error] [pid 12:tid 140049620043456] [remote 10.0.0.97:43572] 2026-04-07 15:29:47.608 12 WARNING keystone.common.fernet_utils [None req-61314d1e-4632-4ea6-a60a-15ba8e8eddcf - - - - - -] key_repository is world readable: /etc/keystone/fernet-keys/ 10.0.0.97 - - [07/Apr/2026:15:29:47 +0000] "POST /v3/auth/tokens HTTP/1.1" 201 1359 10.0.0.97 - - [07/Apr/2026:15:29:47 +0000] "GET /v3/roles/admin HTTP/1.1" 404 83
[Tue Apr 07 15:29:47.818669 2026] [wsgi:error] [pid 11:tid 140049620043456] [remote 10.0.0.97:43572] 2026-04-07 15:29:47.818 11 WARNING keystone.common.rbac_enforcer.enforcer [None req-1646c7f5-1b0c-4ffb-acef-7da917d64a53 a365c563af4543d1ae91161b925f2621 41b91bd4511e420aa53bc966561d5f09 - - default default] Deprecated policy rules found. Use oslopolicy-policy-generator and oslopolicy-policy-upgrade to detect and resolve deprecated policies in your configuration. 10.0.0.97 - - [07/Apr/2026:15:29:47 +0000] "GET /v3/roles?name=admin HTTP/1.1" 200 389
[Tue Apr 07 15:29:48.170026 2026] [wsgi:error] [pid 10:tid 140049620043456] [remote 10.0.0.97:43572] 2026-04-07 15:29:48.169 10 WARNING keystone.common.rbac_enforcer.enforcer [None req-36b1dd17-bb68-497e-954b-a66737e04e8f a365c563af4543d1ae91161b925f2621 41b91bd4511e420aa53bc966561d5f09 - - default default] Deprecated policy rules found. Use oslopolicy-policy-generator and oslopolicy-policy-upgrade to detect and resolve deprecated policies in your configuration. 10.0.0.97 - - [07/Apr/2026:15:29:47 +0000] "GET /v3/users/admin-RegionOne HTTP/1.1" 404 93
[Tue Apr 07 15:29:48.303408 2026] [wsgi:error] [pid 12:tid 140049620043456] [remote 10.0.0.97:43572] 2026-04-07 15:29:48.303 12 WARNING keystone.common.rbac_enforcer.enforcer [None req-37f256dc-a025-4deb-a685-881642c23143 a365c563af4543d1ae91161b925f2621 41b91bd4511e420aa53bc966561d5f09 - - default default] Deprecated policy rules found. Use oslopolicy-policy-generator and oslopolicy-policy-upgrade to detect and resolve deprecated policies in your configuration. 10.0.0.97 - - [07/Apr/2026:15:29:48 +0000] "GET /v3/users?name=admin-RegionOne HTTP/1.1" 200 422
[Tue Apr 07 15:29:48.469747 2026] [wsgi:error] [pid 9:tid 140049620043456] [remote 10.0.0.97:43572] 2026-04-07 15:29:48.469 9 WARNING keystone.common.rbac_enforcer.enforcer [None req-656bc565-337d-4241-b67b-9a8b2881877f a365c563af4543d1ae91161b925f2621 41b91bd4511e420aa53bc966561d5f09 - - default default] Deprecated policy rules found. Use oslopolicy-policy-generator and oslopolicy-policy-upgrade to detect and resolve deprecated policies in your configuration. 10.0.0.97 - - [07/Apr/2026:15:29:48 +0000] "GET /v3/domains/default HTTP/1.1" 200 224 10.0.0.97 - - [07/Apr/2026:15:29:48 +0000] "PUT /v3/domains/default/users/a365c563af4543d1ae91161b925f2621/roles/9d073ce8c0094d078489fc0b92f17267 HTTP/1.1" 204 - 10.0.0.174 - - [07/Apr/2026:15:29:58 +0000] "GET / HTTP/1.1" 300 280 10.0.0.174 - - [07/Apr/2026:15:29:59 +0000] "GET /v3 HTTP/1.1" 200 265
[Tue Apr 07 15:29:59.635846 2026] [wsgi:error] [pid 9:tid 140049620043456] [remote 10.0.0.174:42874] 2026-04-07 15:29:59.635 9 WARNING keystone.common.password_hashing [None req-431a1ad0-217c-4e3b-8c75-158b4b8e10d5 - - - - - -] Truncating password to algorithm specific maximum length 72 characters.
[Tue Apr 07 15:29:59.906344 2026] [wsgi:error] [pid 9:tid 140049620043456] [remote 10.0.0.174:42874] 2026-04-07 15:29:59.906 9 WARNING keystone.common.fernet_utils [None req-431a1ad0-217c-4e3b-8c75-158b4b8e10d5 - - - - - -] key_repository is world readable: /etc/keystone/fernet-keys/ 10.0.0.174 - - [07/Apr/2026:15:29:59 +0000] "POST /v3/auth/tokens HTTP/1.1" 201 1359 10.0.0.174 - - [07/Apr/2026:15:29:59 +0000] "GET / HTTP/1.1" 300 280 10.0.0.174 - - [07/Apr/2026:15:29:59 +0000] "GET /v3/domains/atmosphere HTTP/1.1" 404 90 10.0.0.174 - - [07/Apr/2026:15:29:59 +0000] "GET /v3/domains?name=atmosphere HTTP/1.1" 200 368 10.0.0.174 - - [07/Apr/2026:15:30:00 +0000] "GET /v3/domains/1d9ff9ba180d41bea60c8895dfc331cd HTTP/1.1" 200 246 10.0.0.174 - - [07/Apr/2026:15:30:00 +0000] "GET /v3 HTTP/1.1" 200 265
[Tue Apr 07 15:30:01.108822 2026] [wsgi:error] [pid 10:tid 140049620043456] [remote 10.0.0.174:42874] 2026-04-07 15:30:01.108 10 WARNING keystone.common.password_hashing [None req-c761b1cf-1f67-44e5-97bd-8298c1e71040 - - - - - -] Truncating password to algorithm specific maximum length 72 characters.
[Tue Apr 07 15:30:01.381670 2026] [wsgi:error] [pid 10:tid 140049620043456] [remote 10.0.0.174:42874] 2026-04-07 15:30:01.381 10 WARNING keystone.common.fernet_utils [None req-c761b1cf-1f67-44e5-97bd-8298c1e71040 - - - - - -] key_repository is world readable: /etc/keystone/fernet-keys/ 10.0.0.174 - - [07/Apr/2026:15:30:00 +0000] "POST /v3/auth/tokens HTTP/1.1" 201 1359 10.0.0.174 - - [07/Apr/2026:15:30:01 +0000] "GET / HTTP/1.1" 300 280 10.0.0.174 - - [07/Apr/2026:15:30:01 +0000] "GET /v3/OS-FEDERATION/identity_providers/atmosphere HTTP/1.1" 404 101 10.0.0.174 - - [07/Apr/2026:15:30:01 +0000] "GET /v3/OS-FEDERATION/identity_providers HTTP/1.1" 200 155 10.0.0.174 - - [07/Apr/2026:15:30:01 +0000] "PUT /v3/OS-FEDERATION/identity_providers/atmosphere HTTP/1.1" 201 340 10.0.0.174 - - [07/Apr/2026:15:30:02 +0000] "GET /v3 HTTP/1.1" 200 265
[Tue Apr 07 15:30:02.180866 2026] [wsgi:error] [pid 9:tid 140049620043456] [remote 10.0.0.174:42858] 2026-04-07 15:30:02.180 9 WARNING keystone.common.password_hashing [None req-6284beef-e9a3-430d-bfe4-9bf9c8637c35 - - - - - -] Truncating password to algorithm specific maximum length 72 characters.
[Tue Apr 07 15:30:02.465867 2026] [wsgi:error] [pid 9:tid 140049620043456] [remote 10.0.0.174:42858] 2026-04-07 15:30:02.465 9 WARNING keystone.common.fernet_utils [None req-6284beef-e9a3-430d-bfe4-9bf9c8637c35 - - - - - -] key_repository is world readable: /etc/keystone/fernet-keys/ 10.0.0.174 - - [07/Apr/2026:15:30:02 +0000] "POST /v3/auth/tokens HTTP/1.1" 201 1359 10.0.0.174 - - [07/Apr/2026:15:30:02 +0000] "GET / HTTP/1.1" 300 280 10.0.0.174 - - [07/Apr/2026:15:30:02 +0000] "GET /v3/OS-FEDERATION/mappings/atmosphere-openid HTTP/1.1" 404 98 10.0.0.174 - - [07/Apr/2026:15:30:02 +0000] "GET /v3/OS-FEDERATION/mappings HTTP/1.1" 200 135 10.0.0.174 - - [07/Apr/2026:15:30:02 +0000] "PUT /v3/OS-FEDERATION/mappings/atmosphere-openid HTTP/1.1" 201 356 10.0.0.174 - - [07/Apr/2026:15:30:03 +0000] "GET /v3 HTTP/1.1" 200 265
[Tue Apr 07 15:30:03.256471 2026] [wsgi:error] [pid 10:tid 140049620043456] [remote 10.0.0.174:42858] 2026-04-07 15:30:03.256 10 WARNING keystone.common.password_hashing [None req-85254167-8181-4ef1-8934-456281a4a1bb - - - - - -] Truncating password to algorithm specific maximum length 72 characters.
[Tue Apr 07 15:30:03.525119 2026] [wsgi:error] [pid 10:tid 140049620043456] [remote 10.0.0.174:42858] 2026-04-07 15:30:03.525 10 WARNING keystone.common.fernet_utils [None req-85254167-8181-4ef1-8934-456281a4a1bb - - - - - -] key_repository is world readable: /etc/keystone/fernet-keys/ 10.0.0.174 - - [07/Apr/2026:15:30:03 +0000] "POST /v3/auth/tokens HTTP/1.1" 201 1359 10.0.0.174 - - [07/Apr/2026:15:30:03 +0000] "GET / HTTP/1.1" 300 280 10.0.0.174 - - [07/Apr/2026:15:30:03 +0000] "GET /v3/OS-FEDERATION/identity_providers/atmosphere/protocols/openid?idp_id=atmosphere HTTP/1.1" 404 131 10.0.0.174 - - [07/Apr/2026:15:30:03 +0000] "GET /v3/OS-FEDERATION/identity_providers/atmosphere/protocols HTTP/1.1" 200 167 10.0.0.174 - - [07/Apr/2026:15:30:03 +0000] "PUT /v3/OS-FEDERATION/identity_providers/atmosphere/protocols/openid HTTP/1.1" 201 222 10.0.0.174 - - [07/Apr/2026:15:30:17 +0000] "GET /v3/ HTTP/1.1" 200 249 10.0.0.174 - - [07/Apr/2026:15:30:17 +0000] "GET /v3/ HTTP/1.1" 200 249 10.0.0.174 - - [07/Apr/2026:15:31:17 +0000] "GET /v3/ HTTP/1.1" 200 249 10.0.0.174 - - [07/Apr/2026:15:31:17 +0000] "GET /v3/ HTTP/1.1" 200 249 10.0.0.249 - - [07/Apr/2026:15:31:34 +0000] "GET / HTTP/1.1" 300 295
[Tue Apr 07 15:31:34.892554 2026] [wsgi:error] [pid 9:tid 140049620043456] [remote 10.0.0.249:40214] 2026-04-07 15:31:34.892 9 WARNING keystone.common.password_hashing [None req-7469cfd5-d4ee-4f0b-97d9-e047e6d68e13 - - - - - -] Truncating password to algorithm specific maximum length 72 characters.
[Tue Apr 07 15:31:35.164994 2026] [wsgi:error] [pid 9:tid 140049620043456] [remote 10.0.0.249:40214] 2026-04-07 15:31:35.164 9 WARNING keystone.common.fernet_utils [None req-7469cfd5-d4ee-4f0b-97d9-e047e6d68e13 - - - - - -] key_repository is world readable: /etc/keystone/fernet-keys/ 10.0.0.249 - - [07/Apr/2026:15:31:34 +0000] "POST /v3/auth/tokens HTTP/1.1" 201 1359 10.0.0.249 - - [07/Apr/2026:15:31:35 +0000] "GET /v3/services HTTP/1.1" 200 355 10.0.0.249 - - [07/Apr/2026:15:31:38 +0000] "GET / HTTP/1.1" 300 295
[Tue Apr 07 15:31:38.610151 2026] [wsgi:error] [pid 12:tid 140049620043456] [remote 10.0.0.249:40226] 2026-04-07 15:31:38.609 12 WARNING keystone.common.password_hashing [None req-4f1ecc12-8b6d-4c2b-b36f-c8f5db0d2355 - - - - - -] Truncating password to algorithm specific maximum length 72 characters.
[Tue Apr 07 15:31:38.894889 2026] [wsgi:error] [pid 12:tid 140049620043456] [remote 10.0.0.249:40226] 2026-04-07 15:31:38.894 12 WARNING keystone.common.fernet_utils [None req-4f1ecc12-8b6d-4c2b-b36f-c8f5db0d2355 - - - - - -] key_repository is world readable: /etc/keystone/fernet-keys/ 10.0.0.249 - - [07/Apr/2026:15:31:38 +0000] "POST /v3/auth/tokens HTTP/1.1" 201 1359 10.0.0.249 - - [07/Apr/2026:15:31:38 +0000] "GET /v3/services HTTP/1.1" 200 355 10.0.0.249 - - [07/Apr/2026:15:31:42 +0000] "GET / HTTP/1.1" 300 295
[Tue Apr 07 15:31:42.319831 2026] [wsgi:error] [pid 10:tid 140049620043456] [remote 10.0.0.249:46116] 2026-04-07 15:31:42.319 10 WARNING keystone.common.password_hashing [None req-6b07fcb0-b673-40b5-9a9d-f560544618c8 - - - - - -] Truncating password to algorithm specific maximum length 72 characters.
[Tue Apr 07 15:31:42.603428 2026] [wsgi:error] [pid 10:tid 140049620043456] [remote 10.0.0.249:46116] 2026-04-07 15:31:42.603 10 WARNING keystone.common.fernet_utils [None req-6b07fcb0-b673-40b5-9a9d-f560544618c8 - - - - - -] key_repository is world readable: /etc/keystone/fernet-keys/ 10.0.0.249 - - [07/Apr/2026:15:31:42 +0000] "POST /v3/auth/tokens HTTP/1.1" 201 1359 10.0.0.249 - - [07/Apr/2026:15:31:42 +0000] "GET /v3/services HTTP/1.1" 200 355 10.0.0.249 - - [07/Apr/2026:15:31:45 +0000] "GET / HTTP/1.1" 300 295
[Tue Apr 07 15:31:45.996553 2026] [wsgi:error] [pid 11:tid 140049620043456] [remote 10.0.0.249:46130] 2026-04-07 15:31:45.996 11 WARNING keystone.common.password_hashing [None req-6be6274f-cc75-4dfe-b4b3-eda67580038e - - - - - -] Truncating password to algorithm specific maximum length 72 characters.
[Tue Apr 07 15:31:46.298277 2026] [wsgi:error] [pid 11:tid 140049620043456] [remote 10.0.0.249:46130] 2026-04-07 15:31:46.298 11 WARNING keystone.common.fernet_utils [None req-6be6274f-cc75-4dfe-b4b3-eda67580038e - - - - - -] key_repository is world readable: /etc/keystone/fernet-keys/ 10.0.0.249 - - [07/Apr/2026:15:31:45 +0000] "POST /v3/auth/tokens HTTP/1.1" 201 1359 10.0.0.249 - - [07/Apr/2026:15:31:46 +0000] "POST /v3/services HTTP/1.1" 201 296 10.0.0.42 - - [07/Apr/2026:15:31:57 +0000] "GET / HTTP/1.1" 300 295
[Tue Apr 07 15:31:57.078735 2026] [wsgi:error] [pid 9:tid 140049620043456] [remote 10.0.0.42:44814] 2026-04-07 15:31:57.078 9 WARNING keystone.common.password_hashing [None req-17e2a93e-df0a-4cbc-8519-66547ab12c30 - - - - - -] Truncating password to algorithm specific maximum length 72 characters. 10.0.0.42 - - [07/Apr/2026:15:31:57 +0000] "GET / HTTP/1.1" 300 295 10.0.0.42 - - [07/Apr/2026:15:31:57 +0000] "GET / HTTP/1.1" 300 295
[Tue Apr 07 15:31:57.143381 2026] [wsgi:error] [pid 10:tid 140049620043456] [remote 10.0.0.42:44820] 2026-04-07 15:31:57.143 10 WARNING keystone.common.password_hashing [None req-2cbfb73e-09ff-4e84-8d76-57d2e3494b06 - - - - - -] Truncating password to algorithm specific maximum length 72 characters.
[Tue Apr 07 15:31:57.155593 2026] [wsgi:error] [pid 11:tid 140049620043456] [remote 10.0.0.42:44824] 2026-04-07 15:31:57.155 11 WARNING keystone.common.password_hashing [None req-fd38ab29-aeaa-4bdb-b0ea-27c12f135d0d - - - - - -] Truncating password to algorithm specific maximum length 72 characters.
[Tue Apr 07 15:31:57.363852 2026] [wsgi:error] [pid 9:tid 140049620043456] [remote 10.0.0.42:44814] 2026-04-07 15:31:57.363 9 WARNING keystone.common.fernet_utils [None req-17e2a93e-df0a-4cbc-8519-66547ab12c30 - - - - - -] key_repository is world readable: /etc/keystone/fernet-keys/ 10.0.0.42 - - [07/Apr/2026:15:31:57 +0000] "POST /v3/auth/tokens HTTP/1.1" 201 1463
[Tue Apr 07 15:31:57.421437 2026] [wsgi:error] [pid 10:tid 140049620043456] [remote 10.0.0.42:44820] 2026-04-07 15:31:57.421 10 WARNING keystone.common.fernet_utils [None req-2cbfb73e-09ff-4e84-8d76-57d2e3494b06 - - - - - -] key_repository is world readable: /etc/keystone/fernet-keys/ 10.0.0.42 - - [07/Apr/2026:15:31:57 +0000] "POST /v3/auth/tokens HTTP/1.1" 201 1463
[Tue Apr 07 15:31:57.433610 2026] [wsgi:error] [pid 11:tid 140049620043456] [remote 10.0.0.42:44824] 2026-04-07 15:31:57.433 11 WARNING keystone.common.fernet_utils [None req-fd38ab29-aeaa-4bdb-b0ea-27c12f135d0d - - - - - -] key_repository is world readable: /etc/keystone/fernet-keys/ 10.0.0.42 - - [07/Apr/2026:15:31:57 +0000] "POST /v3/auth/tokens HTTP/1.1" 201 1463 10.0.0.42 - - [07/Apr/2026:15:31:57 +0000] "GET /v3/services HTTP/1.1" 200 639 10.0.0.42 - - [07/Apr/2026:15:31:57 +0000] "GET /v3/services HTTP/1.1" 200 639 10.0.0.42 - - [07/Apr/2026:15:31:57 +0000] "GET /v3/services HTTP/1.1" 200 639 10.0.0.42 - - [07/Apr/2026:15:31:58 +0000] "GET / HTTP/1.1" 300 295
[Tue Apr 07 15:31:58.895336 2026] [wsgi:error] [pid 12:tid 140049620043456] [remote 10.0.0.42:44836] 2026-04-07 15:31:58.895 12 WARNING keystone.common.password_hashing [None req-262d8fe0-fa96-4e9a-b835-94ff63d37bca - - - - - -] Truncating password to algorithm specific maximum length 72 characters. 10.0.0.42 - - [07/Apr/2026:15:31:58 +0000] "GET / HTTP/1.1" 300 295
[Tue Apr 07 15:31:58.915779 2026] [wsgi:error] [pid 10:tid 140049620043456] [remote 10.0.0.42:44838] 2026-04-07 15:31:58.915 10 WARNING keystone.common.password_hashing [None req-3af85391-f658-4094-902b-a1cb868277fa - - - - - -] Truncating password to algorithm specific maximum length 72 characters. 10.0.0.42 - - [07/Apr/2026:15:31:58 +0000] "GET / HTTP/1.1" 300 295
[Tue Apr 07 15:31:58.937179 2026] [wsgi:error] [pid 9:tid 140049620043456] [remote 10.0.0.42:44854] 2026-04-07 15:31:58.937 9 WARNING keystone.common.password_hashing [None req-1cb026f7-f1a9-4642-9d4c-eef3d92d59b3 - - - - - -] Truncating password to algorithm specific maximum length 72 characters.
[Tue Apr 07 15:31:59.174881 2026] [wsgi:error] [pid 12:tid 140049620043456] [remote 10.0.0.42:44836] 2026-04-07 15:31:59.174 12 WARNING keystone.common.fernet_utils [None req-262d8fe0-fa96-4e9a-b835-94ff63d37bca - - - - - -] key_repository is world readable: /etc/keystone/fernet-keys/ 10.0.0.42 - - [07/Apr/2026:15:31:58 +0000] "POST /v3/auth/tokens HTTP/1.1" 201 1463
[Tue Apr 07 15:31:59.194787 2026] [wsgi:error] [pid 10:tid 140049620043456] [remote 10.0.0.42:44838] 2026-04-07 15:31:59.194 10 WARNING keystone.common.fernet_utils [None req-3af85391-f658-4094-902b-a1cb868277fa - - - - - -] key_repository is world readable: /etc/keystone/fernet-keys/ 10.0.0.42 - - [07/Apr/2026:15:31:58 +0000] "POST /v3/auth/tokens HTTP/1.1" 201 1463
[Tue Apr 07 15:31:59.213336 2026] [wsgi:error] [pid 9:tid 140049620043456] [remote 10.0.0.42:44854] 2026-04-07 15:31:59.213 9 WARNING keystone.common.fernet_utils [None req-1cb026f7-f1a9-4642-9d4c-eef3d92d59b3 - - - - - -] key_repository is world readable: /etc/keystone/fernet-keys/ 10.0.0.42 - - [07/Apr/2026:15:31:58 +0000] "POST /v3/auth/tokens HTTP/1.1" 201 1463 10.0.0.42 - - [07/Apr/2026:15:31:59 +0000] "GET /v3/endpoints HTTP/1.1" 200 1226 10.0.0.42 - - [07/Apr/2026:15:31:59 +0000] "GET /v3/endpoints HTTP/1.1" 200 1226 10.0.0.42 - - [07/Apr/2026:15:31:59 +0000] "GET /v3/services/dd2daa939d20493590ba4e2c79805d07 HTTP/1.1" 200 233 10.0.0.42 - - [07/Apr/2026:15:31:59 +0000] "GET /v3/services/dd2daa939d20493590ba4e2c79805d07 HTTP/1.1" 200 233 10.0.0.42 - - [07/Apr/2026:15:31:59 +0000] "GET /v3/services/dd2daa939d20493590ba4e2c79805d07 HTTP/1.1" 200 233 10.0.0.42 - - [07/Apr/2026:15:31:59 +0000] "GET /v3/endpoints HTTP/1.1" 200 1226 10.0.0.42 - - [07/Apr/2026:15:31:59 +0000] "GET /v3/services/dd2daa939d20493590ba4e2c79805d07 HTTP/1.1" 200 233 10.0.0.42 - - [07/Apr/2026:15:31:59 +0000] "GET /v3/services/dd2daa939d20493590ba4e2c79805d07 HTTP/1.1" 200 233 10.0.0.42 - - [07/Apr/2026:15:31:59 +0000] "GET /v3/services/dd2daa939d20493590ba4e2c79805d07 HTTP/1.1" 200 233 10.0.0.42 - - [07/Apr/2026:15:31:59 +0000] "GET /v3/services/dd2daa939d20493590ba4e2c79805d07 HTTP/1.1" 200 233 10.0.0.42 - - [07/Apr/2026:15:31:59 +0000] "GET /v3/services/dd2daa939d20493590ba4e2c79805d07 HTTP/1.1" 200 233 10.0.0.42 - - [07/Apr/2026:15:31:59 +0000] "GET /v3/services/dd2daa939d20493590ba4e2c79805d07 HTTP/1.1" 200 233 10.0.0.42 - - [07/Apr/2026:15:32:00 +0000] "GET / HTTP/1.1" 300 295
[Tue Apr 07 15:32:00.582445 2026] [wsgi:error] [pid 9:tid 140049620043456] [remote 10.0.0.42:44856] 2026-04-07 15:32:00.582 9 WARNING keystone.common.password_hashing [None req-46d81eed-8a45-4fea-bd36-ca22fcf7add8 - - - - - -] Truncating password to algorithm specific maximum length 72 characters. 10.0.0.42 - - [07/Apr/2026:15:32:00 +0000] "GET / HTTP/1.1" 300 295
[Tue Apr 07 15:32:00.649763 2026] [wsgi:error] [pid 11:tid 140049620043456] [remote 10.0.0.42:44860] 2026-04-07 15:32:00.649 11 WARNING keystone.common.password_hashing [None req-236e3e2b-f964-446d-b7c3-e3ade9add3da - - - - - -] Truncating password to algorithm specific maximum length 72 characters. 10.0.0.42 - - [07/Apr/2026:15:32:00 +0000] "GET / HTTP/1.1" 300 295
[Tue Apr 07 15:32:00.712755 2026] [wsgi:error] [pid 10:tid 140049620043456] [remote 10.0.0.42:44874] 2026-04-07 15:32:00.712 10 WARNING keystone.common.password_hashing [None req-039e64b6-adf6-4776-9ba8-27b5900f5663 - - - - - -] Truncating password to algorithm specific maximum length 72 characters.
[Tue Apr 07 15:32:00.882794 2026] [wsgi:error] [pid 9:tid 140049620043456] [remote 10.0.0.42:44856] 2026-04-07 15:32:00.882 9 WARNING keystone.common.fernet_utils [None req-46d81eed-8a45-4fea-bd36-ca22fcf7add8 - - - - - -] key_repository is world readable: /etc/keystone/fernet-keys/ 10.0.0.42 - - [07/Apr/2026:15:32:00 +0000] "POST /v3/auth/tokens HTTP/1.1" 201 1463
[Tue Apr 07 15:32:00.929028 2026] [wsgi:error] [pid 11:tid 140049620043456] [remote 10.0.0.42:44860] 2026-04-07 15:32:00.928 11 WARNING keystone.common.fernet_utils [None req-236e3e2b-f964-446d-b7c3-e3ade9add3da - - - - - -] key_repository is world readable: /etc/keystone/fernet-keys/ 10.0.0.42 - - [07/Apr/2026:15:32:00 +0000] "POST /v3/auth/tokens HTTP/1.1" 201 1463
[Tue Apr 07 15:32:00.995213 2026] [wsgi:error] [pid 10:tid 140049620043456] [remote 10.0.0.42:44874] 2026-04-07 15:32:00.995 10 WARNING keystone.common.fernet_utils [None req-039e64b6-adf6-4776-9ba8-27b5900f5663 - - - - - -] key_repository is world readable: /etc/keystone/fernet-keys/ 10.0.0.42 - - [07/Apr/2026:15:32:00 +0000] "POST /v3/auth/tokens HTTP/1.1" 201 1463 10.0.0.42 - - [07/Apr/2026:15:32:00 +0000] "GET /v3/services/96c05255a0f64eaca05d7286dbde283c HTTP/1.1" 200 296 10.0.0.42 - - [07/Apr/2026:15:32:01 +0000] "GET /v3/regions/RegionOne HTTP/1.1" 200 173 10.0.0.42 - - [07/Apr/2026:15:32:01 +0000] "GET /v3/services/96c05255a0f64eaca05d7286dbde283c HTTP/1.1" 200 296 10.0.0.42 - - [07/Apr/2026:15:32:01 +0000] "POST /v3/endpoints HTTP/1.1" 201 383 10.0.0.42 - - [07/Apr/2026:15:32:01 +0000] "GET /v3/regions/RegionOne HTTP/1.1" 200 173 10.0.0.42 - - [07/Apr/2026:15:32:01 +0000] "GET /v3/services/96c05255a0f64eaca05d7286dbde283c HTTP/1.1" 200 296 10.0.0.42 - - [07/Apr/2026:15:32:01 +0000] "GET /v3/regions/RegionOne HTTP/1.1" 200 173 10.0.0.42 - - [07/Apr/2026:15:32:01 +0000] "POST /v3/endpoints HTTP/1.1" 201 369 10.0.0.42 - - [07/Apr/2026:15:32:01 +0000] "POST /v3/endpoints HTTP/1.1" 201 380 10.0.0.42 - - [07/Apr/2026:15:32:02 +0000] "GET / HTTP/1.1" 300 295
[Tue Apr 07 15:32:02.318392 2026] [wsgi:error] [pid 11:tid 140049620043456] [remote 10.0.0.42:41570] 2026-04-07 15:32:02.318 11 WARNING keystone.common.password_hashing [None req-8a973525-2943-474d-9dd7-c7b336718e59 - - - - - -] Truncating password to algorithm specific maximum length 72 characters. 10.0.0.42 - - [07/Apr/2026:15:32:02 +0000] "GET / HTTP/1.1" 300 295
[Tue Apr 07 15:32:02.482073 2026] [wsgi:error] [pid 12:tid 140049620043456] [remote 10.0.0.42:41580] 2026-04-07 15:32:02.481 12 WARNING keystone.common.password_hashing [None req-0b38a899-4a23-4f03-95fe-f2d770e6e404 - - - - - -] Truncating password to algorithm specific maximum length 72 characters. 10.0.0.42 - - [07/Apr/2026:15:32:02 +0000] "GET / HTTP/1.1" 300 295
[Tue Apr 07 15:32:02.545595 2026] [wsgi:error] [pid 9:tid 140049620043456] [remote 10.0.0.42:41596] 2026-04-07 15:32:02.545 9 WARNING keystone.common.password_hashing [None req-17daa2c3-538e-48db-9766-5b052df3b463 - - - - - -] Truncating password to algorithm specific maximum length 72 characters.
[Tue Apr 07 15:32:02.594674 2026] [wsgi:error] [pid 11:tid 140049620043456] [remote 10.0.0.42:41570] 2026-04-07 15:32:02.594 11 WARNING keystone.common.fernet_utils [None req-8a973525-2943-474d-9dd7-c7b336718e59 - - - - - -] key_repository is world readable: /etc/keystone/fernet-keys/ 10.0.0.42 - - [07/Apr/2026:15:32:02 +0000] "POST /v3/auth/tokens HTTP/1.1" 201 1990 10.0.0.42 - - [07/Apr/2026:15:32:02 +0000] "GET /v3/endpoints/3a9b59d77c76425697afc85452c30a90 HTTP/1.1" 200 383 10.0.0.42 - - [07/Apr/2026:15:32:02 +0000] "GET /v3/services/96c05255a0f64eaca05d7286dbde283c HTTP/1.1" 200 296
[Tue Apr 07 15:32:02.754613 2026] [wsgi:error] [pid 12:tid 140049620043456] [remote 10.0.0.42:41580] 2026-04-07 15:32:02.754 12 WARNING keystone.common.fernet_utils [None req-0b38a899-4a23-4f03-95fe-f2d770e6e404 - - - - - -] key_repository is world readable: /etc/keystone/fernet-keys/ 10.0.0.42 - - [07/Apr/2026:15:32:02 +0000] "POST /v3/auth/tokens HTTP/1.1" 201 1990
[Tue Apr 07 15:32:02.816030 2026] [wsgi:error] [pid 9:tid 140049620043456] [remote 10.0.0.42:41596] 2026-04-07 15:32:02.815 9 WARNING keystone.common.fernet_utils [None req-17daa2c3-538e-48db-9766-5b052df3b463 - - - - - -] key_repository is world readable: /etc/keystone/fernet-keys/ 10.0.0.42 - - [07/Apr/2026:15:32:02 +0000] "POST /v3/auth/tokens HTTP/1.1" 201 1990 10.0.0.42 - - [07/Apr/2026:15:32:02 +0000] "GET /v3/endpoints/9b9c559e5c8a4be498eee6b8ad378b1e HTTP/1.1" 200 369 10.0.0.42 - - [07/Apr/2026:15:32:02 +0000] "GET /v3/services/96c05255a0f64eaca05d7286dbde283c HTTP/1.1" 200 296 10.0.0.42 - - [07/Apr/2026:15:32:02 +0000] "GET /v3/endpoints/dd01a2f7d8844252bd4d4404f2c85034 HTTP/1.1" 200 380 10.0.0.42 - - [07/Apr/2026:15:32:02 +0000] "GET /v3/services/96c05255a0f64eaca05d7286dbde283c HTTP/1.1" 200 296 10.0.0.22 - - [07/Apr/2026:15:32:13 +0000] "GET / HTTP/1.1" 300 295
[Tue Apr 07 15:32:13.204443 2026] [wsgi:error] [pid 11:tid 140049620043456] [remote 10.0.0.22:49644] 2026-04-07 15:32:13.204 11 WARNING keystone.common.password_hashing [None req-080dda80-dab5-4b4d-882f-befa63f86283 - - - - - -] Truncating password to algorithm specific maximum length 72 characters.
[Tue Apr 07 15:32:13.472226 2026] [wsgi:error] [pid 11:tid 140049620043456] [remote 10.0.0.22:49644] 2026-04-07 15:32:13.472 11 WARNING keystone.common.fernet_utils [None req-080dda80-dab5-4b4d-882f-befa63f86283 - - - - - -] key_repository is world readable: /etc/keystone/fernet-keys/ 10.0.0.22 - - [07/Apr/2026:15:32:13 +0000] "POST /v3/auth/tokens HTTP/1.1" 201 1990 10.0.0.22 - - [07/Apr/2026:15:32:13 +0000] "POST /v3/domains HTTP/1.1" 201 284 10.0.0.22 - - [07/Apr/2026:15:32:14 +0000] "GET / HTTP/1.1" 300 295
[Tue Apr 07 15:32:14.923043 2026] [wsgi:error] [pid 10:tid 140049620043456] [remote 10.0.0.22:49652] 2026-04-07 15:32:14.922 10 WARNING keystone.common.password_hashing [None req-a00bda8d-e82e-42b1-b1ec-c13eee1f1b50 - - - - - -] Truncating password to algorithm specific maximum length 72 characters.
[Tue Apr 07 15:32:15.202544 2026] [wsgi:error] [pid 10:tid 140049620043456] [remote 10.0.0.22:49652] 2026-04-07 15:32:15.202 10 WARNING keystone.common.fernet_utils [None req-a00bda8d-e82e-42b1-b1ec-c13eee1f1b50 - - - - - -] key_repository is world readable: /etc/keystone/fernet-keys/ 10.0.0.22 - - [07/Apr/2026:15:32:14 +0000] "POST /v3/auth/tokens HTTP/1.1" 201 1990
[Tue Apr 07 15:32:15.398223 2026] [wsgi:error] [pid 11:tid 140049620043456] [remote 10.0.0.22:49652] 2026-04-07 15:32:15.383 11 ERROR keystone.server.flask.application [None req-bd2c88ad-9bc6-4d30-b62c-5e5c426ba204 a365c563af4543d1ae91161b925f2621 41b91bd4511e420aa53bc966561d5f09 - - default default] Conflict occurred attempting to store project - it is not permitted to have two projects acting as domains with the same name: service.: keystone.exception.Conflict: Conflict occurred attempting to store project - it is not permitted to have two projects acting as domains with the same name: service.
[Tue Apr 07 15:32:15.398258 2026] [wsgi:error] [pid 11:tid 140049620043456] [remote 10.0.0.22:49652] 2026-04-07 15:32:15.383 11 ERROR keystone.server.flask.application
Traceback (most recent call last):
[Tue Apr 07 15:32:15.398260 2026] [wsgi:error] [pid 11:tid 140049620043456] [remote 10.0.0.22:49652] 2026-04-07 15:32:15.383 11 ERROR keystone.server.flask.application
File "/var/lib/openstack/lib/python3.12/site-packages/sqlalchemy/engine/base.py", line 1967, in _exec_single_context
[Tue Apr 07 15:32:15.398262 2026] [wsgi:error] [pid 11:tid 140049620043456] [remote 10.0.0.22:49652] 2026-04-07 15:32:15.383 11 ERROR keystone.server.flask.application self.dialect.do_execute(
[Tue Apr 07 15:32:15.398264 2026] [wsgi:error] [pid 11:tid 140049620043456] [remote 10.0.0.22:49652] 2026-04-07 15:32:15.383 11 ERROR keystone.server.flask.application
File "/var/lib/openstack/lib/python3.12/site-packages/sqlalchemy/engine/default.py", line 952, in do_execute
[Tue Apr 07 15:32:15.398266 2026] [wsgi:error] [pid 11:tid 140049620043456] [remote 10.0.0.22:49652] 2026-04-07 15:32:15.383 11 ERROR keystone.server.flask.application cursor.execute(statement, parameters)
[Tue Apr 07 15:32:15.398268 2026] [wsgi:error] [pid 11:tid 140049620043456] [remote 10.0.0.22:49652] 2026-04-07 15:32:15.383 11 ERROR keystone.server.flask.application
File "/var/lib/openstack/lib/python3.12/site-packages/pymysql/cursors.py", line 153, in execute
[Tue Apr 07 15:32:15.398269 2026] [wsgi:error] [pid 11:tid 140049620043456] [remote 10.0.0.22:49652] 2026-04-07 15:32:15.383 11 ERROR keystone.server.flask.application result = self._query(query)
[Tue Apr 07 15:32:15.398271 2026] [wsgi:error] [pid 11:tid 140049620043456] [remote 10.0.0.22:49652] 2026-04-07 15:32:15.383 11 ERROR keystone.server.flask.application ^^^^^^^^^^^^^^^^^^
[Tue Apr 07 15:32:15.398272 2026] [wsgi:error] [pid 11:tid 140049620043456] [remote 10.0.0.22:49652] 2026-04-07 15:32:15.383 11 ERROR keystone.server.flask.application
File "/var/lib/openstack/lib/python3.12/site-packages/pymysql/cursors.py", line 322, in _query
[Tue Apr 07 15:32:15.398274 2026] [wsgi:error] [pid 11:tid 140049620043456] [remote 10.0.0.22:49652] 2026-04-07 15:32:15.383 11 ERROR keystone.server.flask.application conn.query(q)
[Tue Apr 07 15:32:15.398275 2026] [wsgi:error] [pid 11:tid 140049620043456] [remote 10.0.0.22:49652] 2026-04-07 15:32:15.383 11 ERROR keystone.server.flask.application
File "/var/lib/openstack/lib/python3.12/site-packages/pymysql/connections.py", line 575, in query
[Tue Apr 07 15:32:15.398278 2026] [wsgi:error] [pid 11:tid 140049620043456] [remote 10.0.0.22:49652] 2026-04-07 15:32:15.383 11 ERROR keystone.server.flask.application self._affected_rows = self._read_query_result(unbuffered=unbuffered)
[Tue Apr 07 15:32:15.398280 2026] [wsgi:error] [pid 11:tid 140049620043456] [remote 10.0.0.22:49652] 2026-04-07 15:32:15.383 11 ERROR keystone.server.flask.application ^^^^^^^^^^^^^^^^^^^^^^^^^^^^^^^^^^^^^^^^^^^^^^
[Tue Apr 07 15:32:15.398281 2026] [wsgi:error] [pid 11:tid 140049620043456] [remote 10.0.0.22:49652] 2026-04-07 15:32:15.383 11 ERROR keystone.server.flask.application
File "/var/lib/openstack/lib/python3.12/site-packages/pymysql/connections.py", line 826, in _read_query_result
[Tue Apr 07 15:32:15.398282 2026] [wsgi:error] [pid 11:tid 140049620043456] [remote 10.0.0.22:49652] 2026-04-07 15:32:15.383 11 ERROR keystone.server.flask.application result.read()
[Tue Apr 07 15:32:15.398286 2026] [wsgi:error] [pid 11:tid 140049620043456] [remote 10.0.0.22:49652] 2026-04-07 15:32:15.383 11 ERROR keystone.server.flask.application
File "/var/lib/openstack/lib/python3.12/site-packages/pymysql/connections.py", line 1203, in read
[Tue Apr 07 15:32:15.398287 2026] [wsgi:error] [pid 11:tid 140049620043456] [remote 10.0.0.22:49652] 2026-04-07 15:32:15.383 11 ERROR keystone.server.flask.application first_packet = self.connection._read_packet()
[Tue Apr 07 15:32:15.398289 2026] [wsgi:error] [pid 11:tid 140049620043456] [remote 10.0.0.22:49652] 2026-04-07 15:32:15.383 11 ERROR keystone.server.flask.application ^^^^^^^^^^^^^^^^^^^^^^^^^^^^^^
[Tue Apr 07 15:32:15.398290 2026] [wsgi:error] [pid 11:tid 140049620043456] [remote 10.0.0.22:49652] 2026-04-07 15:32:15.383 11 ERROR keystone.server.flask.application
File "/var/lib/openstack/lib/python3.12/site-packages/pymysql/connections.py", line 782, in _read_packet
[Tue Apr 07 15:32:15.398292 2026] [wsgi:error] [pid 11:tid 140049620043456] [remote 10.0.0.22:49652] 2026-04-07 15:32:15.383 11 ERROR keystone.server.flask.application packet.raise_for_error()
[Tue Apr 07 15:32:15.398293 2026] [wsgi:error] [pid 11:tid 140049620043456] [remote 10.0.0.22:49652] 2026-04-07 15:32:15.383 11 ERROR keystone.server.flask.application
File "/var/lib/openstack/lib/python3.12/site-packages/pymysql/protocol.py", line 219, in raise_for_error
[Tue Apr 07 15:32:15.398294 2026] [wsgi:error] [pid 11:tid 140049620043456] [remote 10.0.0.22:49652] 2026-04-07 15:32:15.383 11 ERROR keystone.server.flask.application err.raise_mysql_exception(self._data)
[Tue Apr 07 15:32:15.398296 2026] [wsgi:error] [pid 11:tid 140049620043456] [remote 10.0.0.22:49652] 2026-04-07 15:32:15.383 11 ERROR keystone.server.flask.application
File "/var/lib/openstack/lib/python3.12/site-packages/pymysql/err.py", line 150, in raise_mysql_exception
[Tue Apr 07 15:32:15.398297 2026] [wsgi:error] [pid 11:tid 140049620043456] [remote 10.0.0.22:49652] 2026-04-07 15:32:15.383 11 ERROR keystone.server.flask.application raise errorclass(errno, errval)
[Tue Apr 07 15:32:15.398321 2026] [wsgi:error] [pid 11:tid 140049620043456] [remote 10.0.0.22:49652] 2026-04-07 15:32:15.383 11 ERROR keystone.server.flask.application pymysql.err.IntegrityError: (1062, "Duplicate entry '<>-service' for key 'project.ixu_project_name_domain_id'")
[Tue Apr 07 15:32:15.398323 2026] [wsgi:error] [pid 11:tid 140049620043456] [remote 10.0.0.22:49652] 2026-04-07 15:32:15.383 11 ERROR keystone.server.flask.application
[Tue Apr 07 15:32:15.398325 2026] [wsgi:error] [pid 11:tid 140049620043456] [remote 10.0.0.22:49652] 2026-04-07 15:32:15.383 11 ERROR keystone.server.flask.application The above exception was the direct cause of the following exception:
[Tue Apr 07 15:32:15.398327 2026] [wsgi:error] [pid 11:tid 140049620043456] [remote 10.0.0.22:49652] 2026-04-07 15:32:15.383 11 ERROR keystone.server.flask.application
[Tue Apr 07 15:32:15.398329 2026] [wsgi:error] [pid 11:tid 140049620043456] [remote 10.0.0.22:49652] 2026-04-07 15:32:15.383 11 ERROR keystone.server.flask.application
Traceback (most recent call last):
[Tue Apr 07 15:32:15.398330 2026] [wsgi:error] [pid 11:tid 140049620043456] [remote 10.0.0.22:49652] 2026-04-07 15:32:15.383 11 ERROR keystone.server.flask.application
File "/var/lib/openstack/lib/python3.12/site-packages/keystone/common/sql/core.py", line 575, in wrapper
[Tue Apr 07 15:32:15.398332 2026] [wsgi:error] [pid 11:tid 140049620043456] [remote 10.0.0.22:49652] 2026-04-07 15:32:15.383 11 ERROR keystone.server.flask.application return method(*args, **kwargs)
[Tue Apr 07 15:32:15.398333 2026] [wsgi:error] [pid 11:tid 140049620043456] [remote 10.0.0.22:49652] 2026-04-07 15:32:15.383 11 ERROR keystone.server.flask.application ^^^^^^^^^^^^^^^^^^^^^^^
[Tue Apr 07 15:32:15.398335 2026] [wsgi:error] [pid 11:tid 140049620043456] [remote 10.0.0.22:49652] 2026-04-07 15:32:15.383 11 ERROR keystone.server.flask.application
File "/var/lib/openstack/lib/python3.12/site-packages/keystone/resource/backends/sql.py", line 278, in create_project
[Tue Apr 07 15:32:15.398336 2026] [wsgi:error] [pid 11:tid 140049620043456] [remote 10.0.0.22:49652] 2026-04-07 15:32:15.383 11 ERROR keystone.server.flask.application with sql.session_for_write() as session:
[Tue Apr 07 15:32:15.398338 2026] [wsgi:error] [pid 11:tid 140049620043456] [remote 10.0.0.22:49652] 2026-04-07 15:32:15.383 11 ERROR keystone.server.flask.application
File "/usr/lib/python3.12/contextlib.py", line 144, in __exit__
[Tue Apr 07 15:32:15.398340 2026] [wsgi:error] [pid 11:tid 140049620043456] [remote 10.0.0.22:49652] 2026-04-07 15:32:15.383 11 ERROR keystone.server.flask.application next(self.gen)
[Tue Apr 07 15:32:15.398342 2026] [wsgi:error] [pid 11:tid 140049620043456] [remote 10.0.0.22:49652] 2026-04-07 15:32:15.383 11 ERROR keystone.server.flask.application
File "/var/lib/openstack/lib/python3.12/site-packages/oslo_db/sqlalchemy/enginefacade.py", line 1175, in _transaction_scope
[Tue Apr 07 15:32:15.398343 2026] [wsgi:error] [pid 11:tid 140049620043456] [remote 10.0.0.22:49652] 2026-04-07 15:32:15.383 11 ERROR keystone.server.flask.application with current._produce_block(
[Tue Apr 07 15:32:15.398347 2026] [wsgi:error] [pid 11:tid 140049620043456] [remote 10.0.0.22:49652] 2026-04-07 15:32:15.383 11 ERROR keystone.server.flask.application
File "/usr/lib/python3.12/contextlib.py", line 144, in __exit__
[Tue Apr 07 15:32:15.398348 2026] [wsgi:error] [pid 11:tid 140049620043456] [remote 10.0.0.22:49652] 2026-04-07 15:32:15.383 11 ERROR keystone.server.flask.application next(self.gen)
[Tue Apr 07 15:32:15.398350 2026] [wsgi:error] [pid 11:tid 140049620043456] [remote 10.0.0.22:49652] 2026-04-07 15:32:15.383 11 ERROR keystone.server.flask.application
File "/var/lib/openstack/lib/python3.12/site-packages/oslo_db/sqlalchemy/enginefacade.py", line 837, in _session
[Tue Apr 07 15:32:15.398353 2026] [wsgi:error] [pid 11:tid 140049620043456] [remote 10.0.0.22:49652] 2026-04-07 15:32:15.383 11 ERROR keystone.server.flask.application with excutils.save_and_reraise_exception():
[Tue Apr 07 15:32:15.398355 2026] [wsgi:error] [pid 11:tid 140049620043456] [remote 10.0.0.22:49652] 2026-04-07 15:32:15.383 11 ERROR keystone.server.flask.application
File "/var/lib/openstack/lib/python3.12/site-packages/oslo_utils/excutils.py", line 267, in __exit__
[Tue Apr 07 15:32:15.398357 2026] [wsgi:error] [pid 11:tid 140049620043456] [remote 10.0.0.22:49652] 2026-04-07 15:32:15.383 11 ERROR keystone.server.flask.application self.force_reraise()
[Tue Apr 07 15:32:15.398359 2026] [wsgi:error] [pid 11:tid 140049620043456] [remote 10.0.0.22:49652] 2026-04-07 15:32:15.383 11 ERROR keystone.server.flask.application
File "/var/lib/openstack/lib/python3.12/site-packages/oslo_utils/excutils.py", line 233, in force_reraise
[Tue Apr 07 15:32:15.398361 2026] [wsgi:error] [pid 11:tid 140049620043456] [remote 10.0.0.22:49652] 2026-04-07 15:32:15.383 11 ERROR keystone.server.flask.application raise self.value
[Tue Apr 07 15:32:15.398364 2026] [wsgi:error] [pid 11:tid 140049620043456] [remote 10.0.0.22:49652] 2026-04-07 15:32:15.383 11 ERROR keystone.server.flask.application
File "/var/lib/openstack/lib/python3.12/site-packages/oslo_db/sqlalchemy/enginefacade.py", line 835, in _session
[Tue Apr 07 15:32:15.398367 2026] [wsgi:error] [pid 11:tid 140049620043456] [remote 10.0.0.22:49652] 2026-04-07 15:32:15.383 11 ERROR keystone.server.flask.application self._end_session_transaction(self.session)
[Tue Apr 07 15:32:15.398370 2026] [wsgi:error] [pid 11:tid 140049620043456] [remote 10.0.0.22:49652] 2026-04-07 15:32:15.383 11 ERROR keystone.server.flask.application
File "/var/lib/openstack/lib/python3.12/site-packages/oslo_db/sqlalchemy/enginefacade.py", line 748, in _end_session_transaction
[Tue Apr 07 15:32:15.398373 2026] [wsgi:error] [pid 11:tid 140049620043456] [remote 10.0.0.22:49652] 2026-04-07 15:32:15.383 11 ERROR keystone.server.flask.application session.commit()
[Tue Apr 07 15:32:15.398375 2026] [wsgi:error] [pid 11:tid 140049620043456] [remote 10.0.0.22:49652] 2026-04-07 15:32:15.383 11 ERROR keystone.server.flask.application
File "/var/lib/openstack/lib/python3.12/site-packages/sqlalchemy/orm/session.py", line 2030, in commit
[Tue Apr 07 15:32:15.398378 2026] [wsgi:error] [pid 11:tid 140049620043456] [remote 10.0.0.22:49652] 2026-04-07 15:32:15.383 11 ERROR keystone.server.flask.application trans.commit(_to_root=True)
[Tue Apr 07 15:32:15.398381 2026] [wsgi:error] [pid 11:tid 140049620043456] [remote 10.0.0.22:49652] 2026-04-07 15:32:15.383 11 ERROR keystone.server.flask.application File "", line 2, in commit
[Tue Apr 07 15:32:15.398383 2026] [wsgi:error] [pid 11:tid 140049620043456] [remote 10.0.0.22:49652] 2026-04-07 15:32:15.383 11 ERROR keystone.server.flask.application
File "/var/lib/openstack/lib/python3.12/site-packages/sqlalchemy/orm/state_changes.py", line 137, in _go
[Tue Apr 07 15:32:15.398386 2026] [wsgi:error] [pid 11:tid 140049620043456] [remote 10.0.0.22:49652] 2026-04-07 15:32:15.383 11 ERROR keystone.server.flask.application ret_value = fn(self, *arg, **kw)
[Tue Apr 07 15:32:15.398388 2026] [wsgi:error] [pid 11:tid 140049620043456] [remote 10.0.0.22:49652] 2026-04-07 15:32:15.383 11 ERROR keystone.server.flask.application ^^^^^^^^^^^^^^^^^^^^
[Tue Apr 07 15:32:15.398391 2026] [wsgi:error] [pid 11:tid 140049620043456] [remote 10.0.0.22:49652] 2026-04-07 15:32:15.383 11 ERROR keystone.server.flask.application
File "/var/lib/openstack/lib/python3.12/site-packages/sqlalchemy/orm/session.py", line 1311, in commit
[Tue Apr 07 15:32:15.398395 2026] [wsgi:error] [pid 11:tid 140049620043456] [remote 10.0.0.22:49652] 2026-04-07 15:32:15.383 11 ERROR keystone.server.flask.application self._prepare_impl()
[Tue Apr 07 15:32:15.398397 2026] [wsgi:error] [pid 11:tid 140049620043456] [remote 10.0.0.22:49652] 2026-04-07 15:32:15.383 11 ERROR keystone.server.flask.application File "", line 2, in _prepare_impl
[Tue Apr 07 15:32:15.398400 2026] [wsgi:error] [pid 11:tid 140049620043456] [remote 10.0.0.22:49652] 2026-04-07 15:32:15.383 11 ERROR keystone.server.flask.application
File "/var/lib/openstack/lib/python3.12/site-packages/sqlalchemy/orm/state_changes.py", line 137, in _go
[Tue Apr 07 15:32:15.398450 2026] [wsgi:error] [pid 11:tid 140049620043456] [remote 10.0.0.22:49652] 2026-04-07 15:32:15.383 11 ERROR keystone.server.flask.application ret_value = fn(self, *arg, **kw)
[Tue Apr 07 15:32:15.398455 2026] [wsgi:error] [pid 11:tid 140049620043456] [remote 10.0.0.22:49652] 2026-04-07 15:32:15.383 11 ERROR keystone.server.flask.application ^^^^^^^^^^^^^^^^^^^^
[Tue Apr 07 15:32:15.398457 2026] [wsgi:error] [pid 11:tid 140049620043456] [remote 10.0.0.22:49652] 2026-04-07 15:32:15.383 11 ERROR keystone.server.flask.application
File "/var/lib/openstack/lib/python3.12/site-packages/sqlalchemy/orm/session.py", line 1286, in _prepare_impl
[Tue Apr 07 15:32:15.398459 2026] [wsgi:error] [pid 11:tid 140049620043456] [remote 10.0.0.22:49652] 2026-04-07 15:32:15.383 11 ERROR keystone.server.flask.application self.session.flush()
[Tue Apr 07 15:32:15.398460 2026] [wsgi:error] [pid 11:tid 140049620043456] [remote 10.0.0.22:49652] 2026-04-07 15:32:15.383 11 ERROR keystone.server.flask.application
File "/var/lib/openstack/lib/python3.12/site-packages/sqlalchemy/orm/session.py", line 4331, in flush
[Tue Apr 07 15:32:15.398462 2026] [wsgi:error] [pid 11:tid 140049620043456] [remote 10.0.0.22:49652] 2026-04-07 15:32:15.383 11 ERROR keystone.server.flask.application self._flush(objects)
[Tue Apr 07 15:32:15.398465 2026] [wsgi:error] [pid 11:tid 140049620043456] [remote 10.0.0.22:49652] 2026-04-07 15:32:15.383 11 ERROR keystone.server.flask.application
File "/var/lib/openstack/lib/python3.12/site-packages/sqlalchemy/orm/session.py", line 4466, in _flush
[Tue Apr 07 15:32:15.398467 2026] [wsgi:error] [pid 11:tid 140049620043456] [remote 10.0.0.22:49652] 2026-04-07 15:32:15.383 11 ERROR keystone.server.flask.application with util.safe_reraise():
[Tue Apr 07 15:32:15.398469 2026] [wsgi:error] [pid 11:tid 140049620043456] [remote 10.0.0.22:49652] 2026-04-07 15:32:15.383 11 ERROR keystone.server.flask.application
File "/var/lib/openstack/lib/python3.12/site-packages/sqlalchemy/util/langhelpers.py", line 121, in __exit__
[Tue Apr 07 15:32:15.398471 2026] [wsgi:error] [pid 11:tid 140049620043456] [remote 10.0.0.22:49652] 2026-04-07 15:32:15.383 11 ERROR keystone.server.flask.application raise exc_value.with_traceback(exc_tb)
[Tue Apr 07 15:32:15.398474 2026] [wsgi:error] [pid 11:tid 140049620043456] [remote 10.0.0.22:49652] 2026-04-07 15:32:15.383 11 ERROR keystone.server.flask.application
File "/var/lib/openstack/lib/python3.12/site-packages/sqlalchemy/orm/session.py", line 4427, in _flush
[Tue Apr 07 15:32:15.398478 2026] [wsgi:error] [pid 11:tid 140049620043456] [remote 10.0.0.22:49652] 2026-04-07 15:32:15.383 11 ERROR keystone.server.flask.application flush_context.execute()
[Tue Apr 07 15:32:15.398480 2026] [wsgi:error] [pid 11:tid 140049620043456] [remote 10.0.0.22:49652] 2026-04-07 15:32:15.383 11 ERROR keystone.server.flask.application
File "/var/lib/openstack/lib/python3.12/site-packages/sqlalchemy/orm/unitofwork.py", line 466, in execute
