Mar 19 07:30:15.686423 np0000159934 devstack@neutron-api.service[102409]: DEBUG neutron.manager [None req-799ee2ba-def9-484c-8de6-3d3c6622453f None None] Successfully loaded FLAVORS plugin. Description: Neutron Flavors and Service Profiles manager plugin {{(pid=102409) _create_and_add_service_plugin /opt/stack/neutron/neutron/manager.py:229}}
Mar 19 07:30:15.686488 np0000159934 devstack@neutron-api.service[102407]: DEBUG neutron.api.extensions [None req-ab86dc3c-016e-4796-bb80-3432a0334a7f None None] Loading extension file: network_ip_availability_details.py {{(pid=102407) _load_all_extensions_from_path /opt/stack/neutron/neutron/api/extensions.py:449}}
Mar 19 07:30:15.686513 np0000159934 devstack@neutron-api.service[102410]: DEBUG neutron_lib.callbacks.manager [None req-c92f53ab-922a-48ce-8638-44232ef81794 None None] Subscribe: > subnet after_create 55550000, False {{(pid=102410) subscribe /opt/stack/data/venv/lib/python3.12/site-packages/neutron_lib/callbacks/manager.py:52}}
Mar 19 07:30:15.686569 np0000159934 devstack@neutron-api.service[102409]: INFO neutron.manager [None req-799ee2ba-def9-484c-8de6-3d3c6622453f None None] Loading Plugin: revisions
Mar 19 07:30:15.686685 np0000159934 devstack@neutron-api.service[102410]: DEBUG neutron_lib.callbacks.manager [None req-c92f53ab-922a-48ce-8638-44232ef81794 None None] Subscribe: > subnet after_update 55550000, False {{(pid=102410) subscribe /opt/stack/data/venv/lib/python3.12/site-packages/neutron_lib/callbacks/manager.py:52}}
Mar 19 07:30:15.686764 np0000159934 devstack@neutron-api.service[102407]: DEBUG neutron.api.extensions [None req-ab86dc3c-016e-4796-bb80-3432a0334a7f None None] Ext name="Network IP Availability Details Extension" alias="network-ip-availability-details" description="Add ip_availability_details attribute to network-ip-availabilities resource." updated="2025-10-31T00:00:00-00:00" {{(pid=102407) _check_extension /opt/stack/neutron/neutron/api/extensions.py:415}}
Mar 19 07:30:15.686857 np0000159934 devstack@neutron-api.service[102410]: DEBUG neutron_lib.callbacks.manager [None req-c92f53ab-922a-48ce-8638-44232ef81794 None None] Subscribe: > subnet after_delete 55550000, False {{(pid=102410) subscribe /opt/stack/data/venv/lib/python3.12/site-packages/neutron_lib/callbacks/manager.py:52}}
Mar 19 07:30:15.686889 np0000159934 devstack@neutron-api.service[102407]: INFO neutron.api.extensions [None req-ab86dc3c-016e-4796-bb80-3432a0334a7f None None] Loaded extension: network-ip-availability-details
Mar 19 07:30:15.686962 np0000159934 devstack@neutron-api.service[102407]: DEBUG neutron.api.extensions [None req-ab86dc3c-016e-4796-bb80-3432a0334a7f None None] Loading extension file: network_segment_range.py {{(pid=102407) _load_all_extensions_from_path /opt/stack/neutron/neutron/api/extensions.py:449}}
Mar 19 07:30:15.686999 np0000159934 devstack@neutron-api.service[102410]: DEBUG neutron_lib.callbacks.manager [None req-c92f53ab-922a-48ce-8638-44232ef81794 None None] Subscribe: > network after_create 55550000, False {{(pid=102410) subscribe /opt/stack/data/venv/lib/python3.12/site-packages/neutron_lib/callbacks/manager.py:52}}
Mar 19 07:30:15.687149 np0000159934 devstack@neutron-api.service[102410]: DEBUG neutron_lib.callbacks.manager [None req-c92f53ab-922a-48ce-8638-44232ef81794 None None] Subscribe: > network after_update 55550000, False {{(pid=102410) subscribe /opt/stack/data/venv/lib/python3.12/site-packages/neutron_lib/callbacks/manager.py:52}}
Mar 19 07:30:15.687384 np0000159934 devstack@neutron-api.service[102407]: DEBUG neutron.api.extensions [None req-ab86dc3c-016e-4796-bb80-3432a0334a7f None None] Ext name="Neutron Network Segment Range" alias="network-segment-range" description="Provides support for the network segment range management" updated="2018-11-29T00:00:00-00:00" {{(pid=102407) _check_extension /opt/stack/neutron/neutron/api/extensions.py:415}}
Mar 19 07:30:15.687474 np0000159934 devstack@neutron-api.service[102410]: DEBUG neutron_lib.callbacks.manager [None req-c92f53ab-922a-48ce-8638-44232ef81794 None None] Subscribe: > network after_delete 55550000, False {{(pid=102410) subscribe /opt/stack/data/venv/lib/python3.12/site-packages/neutron_lib/callbacks/manager.py:52}}
Mar 19 07:30:15.687550 np0000159934 devstack@neutron-api.service[102407]: INFO neutron.api.extensions [None req-ab86dc3c-016e-4796-bb80-3432a0334a7f None None] Extension network-segment-range not supported by any of loaded plugins
Mar 19 07:30:15.687737 np0000159934 devstack@neutron-api.service[102410]: DEBUG neutron_lib.callbacks.manager [None req-c92f53ab-922a-48ce-8638-44232ef81794 None None] Subscribe: > security_group after_create 55550000, False {{(pid=102410) subscribe /opt/stack/data/venv/lib/python3.12/site-packages/neutron_lib/callbacks/manager.py:52}}
Mar 19 07:30:15.687993 np0000159934 devstack@neutron-api.service[102407]: DEBUG neutron.api.extensions [None req-ab86dc3c-016e-4796-bb80-3432a0334a7f None None] Loading extension file: pagination.py {{(pid=102407) _load_all_extensions_from_path /opt/stack/neutron/neutron/api/extensions.py:449}}
Mar 19 07:30:15.688074 np0000159934 devstack@neutron-api.service[102410]: DEBUG neutron_lib.callbacks.manager [None req-c92f53ab-922a-48ce-8638-44232ef81794 None None] Subscribe: > security_group after_update 55550000, False {{(pid=102410) subscribe /opt/stack/data/venv/lib/python3.12/site-packages/neutron_lib/callbacks/manager.py:52}}
Mar 19 07:30:15.688176 np0000159934 devstack@neutron-api.service[102407]: DEBUG neutron.api.extensions [None req-ab86dc3c-016e-4796-bb80-3432a0334a7f None None] Ext name="Pagination support" alias="pagination" description="Extension that indicates that pagination is enabled." updated="2016-06-12T00:00:00-00:00" {{(pid=102407) _check_extension /opt/stack/neutron/neutron/api/extensions.py:415}}
Mar 19 07:30:15.688249 np0000159934 devstack@neutron-api.service[102409]: DEBUG neutron.manager [None req-799ee2ba-def9-484c-8de6-3d3c6622453f None None] Successfully loaded revision_plugin plugin. Description: Adds revision numbers to resources. {{(pid=102409) _create_and_add_service_plugin /opt/stack/neutron/neutron/manager.py:229}}
Mar 19 07:30:15.688309 np0000159934 devstack@neutron-api.service[102410]: DEBUG neutron_lib.callbacks.manager [None req-c92f53ab-922a-48ce-8638-44232ef81794 None None] Subscribe: > security_group after_delete 55550000, False {{(pid=102410) subscribe /opt/stack/data/venv/lib/python3.12/site-packages/neutron_lib/callbacks/manager.py:52}}
Mar 19 07:30:15.688703 np0000159934 devstack@neutron-api.service[102407]: INFO neutron.api.extensions [None req-ab86dc3c-016e-4796-bb80-3432a0334a7f None None] Loaded extension: pagination
Mar 19 07:30:15.688765 np0000159934 devstack@neutron-api.service[102410]: DEBUG neutron_lib.callbacks.manager [None req-c92f53ab-922a-48ce-8638-44232ef81794 None None] Subscribe: > security_group_rule after_create 55550000, False {{(pid=102410) subscribe /opt/stack/data/venv/lib/python3.12/site-packages/neutron_lib/callbacks/manager.py:52}}
Mar 19 07:30:15.688829 np0000159934 devstack@neutron-api.service[102407]: DEBUG neutron.api.extensions [None req-ab86dc3c-016e-4796-bb80-3432a0334a7f None None] Loading extension file: port_device_profile.py {{(pid=102407) _load_all_extensions_from_path /opt/stack/neutron/neutron/api/extensions.py:449}}
Mar 19 07:30:15.688888 np0000159934 devstack@neutron-api.service[102409]: DEBUG oslo_concurrency.lockutils [None req-799ee2ba-def9-484c-8de6-3d3c6622453f None None] Lock "manager" "released" by "neutron.manager.NeutronManager._create_instance" :: held 4.525s {{(pid=102409) inner /opt/stack/data/venv/lib/python3.12/site-packages/oslo_concurrency/lockutils.py:538}}
Mar 19 07:30:15.688929 np0000159934 devstack@neutron-api.service[102410]: DEBUG neutron_lib.callbacks.manager [None req-c92f53ab-922a-48ce-8638-44232ef81794 None None] Subscribe: > security_group_rule after_update 55550000, False {{(pid=102410) subscribe /opt/stack/data/venv/lib/python3.12/site-packages/neutron_lib/callbacks/manager.py:52}}
Mar 19 07:30:15.689000 np0000159934 devstack@neutron-api.service[102407]: DEBUG neutron.api.extensions [None req-ab86dc3c-016e-4796-bb80-3432a0334a7f None None] Ext name="Port device profile" alias="port-device-profile" description="Expose the port device profile (Cyborg)" updated="2020-12-17T10:00:00-00:00" {{(pid=102407) _check_extension /opt/stack/neutron/neutron/api/extensions.py:415}}
Mar 19 07:30:15.689076 np0000159934 devstack@neutron-api.service[102410]: DEBUG neutron_lib.callbacks.manager [None req-c92f53ab-922a-48ce-8638-44232ef81794 None None] Subscribe: > security_group_rule after_delete 55550000, False {{(pid=102410) subscribe /opt/stack/data/venv/lib/python3.12/site-packages/neutron_lib/callbacks/manager.py:52}}
Mar 19 07:30:15.689168 np0000159934 devstack@neutron-api.service[102409]: DEBUG neutron.api.extensions [None req-799ee2ba-def9-484c-8de6-3d3c6622453f None None] get_extension_paths = OrderedDict({'/opt/stack/neutron/neutron/extensions': 1}) {{(pid=102409) get_extensions_path /opt/stack/neutron/neutron/api/extensions.py:640}}
Mar 19 07:30:15.689258 np0000159934 devstack@neutron-api.service[102407]: INFO neutron.api.extensions [None req-ab86dc3c-016e-4796-bb80-3432a0334a7f None None] Loaded extension: port-device-profile
Mar 19 07:30:15.689291 np0000159934 devstack@neutron-api.service[102410]: DEBUG neutron_lib.callbacks.manager [None req-c92f53ab-922a-48ce-8638-44232ef81794 None None] Subscribe: > address_group after_create 55550000, False {{(pid=102410) subscribe /opt/stack/data/venv/lib/python3.12/site-packages/neutron_lib/callbacks/manager.py:52}}
Mar 19 07:30:15.689352 np0000159934 devstack@neutron-api.service[102409]: INFO neutron.api.extensions [None req-799ee2ba-def9-484c-8de6-3d3c6622453f None None] Initializing extension manager.
Mar 19 07:30:15.689414 np0000159934 devstack@neutron-api.service[102407]: DEBUG neutron.api.extensions [None req-ab86dc3c-016e-4796-bb80-3432a0334a7f None None] Loading extension file: port_hardware_offload_type.py {{(pid=102407) _load_all_extensions_from_path /opt/stack/neutron/neutron/api/extensions.py:449}}
Mar 19 07:30:15.689442 np0000159934 devstack@neutron-api.service[102410]: DEBUG neutron_lib.callbacks.manager [None req-c92f53ab-922a-48ce-8638-44232ef81794 None None] Subscribe: > address_group after_update 55550000, False {{(pid=102410) subscribe /opt/stack/data/venv/lib/python3.12/site-packages/neutron_lib/callbacks/manager.py:52}}
Mar 19 07:30:15.689507 np0000159934 devstack@neutron-api.service[102407]: DEBUG neutron.api.extensions [None req-ab86dc3c-016e-4796-bb80-3432a0334a7f None None] Ext name="Port hardware offload" alias="port-hardware-offload-type" description="Expose port hardware offload extension" updated="2023-05-09T10:00:00-00:00" {{(pid=102407) _check_extension /opt/stack/neutron/neutron/api/extensions.py:415}}
Mar 19 07:30:15.689536 np0000159934 devstack@neutron-api.service[102410]: DEBUG neutron_lib.callbacks.manager [None req-c92f53ab-922a-48ce-8638-44232ef81794 None None] Subscribe: > address_group after_delete 55550000, False {{(pid=102410) subscribe /opt/stack/data/venv/lib/python3.12/site-packages/neutron_lib/callbacks/manager.py:52}}
Mar 19 07:30:15.689600 np0000159934 devstack@neutron-api.service[102409]: DEBUG neutron.api.extensions [None req-799ee2ba-def9-484c-8de6-3d3c6622453f None None] Loading extension file: __init__.py {{(pid=102409) _load_all_extensions_from_path /opt/stack/neutron/neutron/api/extensions.py:449}}
Mar 19 07:30:15.689629 np0000159934 devstack@neutron-api.service[102410]: DEBUG neutron.plugins.ml2.ovo_rpc [None req-c92f53ab-922a-48ce-8638-44232ef81794 None None] ML2 OVO RPC backend initialized. {{(pid=102410) __init__ /opt/stack/neutron/neutron/plugins/ml2/ovo_rpc.py:117}}
Mar 19 07:30:15.689692 np0000159934 devstack@neutron-api.service[102407]: INFO neutron.api.extensions [None req-ab86dc3c-016e-4796-bb80-3432a0334a7f None None] Extension port-hardware-offload-type not supported by any of loaded plugins
Mar 19 07:30:15.689758 np0000159934 devstack@neutron-api.service[102409]: DEBUG neutron.api.extensions [None req-799ee2ba-def9-484c-8de6-3d3c6622453f None None] Loading extension file: __pycache__ {{(pid=102409) _load_all_extensions_from_path /opt/stack/neutron/neutron/api/extensions.py:449}}
Mar 19 07:30:15.689788 np0000159934 devstack@neutron-api.service[102407]: DEBUG neutron.api.extensions [None req-ab86dc3c-016e-4796-bb80-3432a0334a7f None None] Loading extension file: port_hint_ovs_tx_steering.py {{(pid=102407) _load_all_extensions_from_path /opt/stack/neutron/neutron/api/extensions.py:449}}
Mar 19 07:30:15.689848 np0000159934 devstack@neutron-api.service[102409]: DEBUG neutron.api.extensions [None req-799ee2ba-def9-484c-8de6-3d3c6622453f None None] Loading extension file: address_group.py {{(pid=102409) _load_all_extensions_from_path /opt/stack/neutron/neutron/api/extensions.py:449}}
Mar 19 07:30:15.690041 np0000159934 devstack@neutron-api.service[102407]: DEBUG neutron.api.extensions [None req-ab86dc3c-016e-4796-bb80-3432a0334a7f None None] Ext name="Port hint: Open vSwitch Tx steering" alias="port-hint-ovs-tx-steering" description="Enable Port hint: Open vSwitch Tx steering" updated="2023-01-01T00:00:00-00:00" {{(pid=102407) _check_extension /opt/stack/neutron/neutron/api/extensions.py:415}}
Mar 19 07:30:15.690041 np0000159934 devstack@neutron-api.service[102407]: INFO neutron.api.extensions [None req-ab86dc3c-016e-4796-bb80-3432a0334a7f None None] Extension port-hint-ovs-tx-steering not supported by any of loaded plugins
Mar 19 07:30:15.690041 np0000159934 devstack@neutron-api.service[102407]: DEBUG neutron.api.extensions [None req-ab86dc3c-016e-4796-bb80-3432a0334a7f None None] Loading extension file: port_hints.py {{(pid=102407) _load_all_extensions_from_path /opt/stack/neutron/neutron/api/extensions.py:449}}
Mar 19 07:30:15.690233 np0000159934 devstack@neutron-api.service[102409]: DEBUG neutron.api.extensions [None req-799ee2ba-def9-484c-8de6-3d3c6622453f None None] Ext name="Address group" alias="address-group" description="Support address group" updated="2020-07-15T10:00:00-00:00" {{(pid=102409) _check_extension /opt/stack/neutron/neutron/api/extensions.py:415}}
Mar 19 07:30:15.690324 np0000159934 devstack@neutron-api.service[102407]: DEBUG neutron.api.extensions [None req-ab86dc3c-016e-4796-bb80-3432a0334a7f None None] Ext name="Port hints" alias="port-hints" description="Backend specific port hints to allow backend specific tuning" updated="2023-01-01T00:00:00-00:00" {{(pid=102407) _check_extension /opt/stack/neutron/neutron/api/extensions.py:415}}
Mar 19 07:30:15.690363 np0000159934 devstack@neutron-api.service[102409]: INFO neutron.api.extensions [None req-799ee2ba-def9-484c-8de6-3d3c6622453f None None] Loaded extension: address-group
Mar 19 07:30:15.690423 np0000159934 devstack@neutron-api.service[102407]: INFO neutron.api.extensions [None req-ab86dc3c-016e-4796-bb80-3432a0334a7f None None] Extension port-hints not supported by any of loaded plugins
Mar 19 07:30:15.690486 np0000159934 devstack@neutron-api.service[102410]: INFO neutron.quota [None req-c92f53ab-922a-48ce-8638-44232ef81794 None None] Loaded quota_driver: .
Mar 19 07:30:15.690515 np0000159934 devstack@neutron-api.service[102407]: DEBUG neutron.api.extensions [None req-ab86dc3c-016e-4796-bb80-3432a0334a7f None None] Loading extension file: port_mac_address_override.py {{(pid=102407) _load_all_extensions_from_path /opt/stack/neutron/neutron/api/extensions.py:449}}
Mar 19 07:30:15.690573 np0000159934 devstack@neutron-api.service[102409]: DEBUG neutron.api.extensions [None req-799ee2ba-def9-484c-8de6-3d3c6622453f None None] Loading extension file: address_scope.py {{(pid=102409) _load_all_extensions_from_path /opt/stack/neutron/neutron/api/extensions.py:449}}
Mar 19 07:30:15.690602 np0000159934 devstack@neutron-api.service[102410]: INFO neutron.plugins.ml2.plugin [None req-c92f53ab-922a-48ce-8638-44232ef81794 None None] Modular L2 Plugin initialization complete
Mar 19 07:30:15.690602 np0000159934 devstack@neutron-api.service[102410]: DEBUG neutron.manager [None req-c92f53ab-922a-48ce-8638-44232ef81794 None None] Loading services supported by the core plugin {{(pid=102410) _load_services_from_core_plugin /opt/stack/neutron/neutron/manager.py:169}}
Mar 19 07:30:15.690668 np0000159934 devstack@neutron-api.service[102407]: DEBUG neutron.api.extensions [None req-ab86dc3c-016e-4796-bb80-3432a0334a7f None None] Ext name="Neutron Port MAC address override" alias="port-mac-override" description="Allow overriding the MAC address of a direct-physical Port via the active binding profile" updated="2022-03-18T10:00:00-00:00" {{(pid=102407) _check_extension /opt/stack/neutron/neutron/api/extensions.py:415}}
Mar 19 07:30:15.690754 np0000159934 devstack@neutron-api.service[102410]: INFO neutron.plugins.ml2.managers [None req-c92f53ab-922a-48ce-8638-44232ef81794 None None] Got port-security extension from driver 'port_security'
Mar 19 07:30:15.690789 np0000159934 devstack@neutron-api.service[102407]: INFO neutron.api.extensions [None req-ab86dc3c-016e-4796-bb80-3432a0334a7f None None] Extension port-mac-override not supported by any of loaded plugins
Mar 19 07:30:15.690850 np0000159934 devstack@neutron-api.service[102409]: DEBUG neutron.api.extensions [None req-799ee2ba-def9-484c-8de6-3d3c6622453f None None] Ext name="Address scope" alias="address-scope" description="Address scopes extension." updated="2015-07-26T10:00:00-00:00" {{(pid=102409) _check_extension /opt/stack/neutron/neutron/api/extensions.py:415}}
Mar 19 07:30:15.690879 np0000159934 devstack@neutron-api.service[102407]: DEBUG neutron.api.extensions [None req-ab86dc3c-016e-4796-bb80-3432a0334a7f None None] Loading extension file: port_mac_address_regenerate.py {{(pid=102407) _load_all_extensions_from_path /opt/stack/neutron/neutron/api/extensions.py:449}}
Mar 19 07:30:15.690943 np0000159934 devstack@neutron-api.service[102410]: DEBUG neutron.manager [None req-c92f53ab-922a-48ce-8638-44232ef81794 None None] Loading service plugins: ['ovn-router', 'auto_allocate', 'tag', 'timestamp', 'network_ip_availability', 'flavors', 'revisions'] {{(pid=102410) _load_service_plugins /opt/stack/neutron/neutron/manager.py:194}}
Mar 19 07:30:15.690943 np0000159934 devstack@neutron-api.service[102410]: INFO neutron.manager [None req-c92f53ab-922a-48ce-8638-44232ef81794 None None] Loading Plugin: ovn-router
Mar 19 07:30:15.691197 np0000159934 devstack@neutron-api.service[102407]: DEBUG neutron.api.extensions [None req-ab86dc3c-016e-4796-bb80-3432a0334a7f None None] Ext name="Neutron Port MAC address regenerate" alias="port-mac-address-regenerate" description="Network port MAC address regenerate" updated="2018-05-03T10:00:00-00:00" {{(pid=102407) _check_extension /opt/stack/neutron/neutron/api/extensions.py:415}}
Mar 19 07:30:15.691321 np0000159934 devstack@neutron-api.service[102409]: INFO neutron.api.extensions [None req-799ee2ba-def9-484c-8de6-3d3c6622453f None None] Loaded extension: address-scope
Mar 19 07:30:15.691321 np0000159934 devstack@neutron-api.service[102409]: DEBUG neutron.api.extensions [None req-799ee2ba-def9-484c-8de6-3d3c6622453f None None] Loading extension file: admin_state_down_before_update.py {{(pid=102409) _load_all_extensions_from_path /opt/stack/neutron/neutron/api/extensions.py:449}}
Mar 19 07:30:15.691470 np0000159934 devstack@neutron-api.service[102407]: INFO neutron.api.extensions [None req-ab86dc3c-016e-4796-bb80-3432a0334a7f None None] Loaded extension: port-mac-address-regenerate
Mar 19 07:30:15.691470 np0000159934 devstack@neutron-api.service[102407]: DEBUG neutron.api.extensions [None req-ab86dc3c-016e-4796-bb80-3432a0334a7f None None] Loading extension file: port_numa_affinity_policy.py {{(pid=102407) _load_all_extensions_from_path /opt/stack/neutron/neutron/api/extensions.py:449}}
Mar 19 07:30:15.691470 np0000159934 devstack@neutron-api.service[102407]: DEBUG neutron.api.extensions [None req-ab86dc3c-016e-4796-bb80-3432a0334a7f None None] Ext name="Port NUMA affinity policy" alias="port-numa-affinity-policy" description="Expose the port NUMA affinity policy" updated="2020-07-08T10:00:00-00:00" {{(pid=102407) _check_extension /opt/stack/neutron/neutron/api/extensions.py:415}}
Mar 19 07:30:15.691608 np0000159934 devstack@neutron-api.service[102409]: DEBUG neutron.api.extensions [None req-799ee2ba-def9-484c-8de6-3d3c6622453f None None] Ext name="Enforce Router's Admin State Down Before Update Extension" alias="router-admin-state-down-before-update" description="Ensure that the admin state of a router is DOWN (admin_state_up=False) before updating the distributed attribute" updated="2019-07-02T15:56:00" {{(pid=102409) _check_extension /opt/stack/neutron/neutron/api/extensions.py:415}}
Mar 19 07:30:15.691759 np0000159934 devstack@neutron-api.service[102407]: INFO neutron.api.extensions [None req-ab86dc3c-016e-4796-bb80-3432a0334a7f None None] Loaded extension: port-numa-affinity-policy
Mar 19 07:30:15.691759 np0000159934 devstack@neutron-api.service[102407]: DEBUG neutron.api.extensions [None req-ab86dc3c-016e-4796-bb80-3432a0334a7f None None] Loading extension file: port_numa_affinity_policy_socket.py {{(pid=102407) _load_all_extensions_from_path /opt/stack/neutron/neutron/api/extensions.py:449}}
Mar 19 07:30:15.691895 np0000159934 devstack@neutron-api.service[102409]: INFO neutron.api.extensions [None req-799ee2ba-def9-484c-8de6-3d3c6622453f None None] Extension router-admin-state-down-before-update not supported by any of loaded plugins
Mar 19 07:30:15.691895 np0000159934 devstack@neutron-api.service[102409]: DEBUG neutron.api.extensions [None req-799ee2ba-def9-484c-8de6-3d3c6622453f None None] Loading extension file: agent.py {{(pid=102409) _load_all_extensions_from_path /opt/stack/neutron/neutron/api/extensions.py:449}}
Mar 19 07:30:15.692035 np0000159934 devstack@neutron-api.service[102407]: DEBUG neutron.api.extensions [None req-ab86dc3c-016e-4796-bb80-3432a0334a7f None None] Ext name="Port NUMA affinity policy "socket"" alias="port-numa-affinity-policy-socket" description="Adds "socket" to the supported port NUMA affinity policies" updated="2024-02-09T10:00:00-00:00" {{(pid=102407) _check_extension /opt/stack/neutron/neutron/api/extensions.py:415}}
Mar 19 07:30:15.692035 np0000159934 devstack@neutron-api.service[102407]: INFO neutron.api.extensions [None req-ab86dc3c-016e-4796-bb80-3432a0334a7f None None] Loaded extension: port-numa-affinity-policy-socket
Mar 19 07:30:15.692035 np0000159934 devstack@neutron-api.service[102407]: DEBUG neutron.api.extensions [None req-ab86dc3c-016e-4796-bb80-3432a0334a7f None None] Loading extension file: port_resource_request.py {{(pid=102407) _load_all_extensions_from_path /opt/stack/neutron/neutron/api/extensions.py:449}}
Mar 19 07:30:15.692182 np0000159934 devstack@neutron-api.service[102409]: DEBUG neutron.api.extensions [None req-799ee2ba-def9-484c-8de6-3d3c6622453f None None] Ext name="agent" alias="agent" description="The agent management extension." updated="2013-02-03T10:00:00-00:00" {{(pid=102409) _check_extension /opt/stack/neutron/neutron/api/extensions.py:415}}
Mar 19 07:30:15.692348 np0000159934 devstack@neutron-api.service[102407]: DEBUG neutron.api.extensions [None req-ab86dc3c-016e-4796-bb80-3432a0334a7f None None] Ext name="Port Resource Request" alias="port-resource-request" description="Expose resource request to Port" updated="2018-05-08T10:00:00-00:00" {{(pid=102407) _check_extension /opt/stack/neutron/neutron/api/extensions.py:415}}
Mar 19 07:30:15.692483 np0000159934 devstack@neutron-api.service[102409]: INFO neutron.api.extensions [None req-799ee2ba-def9-484c-8de6-3d3c6622453f None None] Loaded extension: agent
Mar 19 07:30:15.692550 np0000159934 devstack@neutron-api.service[102407]: INFO neutron.api.extensions [None req-ab86dc3c-016e-4796-bb80-3432a0334a7f None None] Extension port-resource-request not supported by any of loaded plugins
Mar 19 07:30:15.692550 np0000159934 devstack@neutron-api.service[102407]: DEBUG neutron.api.extensions [None req-ab86dc3c-016e-4796-bb80-3432a0334a7f None None] Loading extension file: port_resource_request_groups.py {{(pid=102407) _load_all_extensions_from_path /opt/stack/neutron/neutron/api/extensions.py:449}}
Mar 19 07:30:15.692796 np0000159934 devstack@neutron-api.service[102409]: DEBUG neutron.api.extensions [None req-799ee2ba-def9-484c-8de6-3d3c6622453f None None] Loading extension file: agent_resources_synced.py {{(pid=102409) _load_all_extensions_from_path /opt/stack/neutron/neutron/api/extensions.py:449}}
Mar 19 07:30:15.692956 np0000159934 devstack@neutron-api.service[102407]: DEBUG neutron.api.extensions [None req-ab86dc3c-016e-4796-bb80-3432a0334a7f None None] Ext name="Port Resource Request Groups" alias="port-resource-request-groups" description="Support requesting multiple groups of resources and traits from the same RP subtree in resource_request" updated="2021-08-02T10:00:00-00:00" {{(pid=102407) _check_extension /opt/stack/neutron/neutron/api/extensions.py:415}}
Mar 19 07:30:15.693037 np0000159934 devstack@neutron-api.service[102409]: DEBUG neutron.api.extensions [None req-799ee2ba-def9-484c-8de6-3d3c6622453f None None] Ext name="Agent's Resource View Synced to Placement" alias="agent-resources-synced" description="Stores success/failure of last sync to Placement" updated="2018-12-19T00:00:00-00:00" {{(pid=102409) _check_extension /opt/stack/neutron/neutron/api/extensions.py:415}}
Mar 19 07:30:15.693103 np0000159934 devstack@neutron-api.service[102407]: INFO neutron.api.extensions [None req-ab86dc3c-016e-4796-bb80-3432a0334a7f None None] Extension port-resource-request-groups not supported by any of loaded plugins
Mar 19 07:30:15.693103 np0000159934 devstack@neutron-api.service[102407]: DEBUG neutron.api.extensions [None req-ab86dc3c-016e-4796-bb80-3432a0334a7f None None] Loading extension file: port_trusted_vif.py {{(pid=102407) _load_all_extensions_from_path /opt/stack/neutron/neutron/api/extensions.py:449}}
Mar 19 07:30:15.693219 np0000159934 devstack@neutron-api.service[102409]: INFO neutron.api.extensions [None req-799ee2ba-def9-484c-8de6-3d3c6622453f None None] Extension agent-resources-synced not supported by any of loaded plugins
Mar 19 07:30:15.693300 np0000159934 devstack@neutron-api.service[102407]: DEBUG neutron.api.extensions [None req-ab86dc3c-016e-4796-bb80-3432a0334a7f None None] Ext name="Port trusted vif" alias="port-trusted-vif" description="Expose port 'trusted' attribute in the API" updated="2024-07-10T10:00:00-00:00" {{(pid=102407) _check_extension /opt/stack/neutron/neutron/api/extensions.py:415}}
Mar 19 07:30:15.693328 np0000159934 devstack@neutron-api.service[102409]: DEBUG neutron.api.extensions [None req-799ee2ba-def9-484c-8de6-3d3c6622453f None None] Loading extension file: allowedaddresspairs.py {{(pid=102409) _load_all_extensions_from_path /opt/stack/neutron/neutron/api/extensions.py:449}}
Mar 19 07:30:15.693725 np0000159934 devstack@neutron-api.service[102407]: INFO neutron.api.extensions [None req-ab86dc3c-016e-4796-bb80-3432a0334a7f None None] Extension port-trusted-vif not supported by any of loaded plugins
Mar 19 07:30:15.693725 np0000159934 devstack@neutron-api.service[102407]: DEBUG neutron.api.extensions [None req-ab86dc3c-016e-4796-bb80-3432a0334a7f None None] Loading extension file: portbindings.py {{(pid=102407) _load_all_extensions_from_path /opt/stack/neutron/neutron/api/extensions.py:449}}
Mar 19 07:30:15.693725 np0000159934 devstack@neutron-api.service[102407]: DEBUG neutron.api.extensions [None req-ab86dc3c-016e-4796-bb80-3432a0334a7f None None] Ext name="Port Binding" alias="binding" description="Expose port bindings of a virtual port to external application" updated="2014-02-03T10:00:00-00:00" {{(pid=102407) _check_extension /opt/stack/neutron/neutron/api/extensions.py:415}}
Mar 19 07:30:15.694010 np0000159934 devstack@neutron-api.service[102407]: INFO neutron.api.extensions [None req-ab86dc3c-016e-4796-bb80-3432a0334a7f None None] Loaded extension: binding
Mar 19 07:30:15.694010 np0000159934 devstack@neutron-api.service[102407]: DEBUG neutron.api.extensions [None req-ab86dc3c-016e-4796-bb80-3432a0334a7f None None] Loading extension file: portbindings_extended.py {{(pid=102407) _load_all_extensions_from_path /opt/stack/neutron/neutron/api/extensions.py:449}}
Mar 19 07:30:15.694234 np0000159934 devstack@neutron-api.service[102409]: DEBUG neutron.api.extensions [None req-799ee2ba-def9-484c-8de6-3d3c6622453f None None] Ext name="Allowed Address Pairs" alias="allowed-address-pairs" description="Provides allowed address pairs" updated="2013-07-23T10:00:00-00:00" {{(pid=102409) _check_extension /opt/stack/neutron/neutron/api/extensions.py:415}}
Mar 19 07:30:15.694391 np0000159934 devstack@neutron-api.service[102407]: DEBUG neutron.api.extensions [None req-ab86dc3c-016e-4796-bb80-3432a0334a7f None None] Ext name="Port Bindings Extended" alias="binding-extended" description="Expose port bindings of a virtual port to external application" updated="2017-07-17T10:00:00-00:00" {{(pid=102407) _check_extension /opt/stack/neutron/neutron/api/extensions.py:415}}
Mar 19 07:30:15.694457 np0000159934 devstack@neutron-api.service[102409]: INFO neutron.api.extensions [None req-799ee2ba-def9-484c-8de6-3d3c6622453f None None] Loaded extension: allowed-address-pairs
Mar 19 07:30:15.694494 np0000159934 devstack@neutron-api.service[102407]: INFO neutron.api.extensions [None req-ab86dc3c-016e-4796-bb80-3432a0334a7f None None] Loaded extension: binding-extended
Mar 19 07:30:15.694494 np0000159934 devstack@neutron-api.service[102407]: DEBUG neutron.api.extensions [None req-ab86dc3c-016e-4796-bb80-3432a0334a7f None None] Loading extension file: portsecurity.py {{(pid=102407) _load_all_extensions_from_path /opt/stack/neutron/neutron/api/extensions.py:449}}
Mar 19 07:30:15.694602 np0000159934 devstack@neutron-api.service[102409]: DEBUG neutron.api.extensions [None req-799ee2ba-def9-484c-8de6-3d3c6622453f None None] Loading extension file: auto_allocated_topology.py {{(pid=102409) _load_all_extensions_from_path /opt/stack/neutron/neutron/api/extensions.py:449}}
Mar 19 07:30:15.694633 np0000159934 devstack@neutron-api.service[102407]: DEBUG neutron.api.extensions [None req-ab86dc3c-016e-4796-bb80-3432a0334a7f None None] Ext name="Port Security" alias="port-security" description="Provides port security" updated="2012-07-23T10:00:00-00:00" {{(pid=102407) _check_extension /opt/stack/neutron/neutron/api/extensions.py:415}}
Mar 19 07:30:15.694766 np0000159934 devstack@neutron-api.service[102409]: DEBUG neutron.api.extensions [None req-799ee2ba-def9-484c-8de6-3d3c6622453f None None] Ext name="Auto Allocated Topology Services" alias="auto-allocated-topology" description="Auto Allocated Topology Services." updated="2016-01-01T00:00:00-00:00" {{(pid=102409) _check_extension /opt/stack/neutron/neutron/api/extensions.py:415}}
Mar 19 07:30:15.694800 np0000159934 devstack@neutron-api.service[102407]: INFO neutron.api.extensions [None req-ab86dc3c-016e-4796-bb80-3432a0334a7f None None] Loaded extension: port-security
Mar 19 07:30:15.694860 np0000159934 devstack@neutron-api.service[102407]: DEBUG neutron.api.extensions [None req-ab86dc3c-016e-4796-bb80-3432a0334a7f None None] Loading extension file: project_id.py {{(pid=102407) _load_all_extensions_from_path /opt/stack/neutron/neutron/api/extensions.py:449}}
Mar 19 07:30:15.694997 np0000159934 devstack@neutron-api.service[102409]: INFO neutron.api.extensions [None req-799ee2ba-def9-484c-8de6-3d3c6622453f None None] Loaded extension: auto-allocated-topology
Mar 19 07:30:15.695088 np0000159934 devstack@neutron-api.service[102407]: DEBUG neutron.api.extensions [None req-ab86dc3c-016e-4796-bb80-3432a0334a7f None None] Ext name="project_id field enabled" alias="project-id" description="Extension that indicates that project_id field is enabled." updated="2016-09-09T09:09:09-09:09" {{(pid=102407) _check_extension /opt/stack/neutron/neutron/api/extensions.py:415}}
Mar 19 07:30:15.695131 np0000159934 devstack@neutron-api.service[102409]: DEBUG neutron.api.extensions [None req-799ee2ba-def9-484c-8de6-3d3c6622453f None None] Loading extension file: availability_zone.py {{(pid=102409) _load_all_extensions_from_path /opt/stack/neutron/neutron/api/extensions.py:449}}
Mar 19 07:30:15.695196 np0000159934 devstack@neutron-api.service[102407]: INFO neutron.api.extensions [None req-ab86dc3c-016e-4796-bb80-3432a0334a7f None None] Loaded extension: project-id
Mar 19 07:30:15.695296 np0000159934 devstack@neutron-api.service[102407]: DEBUG neutron.api.extensions [None req-ab86dc3c-016e-4796-bb80-3432a0334a7f None None] Loading extension file: providernet.py {{(pid=102407) _load_all_extensions_from_path /opt/stack/neutron/neutron/api/extensions.py:449}}
Mar 19 07:30:15.695527 np0000159934 devstack@neutron-api.service[102407]: DEBUG neutron.api.extensions [None req-ab86dc3c-016e-4796-bb80-3432a0334a7f None None] Ext name="Provider Network" alias="provider" description="Expose mapping of virtual networks to physical networks" updated="2012-09-07T10:00:00-00:00" {{(pid=102407) _check_extension /opt/stack/neutron/neutron/api/extensions.py:415}}
Mar 19 07:30:15.695557 np0000159934 devstack@neutron-api.service[102409]: DEBUG neutron.api.extensions [None req-799ee2ba-def9-484c-8de6-3d3c6622453f None None] Ext name="Availability Zone" alias="availability_zone" description="The availability zone extension." updated="2015-01-01T10:00:00-00:00" {{(pid=102409) _check_extension /opt/stack/neutron/neutron/api/extensions.py:415}}
Mar 19 07:30:15.695689 np0000159934 devstack@neutron-api.service[102407]: INFO neutron.api.extensions [None req-ab86dc3c-016e-4796-bb80-3432a0334a7f None None] Loaded extension: provider
Mar 19 07:30:15.695789 np0000159934 devstack@neutron-api.service[102409]: INFO neutron.api.extensions [None req-799ee2ba-def9-484c-8de6-3d3c6622453f None None] Loaded extension: availability_zone
Mar 19 07:30:15.695880 np0000159934 devstack@neutron-api.service[102407]: DEBUG neutron.api.extensions [None req-ab86dc3c-016e-4796-bb80-3432a0334a7f None None] Loading extension file: qinq.py {{(pid=102407) _load_all_extensions_from_path /opt/stack/neutron/neutron/api/extensions.py:449}}
Mar 19 07:30:15.696010 np0000159934 devstack@neutron-api.service[102409]: DEBUG neutron.api.extensions [None req-799ee2ba-def9-484c-8de6-3d3c6622453f None None] Loading extension file: availability_zone_filter.py {{(pid=102409) _load_all_extensions_from_path /opt/stack/neutron/neutron/api/extensions.py:449}}
Mar 19 07:30:15.696081 np0000159934 devstack@neutron-api.service[102407]: DEBUG neutron.api.extensions [None req-ab86dc3c-016e-4796-bb80-3432a0334a7f None None] Ext name="QinQ networks" alias="qinq" description="Expose network 'qinq' attribute in the API. This allows to configure network to allow vlan in vlan configuration using 0x8a88 ethertype (QinQ)." updated="2024-12-02T10:00:00-00:00" {{(pid=102407) _check_extension /opt/stack/neutron/neutron/api/extensions.py:415}}
Mar 19 07:30:15.696231 np0000159934 devstack@neutron-api.service[102407]: INFO neutron.api.extensions [None req-ab86dc3c-016e-4796-bb80-3432a0334a7f None None] Loaded extension: qinq
Mar 19 07:30:15.696263 np0000159934 devstack@neutron-api.service[102409]: DEBUG neutron.api.extensions [None req-799ee2ba-def9-484c-8de6-3d3c6622453f None None] Ext name="Availability Zone Filter Extension" alias="availability_zone_filter" description="Add filter parameters to AvailabilityZone resource" updated="2018-06-22T10:00:00-00:00" {{(pid=102409) _check_extension /opt/stack/neutron/neutron/api/extensions.py:415}}
Mar 19 07:30:15.696326 np0000159934 devstack@neutron-api.service[102407]: DEBUG neutron.api.extensions [None req-ab86dc3c-016e-4796-bb80-3432a0334a7f None None] Loading extension file: qos.py {{(pid=102407) _load_all_extensions_from_path /opt/stack/neutron/neutron/api/extensions.py:449}}
Mar 19 07:30:15.696497 np0000159934 devstack@neutron-api.service[102409]: INFO neutron.api.extensions [None req-799ee2ba-def9-484c-8de6-3d3c6622453f None None] Extension availability_zone_filter not supported by any of loaded plugins
Mar 19 07:30:15.696627 np0000159934 devstack@neutron-api.service[102409]: DEBUG neutron.api.extensions [None req-799ee2ba-def9-484c-8de6-3d3c6622453f None None] Loading extension file: data_plane_status.py {{(pid=102409) _load_all_extensions_from_path /opt/stack/neutron/neutron/api/extensions.py:449}}
Mar 19 07:30:15.696959 np0000159934 devstack@neutron-api.service[102409]: DEBUG neutron.api.extensions [None req-799ee2ba-def9-484c-8de6-3d3c6622453f None None] Ext name="Port data plane status extension" alias="data-plane-status" description="Expose status of underlying data plane" updated="2017-01-24T10:00:00-00:00" {{(pid=102409) _check_extension /opt/stack/neutron/neutron/api/extensions.py:415}}
Mar 19 07:30:15.697298 np0000159934 devstack@neutron-api.service[102409]: INFO neutron.api.extensions [None req-799ee2ba-def9-484c-8de6-3d3c6622453f None None] Extension data-plane-status not supported by any of loaded plugins
Mar 19 07:30:15.697333 np0000159934 devstack@neutron-api.service[102407]: DEBUG neutron.api.extensions [None req-ab86dc3c-016e-4796-bb80-3432a0334a7f None None] Ext name="Quality of Service" alias="qos" description="The Quality of Service extension." updated="2015-06-08T10:00:00-00:00" {{(pid=102407) _check_extension /opt/stack/neutron/neutron/api/extensions.py:415}}
Mar 19 07:30:15.697424 np0000159934 devstack@neutron-api.service[102409]: DEBUG neutron.api.extensions [None req-799ee2ba-def9-484c-8de6-3d3c6622453f None None] Loading extension file: default_subnetpools.py {{(pid=102409) _load_all_extensions_from_path /opt/stack/neutron/neutron/api/extensions.py:449}}
Mar 19 07:30:15.697456 np0000159934 devstack@neutron-api.service[102407]: INFO neutron.api.extensions [None req-ab86dc3c-016e-4796-bb80-3432a0334a7f None None] Extension qos not supported by any of loaded plugins
Mar 19 07:30:15.697526 np0000159934 devstack@neutron-api.service[102407]: DEBUG neutron.api.extensions [None req-ab86dc3c-016e-4796-bb80-3432a0334a7f None None] Loading extension file: qos_bw_limit_direction.py {{(pid=102407) _load_all_extensions_from_path /opt/stack/neutron/neutron/api/extensions.py:449}}
Mar 19 07:30:15.697692 np0000159934 devstack@neutron-api.service[102409]: DEBUG neutron.api.extensions [None req-799ee2ba-def9-484c-8de6-3d3c6622453f None None] Ext name="Default Subnetpools" alias="default-subnetpools" description="Provides ability to mark and use a subnetpool as the default." updated="2016-02-18T18:00:00-00:00" {{(pid=102409) _check_extension /opt/stack/neutron/neutron/api/extensions.py:415}}
Mar 19 07:30:15.697786 np0000159934 devstack@neutron-api.service[102407]: DEBUG neutron.api.extensions [None req-ab86dc3c-016e-4796-bb80-3432a0334a7f None None] Ext name="Direction for QoS bandwidth limit rule" alias="qos-bw-limit-direction" description="Allow to configure QoS bandwidth limit rule with specific direction: ingress or egress" updated="2017-04-10T10:00:00-00:00" {{(pid=102407) _check_extension /opt/stack/neutron/neutron/api/extensions.py:415}}
Mar 19 07:30:15.697946 np0000159934 devstack@neutron-api.service[102409]: INFO neutron.api.extensions [None req-799ee2ba-def9-484c-8de6-3d3c6622453f None None] Loaded extension: default-subnetpools
Mar 19 07:30:15.697977 np0000159934 devstack@neutron-api.service[102407]: INFO neutron.api.extensions [None req-ab86dc3c-016e-4796-bb80-3432a0334a7f None None] Extension qos-bw-limit-direction not supported by any of loaded plugins
Mar 19 07:30:15.698084 np0000159934 devstack@neutron-api.service[102407]: DEBUG neutron.api.extensions [None req-ab86dc3c-016e-4796-bb80-3432a0334a7f None None] Loading extension file: qos_bw_minimum_ingress.py {{(pid=102407) _load_all_extensions_from_path /opt/stack/neutron/neutron/api/extensions.py:449}}
Mar 19 07:30:15.698129 np0000159934 devstack@neutron-api.service[102409]: DEBUG neutron.api.extensions [None req-799ee2ba-def9-484c-8de6-3d3c6622453f None None] Loading extension file: dhcpagentscheduler.py {{(pid=102409) _load_all_extensions_from_path /opt/stack/neutron/neutron/api/extensions.py:449}}
Mar 19 07:30:15.698305 np0000159934 devstack@neutron-api.service[102407]: DEBUG neutron.api.extensions [None req-ab86dc3c-016e-4796-bb80-3432a0334a7f None None] Ext name="Ingress direction for QoS minimum bandwidth rule" alias="qos-bw-minimum-ingress" description="Allow to configure QoS minumum bandwidth rule with ingress direction." updated="2018-07-09T10:00:00-00:00" {{(pid=102407) _check_extension /opt/stack/neutron/neutron/api/extensions.py:415}}
Mar 19 07:30:15.698475 np0000159934 devstack@neutron-api.service[102407]: INFO neutron.api.extensions [None req-ab86dc3c-016e-4796-bb80-3432a0334a7f None None] Extension qos-bw-minimum-ingress not supported by any of loaded plugins
Mar 19 07:30:15.698605 np0000159934 devstack@neutron-api.service[102407]: DEBUG neutron.api.extensions [None req-ab86dc3c-016e-4796-bb80-3432a0334a7f None None] Loading extension file: qos_default.py {{(pid=102407) _load_all_extensions_from_path /opt/stack/neutron/neutron/api/extensions.py:449}}
Mar 19 07:30:15.698641 np0000159934 devstack@neutron-api.service[102409]: DEBUG neutron.api.extensions [None req-799ee2ba-def9-484c-8de6-3d3c6622453f None None] Ext name="DHCP Agent Scheduler" alias="dhcp_agent_scheduler" description="Schedule networks among dhcp agents" updated="2013-02-07T10:00:00-00:00" {{(pid=102409) _check_extension /opt/stack/neutron/neutron/api/extensions.py:415}}
Mar 19 07:30:15.698844 np0000159934 devstack@neutron-api.service[102407]: DEBUG neutron.api.extensions [None req-ab86dc3c-016e-4796-bb80-3432a0334a7f None None] Ext name="QoS default policy" alias="qos-default" description="Expose the QoS default policy per project" updated="2017-041-06T10:00:00-00:00" {{(pid=102407) _check_extension /opt/stack/neutron/neutron/api/extensions.py:415}}
Mar 19 07:30:15.698873 np0000159934 devstack@neutron-api.service[102409]: INFO neutron.api.extensions [None req-799ee2ba-def9-484c-8de6-3d3c6622453f None None] Loaded extension: dhcp_agent_scheduler
Mar 19 07:30:15.699076 np0000159934 devstack@neutron-api.service[102407]: INFO neutron.api.extensions [None req-ab86dc3c-016e-4796-bb80-3432a0334a7f None None] Extension qos-default not supported by any of loaded plugins
Mar 19 07:30:15.699164 np0000159934 devstack@neutron-api.service[102409]: DEBUG neutron.api.extensions [None req-799ee2ba-def9-484c-8de6-3d3c6622453f None None] Loading extension file: dns.py {{(pid=102409) _load_all_extensions_from_path /opt/stack/neutron/neutron/api/extensions.py:449}}
Mar 19 07:30:15.699237 np0000159934 devstack@neutron-api.service[102407]: DEBUG neutron.api.extensions [None req-ab86dc3c-016e-4796-bb80-3432a0334a7f None None] Loading extension file: qos_fip.py {{(pid=102407) _load_all_extensions_from_path /opt/stack/neutron/neutron/api/extensions.py:449}}
Mar 19 07:30:15.699350 np0000159934 devstack@neutron-api.service[102407]: DEBUG neutron.api.extensions [None req-ab86dc3c-016e-4796-bb80-3432a0334a7f None None] Ext name="Floating IP QoS" alias="qos-fip" description="The floating IP Quality of Service extension" updated="2017-07-20T00:00:00-00:00" {{(pid=102407) _check_extension /opt/stack/neutron/neutron/api/extensions.py:415}}
Mar 19 07:30:15.699386 np0000159934 devstack@neutron-api.service[102409]: DEBUG neutron.api.extensions [None req-799ee2ba-def9-484c-8de6-3d3c6622453f None None] Ext name="DNS Integration" alias="dns-integration" description="Provides integration with DNS." updated="2015-08-15T18:00:00-00:00" {{(pid=102409) _check_extension /opt/stack/neutron/neutron/api/extensions.py:415}}
Mar 19 07:30:15.699418 np0000159934 devstack@neutron-api.service[102410]: DEBUG neutron_lib.callbacks.manager [None req-c92f53ab-922a-48ce-8638-44232ef81794 None None] Subscribe: > router before_delete 55550000, False {{(pid=102410) subscribe /opt/stack/data/venv/lib/python3.12/site-packages/neutron_lib/callbacks/manager.py:52}}
Mar 19 07:30:15.699515 np0000159934 devstack@neutron-api.service[102407]: INFO neutron.api.extensions [None req-ab86dc3c-016e-4796-bb80-3432a0334a7f None None] Extension qos-fip not supported by any of loaded plugins
Mar 19 07:30:15.699549 np0000159934 devstack@neutron-api.service[102410]: DEBUG neutron_lib.callbacks.manager [None req-c92f53ab-922a-48ce-8638-44232ef81794 None None] Subscribe: port after_update 55550000, False {{(pid=102410) subscribe /opt/stack/data/venv/lib/python3.12/site-packages/neutron_lib/callbacks/manager.py:52}}
Mar 19 07:30:15.699613 np0000159934 devstack@neutron-api.service[102407]: DEBUG neutron.api.extensions [None req-ab86dc3c-016e-4796-bb80-3432a0334a7f None None] Loading extension file: qos_fip_network_policy.py {{(pid=102407) _load_all_extensions_from_path /opt/stack/neutron/neutron/api/extensions.py:449}}
Mar 19 07:30:15.699644 np0000159934 devstack@neutron-api.service[102409]: INFO neutron.api.extensions [None req-799ee2ba-def9-484c-8de6-3d3c6622453f None None] Loaded extension: dns-integration
Mar 19 07:30:15.699710 np0000159934 devstack@neutron-api.service[102410]: DEBUG neutron_lib.callbacks.manager [None req-c92f53ab-922a-48ce-8638-44232ef81794 None None] Subscribe: port after_delete 55550000, False {{(pid=102410) subscribe /opt/stack/data/venv/lib/python3.12/site-packages/neutron_lib/callbacks/manager.py:52}}
Mar 19 07:30:15.699778 np0000159934 devstack@neutron-api.service[102409]: DEBUG neutron.api.extensions [None req-799ee2ba-def9-484c-8de6-3d3c6622453f None None] Loading extension file: dns_domain_ports.py {{(pid=102409) _load_all_extensions_from_path /opt/stack/neutron/neutron/api/extensions.py:449}}
Mar 19 07:30:15.699839 np0000159934 devstack@neutron-api.service[102410]: DEBUG neutron_lib.callbacks.manager [None req-c92f53ab-922a-48ce-8638-44232ef81794 None None] Subscribe: subnet after_update 55550000, False {{(pid=102410) subscribe /opt/stack/data/venv/lib/python3.12/site-packages/neutron_lib/callbacks/manager.py:52}}
Mar 19 07:30:15.699878 np0000159934 devstack@neutron-api.service[102407]: DEBUG neutron.api.extensions [None req-ab86dc3c-016e-4796-bb80-3432a0334a7f None None] Ext name="QoS floating IP network policy ID" alias="qos-fip-network-policy" description="Adds a the QoS network ID to the floating IP definition" updated="2021-11-15T10:00:00-00:00" {{(pid=102407) _check_extension /opt/stack/neutron/neutron/api/extensions.py:415}}
Mar 19 07:30:15.699941 np0000159934 devstack@neutron-api.service[102410]: DEBUG neutron_lib.callbacks.manager [None req-c92f53ab-922a-48ce-8638-44232ef81794 None None] Subscribe: subnetpool_address_scope after_update 55550000, False {{(pid=102410) subscribe /opt/stack/data/venv/lib/python3.12/site-packages/neutron_lib/callbacks/manager.py:52}}
Mar 19 07:30:15.699941 np0000159934 devstack@neutron-api.service[102410]: DEBUG neutron_lib.callbacks.manager [None req-c92f53ab-922a-48ce-8638-44232ef81794 None None] Subscribe: port before_update 55550000, False {{(pid=102410) subscribe /opt/stack/data/venv/lib/python3.12/site-packages/neutron_lib/callbacks/manager.py:52}}
Mar 19 07:30:15.700028 np0000159934 devstack@neutron-api.service[102407]: INFO neutron.api.extensions [None req-ab86dc3c-016e-4796-bb80-3432a0334a7f None None] Extension qos-fip-network-policy not supported by any of loaded plugins
Mar 19 07:30:15.700084 np0000159934 devstack@neutron-api.service[102409]: DEBUG neutron.api.extensions [None req-799ee2ba-def9-484c-8de6-3d3c6622453f None None] Ext name="dns_domain for ports" alias="dns-domain-ports" description="Allows the DNS domain to be specified for a network port." updated="2017-04-24T10:00:00-00:00" {{(pid=102409) _check_extension /opt/stack/neutron/neutron/api/extensions.py:415}}
Mar 19 07:30:15.700141 np0000159934 devstack@neutron-api.service[102410]: DEBUG neutron_lib.callbacks.manager [None req-c92f53ab-922a-48ce-8638-44232ef81794 None None] Subscribe: port after_update 55550000, False {{(pid=102410) subscribe /opt/stack/data/venv/lib/python3.12/site-packages/neutron_lib/callbacks/manager.py:52}}
Mar 19 07:30:15.700206 np0000159934 devstack@neutron-api.service[102407]: DEBUG neutron.api.extensions [None req-ab86dc3c-016e-4796-bb80-3432a0334a7f None None] Loading extension file: qos_gateway_ip.py {{(pid=102407) _load_all_extensions_from_path /opt/stack/neutron/neutron/api/extensions.py:449}}
Mar 19 07:30:15.700269 np0000159934 devstack@neutron-api.service[102410]: DEBUG neutron_lib.callbacks.manager [None req-c92f53ab-922a-48ce-8638-44232ef81794 None None] Subscribe: > port precommit_delete 55550000, False {{(pid=102410) subscribe /opt/stack/data/venv/lib/python3.12/site-packages/neutron_lib/callbacks/manager.py:52}}
Mar 19 07:30:15.700269 np0000159934 devstack@neutron-api.service[102410]: DEBUG neutron_lib.callbacks.manager [None req-c92f53ab-922a-48ce-8638-44232ef81794 None None] Subscribe: port before_update 55550000, False {{(pid=102410) subscribe /opt/stack/data/venv/lib/python3.12/site-packages/neutron_lib/callbacks/manager.py:52}}
Mar 19 07:30:15.700379 np0000159934 devstack@neutron-api.service[102409]: INFO neutron.api.extensions [None req-799ee2ba-def9-484c-8de6-3d3c6622453f None None] Loaded extension: dns-domain-ports
Mar 19 07:30:15.700437 np0000159934 devstack@neutron-api.service[102407]: DEBUG neutron.api.extensions [None req-ab86dc3c-016e-4796-bb80-3432a0334a7f None None] Ext name="Router gateway IP QoS" alias="qos-gateway-ip" description="The Router gateway IP Quality of Service extension" updated="2018-02-24T00:00:00-00:00" {{(pid=102407) _check_extension /opt/stack/neutron/neutron/api/extensions.py:415}}
