Jun 29 04:58:48.349810 np0000183413 devstack@neutron-api.service[103525]: [pid: 103525|app: 0|req: 24/95] 199.204.45.77 () {64 vars in 1339 bytes} [Mon Jun 29 04:58:48 2026] GET /networking/v2.0/networks?name=admin_net => generated 667 bytes in 37 msecs (HTTP/1.1 200) 4 headers in 157 bytes (1 switches on core 0)
Jun 29 04:58:48.563519 np0000183413 devstack@neutron-api.service[103523]: DEBUG futurist.periodics [-] Submitting periodic callback 'neutron.plugins.ml2.drivers.ovn.mech_driver.ovsdb.maintenance.HashRingHealthCheckPeriodics.touch_hash_ring_node' {{(pid=103523) _process_scheduled /opt/stack/data/venv/lib/python3.12/site-packages/futurist/periodics.py:784}}
Jun 29 04:58:48.564175 np0000183413 devstack@neutron-api.service[103523]: DEBUG neutron.plugins.ml2.drivers.ovn.mech_driver.ovsdb.maintenance [-] Touching Hash Ring node "3254c0ba597453d98a366da4212920b0" from periodic health check thread {{(pid=103523) touch_hash_ring_node /opt/stack/neutron/neutron/plugins/ml2/drivers/ovn/mech_driver/ovsdb/maintenance.py:1419}}
Jun 29 04:58:48.580490 np0000183413 devstack@neutron-api.service[103526]: INFO neutron.pecan_wsgi.hooks.translation [None req-9f66dca0-0e78-484e-a776-0d1c060bee25 admin admin] GET failed (client error): The resource could not be found.
Jun 29 04:58:48.581046 np0000183413 devstack@neutron-api.service[103526]: [pid: 103526|app: 0|req: 24/96] 199.204.45.77 () {64 vars in 1333 bytes} [Mon Jun 29 04:58:48 2026] GET /networking/v2.0/subnets/admin_subnet => generated 112 bytes in 11 msecs (HTTP/1.1 404) 4 headers in 164 bytes (1 switches on core 0)
Jun 29 04:58:48.616549 np0000183413 devstack@neutron-api.service[103524]: [pid: 103524|app: 0|req: 24/97] 199.204.45.77 () {64 vars in 1342 bytes} [Mon Jun 29 04:58:48 2026] GET /networking/v2.0/subnets?name=admin_subnet => generated 14 bytes in 23 msecs (HTTP/1.1 200) 4 headers in 156 bytes (1 switches on core 0)
Jun 29 04:58:48.879631 np0000183413 devstack@neutron-api.service[103523]: DEBUG neutron.pecan_wsgi.hooks.policy_enforcement [None req-a30efe56-ba9e-460a-a008-84ecd1dee001 admin admin] Attributes excluded by policy engine: ['standard_attr_id'] {{(pid=103523) _exclude_attributes_by_policy /opt/stack/neutron/neutron/pecan_wsgi/hooks/policy_enforcement.py:259}}
Jun 29 04:58:48.881143 np0000183413 devstack@neutron-api.service[103523]: [pid: 103523|app: 0|req: 26/98] 199.204.45.77 () {64 vars in 1408 bytes} [Mon Jun 29 04:58:48 2026] GET /networking/v2.0/networks/898542cd-f654-4ffc-a947-b4834ec3bdb3 => generated 664 bytes in 27 msecs (HTTP/1.1 200) 4 headers in 157 bytes (1 switches on core 0)
Jun 29 04:58:48.898083 np0000183413 devstack@neutron-api.service[103525]: DEBUG neutron.api.v2.base [None req-06139a69-cc94-47e0-b1c0-94755af00138 admin admin] Request body: {'subnet': {'ip_version': 4, 'network_id': '898542cd-f654-4ffc-a947-b4834ec3bdb3', 'cidr': '10.2.5.0/24', 'project_id': '9707bcb05a2d4358be227633da28c61b', 'gateway_ip': None, 'name': 'admin_subnet'}} {{(pid=103525) prepare_request_body /opt/stack/neutron/neutron/api/v2/base.py:727}}
Jun 29 04:58:48.914960 np0000183413 devstack@neutron-api.service[103525]: DEBUG neutron.pecan_wsgi.hooks.quota_enforcement [None req-06139a69-cc94-47e0-b1c0-94755af00138 admin admin] Made reservation on behalf of 9707bcb05a2d4358be227633da28c61b for: {'subnet': 1} {{(pid=103525) before /opt/stack/neutron/neutron/pecan_wsgi/hooks/quota_enforcement.py:66}}
Jun 29 04:58:48.919008 np0000183413 devstack@neutron-api.service[103525]: DEBUG neutron_lib.callbacks.manager [None req-06139a69-cc94-47e0-b1c0-94755af00138 admin admin] Publish callbacks [] for subnet (None), before_create {{(pid=103525) _notify_loop /opt/stack/data/venv/lib/python3.12/site-packages/neutron_lib/callbacks/manager.py:184}}
Jun 29 04:58:48.975911 np0000183413 devstack@neutron-api.service[103525]: DEBUG neutron.db.ovn_revision_numbers_db [None req-06139a69-cc94-47e0-b1c0-94755af00138 admin admin] create_initial_revision uuid=a20ee184-2096-4169-98ad-1f1c227e023e, type=subnets, rev=-1 {{(pid=103525) create_initial_revision /opt/stack/neutron/neutron/db/ovn_revision_numbers_db.py:98}}
Jun 29 04:58:48.982410 np0000183413 devstack@neutron-api.service[103525]: DEBUG neutron_lib.callbacks.manager [None req-06139a69-cc94-47e0-b1c0-94755af00138 admin admin] Publish callbacks ['neutron.plugins.ml2.ovo_rpc._ObjectChangeHandler.handle_event-31870361'] for subnet (a20ee184-2096-4169-98ad-1f1c227e023e), after_create {{(pid=103525) _notify_loop /opt/stack/data/venv/lib/python3.12/site-packages/neutron_lib/callbacks/manager.py:184}}
Jun 29 04:58:48.997757 np0000183413 devstack@neutron-api.service[103525]: DEBUG neutron.api.rpc.handlers.resources_rpc [None req-06139a69-cc94-47e0-b1c0-94755af00138 admin admin] Pushing event updated for resources: {'Subnet': ['ID=a20ee184-2096-4169-98ad-1f1c227e023e,revision_number=0']} {{(pid=103525) push /opt/stack/neutron/neutron/api/rpc/handlers/resources_rpc.py:237}}
Jun 29 04:58:49.002384 np0000183413 devstack@neutron-api.service[103525]: DEBUG neutron.api.rpc.callbacks.version_manager [None req-06139a69-cc94-47e0-b1c0-94755af00138 admin admin] Tracked resource versions report:
Jun 29 04:58:49.002384 np0000183413 devstack@neutron-api.service[103525]: pushed versions:
Jun 29 04:58:49.002384 np0000183413 devstack@neutron-api.service[103525]: { 'AddressGroup': {'1.2'},
Jun 29 04:58:49.002384 np0000183413 devstack@neutron-api.service[103525]: 'Agent': {'1.1'},
Jun 29 04:58:49.002384 np0000183413 devstack@neutron-api.service[103525]: 'ConntrackHelper': {'1.0'},
Jun 29 04:58:49.002384 np0000183413 devstack@neutron-api.service[103525]: 'LocalIPAssociation': {'1.0'},
Jun 29 04:58:49.002384 np0000183413 devstack@neutron-api.service[103525]: 'Log': {'1.0'},
Jun 29 04:58:49.002384 np0000183413 devstack@neutron-api.service[103525]: 'NDPProxy': {'1.0'},
Jun 29 04:58:49.002384 np0000183413 devstack@neutron-api.service[103525]: 'Network': {'1.3'},
Jun 29 04:58:49.002384 np0000183413 devstack@neutron-api.service[103525]: 'Port': {'1.11'},
Jun 29 04:58:49.002384 np0000183413 devstack@neutron-api.service[103525]: 'PortForwarding': {'1.3'},
Jun 29 04:58:49.002384 np0000183413 devstack@neutron-api.service[103525]: 'QosPolicy': {'1.10'},
Jun 29 04:58:49.002384 np0000183413 devstack@neutron-api.service[103525]: 'SecurityGroup': {'1.6'},
Jun 29 04:58:49.002384 np0000183413 devstack@neutron-api.service[103525]: 'SecurityGroupRule': {'1.3'},
Jun 29 04:58:49.002384 np0000183413 devstack@neutron-api.service[103525]: 'SubPort': {'1.0'},
Jun 29 04:58:49.002384 np0000183413 devstack@neutron-api.service[103525]: 'Subnet': {'1.2'},
Jun 29 04:58:49.002384 np0000183413 devstack@neutron-api.service[103525]: 'Trunk': {'1.1'}}
Jun 29 04:58:49.002384 np0000183413 devstack@neutron-api.service[103525]: consumer versions:
Jun 29 04:58:49.002384 np0000183413 devstack@neutron-api.service[103525]: {OVN Controller Gateway agent@np0000183413: {}}
Jun 29 04:58:49.002384 np0000183413 devstack@neutron-api.service[103525]: {{(pid=103525) report /opt/stack/neutron/neutron/api/rpc/callbacks/version_manager.py:183}}
Jun 29 04:58:49.049059 np0000183413 devstack@neutron-api.service[103525]: DEBUG neutron_lib.callbacks.manager [None req-06139a69-cc94-47e0-b1c0-94755af00138 admin admin] Publish callbacks ['neutron.plugins.ml2.plugin.SecurityGroupDbMixin._ensure_default_security_group_handler-2890650', 'neutron.services.ovn_l3.plugin.OVNL3RouterPlugin._port_update-8138576193456', 'neutron.db.l3_db.L3_NAT_dbonly_mixin._prevent_internal_ip_change_for_fip-8138578685192'] for port (f152929a-fa68-4c7c-971f-15977cc4f33c), before_update {{(pid=103525) _notify_loop /opt/stack/data/venv/lib/python3.12/site-packages/neutron_lib/callbacks/manager.py:184}}
Jun 29 04:58:49.141048 np0000183413 devstack@neutron-api.service[103525]: DEBUG neutron.db.db_base_plugin_common [None req-06139a69-cc94-47e0-b1c0-94755af00138 admin admin] Allocated IP 10.2.5.1 (898542cd-f654-4ffc-a947-b4834ec3bdb3/a20ee184-2096-4169-98ad-1f1c227e023e/f152929a-fa68-4c7c-971f-15977cc4f33c) {{(pid=103525) _store_ip_allocation /opt/stack/neutron/neutron/db/db_base_plugin_common.py:131}}
Jun 29 04:58:49.210229 np0000183413 devstack@neutron-api.service[103525]: DEBUG neutron_lib.callbacks.manager [None req-06139a69-cc94-47e0-b1c0-94755af00138 admin admin] Publish callbacks [] for port (f152929a-fa68-4c7c-971f-15977cc4f33c), precommit_update {{(pid=103525) _notify_loop /opt/stack/data/venv/lib/python3.12/site-packages/neutron_lib/callbacks/manager.py:184}}
Jun 29 04:58:49.210468 np0000183413 devstack@neutron-api.service[103525]: DEBUG neutron.plugins.ml2.drivers.ovn.mech_driver.mech_driver [None req-06139a69-cc94-47e0-b1c0-94755af00138 admin admin] No provisioning block for port f152929a-fa68-4c7c-971f-15977cc4f33c since it does not have a host {{(pid=103525) _is_port_provisioning_required /opt/stack/neutron/neutron/plugins/ml2/drivers/ovn/mech_driver/mech_driver.py:899}}
Jun 29 04:58:49.223581 np0000183413 devstack@neutron-api.service[103525]: DEBUG neutron_lib.callbacks.manager [None req-06139a69-cc94-47e0-b1c0-94755af00138 admin admin] Publish callbacks ['neutron.plugins.ml2.ovo_rpc._ObjectChangeHandler.handle_event-31870372', 'neutron.services.ovn_l3.plugin.OVNL3RouterPlugin._port_update-8138576193456'] for port (f152929a-fa68-4c7c-971f-15977cc4f33c), after_update {{(pid=103525) _notify_loop /opt/stack/data/venv/lib/python3.12/site-packages/neutron_lib/callbacks/manager.py:184}}
Jun 29 04:58:49.254130 np0000183413 devstack@neutron-api.service[103525]: DEBUG neutron.api.rpc.handlers.resources_rpc [None req-06139a69-cc94-47e0-b1c0-94755af00138 admin admin] Pushing event updated for resources: {'Port': ['ID=f152929a-fa68-4c7c-971f-15977cc4f33c,revision_number=2']} {{(pid=103525) push /opt/stack/neutron/neutron/api/rpc/handlers/resources_rpc.py:237}}
Jun 29 04:58:49.362474 np0000183413 devstack@neutron-api.service[103525]: DEBUG neutron.plugins.ml2.drivers.ovn.mech_driver.ovsdb.commands [None req-06139a69-cc94-47e0-b1c0-94755af00138 admin admin] Converting tag [] to a tag_request {{(pid=103525) _tag_column_to_tag_request /opt/stack/neutron/neutron/plugins/ml2/drivers/ovn/mech_driver/ovsdb/commands.py:205}}
Jun 29 04:58:49.363879 np0000183413 devstack@neutron-api.service[103525]: DEBUG ovsdbapp.backend.ovs_idl.transaction [None req-623bbf54-dd89-4aa7-a9d4-3e39de11bf86 None None] Running txn n=1 command(idx=0): CheckRevisionNumberCommand(_result=None, name=f152929a-fa68-4c7c-971f-15977cc4f33c, resource={'id': 'f152929a-fa68-4c7c-971f-15977cc4f33c', 'name': '', 'network_id': '898542cd-f654-4ffc-a947-b4834ec3bdb3', 'project_id': '9707bcb05a2d4358be227633da28c61b', 'mac_address': 'fa:16:3e:4e:8c:c9', 'admin_state_up': True, 'status': 'DOWN', 'device_id': 'ovnmeta-898542cd-f654-4ffc-a947-b4834ec3bdb3', 'device_owner': 'network:distributed', 'standard_attr_id': 44, 'fixed_ips': [{'subnet_id': 'a20ee184-2096-4169-98ad-1f1c227e023e', 'ip_address': '10.2.5.1'}], 'allowed_address_pairs': [], 'extra_dhcp_opts': [], 'security_groups': [], 'description': '', 'binding:vnic_type': 'normal', 'binding:profile': {}, 'binding:host_id': '', 'binding:vif_type': 'unbound', 'binding:vif_details': {}, 'port_security_enabled': False, 'tags': [], 'created_at': '2026-06-29T04:58:47Z', 'updated_at': '2026-06-29T04:58:49Z', 'revision_number': 2, 'tenant_id': '9707bcb05a2d4358be227633da28c61b', 'network': {'id': '898542cd-f654-4ffc-a947-b4834ec3bdb3', 'name': 'admin_net', 'tenant_id': '9707bcb05a2d4358be227633da28c61b', 'project_id': '9707bcb05a2d4358be227633da28c61b', 'admin_state_up': True, 'mtu': 1372, 'status': 'ACTIVE', 'subnets': ['a20ee184-2096-4169-98ad-1f1c227e023e'], 'standard_attr_id': 42, 'shared': False, 'availability_zone_hints': [], 'availability_zones': [], 'ipv4_address_scope': None, 'ipv6_address_scope': None, 'router:external': False, 'qinq': False, 'vlan_transparent': False, 'description': '', 'port_security_enabled': True, 'tags': [], 'created_at': '2026-06-29T04:58:47Z', 'updated_at': '2026-06-29T04:58:48Z', 'revision_number': 2, 'provider:network_type': 'geneve', 'provider:physical_network': None, 'provider:segmentation_id': 57365}}, resource_type=ports, if_exists=True) {{(pid=103525) do_commit /opt/stack/data/venv/lib/python3.12/site-packages/ovsdbapp/backend/ovs_idl/transaction.py:89}}
Jun 29 04:58:49.364801 np0000183413 devstack@neutron-api.service[103525]: DEBUG ovsdbapp.backend.ovs_idl.transaction [None req-623bbf54-dd89-4aa7-a9d4-3e39de11bf86 None None] Running txn n=1 command(idx=1): AddDHCPOptionsCommand(_result=None, columns={'cidr': '10.2.5.0/24', 'options': {'server_id': '10.2.5.1', 'lease_time': '43200', 'mtu': '1372', 'server_mac': 'fa:16:3e:f6:20:c3', 'dns_server': '{127.0.0.53}', 'classless_static_route': '{169.254.169.254/32,10.2.5.1}'}, 'external_ids': {'subnet_id': 'a20ee184-2096-4169-98ad-1f1c227e023e', 'neutron:network_id': '898542cd-f654-4ffc-a947-b4834ec3bdb3', 'neutron:revision_number': '0'}}, may_exist=True, subnet_id=a20ee184-2096-4169-98ad-1f1c227e023e, port_id=None, new_insert=False) {{(pid=103525) do_commit /opt/stack/data/venv/lib/python3.12/site-packages/ovsdbapp/backend/ovs_idl/transaction.py:89}}
Jun 29 04:58:49.365619 np0000183413 devstack@neutron-api.service[103525]: DEBUG ovsdbapp.backend.ovs_idl.transaction [None req-623bbf54-dd89-4aa7-a9d4-3e39de11bf86 None None] Running txn n=1 command(idx=2): SetLSwitchPortCommand(_result=None, lport=f152929a-fa68-4c7c-971f-15977cc4f33c, external_ids_update=None, columns={'external_ids': {'neutron:port_name': '', 'neutron:device_id': 'ovnmeta-898542cd-f654-4ffc-a947-b4834ec3bdb3', 'neutron:project_id': '9707bcb05a2d4358be227633da28c61b', 'neutron:cidrs': '10.2.5.1/24', 'neutron:device_owner': 'network:distributed', 'neutron:subnet_pool_addr_scope4': '', 'neutron:subnet_pool_addr_scope6': '', 'neutron:network_name': 'neutron-898542cd-f654-4ffc-a947-b4834ec3bdb3', 'neutron:security_group_ids': '', 'neutron:revision_number': '2', 'neutron:vnic_type': 'normal', 'neutron:port_capabilities': '', 'neutron:mtu': '1372'}, 'parent_name': [], 'options': {}, 'enabled': True, 'port_security': [], 'dhcpv4_options': [], 'dhcpv6_options': [], 'type': 'localport', 'addresses': ['fa:16:3e:4e:8c:c9 10.2.5.1'], 'ha_chassis_group': [], 'tag_request': []}, if_exists=False) {{(pid=103525) do_commit /opt/stack/data/venv/lib/python3.12/site-packages/ovsdbapp/backend/ovs_idl/transaction.py:89}}
Jun 29 04:58:49.367558 np0000183413 devstack@neutron-api.service[103525]: DEBUG ovsdbapp.backend.ovs_idl.transaction [None req-623bbf54-dd89-4aa7-a9d4-3e39de11bf86 None None] Running txn n=1 command(idx=3): PgDelPortCommand(_result=None, port_group=neutron_pg_drop, lsp=['f152929a-fa68-4c7c-971f-15977cc4f33c'], if_exists=False) {{(pid=103525) do_commit /opt/stack/data/venv/lib/python3.12/site-packages/ovsdbapp/backend/ovs_idl/transaction.py:89}}
Jun 29 04:58:49.373903 np0000183413 devstack@neutron-api.service[103525]: DEBUG neutron.plugins.ml2.drivers.ovn.mech_driver.ovsdb.ovsdb_monitor [None req-623bbf54-dd89-4aa7-a9d4-3e39de11bf86 None None] Touching Hash Ring node "94281b6c8c585caa826dfee33353a673" from IDL notify handler {{(pid=103525) notify /opt/stack/neutron/neutron/plugins/ml2/drivers/ovn/mech_driver/ovsdb/ovsdb_monitor.py:1007}}
Jun 29 04:58:49.381845 np0000183413 devstack@neutron-api.service[103526]: DEBUG neutron.plugins.ml2.drivers.ovn.mech_driver.ovsdb.ovsdb_monitor [None req-a3a48857-aa32-4c02-8ebc-f431858879c0 None None] Touching Hash Ring node "ca33365dc77c59db9a3dd17800273ed8" from IDL notify handler {{(pid=103526) notify /opt/stack/neutron/neutron/plugins/ml2/drivers/ovn/mech_driver/ovsdb/ovsdb_monitor.py:1007}}
Jun 29 04:58:49.382989 np0000183413 devstack@neutron-api.service[103524]: DEBUG neutron.plugins.ml2.drivers.ovn.mech_driver.ovsdb.ovsdb_monitor [None req-118f6cd4-c1a1-4bce-bddb-8cee488cad36 None None] Hash Ring: Node ad5f4eca794a5870927ba82f5b362656 (host: np0000183413) handling event "update" for row 4b947623-4967-4ab6-a8d3-9de7e4c547d7 (table: Port_Binding) {{(pid=103524) notify /opt/stack/neutron/neutron/plugins/ml2/drivers/ovn/mech_driver/ovsdb/ovsdb_monitor.py:1015}}
Jun 29 04:58:49.387707 np0000183413 devstack@neutron-api.service[103525]: DEBUG neutron.plugins.ml2.drivers.ovn.mech_driver.ovsdb.ovsdb_monitor [None req-623bbf54-dd89-4aa7-a9d4-3e39de11bf86 None None] Hash Ring: Node 94281b6c8c585caa826dfee33353a673 (host: np0000183413) handling event "update" for row 27bad8fe-c297-4327-ab7c-4809fcd83ad0 (table: Logical_Switch_Port) {{(pid=103525) notify /opt/stack/neutron/neutron/plugins/ml2/drivers/ovn/mech_driver/ovsdb/ovsdb_monitor.py:1015}}
Jun 29 04:58:49.394845 np0000183413 devstack@neutron-api.service[103526]: DEBUG neutron.plugins.ml2.drivers.ovn.mech_driver.ovsdb.ovsdb_monitor [None req-a3a48857-aa32-4c02-8ebc-f431858879c0 None None] Hash Ring: Node ca33365dc77c59db9a3dd17800273ed8 (host: np0000183413) handling event "create" for row 1eefddf4-10a4-46d8-a53c-fea9517dc454 (table: DHCP_Options) {{(pid=103526) notify /opt/stack/neutron/neutron/plugins/ml2/drivers/ovn/mech_driver/ovsdb/ovsdb_monitor.py:1015}}
Jun 29 04:58:49.401614 np0000183413 devstack@neutron-api.service[103526]: DEBUG futurist.periodics [-] Submitting periodic callback 'neutron.plugins.ml2.drivers.ovn.mech_driver.ovsdb.maintenance.HashRingHealthCheckPeriodics.touch_hash_ring_node' {{(pid=103526) _process_scheduled /opt/stack/data/venv/lib/python3.12/site-packages/futurist/periodics.py:784}}
Jun 29 04:58:49.402313 np0000183413 devstack@neutron-api.service[103526]: DEBUG neutron.plugins.ml2.drivers.ovn.mech_driver.ovsdb.maintenance [-] Touching Hash Ring node "ca33365dc77c59db9a3dd17800273ed8" from periodic health check thread {{(pid=103526) touch_hash_ring_node /opt/stack/neutron/neutron/plugins/ml2/drivers/ovn/mech_driver/ovsdb/maintenance.py:1419}}
Jun 29 04:58:49.422017 np0000183413 devstack@neutron-api.service[103525]: DEBUG futurist.periodics [-] Submitting periodic callback 'neutron.plugins.ml2.drivers.ovn.mech_driver.ovsdb.maintenance.HashRingHealthCheckPeriodics.touch_hash_ring_node' {{(pid=103525) _process_scheduled /opt/stack/data/venv/lib/python3.12/site-packages/futurist/periodics.py:784}}
Jun 29 04:58:49.423425 np0000183413 devstack@neutron-api.service[103525]: DEBUG neutron.plugins.ml2.drivers.ovn.mech_driver.ovsdb.maintenance [-] Touching Hash Ring node "94281b6c8c585caa826dfee33353a673" from periodic health check thread {{(pid=103525) touch_hash_ring_node /opt/stack/neutron/neutron/plugins/ml2/drivers/ovn/mech_driver/ovsdb/maintenance.py:1419}}
Jun 29 04:58:49.431472 np0000183413 devstack@neutron-api.service[103525]: INFO neutron.db.ovn_revision_numbers_db [None req-06139a69-cc94-47e0-b1c0-94755af00138 admin admin] Successfully bumped revision number for resource f152929a-fa68-4c7c-971f-15977cc4f33c (type: ports) to 2
Jun 29 04:58:49.444052 np0000183413 devstack@neutron-api.service[103525]: DEBUG neutron.plugins.ml2.plugin [None req-06139a69-cc94-47e0-b1c0-94755af00138 admin admin] In _notify_port_updated(), no bound segment for port f152929a-fa68-4c7c-971f-15977cc4f33c on network 898542cd-f654-4ffc-a947-b4834ec3bdb3 {{(pid=103525) _notify_port_updated /opt/stack/neutron/neutron/plugins/ml2/plugin.py:1041}}
Jun 29 04:58:49.466639 np0000183413 devstack@neutron-api.service[103525]: INFO neutron.db.ovn_revision_numbers_db [None req-06139a69-cc94-47e0-b1c0-94755af00138 admin admin] Successfully bumped revision number for resource a20ee184-2096-4169-98ad-1f1c227e023e (type: subnets) to 0
Jun 29 04:58:49.468647 np0000183413 devstack@neutron-api.service[103525]: DEBUG neutron.pecan_wsgi.hooks.policy_enforcement [None req-06139a69-cc94-47e0-b1c0-94755af00138 admin admin] Attributes excluded by policy engine: ['standard_attr_id', 'shared', 'network'] {{(pid=103525) _exclude_attributes_by_policy /opt/stack/neutron/neutron/pecan_wsgi/hooks/policy_enforcement.py:259}}
Jun 29 04:58:49.469021 np0000183413 devstack@neutron-api.service[103525]: DEBUG neutron_lib.callbacks.manager [None req-06139a69-cc94-47e0-b1c0-94755af00138 admin admin] Publish callbacks [] for subnet (None), before_response {{(pid=103525) _notify_loop /opt/stack/data/venv/lib/python3.12/site-packages/neutron_lib/callbacks/manager.py:184}}
Jun 29 04:58:49.484825 np0000183413 devstack@neutron-api.service[103525]: [pid: 103525|app: 0|req: 25/99] 199.204.45.77 () {68 vars in 1348 bytes} [Mon Jun 29 04:58:48 2026] POST /networking/v2.0/subnets => generated 625 bytes in 590 msecs (HTTP/1.1 201) 4 headers in 162 bytes (1 switches on core 0)
Jun 29 04:58:49.696446 np0000183413 devstack@neutron-api.service[103526]: INFO neutron.pecan_wsgi.hooks.translation [None req-5efb6aac-2587-4472-91a3-1a8237f7e987 admin admin] GET failed (client error): The resource could not be found.
Jun 29 04:58:49.697155 np0000183413 devstack@neutron-api.service[103526]: [pid: 103526|app: 0|req: 25/100] 199.204.45.77 () {64 vars in 1333 bytes} [Mon Jun 29 04:58:49 2026] GET /networking/v2.0/subnets/admin_subnet => generated 112 bytes in 14 msecs (HTTP/1.1 404) 4 headers in 164 bytes (1 switches on core 0)
Jun 29 04:58:49.724684 np0000183413 devstack@neutron-api.service[103524]: DEBUG futurist.periodics [-] Submitting periodic callback 'neutron.plugins.ml2.drivers.ovn.mech_driver.ovsdb.maintenance.HashRingHealthCheckPeriodics.touch_hash_ring_node' {{(pid=103524) _process_scheduled /opt/stack/data/venv/lib/python3.12/site-packages/futurist/periodics.py:784}}
Jun 29 04:58:49.725217 np0000183413 devstack@neutron-api.service[103524]: DEBUG neutron.plugins.ml2.drivers.ovn.mech_driver.ovsdb.maintenance [-] Touching Hash Ring node "ad5f4eca794a5870927ba82f5b362656" from periodic health check thread {{(pid=103524) touch_hash_ring_node /opt/stack/neutron/neutron/plugins/ml2/drivers/ovn/mech_driver/ovsdb/maintenance.py:1419}}
Jun 29 04:58:49.736767 np0000183413 devstack@neutron-api.service[103524]: DEBUG neutron.pecan_wsgi.hooks.policy_enforcement [None req-5bb04fea-5b04-4165-b2f9-d4f2b92183f9 admin admin] Attributes excluded by policy engine: ['standard_attr_id', 'shared'] {{(pid=103524) _exclude_attributes_by_policy /opt/stack/neutron/neutron/pecan_wsgi/hooks/policy_enforcement.py:259}}
Jun 29 04:58:49.739801 np0000183413 devstack@neutron-api.service[103524]: [pid: 103524|app: 0|req: 25/101] 199.204.45.77 () {64 vars in 1342 bytes} [Mon Jun 29 04:58:49 2026] GET /networking/v2.0/subnets?name=admin_subnet => generated 628 bytes in 32 msecs (HTTP/1.1 200) 4 headers in 157 bytes (1 switches on core 0)
Jun 29 04:58:54.661379 np0000183413 devstack@neutron-api.service[103525]: DEBUG neutron.plugins.ml2.drivers.ovn.mech_driver.ovsdb.ovsdb_monitor [None req-07d77739-0b97-4965-bf08-85867c1c38a9 None None] ChassisOVNAgentWriteEvent : Matched Chassis_Private, update, None None {{(pid=103525) matches /opt/stack/neutron/neutron/plugins/ml2/drivers/ovn/mech_driver/ovsdb/ovsdb_monitor.py:64}}
Jun 29 04:58:54.662062 np0000183413 devstack@neutron-api.service[103526]: DEBUG neutron.plugins.ml2.drivers.ovn.mech_driver.ovsdb.ovsdb_monitor [None req-9728219e-bf51-43a4-8ecb-4926fb1bc3b4 None None] ChassisOVNAgentWriteEvent : Matched Chassis_Private, update, None None {{(pid=103526) matches /opt/stack/neutron/neutron/plugins/ml2/drivers/ovn/mech_driver/ovsdb/ovsdb_monitor.py:64}}
Jun 29 04:58:54.662733 np0000183413 devstack@neutron-api.service[103525]: DEBUG neutron.plugins.ml2.drivers.ovn.mech_driver.ovsdb.ovsdb_monitor [None req-07d77739-0b97-4965-bf08-85867c1c38a9 None None] Touching Hash Ring node "94281b6c8c585caa826dfee33353a673" from IDL notify handler {{(pid=103525) notify /opt/stack/neutron/neutron/plugins/ml2/drivers/ovn/mech_driver/ovsdb/ovsdb_monitor.py:1007}}
Jun 29 04:58:54.662928 np0000183413 devstack@neutron-api.service[103524]: DEBUG neutron.plugins.ml2.drivers.ovn.mech_driver.ovsdb.ovsdb_monitor [None req-118f6cd4-c1a1-4bce-bddb-8cee488cad36 None None] ChassisOVNAgentWriteEvent : Matched Chassis_Private, update, None None {{(pid=103524) matches /opt/stack/neutron/neutron/plugins/ml2/drivers/ovn/mech_driver/ovsdb/ovsdb_monitor.py:64}}
Jun 29 04:58:54.673272 np0000183413 devstack@neutron-api.service[103525]: DEBUG neutron.plugins.ml2.drivers.ovn.mech_driver.ovsdb.ovsdb_monitor [None req-07d77739-0b97-4965-bf08-85867c1c38a9 None None] Hash Ring: Node 94281b6c8c585caa826dfee33353a673 (host: np0000183413) handling event "update" for row febfcf27-6945-4681-969c-e9676e0c3ffd (table: Chassis_Private) {{(pid=103525) notify /opt/stack/neutron/neutron/plugins/ml2/drivers/ovn/mech_driver/ovsdb/ovsdb_monitor.py:1015}}
Jun 29 04:58:54.861259 np0000183413 devstack@neutron-api.service[103523]: DEBUG neutron.plugins.ml2.drivers.ovn.mech_driver.ovsdb.ovsdb_monitor [None req-6fa1dc60-0a88-4b27-a502-b29cf55ca8b6 None None] ChassisOVNAgentWriteEvent : Matched Chassis_Private, update, None None {{(pid=103523) matches /opt/stack/neutron/neutron/plugins/ml2/drivers/ovn/mech_driver/ovsdb/ovsdb_monitor.py:64}}
Jun 29 04:58:54.862420 np0000183413 devstack@neutron-api.service[103523]: [pid: 103523|app: 0|req: 27/102] 199.204.45.77 () {64 vars in 1362 bytes} [Mon Jun 29 04:58:54 2026] GET /networking/v2.0/ports?device_id=manila-admin-share&binding%3Ahost_id=np0000183413 => generated 12 bytes in 332 msecs (HTTP/1.1 200) 4 headers in 156 bytes (1 switches on core 0)
Jun 29 04:58:54.908086 np0000183413 devstack@neutron-api.service[103525]: DEBUG neutron.api.wsgi [None req-ac5f0a1a-6179-4496-a284-94b6408d8fbe service neutron] Missing Content-Type {{(pid=103525) get_content_type /opt/stack/neutron/neutron/api/wsgi.py:80}}
Jun 29 04:58:54.908962 np0000183413 devstack@neutron-api.service[103525]: DEBUG neutron.api.wsgi [None req-ac5f0a1a-6179-4496-a284-94b6408d8fbe service neutron] https://199.204.45.77/networking/v2.0/extensions returned with HTTP 200 {{(pid=103525) __call__ /opt/stack/neutron/neutron/api/wsgi.py:540}}
Jun 29 04:58:54.909655 np0000183413 devstack@neutron-api.service[103525]: [pid: 103525|app: 0|req: 26/103] 199.204.45.77 () {64 vars in 1258 bytes} [Mon Jun 29 04:58:54 2026] GET /networking/v2.0/extensions => generated 16171 bytes in 8 msecs (HTTP/1.1 200) 4 headers in 159 bytes (1 switches on core 0)
Jun 29 04:58:54.956587 np0000183413 devstack@neutron-api.service[103526]: DEBUG neutron.api.v2.base [None req-e8cbc274-67c3-4f3d-b568-b9c9388d0530 service neutron] Request body: {'port': {'network_id': '898542cd-f654-4ffc-a947-b4834ec3bdb3', 'admin_state_up': True, 'tenant_id': '9707bcb05a2d4358be227633da28c61b', 'port_security_enabled': False, 'binding:host_id': 'np0000183413', 'fixed_ips': [{'subnet_id': 'a20ee184-2096-4169-98ad-1f1c227e023e'}], 'device_owner': 'manila:share', 'device_id': 'manila-admin-share'}} {{(pid=103526) prepare_request_body /opt/stack/neutron/neutron/api/v2/base.py:727}}
Jun 29 04:58:54.976465 np0000183413 devstack@neutron-api.service[103526]: DEBUG neutron.pecan_wsgi.hooks.quota_enforcement [None req-e8cbc274-67c3-4f3d-b568-b9c9388d0530 service neutron] Made reservation on behalf of 9707bcb05a2d4358be227633da28c61b for: {'port': 1} {{(pid=103526) before /opt/stack/neutron/neutron/pecan_wsgi/hooks/quota_enforcement.py:66}}
Jun 29 04:58:54.982512 np0000183413 devstack@neutron-api.service[103526]: DEBUG neutron_lib.callbacks.manager [None req-e8cbc274-67c3-4f3d-b568-b9c9388d0530 service neutron] Publish callbacks ['neutron.plugins.ml2.plugin.SecurityGroupDbMixin._ensure_default_security_group_handler-213793'] for port (None), before_create {{(pid=103526) _notify_loop /opt/stack/data/venv/lib/python3.12/site-packages/neutron_lib/callbacks/manager.py:184}}
Jun 29 04:58:55.042698 np0000183413 devstack@neutron-api.service[103526]: DEBUG neutron.db.db_base_plugin_common [None req-e8cbc274-67c3-4f3d-b568-b9c9388d0530 service neutron] Allocated IP 10.2.5.217 (898542cd-f654-4ffc-a947-b4834ec3bdb3/a20ee184-2096-4169-98ad-1f1c227e023e/c155bece-6677-4ab0-b3da-6a9e026edf4d) {{(pid=103526) _store_ip_allocation /opt/stack/neutron/neutron/db/db_base_plugin_common.py:131}}
Jun 29 04:58:55.106235 np0000183413 devstack@neutron-api.service[103526]: DEBUG neutron_lib.callbacks.manager [None req-e8cbc274-67c3-4f3d-b568-b9c9388d0530 service neutron] Publish callbacks ['neutron.plugins.ml2.drivers.ovn.mech_driver.mech_driver.OVNMechanismDriver._validate_allowed_address_pairs-382287'] for allowed_address_pair (c155bece-6677-4ab0-b3da-6a9e026edf4d), before_create {{(pid=103526) _notify_loop /opt/stack/data/venv/lib/python3.12/site-packages/neutron_lib/callbacks/manager.py:184}}
Jun 29 04:58:55.107658 np0000183413 devstack@neutron-api.service[103526]: DEBUG neutron_lib.callbacks.manager [None req-e8cbc274-67c3-4f3d-b568-b9c9388d0530 service neutron] Publish callbacks [] for port (c155bece-6677-4ab0-b3da-6a9e026edf4d), precommit_create {{(pid=103526) _notify_loop /opt/stack/data/venv/lib/python3.12/site-packages/neutron_lib/callbacks/manager.py:184}}
Jun 29 04:58:55.112033 np0000183413 devstack@neutron-api.service[103526]: DEBUG neutron.db.provisioning_blocks [None req-e8cbc274-67c3-4f3d-b568-b9c9388d0530 service neutron] Transition to ACTIVE for port object c155bece-6677-4ab0-b3da-6a9e026edf4d will not be triggered until provisioned by entity L2. {{(pid=103526) add_provisioning_component /opt/stack/neutron/neutron/db/provisioning_blocks.py:74}}
Jun 29 04:58:55.112264 np0000183413 devstack@neutron-api.service[103526]: DEBUG neutron.db.ovn_revision_numbers_db [None req-e8cbc274-67c3-4f3d-b568-b9c9388d0530 service neutron] create_initial_revision uuid=c155bece-6677-4ab0-b3da-6a9e026edf4d, type=ports, rev=-1 {{(pid=103526) create_initial_revision /opt/stack/neutron/neutron/db/ovn_revision_numbers_db.py:98}}
Jun 29 04:58:55.122648 np0000183413 devstack@neutron-api.service[103526]: DEBUG neutron_lib.callbacks.manager [None req-e8cbc274-67c3-4f3d-b568-b9c9388d0530 service neutron] Publish callbacks ['neutron.plugins.ml2.ovo_rpc._ObjectChangeHandler.handle_event-31739176'] for port (c155bece-6677-4ab0-b3da-6a9e026edf4d), after_create {{(pid=103526) _notify_loop /opt/stack/data/venv/lib/python3.12/site-packages/neutron_lib/callbacks/manager.py:184}}
Jun 29 04:58:55.147289 np0000183413 devstack@neutron-api.service[103526]: DEBUG neutron.api.rpc.handlers.resources_rpc [None req-e8cbc274-67c3-4f3d-b568-b9c9388d0530 service neutron] Pushing event updated for resources: {'Port': ['ID=c155bece-6677-4ab0-b3da-6a9e026edf4d,revision_number=1']} {{(pid=103526) push /opt/stack/neutron/neutron/api/rpc/handlers/resources_rpc.py:237}}
Jun 29 04:58:55.192818 np0000183413 devstack@neutron-api.service[103526]: DEBUG neutron.plugins.ml2.drivers.ovn.mech_driver.ovsdb.commands [None req-e8cbc274-67c3-4f3d-b568-b9c9388d0530 service neutron] Converting tag [] to a tag_request {{(pid=103526) _tag_column_to_tag_request /opt/stack/neutron/neutron/plugins/ml2/drivers/ovn/mech_driver/ovsdb/commands.py:205}}
Jun 29 04:58:55.195049 np0000183413 devstack@neutron-api.service[103526]: DEBUG ovsdbapp.backend.ovs_idl.transaction [None req-a3a48857-aa32-4c02-8ebc-f431858879c0 None None] Running txn n=1 command(idx=0): AddLSwitchPortCommand(_result=None, lport=c155bece-6677-4ab0-b3da-6a9e026edf4d, lswitch=neutron-898542cd-f654-4ffc-a947-b4834ec3bdb3, may_exist=True, network_uuid=898542cd-f654-4ffc-a947-b4834ec3bdb3, columns={'addresses': ['fa:16:3e:13:82:83 10.2.5.217', 'unknown'], 'external_ids': {'neutron:port_name': '', 'neutron:device_id': 'manila-admin-share', 'neutron:project_id': '9707bcb05a2d4358be227633da28c61b', 'neutron:cidrs': '10.2.5.217/24', 'neutron:device_owner': 'manila:share', 'neutron:subnet_pool_addr_scope4': '', 'neutron:subnet_pool_addr_scope6': '', 'neutron:network_name': 'neutron-898542cd-f654-4ffc-a947-b4834ec3bdb3', 'neutron:security_group_ids': '', 'neutron:revision_number': '1', 'neutron:vnic_type': 'normal', 'neutron:port_capabilities': '', 'neutron:mtu': ''}, 'parent_name': [], 'enabled': True, 'options': {'requested-chassis': 'np0000183413'}, 'type': '', 'port_security': [], 'dhcpv4_options': [UUID('1eefddf4-10a4-46d8-a53c-fea9517dc454')], 'dhcpv6_options': [], 'tag_request': []}) {{(pid=103526) do_commit /opt/stack/data/venv/lib/python3.12/site-packages/ovsdbapp/backend/ovs_idl/transaction.py:89}}
Jun 29 04:58:55.195049 np0000183413 devstack@neutron-api.service[103526]: DEBUG ovsdbapp.backend.ovs_idl.transaction [None req-a3a48857-aa32-4c02-8ebc-f431858879c0 None None] Running txn n=1 command(idx=1): QoSDelCommand(_result=None, switch=neutron-898542cd-f654-4ffc-a947-b4834ec3bdb3, conditions=[('direction', '=', 'to-lport'), ('priority', '=', 2002), ('match', '=', 'outport == "c155bece-6677-4ab0-b3da-6a9e026edf4d"')], if_exists=True) {{(pid=103526) do_commit /opt/stack/data/venv/lib/python3.12/site-packages/ovsdbapp/backend/ovs_idl/transaction.py:89}}
Jun 29 04:58:55.195584 np0000183413 devstack@neutron-api.service[103526]: DEBUG ovsdbapp.backend.ovs_idl.transaction [None req-a3a48857-aa32-4c02-8ebc-f431858879c0 None None] Running txn n=1 command(idx=2): QoSDelCommand(_result=None, switch=neutron-898542cd-f654-4ffc-a947-b4834ec3bdb3, conditions=[('direction', '=', 'from-lport'), ('priority', '=', 2002), ('match', '=', 'inport == "c155bece-6677-4ab0-b3da-6a9e026edf4d"')], if_exists=True) {{(pid=103526) do_commit /opt/stack/data/venv/lib/python3.12/site-packages/ovsdbapp/backend/ovs_idl/transaction.py:89}}
Jun 29 04:58:55.232200 np0000183413 devstack@neutron-api.service[103526]: DEBUG neutron.plugins.ml2.drivers.ovn.mech_driver.ovsdb.ovsdb_monitor [None req-a3a48857-aa32-4c02-8ebc-f431858879c0 None None] Touching Hash Ring node "ca33365dc77c59db9a3dd17800273ed8" from IDL notify handler {{(pid=103526) notify /opt/stack/neutron/neutron/plugins/ml2/drivers/ovn/mech_driver/ovsdb/ovsdb_monitor.py:1007}}
Jun 29 04:58:55.244402 np0000183413 devstack@neutron-api.service[103526]: DEBUG neutron.plugins.ml2.drivers.ovn.mech_driver.ovsdb.ovsdb_monitor [None req-9728219e-bf51-43a4-8ecb-4926fb1bc3b4 None None] Hash Ring: Node ca33365dc77c59db9a3dd17800273ed8 (host: np0000183413) handling event "create" for row 831e09c4-2fc4-4573-81c9-bdb406a72ca5 (table: Port_Binding) {{(pid=103526) notify /opt/stack/neutron/neutron/plugins/ml2/drivers/ovn/mech_driver/ovsdb/ovsdb_monitor.py:1015}}
Jun 29 04:58:55.244565 np0000183413 devstack@neutron-api.service[103524]: DEBUG neutron.plugins.ml2.drivers.ovn.mech_driver.ovsdb.ovsdb_monitor [None req-4ffcce8e-454d-4117-ab66-9c81e13c5c15 None None] Touching Hash Ring node "ad5f4eca794a5870927ba82f5b362656" from IDL notify handler {{(pid=103524) notify /opt/stack/neutron/neutron/plugins/ml2/drivers/ovn/mech_driver/ovsdb/ovsdb_monitor.py:1007}}
Jun 29 04:58:55.247130 np0000183413 devstack@neutron-api.service[103526]: DEBUG neutron.plugins.ml2.drivers.ovn.mech_driver.ovsdb.ovsdb_monitor [None req-a3a48857-aa32-4c02-8ebc-f431858879c0 None None] Hash Ring: Node ca33365dc77c59db9a3dd17800273ed8 (host: np0000183413) handling event "update" for row 898542cd-f654-4ffc-a947-b4834ec3bdb3 (table: Logical_Switch) {{(pid=103526) notify /opt/stack/neutron/neutron/plugins/ml2/drivers/ovn/mech_driver/ovsdb/ovsdb_monitor.py:1015}}
Jun 29 04:58:55.258299 np0000183413 devstack@neutron-api.service[103524]: DEBUG neutron.plugins.ml2.drivers.ovn.mech_driver.ovsdb.ovsdb_monitor [None req-4ffcce8e-454d-4117-ab66-9c81e13c5c15 None None] Hash Ring: Node ad5f4eca794a5870927ba82f5b362656 (host: np0000183413) handling event "create" for row e6860a26-7cf1-48ac-b82d-17b6b098c4b9 (table: Logical_Switch_Port) {{(pid=103524) notify /opt/stack/neutron/neutron/plugins/ml2/drivers/ovn/mech_driver/ovsdb/ovsdb_monitor.py:1015}}
Jun 29 04:58:55.259771 np0000183413 devstack@neutron-api.service[103524]: DEBUG ovsdbapp.backend.ovs_idl.event [None req-4ffcce8e-454d-4117-ab66-9c81e13c5c15 None None] Matched CREATE: LogicalSwitchPortCreateEvent(events=('create',), table='Logical_Switch_Port', conditions=[], old_conditions=None), priority=20 to row=Logical_Switch_Port(uuid=e6860a26-7cf1-48ac-b82d-17b6b098c4b9, addresses=['fa:16:3e:13:82:83 10.2.5.217', 'unknown'], dhcpv4_options=1eefddf4-10a4-46d8-a53c-fea9517dc454, dhcpv6_options=[], dynamic_addresses=[], enabled=True, external_ids={'neutron:cidrs': '10.2.5.217/24', 'neutron:device_id': 'manila-admin-share', 'neutron:device_owner': 'manila:share', 'neutron:mtu': '', 'neutron:network_name': 'neutron-898542cd-f654-4ffc-a947-b4834ec3bdb3', 'neutron:port_capabilities': '', 'neutron:port_name': '', 'neutron:project_id': '9707bcb05a2d4358be227633da28c61b', 'neutron:revision_number': '1', 'neutron:security_group_ids': '', 'neutron:subnet_pool_addr_scope4': '', 'neutron:subnet_pool_addr_scope6': '', 'neutron:vnic_type': 'normal'}, ha_chassis_group=[], mirror_rules=[], name='c155bece-6677-4ab0-b3da-6a9e026edf4d', options={'requested-chassis': 'np0000183413'}, parent_name=[], port_security=[], tag=[], tag_request=[], type='', up=[]) old= {{(pid=103524) matches /opt/stack/data/venv/lib/python3.12/site-packages/ovsdbapp/backend/ovs_idl/event.py:55}}
Jun 29 04:58:55.260900 np0000183413 devstack@neutron-api.service[103524]: INFO neutron.plugins.ml2.drivers.ovn.mech_driver.mech_driver [None req-54df3c32-309f-4cd3-a8e1-5ce4149bd56a None None] OVN reports status down for port: c155bece-6677-4ab0-b3da-6a9e026edf4d
Jun 29 04:58:55.262542 np0000183413 devstack@neutron-api.service[103524]: DEBUG neutron.plugins.ml2.drivers.ovn.mech_driver.ovsdb.ovsdb_monitor [None req-4ffcce8e-454d-4117-ab66-9c81e13c5c15 None None] Touching Hash Ring node "ad5f4eca794a5870927ba82f5b362656" from IDL notify handler {{(pid=103524) notify /opt/stack/neutron/neutron/plugins/ml2/drivers/ovn/mech_driver/ovsdb/ovsdb_monitor.py:1007}}
Jun 29 04:58:55.266680 np0000183413 devstack@neutron-api.service[103524]: DEBUG neutron.plugins.ml2.drivers.ovn.mech_driver.ovsdb.ovsdb_monitor [None req-4ffcce8e-454d-4117-ab66-9c81e13c5c15 None None] Hash Ring: Node ad5f4eca794a5870927ba82f5b362656 (host: np0000183413) handling event "update" for row e6860a26-7cf1-48ac-b82d-17b6b098c4b9 (table: Logical_Switch_Port) {{(pid=103524) notify /opt/stack/neutron/neutron/plugins/ml2/drivers/ovn/mech_driver/ovsdb/ovsdb_monitor.py:1015}}
Jun 29 04:58:55.280784 np0000183413 devstack@neutron-api.service[103526]: INFO neutron.db.ovn_revision_numbers_db [None req-e8cbc274-67c3-4f3d-b568-b9c9388d0530 service neutron] Successfully bumped revision number for resource c155bece-6677-4ab0-b3da-6a9e026edf4d (type: ports) to 1
Jun 29 04:58:55.291244 np0000183413 devstack@neutron-api.service[103524]: DEBUG neutron.db.provisioning_blocks [None req-54df3c32-309f-4cd3-a8e1-5ce4149bd56a None None] Ignored duplicate provisioning block setup for port c155bece-6677-4ab0-b3da-6a9e026edf4d by entity L2. {{(pid=103524) add_provisioning_component /opt/stack/neutron/neutron/db/provisioning_blocks.py:69}}
Jun 29 04:58:55.299306 np0000183413 devstack@neutron-api.service[103526]: DEBUG neutron.plugins.ml2.managers [None req-e8cbc274-67c3-4f3d-b568-b9c9388d0530 service neutron] Attempting to bind port c155bece-6677-4ab0-b3da-6a9e026edf4d on host np0000183413 for vnic_type normal with profile {{(pid=103526) bind_port /opt/stack/neutron/neutron/plugins/ml2/managers.py:865}}
Jun 29 04:58:55.299450 np0000183413 devstack@neutron-api.service[103526]: DEBUG neutron.plugins.ml2.managers [None req-e8cbc274-67c3-4f3d-b568-b9c9388d0530 service neutron] Attempting to bind port c155bece-6677-4ab0-b3da-6a9e026edf4d by drivers ovn on host np0000183413 at level 0 using segments [{'id': '1d081bc7-4d57-4ca5-b6e2-bf7f9782e8d3', 'network_type': 'geneve', 'physical_network': None, 'segmentation_id': 57365, 'network_id': '898542cd-f654-4ffc-a947-b4834ec3bdb3'}] {{(pid=103526) _bind_port_level /opt/stack/neutron/neutron/plugins/ml2/managers.py:890}}
Jun 29 04:58:55.300552 np0000183413 devstack@neutron-api.service[103526]: DEBUG neutron.plugins.ml2.drivers.ovn.mech_driver.mech_driver [None req-e8cbc274-67c3-4f3d-b568-b9c9388d0530 service neutron] Attempting to bind port c155bece-6677-4ab0-b3da-6a9e026edf4d on host np0000183413 for network segment with type geneve, segmentation ID 57365, physical network None {{(pid=103526) bind_port /opt/stack/neutron/neutron/plugins/ml2/drivers/ovn/mech_driver/mech_driver.py:1209}}
Jun 29 04:58:55.301146 np0000183413 devstack@neutron-api.service[103526]: DEBUG neutron.plugins.ml2.managers [None req-e8cbc274-67c3-4f3d-b568-b9c9388d0530 service neutron] Bound port: c155bece-6677-4ab0-b3da-6a9e026edf4d, host: np0000183413, vif_type: ovs, vif_details: {"port_filter": true, "connectivity": "l2", "ovs_create_tap": false, "bridge_name": "br-int", "datapath_type": "system"}, binding_levels: [{'bound_driver': 'ovn', 'bound_segment': {'id': '1d081bc7-4d57-4ca5-b6e2-bf7f9782e8d3', 'network_type': 'geneve', 'physical_network': None, 'segmentation_id': 57365, 'network_id': '898542cd-f654-4ffc-a947-b4834ec3bdb3'}}] {{(pid=103526) _bind_port_level /opt/stack/neutron/neutron/plugins/ml2/managers.py:1001}}
Jun 29 04:58:55.301328 np0000183413 devstack@neutron-api.service[103526]: DEBUG neutron_lib.callbacks.manager [None req-e8cbc274-67c3-4f3d-b568-b9c9388d0530 service neutron] Publish callbacks ['neutron.plugins.ml2.plugin.SecurityGroupDbMixin._ensure_default_security_group_handler-213793', 'neutron.services.ovn_l3.plugin.OVNL3RouterPlugin._port_update-8138576978634', 'neutron.db.l3_db.L3_NAT_dbonly_mixin._prevent_internal_ip_change_for_fip-8138578681806'] for port (c155bece-6677-4ab0-b3da-6a9e026edf4d), before_update {{(pid=103526) _notify_loop /opt/stack/data/venv/lib/python3.12/site-packages/neutron_lib/callbacks/manager.py:184}}
Jun 29 04:58:55.312246 np0000183413 devstack@neutron-api.service[103524]: DEBUG neutron.plugins.ml2.plugin [None req-54df3c32-309f-4cd3-a8e1-5ce4149bd56a None None] Current status of the port c155bece-6677-4ab0-b3da-6a9e026edf4d is: DOWN; New status is: DOWN {{(pid=103524) _update_individual_port_db_status /opt/stack/neutron/neutron/plugins/ml2/plugin.py:2473}}
Jun 29 04:58:55.313910 np0000183413 devstack@neutron-api.service[103524]: DEBUG ovsdbapp.backend.ovs_idl.transaction [None req-4ffcce8e-454d-4117-ab66-9c81e13c5c15 None None] Running txn n=1 command(idx=0): DbRemoveCommand(_result=None, table=Logical_Switch_Port, record=c155bece-6677-4ab0-b3da-6a9e026edf4d, column=external_ids, values=('neutron:host_id',), keyvalues={}, if_exists=True) {{(pid=103524) do_commit /opt/stack/data/venv/lib/python3.12/site-packages/ovsdbapp/backend/ovs_idl/transaction.py:89}}
Jun 29 04:58:55.340378 np0000183413 devstack@neutron-api.service[103526]: DEBUG neutron.plugins.ml2.db [None req-e8cbc274-67c3-4f3d-b568-b9c9388d0530 service neutron] For port c155bece-6677-4ab0-b3da-6a9e026edf4d, host np0000183413, cleared binding levels {{(pid=103526) clear_binding_levels /opt/stack/neutron/neutron/plugins/ml2/db.py:87}}
Jun 29 04:58:55.342423 np0000183413 devstack@neutron-api.service[103526]: DEBUG neutron.plugins.ml2.db [None req-e8cbc274-67c3-4f3d-b568-b9c9388d0530 service neutron] For port c155bece-6677-4ab0-b3da-6a9e026edf4d, host np0000183413, set binding levels [PortBindingLevel(driver='ovn',host='np0000183413',level=0,port_id=c155bece-6677-4ab0-b3da-6a9e026edf4d,segment=NetworkSegment(1d081bc7-4d57-4ca5-b6e2-bf7f9782e8d3),segment_id=1d081bc7-4d57-4ca5-b6e2-bf7f9782e8d3)] {{(pid=103526) set_binding_levels /opt/stack/neutron/neutron/plugins/ml2/db.py:59}}
Jun 29 04:58:55.343779 np0000183413 devstack@neutron-api.service[103526]: DEBUG neutron.plugins.ml2.drivers.ovn.mech_driver.mech_driver [None req-e8cbc274-67c3-4f3d-b568-b9c9388d0530 service neutron] No provisioning block for port c155bece-6677-4ab0-b3da-6a9e026edf4d since host unchanged {{(pid=103526) _is_port_provisioning_required /opt/stack/neutron/neutron/plugins/ml2/drivers/ovn/mech_driver/mech_driver.py:904}}
Jun 29 04:58:55.351557 np0000183413 devstack@neutron-api.service[103526]: DEBUG neutron_lib.callbacks.manager [None req-e8cbc274-67c3-4f3d-b568-b9c9388d0530 service neutron] Publish callbacks ['neutron.plugins.ml2.ovo_rpc._ObjectChangeHandler.handle_event-31739176', 'neutron.services.ovn_l3.plugin.OVNL3RouterPlugin._port_update-8138576978634'] for port (c155bece-6677-4ab0-b3da-6a9e026edf4d), after_update {{(pid=103526) _notify_loop /opt/stack/data/venv/lib/python3.12/site-packages/neutron_lib/callbacks/manager.py:184}}
Jun 29 04:58:55.397303 np0000183413 devstack@neutron-api.service[103526]: DEBUG neutron.api.rpc.handlers.resources_rpc [None req-e8cbc274-67c3-4f3d-b568-b9c9388d0530 service neutron] Pushing event updated for resources: {'Port': ['ID=c155bece-6677-4ab0-b3da-6a9e026edf4d,revision_number=3']} {{(pid=103526) push /opt/stack/neutron/neutron/api/rpc/handlers/resources_rpc.py:237}}
Jun 29 04:58:55.431348 np0000183413 devstack@neutron-api.service[103526]: DEBUG neutron.plugins.ml2.drivers.ovn.mech_driver.ovsdb.commands [None req-e8cbc274-67c3-4f3d-b568-b9c9388d0530 service neutron] Converting tag [] to a tag_request {{(pid=103526) _tag_column_to_tag_request /opt/stack/neutron/neutron/plugins/ml2/drivers/ovn/mech_driver/ovsdb/commands.py:205}}
Jun 29 04:58:55.432508 np0000183413 devstack@neutron-api.service[103526]: DEBUG ovsdbapp.backend.ovs_idl.transaction [None req-a3a48857-aa32-4c02-8ebc-f431858879c0 None None] Running txn n=1 command(idx=0): CheckRevisionNumberCommand(_result=None, name=c155bece-6677-4ab0-b3da-6a9e026edf4d, resource={'id': 'c155bece-6677-4ab0-b3da-6a9e026edf4d', 'name': '', 'network_id': '898542cd-f654-4ffc-a947-b4834ec3bdb3', 'project_id': '9707bcb05a2d4358be227633da28c61b', 'mac_address': 'fa:16:3e:13:82:83', 'admin_state_up': True, 'status': 'DOWN', 'device_id': 'manila-admin-share', 'device_owner': 'manila:share', 'standard_attr_id': 46, 'fixed_ips': [{'subnet_id': 'a20ee184-2096-4169-98ad-1f1c227e023e', 'ip_address': '10.2.5.217'}], 'allowed_address_pairs': [], 'extra_dhcp_opts': [], 'security_groups': [], 'description': '', 'binding:vnic_type': 'normal', 'binding:profile': {}, 'binding:host_id': 'np0000183413', 'binding:vif_type': 'ovs', 'binding:vif_details': {'port_filter': True, 'connectivity': 'l2', 'ovs_create_tap': False, 'bridge_name': 'br-int', 'datapath_type': 'system', 'bound_drivers': {'0': 'ovn'}}, 'port_security_enabled': False, 'tags': [], 'created_at': '2026-06-29T04:58:55Z', 'updated_at': '2026-06-29T04:58:55Z', 'revision_number': 3, 'tenant_id': '9707bcb05a2d4358be227633da28c61b', 'network': {'id': '898542cd-f654-4ffc-a947-b4834ec3bdb3', 'name': 'admin_net', 'tenant_id': '9707bcb05a2d4358be227633da28c61b', 'project_id': '9707bcb05a2d4358be227633da28c61b', 'admin_state_up': True, 'mtu': 1372, 'status': 'ACTIVE', 'subnets': ['a20ee184-2096-4169-98ad-1f1c227e023e'], 'standard_attr_id': 42, 'shared': False, 'availability_zone_hints': [], 'availability_zones': [], 'ipv4_address_scope': None, 'ipv6_address_scope': None, 'router:external': False, 'qinq': False, 'vlan_transparent': False, 'description': '', 'port_security_enabled': True, 'tags': [], 'created_at': '2026-06-29T04:58:47Z', 'updated_at': '2026-06-29T04:58:48Z', 'revision_number': 2, 'provider:network_type': 'geneve', 'provider:physical_network': None, 'provider:segmentation_id': 57365}}, resource_type=ports, if_exists=True) {{(pid=103526) do_commit /opt/stack/data/venv/lib/python3.12/site-packages/ovsdbapp/backend/ovs_idl/transaction.py:89}}
Jun 29 04:58:55.433151 np0000183413 devstack@neutron-api.service[103526]: DEBUG ovsdbapp.backend.ovs_idl.transaction [None req-a3a48857-aa32-4c02-8ebc-f431858879c0 None None] Running txn n=1 command(idx=1): SetLSwitchPortCommand(_result=None, lport=c155bece-6677-4ab0-b3da-6a9e026edf4d, external_ids_update=None, columns={'external_ids': {'neutron:port_name': '', 'neutron:device_id': 'manila-admin-share', 'neutron:project_id': '9707bcb05a2d4358be227633da28c61b', 'neutron:cidrs': '10.2.5.217/24', 'neutron:device_owner': 'manila:share', 'neutron:subnet_pool_addr_scope4': '', 'neutron:subnet_pool_addr_scope6': '', 'neutron:network_name': 'neutron-898542cd-f654-4ffc-a947-b4834ec3bdb3', 'neutron:security_group_ids': '', 'neutron:revision_number': '3', 'neutron:vnic_type': 'normal', 'neutron:port_capabilities': '', 'neutron:mtu': ''}, 'parent_name': [], 'options': {'requested-chassis': 'np0000183413'}, 'enabled': True, 'port_security': [], 'dhcpv4_options': [UUID('1eefddf4-10a4-46d8-a53c-fea9517dc454')], 'dhcpv6_options': [], 'type': '', 'addresses': ['fa:16:3e:13:82:83 10.2.5.217', 'unknown'], 'ha_chassis_group': [], 'tag_request': []}, if_exists=False) {{(pid=103526) do_commit /opt/stack/data/venv/lib/python3.12/site-packages/ovsdbapp/backend/ovs_idl/transaction.py:89}}
Jun 29 04:58:55.434103 np0000183413 devstack@neutron-api.service[103526]: DEBUG ovsdbapp.backend.ovs_idl.transaction [None req-a3a48857-aa32-4c02-8ebc-f431858879c0 None None] Running txn n=1 command(idx=2): PgDelPortCommand(_result=None, port_group=neutron_pg_drop, lsp=['c155bece-6677-4ab0-b3da-6a9e026edf4d'], if_exists=False) {{(pid=103526) do_commit /opt/stack/data/venv/lib/python3.12/site-packages/ovsdbapp/backend/ovs_idl/transaction.py:89}}
Jun 29 04:58:55.441342 np0000183413 devstack@neutron-api.service[103524]: DEBUG neutron.plugins.ml2.drivers.ovn.mech_driver.ovsdb.ovsdb_monitor [None req-4ffcce8e-454d-4117-ab66-9c81e13c5c15 None None] Touching Hash Ring node "ad5f4eca794a5870927ba82f5b362656" from IDL notify handler {{(pid=103524) notify /opt/stack/neutron/neutron/plugins/ml2/drivers/ovn/mech_driver/ovsdb/ovsdb_monitor.py:1007}}
Jun 29 04:58:55.443550 np0000183413 devstack@neutron-api.service[103526]: DEBUG neutron.plugins.ml2.drivers.ovn.mech_driver.ovsdb.ovsdb_monitor [None req-9728219e-bf51-43a4-8ecb-4926fb1bc3b4 None None] Hash Ring: Node ca33365dc77c59db9a3dd17800273ed8 (host: np0000183413) handling event "update" for row 831e09c4-2fc4-4573-81c9-bdb406a72ca5 (table: Port_Binding) {{(pid=103526) notify /opt/stack/neutron/neutron/plugins/ml2/drivers/ovn/mech_driver/ovsdb/ovsdb_monitor.py:1015}}
