Jun 29 04:54:45.289029 np0000183413 nova-conductor[111002]: DEBUG cotyledon.oslo_config_glue [-] vnc.vencrypt_client_cert = None {{(pid=111002) log_opt_values /opt/stack/data/venv/lib/python3.12/site-packages/oslo_config/cfg.py:3253}}
Jun 29 04:54:45.289029 np0000183413 nova-conductor[111002]: DEBUG cotyledon.oslo_config_glue [-] vnc.vencrypt_client_key = None {{(pid=111002) log_opt_values /opt/stack/data/venv/lib/python3.12/site-packages/oslo_config/cfg.py:3253}}
Jun 29 04:54:45.289029 np0000183413 nova-conductor[111002]: DEBUG cotyledon.oslo_config_glue [-] workarounds.disable_compute_service_check_for_ffu = False {{(pid=111002) log_opt_values /opt/stack/data/venv/lib/python3.12/site-packages/oslo_config/cfg.py:3253}}
Jun 29 04:54:45.289266 np0000183413 nova-conductor[111002]: DEBUG cotyledon.oslo_config_glue [-] workarounds.disable_deep_image_inspection = False {{(pid=111002) log_opt_values /opt/stack/data/venv/lib/python3.12/site-packages/oslo_config/cfg.py:3253}}
Jun 29 04:54:45.289266 np0000183413 nova-conductor[111002]: DEBUG cotyledon.oslo_config_glue [-] workarounds.disable_fallback_pcpu_query = False {{(pid=111002) log_opt_values /opt/stack/data/venv/lib/python3.12/site-packages/oslo_config/cfg.py:3253}}
Jun 29 04:54:45.289266 np0000183413 nova-conductor[111002]: DEBUG cotyledon.oslo_config_glue [-] workarounds.disable_group_policy_check_upcall = False {{(pid=111002) log_opt_values /opt/stack/data/venv/lib/python3.12/site-packages/oslo_config/cfg.py:3253}}
Jun 29 04:54:45.289266 np0000183413 nova-conductor[111002]: DEBUG cotyledon.oslo_config_glue [-] workarounds.disable_libvirt_livesnapshot = False {{(pid=111002) log_opt_values /opt/stack/data/venv/lib/python3.12/site-packages/oslo_config/cfg.py:3253}}
Jun 29 04:54:45.289266 np0000183413 nova-conductor[111002]: DEBUG cotyledon.oslo_config_glue [-] workarounds.disable_rootwrap = False {{(pid=111002) log_opt_values /opt/stack/data/venv/lib/python3.12/site-packages/oslo_config/cfg.py:3253}}
Jun 29 04:54:45.289266 np0000183413 nova-conductor[111002]: DEBUG cotyledon.oslo_config_glue [-] workarounds.enable_numa_live_migration = False {{(pid=111002) log_opt_values /opt/stack/data/venv/lib/python3.12/site-packages/oslo_config/cfg.py:3253}}
Jun 29 04:54:45.289266 np0000183413 nova-conductor[111002]: DEBUG cotyledon.oslo_config_glue [-] workarounds.enable_qemu_monitor_announce_self = False {{(pid=111002) log_opt_values /opt/stack/data/venv/lib/python3.12/site-packages/oslo_config/cfg.py:3253}}
Jun 29 04:54:45.289266 np0000183413 nova-conductor[111002]: DEBUG cotyledon.oslo_config_glue [-] workarounds.ensure_libvirt_rbd_instance_dir_cleanup = False {{(pid=111002) log_opt_values /opt/stack/data/venv/lib/python3.12/site-packages/oslo_config/cfg.py:3253}}
Jun 29 04:54:45.289266 np0000183413 nova-conductor[111002]: DEBUG cotyledon.oslo_config_glue [-] workarounds.handle_virt_lifecycle_events = True {{(pid=111002) log_opt_values /opt/stack/data/venv/lib/python3.12/site-packages/oslo_config/cfg.py:3253}}
Jun 29 04:54:45.289491 np0000183413 nova-conductor[111002]: DEBUG cotyledon.oslo_config_glue [-] workarounds.libvirt_disable_apic = False {{(pid=111002) log_opt_values /opt/stack/data/venv/lib/python3.12/site-packages/oslo_config/cfg.py:3253}}
Jun 29 04:54:45.289491 np0000183413 nova-conductor[111002]: DEBUG cotyledon.oslo_config_glue [-] workarounds.never_download_image_if_on_rbd = False {{(pid=111002) log_opt_values /opt/stack/data/venv/lib/python3.12/site-packages/oslo_config/cfg.py:3253}}
Jun 29 04:54:45.289491 np0000183413 nova-conductor[111002]: DEBUG cotyledon.oslo_config_glue [-] workarounds.qemu_monitor_announce_self_count = 3 {{(pid=111002) log_opt_values /opt/stack/data/venv/lib/python3.12/site-packages/oslo_config/cfg.py:3253}}
Jun 29 04:54:45.289491 np0000183413 nova-conductor[111002]: DEBUG cotyledon.oslo_config_glue [-] workarounds.qemu_monitor_announce_self_interval = 1 {{(pid=111002) log_opt_values /opt/stack/data/venv/lib/python3.12/site-packages/oslo_config/cfg.py:3253}}
Jun 29 04:54:45.289491 np0000183413 nova-conductor[111002]: DEBUG cotyledon.oslo_config_glue [-] workarounds.reserve_disk_resource_for_image_cache = False {{(pid=111002) log_opt_values /opt/stack/data/venv/lib/python3.12/site-packages/oslo_config/cfg.py:3253}}
Jun 29 04:54:45.289491 np0000183413 nova-conductor[111002]: DEBUG cotyledon.oslo_config_glue [-] workarounds.skip_cpu_compare_at_startup = False {{(pid=111002) log_opt_values /opt/stack/data/venv/lib/python3.12/site-packages/oslo_config/cfg.py:3253}}
Jun 29 04:54:45.289491 np0000183413 nova-conductor[111002]: DEBUG cotyledon.oslo_config_glue [-] workarounds.skip_cpu_compare_on_dest = False {{(pid=111002) log_opt_values /opt/stack/data/venv/lib/python3.12/site-packages/oslo_config/cfg.py:3253}}
Jun 29 04:54:45.289491 np0000183413 nova-conductor[111002]: DEBUG cotyledon.oslo_config_glue [-] workarounds.skip_hypervisor_version_check_on_lm = False {{(pid=111002) log_opt_values /opt/stack/data/venv/lib/python3.12/site-packages/oslo_config/cfg.py:3253}}
Jun 29 04:54:45.289491 np0000183413 nova-conductor[111002]: DEBUG cotyledon.oslo_config_glue [-] workarounds.skip_reserve_in_use_ironic_nodes = False {{(pid=111002) log_opt_values /opt/stack/data/venv/lib/python3.12/site-packages/oslo_config/cfg.py:3253}}
Jun 29 04:54:45.289719 np0000183413 nova-conductor[111002]: DEBUG cotyledon.oslo_config_glue [-] workarounds.unified_limits_count_pcpu_as_vcpu = False {{(pid=111002) log_opt_values /opt/stack/data/venv/lib/python3.12/site-packages/oslo_config/cfg.py:3253}}
Jun 29 04:54:45.289719 np0000183413 nova-conductor[111002]: DEBUG cotyledon.oslo_config_glue [-] workarounds.wait_for_vif_plugged_event_during_hard_reboot = [] {{(pid=111002) log_opt_values /opt/stack/data/venv/lib/python3.12/site-packages/oslo_config/cfg.py:3253}}
Jun 29 04:54:45.289719 np0000183413 nova-conductor[111002]: DEBUG cotyledon.oslo_config_glue [-] wsgi.api_paste_config = /etc/nova/api-paste.ini {{(pid=111002) log_opt_values /opt/stack/data/venv/lib/python3.12/site-packages/oslo_config/cfg.py:3253}}
Jun 29 04:54:45.289719 np0000183413 nova-conductor[111002]: DEBUG cotyledon.oslo_config_glue [-] wsgi.secure_proxy_ssl_header = None {{(pid=111002) log_opt_values /opt/stack/data/venv/lib/python3.12/site-packages/oslo_config/cfg.py:3253}}
Jun 29 04:54:45.289719 np0000183413 nova-conductor[111002]: DEBUG cotyledon.oslo_config_glue [-] zvm.ca_file = None {{(pid=111002) log_opt_values /opt/stack/data/venv/lib/python3.12/site-packages/oslo_config/cfg.py:3253}}
Jun 29 04:54:45.289719 np0000183413 nova-conductor[111002]: DEBUG cotyledon.oslo_config_glue [-] zvm.cloud_connector_url = None {{(pid=111002) log_opt_values /opt/stack/data/venv/lib/python3.12/site-packages/oslo_config/cfg.py:3253}}
Jun 29 04:54:45.289719 np0000183413 nova-conductor[111002]: DEBUG cotyledon.oslo_config_glue [-] zvm.image_tmp_path = /opt/stack/data/nova/images {{(pid=111002) log_opt_values /opt/stack/data/venv/lib/python3.12/site-packages/oslo_config/cfg.py:3253}}
Jun 29 04:54:45.289719 np0000183413 nova-conductor[111002]: DEBUG cotyledon.oslo_config_glue [-] zvm.reachable_timeout = 300 {{(pid=111002) log_opt_values /opt/stack/data/venv/lib/python3.12/site-packages/oslo_config/cfg.py:3253}}
Jun 29 04:54:45.289719 np0000183413 nova-conductor[111002]: DEBUG cotyledon.oslo_config_glue [-] oslo_versionedobjects.fatal_exception_format_errors = False {{(pid=111002) log_opt_values /opt/stack/data/venv/lib/python3.12/site-packages/oslo_config/cfg.py:3253}}
Jun 29 04:54:45.289964 np0000183413 nova-conductor[111002]: DEBUG cotyledon.oslo_config_glue [-] oslo_middleware.http_basic_auth_user_file = /etc/htpasswd {{(pid=111002) log_opt_values /opt/stack/data/venv/lib/python3.12/site-packages/oslo_config/cfg.py:3253}}
Jun 29 04:54:45.289964 np0000183413 nova-conductor[111002]: DEBUG cotyledon.oslo_config_glue [-] profiler.connection_string = messaging:// {{(pid=111002) log_opt_values /opt/stack/data/venv/lib/python3.12/site-packages/oslo_config/cfg.py:3253}}
Jun 29 04:54:45.289964 np0000183413 nova-conductor[111002]: DEBUG cotyledon.oslo_config_glue [-] profiler.enabled = False {{(pid=111002) log_opt_values /opt/stack/data/venv/lib/python3.12/site-packages/oslo_config/cfg.py:3253}}
Jun 29 04:54:45.289964 np0000183413 nova-conductor[111002]: DEBUG cotyledon.oslo_config_glue [-] profiler.es_doc_type = notification {{(pid=111002) log_opt_values /opt/stack/data/venv/lib/python3.12/site-packages/oslo_config/cfg.py:3253}}
Jun 29 04:54:45.289964 np0000183413 nova-conductor[111002]: DEBUG cotyledon.oslo_config_glue [-] profiler.es_scroll_size = 10000 {{(pid=111002) log_opt_values /opt/stack/data/venv/lib/python3.12/site-packages/oslo_config/cfg.py:3253}}
Jun 29 04:54:45.289964 np0000183413 nova-conductor[111002]: DEBUG cotyledon.oslo_config_glue [-] profiler.es_scroll_time = 2m {{(pid=111002) log_opt_values /opt/stack/data/venv/lib/python3.12/site-packages/oslo_config/cfg.py:3253}}
Jun 29 04:54:45.289964 np0000183413 nova-conductor[111002]: DEBUG cotyledon.oslo_config_glue [-] profiler.filter_error_trace = False {{(pid=111002) log_opt_values /opt/stack/data/venv/lib/python3.12/site-packages/oslo_config/cfg.py:3253}}
Jun 29 04:54:45.289964 np0000183413 nova-conductor[111002]: DEBUG cotyledon.oslo_config_glue [-] profiler.hmac_keys = **** {{(pid=111002) log_opt_values /opt/stack/data/venv/lib/python3.12/site-packages/oslo_config/cfg.py:3253}}
Jun 29 04:54:45.289964 np0000183413 nova-conductor[111002]: DEBUG cotyledon.oslo_config_glue [-] profiler.sentinel_service_name = mymaster {{(pid=111002) log_opt_values /opt/stack/data/venv/lib/python3.12/site-packages/oslo_config/cfg.py:3253}}
Jun 29 04:54:45.290190 np0000183413 nova-conductor[111002]: DEBUG cotyledon.oslo_config_glue [-] profiler.socket_timeout = 0.1 {{(pid=111002) log_opt_values /opt/stack/data/venv/lib/python3.12/site-packages/oslo_config/cfg.py:3253}}
Jun 29 04:54:45.290190 np0000183413 nova-conductor[111002]: DEBUG cotyledon.oslo_config_glue [-] profiler.trace_requests = False {{(pid=111002) log_opt_values /opt/stack/data/venv/lib/python3.12/site-packages/oslo_config/cfg.py:3253}}
Jun 29 04:54:45.290190 np0000183413 nova-conductor[111002]: DEBUG cotyledon.oslo_config_glue [-] profiler.trace_sqlalchemy = False {{(pid=111002) log_opt_values /opt/stack/data/venv/lib/python3.12/site-packages/oslo_config/cfg.py:3253}}
Jun 29 04:54:45.290190 np0000183413 nova-conductor[111002]: DEBUG cotyledon.oslo_config_glue [-] profiler_jaeger.process_tags = {} {{(pid=111002) log_opt_values /opt/stack/data/venv/lib/python3.12/site-packages/oslo_config/cfg.py:3253}}
Jun 29 04:54:45.290190 np0000183413 nova-conductor[111002]: DEBUG cotyledon.oslo_config_glue [-] profiler_jaeger.service_name_prefix = None {{(pid=111002) log_opt_values /opt/stack/data/venv/lib/python3.12/site-packages/oslo_config/cfg.py:3253}}
Jun 29 04:54:45.290190 np0000183413 nova-conductor[111002]: DEBUG cotyledon.oslo_config_glue [-] profiler_otlp.service_name_prefix = None {{(pid=111002) log_opt_values /opt/stack/data/venv/lib/python3.12/site-packages/oslo_config/cfg.py:3253}}
Jun 29 04:54:45.290190 np0000183413 nova-conductor[111002]: DEBUG cotyledon.oslo_config_glue [-] oslo_messaging_rabbit.amqp_auto_delete = False {{(pid=111002) log_opt_values /opt/stack/data/venv/lib/python3.12/site-packages/oslo_config/cfg.py:3253}}
Jun 29 04:54:45.290190 np0000183413 nova-conductor[111002]: DEBUG cotyledon.oslo_config_glue [-] oslo_messaging_rabbit.amqp_durable_queues = False {{(pid=111002) log_opt_values /opt/stack/data/venv/lib/python3.12/site-packages/oslo_config/cfg.py:3253}}
Jun 29 04:54:45.290190 np0000183413 nova-conductor[111002]: DEBUG cotyledon.oslo_config_glue [-] oslo_messaging_rabbit.conn_pool_min_size = 2 {{(pid=111002) log_opt_values /opt/stack/data/venv/lib/python3.12/site-packages/oslo_config/cfg.py:3253}}
Jun 29 04:54:45.290421 np0000183413 nova-conductor[111002]: DEBUG cotyledon.oslo_config_glue [-] oslo_messaging_rabbit.conn_pool_ttl = 1200 {{(pid=111002) log_opt_values /opt/stack/data/venv/lib/python3.12/site-packages/oslo_config/cfg.py:3253}}
Jun 29 04:54:45.290421 np0000183413 nova-conductor[111002]: DEBUG cotyledon.oslo_config_glue [-] oslo_messaging_rabbit.direct_mandatory_flag = True {{(pid=111002) log_opt_values /opt/stack/data/venv/lib/python3.12/site-packages/oslo_config/cfg.py:3253}}
Jun 29 04:54:45.290421 np0000183413 nova-conductor[111002]: DEBUG cotyledon.oslo_config_glue [-] oslo_messaging_rabbit.enable_cancel_on_failover = False {{(pid=111002) log_opt_values /opt/stack/data/venv/lib/python3.12/site-packages/oslo_config/cfg.py:3253}}
Jun 29 04:54:45.290421 np0000183413 nova-conductor[111002]: DEBUG cotyledon.oslo_config_glue [-] oslo_messaging_rabbit.heartbeat_rate = 3 {{(pid=111002) log_opt_values /opt/stack/data/venv/lib/python3.12/site-packages/oslo_config/cfg.py:3253}}
Jun 29 04:54:45.290421 np0000183413 nova-conductor[111002]: DEBUG cotyledon.oslo_config_glue [-] oslo_messaging_rabbit.heartbeat_timeout_threshold = 60 {{(pid=111002) log_opt_values /opt/stack/data/venv/lib/python3.12/site-packages/oslo_config/cfg.py:3253}}
Jun 29 04:54:45.290421 np0000183413 nova-conductor[111002]: DEBUG cotyledon.oslo_config_glue [-] oslo_messaging_rabbit.hostname = np0000183413 {{(pid=111002) log_opt_values /opt/stack/data/venv/lib/python3.12/site-packages/oslo_config/cfg.py:3253}}
Jun 29 04:54:45.290421 np0000183413 nova-conductor[111002]: DEBUG cotyledon.oslo_config_glue [-] oslo_messaging_rabbit.kombu_compression = None {{(pid=111002) log_opt_values /opt/stack/data/venv/lib/python3.12/site-packages/oslo_config/cfg.py:3253}}
Jun 29 04:54:45.290421 np0000183413 nova-conductor[111002]: DEBUG cotyledon.oslo_config_glue [-] oslo_messaging_rabbit.kombu_failover_strategy = round-robin {{(pid=111002) log_opt_values /opt/stack/data/venv/lib/python3.12/site-packages/oslo_config/cfg.py:3253}}
Jun 29 04:54:45.290647 np0000183413 nova-conductor[111002]: DEBUG cotyledon.oslo_config_glue [-] oslo_messaging_rabbit.kombu_missing_consumer_retry_timeout = 60 {{(pid=111002) log_opt_values /opt/stack/data/venv/lib/python3.12/site-packages/oslo_config/cfg.py:3253}}
Jun 29 04:54:45.290647 np0000183413 nova-conductor[111002]: DEBUG cotyledon.oslo_config_glue [-] oslo_messaging_rabbit.kombu_reconnect_delay = 1.0 {{(pid=111002) log_opt_values /opt/stack/data/venv/lib/python3.12/site-packages/oslo_config/cfg.py:3253}}
Jun 29 04:54:45.290647 np0000183413 nova-conductor[111002]: DEBUG cotyledon.oslo_config_glue [-] oslo_messaging_rabbit.kombu_reconnect_splay = 0.0 {{(pid=111002) log_opt_values /opt/stack/data/venv/lib/python3.12/site-packages/oslo_config/cfg.py:3253}}
Jun 29 04:54:45.290647 np0000183413 nova-conductor[111002]: DEBUG cotyledon.oslo_config_glue [-] oslo_messaging_rabbit.processname = nova-conductor {{(pid=111002) log_opt_values /opt/stack/data/venv/lib/python3.12/site-packages/oslo_config/cfg.py:3253}}
Jun 29 04:54:45.290647 np0000183413 nova-conductor[111002]: DEBUG cotyledon.oslo_config_glue [-] oslo_messaging_rabbit.rabbit_ha_queues = False {{(pid=111002) log_opt_values /opt/stack/data/venv/lib/python3.12/site-packages/oslo_config/cfg.py:3253}}
Jun 29 04:54:45.290647 np0000183413 nova-conductor[111002]: DEBUG cotyledon.oslo_config_glue [-] oslo_messaging_rabbit.rabbit_interval_max = 30 {{(pid=111002) log_opt_values /opt/stack/data/venv/lib/python3.12/site-packages/oslo_config/cfg.py:3253}}
Jun 29 04:54:45.290647 np0000183413 nova-conductor[111002]: DEBUG cotyledon.oslo_config_glue [-] oslo_messaging_rabbit.rabbit_login_method = AMQPLAIN {{(pid=111002) log_opt_values /opt/stack/data/venv/lib/python3.12/site-packages/oslo_config/cfg.py:3253}}
Jun 29 04:54:45.290647 np0000183413 nova-conductor[111002]: DEBUG cotyledon.oslo_config_glue [-] oslo_messaging_rabbit.rabbit_qos_prefetch_count = 0 {{(pid=111002) log_opt_values /opt/stack/data/venv/lib/python3.12/site-packages/oslo_config/cfg.py:3253}}
Jun 29 04:54:45.290855 np0000183413 nova-conductor[111002]: DEBUG cotyledon.oslo_config_glue [-] oslo_messaging_rabbit.rabbit_quorum_delivery_limit = 0 {{(pid=111002) log_opt_values /opt/stack/data/venv/lib/python3.12/site-packages/oslo_config/cfg.py:3253}}
Jun 29 04:54:45.290855 np0000183413 nova-conductor[111002]: DEBUG cotyledon.oslo_config_glue [-] oslo_messaging_rabbit.rabbit_quorum_max_memory_bytes = 0 {{(pid=111002) log_opt_values /opt/stack/data/venv/lib/python3.12/site-packages/oslo_config/cfg.py:3253}}
Jun 29 04:54:45.290855 np0000183413 nova-conductor[111002]: DEBUG cotyledon.oslo_config_glue [-] oslo_messaging_rabbit.rabbit_quorum_max_memory_length = 0 {{(pid=111002) log_opt_values /opt/stack/data/venv/lib/python3.12/site-packages/oslo_config/cfg.py:3253}}
Jun 29 04:54:45.290855 np0000183413 nova-conductor[111002]: DEBUG cotyledon.oslo_config_glue [-] oslo_messaging_rabbit.rabbit_quorum_queue = False {{(pid=111002) log_opt_values /opt/stack/data/venv/lib/python3.12/site-packages/oslo_config/cfg.py:3253}}
Jun 29 04:54:45.290855 np0000183413 nova-conductor[111002]: DEBUG cotyledon.oslo_config_glue [-] oslo_messaging_rabbit.rabbit_retry_backoff = 2 {{(pid=111002) log_opt_values /opt/stack/data/venv/lib/python3.12/site-packages/oslo_config/cfg.py:3253}}
Jun 29 04:54:45.290855 np0000183413 nova-conductor[111002]: DEBUG cotyledon.oslo_config_glue [-] oslo_messaging_rabbit.rabbit_retry_interval = 1 {{(pid=111002) log_opt_values /opt/stack/data/venv/lib/python3.12/site-packages/oslo_config/cfg.py:3253}}
Jun 29 04:54:45.290855 np0000183413 nova-conductor[111002]: DEBUG cotyledon.oslo_config_glue [-] oslo_messaging_rabbit.rabbit_stream_fanout = False {{(pid=111002) log_opt_values /opt/stack/data/venv/lib/python3.12/site-packages/oslo_config/cfg.py:3253}}
Jun 29 04:54:45.290855 np0000183413 nova-conductor[111002]: DEBUG cotyledon.oslo_config_glue [-] oslo_messaging_rabbit.rabbit_transient_queues_ttl = 1800 {{(pid=111002) log_opt_values /opt/stack/data/venv/lib/python3.12/site-packages/oslo_config/cfg.py:3253}}
Jun 29 04:54:45.291118 np0000183413 nova-conductor[111002]: DEBUG cotyledon.oslo_config_glue [-] oslo_messaging_rabbit.rabbit_transient_quorum_queue = False {{(pid=111002) log_opt_values /opt/stack/data/venv/lib/python3.12/site-packages/oslo_config/cfg.py:3253}}
Jun 29 04:54:45.291118 np0000183413 nova-conductor[111002]: DEBUG cotyledon.oslo_config_glue [-] oslo_messaging_rabbit.rpc_conn_pool_size = 30 {{(pid=111002) log_opt_values /opt/stack/data/venv/lib/python3.12/site-packages/oslo_config/cfg.py:3253}}
Jun 29 04:54:45.291118 np0000183413 nova-conductor[111002]: DEBUG cotyledon.oslo_config_glue [-] oslo_messaging_rabbit.ssl = False {{(pid=111002) log_opt_values /opt/stack/data/venv/lib/python3.12/site-packages/oslo_config/cfg.py:3253}}
Jun 29 04:54:45.291118 np0000183413 nova-conductor[111002]: DEBUG cotyledon.oslo_config_glue [-] oslo_messaging_rabbit.ssl_ca_file = {{(pid=111002) log_opt_values /opt/stack/data/venv/lib/python3.12/site-packages/oslo_config/cfg.py:3253}}
Jun 29 04:54:45.291118 np0000183413 nova-conductor[111002]: DEBUG cotyledon.oslo_config_glue [-] oslo_messaging_rabbit.ssl_cert_file = {{(pid=111002) log_opt_values /opt/stack/data/venv/lib/python3.12/site-packages/oslo_config/cfg.py:3253}}
Jun 29 04:54:45.291118 np0000183413 nova-conductor[111002]: DEBUG cotyledon.oslo_config_glue [-] oslo_messaging_rabbit.ssl_enforce_fips_mode = False {{(pid=111002) log_opt_values /opt/stack/data/venv/lib/python3.12/site-packages/oslo_config/cfg.py:3253}}
Jun 29 04:54:45.291118 np0000183413 nova-conductor[111002]: DEBUG cotyledon.oslo_config_glue [-] oslo_messaging_rabbit.ssl_enforce_hostname_verification = True {{(pid=111002) log_opt_values /opt/stack/data/venv/lib/python3.12/site-packages/oslo_config/cfg.py:3253}}
Jun 29 04:54:45.291302 np0000183413 nova-conductor[110981]: DEBUG oslo_db.sqlalchemy.engines [None req-42380602-8dfa-4f8a-b19f-88d26097de1c None None] MySQL server mode set to STRICT_TRANS_TABLES,STRICT_ALL_TABLES,NO_ZERO_IN_DATE,NO_ZERO_DATE,ERROR_FOR_DIVISION_BY_ZERO,TRADITIONAL,NO_ENGINE_SUBSTITUTION {{(pid=110981) _check_effective_sql_mode /opt/stack/data/venv/lib/python3.12/site-packages/oslo_db/sqlalchemy/engines.py:325}}
Jun 29 04:54:45.291343 np0000183413 nova-conductor[111002]: DEBUG cotyledon.oslo_config_glue [-] oslo_messaging_rabbit.ssl_key_file = {{(pid=111002) log_opt_values /opt/stack/data/venv/lib/python3.12/site-packages/oslo_config/cfg.py:3253}}
Jun 29 04:54:45.291343 np0000183413 nova-conductor[111002]: DEBUG cotyledon.oslo_config_glue [-] oslo_messaging_rabbit.ssl_version = {{(pid=111002) log_opt_values /opt/stack/data/venv/lib/python3.12/site-packages/oslo_config/cfg.py:3253}}
Jun 29 04:54:45.291343 np0000183413 nova-conductor[111002]: DEBUG cotyledon.oslo_config_glue [-] oslo_messaging_rabbit.use_queue_manager = False {{(pid=111002) log_opt_values /opt/stack/data/venv/lib/python3.12/site-packages/oslo_config/cfg.py:3253}}
Jun 29 04:54:45.291343 np0000183413 nova-conductor[111002]: DEBUG cotyledon.oslo_config_glue [-] oslo_messaging_notifications.driver = ['messagingv2'] {{(pid=111002) log_opt_values /opt/stack/data/venv/lib/python3.12/site-packages/oslo_config/cfg.py:3253}}
Jun 29 04:54:45.291343 np0000183413 nova-conductor[111002]: DEBUG cotyledon.oslo_config_glue [-] oslo_messaging_notifications.retry = -1 {{(pid=111002) log_opt_values /opt/stack/data/venv/lib/python3.12/site-packages/oslo_config/cfg.py:3253}}
Jun 29 04:54:45.291343 np0000183413 nova-conductor[111002]: DEBUG cotyledon.oslo_config_glue [-] oslo_messaging_notifications.topics = ['notifications'] {{(pid=111002) log_opt_values /opt/stack/data/venv/lib/python3.12/site-packages/oslo_config/cfg.py:3253}}
Jun 29 04:54:45.291343 np0000183413 nova-conductor[111002]: DEBUG cotyledon.oslo_config_glue [-] oslo_messaging_notifications.transport_url = **** {{(pid=111002) log_opt_values /opt/stack/data/venv/lib/python3.12/site-packages/oslo_config/cfg.py:3253}}
Jun 29 04:54:45.291343 np0000183413 nova-conductor[111002]: DEBUG cotyledon.oslo_config_glue [-] oslo_limit.auth_section = None {{(pid=111002) log_opt_values /opt/stack/data/venv/lib/python3.12/site-packages/oslo_config/cfg.py:3253}}
Jun 29 04:54:45.291343 np0000183413 nova-conductor[111002]: DEBUG cotyledon.oslo_config_glue [-] oslo_limit.auth_type = None {{(pid=111002) log_opt_values /opt/stack/data/venv/lib/python3.12/site-packages/oslo_config/cfg.py:3253}}
Jun 29 04:54:45.291574 np0000183413 nova-conductor[111002]: DEBUG cotyledon.oslo_config_glue [-] oslo_limit.cafile = None {{(pid=111002) log_opt_values /opt/stack/data/venv/lib/python3.12/site-packages/oslo_config/cfg.py:3253}}
Jun 29 04:54:45.291574 np0000183413 nova-conductor[111002]: DEBUG cotyledon.oslo_config_glue [-] oslo_limit.certfile = None {{(pid=111002) log_opt_values /opt/stack/data/venv/lib/python3.12/site-packages/oslo_config/cfg.py:3253}}
Jun 29 04:54:45.291574 np0000183413 nova-conductor[111002]: DEBUG cotyledon.oslo_config_glue [-] oslo_limit.collect_timing = False {{(pid=111002) log_opt_values /opt/stack/data/venv/lib/python3.12/site-packages/oslo_config/cfg.py:3253}}
Jun 29 04:54:45.291574 np0000183413 nova-conductor[111002]: DEBUG cotyledon.oslo_config_glue [-] oslo_limit.connect_retries = None {{(pid=111002) log_opt_values /opt/stack/data/venv/lib/python3.12/site-packages/oslo_config/cfg.py:3253}}
Jun 29 04:54:45.291574 np0000183413 nova-conductor[111002]: DEBUG cotyledon.oslo_config_glue [-] oslo_limit.connect_retry_delay = None {{(pid=111002) log_opt_values /opt/stack/data/venv/lib/python3.12/site-packages/oslo_config/cfg.py:3253}}
Jun 29 04:54:45.291574 np0000183413 nova-conductor[111002]: DEBUG cotyledon.oslo_config_glue [-] oslo_limit.endpoint_id = None {{(pid=111002) log_opt_values /opt/stack/data/venv/lib/python3.12/site-packages/oslo_config/cfg.py:3253}}
Jun 29 04:54:45.291574 np0000183413 nova-conductor[111002]: DEBUG cotyledon.oslo_config_glue [-] oslo_limit.endpoint_interface = public {{(pid=111002) log_opt_values /opt/stack/data/venv/lib/python3.12/site-packages/oslo_config/cfg.py:3253}}
Jun 29 04:54:45.291574 np0000183413 nova-conductor[111002]: DEBUG cotyledon.oslo_config_glue [-] oslo_limit.endpoint_override = None {{(pid=111002) log_opt_values /opt/stack/data/venv/lib/python3.12/site-packages/oslo_config/cfg.py:3253}}
Jun 29 04:54:45.291574 np0000183413 nova-conductor[111002]: DEBUG cotyledon.oslo_config_glue [-] oslo_limit.endpoint_region_name = None {{(pid=111002) log_opt_values /opt/stack/data/venv/lib/python3.12/site-packages/oslo_config/cfg.py:3253}}
Jun 29 04:54:45.291806 np0000183413 nova-conductor[111002]: DEBUG cotyledon.oslo_config_glue [-] oslo_limit.endpoint_service_name = None {{(pid=111002) log_opt_values /opt/stack/data/venv/lib/python3.12/site-packages/oslo_config/cfg.py:3253}}
Jun 29 04:54:45.291806 np0000183413 nova-conductor[111002]: DEBUG cotyledon.oslo_config_glue [-] oslo_limit.endpoint_service_type = None {{(pid=111002) log_opt_values /opt/stack/data/venv/lib/python3.12/site-packages/oslo_config/cfg.py:3253}}
Jun 29 04:54:45.291806 np0000183413 nova-conductor[111002]: DEBUG cotyledon.oslo_config_glue [-] oslo_limit.insecure = False {{(pid=111002) log_opt_values /opt/stack/data/venv/lib/python3.12/site-packages/oslo_config/cfg.py:3253}}
Jun 29 04:54:45.291806 np0000183413 nova-conductor[111002]: DEBUG cotyledon.oslo_config_glue [-] oslo_limit.keyfile = None {{(pid=111002) log_opt_values /opt/stack/data/venv/lib/python3.12/site-packages/oslo_config/cfg.py:3253}}
Jun 29 04:54:45.291806 np0000183413 nova-conductor[111002]: DEBUG cotyledon.oslo_config_glue [-] oslo_limit.max_version = None {{(pid=111002) log_opt_values /opt/stack/data/venv/lib/python3.12/site-packages/oslo_config/cfg.py:3253}}
Jun 29 04:54:45.291806 np0000183413 nova-conductor[111002]: DEBUG cotyledon.oslo_config_glue [-] oslo_limit.min_version = None {{(pid=111002) log_opt_values /opt/stack/data/venv/lib/python3.12/site-packages/oslo_config/cfg.py:3253}}
Jun 29 04:54:45.291806 np0000183413 nova-conductor[111002]: DEBUG cotyledon.oslo_config_glue [-] oslo_limit.region_name = None {{(pid=111002) log_opt_values /opt/stack/data/venv/lib/python3.12/site-packages/oslo_config/cfg.py:3253}}
Jun 29 04:54:45.291806 np0000183413 nova-conductor[111002]: DEBUG cotyledon.oslo_config_glue [-] oslo_limit.retriable_status_codes = None {{(pid=111002) log_opt_values /opt/stack/data/venv/lib/python3.12/site-packages/oslo_config/cfg.py:3253}}
Jun 29 04:54:45.291806 np0000183413 nova-conductor[111002]: DEBUG cotyledon.oslo_config_glue [-] oslo_limit.service_name = None {{(pid=111002) log_opt_values /opt/stack/data/venv/lib/python3.12/site-packages/oslo_config/cfg.py:3253}}
Jun 29 04:54:45.292111 np0000183413 nova-conductor[111002]: DEBUG cotyledon.oslo_config_glue [-] oslo_limit.service_type = None {{(pid=111002) log_opt_values /opt/stack/data/venv/lib/python3.12/site-packages/oslo_config/cfg.py:3253}}
Jun 29 04:54:45.292111 np0000183413 nova-conductor[111002]: DEBUG cotyledon.oslo_config_glue [-] oslo_limit.split_loggers = False {{(pid=111002) log_opt_values /opt/stack/data/venv/lib/python3.12/site-packages/oslo_config/cfg.py:3253}}
Jun 29 04:54:45.292111 np0000183413 nova-conductor[111002]: DEBUG cotyledon.oslo_config_glue [-] oslo_limit.status_code_retries = None {{(pid=111002) log_opt_values /opt/stack/data/venv/lib/python3.12/site-packages/oslo_config/cfg.py:3253}}
Jun 29 04:54:45.292111 np0000183413 nova-conductor[111002]: DEBUG cotyledon.oslo_config_glue [-] oslo_limit.status_code_retry_delay = None {{(pid=111002) log_opt_values /opt/stack/data/venv/lib/python3.12/site-packages/oslo_config/cfg.py:3253}}
Jun 29 04:54:45.292111 np0000183413 nova-conductor[111002]: DEBUG cotyledon.oslo_config_glue [-] oslo_limit.timeout = None {{(pid=111002) log_opt_values /opt/stack/data/venv/lib/python3.12/site-packages/oslo_config/cfg.py:3253}}
Jun 29 04:54:45.292111 np0000183413 nova-conductor[111002]: DEBUG cotyledon.oslo_config_glue [-] oslo_limit.valid_interfaces = None {{(pid=111002) log_opt_values /opt/stack/data/venv/lib/python3.12/site-packages/oslo_config/cfg.py:3253}}
Jun 29 04:54:45.292111 np0000183413 nova-conductor[111002]: DEBUG cotyledon.oslo_config_glue [-] oslo_limit.version = None {{(pid=111002) log_opt_values /opt/stack/data/venv/lib/python3.12/site-packages/oslo_config/cfg.py:3253}}
Jun 29 04:54:45.292111 np0000183413 nova-conductor[111002]: DEBUG cotyledon.oslo_config_glue [-] oslo_reports.file_event_handler = None {{(pid=111002) log_opt_values /opt/stack/data/venv/lib/python3.12/site-packages/oslo_config/cfg.py:3253}}
Jun 29 04:54:45.292111 np0000183413 nova-conductor[111002]: DEBUG cotyledon.oslo_config_glue [-] oslo_reports.file_event_handler_interval = 1 {{(pid=111002) log_opt_values /opt/stack/data/venv/lib/python3.12/site-packages/oslo_config/cfg.py:3253}}
Jun 29 04:54:45.292855 np0000183413 nova-conductor[111002]: DEBUG cotyledon.oslo_config_glue [-] oslo_reports.log_dir = None {{(pid=111002) log_opt_values /opt/stack/data/venv/lib/python3.12/site-packages/oslo_config/cfg.py:3253}}
Jun 29 04:54:45.292855 np0000183413 nova-conductor[111002]: DEBUG cotyledon.oslo_config_glue [-] ******************************************************************************** {{(pid=111002) log_opt_values /opt/stack/data/venv/lib/python3.12/site-packages/oslo_config/cfg.py:3260}}
Jun 29 04:54:45.292855 np0000183413 nova-conductor[111002]: DEBUG cotyledon._service_worker [-] Run service ServiceWrapper(3) [111002] {{(pid=111002) wait_forever /opt/stack/data/venv/lib/python3.12/site-packages/cotyledon/_service_worker.py:218}}
Jun 29 04:54:45.292855 np0000183413 nova-conductor[111002]: INFO nova.service [-] Starting conductor node (version 33.1.0)
Jun 29 04:54:45.292989 np0000183413 nova-conductor[110987]: DEBUG oslo_db.sqlalchemy.engines [None req-ac98ac37-2abf-42a1-a899-10efb5804a47 None None] MySQL server mode set to STRICT_TRANS_TABLES,STRICT_ALL_TABLES,NO_ZERO_IN_DATE,NO_ZERO_DATE,ERROR_FOR_DIVISION_BY_ZERO,TRADITIONAL,NO_ENGINE_SUBSTITUTION {{(pid=110987) _check_effective_sql_mode /opt/stack/data/venv/lib/python3.12/site-packages/oslo_db/sqlalchemy/engines.py:325}}
Jun 29 04:54:45.293023 np0000183413 nova-conductor[111002]: INFO dbcounter [None req-40ad4f41-c7f7-485e-927c-f92f63b8f2b0 None None] Registered counter for database nova_cell0
Jun 29 04:54:45.293057 np0000183413 nova-conductor[110981]: DEBUG dbcounter [-] [110981] Writer thread running {{(pid=110981) stat_writer /opt/stack/data/venv/lib/python3.12/site-packages/dbcounter.py:102}}
Jun 29 04:54:45.295610 np0000183413 nova-conductor[110987]: DEBUG dbcounter [-] [110987] Writer thread running {{(pid=110987) stat_writer /opt/stack/data/venv/lib/python3.12/site-packages/dbcounter.py:102}}
Jun 29 04:54:45.303808 np0000183413 nova-conductor[110981]: DEBUG nova.service [None req-42380602-8dfa-4f8a-b19f-88d26097de1c None None] Creating RPC server for service: nova-conductor on topic: conductor {{(pid=110981) start /opt/stack/nova/nova/service.py:196}}
Jun 29 04:54:45.306509 np0000183413 nova-conductor[110993]: DEBUG oslo_db.sqlalchemy.engines [None req-c0a0f567-cfb6-4da5-85bd-d0c5beed52cc None None] MySQL server mode set to STRICT_TRANS_TABLES,STRICT_ALL_TABLES,NO_ZERO_IN_DATE,NO_ZERO_DATE,ERROR_FOR_DIVISION_BY_ZERO,TRADITIONAL,NO_ENGINE_SUBSTITUTION {{(pid=110993) _check_effective_sql_mode /opt/stack/data/venv/lib/python3.12/site-packages/oslo_db/sqlalchemy/engines.py:325}}
Jun 29 04:54:45.320299 np0000183413 nova-conductor[110993]: DEBUG dbcounter [-] [110993] Writer thread running {{(pid=110993) stat_writer /opt/stack/data/venv/lib/python3.12/site-packages/dbcounter.py:102}}
Jun 29 04:54:45.322819 np0000183413 nova-conductor[110987]: DEBUG nova.service [None req-ac98ac37-2abf-42a1-a899-10efb5804a47 None None] Creating RPC server for service: nova-conductor on topic: conductor {{(pid=110987) start /opt/stack/nova/nova/service.py:196}}
Jun 29 04:54:45.323501 np0000183413 nova-conductor[110993]: DEBUG nova.service [None req-c0a0f567-cfb6-4da5-85bd-d0c5beed52cc None None] Creating RPC server for service: nova-conductor on topic: conductor {{(pid=110993) start /opt/stack/nova/nova/service.py:196}}
Jun 29 04:54:45.333660 np0000183413 nova-conductor[111002]: DEBUG oslo_db.sqlalchemy.engines [None req-40ad4f41-c7f7-485e-927c-f92f63b8f2b0 None None] MySQL server mode set to STRICT_TRANS_TABLES,STRICT_ALL_TABLES,NO_ZERO_IN_DATE,NO_ZERO_DATE,ERROR_FOR_DIVISION_BY_ZERO,TRADITIONAL,NO_ENGINE_SUBSTITUTION {{(pid=111002) _check_effective_sql_mode /opt/stack/data/venv/lib/python3.12/site-packages/oslo_db/sqlalchemy/engines.py:325}}
Jun 29 04:54:45.351810 np0000183413 nova-conductor[110993]: DEBUG nova.service [None req-c0a0f567-cfb6-4da5-85bd-d0c5beed52cc None None] Join ServiceGroup membership for this service conductor {{(pid=110993) start /opt/stack/nova/nova/service.py:222}}
Jun 29 04:54:45.352058 np0000183413 nova-conductor[110993]: DEBUG nova.servicegroup.drivers.db [None req-c0a0f567-cfb6-4da5-85bd-d0c5beed52cc None None] DB_Driver: join new ServiceGroup member np0000183413 to the conductor group, service = {{(pid=110993) join /opt/stack/nova/nova/servicegroup/drivers/db.py:44}}
Jun 29 04:54:45.352395 np0000183413 nova-conductor[110981]: DEBUG nova.service [None req-42380602-8dfa-4f8a-b19f-88d26097de1c None None] Join ServiceGroup membership for this service conductor {{(pid=110981) start /opt/stack/nova/nova/service.py:222}}
Jun 29 04:54:45.352669 np0000183413 nova-conductor[110981]: DEBUG nova.servicegroup.drivers.db [None req-42380602-8dfa-4f8a-b19f-88d26097de1c None None] DB_Driver: join new ServiceGroup member np0000183413 to the conductor group, service = {{(pid=110981) join /opt/stack/nova/nova/servicegroup/drivers/db.py:44}}
Jun 29 04:54:45.355111 np0000183413 nova-conductor[111002]: DEBUG dbcounter [-] [111002] Writer thread running {{(pid=111002) stat_writer /opt/stack/data/venv/lib/python3.12/site-packages/dbcounter.py:102}}
Jun 29 04:54:45.356334 np0000183413 nova-conductor[110987]: DEBUG nova.service [None req-ac98ac37-2abf-42a1-a899-10efb5804a47 None None] Join ServiceGroup membership for this service conductor {{(pid=110987) start /opt/stack/nova/nova/service.py:222}}
Jun 29 04:54:45.356549 np0000183413 nova-conductor[110987]: DEBUG nova.servicegroup.drivers.db [None req-ac98ac37-2abf-42a1-a899-10efb5804a47 None None] DB_Driver: join new ServiceGroup member np0000183413 to the conductor group, service = {{(pid=110987) join /opt/stack/nova/nova/servicegroup/drivers/db.py:44}}
Jun 29 04:54:45.360361 np0000183413 nova-conductor[111002]: DEBUG nova.service [None req-40ad4f41-c7f7-485e-927c-f92f63b8f2b0 None None] Creating RPC server for service: nova-conductor on topic: conductor {{(pid=111002) start /opt/stack/nova/nova/service.py:196}}
Jun 29 04:54:45.387828 np0000183413 nova-conductor[111002]: DEBUG nova.service [None req-40ad4f41-c7f7-485e-927c-f92f63b8f2b0 None None] Join ServiceGroup membership for this service conductor {{(pid=111002) start /opt/stack/nova/nova/service.py:222}}
Jun 29 04:54:45.388130 np0000183413 nova-conductor[111002]: DEBUG nova.servicegroup.drivers.db [None req-40ad4f41-c7f7-485e-927c-f92f63b8f2b0 None None] DB_Driver: join new ServiceGroup member np0000183413 to the conductor group, service = {{(pid=111002) join /opt/stack/nova/nova/servicegroup/drivers/db.py:44}}
Jun 29 04:54:50.373725 np0000183413 nova-conductor[110981]: DEBUG oslo.service.backend._threading.loopingcall [-] Fixed interval looping call 'nova.servicegroup.drivers.db.DbDriver._report_state' sleeping for 119.98 seconds {{(pid=110981) _run_loop /opt/stack/data/venv/lib/python3.12/site-packages/oslo_service/backend/_threading/loopingcall.py:125}}
Jun 29 04:54:50.376586 np0000183413 nova-conductor[110993]: DEBUG oslo.service.backend._threading.loopingcall [-] Fixed interval looping call 'nova.servicegroup.drivers.db.DbDriver._report_state' sleeping for 119.98 seconds {{(pid=110993) _run_loop /opt/stack/data/venv/lib/python3.12/site-packages/oslo_service/backend/_threading/loopingcall.py:125}}
Jun 29 04:54:50.376989 np0000183413 nova-conductor[110987]: DEBUG oslo.service.backend._threading.loopingcall [-] Fixed interval looping call 'nova.servicegroup.drivers.db.DbDriver._report_state' sleeping for 119.98 seconds {{(pid=110987) _run_loop /opt/stack/data/venv/lib/python3.12/site-packages/oslo_service/backend/_threading/loopingcall.py:125}}
Jun 29 04:54:50.403530 np0000183413 nova-conductor[111002]: DEBUG oslo.service.backend._threading.loopingcall [-] Fixed interval looping call 'nova.servicegroup.drivers.db.DbDriver._report_state' sleeping for 119.99 seconds {{(pid=111002) _run_loop /opt/stack/data/venv/lib/python3.12/site-packages/oslo_service/backend/_threading/loopingcall.py:125}}
Jun 29 04:54:53.855704 np0000183413 nova-conductor[110212]: DEBUG dbcounter [-] [110212] Writing DB stats nova_api:SELECT=1 {{(pid=110212) stat_writer /opt/stack/data/venv/lib/python3.12/site-packages/dbcounter.py:115}}
Jun 29 04:54:54.011909 np0000183413 nova-conductor[110212]: DEBUG dbcounter [-] [110212] Writing DB stats nova_cell1:SELECT=1 {{(pid=110212) stat_writer /opt/stack/data/venv/lib/python3.12/site-packages/dbcounter.py:115}}
Jun 29 04:54:54.019397 np0000183413 nova-conductor[110212]: DEBUG dbcounter [-] [110212] Writing DB stats nova_cell0:SELECT=1 {{(pid=110212) stat_writer /opt/stack/data/venv/lib/python3.12/site-packages/dbcounter.py:115}}
Jun 29 04:55:00.368312 np0000183413 nova-conductor[110981]: DEBUG dbcounter [-] [110981] Writing DB stats nova_cell0:SELECT=4,nova_cell0:INSERT=1,nova_cell0:UPDATE=1 {{(pid=110981) stat_writer /opt/stack/data/venv/lib/python3.12/site-packages/dbcounter.py:115}}
Jun 29 04:55:00.370087 np0000183413 nova-conductor[110987]: DEBUG dbcounter [-] [110987] Writing DB stats nova_cell0:SELECT=4,nova_cell0:INSERT=1,nova_cell0:UPDATE=1 {{(pid=110987) stat_writer /opt/stack/data/venv/lib/python3.12/site-packages/dbcounter.py:115}}
Jun 29 04:55:00.370653 np0000183413 nova-conductor[110993]: DEBUG dbcounter [-] [110993] Writing DB stats nova_cell0:SELECT=3,nova_cell0:UPDATE=1 {{(pid=110993) stat_writer /opt/stack/data/venv/lib/python3.12/site-packages/dbcounter.py:115}}
Jun 29 04:55:00.400409 np0000183413 nova-conductor[111002]: DEBUG dbcounter [-] [111002] Writing DB stats nova_cell0:SELECT=3 {{(pid=111002) stat_writer /opt/stack/data/venv/lib/python3.12/site-packages/dbcounter.py:115}}
Jun 29 04:55:01.356901 np0000183413 nova-conductor[110981]: DEBUG oslo.service.backend._threading.loopingcall [None req-5c59d0db-fef0-4e50-902a-fbac5c3639ef None None] Dynamic interval looping call 'nova.service.Service.periodic_tasks' sleeping for 60.00 seconds {{(pid=110981) _run_loop /opt/stack/data/venv/lib/python3.12/site-packages/oslo_service/backend/_threading/loopingcall.py:125}}
Jun 29 04:55:14.355231 np0000183413 nova-conductor[110993]: DEBUG oslo.service.backend._threading.loopingcall [None req-d1888d95-1ac5-4a23-9cad-d7a26ed73c4d None None] Dynamic interval looping call 'nova.service.Service.periodic_tasks' sleeping for 60.00 seconds {{(pid=110993) _run_loop /opt/stack/data/venv/lib/python3.12/site-packages/oslo_service/backend/_threading/loopingcall.py:125}}
Jun 29 04:55:30.359683 np0000183413 nova-conductor[110987]: DEBUG oslo.service.backend._threading.loopingcall [None req-1f8d238d-2eb1-4469-be5f-05e0178cb501 None None] Dynamic interval looping call 'nova.service.Service.periodic_tasks' sleeping for 60.00 seconds {{(pid=110987) _run_loop /opt/stack/data/venv/lib/python3.12/site-packages/oslo_service/backend/_threading/loopingcall.py:125}}
Jun 29 04:55:45.391894 np0000183413 nova-conductor[111002]: DEBUG oslo.service.backend._threading.loopingcall [None req-a811d905-282a-4810-9055-7fbdb3d9a2b3 None None] Dynamic interval looping call 'nova.service.Service.periodic_tasks' sleeping for 60.00 seconds {{(pid=111002) _run_loop /opt/stack/data/venv/lib/python3.12/site-packages/oslo_service/backend/_threading/loopingcall.py:125}}
Jun 29 04:56:01.358310 np0000183413 nova-conductor[110981]: DEBUG oslo.service.backend._threading.loopingcall [None req-5c59d0db-fef0-4e50-902a-fbac5c3639ef None None] Dynamic interval looping call 'nova.service.Service.periodic_tasks' sleeping for 60.00 seconds {{(pid=110981) _run_loop /opt/stack/data/venv/lib/python3.12/site-packages/oslo_service/backend/_threading/loopingcall.py:125}}
Jun 29 04:56:14.356007 np0000183413 nova-conductor[110993]: DEBUG oslo.service.backend._threading.loopingcall [None req-d1888d95-1ac5-4a23-9cad-d7a26ed73c4d None None] Dynamic interval looping call 'nova.service.Service.periodic_tasks' sleeping for 60.00 seconds {{(pid=110993) _run_loop /opt/stack/data/venv/lib/python3.12/site-packages/oslo_service/backend/_threading/loopingcall.py:125}}
Jun 29 04:56:30.360494 np0000183413 nova-conductor[110987]: DEBUG oslo.service.backend._threading.loopingcall [None req-1f8d238d-2eb1-4469-be5f-05e0178cb501 None None] Dynamic interval looping call 'nova.service.Service.periodic_tasks' sleeping for 60.00 seconds {{(pid=110987) _run_loop /opt/stack/data/venv/lib/python3.12/site-packages/oslo_service/backend/_threading/loopingcall.py:125}}
Jun 29 04:56:45.392993 np0000183413 nova-conductor[111002]: DEBUG oslo.service.backend._threading.loopingcall [None req-a811d905-282a-4810-9055-7fbdb3d9a2b3 None None] Dynamic interval looping call 'nova.service.Service.periodic_tasks' sleeping for 60.00 seconds {{(pid=111002) _run_loop /opt/stack/data/venv/lib/python3.12/site-packages/oslo_service/backend/_threading/loopingcall.py:125}}
Jun 29 04:56:50.364525 np0000183413 nova-conductor[110981]: DEBUG oslo.service.backend._threading.loopingcall [-] Fixed interval looping call 'nova.servicegroup.drivers.db.DbDriver._report_state' sleeping for 119.99 seconds {{(pid=110981) _run_loop /opt/stack/data/venv/lib/python3.12/site-packages/oslo_service/backend/_threading/loopingcall.py:125}}
Jun 29 04:56:50.365801 np0000183413 nova-conductor[110993]: DEBUG oslo.service.backend._threading.loopingcall [-] Fixed interval looping call 'nova.servicegroup.drivers.db.DbDriver._report_state' sleeping for 119.99 seconds {{(pid=110993) _run_loop /opt/stack/data/venv/lib/python3.12/site-packages/oslo_service/backend/_threading/loopingcall.py:125}}
Jun 29 04:56:50.367251 np0000183413 nova-conductor[110987]: DEBUG oslo.service.backend._threading.loopingcall [-] Fixed interval looping call 'nova.servicegroup.drivers.db.DbDriver._report_state' sleeping for 119.99 seconds {{(pid=110987) _run_loop /opt/stack/data/venv/lib/python3.12/site-packages/oslo_service/backend/_threading/loopingcall.py:125}}
Jun 29 04:56:50.400096 np0000183413 nova-conductor[111002]: DEBUG oslo.service.backend._threading.loopingcall [-] Fixed interval looping call 'nova.servicegroup.drivers.db.DbDriver._report_state' sleeping for 119.99 seconds {{(pid=111002) _run_loop /opt/stack/data/venv/lib/python3.12/site-packages/oslo_service/backend/_threading/loopingcall.py:125}}
Jun 29 04:57:00.359167 np0000183413 nova-conductor[110981]: DEBUG dbcounter [-] [110981] Writing DB stats nova_cell0:SELECT=1,nova_cell0:UPDATE=1 {{(pid=110981) stat_writer /opt/stack/data/venv/lib/python3.12/site-packages/dbcounter.py:115}}
Jun 29 04:57:00.363271 np0000183413 nova-conductor[110993]: DEBUG dbcounter [-] [110993] Writing DB stats nova_cell0:SELECT=1,nova_cell0:UPDATE=1 {{(pid=110993) stat_writer /opt/stack/data/venv/lib/python3.12/site-packages/dbcounter.py:115}}
Jun 29 04:57:00.364608 np0000183413 nova-conductor[110987]: DEBUG dbcounter [-] [110987] Writing DB stats nova_cell0:SELECT=1 {{(pid=110987) stat_writer /opt/stack/data/venv/lib/python3.12/site-packages/dbcounter.py:115}}
Jun 29 04:57:00.396613 np0000183413 nova-conductor[111002]: DEBUG dbcounter [-] [111002] Writing DB stats nova_cell0:SELECT=1 {{(pid=111002) stat_writer /opt/stack/data/venv/lib/python3.12/site-packages/dbcounter.py:115}}
Jun 29 04:57:01.359699 np0000183413 nova-conductor[110981]: DEBUG oslo.service.backend._threading.loopingcall [None req-5c59d0db-fef0-4e50-902a-fbac5c3639ef None None] Dynamic interval looping call 'nova.service.Service.periodic_tasks' sleeping for 60.00 seconds {{(pid=110981) _run_loop /opt/stack/data/venv/lib/python3.12/site-packages/oslo_service/backend/_threading/loopingcall.py:125}}
Jun 29 04:57:14.357393 np0000183413 nova-conductor[110993]: DEBUG oslo.service.backend._threading.loopingcall [None req-d1888d95-1ac5-4a23-9cad-d7a26ed73c4d None None] Dynamic interval looping call 'nova.service.Service.periodic_tasks' sleeping for 60.00 seconds {{(pid=110993) _run_loop /opt/stack/data/venv/lib/python3.12/site-packages/oslo_service/backend/_threading/loopingcall.py:125}}
Jun 29 04:57:30.361372 np0000183413 nova-conductor[110987]: DEBUG oslo.service.backend._threading.loopingcall [None req-1f8d238d-2eb1-4469-be5f-05e0178cb501 None None] Dynamic interval looping call 'nova.service.Service.periodic_tasks' sleeping for 60.00 seconds {{(pid=110987) _run_loop /opt/stack/data/venv/lib/python3.12/site-packages/oslo_service/backend/_threading/loopingcall.py:125}}
Jun 29 04:57:45.393507 np0000183413 nova-conductor[111002]: DEBUG oslo.service.backend._threading.loopingcall [None req-a811d905-282a-4810-9055-7fbdb3d9a2b3 None None] Dynamic interval looping call 'nova.service.Service.periodic_tasks' sleeping for 60.00 seconds {{(pid=111002) _run_loop /opt/stack/data/venv/lib/python3.12/site-packages/oslo_service/backend/_threading/loopingcall.py:125}}
Jun 29 04:58:01.360261 np0000183413 nova-conductor[110981]: DEBUG oslo.service.backend._threading.loopingcall [None req-5c59d0db-fef0-4e50-902a-fbac5c3639ef None None] Dynamic interval looping call 'nova.service.Service.periodic_tasks' sleeping for 60.00 seconds {{(pid=110981) _run_loop /opt/stack/data/venv/lib/python3.12/site-packages/oslo_service/backend/_threading/loopingcall.py:125}}
Jun 29 04:58:14.358080 np0000183413 nova-conductor[110993]: DEBUG oslo.service.backend._threading.loopingcall [None req-d1888d95-1ac5-4a23-9cad-d7a26ed73c4d None None] Dynamic interval looping call 'nova.service.Service.periodic_tasks' sleeping for 60.00 seconds {{(pid=110993) _run_loop /opt/stack/data/venv/lib/python3.12/site-packages/oslo_service/backend/_threading/loopingcall.py:125}}
Jun 29 04:58:30.362188 np0000183413 nova-conductor[110987]: DEBUG oslo.service.backend._threading.loopingcall [None req-1f8d238d-2eb1-4469-be5f-05e0178cb501 None None] Dynamic interval looping call 'nova.service.Service.periodic_tasks' sleeping for 60.00 seconds {{(pid=110987) _run_loop /opt/stack/data/venv/lib/python3.12/site-packages/oslo_service/backend/_threading/loopingcall.py:125}}
Jun 29 04:58:45.394285 np0000183413 nova-conductor[111002]: DEBUG oslo.service.backend._threading.loopingcall [None req-a811d905-282a-4810-9055-7fbdb3d9a2b3 None None] Dynamic interval looping call 'nova.service.Service.periodic_tasks' sleeping for 60.00 seconds {{(pid=111002) _run_loop /opt/stack/data/venv/lib/python3.12/site-packages/oslo_service/backend/_threading/loopingcall.py:125}}
Jun 29 04:58:50.365805 np0000183413 nova-conductor[110981]: DEBUG oslo.service.backend._threading.loopingcall [-] Fixed interval looping call 'nova.servicegroup.drivers.db.DbDriver._report_state' sleeping for 119.99 seconds {{(pid=110981) _run_loop /opt/stack/data/venv/lib/python3.12/site-packages/oslo_service/backend/_threading/loopingcall.py:125}}
Jun 29 04:58:50.366604 np0000183413 nova-conductor[110987]: DEBUG oslo.service.backend._threading.loopingcall [-] Fixed interval looping call 'nova.servicegroup.drivers.db.DbDriver._report_state' sleeping for 119.99 seconds {{(pid=110987) _run_loop /opt/stack/data/venv/lib/python3.12/site-packages/oslo_service/backend/_threading/loopingcall.py:125}}
Jun 29 04:58:50.366922 np0000183413 nova-conductor[110993]: DEBUG oslo.service.backend._threading.loopingcall [-] Fixed interval looping call 'nova.servicegroup.drivers.db.DbDriver._report_state' sleeping for 119.99 seconds {{(pid=110993) _run_loop /opt/stack/data/venv/lib/python3.12/site-packages/oslo_service/backend/_threading/loopingcall.py:125}}
Jun 29 04:58:50.395932 np0000183413 nova-conductor[111002]: DEBUG oslo.service.backend._threading.loopingcall [-] Fixed interval looping call 'nova.servicegroup.drivers.db.DbDriver._report_state' sleeping for 119.99 seconds {{(pid=111002) _run_loop /opt/stack/data/venv/lib/python3.12/site-packages/oslo_service/backend/_threading/loopingcall.py:125}}
Jun 29 04:59:00.360460 np0000183413 nova-conductor[110981]: DEBUG dbcounter [-] [110981] Writing DB stats nova_cell0:SELECT=1,nova_cell0:UPDATE=1 {{(pid=110981) stat_writer /opt/stack/data/venv/lib/python3.12/site-packages/dbcounter.py:115}}
Jun 29 04:59:00.362774 np0000183413 nova-conductor[110987]: DEBUG dbcounter [-] [110987] Writing DB stats nova_cell0:SELECT=1,nova_cell0:UPDATE=1 {{(pid=110987) stat_writer /opt/stack/data/venv/lib/python3.12/site-packages/dbcounter.py:115}}
Jun 29 04:59:00.363515 np0000183413 nova-conductor[110993]: DEBUG dbcounter [-] [110993] Writing DB stats nova_cell0:SELECT=1,nova_cell0:UPDATE=1 {{(pid=110993) stat_writer /opt/stack/data/venv/lib/python3.12/site-packages/dbcounter.py:115}}
Jun 29 04:59:00.392847 np0000183413 nova-conductor[111002]: DEBUG dbcounter [-] [111002] Writing DB stats nova_cell0:SELECT=1 {{(pid=111002) stat_writer /opt/stack/data/venv/lib/python3.12/site-packages/dbcounter.py:115}}
Jun 29 04:59:01.361125 np0000183413 nova-conductor[110981]: DEBUG oslo.service.backend._threading.loopingcall [None req-5c59d0db-fef0-4e50-902a-fbac5c3639ef None None] Dynamic interval looping call 'nova.service.Service.periodic_tasks' sleeping for 60.00 seconds {{(pid=110981) _run_loop /opt/stack/data/venv/lib/python3.12/site-packages/oslo_service/backend/_threading/loopingcall.py:125}}
