Jun 29 04:59:10.987258 np0000183413 devstack@n-api.service[100326]: DEBUG nova.api.openstack.wsgi [None req-0fe4626c-3dad-43e4-9dfc-002fe82602e5 demo demo] Calling method '>' {{(pid=100326) _process_stack /opt/stack/nova/nova/api/openstack/wsgi.py:551}}
Jun 29 04:59:11.012054 np0000183413 devstack@n-api.service[100326]: INFO nova.api.openstack.requestlog [None req-0fe4626c-3dad-43e4-9dfc-002fe82602e5 demo demo] 199.204.45.77 "GET /compute/v2.1/flavors/detail?is_public=None" status: 200 len: 5240 microversion: 2.61 time: 0.027790
Jun 29 04:59:11.012302 np0000183413 devstack@n-api.service[100326]: [pid: 100326|app: 0|req: 17/63] 199.204.45.77 () {68 vars in 1417 bytes} [Mon Jun 29 04:59:10 2026] GET /compute/v2.1/flavors/detail?is_public=None => generated 5240 bytes in 28 msecs (HTTP/1.1 200) 9 headers in 360 bytes (1 switches on core 0)
Jun 29 04:59:11.064781 np0000183413 devstack@n-api.service[100327]: DEBUG nova.api.openstack.wsgi [None req-ca995aae-1461-4d40-a9a9-4add219a26db demo demo] Calling method '>' {{(pid=100327) _process_stack /opt/stack/nova/nova/api/openstack/wsgi.py:551}}
Jun 29 04:59:11.100670 np0000183413 devstack@n-api.service[100327]: INFO nova.api.openstack.requestlog [None req-ca995aae-1461-4d40-a9a9-4add219a26db demo demo] 199.204.45.77 "GET /compute/v2.1/flavors/detail?is_public=None" status: 200 len: 5240 microversion: 2.61 time: 0.037851
Jun 29 04:59:11.101269 np0000183413 devstack@n-api.service[100327]: [pid: 100327|app: 0|req: 16/64] 199.204.45.77 () {68 vars in 1417 bytes} [Mon Jun 29 04:59:11 2026] GET /compute/v2.1/flavors/detail?is_public=None => generated 5240 bytes in 39 msecs (HTTP/1.1 200) 9 headers in 360 bytes (1 switches on core 0)
Jun 29 04:59:11.399085 np0000183413 devstack@n-api.service[100328]: DEBUG nova.api.openstack.wsgi [None req-2a023d8a-d78f-413c-8770-6c41ec6d1198 admin admin] Calling method '>' {{(pid=100328) _process_stack /opt/stack/nova/nova/api/openstack/wsgi.py:551}}
Jun 29 04:59:11.404775 np0000183413 devstack@n-api.service[100328]: INFO nova.api.openstack.requestlog [None req-2a023d8a-d78f-413c-8770-6c41ec6d1198 admin admin] 199.204.45.77 "GET /compute/v2.1" status: 200 len: 392 microversion: 2.1 time: 0.006127
Jun 29 04:59:11.405175 np0000183413 devstack@n-api.service[100328]: [pid: 100328|app: 0|req: 16/65] 199.204.45.77 () {62 vars in 1056 bytes} [Mon Jun 29 04:59:11 2026] GET /compute/v2.1 => generated 392 bytes in 7 msecs (HTTP/1.1 200) 9 headers in 357 bytes (1 switches on core 0)
Jun 29 04:59:11.444498 np0000183413 devstack@n-api.service[100329]: DEBUG nova.api.openstack.wsgi [None req-54f2aa61-0173-4683-a11f-1893a3b5c198 admin admin] Calling method '>' {{(pid=100329) _process_stack /opt/stack/nova/nova/api/openstack/wsgi.py:551}}
Jun 29 04:59:11.450412 np0000183413 devstack@n-api.service[100329]: INFO nova.api.openstack.requestlog [None req-54f2aa61-0173-4683-a11f-1893a3b5c198 admin admin] 199.204.45.77 "GET /compute/v2.1/" status: 200 len: 392 microversion: 2.1 time: 0.006526
Jun 29 04:59:11.450662 np0000183413 devstack@n-api.service[100329]: [pid: 100329|app: 0|req: 17/66] 199.204.45.77 () {62 vars in 1059 bytes} [Mon Jun 29 04:59:11 2026] GET /compute/v2.1/ => generated 392 bytes in 7 msecs (HTTP/1.1 200) 9 headers in 357 bytes (1 switches on core 0)
Jun 29 04:59:11.494976 np0000183413 devstack@n-api.service[100326]: DEBUG nova.api.openstack.wsgi [None req-a03c9bd1-f1af-4d76-84e9-eb092b7431f3 demo demo] Calling method '>' {{(pid=100326) _process_stack /opt/stack/nova/nova/api/openstack/wsgi.py:551}}
Jun 29 04:59:11.517176 np0000183413 devstack@n-api.service[100326]: INFO nova.api.openstack.requestlog [None req-a03c9bd1-f1af-4d76-84e9-eb092b7431f3 demo demo] 199.204.45.77 "GET /compute/v2.1/flavors/detail?is_public=None" status: 200 len: 5240 microversion: 2.61 time: 0.025742
Jun 29 04:59:11.517511 np0000183413 devstack@n-api.service[100326]: [pid: 100326|app: 0|req: 18/67] 199.204.45.77 () {68 vars in 1417 bytes} [Mon Jun 29 04:59:11 2026] GET /compute/v2.1/flavors/detail?is_public=None => generated 5240 bytes in 27 msecs (HTTP/1.1 200) 9 headers in 360 bytes (1 switches on core 0)
Jun 29 04:59:11.569827 np0000183413 devstack@n-api.service[100327]: DEBUG nova.api.openstack.wsgi [None req-6bd1db9f-4abb-4307-86da-4fefd24cefc8 demo demo] Calling method '>' {{(pid=100327) _process_stack /opt/stack/nova/nova/api/openstack/wsgi.py:551}}
Jun 29 04:59:11.588032 np0000183413 devstack@n-api.service[100327]: INFO nova.api.openstack.requestlog [None req-6bd1db9f-4abb-4307-86da-4fefd24cefc8 demo demo] 199.204.45.77 "GET /compute/v2.1/flavors/detail?is_public=None" status: 200 len: 5240 microversion: 2.61 time: 0.019849
Jun 29 04:59:11.588382 np0000183413 devstack@n-api.service[100327]: [pid: 100327|app: 0|req: 17/68] 199.204.45.77 () {68 vars in 1417 bytes} [Mon Jun 29 04:59:11 2026] GET /compute/v2.1/flavors/detail?is_public=None => generated 5240 bytes in 20 msecs (HTTP/1.1 200) 9 headers in 360 bytes (1 switches on core 0)
Jun 29 04:59:15.898771 np0000183413 devstack@n-api.service[100328]: DEBUG nova.api.openstack.wsgi [None req-2a023d8a-d78f-413c-8770-6c41ec6d1198 admin admin] Calling method '>' {{(pid=100328) _process_stack /opt/stack/nova/nova/api/openstack/wsgi.py:551}}
Jun 29 04:59:15.902724 np0000183413 devstack@n-api.service[100328]: INFO nova.api.openstack.requestlog [None req-2a023d8a-d78f-413c-8770-6c41ec6d1198 admin admin] 199.204.45.77 "GET /compute/v2.1" status: 200 len: 392 microversion: 2.1 time: 0.004239
Jun 29 04:59:15.903020 np0000183413 devstack@n-api.service[100328]: [pid: 100328|app: 0|req: 17/69] 199.204.45.77 () {62 vars in 1056 bytes} [Mon Jun 29 04:59:15 2026] GET /compute/v2.1 => generated 392 bytes in 5 msecs (HTTP/1.1 200) 9 headers in 357 bytes (1 switches on core 0)
Jun 29 04:59:15.942671 np0000183413 devstack@n-api.service[100329]: DEBUG nova.api.openstack.wsgi [None req-54f2aa61-0173-4683-a11f-1893a3b5c198 admin admin] Calling method '>' {{(pid=100329) _process_stack /opt/stack/nova/nova/api/openstack/wsgi.py:551}}
Jun 29 04:59:15.951055 np0000183413 devstack@n-api.service[100329]: INFO nova.api.openstack.requestlog [None req-54f2aa61-0173-4683-a11f-1893a3b5c198 admin admin] 199.204.45.77 "GET /compute/v2.1/" status: 200 len: 392 microversion: 2.1 time: 0.009149
Jun 29 04:59:15.951432 np0000183413 devstack@n-api.service[100329]: [pid: 100329|app: 0|req: 18/70] 199.204.45.77 () {62 vars in 1059 bytes} [Mon Jun 29 04:59:15 2026] GET /compute/v2.1/ => generated 392 bytes in 10 msecs (HTTP/1.1 200) 9 headers in 357 bytes (1 switches on core 0)
Jun 29 04:59:15.994359 np0000183413 devstack@n-api.service[100326]: DEBUG nova.api.openstack.wsgi [None req-7ea93ddd-6241-4427-9105-223c0af87ba2 demo demo] Calling method '>' {{(pid=100326) _process_stack /opt/stack/nova/nova/api/openstack/wsgi.py:551}}
Jun 29 04:59:16.016105 np0000183413 devstack@n-api.service[100326]: INFO nova.api.openstack.requestlog [None req-7ea93ddd-6241-4427-9105-223c0af87ba2 demo demo] 199.204.45.77 "GET /compute/v2.1/flavors/detail?is_public=None" status: 200 len: 5240 microversion: 2.61 time: 0.025277
Jun 29 04:59:16.016433 np0000183413 devstack@n-api.service[100326]: [pid: 100326|app: 0|req: 19/71] 199.204.45.77 () {68 vars in 1417 bytes} [Mon Jun 29 04:59:15 2026] GET /compute/v2.1/flavors/detail?is_public=None => generated 5240 bytes in 26 msecs (HTTP/1.1 200) 9 headers in 360 bytes (1 switches on core 0)
Jun 29 04:59:16.074981 np0000183413 devstack@n-api.service[100327]: DEBUG nova.api.openstack.wsgi [None req-43431307-6865-4f4e-ba91-4b85916dd21d demo demo] Calling method '>' {{(pid=100327) _process_stack /opt/stack/nova/nova/api/openstack/wsgi.py:551}}
Jun 29 04:59:16.096111 np0000183413 devstack@n-api.service[100327]: INFO nova.api.openstack.requestlog [None req-43431307-6865-4f4e-ba91-4b85916dd21d demo demo] 199.204.45.77 "GET /compute/v2.1/flavors/detail?is_public=None" status: 200 len: 5240 microversion: 2.61 time: 0.024587
Jun 29 04:59:16.096450 np0000183413 devstack@n-api.service[100327]: [pid: 100327|app: 0|req: 18/72] 199.204.45.77 () {68 vars in 1417 bytes} [Mon Jun 29 04:59:16 2026] GET /compute/v2.1/flavors/detail?is_public=None => generated 5240 bytes in 25 msecs (HTTP/1.1 200) 9 headers in 360 bytes (1 switches on core 0)
Jun 29 04:59:16.251561 np0000183413 devstack@n-api.service[100328]: DEBUG nova.api.openstack.wsgi [None req-2a023d8a-d78f-413c-8770-6c41ec6d1198 admin admin] Calling method '>' {{(pid=100328) _process_stack /opt/stack/nova/nova/api/openstack/wsgi.py:551}}
Jun 29 04:59:16.257272 np0000183413 devstack@n-api.service[100328]: INFO nova.api.openstack.requestlog [None req-2a023d8a-d78f-413c-8770-6c41ec6d1198 admin admin] 199.204.45.77 "GET /compute/v2.1" status: 200 len: 392 microversion: 2.1 time: 0.006040
Jun 29 04:59:16.257640 np0000183413 devstack@n-api.service[100328]: [pid: 100328|app: 0|req: 18/73] 199.204.45.77 () {62 vars in 1056 bytes} [Mon Jun 29 04:59:16 2026] GET /compute/v2.1 => generated 392 bytes in 7 msecs (HTTP/1.1 200) 9 headers in 357 bytes (1 switches on core 0)
Jun 29 04:59:16.296907 np0000183413 devstack@n-api.service[100329]: DEBUG nova.api.openstack.wsgi [None req-54f2aa61-0173-4683-a11f-1893a3b5c198 admin admin] Calling method '>' {{(pid=100329) _process_stack /opt/stack/nova/nova/api/openstack/wsgi.py:551}}
Jun 29 04:59:16.301280 np0000183413 devstack@n-api.service[100329]: INFO nova.api.openstack.requestlog [None req-54f2aa61-0173-4683-a11f-1893a3b5c198 admin admin] 199.204.45.77 "GET /compute/v2.1/" status: 200 len: 392 microversion: 2.1 time: 0.004972
Jun 29 04:59:16.301529 np0000183413 devstack@n-api.service[100329]: [pid: 100329|app: 0|req: 19/74] 199.204.45.77 () {62 vars in 1059 bytes} [Mon Jun 29 04:59:16 2026] GET /compute/v2.1/ => generated 392 bytes in 6 msecs (HTTP/1.1 200) 9 headers in 357 bytes (1 switches on core 0)
Jun 29 04:59:16.345141 np0000183413 devstack@n-api.service[100326]: DEBUG nova.api.openstack.wsgi [None req-b1788bd3-68f5-425c-a2c2-f042e0daa9d2 demo demo] Calling method '>' {{(pid=100326) _process_stack /opt/stack/nova/nova/api/openstack/wsgi.py:551}}
Jun 29 04:59:16.365505 np0000183413 devstack@n-api.service[100326]: INFO nova.api.openstack.requestlog [None req-b1788bd3-68f5-425c-a2c2-f042e0daa9d2 demo demo] 199.204.45.77 "GET /compute/v2.1/flavors/detail?is_public=None" status: 200 len: 5240 microversion: 2.61 time: 0.024132
Jun 29 04:59:16.365893 np0000183413 devstack@n-api.service[100326]: [pid: 100326|app: 0|req: 20/75] 199.204.45.77 () {68 vars in 1417 bytes} [Mon Jun 29 04:59:16 2026] GET /compute/v2.1/flavors/detail?is_public=None => generated 5240 bytes in 25 msecs (HTTP/1.1 200) 9 headers in 360 bytes (1 switches on core 0)
Jun 29 04:59:16.418025 np0000183413 devstack@n-api.service[100327]: DEBUG nova.api.openstack.wsgi [None req-ab9bb2ed-292c-460d-9d63-1a5496ed98a0 demo demo] Calling method '>' {{(pid=100327) _process_stack /opt/stack/nova/nova/api/openstack/wsgi.py:551}}
Jun 29 04:59:16.436830 np0000183413 devstack@n-api.service[100327]: INFO nova.api.openstack.requestlog [None req-ab9bb2ed-292c-460d-9d63-1a5496ed98a0 demo demo] 199.204.45.77 "GET /compute/v2.1/flavors/detail?is_public=None" status: 200 len: 5240 microversion: 2.61 time: 0.022783
Jun 29 04:59:16.437099 np0000183413 devstack@n-api.service[100327]: [pid: 100327|app: 0|req: 19/76] 199.204.45.77 () {68 vars in 1417 bytes} [Mon Jun 29 04:59:16 2026] GET /compute/v2.1/flavors/detail?is_public=None => generated 5240 bytes in 23 msecs (HTTP/1.1 200) 9 headers in 360 bytes (1 switches on core 0)
Jun 29 04:59:20.316683 np0000183413 devstack@n-api.service[100328]: DEBUG nova.api.openstack.wsgi [None req-2a023d8a-d78f-413c-8770-6c41ec6d1198 admin admin] Calling method '>' {{(pid=100328) _process_stack /opt/stack/nova/nova/api/openstack/wsgi.py:551}}
Jun 29 04:59:20.323506 np0000183413 devstack@n-api.service[100328]: INFO nova.api.openstack.requestlog [None req-2a023d8a-d78f-413c-8770-6c41ec6d1198 admin admin] 199.204.45.77 "GET /compute/v2.1" status: 200 len: 392 microversion: 2.1 time: 0.007408
Jun 29 04:59:20.324217 np0000183413 devstack@n-api.service[100328]: [pid: 100328|app: 0|req: 19/77] 199.204.45.77 () {62 vars in 1067 bytes} [Mon Jun 29 04:59:20 2026] GET /compute/v2.1 => generated 392 bytes in 9 msecs (HTTP/1.1 200) 9 headers in 357 bytes (1 switches on core 0)
Jun 29 04:59:20.365172 np0000183413 devstack@n-api.service[100329]: DEBUG nova.api.openstack.wsgi [None req-54f2aa61-0173-4683-a11f-1893a3b5c198 admin admin] Calling method '>' {{(pid=100329) _process_stack /opt/stack/nova/nova/api/openstack/wsgi.py:551}}
Jun 29 04:59:20.372057 np0000183413 devstack@n-api.service[100329]: INFO nova.api.openstack.requestlog [None req-54f2aa61-0173-4683-a11f-1893a3b5c198 admin admin] 199.204.45.77 "GET /compute/v2.1/" status: 200 len: 392 microversion: 2.1 time: 0.007159
Jun 29 04:59:20.372384 np0000183413 devstack@n-api.service[100329]: [pid: 100329|app: 0|req: 20/78] 199.204.45.77 () {62 vars in 1070 bytes} [Mon Jun 29 04:59:20 2026] GET /compute/v2.1/ => generated 392 bytes in 8 msecs (HTTP/1.1 200) 9 headers in 357 bytes (1 switches on core 0)
Jun 29 04:59:20.411240 np0000183413 devstack@n-api.service[100326]: DEBUG nova.api.openstack.wsgi [None req-5e8b936f-73d1-4b76-89f3-a63eb67ea59d demo demo] Calling method '>' {{(pid=100326) _process_stack /opt/stack/nova/nova/api/openstack/wsgi.py:551}}
Jun 29 04:59:20.442144 np0000183413 devstack@n-api.service[100326]: INFO nova.api.openstack.requestlog [None req-5e8b936f-73d1-4b76-89f3-a63eb67ea59d demo demo] 199.204.45.77 "GET /compute/v2.1/os-server-groups" status: 200 len: 21 microversion: 2.64 time: 0.034453
Jun 29 04:59:20.442708 np0000183413 devstack@n-api.service[100326]: [pid: 100326|app: 0|req: 21/79] 199.204.45.77 () {68 vars in 1405 bytes} [Mon Jun 29 04:59:20 2026] GET /compute/v2.1/os-server-groups => generated 21 bytes in 36 msecs (HTTP/1.1 200) 9 headers in 358 bytes (1 switches on core 0)
Jun 29 04:59:20.486645 np0000183413 devstack@n-api.service[100327]: DEBUG nova.api.openstack.wsgi [None req-ab9bb2ed-292c-460d-9d63-1a5496ed98a0 demo demo] Calling method '>' {{(pid=100327) _process_stack /opt/stack/nova/nova/api/openstack/wsgi.py:551}}
Jun 29 04:59:20.490138 np0000183413 devstack@n-api.service[100327]: INFO nova.api.openstack.requestlog [None req-ab9bb2ed-292c-460d-9d63-1a5496ed98a0 demo demo] 199.204.45.77 "GET /compute/v2.1" status: 200 len: 392 microversion: 2.1 time: 0.003873
Jun 29 04:59:20.490431 np0000183413 devstack@n-api.service[100327]: [pid: 100327|app: 0|req: 20/80] 199.204.45.77 () {62 vars in 1067 bytes} [Mon Jun 29 04:59:20 2026] GET /compute/v2.1 => generated 392 bytes in 4 msecs (HTTP/1.1 200) 9 headers in 357 bytes (1 switches on core 0)
Jun 29 04:59:20.539914 np0000183413 devstack@n-api.service[100328]: DEBUG nova.api.openstack.wsgi [None req-2a023d8a-d78f-413c-8770-6c41ec6d1198 admin admin] Calling method '>' {{(pid=100328) _process_stack /opt/stack/nova/nova/api/openstack/wsgi.py:551}}
Jun 29 04:59:20.540729 np0000183413 devstack@n-api.service[100328]: INFO nova.api.openstack.requestlog [None req-2a023d8a-d78f-413c-8770-6c41ec6d1198 admin admin] 199.204.45.77 "GET /compute/v2.1/" status: 200 len: 392 microversion: 2.1 time: 0.004493
Jun 29 04:59:20.541029 np0000183413 devstack@n-api.service[100328]: [pid: 100328|app: 0|req: 20/81] 199.204.45.77 () {62 vars in 1070 bytes} [Mon Jun 29 04:59:20 2026] GET /compute/v2.1/ => generated 392 bytes in 5 msecs (HTTP/1.1 200) 9 headers in 357 bytes (1 switches on core 0)
Jun 29 04:59:20.580759 np0000183413 devstack@n-api.service[100329]: DEBUG nova.api.openstack.wsgi [None req-d4e3ef98-5e12-4843-8524-4baf509c3fc6 demo demo] Action: 'create', calling method: >, body: {"server_group": {"name": "kube-q4lsg", "policy": "soft-anti-affinity"}} {{(pid=100329) _process_stack /opt/stack/nova/nova/api/openstack/wsgi.py:549}}
Jun 29 04:59:20.606840 np0000183413 devstack@n-api.service[100329]: DEBUG nova.quota [None req-d4e3ef98-5e12-4843-8524-4baf509c3fc6 demo demo] Getting quotas for project a9fa6099114f40e4863022a89d310f95. Resources: {'server_groups'} {{(pid=100329) _get_quotas /opt/stack/nova/nova/quota.py:389}}
Jun 29 04:59:20.612079 np0000183413 devstack@n-api.service[100329]: DEBUG nova.quota [None req-d4e3ef98-5e12-4843-8524-4baf509c3fc6 demo demo] Getting quotas for user 96d904fb89aa4ef8b11297204915860f and project a9fa6099114f40e4863022a89d310f95. Resources: {'server_groups'} {{(pid=100329) _get_quotas /opt/stack/nova/nova/quota.py:379}}
Jun 29 04:59:20.675257 np0000183413 devstack@n-api.service[100329]: DEBUG nova.quota [None req-d4e3ef98-5e12-4843-8524-4baf509c3fc6 demo demo] Getting quotas for project a9fa6099114f40e4863022a89d310f95. Resources: {'server_groups'} {{(pid=100329) _get_quotas /opt/stack/nova/nova/quota.py:389}}
Jun 29 04:59:20.677428 np0000183413 devstack@n-api.service[100329]: DEBUG nova.quota [None req-d4e3ef98-5e12-4843-8524-4baf509c3fc6 demo demo] Getting quotas for user 96d904fb89aa4ef8b11297204915860f and project a9fa6099114f40e4863022a89d310f95. Resources: {'server_groups'} {{(pid=100329) _get_quotas /opt/stack/nova/nova/quota.py:379}}
Jun 29 04:59:20.685080 np0000183413 devstack@n-api.service[100329]: INFO nova.api.openstack.requestlog [None req-d4e3ef98-5e12-4843-8524-4baf509c3fc6 demo demo] 199.204.45.77 "POST /compute/v2.1/os-server-groups" status: 200 len: 243 microversion: 2.64 time: 0.109692
Jun 29 04:59:20.685376 np0000183413 devstack@n-api.service[100329]: [pid: 100329|app: 0|req: 21/82] 199.204.45.77 () {72 vars in 1445 bytes} [Mon Jun 29 04:59:20 2026] POST /compute/v2.1/os-server-groups => generated 243 bytes in 110 msecs (HTTP/1.1 200) 9 headers in 359 bytes (1 switches on core 0)
Jun 29 04:59:20.729162 np0000183413 devstack@n-api.service[100326]: DEBUG nova.api.openstack.wsgi [None req-5e8b936f-73d1-4b76-89f3-a63eb67ea59d demo demo] Calling method '>' {{(pid=100326) _process_stack /opt/stack/nova/nova/api/openstack/wsgi.py:551}}
Jun 29 04:59:20.735725 np0000183413 devstack@n-api.service[100326]: INFO nova.api.openstack.requestlog [None req-5e8b936f-73d1-4b76-89f3-a63eb67ea59d demo demo] 199.204.45.77 "GET /compute/v2.1" status: 200 len: 392 microversion: 2.1 time: 0.006533
Jun 29 04:59:20.735725 np0000183413 devstack@n-api.service[100326]: [pid: 100326|app: 0|req: 22/83] 199.204.45.77 () {62 vars in 1067 bytes} [Mon Jun 29 04:59:20 2026] GET /compute/v2.1 => generated 392 bytes in 7 msecs (HTTP/1.1 200) 9 headers in 357 bytes (1 switches on core 0)
Jun 29 04:59:20.772121 np0000183413 devstack@n-api.service[100327]: DEBUG nova.api.openstack.wsgi [None req-ab9bb2ed-292c-460d-9d63-1a5496ed98a0 demo demo] Calling method '>' {{(pid=100327) _process_stack /opt/stack/nova/nova/api/openstack/wsgi.py:551}}
Jun 29 04:59:20.778293 np0000183413 devstack@n-api.service[100327]: INFO nova.api.openstack.requestlog [None req-ab9bb2ed-292c-460d-9d63-1a5496ed98a0 demo demo] 199.204.45.77 "GET /compute/v2.1/" status: 200 len: 392 microversion: 2.1 time: 0.006670
Jun 29 04:59:20.778733 np0000183413 devstack@n-api.service[100327]: [pid: 100327|app: 0|req: 21/84] 199.204.45.77 () {62 vars in 1070 bytes} [Mon Jun 29 04:59:20 2026] GET /compute/v2.1/ => generated 392 bytes in 8 msecs (HTTP/1.1 200) 9 headers in 357 bytes (1 switches on core 0)
Jun 29 04:59:20.818492 np0000183413 devstack@n-api.service[100328]: DEBUG nova.api.openstack.wsgi [None req-8fd03f24-b3ec-4d29-a34e-92854be5f54b demo demo] Calling method '>' {{(pid=100328) _process_stack /opt/stack/nova/nova/api/openstack/wsgi.py:551}}
Jun 29 04:59:20.841757 np0000183413 devstack@n-api.service[100328]: INFO nova.api.openstack.requestlog [None req-8fd03f24-b3ec-4d29-a34e-92854be5f54b demo demo] 199.204.45.77 "GET /compute/v2.1/os-server-groups" status: 200 len: 246 microversion: 2.64 time: 0.027676
Jun 29 04:59:20.841997 np0000183413 devstack@n-api.service[100328]: [pid: 100328|app: 0|req: 21/85] 199.204.45.77 () {68 vars in 1405 bytes} [Mon Jun 29 04:59:20 2026] GET /compute/v2.1/os-server-groups => generated 246 bytes in 28 msecs (HTTP/1.1 200) 9 headers in 359 bytes (1 switches on core 0)
Jun 29 04:59:20.883840 np0000183413 devstack@n-api.service[100329]: DEBUG nova.api.openstack.wsgi [None req-d4e3ef98-5e12-4843-8524-4baf509c3fc6 demo demo] Calling method '>' {{(pid=100329) _process_stack /opt/stack/nova/nova/api/openstack/wsgi.py:551}}
Jun 29 04:59:20.889057 np0000183413 devstack@n-api.service[100329]: INFO nova.api.openstack.requestlog [None req-d4e3ef98-5e12-4843-8524-4baf509c3fc6 demo demo] 199.204.45.77 "GET /compute/v2.1" status: 200 len: 392 microversion: 2.1 time: 0.005664
Jun 29 04:59:20.889519 np0000183413 devstack@n-api.service[100329]: [pid: 100329|app: 0|req: 22/86] 199.204.45.77 () {62 vars in 1067 bytes} [Mon Jun 29 04:59:20 2026] GET /compute/v2.1 => generated 392 bytes in 6 msecs (HTTP/1.1 200) 9 headers in 357 bytes (1 switches on core 0)
Jun 29 04:59:20.930986 np0000183413 devstack@n-api.service[100326]: DEBUG nova.api.openstack.wsgi [None req-5e8b936f-73d1-4b76-89f3-a63eb67ea59d demo demo] Calling method '>' {{(pid=100326) _process_stack /opt/stack/nova/nova/api/openstack/wsgi.py:551}}
Jun 29 04:59:20.935885 np0000183413 devstack@n-api.service[100326]: INFO nova.api.openstack.requestlog [None req-5e8b936f-73d1-4b76-89f3-a63eb67ea59d demo demo] 199.204.45.77 "GET /compute/v2.1/" status: 200 len: 392 microversion: 2.1 time: 0.005387
Jun 29 04:59:20.936085 np0000183413 devstack@n-api.service[100326]: [pid: 100326|app: 0|req: 23/87] 199.204.45.77 () {62 vars in 1070 bytes} [Mon Jun 29 04:59:20 2026] GET /compute/v2.1/ => generated 392 bytes in 6 msecs (HTTP/1.1 200) 9 headers in 357 bytes (1 switches on core 0)
Jun 29 04:59:20.975667 np0000183413 devstack@n-api.service[100327]: DEBUG nova.api.openstack.wsgi [None req-9b4052cf-3618-4a30-abfc-34eaf08274f1 demo demo] Action: 'create', calling method: >, body: {"server_group": {"name": "kube-q4lsg-default-worker", "policy": "soft-anti-affinity"}} {{(pid=100327) _process_stack /opt/stack/nova/nova/api/openstack/wsgi.py:549}}
Jun 29 04:59:21.007935 np0000183413 devstack@n-api.service[100327]: DEBUG nova.quota [None req-9b4052cf-3618-4a30-abfc-34eaf08274f1 demo demo] Getting quotas for project a9fa6099114f40e4863022a89d310f95. Resources: {'server_groups'} {{(pid=100327) _get_quotas /opt/stack/nova/nova/quota.py:389}}
Jun 29 04:59:21.012252 np0000183413 devstack@n-api.service[100327]: DEBUG nova.quota [None req-9b4052cf-3618-4a30-abfc-34eaf08274f1 demo demo] Getting quotas for user 96d904fb89aa4ef8b11297204915860f and project a9fa6099114f40e4863022a89d310f95. Resources: {'server_groups'} {{(pid=100327) _get_quotas /opt/stack/nova/nova/quota.py:379}}
Jun 29 04:59:21.081698 np0000183413 devstack@n-api.service[100327]: DEBUG nova.quota [None req-9b4052cf-3618-4a30-abfc-34eaf08274f1 demo demo] Getting quotas for project a9fa6099114f40e4863022a89d310f95. Resources: {'server_groups'} {{(pid=100327) _get_quotas /opt/stack/nova/nova/quota.py:389}}
Jun 29 04:59:21.084216 np0000183413 devstack@n-api.service[100327]: DEBUG nova.quota [None req-9b4052cf-3618-4a30-abfc-34eaf08274f1 demo demo] Getting quotas for user 96d904fb89aa4ef8b11297204915860f and project a9fa6099114f40e4863022a89d310f95. Resources: {'server_groups'} {{(pid=100327) _get_quotas /opt/stack/nova/nova/quota.py:379}}
Jun 29 04:59:21.092385 np0000183413 devstack@n-api.service[100327]: INFO nova.api.openstack.requestlog [None req-9b4052cf-3618-4a30-abfc-34eaf08274f1 demo demo] 199.204.45.77 "POST /compute/v2.1/os-server-groups" status: 200 len: 258 microversion: 2.64 time: 0.120774
Jun 29 04:59:21.092662 np0000183413 devstack@n-api.service[100327]: [pid: 100327|app: 0|req: 22/88] 199.204.45.77 () {72 vars in 1445 bytes} [Mon Jun 29 04:59:20 2026] POST /compute/v2.1/os-server-groups => generated 258 bytes in 121 msecs (HTTP/1.1 200) 9 headers in 359 bytes (1 switches on core 0)
Jun 29 04:59:24.401662 np0000183413 devstack@n-api.service[100328]: DEBUG nova.api.openstack.wsgi [None req-8fd03f24-b3ec-4d29-a34e-92854be5f54b demo demo] Calling method '>' {{(pid=100328) _process_stack /opt/stack/nova/nova/api/openstack/wsgi.py:551}}
Jun 29 04:59:24.408252 np0000183413 devstack@n-api.service[100328]: INFO nova.api.openstack.requestlog [None req-8fd03f24-b3ec-4d29-a34e-92854be5f54b demo demo] 199.204.45.77 "GET /compute/v2.1" status: 200 len: 392 microversion: 2.1 time: 0.006859
Jun 29 04:59:24.408687 np0000183413 devstack@n-api.service[100328]: [pid: 100328|app: 0|req: 22/89] 199.204.45.77 () {62 vars in 1067 bytes} [Mon Jun 29 04:59:24 2026] GET /compute/v2.1 => generated 392 bytes in 8 msecs (HTTP/1.1 200) 9 headers in 357 bytes (1 switches on core 0)
Jun 29 04:59:24.448296 np0000183413 devstack@n-api.service[100329]: DEBUG nova.api.openstack.wsgi [None req-d4e3ef98-5e12-4843-8524-4baf509c3fc6 demo demo] Calling method '>' {{(pid=100329) _process_stack /opt/stack/nova/nova/api/openstack/wsgi.py:551}}
Jun 29 04:59:24.455030 np0000183413 devstack@n-api.service[100329]: INFO nova.api.openstack.requestlog [None req-d4e3ef98-5e12-4843-8524-4baf509c3fc6 demo demo] 199.204.45.77 "GET /compute/v2.1/" status: 200 len: 392 microversion: 2.1 time: 0.007291
Jun 29 04:59:24.455410 np0000183413 devstack@n-api.service[100329]: [pid: 100329|app: 0|req: 23/90] 199.204.45.77 () {62 vars in 1070 bytes} [Mon Jun 29 04:59:24 2026] GET /compute/v2.1/ => generated 392 bytes in 8 msecs (HTTP/1.1 200) 9 headers in 357 bytes (1 switches on core 0)
Jun 29 04:59:24.495499 np0000183413 devstack@n-api.service[100326]: DEBUG nova.api.openstack.wsgi [None req-119eb94f-7553-4400-831b-b44c07797ec0 demo demo] Calling method '>' {{(pid=100326) _process_stack /opt/stack/nova/nova/api/openstack/wsgi.py:551}}
Jun 29 04:59:24.515148 np0000183413 devstack@n-api.service[100326]: INFO nova.api.openstack.requestlog [None req-119eb94f-7553-4400-831b-b44c07797ec0 demo demo] 199.204.45.77 "GET /compute/v2.1/flavors/detail?is_public=None" status: 200 len: 5240 microversion: 2.61 time: 0.023255
Jun 29 04:59:24.515394 np0000183413 devstack@n-api.service[100326]: [pid: 100326|app: 0|req: 24/91] 199.204.45.77 () {68 vars in 1428 bytes} [Mon Jun 29 04:59:24 2026] GET /compute/v2.1/flavors/detail?is_public=None => generated 5240 bytes in 24 msecs (HTTP/1.1 200) 9 headers in 360 bytes (1 switches on core 0)
Jun 29 04:59:24.566914 np0000183413 devstack@n-api.service[100327]: DEBUG nova.api.openstack.wsgi [None req-e5f7a0b2-4c08-4a22-8641-4d9f3846dfd9 demo demo] Calling method '>' {{(pid=100327) _process_stack /opt/stack/nova/nova/api/openstack/wsgi.py:551}}
Jun 29 04:59:24.587319 np0000183413 devstack@n-api.service[100327]: INFO nova.api.openstack.requestlog [None req-e5f7a0b2-4c08-4a22-8641-4d9f3846dfd9 demo demo] 199.204.45.77 "GET /compute/v2.1/flavors/detail?is_public=None" status: 200 len: 5240 microversion: 2.61 time: 0.023978
Jun 29 04:59:24.587824 np0000183413 devstack@n-api.service[100327]: [pid: 100327|app: 0|req: 23/92] 199.204.45.77 () {68 vars in 1428 bytes} [Mon Jun 29 04:59:24 2026] GET /compute/v2.1/flavors/detail?is_public=None => generated 5240 bytes in 25 msecs (HTTP/1.1 200) 9 headers in 360 bytes (1 switches on core 0)
Jun 29 04:59:24.751714 np0000183413 devstack@n-api.service[100328]: DEBUG nova.api.openstack.wsgi [None req-8fd03f24-b3ec-4d29-a34e-92854be5f54b demo demo] Calling method '>' {{(pid=100328) _process_stack /opt/stack/nova/nova/api/openstack/wsgi.py:551}}
Jun 29 04:59:24.758130 np0000183413 devstack@n-api.service[100328]: INFO nova.api.openstack.requestlog [None req-8fd03f24-b3ec-4d29-a34e-92854be5f54b demo demo] 199.204.45.77 "GET /compute/v2.1" status: 200 len: 392 microversion: 2.1 time: 0.006891
Jun 29 04:59:24.758511 np0000183413 devstack@n-api.service[100328]: [pid: 100328|app: 0|req: 23/93] 199.204.45.77 () {62 vars in 1067 bytes} [Mon Jun 29 04:59:24 2026] GET /compute/v2.1 => generated 392 bytes in 8 msecs (HTTP/1.1 200) 9 headers in 357 bytes (1 switches on core 0)
Jun 29 04:59:24.788881 np0000183413 devstack@n-api.service[100329]: DEBUG nova.api.openstack.wsgi [None req-d4e3ef98-5e12-4843-8524-4baf509c3fc6 demo demo] Calling method '>' {{(pid=100329) _process_stack /opt/stack/nova/nova/api/openstack/wsgi.py:551}}
Jun 29 04:59:24.793941 np0000183413 devstack@n-api.service[100329]: INFO nova.api.openstack.requestlog [None req-d4e3ef98-5e12-4843-8524-4baf509c3fc6 demo demo] 199.204.45.77 "GET /compute/v2.1/" status: 200 len: 392 microversion: 2.1 time: 0.005486
Jun 29 04:59:24.794275 np0000183413 devstack@n-api.service[100329]: [pid: 100329|app: 0|req: 24/94] 199.204.45.77 () {62 vars in 1070 bytes} [Mon Jun 29 04:59:24 2026] GET /compute/v2.1/ => generated 392 bytes in 6 msecs (HTTP/1.1 200) 9 headers in 357 bytes (1 switches on core 0)
Jun 29 04:59:24.831698 np0000183413 devstack@n-api.service[100326]: DEBUG nova.api.openstack.wsgi [None req-18adbb33-1aa2-4d2b-9ef7-7a3731000da2 demo demo] Calling method '>' {{(pid=100326) _process_stack /opt/stack/nova/nova/api/openstack/wsgi.py:551}}
Jun 29 04:59:24.851823 np0000183413 devstack@n-api.service[100326]: INFO nova.api.openstack.requestlog [None req-18adbb33-1aa2-4d2b-9ef7-7a3731000da2 demo demo] 199.204.45.77 "GET /compute/v2.1/flavors/detail?is_public=None" status: 200 len: 5240 microversion: 2.61 time: 0.023415
Jun 29 04:59:24.852391 np0000183413 devstack@n-api.service[100326]: [pid: 100326|app: 0|req: 25/95] 199.204.45.77 () {68 vars in 1428 bytes} [Mon Jun 29 04:59:24 2026] GET /compute/v2.1/flavors/detail?is_public=None => generated 5240 bytes in 24 msecs (HTTP/1.1 200) 9 headers in 360 bytes (1 switches on core 0)
Jun 29 04:59:30.681604 np0000183413 devstack@n-api.service[100329]: DEBUG dbcounter [-] [100329] Writing DB stats nova_cell0:SELECT=4 {{(pid=100329) stat_writer /opt/stack/data/venv/lib/python3.12/site-packages/dbcounter.py:115}}
Jun 29 04:59:30.685015 np0000183413 devstack@n-api.service[100329]: DEBUG dbcounter [-] [100329] Writing DB stats nova_api:SELECT=14,nova_api:INSERT=2 {{(pid=100329) stat_writer /opt/stack/data/venv/lib/python3.12/site-packages/dbcounter.py:115}}
Jun 29 04:59:30.838743 np0000183413 devstack@n-api.service[100328]: DEBUG dbcounter [-] [100328] Writing DB stats nova_api:SELECT=2 {{(pid=100328) stat_writer /opt/stack/data/venv/lib/python3.12/site-packages/dbcounter.py:115}}
Jun 29 04:59:31.088438 np0000183413 devstack@n-api.service[100327]: DEBUG dbcounter [-] [100327] Writing DB stats nova_cell0:SELECT=4 {{(pid=100327) stat_writer /opt/stack/data/venv/lib/python3.12/site-packages/dbcounter.py:115}}
Jun 29 04:59:34.573031 np0000183413 devstack@n-api.service[100327]: DEBUG dbcounter [-] [100327] Writing DB stats nova_api:SELECT=19,nova_api:INSERT=2 {{(pid=100327) stat_writer /opt/stack/data/venv/lib/python3.12/site-packages/dbcounter.py:115}}
Jun 29 04:59:34.837637 np0000183413 devstack@n-api.service[100326]: DEBUG dbcounter [-] [100326] Writing DB stats nova_api:SELECT=8 {{(pid=100326) stat_writer /opt/stack/data/venv/lib/python3.12/site-packages/dbcounter.py:115}}
Jun 29 04:59:48.734075 np0000183413 devstack@n-api.service[100327]: DEBUG nova.api.openstack.wsgi [None req-e5f7a0b2-4c08-4a22-8641-4d9f3846dfd9 demo demo] Calling method '>' {{(pid=100327) _process_stack /opt/stack/nova/nova/api/openstack/wsgi.py:551}}
Jun 29 04:59:48.736825 np0000183413 devstack@n-api.service[100327]: INFO nova.api.openstack.requestlog [None req-e5f7a0b2-4c08-4a22-8641-4d9f3846dfd9 demo demo] 172.18.0.2 "GET /compute/v2.1/" status: 200 len: 392 microversion: 2.1 time: 0.003055
Jun 29 04:59:48.737065 np0000183413 devstack@n-api.service[100327]: [pid: 100327|app: 0|req: 24/96] 199.204.45.77 () {64 vars in 1266 bytes} [Mon Jun 29 04:59:48 2026] GET /compute/v2.1/ => generated 392 bytes in 3 msecs (HTTP/1.1 200) 9 headers in 357 bytes (1 switches on core 0)
Jun 29 04:59:48.746459 np0000183413 devstack@n-api.service[100328]: DEBUG nova.api.openstack.wsgi [None req-ba37529c-6528-4882-8085-a82abb529889 demo demo] Calling method '>' {{(pid=100328) _process_stack /opt/stack/nova/nova/api/openstack/wsgi.py:551}}
Jun 29 04:59:48.750735 np0000183413 devstack@n-api.service[100328]: DEBUG oslo_concurrency.lockutils [None req-ba37529c-6528-4882-8085-a82abb529889 demo demo] Acquiring lock "00000000-0000-0000-0000-000000000000" by "nova.context.set_target_cell..get_or_set_cached_cell_and_set_connections" {{(pid=100328) inner /opt/stack/data/venv/lib/python3.12/site-packages/oslo_concurrency/lockutils.py:511}}
Jun 29 04:59:48.751258 np0000183413 devstack@n-api.service[100328]: DEBUG oslo_concurrency.lockutils [None req-ba37529c-6528-4882-8085-a82abb529889 demo demo] Lock "00000000-0000-0000-0000-000000000000" acquired by "nova.context.set_target_cell..get_or_set_cached_cell_and_set_connections" :: waited 0.000s {{(pid=100328) inner /opt/stack/data/venv/lib/python3.12/site-packages/oslo_concurrency/lockutils.py:524}}
Jun 29 04:59:48.751567 np0000183413 devstack@n-api.service[100328]: DEBUG oslo_concurrency.lockutils [None req-ba37529c-6528-4882-8085-a82abb529889 demo demo] Lock "00000000-0000-0000-0000-000000000000" "released" by "nova.context.set_target_cell..get_or_set_cached_cell_and_set_connections" :: held 0.000s {{(pid=100328) inner /opt/stack/data/venv/lib/python3.12/site-packages/oslo_concurrency/lockutils.py:543}}
Jun 29 04:59:48.752629 np0000183413 devstack@n-api.service[100328]: DEBUG oslo_concurrency.lockutils [None req-ba37529c-6528-4882-8085-a82abb529889 demo demo] Acquiring lock "e4386001-8aeb-40cd-acd5-7dfa838803c9" by "nova.context.set_target_cell..get_or_set_cached_cell_and_set_connections" {{(pid=100328) inner /opt/stack/data/venv/lib/python3.12/site-packages/oslo_concurrency/lockutils.py:511}}
Jun 29 04:59:48.752784 np0000183413 devstack@n-api.service[100328]: DEBUG oslo_concurrency.lockutils [None req-ba37529c-6528-4882-8085-a82abb529889 demo demo] Lock "e4386001-8aeb-40cd-acd5-7dfa838803c9" acquired by "nova.context.set_target_cell..get_or_set_cached_cell_and_set_connections" :: waited 0.000s {{(pid=100328) inner /opt/stack/data/venv/lib/python3.12/site-packages/oslo_concurrency/lockutils.py:524}}
Jun 29 04:59:48.752939 np0000183413 devstack@n-api.service[100328]: DEBUG oslo_concurrency.lockutils [None req-ba37529c-6528-4882-8085-a82abb529889 demo demo] Lock "e4386001-8aeb-40cd-acd5-7dfa838803c9" "released" by "nova.context.set_target_cell..get_or_set_cached_cell_and_set_connections" :: held 0.000s {{(pid=100328) inner /opt/stack/data/venv/lib/python3.12/site-packages/oslo_concurrency/lockutils.py:543}}
Jun 29 04:59:48.822234 np0000183413 devstack@n-api.service[100328]: INFO nova.api.openstack.requestlog [None req-ba37529c-6528-4882-8085-a82abb529889 demo demo] 172.18.0.2 "GET /compute/v2.1/os-availability-zone" status: 200 len: 97 microversion: 2.38 time: 0.079030
Jun 29 04:59:48.822994 np0000183413 devstack@n-api.service[100328]: [pid: 100328|app: 0|req: 24/97] 199.204.45.77 () {68 vars in 1409 bytes} [Mon Jun 29 04:59:48 2026] GET /compute/v2.1/os-availability-zone => generated 97 bytes in 80 msecs (HTTP/1.1 200) 9 headers in 358 bytes (1 switches on core 0)
Jun 29 04:59:49.722789 np0000183413 devstack@n-api.service[100329]: DEBUG nova.api.openstack.wsgi [None req-d4e3ef98-5e12-4843-8524-4baf509c3fc6 demo demo] Calling method '>' {{(pid=100329) _process_stack /opt/stack/nova/nova/api/openstack/wsgi.py:551}}
Jun 29 04:59:49.728619 np0000183413 devstack@n-api.service[100329]: INFO nova.api.openstack.requestlog [None req-d4e3ef98-5e12-4843-8524-4baf509c3fc6 demo demo] 172.18.0.2 "GET /compute/v2.1/" status: 200 len: 392 microversion: 2.1 time: 0.006036
Jun 29 04:59:49.729185 np0000183413 devstack@n-api.service[100329]: [pid: 100329|app: 0|req: 25/98] 199.204.45.77 () {64 vars in 1266 bytes} [Mon Jun 29 04:59:49 2026] GET /compute/v2.1/ => generated 392 bytes in 7 msecs (HTTP/1.1 200) 9 headers in 357 bytes (1 switches on core 0)
Jun 29 04:59:49.739236 np0000183413 devstack@n-api.service[100326]: DEBUG nova.api.openstack.wsgi [None req-11e815bd-a411-4df4-88b0-13d657014c47 demo demo] Calling method '>' {{(pid=100326) _process_stack /opt/stack/nova/nova/api/openstack/wsgi.py:551}}
Jun 29 04:59:49.742745 np0000183413 devstack@n-api.service[100326]: DEBUG oslo_concurrency.lockutils [None req-11e815bd-a411-4df4-88b0-13d657014c47 demo demo] Acquiring lock "00000000-0000-0000-0000-000000000000" by "nova.context.set_target_cell..get_or_set_cached_cell_and_set_connections" {{(pid=100326) inner /opt/stack/data/venv/lib/python3.12/site-packages/oslo_concurrency/lockutils.py:511}}
Jun 29 04:59:49.743071 np0000183413 devstack@n-api.service[100326]: DEBUG oslo_concurrency.lockutils [None req-11e815bd-a411-4df4-88b0-13d657014c47 demo demo] Lock "00000000-0000-0000-0000-000000000000" acquired by "nova.context.set_target_cell..get_or_set_cached_cell_and_set_connections" :: waited 0.000s {{(pid=100326) inner /opt/stack/data/venv/lib/python3.12/site-packages/oslo_concurrency/lockutils.py:524}}
Jun 29 04:59:49.743225 np0000183413 devstack@n-api.service[100326]: DEBUG oslo_concurrency.lockutils [None req-11e815bd-a411-4df4-88b0-13d657014c47 demo demo] Lock "00000000-0000-0000-0000-000000000000" "released" by "nova.context.set_target_cell..get_or_set_cached_cell_and_set_connections" :: held 0.000s {{(pid=100326) inner /opt/stack/data/venv/lib/python3.12/site-packages/oslo_concurrency/lockutils.py:543}}
Jun 29 04:59:49.744283 np0000183413 devstack@n-api.service[100326]: DEBUG oslo_concurrency.lockutils [None req-11e815bd-a411-4df4-88b0-13d657014c47 demo demo] Acquiring lock "e4386001-8aeb-40cd-acd5-7dfa838803c9" by "nova.context.set_target_cell..get_or_set_cached_cell_and_set_connections" {{(pid=100326) inner /opt/stack/data/venv/lib/python3.12/site-packages/oslo_concurrency/lockutils.py:511}}
Jun 29 04:59:49.744482 np0000183413 devstack@n-api.service[100326]: DEBUG oslo_concurrency.lockutils [None req-11e815bd-a411-4df4-88b0-13d657014c47 demo demo] Lock "e4386001-8aeb-40cd-acd5-7dfa838803c9" acquired by "nova.context.set_target_cell..get_or_set_cached_cell_and_set_connections" :: waited 0.000s {{(pid=100326) inner /opt/stack/data/venv/lib/python3.12/site-packages/oslo_concurrency/lockutils.py:524}}
Jun 29 04:59:49.744647 np0000183413 devstack@n-api.service[100326]: DEBUG oslo_concurrency.lockutils [None req-11e815bd-a411-4df4-88b0-13d657014c47 demo demo] Lock "e4386001-8aeb-40cd-acd5-7dfa838803c9" "released" by "nova.context.set_target_cell..get_or_set_cached_cell_and_set_connections" :: held 0.000s {{(pid=100326) inner /opt/stack/data/venv/lib/python3.12/site-packages/oslo_concurrency/lockutils.py:543}}
Jun 29 04:59:49.815024 np0000183413 devstack@n-api.service[100326]: INFO nova.api.openstack.requestlog [None req-11e815bd-a411-4df4-88b0-13d657014c47 demo demo] 172.18.0.2 "GET /compute/v2.1/os-availability-zone" status: 200 len: 97 microversion: 2.38 time: 0.078881
Jun 29 04:59:49.815813 np0000183413 devstack@n-api.service[100326]: [pid: 100326|app: 0|req: 26/99] 199.204.45.77 () {68 vars in 1409 bytes} [Mon Jun 29 04:59:49 2026] GET /compute/v2.1/os-availability-zone => generated 97 bytes in 80 msecs (HTTP/1.1 200) 9 headers in 358 bytes (1 switches on core 0)
Jun 29 04:59:50.474087 np0000183413 devstack@n-api.service[100327]: DEBUG nova.api.openstack.wsgi [None req-e5f7a0b2-4c08-4a22-8641-4d9f3846dfd9 demo demo] Calling method '>' {{(pid=100327) _process_stack /opt/stack/nova/nova/api/openstack/wsgi.py:551}}
Jun 29 04:59:50.479610 np0000183413 devstack@n-api.service[100327]: INFO nova.api.openstack.requestlog [None req-e5f7a0b2-4c08-4a22-8641-4d9f3846dfd9 demo demo] 172.18.0.2 "GET /compute/v2.1/" status: 200 len: 392 microversion: 2.1 time: 0.006092
Jun 29 04:59:50.480083 np0000183413 devstack@n-api.service[100327]: [pid: 100327|app: 0|req: 25/100] 199.204.45.77 () {64 vars in 1266 bytes} [Mon Jun 29 04:59:50 2026] GET /compute/v2.1/ => generated 392 bytes in 7 msecs (HTTP/1.1 200) 9 headers in 357 bytes (1 switches on core 0)
Jun 29 04:59:50.489769 np0000183413 devstack@n-api.service[100328]: DEBUG nova.api.openstack.wsgi [None req-cb546b5e-ee2b-4a2a-a66b-cbbdd56828a7 demo demo] Calling method '>' {{(pid=100328) _process_stack /opt/stack/nova/nova/api/openstack/wsgi.py:551}}
Jun 29 04:59:50.492068 np0000183413 devstack@n-api.service[100328]: DEBUG oslo_concurrency.lockutils [None req-cb546b5e-ee2b-4a2a-a66b-cbbdd56828a7 demo demo] Acquiring lock "00000000-0000-0000-0000-000000000000" by "nova.context.set_target_cell..get_or_set_cached_cell_and_set_connections" {{(pid=100328) inner /opt/stack/data/venv/lib/python3.12/site-packages/oslo_concurrency/lockutils.py:511}}
Jun 29 04:59:50.492284 np0000183413 devstack@n-api.service[100328]: DEBUG oslo_concurrency.lockutils [None req-cb546b5e-ee2b-4a2a-a66b-cbbdd56828a7 demo demo] Lock "00000000-0000-0000-0000-000000000000" acquired by "nova.context.set_target_cell..get_or_set_cached_cell_and_set_connections" :: waited 0.000s {{(pid=100328) inner /opt/stack/data/venv/lib/python3.12/site-packages/oslo_concurrency/lockutils.py:524}}
Jun 29 04:59:50.492458 np0000183413 devstack@n-api.service[100328]: DEBUG oslo_concurrency.lockutils [None req-cb546b5e-ee2b-4a2a-a66b-cbbdd56828a7 demo demo] Lock "00000000-0000-0000-0000-000000000000" "released" by "nova.context.set_target_cell..get_or_set_cached_cell_and_set_connections" :: held 0.000s {{(pid=100328) inner /opt/stack/data/venv/lib/python3.12/site-packages/oslo_concurrency/lockutils.py:543}}
Jun 29 04:59:50.493552 np0000183413 devstack@n-api.service[100328]: DEBUG oslo_concurrency.lockutils [None req-cb546b5e-ee2b-4a2a-a66b-cbbdd56828a7 demo demo] Acquiring lock "e4386001-8aeb-40cd-acd5-7dfa838803c9" by "nova.context.set_target_cell..get_or_set_cached_cell_and_set_connections" {{(pid=100328) inner /opt/stack/data/venv/lib/python3.12/site-packages/oslo_concurrency/lockutils.py:511}}
Jun 29 04:59:50.493743 np0000183413 devstack@n-api.service[100328]: DEBUG oslo_concurrency.lockutils [None req-cb546b5e-ee2b-4a2a-a66b-cbbdd56828a7 demo demo] Lock "e4386001-8aeb-40cd-acd5-7dfa838803c9" acquired by "nova.context.set_target_cell..get_or_set_cached_cell_and_set_connections" :: waited 0.000s {{(pid=100328) inner /opt/stack/data/venv/lib/python3.12/site-packages/oslo_concurrency/lockutils.py:524}}
Jun 29 04:59:50.493935 np0000183413 devstack@n-api.service[100328]: DEBUG oslo_concurrency.lockutils [None req-cb546b5e-ee2b-4a2a-a66b-cbbdd56828a7 demo demo] Lock "e4386001-8aeb-40cd-acd5-7dfa838803c9" "released" by "nova.context.set_target_cell..get_or_set_cached_cell_and_set_connections" :: held 0.000s {{(pid=100328) inner /opt/stack/data/venv/lib/python3.12/site-packages/oslo_concurrency/lockutils.py:543}}
Jun 29 04:59:50.518314 np0000183413 devstack@n-api.service[100328]: INFO nova.api.openstack.requestlog [None req-cb546b5e-ee2b-4a2a-a66b-cbbdd56828a7 demo demo] 172.18.0.2 "GET /compute/v2.1/os-availability-zone" status: 200 len: 97 microversion: 2.38 time: 0.031869
Jun 29 04:59:50.518916 np0000183413 devstack@n-api.service[100328]: [pid: 100328|app: 0|req: 25/101] 199.204.45.77 () {68 vars in 1409 bytes} [Mon Jun 29 04:59:50 2026] GET /compute/v2.1/os-availability-zone => generated 97 bytes in 33 msecs (HTTP/1.1 200) 9 headers in 358 bytes (1 switches on core 0)
Jun 29 04:59:51.118305 np0000183413 devstack@n-api.service[100329]: DEBUG nova.api.openstack.wsgi [None req-d4e3ef98-5e12-4843-8524-4baf509c3fc6 demo demo] Calling method '>' {{(pid=100329) _process_stack /opt/stack/nova/nova/api/openstack/wsgi.py:551}}
Jun 29 04:59:51.120764 np0000183413 devstack@n-api.service[100329]: INFO nova.api.openstack.requestlog [None req-d4e3ef98-5e12-4843-8524-4baf509c3fc6 demo demo] 172.18.0.2 "GET /compute/v2.1/" status: 200 len: 392 microversion: 2.1 time: 0.004001
Jun 29 04:59:51.121031 np0000183413 devstack@n-api.service[100329]: [pid: 100329|app: 0|req: 26/102] 199.204.45.77 () {64 vars in 1266 bytes} [Mon Jun 29 04:59:51 2026] GET /compute/v2.1/ => generated 392 bytes in 4 msecs (HTTP/1.1 200) 9 headers in 357 bytes (1 switches on core 0)
Jun 29 04:59:51.129568 np0000183413 devstack@n-api.service[100326]: DEBUG nova.api.openstack.wsgi [None req-03ee2996-811d-45e6-9578-2585b11726fb demo demo] Calling method '>' {{(pid=100326) _process_stack /opt/stack/nova/nova/api/openstack/wsgi.py:551}}
Jun 29 04:59:51.132009 np0000183413 devstack@n-api.service[100326]: DEBUG oslo_concurrency.lockutils [None req-03ee2996-811d-45e6-9578-2585b11726fb demo demo] Acquiring lock "00000000-0000-0000-0000-000000000000" by "nova.context.set_target_cell..get_or_set_cached_cell_and_set_connections" {{(pid=100326) inner /opt/stack/data/venv/lib/python3.12/site-packages/oslo_concurrency/lockutils.py:511}}
Jun 29 04:59:51.132340 np0000183413 devstack@n-api.service[100326]: DEBUG oslo_concurrency.lockutils [None req-03ee2996-811d-45e6-9578-2585b11726fb demo demo] Lock "00000000-0000-0000-0000-000000000000" acquired by "nova.context.set_target_cell..get_or_set_cached_cell_and_set_connections" :: waited 0.000s {{(pid=100326) inner /opt/stack/data/venv/lib/python3.12/site-packages/oslo_concurrency/lockutils.py:524}}
Jun 29 04:59:51.132478 np0000183413 devstack@n-api.service[100326]: DEBUG oslo_concurrency.lockutils [None req-03ee2996-811d-45e6-9578-2585b11726fb demo demo] Lock "00000000-0000-0000-0000-000000000000" "released" by "nova.context.set_target_cell..get_or_set_cached_cell_and_set_connections" :: held 0.000s {{(pid=100326) inner /opt/stack/data/venv/lib/python3.12/site-packages/oslo_concurrency/lockutils.py:543}}
Jun 29 04:59:51.133438 np0000183413 devstack@n-api.service[100326]: DEBUG oslo_concurrency.lockutils [None req-03ee2996-811d-45e6-9578-2585b11726fb demo demo] Acquiring lock "e4386001-8aeb-40cd-acd5-7dfa838803c9" by "nova.context.set_target_cell..get_or_set_cached_cell_and_set_connections" {{(pid=100326) inner /opt/stack/data/venv/lib/python3.12/site-packages/oslo_concurrency/lockutils.py:511}}
Jun 29 04:59:51.134480 np0000183413 devstack@n-api.service[100326]: DEBUG oslo_concurrency.lockutils [None req-03ee2996-811d-45e6-9578-2585b11726fb demo demo] Lock "e4386001-8aeb-40cd-acd5-7dfa838803c9" acquired by "nova.context.set_target_cell..get_or_set_cached_cell_and_set_connections" :: waited 0.001s {{(pid=100326) inner /opt/stack/data/venv/lib/python3.12/site-packages/oslo_concurrency/lockutils.py:524}}
Jun 29 04:59:51.135318 np0000183413 devstack@n-api.service[100326]: DEBUG oslo_concurrency.lockutils [None req-03ee2996-811d-45e6-9578-2585b11726fb demo demo] Lock "e4386001-8aeb-40cd-acd5-7dfa838803c9" "released" by "nova.context.set_target_cell..get_or_set_cached_cell_and_set_connections" :: held 0.000s {{(pid=100326) inner /opt/stack/data/venv/lib/python3.12/site-packages/oslo_concurrency/lockutils.py:543}}
Jun 29 04:59:51.152473 np0000183413 devstack@n-api.service[100326]: INFO nova.api.openstack.requestlog [None req-03ee2996-811d-45e6-9578-2585b11726fb demo demo] 172.18.0.2 "GET /compute/v2.1/os-availability-zone" status: 200 len: 97 microversion: 2.38 time: 0.025428
Jun 29 04:59:51.153001 np0000183413 devstack@n-api.service[100326]: [pid: 100326|app: 0|req: 27/103] 199.204.45.77 () {68 vars in 1409 bytes} [Mon Jun 29 04:59:51 2026] GET /compute/v2.1/os-availability-zone => generated 97 bytes in 26 msecs (HTTP/1.1 200) 9 headers in 358 bytes (1 switches on core 0)
Jun 29 04:59:56.424071 np0000183413 devstack@n-api.service[100327]: DEBUG nova.api.openstack.wsgi [None req-e5f7a0b2-4c08-4a22-8641-4d9f3846dfd9 demo demo] Calling method '>' {{(pid=100327) _process_stack /opt/stack/nova/nova/api/openstack/wsgi.py:551}}
Jun 29 04:59:56.430621 np0000183413 devstack@n-api.service[100327]: INFO nova.api.openstack.requestlog [None req-e5f7a0b2-4c08-4a22-8641-4d9f3846dfd9 demo demo] 172.18.0.2 "GET /compute/v2.1/" status: 200 len: 392 microversion: 2.1 time: 0.006813
Jun 29 04:59:56.431088 np0000183413 devstack@n-api.service[100327]: [pid: 100327|app: 0|req: 26/104] 199.204.45.77 () {64 vars in 1266 bytes} [Mon Jun 29 04:59:56 2026] GET /compute/v2.1/ => generated 392 bytes in 8 msecs (HTTP/1.1 200) 9 headers in 357 bytes (1 switches on core 0)
Jun 29 04:59:56.440144 np0000183413 devstack@n-api.service[100328]: DEBUG nova.api.openstack.wsgi [None req-ff838a47-c867-4ede-bee6-833fa37d3e5d demo demo] Calling method '>' {{(pid=100328) _process_stack /opt/stack/nova/nova/api/openstack/wsgi.py:551}}
Jun 29 04:59:56.466906 np0000183413 devstack@n-api.service[100328]: INFO nova.api.openstack.requestlog [None req-ff838a47-c867-4ede-bee6-833fa37d3e5d demo demo] 172.18.0.2 "GET /compute/v2.1/flavors/detail" status: 200 len: 4000 microversion: 2.38 time: 0.030241
Jun 29 04:59:56.467268 np0000183413 devstack@n-api.service[100328]: [pid: 100328|app: 0|req: 26/105] 199.204.45.77 () {68 vars in 1391 bytes} [Mon Jun 29 04:59:56 2026] GET /compute/v2.1/flavors/detail => generated 4000 bytes in 31 msecs (HTTP/1.1 200) 9 headers in 360 bytes (1 switches on core 0)
Jun 29 04:59:56.523173 np0000183413 devstack@n-api.service[100329]: DEBUG nova.api.openstack.wsgi [None req-d4e3ef98-5e12-4843-8524-4baf509c3fc6 demo demo] Calling method '>' {{(pid=100329) _process_stack /opt/stack/nova/nova/api/openstack/wsgi.py:551}}
Jun 29 04:59:56.527849 np0000183413 devstack@n-api.service[100329]: INFO nova.api.openstack.requestlog [None req-d4e3ef98-5e12-4843-8524-4baf509c3fc6 demo demo] 172.18.0.2 "GET /compute/v2.1/" status: 200 len: 392 microversion: 2.1 time: 0.005170
Jun 29 04:59:56.528098 np0000183413 devstack@n-api.service[100329]: [pid: 100329|app: 0|req: 27/106] 199.204.45.77 () {64 vars in 1266 bytes} [Mon Jun 29 04:59:56 2026] GET /compute/v2.1/ => generated 392 bytes in 6 msecs (HTTP/1.1 200) 9 headers in 357 bytes (1 switches on core 0)
Jun 29 04:59:56.538537 np0000183413 devstack@n-api.service[100326]: DEBUG nova.api.openstack.wsgi [None req-10744aa4-70a8-411f-aedc-14ef990036b5 demo demo] Calling method '>' {{(pid=100326) _process_stack /opt/stack/nova/nova/api/openstack/wsgi.py:551}}
