+ COMMAND=start + start + start_ovn + exec neutron-server --config-file /etc/neutron/neutron.conf --config-file /tmp/pod-shared/ovn.ini --config-file /etc/neutron/plugins/ml2/ml2_conf.ini /var/lib/openstack/lib/python3.10/site-packages/paste/deploy/loadwsgi.py:8: UserWarning: pkg_resources is deprecated as an API. See https://setuptools.pypa.io/en/latest/pkg_resources.html. The pkg_resources package is slated for removal as early as 2025-11-30. Refrain from using this package or pin to Setuptools<81. import pkg_resources
2026-02-26 22:12:26.747 1 INFO neutron.common.config [-] Logging enabled!
2026-02-26 22:12:26.748 1 INFO neutron.common.config [-] /var/lib/openstack/bin/neutron-server version 21.2.2.dev24
2026-02-26 22:12:26.749 1 INFO neutron.common.config [-] Logging enabled!
2026-02-26 22:12:26.749 1 INFO neutron.common.config [-] /var/lib/openstack/bin/neutron-server version 21.2.2.dev24
2026-02-26 22:12:26.977 1 INFO neutron.manager [-] Loading core plugin: ml2
2026-02-26 22:12:27.659 1 INFO neutron.plugins.ml2.managers [-] Configured type driver names: ['flat', 'vlan', 'geneve']
2026-02-26 22:12:27.662 1 INFO neutron.plugins.ml2.drivers.type_flat [-] Arbitrary flat physical_network names allowed
2026-02-26 22:12:27.664 1 INFO neutron.plugins.ml2.drivers.type_vlan [-] Network VLAN ranges: OrderedDict([('external', [(1, 4094)])])
2026-02-26 22:12:27.664 1 INFO neutron.plugins.ml2.managers [-] Loaded type driver names: ['flat', 'geneve', 'vlan']
2026-02-26 22:12:27.664 1 INFO neutron.plugins.ml2.managers [-] Registered types: dict_keys(['flat', 'geneve', 'vlan'])
2026-02-26 22:12:27.665 1 INFO neutron.plugins.ml2.managers [-] Tenant network_types: ['geneve']
2026-02-26 22:12:27.665 1 INFO neutron.plugins.ml2.managers [-] Configured extension driver names: ['dns_domain_ports', 'port_security', 'qos']
2026-02-26 22:12:27.670 1 INFO neutron.plugins.ml2.managers [-] Loaded extension driver names: ['dns_domain_ports', 'port_security', 'qos']
2026-02-26 22:12:27.670 1 INFO neutron.plugins.ml2.managers [-] Registered extension drivers: ['dns_domain_ports', 'port_security', 'qos']
2026-02-26 22:12:27.670 1 INFO neutron.plugins.ml2.managers [-] Configured mechanism driver names: ['ovn']
2026-02-26 22:12:27.992 1 INFO neutron.plugins.ml2.managers [-] Loaded mechanism driver names: ['ovn']
2026-02-26 22:12:27.992 1 INFO neutron.plugins.ml2.managers [-] Registered mechanism drivers: ['ovn']
2026-02-26 22:12:27.992 1 INFO neutron.plugins.ml2.managers [-] No mechanism drivers provide segment reachability information for agent scheduling.
2026-02-26 22:12:28.009 1 INFO neutron.plugins.ml2.managers [-] Initializing driver for type 'flat'
2026-02-26 22:12:28.009 1 INFO neutron.plugins.ml2.drivers.type_flat [-] ML2 FlatTypeDriver initialization complete
2026-02-26 22:12:28.009 1 INFO neutron.plugins.ml2.managers [-] Initializing driver for type 'geneve'
2026-02-26 22:12:28.009 1 INFO neutron.plugins.ml2.drivers.type_tunnel [-] geneve ID ranges: [(1, 65536)]
2026-02-26 22:12:30.255 1 INFO neutron.plugins.ml2.managers [None req-69ad2b52-cc3c-4f17-8053-c8e47874911b - - - - - -] Initializing driver for type 'vlan'
2026-02-26 22:12:30.408 1 INFO neutron.plugins.ml2.drivers.type_vlan [None req-69ad2b52-cc3c-4f17-8053-c8e47874911b - - - - - -] VlanTypeDriver initialization complete
2026-02-26 22:12:30.409 1 INFO neutron.plugins.ml2.managers [None req-69ad2b52-cc3c-4f17-8053-c8e47874911b - - - - - -] Initializing extension driver 'dns_domain_ports'
2026-02-26 22:12:30.409 1 INFO neutron.plugins.ml2.extensions.dns_integration [None req-69ad2b52-cc3c-4f17-8053-c8e47874911b - - - - - -] DNSDomainPortsExtensionDriver initialization complete
2026-02-26 22:12:30.409 1 INFO neutron.plugins.ml2.managers [None req-69ad2b52-cc3c-4f17-8053-c8e47874911b - - - - - -] Initializing extension driver 'port_security'
2026-02-26 22:12:30.409 1 INFO neutron.plugins.ml2.extensions.port_security [None req-69ad2b52-cc3c-4f17-8053-c8e47874911b - - - - - -] PortSecurityExtensionDriver initialization complete
2026-02-26 22:12:30.410 1 INFO neutron.plugins.ml2.managers [None req-69ad2b52-cc3c-4f17-8053-c8e47874911b - - - - - -] Initializing extension driver 'qos'
2026-02-26 22:12:30.410 1 INFO neutron.plugins.ml2.managers [None req-69ad2b52-cc3c-4f17-8053-c8e47874911b - - - - - -] Initializing mechanism driver 'ovn'
2026-02-26 22:12:30.410 1 INFO neutron.plugins.ml2.drivers.ovn.mech_driver.mech_driver [None req-69ad2b52-cc3c-4f17-8053-c8e47874911b - - - - - -] Starting OVNMechanismDriver
2026-02-26 22:12:30.436 1 INFO neutron.services.logapi.drivers.ovn.driver [None req-69ad2b52-cc3c-4f17-8053-c8e47874911b - - - - - -] OVN logging driver registered
2026-02-26 22:12:30.441 1 INFO neutron.quota [None req-69ad2b52-cc3c-4f17-8053-c8e47874911b - - - - - -] Loaded quota_driver: .
2026-02-26 22:12:30.441 1 INFO neutron.plugins.ml2.plugin [None req-69ad2b52-cc3c-4f17-8053-c8e47874911b - - - - - -] Modular L2 Plugin initialization complete
2026-02-26 22:12:30.441 1 INFO neutron.plugins.ml2.managers [None req-69ad2b52-cc3c-4f17-8053-c8e47874911b - - - - - -] Got dns-integration extension from driver 'dns_domain_ports'
2026-02-26 22:12:30.442 1 INFO neutron.plugins.ml2.managers [None req-69ad2b52-cc3c-4f17-8053-c8e47874911b - - - - - -] Got dns-domain-ports extension from driver 'dns_domain_ports'
2026-02-26 22:12:30.442 1 INFO neutron.plugins.ml2.managers [None req-69ad2b52-cc3c-4f17-8053-c8e47874911b - - - - - -] Got port-security extension from driver 'port_security'
2026-02-26 22:12:30.442 1 INFO neutron.extensions.vlantransparent [None req-69ad2b52-cc3c-4f17-8053-c8e47874911b - - - - - -] Disabled vlantransparent extension.
2026-02-26 22:12:30.442 1 INFO neutron.manager [None req-69ad2b52-cc3c-4f17-8053-c8e47874911b - - - - - -] Loading Plugin: qos
2026-02-26 22:12:30.451 1 INFO neutron.manager [None req-69ad2b52-cc3c-4f17-8053-c8e47874911b - - - - - -] Loading Plugin: ovn-router
2026-02-26 22:12:30.465 1 INFO neutron.services.ovn_l3.plugin [None req-69ad2b52-cc3c-4f17-8053-c8e47874911b - - - - - -] Starting OVNL3RouterPlugin
2026-02-26 22:12:30.466 1 INFO neutron.manager [None req-69ad2b52-cc3c-4f17-8053-c8e47874911b - - - - - -] Loading Plugin: segments
2026-02-26 22:12:30.560 1 INFO neutron.manager [None req-69ad2b52-cc3c-4f17-8053-c8e47874911b - - - - - -] Loading Plugin: trunk
2026-02-26 22:12:30.566 1 INFO neutron.manager [None req-69ad2b52-cc3c-4f17-8053-c8e47874911b - - - - - -] Loading Plugin: log
2026-02-26 22:12:30.568 1 INFO neutron.manager [None req-69ad2b52-cc3c-4f17-8053-c8e47874911b - - - - - -] Loading Plugin: auto_allocate
2026-02-26 22:12:30.571 1 INFO neutron.manager [None req-69ad2b52-cc3c-4f17-8053-c8e47874911b - - - - - -] Loading Plugin: tag
2026-02-26 22:12:30.575 1 INFO neutron.manager [None req-69ad2b52-cc3c-4f17-8053-c8e47874911b - - - - - -] Loading Plugin: timestamp
2026-02-26 22:12:30.577 1 INFO neutron.manager [None req-69ad2b52-cc3c-4f17-8053-c8e47874911b - - - - - -] Loading Plugin: network_ip_availability
2026-02-26 22:12:30.580 1 INFO neutron.manager [None req-69ad2b52-cc3c-4f17-8053-c8e47874911b - - - - - -] Loading Plugin: flavors
2026-02-26 22:12:30.583 1 INFO neutron.manager [None req-69ad2b52-cc3c-4f17-8053-c8e47874911b - - - - - -] Loading Plugin: revisions
2026-02-26 22:12:30.585 1 INFO neutron.api.extensions [None req-69ad2b52-cc3c-4f17-8053-c8e47874911b - - - - - -] Initializing extension manager.
2026-02-26 22:12:30.586 1 INFO neutron.api.extensions [None req-69ad2b52-cc3c-4f17-8053-c8e47874911b - - - - - -] Loaded extension: address-group
2026-02-26 22:12:30.587 1 INFO neutron.api.extensions [None req-69ad2b52-cc3c-4f17-8053-c8e47874911b - - - - - -] Loaded extension: address-scope
2026-02-26 22:12:30.587 1 INFO neutron.api.extensions [None req-69ad2b52-cc3c-4f17-8053-c8e47874911b - - - - - -] Extension router-admin-state-down-before-update not supported by any of loaded plugins
2026-02-26 22:12:30.588 1 INFO neutron.api.extensions [None req-69ad2b52-cc3c-4f17-8053-c8e47874911b - - - - - -] Loaded extension: agent
2026-02-26 22:12:30.589 1 INFO neutron.api.extensions [None req-69ad2b52-cc3c-4f17-8053-c8e47874911b - - - - - -] Extension agent-resources-synced not supported by any of loaded plugins
2026-02-26 22:12:30.590 1 INFO neutron.api.extensions [None req-69ad2b52-cc3c-4f17-8053-c8e47874911b - - - - - -] Loaded extension: allowed-address-pairs
2026-02-26 22:12:30.590 1 INFO neutron.api.extensions [None req-69ad2b52-cc3c-4f17-8053-c8e47874911b - - - - - -] Loaded extension: auto-allocated-topology
2026-02-26 22:12:30.591 1 INFO neutron.api.extensions [None req-69ad2b52-cc3c-4f17-8053-c8e47874911b - - - - - -] Loaded extension: availability_zone
2026-02-26 22:12:30.591 1 INFO neutron.api.extensions [None req-69ad2b52-cc3c-4f17-8053-c8e47874911b - - - - - -] Extension availability_zone_filter not supported by any of loaded plugins
2026-02-26 22:12:30.592 1 INFO neutron.api.extensions [None req-69ad2b52-cc3c-4f17-8053-c8e47874911b - - - - - -] Extension data-plane-status not supported by any of loaded plugins
2026-02-26 22:12:30.592 1 INFO neutron.api.extensions [None req-69ad2b52-cc3c-4f17-8053-c8e47874911b - - - - - -] Loaded extension: default-subnetpools
2026-02-26 22:12:30.593 1 INFO neutron.api.extensions [None req-69ad2b52-cc3c-4f17-8053-c8e47874911b - - - - - -] Loaded extension: dhcp_agent_scheduler
2026-02-26 22:12:30.594 1 INFO neutron.api.extensions [None req-69ad2b52-cc3c-4f17-8053-c8e47874911b - - - - - -] Loaded extension: dns-integration
2026-02-26 22:12:30.595 1 INFO neutron.api.extensions [None req-69ad2b52-cc3c-4f17-8053-c8e47874911b - - - - - -] Loaded extension: dns-domain-ports
2026-02-26 22:12:30.595 1 INFO neutron.api.extensions [None req-69ad2b52-cc3c-4f17-8053-c8e47874911b - - - - - -] Loaded extension: dns-integration-domain-keywords
2026-02-26 22:12:30.596 1 INFO neutron.api.extensions [None req-69ad2b52-cc3c-4f17-8053-c8e47874911b - - - - - -] Extension dvr not supported by any of loaded plugins
2026-02-26 22:12:30.596 1 INFO neutron.api.extensions [None req-69ad2b52-cc3c-4f17-8053-c8e47874911b - - - - - -] Extension ecmp_routes not supported by any of loaded plugins
2026-02-26 22:12:30.597 1 INFO neutron.api.extensions [None req-69ad2b52-cc3c-4f17-8053-c8e47874911b - - - - - -] Extension empty-string-filtering not supported by any of loaded plugins
2026-02-26 22:12:30.597 1 INFO neutron.api.extensions [None req-69ad2b52-cc3c-4f17-8053-c8e47874911b - - - - - -] Extension expose-l3-conntrack-helper not supported by any of loaded plugins
2026-02-26 22:12:30.598 1 INFO neutron.api.extensions [None req-69ad2b52-cc3c-4f17-8053-c8e47874911b - - - - - -] Extension expose-port-forwarding-in-fip not supported by any of loaded plugins
2026-02-26 22:12:30.598 1 INFO neutron.api.extensions [None req-69ad2b52-cc3c-4f17-8053-c8e47874911b - - - - - -] Loaded extension: external-net
2026-02-26 22:12:30.599 1 INFO neutron.api.extensions [None req-69ad2b52-cc3c-4f17-8053-c8e47874911b - - - - - -] Loaded extension: extra_dhcp_opt
2026-02-26 22:12:30.599 1 INFO neutron.api.extensions [None req-69ad2b52-cc3c-4f17-8053-c8e47874911b - - - - - -] Loaded extension: extraroute
2026-02-26 22:12:30.600 1 INFO neutron.api.extensions [None req-69ad2b52-cc3c-4f17-8053-c8e47874911b - - - - - -] Extension extraroute-atomic not supported by any of loaded plugins
2026-02-26 22:12:30.600 1 INFO neutron.api.extensions [None req-69ad2b52-cc3c-4f17-8053-c8e47874911b - - - - - -] Loaded extension: filter-validation
2026-02-26 22:12:30.601 1 INFO neutron.api.extensions [None req-69ad2b52-cc3c-4f17-8053-c8e47874911b - - - - - -] Extension floating-ip-port-forwarding-description not supported by any of loaded plugins
2026-02-26 22:12:30.601 1 INFO neutron.api.extensions [None req-69ad2b52-cc3c-4f17-8053-c8e47874911b - - - - - -] Loaded extension: floating-ip-port-forwarding-detail
2026-02-26 22:12:30.602 1 INFO neutron.api.extensions [None req-69ad2b52-cc3c-4f17-8053-c8e47874911b - - - - - -] Extension floating-ip-port-forwarding-port-ranges not supported by any of loaded plugins
2026-02-26 22:12:30.602 1 INFO neutron.api.extensions [None req-69ad2b52-cc3c-4f17-8053-c8e47874911b - - - - - -] Loaded extension: fip-port-details
2026-02-26 22:12:30.603 1 INFO neutron.api.extensions [None req-69ad2b52-cc3c-4f17-8053-c8e47874911b - - - - - -] Loaded extension: flavors
2026-02-26 22:12:30.604 1 INFO neutron.api.extensions [None req-69ad2b52-cc3c-4f17-8053-c8e47874911b - - - - - -] Extension floating-ip-port-forwarding not supported by any of loaded plugins
2026-02-26 22:12:30.605 1 INFO neutron.api.extensions [None req-69ad2b52-cc3c-4f17-8053-c8e47874911b - - - - - -] Loaded extension: floatingip-pools
2026-02-26 22:12:30.605 1 INFO neutron.api.extensions [None req-69ad2b52-cc3c-4f17-8053-c8e47874911b - - - - - -] Loaded extension: ip_allocation
2026-02-26 22:12:30.606 1 INFO neutron.api.extensions [None req-69ad2b52-cc3c-4f17-8053-c8e47874911b - - - - - -] Extension ip-substring-filtering not supported by any of loaded plugins
2026-02-26 22:12:30.606 1 INFO neutron.api.extensions [None req-69ad2b52-cc3c-4f17-8053-c8e47874911b - - - - - -] Loaded extension: l2_adjacency
2026-02-26 22:12:30.607 1 INFO neutron.api.extensions [None req-69ad2b52-cc3c-4f17-8053-c8e47874911b - - - - - -] Loaded extension: router
2026-02-26 22:12:30.608 1 INFO neutron.api.extensions [None req-69ad2b52-cc3c-4f17-8053-c8e47874911b - - - - - -] Extension l3-conntrack-helper not supported by any of loaded plugins
2026-02-26 22:12:30.609 1 INFO neutron.api.extensions [None req-69ad2b52-cc3c-4f17-8053-c8e47874911b - - - - - -] Loaded extension: ext-gw-mode
2026-02-26 22:12:30.609 1 INFO neutron.api.extensions [None req-69ad2b52-cc3c-4f17-8053-c8e47874911b - - - - - -] Extension l3-ha not supported by any of loaded plugins
2026-02-26 22:12:30.610 1 INFO neutron.api.extensions [None req-69ad2b52-cc3c-4f17-8053-c8e47874911b - - - - - -] Extension l3-ext-ndp-proxy not supported by any of loaded plugins
2026-02-26 22:12:30.610 1 INFO neutron.api.extensions [None req-69ad2b52-cc3c-4f17-8053-c8e47874911b - - - - - -] Extension l3-flavors not supported by any of loaded plugins
2026-02-26 22:12:30.611 1 INFO neutron.api.extensions [None req-69ad2b52-cc3c-4f17-8053-c8e47874911b - - - - - -] Extension l3-ndp-proxy not supported by any of loaded plugins
2026-02-26 22:12:30.612 1 INFO neutron.api.extensions [None req-69ad2b52-cc3c-4f17-8053-c8e47874911b - - - - - -] Extension l3-port-ip-change-not-allowed not supported by any of loaded plugins
2026-02-26 22:12:30.613 1 INFO neutron.api.extensions [None req-69ad2b52-cc3c-4f17-8053-c8e47874911b - - - - - -] Extension l3_agent_scheduler not supported by any of loaded plugins
2026-02-26 22:12:30.614 1 INFO neutron.api.extensions [None req-69ad2b52-cc3c-4f17-8053-c8e47874911b - - - - - -] Extension local_ip not supported by any of loaded plugins
2026-02-26 22:12:30.615 1 INFO neutron.api.extensions [None req-69ad2b52-cc3c-4f17-8053-c8e47874911b - - - - - -] Loaded extension: logging
2026-02-26 22:12:30.616 1 INFO neutron.api.extensions [None req-69ad2b52-cc3c-4f17-8053-c8e47874911b - - - - - -] Extension metering not supported by any of loaded plugins
2026-02-26 22:12:30.617 1 INFO neutron.api.extensions [None req-69ad2b52-cc3c-4f17-8053-c8e47874911b - - - - - -] Extension metering_source_and_destination_fields not supported by any of loaded plugins
2026-02-26 22:12:30.617 1 INFO neutron.api.extensions [None req-69ad2b52-cc3c-4f17-8053-c8e47874911b - - - - - -] Loaded extension: multi-provider
2026-02-26 22:12:30.618 1 INFO neutron.api.extensions [None req-69ad2b52-cc3c-4f17-8053-c8e47874911b - - - - - -] Loaded extension: net-mtu
2026-02-26 22:12:30.618 1 INFO neutron.api.extensions [None req-69ad2b52-cc3c-4f17-8053-c8e47874911b - - - - - -] Loaded extension: net-mtu-writable
2026-02-26 22:12:30.619 1 INFO neutron.api.extensions [None req-69ad2b52-cc3c-4f17-8053-c8e47874911b - - - - - -] Loaded extension: network_availability_zone
2026-02-26 22:12:30.619 1 INFO neutron.api.extensions [None req-69ad2b52-cc3c-4f17-8053-c8e47874911b - - - - - -] Loaded extension: network-ip-availability
2026-02-26 22:12:30.620 1 INFO neutron.api.extensions [None req-69ad2b52-cc3c-4f17-8053-c8e47874911b - - - - - -] Extension network-segment-range not supported by any of loaded plugins
2026-02-26 22:12:30.621 1 INFO neutron.api.extensions [None req-69ad2b52-cc3c-4f17-8053-c8e47874911b - - - - - -] Loaded extension: pagination
2026-02-26 22:12:30.621 1 INFO neutron.api.extensions [None req-69ad2b52-cc3c-4f17-8053-c8e47874911b - - - - - -] Loaded extension: port-device-profile
2026-02-26 22:12:30.622 1 INFO neutron.api.extensions [None req-69ad2b52-cc3c-4f17-8053-c8e47874911b - - - - - -] Extension port-mac-override not supported by any of loaded plugins
2026-02-26 22:12:30.622 1 INFO neutron.api.extensions [None req-69ad2b52-cc3c-4f17-8053-c8e47874911b - - - - - -] Loaded extension: port-mac-address-regenerate
2026-02-26 22:12:30.623 1 INFO neutron.api.extensions [None req-69ad2b52-cc3c-4f17-8053-c8e47874911b - - - - - -] Loaded extension: port-numa-affinity-policy
2026-02-26 22:12:30.623 1 INFO neutron.api.extensions [None req-69ad2b52-cc3c-4f17-8053-c8e47874911b - - - - - -] Loaded extension: port-resource-request
2026-02-26 22:12:30.624 1 INFO neutron.api.extensions [None req-69ad2b52-cc3c-4f17-8053-c8e47874911b - - - - - -] Loaded extension: port-resource-request-groups
2026-02-26 22:12:30.624 1 INFO neutron.api.extensions [None req-69ad2b52-cc3c-4f17-8053-c8e47874911b - - - - - -] Loaded extension: binding
2026-02-26 22:12:30.625 1 INFO neutron.api.extensions [None req-69ad2b52-cc3c-4f17-8053-c8e47874911b - - - - - -] Loaded extension: binding-extended
2026-02-26 22:12:30.625 1 INFO neutron.api.extensions [None req-69ad2b52-cc3c-4f17-8053-c8e47874911b - - - - - -] Loaded extension: port-security
2026-02-26 22:12:30.626 1 INFO neutron.api.extensions [None req-69ad2b52-cc3c-4f17-8053-c8e47874911b - - - - - -] Loaded extension: project-id
2026-02-26 22:12:30.626 1 INFO neutron.api.extensions [None req-69ad2b52-cc3c-4f17-8053-c8e47874911b - - - - - -] Loaded extension: provider
2026-02-26 22:12:30.628 1 INFO neutron.api.extensions [None req-69ad2b52-cc3c-4f17-8053-c8e47874911b - - - - - -] Loaded extension: qos
2026-02-26 22:12:30.629 1 INFO neutron.api.extensions [None req-69ad2b52-cc3c-4f17-8053-c8e47874911b - - - - - -] Loaded extension: qos-bw-limit-direction
2026-02-26 22:12:30.629 1 INFO neutron.api.extensions [None req-69ad2b52-cc3c-4f17-8053-c8e47874911b - - - - - -] Loaded extension: qos-bw-minimum-ingress
2026-02-26 22:12:30.630 1 INFO neutron.api.extensions [None req-69ad2b52-cc3c-4f17-8053-c8e47874911b - - - - - -] Loaded extension: qos-default
2026-02-26 22:12:30.630 1 INFO neutron.api.extensions [None req-69ad2b52-cc3c-4f17-8053-c8e47874911b - - - - - -] Loaded extension: qos-fip
2026-02-26 22:12:30.631 1 INFO neutron.api.extensions [None req-69ad2b52-cc3c-4f17-8053-c8e47874911b - - - - - -] Extension qos-fip-network-policy not supported by any of loaded plugins
2026-02-26 22:12:30.632 1 INFO neutron.api.extensions [None req-69ad2b52-cc3c-4f17-8053-c8e47874911b - - - - - -] Loaded extension: qos-gateway-ip
2026-02-26 22:12:30.633 1 INFO neutron.api.extensions [None req-69ad2b52-cc3c-4f17-8053-c8e47874911b - - - - - -] Loaded extension: qos-port-network-policy
2026-02-26 22:12:30.634 1 INFO neutron.api.extensions [None req-69ad2b52-cc3c-4f17-8053-c8e47874911b - - - - - -] Loaded extension: qos-pps-minimum
2026-02-26 22:12:30.634 1 INFO neutron.api.extensions [None req-69ad2b52-cc3c-4f17-8053-c8e47874911b - - - - - -] Loaded extension: qos-pps-minimum-rule-alias
2026-02-26 22:12:30.635 1 INFO neutron.api.extensions [None req-69ad2b52-cc3c-4f17-8053-c8e47874911b - - - - - -] Loaded extension: qos-pps
2026-02-26 22:12:30.635 1 INFO neutron.api.extensions [None req-69ad2b52-cc3c-4f17-8053-c8e47874911b - - - - - -] Loaded extension: qos-rule-type-details
2026-02-26 22:12:30.636 1 INFO neutron.api.extensions [None req-69ad2b52-cc3c-4f17-8053-c8e47874911b - - - - - -] Loaded extension: qos-rule-type-filter
2026-02-26 22:12:30.636 1 INFO neutron.api.extensions [None req-69ad2b52-cc3c-4f17-8053-c8e47874911b - - - - - -] Loaded extension: qos-rules-alias
2026-02-26 22:12:30.637 1 INFO neutron.api.extensions [None req-69ad2b52-cc3c-4f17-8053-c8e47874911b - - - - - -] Loaded extension: quota-check-limit
2026-02-26 22:12:30.638 1 INFO neutron.api.extensions [None req-69ad2b52-cc3c-4f17-8053-c8e47874911b - - - - - -] Loaded extension: quotas
2026-02-26 22:12:30.639 1 INFO neutron.api.extensions [None req-69ad2b52-cc3c-4f17-8053-c8e47874911b - - - - - -] Loaded extension: quota_details
2026-02-26 22:12:30.641 1 INFO neutron.api.extensions [None req-69ad2b52-cc3c-4f17-8053-c8e47874911b - - - - - -] Loaded extension: rbac-policies
2026-02-26 22:12:30.642 1 INFO neutron.api.extensions [None req-69ad2b52-cc3c-4f17-8053-c8e47874911b - - - - - -] Extension rbac-address-group not supported by any of loaded plugins
2026-02-26 22:12:30.643 1 INFO neutron.api.extensions [None req-69ad2b52-cc3c-4f17-8053-c8e47874911b - - - - - -] Loaded extension: rbac-address-scope
2026-02-26 22:12:30.644 1 INFO neutron.api.extensions [None req-69ad2b52-cc3c-4f17-8053-c8e47874911b - - - - - -] Loaded extension: rbac-security-groups
2026-02-26 22:12:30.644 1 INFO neutron.api.extensions [None req-69ad2b52-cc3c-4f17-8053-c8e47874911b - - - - - -] Extension rbac-subnetpool not supported by any of loaded plugins
2026-02-26 22:12:30.645 1 INFO neutron.api.extensions [None req-69ad2b52-cc3c-4f17-8053-c8e47874911b - - - - - -] Loaded extension: revision-if-match
2026-02-26 22:12:30.645 1 INFO neutron.api.extensions [None req-69ad2b52-cc3c-4f17-8053-c8e47874911b - - - - - -] Loaded extension: standard-attr-revisions
2026-02-26 22:12:30.646 1 INFO neutron.api.extensions [None req-69ad2b52-cc3c-4f17-8053-c8e47874911b - - - - - -] Loaded extension: router_availability_zone
2026-02-26 22:12:30.647 1 INFO neutron.api.extensions [None req-69ad2b52-cc3c-4f17-8053-c8e47874911b - - - - - -] Extension router-service-type not supported by any of loaded plugins
2026-02-26 22:12:30.647 1 INFO neutron.api.extensions [None req-69ad2b52-cc3c-4f17-8053-c8e47874911b - - - - - -] Loaded extension: security-groups-normalized-cidr
2026-02-26 22:12:30.648 1 INFO neutron.api.extensions [None req-69ad2b52-cc3c-4f17-8053-c8e47874911b - - - - - -] Extension port-security-groups-filtering not supported by any of loaded plugins
2026-02-26 22:12:30.648 1 INFO neutron.api.extensions [None req-69ad2b52-cc3c-4f17-8053-c8e47874911b - - - - - -] Loaded extension: security-groups-remote-address-group
2026-02-26 22:12:30.649 1 INFO neutron.api.extensions [None req-69ad2b52-cc3c-4f17-8053-c8e47874911b - - - - - -] Loaded extension: security-groups-shared-filtering
2026-02-26 22:12:30.655 1 INFO neutron.api.extensions [None req-69ad2b52-cc3c-4f17-8053-c8e47874911b - - - - - -] Loaded extension: security-group
2026-02-26 22:12:30.656 1 INFO neutron.api.extensions [None req-69ad2b52-cc3c-4f17-8053-c8e47874911b - - - - - -] Loaded extension: segment
2026-02-26 22:12:30.657 1 INFO neutron.api.extensions [None req-69ad2b52-cc3c-4f17-8053-c8e47874911b - - - - - -] Loaded extension: segments-peer-subnet-host-routes
2026-02-26 22:12:30.657 1 INFO neutron.api.extensions [None req-69ad2b52-cc3c-4f17-8053-c8e47874911b - - - - - -] Loaded extension: service-type
2026-02-26 22:12:30.658 1 INFO neutron.api.extensions [None req-69ad2b52-cc3c-4f17-8053-c8e47874911b - - - - - -] Loaded extension: sorting
2026-02-26 22:12:30.658 1 INFO neutron.api.extensions [None req-69ad2b52-cc3c-4f17-8053-c8e47874911b - - - - - -] Loaded extension: standard-attr-segment
2026-02-26 22:12:30.659 1 INFO neutron.api.extensions [None req-69ad2b52-cc3c-4f17-8053-c8e47874911b - - - - - -] Loaded extension: standard-attr-description
2026-02-26 22:12:30.659 1 INFO neutron.api.extensions [None req-69ad2b52-cc3c-4f17-8053-c8e47874911b - - - - - -] Loaded extension: stateful-security-group
2026-02-26 22:12:30.660 1 WARNING neutron.api.extensions [None req-69ad2b52-cc3c-4f17-8053-c8e47874911b - - - - - -] Did not find expected name "Stdattrs_common" in /var/lib/openstack/lib/python3.10/site-packages/neutron/extensions/stdattrs_common.py
2026-02-26 22:12:30.660 1 INFO neutron.api.extensions [None req-69ad2b52-cc3c-4f17-8053-c8e47874911b - - - - - -] Loaded extension: subnet-dns-publish-fixed-ip
2026-02-26 22:12:30.661 1 INFO neutron.api.extensions [None req-69ad2b52-cc3c-4f17-8053-c8e47874911b - - - - - -] Extension subnet_onboard not supported by any of loaded plugins
2026-02-26 22:12:30.661 1 INFO neutron.api.extensions [None req-69ad2b52-cc3c-4f17-8053-c8e47874911b - - - - - -] Loaded extension: subnet-segmentid-writable
2026-02-26 22:12:30.662 1 INFO neutron.api.extensions [None req-69ad2b52-cc3c-4f17-8053-c8e47874911b - - - - - -] Loaded extension: subnet-service-types
2026-02-26 22:12:30.662 1 INFO neutron.api.extensions [None req-69ad2b52-cc3c-4f17-8053-c8e47874911b - - - - - -] Loaded extension: subnet_allocation
2026-02-26 22:12:30.663 1 INFO neutron.api.extensions [None req-69ad2b52-cc3c-4f17-8053-c8e47874911b - - - - - -] Loaded extension: subnetpool-prefix-ops
2026-02-26 22:12:30.663 1 INFO neutron.api.extensions [None req-69ad2b52-cc3c-4f17-8053-c8e47874911b - - - - - -] Extension tag-ports-during-bulk-creation not supported by any of loaded plugins
2026-02-26 22:12:30.665 1 INFO neutron.api.extensions [None req-69ad2b52-cc3c-4f17-8053-c8e47874911b - - - - - -] Loaded extension: standard-attr-tag
2026-02-26 22:12:30.666 1 INFO neutron.api.extensions [None req-69ad2b52-cc3c-4f17-8053-c8e47874911b - - - - - -] Loaded extension: standard-attr-timestamp
2026-02-26 22:12:30.666 1 INFO neutron.api.extensions [None req-69ad2b52-cc3c-4f17-8053-c8e47874911b - - - - - -] Loaded extension: trunk
2026-02-26 22:12:30.667 1 INFO neutron.api.extensions [None req-69ad2b52-cc3c-4f17-8053-c8e47874911b - - - - - -] Loaded extension: trunk-details
2026-02-26 22:12:30.667 1 INFO neutron.api.extensions [None req-69ad2b52-cc3c-4f17-8053-c8e47874911b - - - - - -] Extension uplink-status-propagation not supported by any of loaded plugins
2026-02-26 22:12:30.668 1 INFO neutron.api.extensions [None req-69ad2b52-cc3c-4f17-8053-c8e47874911b - - - - - -] Extension vlan-transparent not supported by any of loaded plugins
2026-02-26 22:12:30.669 1 INFO neutron.quota.resource_registry [None req-69ad2b52-cc3c-4f17-8053-c8e47874911b - - - - - -] Creating instance of TrackedResource for resource:network
2026-02-26 22:12:30.670 1 INFO neutron.quota.resource_registry [None req-69ad2b52-cc3c-4f17-8053-c8e47874911b - - - - - -] Creating instance of TrackedResource for resource:subnet
2026-02-26 22:12:30.670 1 INFO neutron.quota.resource_registry [None req-69ad2b52-cc3c-4f17-8053-c8e47874911b - - - - - -] Creating instance of TrackedResource for resource:subnetpool
2026-02-26 22:12:30.670 1 INFO neutron.quota.resource_registry [None req-69ad2b52-cc3c-4f17-8053-c8e47874911b - - - - - -] Creating instance of TrackedResource for resource:port
2026-02-26 22:12:30.671 1 INFO neutron.quota.resource_registry [None req-69ad2b52-cc3c-4f17-8053-c8e47874911b - - - - - -] Creating instance of TrackedResource for resource:router
2026-02-26 22:12:30.671 1 INFO neutron.quota.resource_registry [None req-69ad2b52-cc3c-4f17-8053-c8e47874911b - - - - - -] Creating instance of TrackedResource for resource:floatingip
2026-02-26 22:12:30.673 1 INFO neutron.quota.resource_registry [None req-69ad2b52-cc3c-4f17-8053-c8e47874911b - - - - - -] Creating instance of CountableResource for resource:rbac_policy
2026-02-26 22:12:30.673 1 INFO neutron.quota.resource_registry [None req-69ad2b52-cc3c-4f17-8053-c8e47874911b - - - - - -] Creating instance of TrackedResource for resource:security_group
2026-02-26 22:12:30.674 1 INFO neutron.quota.resource_registry [None req-69ad2b52-cc3c-4f17-8053-c8e47874911b - - - - - -] Creating instance of TrackedResource for resource:security_group_rule
2026-02-26 22:12:30.674 1 INFO neutron.quota.resource_registry [None req-69ad2b52-cc3c-4f17-8053-c8e47874911b - - - - - -] Creating instance of TrackedResource for resource:subnetpool
2026-02-26 22:12:30.674 1 WARNING neutron.quota.resource_registry [None req-69ad2b52-cc3c-4f17-8053-c8e47874911b - - - - - -] subnetpool is already registered
2026-02-26 22:12:30.674 1 INFO neutron.quota.resource_registry [None req-69ad2b52-cc3c-4f17-8053-c8e47874911b - - - - - -] Creating instance of CountableResource for resource:trunk
2026-02-26 22:12:30.676 1 INFO neutron.quota.resource_registry [None req-69ad2b52-cc3c-4f17-8053-c8e47874911b - - - - - -] Creating instance of TrackedResource for resource:router
2026-02-26 22:12:30.676 1 WARNING neutron.quota.resource_registry [None req-69ad2b52-cc3c-4f17-8053-c8e47874911b - - - - - -] router is already registered
2026-02-26 22:12:30.676 1 INFO neutron.quota.resource_registry [None req-69ad2b52-cc3c-4f17-8053-c8e47874911b - - - - - -] Creating instance of TrackedResource for resource:floatingip
2026-02-26 22:12:30.676 1 WARNING neutron.quota.resource_registry [None req-69ad2b52-cc3c-4f17-8053-c8e47874911b - - - - - -] floatingip is already registered
2026-02-26 22:12:30.677 1 INFO neutron.quota.resource_registry [None req-69ad2b52-cc3c-4f17-8053-c8e47874911b - - - - - -] Creating instance of CountableResource for resource:rbac_policy
2026-02-26 22:12:30.677 1 WARNING neutron.quota.resource_registry [None req-69ad2b52-cc3c-4f17-8053-c8e47874911b - - - - - -] rbac_policy is already registered
2026-02-26 22:12:30.677 1 INFO neutron.quota.resource_registry [None req-69ad2b52-cc3c-4f17-8053-c8e47874911b - - - - - -] Creating instance of TrackedResource for resource:security_group
2026-02-26 22:12:30.677 1 WARNING neutron.quota.resource_registry [None req-69ad2b52-cc3c-4f17-8053-c8e47874911b - - - - - -] security_group is already registered
2026-02-26 22:12:30.678 1 INFO neutron.quota.resource_registry [None req-69ad2b52-cc3c-4f17-8053-c8e47874911b - - - - - -] Creating instance of TrackedResource for resource:security_group_rule
2026-02-26 22:12:30.678 1 WARNING neutron.quota.resource_registry [None req-69ad2b52-cc3c-4f17-8053-c8e47874911b - - - - - -] security_group_rule is already registered
2026-02-26 22:12:30.678 1 INFO neutron.quota.resource_registry [None req-69ad2b52-cc3c-4f17-8053-c8e47874911b - - - - - -] Creating instance of TrackedResource for resource:subnetpool
2026-02-26 22:12:30.678 1 WARNING neutron.quota.resource_registry [None req-69ad2b52-cc3c-4f17-8053-c8e47874911b - - - - - -] subnetpool is already registered
2026-02-26 22:12:30.678 1 INFO neutron.quota.resource_registry [None req-69ad2b52-cc3c-4f17-8053-c8e47874911b - - - - - -] Creating instance of CountableResource for resource:trunk
2026-02-26 22:12:30.678 1 WARNING neutron.quota.resource_registry [None req-69ad2b52-cc3c-4f17-8053-c8e47874911b - - - - - -] trunk is already registered
2026-02-26 22:12:30.705 1 WARNING keystonemiddleware._common.config [None req-69ad2b52-cc3c-4f17-8053-c8e47874911b - - - - - -] The option "audit_map_file" is not known to keystonemiddleware
2026-02-26 22:12:30.712 1 WARNING oslo_config.cfg [None req-69ad2b52-cc3c-4f17-8053-c8e47874911b - - - - - -] Deprecated: Option "auth_uri" from group "keystone_authtoken" is deprecated. Use option "www_authenticate_uri" from group "keystone_authtoken".
2026-02-26 22:12:30.715 1 INFO oslo_service.service [None req-69ad2b52-cc3c-4f17-8053-c8e47874911b - - - - - -] Starting 2 workers
2026-02-26 22:12:30.720 1 INFO neutron.service [None req-69ad2b52-cc3c-4f17-8053-c8e47874911b - - - - - -] Neutron service started, listening on 0.0.0.0:9696
2026-02-26 22:12:30.737 1 INFO oslo_service.service [None req-69ad2b52-cc3c-4f17-8053-c8e47874911b - - - - - -] Starting 2 workers
2026-02-26 22:12:30.739 10 INFO neutron.db.ovn_hash_ring_db [None req-7df17b50-39a3-4e56-9f25-ad85486da89a - - - - - -] Nodes from host "neutron-server-6cdd9bbdcf-dx4j7" and group "mechanism_driver" removed from the Hash Ring
2026-02-26 22:12:30.742 1 INFO oslo_service.service [None req-69ad2b52-cc3c-4f17-8053-c8e47874911b - - - - - -] Starting 1 workers
2026-02-26 22:12:30.745 1 INFO oslo_service.service [None req-69ad2b52-cc3c-4f17-8053-c8e47874911b - - - - - -] Starting 1 workers
2026-02-26 22:12:30.746 10 INFO neutron.db.ovn_hash_ring_db [None req-7df17b50-39a3-4e56-9f25-ad85486da89a - - - - - -] Node cc933362-716c-4134-95b8-4ab28cdd65eb from host "neutron-server-6cdd9bbdcf-dx4j7" and group "mechanism_driver" added to the Hash Ring
2026-02-26 22:12:30.747 10 INFO neutron.plugins.ml2.drivers.ovn.mech_driver.mech_driver [None req-7df17b50-39a3-4e56-9f25-ad85486da89a - - - - - -] Hash Ring probing thread has started
2026-02-26 22:12:30.747 12 INFO neutron.plugins.ml2.drivers.ovn.mech_driver.ovsdb.impl_idl_ovn [-] Getting OvsdbNbOvnIdl for RpcWorker with retry
2026-02-26 22:12:30.747 1 INFO oslo_service.service [None req-69ad2b52-cc3c-4f17-8053-c8e47874911b - - - - - -] Starting 1 workers
2026-02-26 22:12:30.748 10 INFO neutron.plugins.ml2.drivers.ovn.mech_driver.ovsdb.impl_idl_ovn [None req-7df17b50-39a3-4e56-9f25-ad85486da89a - - - - - -] Getting OvsdbNbOvnIdl for WorkerService with retry
2026-02-26 22:12:30.749 13 INFO neutron.plugins.ml2.drivers.ovn.mech_driver.ovsdb.impl_idl_ovn [-] Getting OvsdbNbOvnIdl for RpcWorker with retry
2026-02-26 22:12:30.756 15 INFO neutron.plugins.ml2.drivers.ovn.mech_driver.ovsdb.impl_idl_ovn [-] Getting OvsdbNbOvnIdl for MaintenanceWorker with retry
2026-02-26 22:12:30.759 1 WARNING oslo_config.cfg [-] Deprecated: Option "auth_uri" from group "keystone_authtoken" is deprecated for removal (The auth_uri option is deprecated in favor of www_authenticate_uri and will be removed in the S release.). Its value may be silently ignored in the future.
2026-02-26 22:12:30.777 9 INFO neutron.db.ovn_hash_ring_db [None req-f091e992-9b3b-4e44-86ab-2fbb982ce4e3 - - - - - -] Node 804e39db-dab9-46e5-83f6-a6ce07e53d94 from host "neutron-server-6cdd9bbdcf-dx4j7" and group "mechanism_driver" added to the Hash Ring
2026-02-26 22:12:30.778 9 INFO neutron.plugins.ml2.drivers.ovn.mech_driver.ovsdb.impl_idl_ovn [None req-f091e992-9b3b-4e44-86ab-2fbb982ce4e3 - - - - - -] Getting OvsdbNbOvnIdl for WorkerService with retry
2026-02-26 22:12:30.782 10 INFO ovsdbapp.backend.ovs_idl.vlog [None req-7df17b50-39a3-4e56-9f25-ad85486da89a - - - - - -] tcp:10.106.221.196:6641: connecting...
2026-02-26 22:12:30.782 10 INFO ovsdbapp.backend.ovs_idl.vlog [None req-7df17b50-39a3-4e56-9f25-ad85486da89a - - - - - -] tcp:10.106.221.196:6641: connected
2026-02-26 22:12:30.783 13 INFO ovsdbapp.backend.ovs_idl.vlog [None req-aabe514d-d215-4b8c-9d0c-b1c5f89f871e - - - - - -] tcp:10.106.221.196:6641: connecting...
2026-02-26 22:12:30.783 12 INFO ovsdbapp.backend.ovs_idl.vlog [None req-fe417861-b3ee-40f8-9241-29f354fb5a18 - - - - - -] tcp:10.106.221.196:6641: connecting...
2026-02-26 22:12:30.783 13 INFO ovsdbapp.backend.ovs_idl.vlog [None req-aabe514d-d215-4b8c-9d0c-b1c5f89f871e - - - - - -] tcp:10.106.221.196:6641: connected
2026-02-26 22:12:30.783 12 INFO ovsdbapp.backend.ovs_idl.vlog [None req-fe417861-b3ee-40f8-9241-29f354fb5a18 - - - - - -] tcp:10.106.221.196:6641: connected
2026-02-26 22:12:30.789 15 INFO ovsdbapp.backend.ovs_idl.vlog [-] tcp:10.106.221.196:6641: connecting...
2026-02-26 22:12:30.789 15 INFO ovsdbapp.backend.ovs_idl.vlog [-] tcp:10.106.221.196:6641: connected
2026-02-26 22:12:30.810 9 INFO ovsdbapp.backend.ovs_idl.vlog [None req-f091e992-9b3b-4e44-86ab-2fbb982ce4e3 - - - - - -] tcp:10.106.221.196:6641: connecting...
2026-02-26 22:12:30.810 9 INFO ovsdbapp.backend.ovs_idl.vlog [None req-f091e992-9b3b-4e44-86ab-2fbb982ce4e3 - - - - - -] tcp:10.106.221.196:6641: connected
2026-02-26 22:12:30.821 15 INFO neutron.plugins.ml2.drivers.ovn.mech_driver.ovsdb.impl_idl_ovn [-] Getting OvsdbSbOvnIdl for MaintenanceWorker with retry
2026-02-26 22:12:30.826 15 INFO ovsdbapp.backend.ovs_idl.vlog [-] tcp:10.106.3.220:6642: connecting...
2026-02-26 22:12:30.826 15 INFO ovsdbapp.backend.ovs_idl.vlog [-] tcp:10.106.3.220:6642: connected
2026-02-26 22:12:30.829 10 INFO neutron.plugins.ml2.drivers.ovn.mech_driver.ovsdb.impl_idl_ovn [None req-7df17b50-39a3-4e56-9f25-ad85486da89a - - - - - -] Getting OvsdbSbOvnIdl for WorkerService with retry
2026-02-26 22:12:30.835 10 INFO ovsdbapp.backend.ovs_idl.vlog [None req-7df17b50-39a3-4e56-9f25-ad85486da89a - - - - - -] tcp:10.106.3.220:6642: connecting...
2026-02-26 22:12:30.836 10 INFO ovsdbapp.backend.ovs_idl.vlog [None req-7df17b50-39a3-4e56-9f25-ad85486da89a - - - - - -] tcp:10.106.3.220:6642: connected
2026-02-26 22:12:30.837 13 INFO neutron.plugins.ml2.drivers.ovn.mech_driver.ovsdb.impl_idl_ovn [None req-aabe514d-d215-4b8c-9d0c-b1c5f89f871e - - - - - -] Getting OvsdbSbOvnIdl for RpcWorker with retry
2026-02-26 22:12:30.842 12 INFO neutron.plugins.ml2.drivers.ovn.mech_driver.ovsdb.impl_idl_ovn [None req-fe417861-b3ee-40f8-9241-29f354fb5a18 - - - - - -] Getting OvsdbSbOvnIdl for RpcWorker with retry
2026-02-26 22:12:30.846 13 INFO ovsdbapp.backend.ovs_idl.vlog [None req-aabe514d-d215-4b8c-9d0c-b1c5f89f871e - - - - - -] tcp:10.106.3.220:6642: connecting...
2026-02-26 22:12:30.846 13 INFO ovsdbapp.backend.ovs_idl.vlog [None req-aabe514d-d215-4b8c-9d0c-b1c5f89f871e - - - - - -] tcp:10.106.3.220:6642: connected
2026-02-26 22:12:30.849 12 INFO ovsdbapp.backend.ovs_idl.vlog [None req-fe417861-b3ee-40f8-9241-29f354fb5a18 - - - - - -] tcp:10.106.3.220:6642: connecting...
2026-02-26 22:12:30.850 12 INFO ovsdbapp.backend.ovs_idl.vlog [None req-fe417861-b3ee-40f8-9241-29f354fb5a18 - - - - - -] tcp:10.106.3.220:6642: connected
2026-02-26 22:12:30.854 9 INFO neutron.plugins.ml2.drivers.ovn.mech_driver.ovsdb.impl_idl_ovn [None req-f091e992-9b3b-4e44-86ab-2fbb982ce4e3 - - - - - -] Getting OvsdbSbOvnIdl for WorkerService with retry
2026-02-26 22:12:30.861 9 INFO ovsdbapp.backend.ovs_idl.vlog [None req-f091e992-9b3b-4e44-86ab-2fbb982ce4e3 - - - - - -] tcp:10.106.3.220:6642: connecting...
2026-02-26 22:12:30.861 9 INFO ovsdbapp.backend.ovs_idl.vlog [None req-f091e992-9b3b-4e44-86ab-2fbb982ce4e3 - - - - - -] tcp:10.106.3.220:6642: connected
2026-02-26 22:12:30.861 15 INFO neutron.plugins.ml2.drivers.ovn.mech_driver.ovsdb.extensions.qos [-] Starting OVNClientQosExtension
2026-02-26 22:12:30.862 15 INFO neutron.plugins.ml2.drivers.ovn.mech_driver.ovsdb.extensions.placement [-] Starting OVNClientPlacementExtension
2026-02-26 22:12:30.862 15 INFO neutron.plugins.ml2.drivers.ovn.mech_driver.ovsdb.extensions.qos [-] Starting OVNClientQosExtension
2026-02-26 22:12:30.868 15 INFO neutron.plugins.ml2.drivers.ovn.mech_driver.mech_driver [-] Maintenance task thread has started
2026-02-26 22:12:30.889 10 INFO neutron.wsgi [-] (10) wsgi starting up on http://0.0.0.0:9696
2026-02-26 22:12:30.901 9 INFO neutron.wsgi [-] (9) wsgi starting up on http://0.0.0.0:9696
2026-02-26 22:12:30.966 10 INFO neutron.wsgi [-] 10.0.0.232 "GET / HTTP/1.1" status: 200 len: 247 time: 0.0041399
2026-02-26 22:12:31.015 15 INFO neutron.db.ovn_hash_ring_db [None req-247c8e36-06bf-4171-bb1a-58937c09492f - - - - - -] Cleaned up Hash Ring nodes older than 5 days
2026-02-26 22:12:31.060 15 INFO neutron.plugins.ml2.drivers.ovn.mech_driver.ovsdb.extensions.qos [None req-247c8e36-06bf-4171-bb1a-58937c09492f - - - - - -] Starting OVNClientQosExtension /var/lib/openstack/lib/python3.10/site-packages/memcache.py:1303: SyntaxWarning: "is" with a literal. Did you mean "=="? if key is '': /var/lib/openstack/lib/python3.10/site-packages/memcache.py:1304: SyntaxWarning: "is" with a literal. Did you mean "=="? if key_extra_len is 0: /var/lib/openstack/lib/python3.10/site-packages/pycadf/identifier.py:71: UserWarning: Invalid uuid: unknown. To ensure interoperability, identifiers should be a valid uuid. warnings.warn(('Invalid uuid: %s. To ensure interoperability, '
2026-02-26 22:12:35.176 10 WARNING oslo_policy.policy [None req-f086c2a4-b61a-4206-861a-3ad256ad0e39 bda60f0aae07407481a58847adca49fd 97cdccac6b36446aa4cccab509d8c27d - - default default] Policies ['delete_port', 'update_port:allowed_address_pairs', 'update_port:allowed_address_pairs:ip_address', 'update_port:allowed_address_pairs:mac_address', 'update_port:fixed_ips', 'update_port:mac_address'] reference a rule that is not defined.
2026-02-26 22:12:35.413 10 INFO neutron.wsgi [None req-f086c2a4-b61a-4206-861a-3ad256ad0e39 bda60f0aae07407481a58847adca49fd 97cdccac6b36446aa4cccab509d8c27d - - default default] 162.253.55.43,10.0.0.232 "GET /v2.0/networks HTTP/1.1" status: 200 len: 189 time: 0.7210646
2026-02-26 22:12:35.566 10 INFO neutron.plugins.ml2.drivers.ovn.mech_driver.ovsdb.extensions.qos [None req-53671b58-c77c-4233-9aac-4258cd33c56d bda60f0aae07407481a58847adca49fd 97cdccac6b36446aa4cccab509d8c27d - - - -] Starting OVNClientQosExtension
2026-02-26 22:12:35.567 10 INFO neutron.plugins.ml2.drivers.ovn.mech_driver.ovsdb.extensions.placement [None req-53671b58-c77c-4233-9aac-4258cd33c56d bda60f0aae07407481a58847adca49fd 97cdccac6b36446aa4cccab509d8c27d - - - -] Starting OVNClientPlacementExtension
2026-02-26 22:12:35.589 10 INFO neutron.db.ovn_revision_numbers_db [None req-53671b58-c77c-4233-9aac-4258cd33c56d bda60f0aae07407481a58847adca49fd 97cdccac6b36446aa4cccab509d8c27d - - - -] Successfully bumped revision number for resource fa126755-c7a2-4483-ad4a-2849d8a74ecc (type: security_groups) to 1
2026-02-26 22:12:35.604 10 WARNING neutron.services.revisions.revision_plugin [None req-53671b58-c77c-4233-9aac-4258cd33c56d bda60f0aae07407481a58847adca49fd 97cdccac6b36446aa4cccab509d8c27d - - - -] Could not find related network for resource to bump revision.
2026-02-26 22:12:35.656 10 INFO neutron.db.segments_db [None req-53671b58-c77c-4233-9aac-4258cd33c56d bda60f0aae07407481a58847adca49fd 97cdccac6b36446aa4cccab509d8c27d - - - -] Added segment 987956f3-3d0f-4bd8-b7e9-05271cab701d of type flat for network 7e8d2373-8320-4a45-9f66-1801ccde7e7a
2026-02-26 22:12:35.811 10 INFO neutron.db.ovn_revision_numbers_db [None req-53671b58-c77c-4233-9aac-4258cd33c56d bda60f0aae07407481a58847adca49fd 97cdccac6b36446aa4cccab509d8c27d - - - -] Successfully bumped revision number for resource 7e8d2373-8320-4a45-9f66-1801ccde7e7a (type: networks) to 1
2026-02-26 22:12:35.952 9 INFO neutron.wsgi [-] 10.0.0.232 "GET / HTTP/1.1" status: 200 len: 247 time: 0.0043976
2026-02-26 22:12:36.052 10 WARNING neutron.scheduler.dhcp_agent_scheduler [None req-53671b58-c77c-4233-9aac-4258cd33c56d bda60f0aae07407481a58847adca49fd 97cdccac6b36446aa4cccab509d8c27d - - - -] No more DHCP agents
2026-02-26 22:12:36.055 10 WARNING neutron.api.rpc.agentnotifiers.dhcp_rpc_agent_api [None req-53671b58-c77c-4233-9aac-4258cd33c56d bda60f0aae07407481a58847adca49fd 97cdccac6b36446aa4cccab509d8c27d - - - -] Unable to schedule network 7e8d2373-8320-4a45-9f66-1801ccde7e7a: no agents available; will retry on subsequent port and subnet creation events.
2026-02-26 22:12:36.132 10 INFO neutron.db.ovn_revision_numbers_db [None req-53671b58-c77c-4233-9aac-4258cd33c56d bda60f0aae07407481a58847adca49fd 97cdccac6b36446aa4cccab509d8c27d - - - -] Successfully bumped revision number for resource ba34b274-f2f2-44cc-9571-a8cdbd3bc431 (type: ports) to 1
2026-02-26 22:12:36.154 10 INFO neutron.wsgi [None req-53671b58-c77c-4233-9aac-4258cd33c56d bda60f0aae07407481a58847adca49fd 97cdccac6b36446aa4cccab509d8c27d - - - -] 162.253.55.43,10.0.0.232 "POST /v2.0/networks HTTP/1.1" status: 201 len: 886 time: 0.7372699
2026-02-26 22:12:37.184 10 INFO neutron.wsgi [None req-c4714981-33fc-4488-9204-ca99429566eb bda60f0aae07407481a58847adca49fd 97cdccac6b36446aa4cccab509d8c27d - - default default] 162.253.55.43,10.0.0.232 "GET /v2.0/subnets HTTP/1.1" status: 200 len: 188 time: 0.0494187
2026-02-26 22:12:37.241 10 INFO neutron.wsgi [None req-cafda30b-2ac1-4094-95c7-bb1574e8801c bda60f0aae07407481a58847adca49fd 97cdccac6b36446aa4cccab509d8c27d - - default default] 162.253.55.43,10.0.0.232 "GET /v2.0/networks HTTP/1.1" status: 200 len: 890 time: 0.0533888
2026-02-26 22:12:37.513 10 WARNING neutron.scheduler.dhcp_agent_scheduler [None req-642ffe8c-d592-439b-a5f7-9d0d54dfe62b bda60f0aae07407481a58847adca49fd 97cdccac6b36446aa4cccab509d8c27d - - - -] No more DHCP agents
2026-02-26 22:12:37.515 10 WARNING neutron.api.rpc.agentnotifiers.dhcp_rpc_agent_api [None req-642ffe8c-d592-439b-a5f7-9d0d54dfe62b bda60f0aae07407481a58847adca49fd 97cdccac6b36446aa4cccab509d8c27d - - - -] Unable to schedule network 7e8d2373-8320-4a45-9f66-1801ccde7e7a: no agents available; will retry on subsequent port and subnet creation events.
2026-02-26 22:12:38.040 10 INFO neutron.db.ovn_revision_numbers_db [None req-642ffe8c-d592-439b-a5f7-9d0d54dfe62b bda60f0aae07407481a58847adca49fd 97cdccac6b36446aa4cccab509d8c27d - - - -] Successfully bumped revision number for resource ba34b274-f2f2-44cc-9571-a8cdbd3bc431 (type: ports) to 2
2026-02-26 22:12:38.053 10 INFO neutron.db.ovn_revision_numbers_db [None req-642ffe8c-d592-439b-a5f7-9d0d54dfe62b bda60f0aae07407481a58847adca49fd 97cdccac6b36446aa4cccab509d8c27d - - - -] Successfully bumped revision number for resource bc250e5c-6613-4c7c-9e0e-1bce6ba66312 (type: subnets) to 0
2026-02-26 22:12:38.067 10 INFO neutron.wsgi [None req-642ffe8c-d592-439b-a5f7-9d0d54dfe62b bda60f0aae07407481a58847adca49fd 97cdccac6b36446aa4cccab509d8c27d - - - -] 162.253.55.43,10.0.0.232 "POST /v2.0/subnets HTTP/1.1" status: 201 len: 821 time: 0.8230855
2026-02-26 22:12:41.345 15 INFO neutron.plugins.ml2.drivers.ovn.mech_driver.ovsdb.extensions.qos [None req-5531a94e-b86c-4d9c-a97e-a7b353bff236 - - - - - -] Starting OVNClientQosExtension
2026-02-26 22:12:41.363 15 INFO neutron.plugins.ml2.drivers.ovn.mech_driver.ovsdb.extensions.qos [None req-5531a94e-b86c-4d9c-a97e-a7b353bff236 - - - - - -] Starting OVNClientQosExtension
2026-02-26 22:12:50.951 10 INFO neutron.wsgi [-] 10.0.0.232 "GET / HTTP/1.1" status: 200 len: 247 time: 0.0031281
2026-02-26 22:13:05.950 9 INFO neutron.wsgi [-] 10.0.0.232 "GET / HTTP/1.1" status: 200 len: 247 time: 0.0021982
2026-02-26 22:13:20.954 10 INFO neutron.wsgi [-] 10.0.0.232 "GET / HTTP/1.1" status: 200 len: 247 time: 0.0028105
2026-02-26 22:13:35.949 9 INFO neutron.wsgi [-] 10.0.0.232 "GET / HTTP/1.1" status: 200 len: 247 time: 0.0015788
2026-02-26 22:13:35.951 10 INFO neutron.wsgi [-] 10.0.0.232 "GET / HTTP/1.1" status: 200 len: 247 time: 0.0034797
2026-02-26 22:13:50.950 10 INFO neutron.wsgi [-] 10.0.0.232 "GET / HTTP/1.1" status: 200 len: 247 time: 0.0024679
2026-02-26 22:13:50.953 10 INFO neutron.wsgi [-] 10.0.0.232 "GET / HTTP/1.1" status: 200 len: 247 time: 0.0017719
2026-02-26 22:14:05.949 9 INFO neutron.wsgi [-] 10.0.0.232 "GET / HTTP/1.1" status: 200 len: 247 time: 0.0012326
2026-02-26 22:14:05.951 9 INFO neutron.wsgi [-] 10.0.0.232 "GET / HTTP/1.1" status: 200 len: 247 time: 0.0011039
2026-02-26 22:14:20.966 9 INFO neutron.wsgi [-] 10.0.0.232 "GET / HTTP/1.1" status: 200 len: 247 time: 0.0027583
2026-02-26 22:14:20.966 10 INFO neutron.wsgi [-] 10.0.0.232 "GET / HTTP/1.1" status: 200 len: 247 time: 0.0030818
2026-02-26 22:14:35.949 9 INFO neutron.wsgi [-] 10.0.0.232 "GET / HTTP/1.1" status: 200 len: 247 time: 0.0017457
2026-02-26 22:14:35.949 10 INFO neutron.wsgi [-] 10.0.0.232 "GET / HTTP/1.1" status: 200 len: 247 time: 0.0020242
2026-02-26 22:14:50.952 9 INFO neutron.wsgi [-] 10.0.0.232 "GET / HTTP/1.1" status: 200 len: 247 time: 0.0030096
2026-02-26 22:14:50.957 10 INFO neutron.wsgi [-] 10.0.0.232 "GET / HTTP/1.1" status: 200 len: 247 time: 0.0084732
2026-02-26 22:15:05.951 9 INFO neutron.wsgi [-] 10.0.0.232 "GET / HTTP/1.1" status: 200 len: 247 time: 0.0029118
2026-02-26 22:15:05.954 9 INFO neutron.wsgi [-] 10.0.0.232 "GET / HTTP/1.1" status: 200 len: 247 time: 0.0018942
2026-02-26 22:15:20.950 9 INFO neutron.wsgi [-] 10.0.0.232 "GET / HTTP/1.1" status: 200 len: 247 time: 0.0017037
2026-02-26 22:15:20.951 10 INFO neutron.wsgi [-] 10.0.0.232 "GET / HTTP/1.1" status: 200 len: 247 time: 0.0025289
2026-02-26 22:15:35.950 9 INFO neutron.wsgi [-] 10.0.0.232 "GET / HTTP/1.1" status: 200 len: 247 time: 0.0025768
2026-02-26 22:15:35.950 10 INFO neutron.wsgi [-] 10.0.0.232 "GET / HTTP/1.1" status: 200 len: 247 time: 0.0025325
2026-02-26 22:15:50.950 9 INFO neutron.wsgi [-] 10.0.0.232 "GET / HTTP/1.1" status: 200 len: 247 time: 0.0026278
2026-02-26 22:15:50.954 9 INFO neutron.wsgi [-] 10.0.0.232 "GET / HTTP/1.1" status: 200 len: 247 time: 0.0023849
2026-02-26 22:16:05.950 9 INFO neutron.wsgi [-] 10.0.0.232 "GET / HTTP/1.1" status: 200 len: 247 time: 0.0022507
2026-02-26 22:16:05.953 9 INFO neutron.wsgi [-] 10.0.0.232 "GET / HTTP/1.1" status: 200 len: 247 time: 0.0020783
2026-02-26 22:16:20.950 10 INFO neutron.wsgi [-] 10.0.0.232 "GET / HTTP/1.1" status: 200 len: 247 time: 0.0021405
2026-02-26 22:16:20.951 9 INFO neutron.wsgi [-] 10.0.0.232 "GET / HTTP/1.1" status: 200 len: 247 time: 0.0026572
2026-02-26 22:16:35.950 9 INFO neutron.wsgi [-] 10.0.0.232 "GET / HTTP/1.1" status: 200 len: 247 time: 0.0014503
2026-02-26 22:16:35.955 9 INFO neutron.wsgi [-] 10.0.0.232 "GET / HTTP/1.1" status: 200 len: 247 time: 0.0013108
2026-02-26 22:16:50.950 10 INFO neutron.wsgi [-] 10.0.0.232 "GET / HTTP/1.1" status: 200 len: 247 time: 0.0023324
2026-02-26 22:16:50.951 9 INFO neutron.wsgi [-] 10.0.0.232 "GET / HTTP/1.1" status: 200 len: 247 time: 0.0031300
2026-02-26 22:17:05.950 10 INFO neutron.wsgi [-] 10.0.0.232 "GET / HTTP/1.1" status: 200 len: 247 time: 0.0022848
2026-02-26 22:17:05.951 9 INFO neutron.wsgi [-] 10.0.0.232 "GET / HTTP/1.1" status: 200 len: 247 time: 0.0035393
2026-02-26 22:17:20.950 10 INFO neutron.wsgi [-] 10.0.0.232 "GET / HTTP/1.1" status: 200 len: 247 time: 0.0022230
2026-02-26 22:17:20.950 9 INFO neutron.wsgi [-] 10.0.0.232 "GET / HTTP/1.1" status: 200 len: 247 time: 0.0023074
