Mar 30 18:01:57.844465 np0000161490 neutron-periodic-workers[103955]: DEBUG cotyledon.oslo_config_glue [-] ml2.project_network_types = ['geneve'] {{(pid=103955) log_opt_values /opt/stack/data/venv/lib/python3.12/site-packages/oslo_config/cfg.py:3006}}
Mar 30 18:01:57.844511 np0000161490 neutron-periodic-workers[103955]: DEBUG cotyledon.oslo_config_glue [-] ml2.tunnelled_network_rp_name = rp_tunnelled {{(pid=103955) log_opt_values /opt/stack/data/venv/lib/python3.12/site-packages/oslo_config/cfg.py:3006}}
Mar 30 18:01:57.844562 np0000161490 neutron-periodic-workers[103955]: DEBUG cotyledon.oslo_config_glue [-] ml2.type_drivers = ['local', 'flat', 'vlan', 'geneve'] {{(pid=103955) log_opt_values /opt/stack/data/venv/lib/python3.12/site-packages/oslo_config/cfg.py:3006}}
Mar 30 18:01:57.844640 np0000161490 neutron-periodic-workers[103955]: DEBUG cotyledon.oslo_config_glue [-] ml2_type_flat.flat_networks = ['public'] {{(pid=103955) log_opt_values /opt/stack/data/venv/lib/python3.12/site-packages/oslo_config/cfg.py:3006}}
Mar 30 18:01:57.844701 np0000161490 neutron-periodic-workers[103955]: DEBUG cotyledon.oslo_config_glue [-] ml2_type_geneve.max_header_size = 38 {{(pid=103955) log_opt_values /opt/stack/data/venv/lib/python3.12/site-packages/oslo_config/cfg.py:3006}}
Mar 30 18:01:57.844757 np0000161490 neutron-periodic-workers[103955]: DEBUG cotyledon.oslo_config_glue [-] ml2_type_geneve.vni_ranges = ['1:65536'] {{(pid=103955) log_opt_values /opt/stack/data/venv/lib/python3.12/site-packages/oslo_config/cfg.py:3006}}
Mar 30 18:01:57.844817 np0000161490 neutron-periodic-workers[103955]: DEBUG cotyledon.oslo_config_glue [-] ml2_type_vlan.network_vlan_ranges = ['public'] {{(pid=103955) log_opt_values /opt/stack/data/venv/lib/python3.12/site-packages/oslo_config/cfg.py:3006}}
Mar 30 18:01:57.844889 np0000161490 neutron-periodic-workers[103955]: DEBUG cotyledon.oslo_config_glue [-] network_log.burst_limit = 25 {{(pid=103955) log_opt_values /opt/stack/data/venv/lib/python3.12/site-packages/oslo_config/cfg.py:3006}}
Mar 30 18:01:57.844947 np0000161490 neutron-periodic-workers[103955]: DEBUG cotyledon.oslo_config_glue [-] network_log.local_output_log_base = None {{(pid=103955) log_opt_values /opt/stack/data/venv/lib/python3.12/site-packages/oslo_config/cfg.py:3006}}
Mar 30 18:01:57.844982 np0000161490 neutron-periodic-workers[103955]: DEBUG cotyledon.oslo_config_glue [-] network_log.rate_limit = 100 {{(pid=103955) log_opt_values /opt/stack/data/venv/lib/python3.12/site-packages/oslo_config/cfg.py:3006}}
Mar 30 18:01:57.845047 np0000161490 neutron-periodic-workers[103955]: DEBUG cotyledon.oslo_config_glue [-] database.asyncio_connection = **** {{(pid=103955) log_opt_values /opt/stack/data/venv/lib/python3.12/site-packages/oslo_config/cfg.py:3006}}
Mar 30 18:01:57.845082 np0000161490 neutron-periodic-workers[103955]: DEBUG cotyledon.oslo_config_glue [-] database.asyncio_slave_connection = **** {{(pid=103955) log_opt_values /opt/stack/data/venv/lib/python3.12/site-packages/oslo_config/cfg.py:3006}}
Mar 30 18:01:57.845141 np0000161490 neutron-periodic-workers[103955]: DEBUG cotyledon.oslo_config_glue [-] database.backend = sqlalchemy {{(pid=103955) log_opt_values /opt/stack/data/venv/lib/python3.12/site-packages/oslo_config/cfg.py:3006}}
Mar 30 18:01:57.845199 np0000161490 neutron-periodic-workers[103955]: DEBUG cotyledon.oslo_config_glue [-] database.connection = **** {{(pid=103955) log_opt_values /opt/stack/data/venv/lib/python3.12/site-packages/oslo_config/cfg.py:3006}}
Mar 30 18:01:57.845252 np0000161490 neutron-periodic-workers[103955]: DEBUG cotyledon.oslo_config_glue [-] database.connection_debug = 0 {{(pid=103955) log_opt_values /opt/stack/data/venv/lib/python3.12/site-packages/oslo_config/cfg.py:3006}}
Mar 30 18:01:57.845314 np0000161490 neutron-periodic-workers[103955]: DEBUG cotyledon.oslo_config_glue [-] database.connection_parameters = {{(pid=103955) log_opt_values /opt/stack/data/venv/lib/python3.12/site-packages/oslo_config/cfg.py:3006}}
Mar 30 18:01:57.845373 np0000161490 neutron-periodic-workers[103955]: DEBUG cotyledon.oslo_config_glue [-] database.connection_recycle_time = 3600 {{(pid=103955) log_opt_values /opt/stack/data/venv/lib/python3.12/site-packages/oslo_config/cfg.py:3006}}
Mar 30 18:01:57.845407 np0000161490 neutron-periodic-workers[103955]: DEBUG cotyledon.oslo_config_glue [-] database.connection_trace = False {{(pid=103955) log_opt_values /opt/stack/data/venv/lib/python3.12/site-packages/oslo_config/cfg.py:3006}}
Mar 30 18:01:57.845457 np0000161490 neutron-periodic-workers[103955]: DEBUG cotyledon.oslo_config_glue [-] database.db_inc_retry_interval = True {{(pid=103955) log_opt_values /opt/stack/data/venv/lib/python3.12/site-packages/oslo_config/cfg.py:3006}}
Mar 30 18:01:57.845491 np0000161490 neutron-periodic-workers[103955]: DEBUG cotyledon.oslo_config_glue [-] database.db_max_retries = 20 {{(pid=103955) log_opt_values /opt/stack/data/venv/lib/python3.12/site-packages/oslo_config/cfg.py:3006}}
Mar 30 18:01:57.845542 np0000161490 neutron-periodic-workers[103955]: DEBUG cotyledon.oslo_config_glue [-] database.db_max_retry_interval = 10 {{(pid=103955) log_opt_values /opt/stack/data/venv/lib/python3.12/site-packages/oslo_config/cfg.py:3006}}
Mar 30 18:01:57.845588 np0000161490 neutron-periodic-workers[103955]: DEBUG cotyledon.oslo_config_glue [-] database.db_retry_interval = 1 {{(pid=103955) log_opt_values /opt/stack/data/venv/lib/python3.12/site-packages/oslo_config/cfg.py:3006}}
Mar 30 18:01:57.845622 np0000161490 neutron-periodic-workers[103955]: DEBUG cotyledon.oslo_config_glue [-] database.max_overflow = 50 {{(pid=103955) log_opt_values /opt/stack/data/venv/lib/python3.12/site-packages/oslo_config/cfg.py:3006}}
Mar 30 18:01:57.845673 np0000161490 neutron-periodic-workers[103955]: DEBUG cotyledon.oslo_config_glue [-] database.max_pool_size = 5 {{(pid=103955) log_opt_values /opt/stack/data/venv/lib/python3.12/site-packages/oslo_config/cfg.py:3006}}
Mar 30 18:01:57.845706 np0000161490 neutron-periodic-workers[103955]: DEBUG cotyledon.oslo_config_glue [-] database.max_retries = 10 {{(pid=103955) log_opt_values /opt/stack/data/venv/lib/python3.12/site-packages/oslo_config/cfg.py:3006}}
Mar 30 18:01:57.845758 np0000161490 neutron-periodic-workers[103955]: DEBUG cotyledon.oslo_config_glue [-] database.mysql_sql_mode = TRADITIONAL {{(pid=103955) log_opt_values /opt/stack/data/venv/lib/python3.12/site-packages/oslo_config/cfg.py:3006}}
Mar 30 18:01:57.845817 np0000161490 neutron-periodic-workers[103955]: DEBUG cotyledon.oslo_config_glue [-] database.mysql_wsrep_sync_wait = None {{(pid=103955) log_opt_values /opt/stack/data/venv/lib/python3.12/site-packages/oslo_config/cfg.py:3006}}
Mar 30 18:01:57.845853 np0000161490 neutron-periodic-workers[103955]: DEBUG cotyledon.oslo_config_glue [-] database.pool_timeout = None {{(pid=103955) log_opt_values /opt/stack/data/venv/lib/python3.12/site-packages/oslo_config/cfg.py:3006}}
Mar 30 18:01:57.845894 np0000161490 neutron-periodic-workers[103955]: DEBUG cotyledon.oslo_config_glue [-] database.retry_interval = 10 {{(pid=103955) log_opt_values /opt/stack/data/venv/lib/python3.12/site-packages/oslo_config/cfg.py:3006}}
Mar 30 18:01:57.845942 np0000161490 neutron-periodic-workers[103955]: DEBUG cotyledon.oslo_config_glue [-] database.slave_connection = **** {{(pid=103955) log_opt_values /opt/stack/data/venv/lib/python3.12/site-packages/oslo_config/cfg.py:3006}}
Mar 30 18:01:57.845994 np0000161490 neutron-periodic-workers[103955]: DEBUG cotyledon.oslo_config_glue [-] database.sqlite_synchronous = True {{(pid=103955) log_opt_values /opt/stack/data/venv/lib/python3.12/site-packages/oslo_config/cfg.py:3006}}
Mar 30 18:01:57.846046 np0000161490 neutron-periodic-workers[103955]: DEBUG cotyledon.oslo_config_glue [-] database.synchronous_reader = True {{(pid=103955) log_opt_values /opt/stack/data/venv/lib/python3.12/site-packages/oslo_config/cfg.py:3006}}
Mar 30 18:01:57.846083 np0000161490 neutron-periodic-workers[103955]: DEBUG cotyledon.oslo_config_glue [-] database.use_db_reconnect = False {{(pid=103955) log_opt_values /opt/stack/data/venv/lib/python3.12/site-packages/oslo_config/cfg.py:3006}}
Mar 30 18:01:57.846170 np0000161490 neutron-periodic-workers[103955]: DEBUG cotyledon.oslo_config_glue [-] ovn.bfd_min_rx = 1000 {{(pid=103955) log_opt_values /opt/stack/data/venv/lib/python3.12/site-packages/oslo_config/cfg.py:3006}}
Mar 30 18:01:57.846205 np0000161490 neutron-periodic-workers[103955]: DEBUG cotyledon.oslo_config_glue [-] ovn.bfd_min_tx = 100 {{(pid=103955) log_opt_values /opt/stack/data/venv/lib/python3.12/site-packages/oslo_config/cfg.py:3006}}
Mar 30 18:01:57.846330 np0000161490 neutron-periodic-workers[103955]: DEBUG cotyledon.oslo_config_glue [-] ovn.bfd_mult = 3 {{(pid=103955) log_opt_values /opt/stack/data/venv/lib/python3.12/site-packages/oslo_config/cfg.py:3006}}
Mar 30 18:01:57.846330 np0000161490 neutron-periodic-workers[103955]: DEBUG cotyledon.oslo_config_glue [-] ovn.broadcast_arps_to_all_routers = True {{(pid=103955) log_opt_values /opt/stack/data/venv/lib/python3.12/site-packages/oslo_config/cfg.py:3006}}
Mar 30 18:01:57.846403 np0000161490 neutron-periodic-workers[103955]: DEBUG cotyledon.oslo_config_glue [-] ovn.dhcp_default_lease_time = 43200 {{(pid=103955) log_opt_values /opt/stack/data/venv/lib/python3.12/site-packages/oslo_config/cfg.py:3006}}
Mar 30 18:01:57.846403 np0000161490 neutron-periodic-workers[103955]: DEBUG cotyledon.oslo_config_glue [-] ovn.disable_ovn_dhcp_for_baremetal_ports = False {{(pid=103955) log_opt_values /opt/stack/data/venv/lib/python3.12/site-packages/oslo_config/cfg.py:3006}}
Mar 30 18:01:57.846466 np0000161490 neutron-periodic-workers[103955]: DEBUG cotyledon.oslo_config_glue [-] ovn.dns_records_ovn_owned = False {{(pid=103955) log_opt_values /opt/stack/data/venv/lib/python3.12/site-packages/oslo_config/cfg.py:3006}}
Mar 30 18:01:57.846466 np0000161490 neutron-periodic-workers[103955]: DEBUG cotyledon.oslo_config_glue [-] ovn.dns_servers = [] {{(pid=103955) log_opt_values /opt/stack/data/venv/lib/python3.12/site-packages/oslo_config/cfg.py:3006}}
Mar 30 18:01:57.846522 np0000161490 neutron-periodic-workers[103955]: DEBUG cotyledon.oslo_config_glue [-] ovn.enable_distributed_floating_ip = False {{(pid=103955) log_opt_values /opt/stack/data/venv/lib/python3.12/site-packages/oslo_config/cfg.py:3006}}
Mar 30 18:01:57.846554 np0000161490 neutron-periodic-workers[103955]: DEBUG cotyledon.oslo_config_glue [-] ovn.fdb_age_threshold = 300 {{(pid=103955) log_opt_values /opt/stack/data/venv/lib/python3.12/site-packages/oslo_config/cfg.py:3006}}
Mar 30 18:01:57.846614 np0000161490 neutron-periodic-workers[103955]: DEBUG cotyledon.oslo_config_glue [-] ovn.ha_failover_strategy = normal {{(pid=103955) log_opt_values /opt/stack/data/venv/lib/python3.12/site-packages/oslo_config/cfg.py:3006}}
Mar 30 18:01:57.846649 np0000161490 neutron-periodic-workers[103955]: DEBUG cotyledon.oslo_config_glue [-] ovn.live_migration_activation_strategy = rarp {{(pid=103955) log_opt_values /opt/stack/data/venv/lib/python3.12/site-packages/oslo_config/cfg.py:3006}}
Mar 30 18:01:57.846701 np0000161490 neutron-periodic-workers[103955]: DEBUG cotyledon.oslo_config_glue [-] ovn.localnet_learn_fdb = False {{(pid=103955) log_opt_values /opt/stack/data/venv/lib/python3.12/site-packages/oslo_config/cfg.py:3006}}
Mar 30 18:01:57.846734 np0000161490 neutron-periodic-workers[103955]: DEBUG cotyledon.oslo_config_glue [-] ovn.mac_binding_age_threshold = 300 {{(pid=103955) log_opt_values /opt/stack/data/venv/lib/python3.12/site-packages/oslo_config/cfg.py:3006}}
Mar 30 18:01:57.846798 np0000161490 neutron-periodic-workers[103955]: DEBUG cotyledon.oslo_config_glue [-] ovn.neutron_sync_mode = log {{(pid=103955) log_opt_values /opt/stack/data/venv/lib/python3.12/site-packages/oslo_config/cfg.py:3006}}
Mar 30 18:01:57.846840 np0000161490 neutron-periodic-workers[103955]: DEBUG cotyledon.oslo_config_glue [-] ovn.ovn_dhcp4_global_options = {} {{(pid=103955) log_opt_values /opt/stack/data/venv/lib/python3.12/site-packages/oslo_config/cfg.py:3006}}
Mar 30 18:01:57.846879 np0000161490 neutron-periodic-workers[103955]: DEBUG cotyledon.oslo_config_glue [-] ovn.ovn_dhcp6_global_options = {} {{(pid=103955) log_opt_values /opt/stack/data/venv/lib/python3.12/site-packages/oslo_config/cfg.py:3006}}
Mar 30 18:01:57.846931 np0000161490 neutron-periodic-workers[103955]: DEBUG cotyledon.oslo_config_glue [-] ovn.ovn_l3_scheduler = leastloaded {{(pid=103955) log_opt_values /opt/stack/data/venv/lib/python3.12/site-packages/oslo_config/cfg.py:3006}}
Mar 30 18:01:57.846968 np0000161490 neutron-periodic-workers[103955]: DEBUG cotyledon.oslo_config_glue [-] ovn.ovn_metadata_enabled = True {{(pid=103955) log_opt_values /opt/stack/data/venv/lib/python3.12/site-packages/oslo_config/cfg.py:3006}}
Mar 30 18:01:57.847028 np0000161490 neutron-periodic-workers[103955]: DEBUG cotyledon.oslo_config_glue [-] ovn.ovn_nb_ca_cert = /opt/stack/data/CA/int-ca/ca-chain.pem {{(pid=103955) log_opt_values /opt/stack/data/venv/lib/python3.12/site-packages/oslo_config/cfg.py:3006}}
Mar 30 18:01:57.847069 np0000161490 neutron-periodic-workers[103955]: DEBUG cotyledon.oslo_config_glue [-] ovn.ovn_nb_certificate = /opt/stack/data/CA/int-ca/devstack-cert.crt {{(pid=103955) log_opt_values /opt/stack/data/venv/lib/python3.12/site-packages/oslo_config/cfg.py:3006}}
Mar 30 18:01:57.847117 np0000161490 neutron-periodic-workers[103955]: DEBUG cotyledon.oslo_config_glue [-] ovn.ovn_nb_connection = ['ssl:199.204.45.72:6641'] {{(pid=103955) log_opt_values /opt/stack/data/venv/lib/python3.12/site-packages/oslo_config/cfg.py:3006}}
Mar 30 18:01:57.847150 np0000161490 neutron-periodic-workers[103955]: DEBUG cotyledon.oslo_config_glue [-] ovn.ovn_nb_private_key = /opt/stack/data/CA/int-ca/private/devstack-cert.key {{(pid=103955) log_opt_values /opt/stack/data/venv/lib/python3.12/site-packages/oslo_config/cfg.py:3006}}
Mar 30 18:01:57.847209 np0000161490 neutron-periodic-workers[103955]: DEBUG cotyledon.oslo_config_glue [-] ovn.ovn_router_indirect_snat = False {{(pid=103955) log_opt_values /opt/stack/data/venv/lib/python3.12/site-packages/oslo_config/cfg.py:3006}}
Mar 30 18:01:57.847248 np0000161490 neutron-periodic-workers[103955]: DEBUG cotyledon.oslo_config_glue [-] ovn.ovn_sb_ca_cert = /opt/stack/data/CA/int-ca/ca-chain.pem {{(pid=103955) log_opt_values /opt/stack/data/venv/lib/python3.12/site-packages/oslo_config/cfg.py:3006}}
Mar 30 18:01:57.847309 np0000161490 neutron-periodic-workers[103955]: DEBUG cotyledon.oslo_config_glue [-] ovn.ovn_sb_certificate = /opt/stack/data/CA/int-ca/devstack-cert.crt {{(pid=103955) log_opt_values /opt/stack/data/venv/lib/python3.12/site-packages/oslo_config/cfg.py:3006}}
Mar 30 18:01:57.847352 np0000161490 neutron-periodic-workers[103955]: DEBUG cotyledon.oslo_config_glue [-] ovn.ovn_sb_connection = ['ssl:199.204.45.72:6642'] {{(pid=103955) log_opt_values /opt/stack/data/venv/lib/python3.12/site-packages/oslo_config/cfg.py:3006}}
Mar 30 18:01:57.847388 np0000161490 neutron-periodic-workers[103955]: DEBUG cotyledon.oslo_config_glue [-] ovn.ovn_sb_private_key = /opt/stack/data/CA/int-ca/private/devstack-cert.key {{(pid=103955) log_opt_values /opt/stack/data/venv/lib/python3.12/site-packages/oslo_config/cfg.py:3006}}
Mar 30 18:01:57.847421 np0000161490 neutron-periodic-workers[103955]: DEBUG cotyledon.oslo_config_glue [-] ovn.ovs_create_tap = False {{(pid=103955) log_opt_values /opt/stack/data/venv/lib/python3.12/site-packages/oslo_config/cfg.py:3006}}
Mar 30 18:01:57.847474 np0000161490 neutron-periodic-workers[103955]: DEBUG cotyledon.oslo_config_glue [-] ovn.ovsdb_connection_timeout = 180 {{(pid=103955) log_opt_values /opt/stack/data/venv/lib/python3.12/site-packages/oslo_config/cfg.py:3006}}
Mar 30 18:01:57.847513 np0000161490 neutron-periodic-workers[103955]: DEBUG cotyledon.oslo_config_glue [-] ovn.ovsdb_log_level = INFO {{(pid=103955) log_opt_values /opt/stack/data/venv/lib/python3.12/site-packages/oslo_config/cfg.py:3006}}
Mar 30 18:01:57.847557 np0000161490 neutron-periodic-workers[103955]: DEBUG cotyledon.oslo_config_glue [-] ovn.ovsdb_probe_interval = 60000 {{(pid=103955) log_opt_values /opt/stack/data/venv/lib/python3.12/site-packages/oslo_config/cfg.py:3006}}
Mar 30 18:01:57.847589 np0000161490 neutron-periodic-workers[103955]: DEBUG cotyledon.oslo_config_glue [-] ovn.ovsdb_retry_max_interval = 180 {{(pid=103955) log_opt_values /opt/stack/data/venv/lib/python3.12/site-packages/oslo_config/cfg.py:3006}}
Mar 30 18:01:57.847643 np0000161490 neutron-periodic-workers[103955]: DEBUG cotyledon.oslo_config_glue [-] ovn.stateless_nat_enabled = False {{(pid=103955) log_opt_values /opt/stack/data/venv/lib/python3.12/site-packages/oslo_config/cfg.py:3006}}
Mar 30 18:01:57.847679 np0000161490 neutron-periodic-workers[103955]: DEBUG cotyledon.oslo_config_glue [-] ovn.vhost_sock_dir = /var/run/openvswitch {{(pid=103955) log_opt_values /opt/stack/data/venv/lib/python3.12/site-packages/oslo_config/cfg.py:3006}}
Mar 30 18:01:57.847770 np0000161490 neutron-periodic-workers[103955]: DEBUG cotyledon.oslo_config_glue [-] OVS.bridge_mac_table_size = 50000 {{(pid=103955) log_opt_values /opt/stack/data/venv/lib/python3.12/site-packages/oslo_config/cfg.py:3006}}
Mar 30 18:01:57.847828 np0000161490 neutron-periodic-workers[103955]: DEBUG cotyledon.oslo_config_glue [-] OVS.igmp_flood = False {{(pid=103955) log_opt_values /opt/stack/data/venv/lib/python3.12/site-packages/oslo_config/cfg.py:3006}}
Mar 30 18:01:57.847862 np0000161490 neutron-periodic-workers[103955]: DEBUG cotyledon.oslo_config_glue [-] OVS.igmp_flood_reports = True {{(pid=103955) log_opt_values /opt/stack/data/venv/lib/python3.12/site-packages/oslo_config/cfg.py:3006}}
Mar 30 18:01:57.847924 np0000161490 neutron-periodic-workers[103955]: DEBUG cotyledon.oslo_config_glue [-] OVS.igmp_flood_unregistered = False {{(pid=103955) log_opt_values /opt/stack/data/venv/lib/python3.12/site-packages/oslo_config/cfg.py:3006}}
Mar 30 18:01:57.847976 np0000161490 neutron-periodic-workers[103955]: DEBUG cotyledon.oslo_config_glue [-] OVS.igmp_snooping_enable = False {{(pid=103955) log_opt_values /opt/stack/data/venv/lib/python3.12/site-packages/oslo_config/cfg.py:3006}}
Mar 30 18:01:57.848017 np0000161490 neutron-periodic-workers[103955]: DEBUG cotyledon.oslo_config_glue [-] OVS.ovsdb_timeout = 10 {{(pid=103955) log_opt_values /opt/stack/data/venv/lib/python3.12/site-packages/oslo_config/cfg.py:3006}}
Mar 30 18:01:57.848090 np0000161490 neutron-periodic-workers[103955]: DEBUG cotyledon.oslo_config_glue [-] ovn_nb_global.fdb_removal_limit = 0 {{(pid=103955) log_opt_values /opt/stack/data/venv/lib/python3.12/site-packages/oslo_config/cfg.py:3006}}
Mar 30 18:01:57.848145 np0000161490 neutron-periodic-workers[103955]: DEBUG cotyledon.oslo_config_glue [-] ovn_nb_global.ignore_lsp_down = False {{(pid=103955) log_opt_values /opt/stack/data/venv/lib/python3.12/site-packages/oslo_config/cfg.py:3006}}
Mar 30 18:01:57.848178 np0000161490 neutron-periodic-workers[103955]: DEBUG cotyledon.oslo_config_glue [-] ovn_nb_global.mac_binding_removal_limit = 0 {{(pid=103955) log_opt_values /opt/stack/data/venv/lib/python3.12/site-packages/oslo_config/cfg.py:3006}}
Mar 30 18:01:57.848231 np0000161490 neutron-periodic-workers[103955]: DEBUG cotyledon.oslo_config_glue [-] ******************************************************************************** {{(pid=103955) log_opt_values /opt/stack/data/venv/lib/python3.12/site-packages/oslo_config/cfg.py:3013}}
Mar 30 18:01:57.848444 np0000161490 neutron-periodic-workers[103955]: DEBUG cotyledon._service_worker [-] Run service ServiceWrapper(0) [103955] {{(pid=103955) wait_forever /opt/stack/data/venv/lib/python3.12/site-packages/cotyledon/_service_worker.py:218}}
Mar 30 18:02:07.487925 np0000161490 neutron-periodic-workers[103192]: DEBUG dbcounter [-] [103192] Writing DB stats neutron:SELECT=4 {{(pid=103192) stat_writer /opt/stack/data/venv/lib/python3.12/site-packages/dbcounter.py:115}}
Mar 30 18:02:39.801599 np0000161490 neutron-periodic-workers[103928]: DEBUG oslo_db.sqlalchemy.engines [None req-32b2bcab-3a18-411f-82e7-7d3bf8254eb7 None None] Parent process 103192 forked (103928) with an open database connection, which is being discarded and recreated. {{(pid=103928) checkout /opt/stack/data/venv/lib/python3.12/site-packages/oslo_db/sqlalchemy/engines.py:402}}
Mar 30 18:02:39.811045 np0000161490 neutron-periodic-workers[103928]: DEBUG dbcounter [-] [103928] Writer thread running {{(pid=103928) stat_writer /opt/stack/data/venv/lib/python3.12/site-packages/dbcounter.py:102}}
Mar 30 18:02:39.821838 np0000161490 neutron-periodic-workers[103928]: DEBUG oslo.service.backend._threading.loopingcall [None req-32b2bcab-3a18-411f-82e7-7d3bf8254eb7 None None] Fixed interval looping call 'neutron.plugins.ml2.plugin.DhcpAgentSchedulerDbMixin.remove_networks_from_down_agents' sleeping for 36.97 seconds {{(pid=103928) _run_loop /opt/stack/data/venv/lib/python3.12/site-packages/oslo_service/backend/_threading/loopingcall.py:125}}
Mar 30 18:02:44.836902 np0000161490 neutron-periodic-workers[103935]: DEBUG dbcounter [-] [103935] Writer thread running {{(pid=103935) stat_writer /opt/stack/data/venv/lib/python3.12/site-packages/dbcounter.py:102}}
Mar 30 18:02:44.843136 np0000161490 neutron-periodic-workers[103935]: DEBUG neutron.db.agents_db [None req-b4d4226c-6202-485b-a7aa-ab0ca1d6657b None None] Agent healthcheck: found 0 active agents {{(pid=103935) agent_health_check /opt/stack/neutron/neutron/db/agents_db.py:317}}
Mar 30 18:02:44.843399 np0000161490 neutron-periodic-workers[103935]: DEBUG oslo.service.backend._threading.loopingcall [None req-b4d4226c-6202-485b-a7aa-ab0ca1d6657b None None] Fixed interval looping call 'neutron.plugins.ml2.plugin.AgentDbMixin.agent_health_check' sleeping for 36.97 seconds {{(pid=103935) _run_loop /opt/stack/data/venv/lib/python3.12/site-packages/oslo_service/backend/_threading/loopingcall.py:125}}
Mar 30 18:02:49.822680 np0000161490 neutron-periodic-workers[103928]: DEBUG dbcounter [-] [103928] Writing DB stats neutron:SELECT=3 {{(pid=103928) stat_writer /opt/stack/data/venv/lib/python3.12/site-packages/dbcounter.py:115}}
Mar 30 18:02:54.838389 np0000161490 neutron-periodic-workers[103935]: DEBUG dbcounter [-] [103935] Writing DB stats neutron:SELECT=1 {{(pid=103935) stat_writer /opt/stack/data/venv/lib/python3.12/site-packages/dbcounter.py:115}}
Mar 30 18:03:16.801646 np0000161490 neutron-periodic-workers[103928]: DEBUG oslo.service.backend._threading.loopingcall [None req-32b2bcab-3a18-411f-82e7-7d3bf8254eb7 None None] Fixed interval looping call 'neutron.plugins.ml2.plugin.DhcpAgentSchedulerDbMixin.remove_networks_from_down_agents' sleeping for 36.99 seconds {{(pid=103928) _run_loop /opt/stack/data/venv/lib/python3.12/site-packages/oslo_service/backend/_threading/loopingcall.py:125}}
Mar 30 18:03:21.820371 np0000161490 neutron-periodic-workers[103935]: DEBUG neutron.db.agents_db [None req-b4d4226c-6202-485b-a7aa-ab0ca1d6657b None None] Agent healthcheck: found 0 active agents {{(pid=103935) agent_health_check /opt/stack/neutron/neutron/db/agents_db.py:317}}
Mar 30 18:03:21.820998 np0000161490 neutron-periodic-workers[103935]: DEBUG oslo.service.backend._threading.loopingcall [None req-b4d4226c-6202-485b-a7aa-ab0ca1d6657b None None] Fixed interval looping call 'neutron.plugins.ml2.plugin.AgentDbMixin.agent_health_check' sleeping for 36.99 seconds {{(pid=103935) _run_loop /opt/stack/data/venv/lib/python3.12/site-packages/oslo_service/backend/_threading/loopingcall.py:125}}
Mar 30 18:03:26.800708 np0000161490 neutron-periodic-workers[103928]: DEBUG dbcounter [-] [103928] Writing DB stats neutron:SELECT=3 {{(pid=103928) stat_writer /opt/stack/data/venv/lib/python3.12/site-packages/dbcounter.py:115}}
Mar 30 18:03:31.818302 np0000161490 neutron-periodic-workers[103935]: DEBUG dbcounter [-] [103935] Writing DB stats neutron:SELECT=1 {{(pid=103935) stat_writer /opt/stack/data/venv/lib/python3.12/site-packages/dbcounter.py:115}}
Mar 30 18:03:53.801475 np0000161490 neutron-periodic-workers[103928]: DEBUG oslo.service.backend._threading.loopingcall [None req-32b2bcab-3a18-411f-82e7-7d3bf8254eb7 None None] Fixed interval looping call 'neutron.plugins.ml2.plugin.DhcpAgentSchedulerDbMixin.remove_networks_from_down_agents' sleeping for 36.99 seconds {{(pid=103928) _run_loop /opt/stack/data/venv/lib/python3.12/site-packages/oslo_service/backend/_threading/loopingcall.py:125}}
Mar 30 18:03:57.845173 np0000161490 neutron-periodic-workers[103945]: DEBUG dbcounter [-] [103945] Writer thread running {{(pid=103945) stat_writer /opt/stack/data/venv/lib/python3.12/site-packages/dbcounter.py:102}}
Mar 30 18:03:57.847133 np0000161490 neutron-periodic-workers[103945]: DEBUG oslo.service.backend._threading.loopingcall [None req-5686cca8-85fe-48be-bce0-6302cb7492e1 None None] Fixed interval looping call 'neutron.db.quota.driver_nolock.DbQuotaNoLockDriver._remove_expired_reservations' sleeping for 119.99 seconds {{(pid=103945) _run_loop /opt/stack/data/venv/lib/python3.12/site-packages/oslo_service/backend/_threading/loopingcall.py:125}}
Mar 30 18:03:58.816512 np0000161490 neutron-periodic-workers[103935]: DEBUG neutron.db.agents_db [None req-b4d4226c-6202-485b-a7aa-ab0ca1d6657b None None] Agent healthcheck: found 0 active agents {{(pid=103935) agent_health_check /opt/stack/neutron/neutron/db/agents_db.py:317}}
Mar 30 18:03:58.817024 np0000161490 neutron-periodic-workers[103935]: DEBUG oslo.service.backend._threading.loopingcall [None req-b4d4226c-6202-485b-a7aa-ab0ca1d6657b None None] Fixed interval looping call 'neutron.plugins.ml2.plugin.AgentDbMixin.agent_health_check' sleeping for 36.99 seconds {{(pid=103935) _run_loop /opt/stack/data/venv/lib/python3.12/site-packages/oslo_service/backend/_threading/loopingcall.py:125}}
Mar 30 18:04:03.800572 np0000161490 neutron-periodic-workers[103928]: DEBUG dbcounter [-] [103928] Writing DB stats neutron:SELECT=3 {{(pid=103928) stat_writer /opt/stack/data/venv/lib/python3.12/site-packages/dbcounter.py:115}}
Mar 30 18:04:07.847181 np0000161490 neutron-periodic-workers[103945]: DEBUG dbcounter [-] [103945] Writing DB stats neutron:DELETE=1 {{(pid=103945) stat_writer /opt/stack/data/venv/lib/python3.12/site-packages/dbcounter.py:115}}
Mar 30 18:04:08.814824 np0000161490 neutron-periodic-workers[103935]: DEBUG dbcounter [-] [103935] Writing DB stats neutron:SELECT=1 {{(pid=103935) stat_writer /opt/stack/data/venv/lib/python3.12/site-packages/dbcounter.py:115}}
Mar 30 18:04:30.803662 np0000161490 neutron-periodic-workers[103928]: DEBUG oslo.service.backend._threading.loopingcall [None req-32b2bcab-3a18-411f-82e7-7d3bf8254eb7 None None] Fixed interval looping call 'neutron.plugins.ml2.plugin.DhcpAgentSchedulerDbMixin.remove_networks_from_down_agents' sleeping for 36.99 seconds {{(pid=103928) _run_loop /opt/stack/data/venv/lib/python3.12/site-packages/oslo_service/backend/_threading/loopingcall.py:125}}
Mar 30 18:04:35.812551 np0000161490 neutron-periodic-workers[103935]: DEBUG neutron.db.agents_db [None req-b4d4226c-6202-485b-a7aa-ab0ca1d6657b None None] Agent healthcheck: found 0 active agents {{(pid=103935) agent_health_check /opt/stack/neutron/neutron/db/agents_db.py:317}}
Mar 30 18:04:35.813323 np0000161490 neutron-periodic-workers[103935]: DEBUG oslo.service.backend._threading.loopingcall [None req-b4d4226c-6202-485b-a7aa-ab0ca1d6657b None None] Fixed interval looping call 'neutron.plugins.ml2.plugin.AgentDbMixin.agent_health_check' sleeping for 36.99 seconds {{(pid=103935) _run_loop /opt/stack/data/venv/lib/python3.12/site-packages/oslo_service/backend/_threading/loopingcall.py:125}}
Mar 30 18:04:40.802216 np0000161490 neutron-periodic-workers[103928]: DEBUG dbcounter [-] [103928] Writing DB stats neutron:SELECT=3 {{(pid=103928) stat_writer /opt/stack/data/venv/lib/python3.12/site-packages/dbcounter.py:115}}
Mar 30 18:04:45.810937 np0000161490 neutron-periodic-workers[103935]: DEBUG dbcounter [-] [103935] Writing DB stats neutron:SELECT=1 {{(pid=103935) stat_writer /opt/stack/data/venv/lib/python3.12/site-packages/dbcounter.py:115}}
Mar 30 18:05:07.807466 np0000161490 neutron-periodic-workers[103928]: DEBUG oslo.service.backend._threading.loopingcall [None req-32b2bcab-3a18-411f-82e7-7d3bf8254eb7 None None] Fixed interval looping call 'neutron.plugins.ml2.plugin.DhcpAgentSchedulerDbMixin.remove_networks_from_down_agents' sleeping for 36.99 seconds {{(pid=103928) _run_loop /opt/stack/data/venv/lib/python3.12/site-packages/oslo_service/backend/_threading/loopingcall.py:125}}
Mar 30 18:05:12.809214 np0000161490 neutron-periodic-workers[103935]: DEBUG neutron.db.agents_db [None req-b4d4226c-6202-485b-a7aa-ab0ca1d6657b None None] Agent healthcheck: found 0 active agents {{(pid=103935) agent_health_check /opt/stack/neutron/neutron/db/agents_db.py:317}}
Mar 30 18:05:12.809765 np0000161490 neutron-periodic-workers[103935]: DEBUG oslo.service.backend._threading.loopingcall [None req-b4d4226c-6202-485b-a7aa-ab0ca1d6657b None None] Fixed interval looping call 'neutron.plugins.ml2.plugin.AgentDbMixin.agent_health_check' sleeping for 36.99 seconds {{(pid=103935) _run_loop /opt/stack/data/venv/lib/python3.12/site-packages/oslo_service/backend/_threading/loopingcall.py:125}}
Mar 30 18:05:17.806579 np0000161490 neutron-periodic-workers[103928]: DEBUG dbcounter [-] [103928] Writing DB stats neutron:SELECT=3 {{(pid=103928) stat_writer /opt/stack/data/venv/lib/python3.12/site-packages/dbcounter.py:115}}
Mar 30 18:05:22.807251 np0000161490 neutron-periodic-workers[103935]: DEBUG dbcounter [-] [103935] Writing DB stats neutron:SELECT=1 {{(pid=103935) stat_writer /opt/stack/data/venv/lib/python3.12/site-packages/dbcounter.py:115}}
Mar 30 18:05:44.809166 np0000161490 neutron-periodic-workers[103928]: DEBUG oslo.service.backend._threading.loopingcall [None req-32b2bcab-3a18-411f-82e7-7d3bf8254eb7 None None] Fixed interval looping call 'neutron.plugins.ml2.plugin.DhcpAgentSchedulerDbMixin.remove_networks_from_down_agents' sleeping for 36.99 seconds {{(pid=103928) _run_loop /opt/stack/data/venv/lib/python3.12/site-packages/oslo_service/backend/_threading/loopingcall.py:125}}
Mar 30 18:05:49.808821 np0000161490 neutron-periodic-workers[103935]: DEBUG neutron.db.agents_db [None req-b4d4226c-6202-485b-a7aa-ab0ca1d6657b None None] Agent healthcheck: found 0 active agents {{(pid=103935) agent_health_check /opt/stack/neutron/neutron/db/agents_db.py:317}}
Mar 30 18:05:49.811411 np0000161490 neutron-periodic-workers[103935]: DEBUG oslo.service.backend._threading.loopingcall [None req-b4d4226c-6202-485b-a7aa-ab0ca1d6657b None None] Fixed interval looping call 'neutron.plugins.ml2.plugin.AgentDbMixin.agent_health_check' sleeping for 36.99 seconds {{(pid=103935) _run_loop /opt/stack/data/venv/lib/python3.12/site-packages/oslo_service/backend/_threading/loopingcall.py:125}}
Mar 30 18:05:54.807973 np0000161490 neutron-periodic-workers[103928]: DEBUG dbcounter [-] [103928] Writing DB stats neutron:SELECT=3 {{(pid=103928) stat_writer /opt/stack/data/venv/lib/python3.12/site-packages/dbcounter.py:115}}
Mar 30 18:05:57.843526 np0000161490 neutron-periodic-workers[103945]: DEBUG oslo.service.backend._threading.loopingcall [None req-5686cca8-85fe-48be-bce0-6302cb7492e1 None None] Fixed interval looping call 'neutron.db.quota.driver_nolock.DbQuotaNoLockDriver._remove_expired_reservations' sleeping for 119.99 seconds {{(pid=103945) _run_loop /opt/stack/data/venv/lib/python3.12/site-packages/oslo_service/backend/_threading/loopingcall.py:125}}
Mar 30 18:05:59.806737 np0000161490 neutron-periodic-workers[103935]: DEBUG dbcounter [-] [103935] Writing DB stats neutron:SELECT=1 {{(pid=103935) stat_writer /opt/stack/data/venv/lib/python3.12/site-packages/dbcounter.py:115}}
Mar 30 18:06:07.842380 np0000161490 neutron-periodic-workers[103945]: DEBUG dbcounter [-] [103945] Writing DB stats neutron:DELETE=1 {{(pid=103945) stat_writer /opt/stack/data/venv/lib/python3.12/site-packages/dbcounter.py:115}}
Mar 30 18:06:21.812159 np0000161490 neutron-periodic-workers[103928]: DEBUG oslo.service.backend._threading.loopingcall [None req-32b2bcab-3a18-411f-82e7-7d3bf8254eb7 None None] Fixed interval looping call 'neutron.plugins.ml2.plugin.DhcpAgentSchedulerDbMixin.remove_networks_from_down_agents' sleeping for 36.99 seconds {{(pid=103928) _run_loop /opt/stack/data/venv/lib/python3.12/site-packages/oslo_service/backend/_threading/loopingcall.py:125}}
Mar 30 18:06:26.806832 np0000161490 neutron-periodic-workers[103935]: DEBUG neutron.db.agents_db [None req-b4d4226c-6202-485b-a7aa-ab0ca1d6657b None None] Agent healthcheck: found 0 active agents {{(pid=103935) agent_health_check /opt/stack/neutron/neutron/db/agents_db.py:317}}
Mar 30 18:06:26.808080 np0000161490 neutron-periodic-workers[103935]: DEBUG oslo.service.backend._threading.loopingcall [None req-b4d4226c-6202-485b-a7aa-ab0ca1d6657b None None] Fixed interval looping call 'neutron.plugins.ml2.plugin.AgentDbMixin.agent_health_check' sleeping for 36.99 seconds {{(pid=103935) _run_loop /opt/stack/data/venv/lib/python3.12/site-packages/oslo_service/backend/_threading/loopingcall.py:125}}
Mar 30 18:06:31.810825 np0000161490 neutron-periodic-workers[103928]: DEBUG dbcounter [-] [103928] Writing DB stats neutron:SELECT=3 {{(pid=103928) stat_writer /opt/stack/data/venv/lib/python3.12/site-packages/dbcounter.py:115}}
Mar 30 18:06:36.804818 np0000161490 neutron-periodic-workers[103935]: DEBUG dbcounter [-] [103935] Writing DB stats neutron:SELECT=1 {{(pid=103935) stat_writer /opt/stack/data/venv/lib/python3.12/site-packages/dbcounter.py:115}}
Mar 30 18:06:36.884948 np0000161490 neutron-periodic-workers[103955]: DEBUG dbcounter [-] [103955] Writer thread running {{(pid=103955) stat_writer /opt/stack/data/venv/lib/python3.12/site-packages/dbcounter.py:102}}
Mar 30 18:06:36.896617 np0000161490 neutron-periodic-workers[103955]: DEBUG oslo.service.backend._threading.loopingcall [None req-11e781f4-8799-413a-87e0-bac353379d34 None None] Fixed interval looping call 'neutron.services.ovn_l3.plugin.L3_NAT_dbonly_mixin._clean_garbage' sleeping for 299.96 seconds {{(pid=103955) _run_loop /opt/stack/data/venv/lib/python3.12/site-packages/oslo_service/backend/_threading/loopingcall.py:125}}
Mar 30 18:06:46.885616 np0000161490 neutron-periodic-workers[103955]: DEBUG dbcounter [-] [103955] Writing DB stats neutron:SELECT=1 {{(pid=103955) stat_writer /opt/stack/data/venv/lib/python3.12/site-packages/dbcounter.py:115}}
Mar 30 18:06:58.813134 np0000161490 neutron-periodic-workers[103928]: DEBUG oslo.service.backend._threading.loopingcall [None req-32b2bcab-3a18-411f-82e7-7d3bf8254eb7 None None] Fixed interval looping call 'neutron.plugins.ml2.plugin.DhcpAgentSchedulerDbMixin.remove_networks_from_down_agents' sleeping for 36.99 seconds {{(pid=103928) _run_loop /opt/stack/data/venv/lib/python3.12/site-packages/oslo_service/backend/_threading/loopingcall.py:125}}
Mar 30 18:07:03.803078 np0000161490 neutron-periodic-workers[103935]: DEBUG neutron.db.agents_db [None req-b4d4226c-6202-485b-a7aa-ab0ca1d6657b None None] Agent healthcheck: found 0 active agents {{(pid=103935) agent_health_check /opt/stack/neutron/neutron/db/agents_db.py:317}}
Mar 30 18:07:03.803523 np0000161490 neutron-periodic-workers[103935]: DEBUG oslo.service.backend._threading.loopingcall [None req-b4d4226c-6202-485b-a7aa-ab0ca1d6657b None None] Fixed interval looping call 'neutron.plugins.ml2.plugin.AgentDbMixin.agent_health_check' sleeping for 36.99 seconds {{(pid=103935) _run_loop /opt/stack/data/venv/lib/python3.12/site-packages/oslo_service/backend/_threading/loopingcall.py:125}}
Mar 30 18:07:08.908566 np0000161490 neutron-periodic-workers[103928]: DEBUG dbcounter [-] [103928] Writing DB stats neutron:SELECT=3 {{(pid=103928) stat_writer /opt/stack/data/venv/lib/python3.12/site-packages/dbcounter.py:115}}
Mar 30 18:07:13.802077 np0000161490 neutron-periodic-workers[103935]: DEBUG dbcounter [-] [103935] Writing DB stats neutron:SELECT=1 {{(pid=103935) stat_writer /opt/stack/data/venv/lib/python3.12/site-packages/dbcounter.py:115}}
Mar 30 18:07:35.813130 np0000161490 neutron-periodic-workers[103928]: DEBUG oslo.service.backend._threading.loopingcall [None req-32b2bcab-3a18-411f-82e7-7d3bf8254eb7 None None] Fixed interval looping call 'neutron.plugins.ml2.plugin.DhcpAgentSchedulerDbMixin.remove_networks_from_down_agents' sleeping for 36.99 seconds {{(pid=103928) _run_loop /opt/stack/data/venv/lib/python3.12/site-packages/oslo_service/backend/_threading/loopingcall.py:125}}
Mar 30 18:07:40.799105 np0000161490 neutron-periodic-workers[103935]: DEBUG neutron.db.agents_db [None req-b4d4226c-6202-485b-a7aa-ab0ca1d6657b None None] Agent healthcheck: found 0 active agents {{(pid=103935) agent_health_check /opt/stack/neutron/neutron/db/agents_db.py:317}}
Mar 30 18:07:40.799700 np0000161490 neutron-periodic-workers[103935]: DEBUG oslo.service.backend._threading.loopingcall [None req-b4d4226c-6202-485b-a7aa-ab0ca1d6657b None None] Fixed interval looping call 'neutron.plugins.ml2.plugin.AgentDbMixin.agent_health_check' sleeping for 36.99 seconds {{(pid=103935) _run_loop /opt/stack/data/venv/lib/python3.12/site-packages/oslo_service/backend/_threading/loopingcall.py:125}}
Mar 30 18:07:45.812100 np0000161490 neutron-periodic-workers[103928]: DEBUG dbcounter [-] [103928] Writing DB stats neutron:SELECT=3 {{(pid=103928) stat_writer /opt/stack/data/venv/lib/python3.12/site-packages/dbcounter.py:115}}
Mar 30 18:07:50.797546 np0000161490 neutron-periodic-workers[103935]: DEBUG dbcounter [-] [103935] Writing DB stats neutron:SELECT=1 {{(pid=103935) stat_writer /opt/stack/data/venv/lib/python3.12/site-packages/dbcounter.py:115}}
Mar 30 18:07:57.838361 np0000161490 neutron-periodic-workers[103945]: DEBUG oslo.service.backend._threading.loopingcall [None req-5686cca8-85fe-48be-bce0-6302cb7492e1 None None] Fixed interval looping call 'neutron.db.quota.driver_nolock.DbQuotaNoLockDriver._remove_expired_reservations' sleeping for 120.00 seconds {{(pid=103945) _run_loop /opt/stack/data/venv/lib/python3.12/site-packages/oslo_service/backend/_threading/loopingcall.py:125}}
Mar 30 18:08:07.837296 np0000161490 neutron-periodic-workers[103945]: DEBUG dbcounter [-] [103945] Writing DB stats neutron:DELETE=1 {{(pid=103945) stat_writer /opt/stack/data/venv/lib/python3.12/site-packages/dbcounter.py:115}}
Mar 30 18:08:12.812250 np0000161490 neutron-periodic-workers[103928]: DEBUG oslo.service.backend._threading.loopingcall [None req-32b2bcab-3a18-411f-82e7-7d3bf8254eb7 None None] Fixed interval looping call 'neutron.plugins.ml2.plugin.DhcpAgentSchedulerDbMixin.remove_networks_from_down_agents' sleeping for 36.99 seconds {{(pid=103928) _run_loop /opt/stack/data/venv/lib/python3.12/site-packages/oslo_service/backend/_threading/loopingcall.py:125}}
Mar 30 18:08:17.794033 np0000161490 neutron-periodic-workers[103935]: DEBUG neutron.db.agents_db [None req-b4d4226c-6202-485b-a7aa-ab0ca1d6657b None None] Agent healthcheck: found 0 active agents {{(pid=103935) agent_health_check /opt/stack/neutron/neutron/db/agents_db.py:317}}
Mar 30 18:08:17.794999 np0000161490 neutron-periodic-workers[103935]: DEBUG oslo.service.backend._threading.loopingcall [None req-b4d4226c-6202-485b-a7aa-ab0ca1d6657b None None] Fixed interval looping call 'neutron.plugins.ml2.plugin.AgentDbMixin.agent_health_check' sleeping for 37.00 seconds {{(pid=103935) _run_loop /opt/stack/data/venv/lib/python3.12/site-packages/oslo_service/backend/_threading/loopingcall.py:125}}
Mar 30 18:08:22.811212 np0000161490 neutron-periodic-workers[103928]: DEBUG dbcounter [-] [103928] Writing DB stats neutron:SELECT=3 {{(pid=103928) stat_writer /opt/stack/data/venv/lib/python3.12/site-packages/dbcounter.py:115}}
Mar 30 18:08:27.793238 np0000161490 neutron-periodic-workers[103935]: DEBUG dbcounter [-] [103935] Writing DB stats neutron:SELECT=1 {{(pid=103935) stat_writer /opt/stack/data/venv/lib/python3.12/site-packages/dbcounter.py:115}}
Mar 30 18:08:49.815370 np0000161490 neutron-periodic-workers[103928]: DEBUG oslo.service.backend._threading.loopingcall [None req-32b2bcab-3a18-411f-82e7-7d3bf8254eb7 None None] Fixed interval looping call 'neutron.plugins.ml2.plugin.DhcpAgentSchedulerDbMixin.remove_networks_from_down_agents' sleeping for 36.99 seconds {{(pid=103928) _run_loop /opt/stack/data/venv/lib/python3.12/site-packages/oslo_service/backend/_threading/loopingcall.py:125}}
Mar 30 18:08:54.799521 np0000161490 neutron-periodic-workers[103935]: DEBUG neutron.db.agents_db [None req-b4d4226c-6202-485b-a7aa-ab0ca1d6657b None None] Agent healthcheck: found 0 active agents {{(pid=103935) agent_health_check /opt/stack/neutron/neutron/db/agents_db.py:317}}
Mar 30 18:08:54.800836 np0000161490 neutron-periodic-workers[103935]: DEBUG oslo.service.backend._threading.loopingcall [None req-b4d4226c-6202-485b-a7aa-ab0ca1d6657b None None] Fixed interval looping call 'neutron.plugins.ml2.plugin.AgentDbMixin.agent_health_check' sleeping for 36.99 seconds {{(pid=103935) _run_loop /opt/stack/data/venv/lib/python3.12/site-packages/oslo_service/backend/_threading/loopingcall.py:125}}
Mar 30 18:08:59.813648 np0000161490 neutron-periodic-workers[103928]: DEBUG dbcounter [-] [103928] Writing DB stats neutron:SELECT=3 {{(pid=103928) stat_writer /opt/stack/data/venv/lib/python3.12/site-packages/dbcounter.py:115}}
Mar 30 18:09:04.797584 np0000161490 neutron-periodic-workers[103935]: DEBUG dbcounter [-] [103935] Writing DB stats neutron:SELECT=1 {{(pid=103935) stat_writer /opt/stack/data/venv/lib/python3.12/site-packages/dbcounter.py:115}}
Mar 30 18:09:26.815682 np0000161490 neutron-periodic-workers[103928]: DEBUG oslo.service.backend._threading.loopingcall [None req-32b2bcab-3a18-411f-82e7-7d3bf8254eb7 None None] Fixed interval looping call 'neutron.plugins.ml2.plugin.DhcpAgentSchedulerDbMixin.remove_networks_from_down_agents' sleeping for 36.99 seconds {{(pid=103928) _run_loop /opt/stack/data/venv/lib/python3.12/site-packages/oslo_service/backend/_threading/loopingcall.py:125}}
Mar 30 18:09:31.796865 np0000161490 neutron-periodic-workers[103935]: DEBUG neutron.db.agents_db [None req-b4d4226c-6202-485b-a7aa-ab0ca1d6657b None None] Agent healthcheck: found 0 active agents {{(pid=103935) agent_health_check /opt/stack/neutron/neutron/db/agents_db.py:317}}
Mar 30 18:09:31.797424 np0000161490 neutron-periodic-workers[103935]: DEBUG oslo.service.backend._threading.loopingcall [None req-b4d4226c-6202-485b-a7aa-ab0ca1d6657b None None] Fixed interval looping call 'neutron.plugins.ml2.plugin.AgentDbMixin.agent_health_check' sleeping for 36.99 seconds {{(pid=103935) _run_loop /opt/stack/data/venv/lib/python3.12/site-packages/oslo_service/backend/_threading/loopingcall.py:125}}
Mar 30 18:09:36.814658 np0000161490 neutron-periodic-workers[103928]: DEBUG dbcounter [-] [103928] Writing DB stats neutron:SELECT=3 {{(pid=103928) stat_writer /opt/stack/data/venv/lib/python3.12/site-packages/dbcounter.py:115}}
Mar 30 18:09:41.794179 np0000161490 neutron-periodic-workers[103935]: DEBUG dbcounter [-] [103935] Writing DB stats neutron:SELECT=1 {{(pid=103935) stat_writer /opt/stack/data/venv/lib/python3.12/site-packages/dbcounter.py:115}}
Mar 30 18:09:57.846157 np0000161490 neutron-periodic-workers[103945]: DEBUG oslo.service.backend._threading.loopingcall [None req-5686cca8-85fe-48be-bce0-6302cb7492e1 None None] Fixed interval looping call 'neutron.db.quota.driver_nolock.DbQuotaNoLockDriver._remove_expired_reservations' sleeping for 119.99 seconds {{(pid=103945) _run_loop /opt/stack/data/venv/lib/python3.12/site-packages/oslo_service/backend/_threading/loopingcall.py:125}}
Mar 30 18:10:03.817185 np0000161490 neutron-periodic-workers[103928]: DEBUG oslo.service.backend._threading.loopingcall [None req-32b2bcab-3a18-411f-82e7-7d3bf8254eb7 None None] Fixed interval looping call 'neutron.plugins.ml2.plugin.DhcpAgentSchedulerDbMixin.remove_networks_from_down_agents' sleeping for 36.99 seconds {{(pid=103928) _run_loop /opt/stack/data/venv/lib/python3.12/site-packages/oslo_service/backend/_threading/loopingcall.py:125}}
Mar 30 18:10:07.844039 np0000161490 neutron-periodic-workers[103945]: DEBUG dbcounter [-] [103945] Writing DB stats neutron:DELETE=1 {{(pid=103945) stat_writer /opt/stack/data/venv/lib/python3.12/site-packages/dbcounter.py:115}}
Mar 30 18:10:08.794186 np0000161490 neutron-periodic-workers[103935]: DEBUG neutron.db.agents_db [None req-b4d4226c-6202-485b-a7aa-ab0ca1d6657b None None] Agent healthcheck: found 0 active agents {{(pid=103935) agent_health_check /opt/stack/neutron/neutron/db/agents_db.py:317}}
Mar 30 18:10:08.795060 np0000161490 neutron-periodic-workers[103935]: DEBUG oslo.service.backend._threading.loopingcall [None req-b4d4226c-6202-485b-a7aa-ab0ca1d6657b None None] Fixed interval looping call 'neutron.plugins.ml2.plugin.AgentDbMixin.agent_health_check' sleeping for 36.99 seconds {{(pid=103935) _run_loop /opt/stack/data/venv/lib/python3.12/site-packages/oslo_service/backend/_threading/loopingcall.py:125}}
Mar 30 18:10:13.815300 np0000161490 neutron-periodic-workers[103928]: DEBUG dbcounter [-] [103928] Writing DB stats neutron:SELECT=3 {{(pid=103928) stat_writer /opt/stack/data/venv/lib/python3.12/site-packages/dbcounter.py:115}}
Mar 30 18:10:18.792003 np0000161490 neutron-periodic-workers[103935]: DEBUG dbcounter [-] [103935] Writing DB stats neutron:SELECT=1 {{(pid=103935) stat_writer /opt/stack/data/venv/lib/python3.12/site-packages/dbcounter.py:115}}
Mar 30 18:10:40.815186 np0000161490 neutron-periodic-workers[103928]: DEBUG oslo.service.backend._threading.loopingcall [None req-32b2bcab-3a18-411f-82e7-7d3bf8254eb7 None None] Fixed interval looping call 'neutron.plugins.ml2.plugin.DhcpAgentSchedulerDbMixin.remove_networks_from_down_agents' sleeping for 36.99 seconds {{(pid=103928) _run_loop /opt/stack/data/venv/lib/python3.12/site-packages/oslo_service/backend/_threading/loopingcall.py:125}}
Mar 30 18:10:45.855905 np0000161490 neutron-periodic-workers[103935]: DEBUG neutron.db.agents_db [None req-b4d4226c-6202-485b-a7aa-ab0ca1d6657b None None] Agent healthcheck: found 0 active agents {{(pid=103935) agent_health_check /opt/stack/neutron/neutron/db/agents_db.py:317}}
Mar 30 18:10:45.856609 np0000161490 neutron-periodic-workers[103935]: DEBUG oslo.service.backend._threading.loopingcall [None req-b4d4226c-6202-485b-a7aa-ab0ca1d6657b None None] Fixed interval looping call 'neutron.plugins.ml2.plugin.AgentDbMixin.agent_health_check' sleeping for 36.99 seconds {{(pid=103935) _run_loop /opt/stack/data/venv/lib/python3.12/site-packages/oslo_service/backend/_threading/loopingcall.py:125}}
Mar 30 18:10:50.814107 np0000161490 neutron-periodic-workers[103928]: DEBUG dbcounter [-] [103928] Writing DB stats neutron:SELECT=3 {{(pid=103928) stat_writer /opt/stack/data/venv/lib/python3.12/site-packages/dbcounter.py:115}}
Mar 30 18:10:55.853146 np0000161490 neutron-periodic-workers[103935]: DEBUG dbcounter [-] [103935] Writing DB stats neutron:SELECT=1 {{(pid=103935) stat_writer /opt/stack/data/venv/lib/python3.12/site-packages/dbcounter.py:115}}
Mar 30 18:11:17.814007 np0000161490 neutron-periodic-workers[103928]: DEBUG oslo.service.backend._threading.loopingcall [None req-32b2bcab-3a18-411f-82e7-7d3bf8254eb7 None None] Fixed interval looping call 'neutron.plugins.ml2.plugin.DhcpAgentSchedulerDbMixin.remove_networks_from_down_agents' sleeping for 36.99 seconds {{(pid=103928) _run_loop /opt/stack/data/venv/lib/python3.12/site-packages/oslo_service/backend/_threading/loopingcall.py:125}}
Mar 30 18:11:22.853411 np0000161490 neutron-periodic-workers[103935]: DEBUG neutron.db.agents_db [None req-b4d4226c-6202-485b-a7aa-ab0ca1d6657b None None] Agent healthcheck: found 0 active agents {{(pid=103935) agent_health_check /opt/stack/neutron/neutron/db/agents_db.py:317}}
Mar 30 18:11:22.853411 np0000161490 neutron-periodic-workers[103935]: DEBUG oslo.service.backend._threading.loopingcall [None req-b4d4226c-6202-485b-a7aa-ab0ca1d6657b None None] Fixed interval looping call 'neutron.plugins.ml2.plugin.AgentDbMixin.agent_health_check' sleeping for 36.99 seconds {{(pid=103935) _run_loop /opt/stack/data/venv/lib/python3.12/site-packages/oslo_service/backend/_threading/loopingcall.py:125}}
Mar 30 18:11:27.813662 np0000161490 neutron-periodic-workers[103928]: DEBUG dbcounter [-] [103928] Writing DB stats neutron:SELECT=3 {{(pid=103928) stat_writer /opt/stack/data/venv/lib/python3.12/site-packages/dbcounter.py:115}}
Mar 30 18:11:32.852430 np0000161490 neutron-periodic-workers[103935]: DEBUG dbcounter [-] [103935] Writing DB stats neutron:SELECT=1 {{(pid=103935) stat_writer /opt/stack/data/venv/lib/python3.12/site-packages/dbcounter.py:115}}
Mar 30 18:11:36.870620 np0000161490 neutron-periodic-workers[103955]: DEBUG oslo.service.backend._threading.loopingcall [None req-11e781f4-8799-413a-87e0-bac353379d34 None None] Fixed interval looping call 'neutron.services.ovn_l3.plugin.L3_NAT_dbonly_mixin._clean_garbage' sleeping for 299.99 seconds {{(pid=103955) _run_loop /opt/stack/data/venv/lib/python3.12/site-packages/oslo_service/backend/_threading/loopingcall.py:125}}
Mar 30 18:11:46.863834 np0000161490 neutron-periodic-workers[103955]: DEBUG dbcounter [-] [103955] Writing DB stats neutron:SELECT=1 {{(pid=103955) stat_writer /opt/stack/data/venv/lib/python3.12/site-packages/dbcounter.py:115}}
Mar 30 18:11:54.816037 np0000161490 neutron-periodic-workers[103928]: DEBUG oslo.service.backend._threading.loopingcall [None req-32b2bcab-3a18-411f-82e7-7d3bf8254eb7 None None] Fixed interval looping call 'neutron.plugins.ml2.plugin.DhcpAgentSchedulerDbMixin.remove_networks_from_down_agents' sleeping for 36.99 seconds {{(pid=103928) _run_loop /opt/stack/data/venv/lib/python3.12/site-packages/oslo_service/backend/_threading/loopingcall.py:125}}
