2026-07-09 00:51:40.437 7 INFO neutron.db.ovn_revision_numbers_db [None req-0d24b009-ab09-462d-8ba4-059923bc7929 b95b903ec19d47169d46f6aefefc1b6f b3d0559106194b6682c23833af9f4707 - - default default] Successfully bumped revision number for resource 553d9dba-aaf7-49ca-94e3-f2127d8b10a6 (type: subnets) to 0
2026-07-09 00:51:40.449 8 INFO neutron.db.ovn_revision_numbers_db [None req-7c18dc33-4c1a-416c-a37f-1e31046803ac d929c50892c54ec68f8bde6389c7e7f0 b6db98576a6f40e4a0c82c1a94fe0d77 - - default default] Successfully bumped revision number for resource f1c03a77-e0e0-47d1-813f-652043a71ed1 (type: security_group_rules) to 0 [pid: 7|app: 0|req: 970/1732] 10.0.0.156 () {34 vars in 669 bytes} [Thu Jul 9 00:51:40 2026] POST /v2.0/subnets => generated 725 bytes in 288 msecs (HTTP/1.1 201) 4 headers in 162 bytes (1 switches on core 0) [pid: 7|app: 0|req: 971/1733] 10.0.0.143 () {28 vars in 581 bytes} [Thu Jul 9 00:51:40 2026] GET /v2.0/agents => generated 1214 bytes in 13 msecs (HTTP/1.1 200) 4 headers in 158 bytes (1 switches on core 0) [pid: 8|app: 0|req: 763/1734] 10.0.0.156 () {34 vars in 685 bytes} [Thu Jul 9 00:51:40 2026] POST /v2.0/security-groups => generated 1673 bytes in 212 msecs (HTTP/1.1 201) 4 headers in 163 bytes (1 switches on core 0) [pid: 7|app: 0|req: 972/1735] 10.0.0.152 () {34 vars in 1070 bytes} [Thu Jul 9 00:51:40 2026] GET /v2.0/ports?fields=security_groups&fields=device_id&device_id=56a982b4-f714-456e-9c46-837e1d241ba2 => generated 12 bytes in 14 msecs (HTTP/1.1 200) 4 headers in 156 bytes (1 switches on core 0) [pid: 7|app: 0|req: 973/1736] 10.0.0.143 () {28 vars in 619 bytes} [Thu Jul 9 00:51:40 2026] GET /v2.0/network-ip-availabilities => generated 6628 bytes in 18 msecs (HTTP/1.1 200) 4 headers in 158 bytes (1 switches on core 0)
2026-07-09 00:51:40.568 8 INFO neutron.db.segments_db [None req-7cf84c7d-1615-4778-ba85-7c82066fad3b b95b903ec19d47169d46f6aefefc1b6f b3d0559106194b6682c23833af9f4707 - - default default] Added segment d06772ef-5e91-4a87-83b6-41189e69a7a0 of type geneve for network f1e96042-6536-4ed4-857d-43685babfd06
2026-07-09 00:51:40.619 7 INFO neutron.db.ovn_revision_numbers_db [None req-551268f8-9025-4b05-81a4-fc15440eb67c d929c50892c54ec68f8bde6389c7e7f0 b6db98576a6f40e4a0c82c1a94fe0d77 - - default default] Successfully bumped revision number for resource e6d34dca-56fa-4702-9416-214fb2c26208 (type: security_group_rules) to 0 [pid: 7|app: 0|req: 974/1737] 10.0.0.156 () {34 vars in 695 bytes} [Thu Jul 9 00:51:40 2026] POST /v2.0/security-group-rules => generated 597 bytes in 150 msecs (HTTP/1.1 201) 4 headers in 162 bytes (1 switches on core 0)
2026-07-09 00:51:40.663 8 INFO neutron.db.ovn_revision_numbers_db [None req-7cf84c7d-1615-4778-ba85-7c82066fad3b b95b903ec19d47169d46f6aefefc1b6f b3d0559106194b6682c23833af9f4707 - - default default] Successfully bumped revision number for resource f1e96042-6536-4ed4-857d-43685babfd06 (type: networks) to 1 [pid: 7|app: 0|req: 975/1738] 10.0.0.143 () {28 vars in 579 bytes} [Thu Jul 9 00:51:40 2026] GET /v2.0/ports => generated 17042 bytes in 48 msecs (HTTP/1.1 200) 4 headers in 159 bytes (1 switches on core 0)
2026-07-09 00:51:40.799 7 INFO neutron.db.ovn_revision_numbers_db [None req-cd9dee47-cc73-4763-9289-c86d3fb55671 d929c50892c54ec68f8bde6389c7e7f0 b6db98576a6f40e4a0c82c1a94fe0d77 - - default default] Successfully bumped revision number for resource 326e576b-e6aa-4f92-9f3c-b7ec5bfdc0e0 (type: security_group_rules) to 0
2026-07-09 00:51:40.825 8 WARNING neutron.scheduler.dhcp_agent_scheduler [None req-7cf84c7d-1615-4778-ba85-7c82066fad3b b95b903ec19d47169d46f6aefefc1b6f b3d0559106194b6682c23833af9f4707 - - default default] No more DHCP agents
2026-07-09 00:51:40.827 8 WARNING neutron.api.rpc.agentnotifiers.dhcp_rpc_agent_api [None req-7cf84c7d-1615-4778-ba85-7c82066fad3b b95b903ec19d47169d46f6aefefc1b6f b3d0559106194b6682c23833af9f4707 - - default default] Unable to schedule network f1e96042-6536-4ed4-857d-43685babfd06: no agents available; will retry on subsequent port and subnet creation events. [pid: 7|app: 0|req: 976/1739] 10.0.0.156 () {34 vars in 695 bytes} [Thu Jul 9 00:51:40 2026] POST /v2.0/security-group-rules => generated 596 bytes in 127 msecs (HTTP/1.1 201) 4 headers in 162 bytes (1 switches on core 0)
2026-07-09 00:51:40.923 8 INFO neutron.db.ovn_revision_numbers_db [None req-7cf84c7d-1615-4778-ba85-7c82066fad3b b95b903ec19d47169d46f6aefefc1b6f b3d0559106194b6682c23833af9f4707 - - default default] Successfully bumped revision number for resource 799e07dc-f983-44d1-9374-4e38cdc9aa6e (type: ports) to 1
2026-07-09 00:51:40.948 7 WARNING neutron.db.securitygroups_db [None req-a96f5f97-030f-4290-af00-97153c32167b 7486847637834fe1a3fb24e6e999e2ff 52e3473b0e3644a5902c25692363c61c - - default default] project_id key not found in filters, using tenant_id instead. This support has been deprecated and will be removed in a future release. [pid: 8|app: 0|req: 764/1740] 10.0.0.156 () {34 vars in 670 bytes} [Thu Jul 9 00:51:40 2026] POST /v2.0/networks => generated 675 bytes in 472 msecs (HTTP/1.1 201) 4 headers in 162 bytes (1 switches on core 0) [pid: 7|app: 0|req: 977/1741] 10.0.0.156 () {32 vars in 774 bytes} [Thu Jul 9 00:51:40 2026] GET /v2.0/security-groups?tenant_id=79cd56544c9841f1999a2f76397a7033&name=default => generated 2925 bytes in 141 msecs (HTTP/1.1 200) 4 headers in 158 bytes (1 switches on core 0) [pid: 8|app: 0|req: 765/1742] 10.0.0.143 () {28 vars in 583 bytes} [Thu Jul 9 00:51:40 2026] GET /v2.0/subnets => generated 6142 bytes in 45 msecs (HTTP/1.1 200) 4 headers in 158 bytes (1 switches on core 0)
2026-07-09 00:51:41.075 7 INFO neutron.db.ovn_revision_numbers_db [None req-a4c830af-f99d-4b37-99e6-4c1d0b2c08f8 d929c50892c54ec68f8bde6389c7e7f0 b6db98576a6f40e4a0c82c1a94fe0d77 - - default default] Successfully bumped revision number for resource f0b3d823-500d-4dc9-83f1-8431aa7b9fce (type: security_group_rules) to 0 [pid: 7|app: 0|req: 978/1743] 10.0.0.156 () {34 vars in 695 bytes} [Thu Jul 9 00:51:40 2026] POST /v2.0/security-group-rules => generated 602 bytes in 128 msecs (HTTP/1.1 201) 4 headers in 162 bytes (1 switches on core 0)
2026-07-09 00:51:41.155 8 WARNING neutron.scheduler.dhcp_agent_scheduler [None req-753c627d-0169-40fb-9ffe-d9c44e1f114f b95b903ec19d47169d46f6aefefc1b6f b3d0559106194b6682c23833af9f4707 - - default default] No more DHCP agents
2026-07-09 00:51:41.156 8 WARNING neutron.api.rpc.agentnotifiers.dhcp_rpc_agent_api [None req-753c627d-0169-40fb-9ffe-d9c44e1f114f b95b903ec19d47169d46f6aefefc1b6f b3d0559106194b6682c23833af9f4707 - - default default] Unable to schedule network f1e96042-6536-4ed4-857d-43685babfd06: no agents available; will retry on subsequent port and subnet creation events. [pid: 7|app: 0|req: 979/1744] 10.0.0.156 () {32 vars in 740 bytes} [Thu Jul 9 00:51:41 2026] DELETE /v2.0/security-groups/85479c5a-5949-4211-aa83-dfe9c786cce1 => generated 0 bytes in 140 msecs (HTTP/1.1 204) 2 headers in 112 bytes (1 switches on core 0) [pid: 7|app: 0|req: 980/1745] 10.0.0.143 () {28 vars in 583 bytes} [Thu Jul 9 00:51:41 2026] GET /v2.0/subnets => generated 6805 bytes in 46 msecs (HTTP/1.1 200) 4 headers in 158 bytes (1 switches on core 0)
2026-07-09 00:51:41.403 7 INFO neutron.db.ovn_revision_numbers_db [None req-9c51a98e-59c1-47f4-be89-ad4a56826816 d929c50892c54ec68f8bde6389c7e7f0 b6db98576a6f40e4a0c82c1a94fe0d77 - - default default] Successfully bumped revision number for resource ee8a7177-0706-445f-abec-6235c4470912 (type: security_group_rules) to 0 [pid: 7|app: 0|req: 981/1746] 10.0.0.156 () {34 vars in 695 bytes} [Thu Jul 9 00:51:41 2026] POST /v2.0/security-group-rules => generated 601 bytes in 145 msecs (HTTP/1.1 201) 4 headers in 162 bytes (1 switches on core 0) [pid: 7|app: 0|req: 982/1747] 10.0.0.143 () {28 vars in 591 bytes} [Thu Jul 9 00:51:41 2026] GET /v2.0/subnetpools => generated 19 bytes in 7 msecs (HTTP/1.1 200) 4 headers in 156 bytes (1 switches on core 0)
2026-07-09 00:51:41.490 7 INFO neutron.db.securitygroups_db [None req-ccb80a39-6ca6-451e-a1d0-12c49451db8c d929c50892c54ec68f8bde6389c7e7f0 b6db98576a6f40e4a0c82c1a94fe0d77 - - default default] Project b6db98576a6f40e4a0c82c1a94fe0d77 added a security group rule with legacy IPv6 ICMP protocol name icmp, ipv6-icmp should be used instead. It was automatically converted.
2026-07-09 00:51:41.574 8 INFO neutron.db.ovn_revision_numbers_db [None req-753c627d-0169-40fb-9ffe-d9c44e1f114f b95b903ec19d47169d46f6aefefc1b6f b3d0559106194b6682c23833af9f4707 - - default default] Successfully bumped revision number for resource 799e07dc-f983-44d1-9374-4e38cdc9aa6e (type: ports) to 2
2026-07-09 00:51:41.584 7 INFO neutron.db.ovn_revision_numbers_db [None req-ccb80a39-6ca6-451e-a1d0-12c49451db8c d929c50892c54ec68f8bde6389c7e7f0 b6db98576a6f40e4a0c82c1a94fe0d77 - - default default] Successfully bumped revision number for resource ef7b34dd-d174-4bc9-aafb-267464856f5d (type: security_group_rules) to 0
2026-07-09 00:51:41.609 8 INFO neutron.db.ovn_revision_numbers_db [None req-753c627d-0169-40fb-9ffe-d9c44e1f114f b95b903ec19d47169d46f6aefefc1b6f b3d0559106194b6682c23833af9f4707 - - default default] Successfully bumped revision number for resource 795576f2-fe47-4001-be13-0908d593bc5c (type: subnets) to 0 [pid: 7|app: 0|req: 983/1748] 10.0.0.156 () {34 vars in 695 bytes} [Thu Jul 9 00:51:41 2026] POST /v2.0/security-group-rules => generated 607 bytes in 171 msecs (HTTP/1.1 201) 4 headers in 162 bytes (1 switches on core 0) [pid: 8|app: 0|req: 766/1749] 10.0.0.156 () {34 vars in 669 bytes} [Thu Jul 9 00:51:41 2026] POST /v2.0/subnets => generated 655 bytes in 621 msecs (HTTP/1.1 201) 4 headers in 162 bytes (1 switches on core 0) [pid: 7|app: 0|req: 984/1750] 10.0.0.143 () {28 vars in 591 bytes} [Thu Jul 9 00:51:41 2026] GET /v2.0/floatingips => generated 19 bytes in 26 msecs (HTTP/1.1 200) 4 headers in 156 bytes (1 switches on core 0) [pid: 8|app: 0|req: 767/1751] 10.0.0.152 () {34 vars in 1070 bytes} [Thu Jul 9 00:51:41 2026] GET /v2.0/ports?fields=security_groups&fields=device_id&device_id=56a982b4-f714-456e-9c46-837e1d241ba2 => generated 12 bytes in 19 msecs (HTTP/1.1 200) 4 headers in 156 bytes (1 switches on core 0)
2026-07-09 00:51:41.677 7 INFO neutron.db.securitygroups_db [None req-dd768a4b-6b99-4889-89b6-0658fb1f7a10 d929c50892c54ec68f8bde6389c7e7f0 b6db98576a6f40e4a0c82c1a94fe0d77 - - default default] Project b6db98576a6f40e4a0c82c1a94fe0d77 added a security group rule with legacy IPv6 ICMP protocol name icmp, ipv6-icmp should be used instead. It was automatically converted.
2026-07-09 00:51:41.756 7 INFO neutron.db.ovn_revision_numbers_db [None req-dd768a4b-6b99-4889-89b6-0658fb1f7a10 d929c50892c54ec68f8bde6389c7e7f0 b6db98576a6f40e4a0c82c1a94fe0d77 - - default default] Successfully bumped revision number for resource e3ed7abb-0b87-4fa9-9c5f-580db1202938 (type: security_group_rules) to 0 [pid: 7|app: 0|req: 985/1752] 10.0.0.156 () {34 vars in 695 bytes} [Thu Jul 9 00:51:41 2026] POST /v2.0/security-group-rules => generated 606 bytes in 139 msecs (HTTP/1.1 201) 4 headers in 162 bytes (1 switches on core 0)
2026-07-09 00:51:41.796 8 WARNING neutron.scheduler.dhcp_agent_scheduler [None req-bb194707-9bca-4514-8a6e-7ad318f3708b b95b903ec19d47169d46f6aefefc1b6f b3d0559106194b6682c23833af9f4707 - - default default] No more DHCP agents
2026-07-09 00:51:41.797 8 WARNING neutron.api.rpc.agentnotifiers.dhcp_rpc_agent_api [None req-bb194707-9bca-4514-8a6e-7ad318f3708b b95b903ec19d47169d46f6aefefc1b6f b3d0559106194b6682c23833af9f4707 - - default default] Unable to schedule network f1e96042-6536-4ed4-857d-43685babfd06: no agents available; will retry on subsequent port and subnet creation events.
2026-07-09 00:51:41.830 8 INFO neutron.db.ovn_revision_numbers_db [None req-bb194707-9bca-4514-8a6e-7ad318f3708b b95b903ec19d47169d46f6aefefc1b6f b3d0559106194b6682c23833af9f4707 - - default default] Successfully bumped revision number for resource e5f2d75e-24fc-4226-9615-b730bab81db9 (type: subnets) to 0 [pid: 8|app: 0|req: 768/1753] 10.0.0.156 () {34 vars in 669 bytes} [Thu Jul 9 00:51:41 2026] POST /v2.0/subnets => generated 730 bytes in 201 msecs (HTTP/1.1 201) 4 headers in 162 bytes (1 switches on core 0)
2026-07-09 00:51:42.197 7 WARNING neutron.scheduler.dhcp_agent_scheduler [None req-6ab1629e-0445-48b1-ab62-9a214fc9a899 b95b903ec19d47169d46f6aefefc1b6f b3d0559106194b6682c23833af9f4707 - - default default] No more DHCP agents
2026-07-09 00:51:42.199 7 WARNING neutron.api.rpc.agentnotifiers.dhcp_rpc_agent_api [None req-6ab1629e-0445-48b1-ab62-9a214fc9a899 b95b903ec19d47169d46f6aefefc1b6f b3d0559106194b6682c23833af9f4707 - - default default] Unable to schedule network 0b1d2e8a-7d5a-4f59-ac44-d69be8e5d881: no agents available; will retry on subsequent port and subnet creation events.
2026-07-09 00:51:42.338 7 INFO neutron.db.ovn_revision_numbers_db [None req-6ab1629e-0445-48b1-ab62-9a214fc9a899 b95b903ec19d47169d46f6aefefc1b6f b3d0559106194b6682c23833af9f4707 - - default default] Successfully bumped revision number for resource f22eeda5-701c-477e-8a41-86a1519307d5 (type: ports) to 1
2026-07-09 00:51:42.377 8 INFO neutron.db.ovn_revision_numbers_db [None req-ebe25b47-826a-4b29-85d8-9525e8ffc11a d929c50892c54ec68f8bde6389c7e7f0 b6db98576a6f40e4a0c82c1a94fe0d77 - - default default] Successfully bumped revision number for resource 118b098b-e57b-44ed-b251-7fc4c0471ed8 (type: security_groups) to 1
2026-07-09 00:51:42.389 8 INFO neutron.db.ovn_revision_numbers_db [None req-ebe25b47-826a-4b29-85d8-9525e8ffc11a d929c50892c54ec68f8bde6389c7e7f0 b6db98576a6f40e4a0c82c1a94fe0d77 - - default default] Successfully bumped revision number for resource 015f114e-f0b1-4365-9197-1ce53537f219 (type: security_group_rules) to 0
2026-07-09 00:51:42.405 8 INFO neutron.db.ovn_revision_numbers_db [None req-ebe25b47-826a-4b29-85d8-9525e8ffc11a d929c50892c54ec68f8bde6389c7e7f0 b6db98576a6f40e4a0c82c1a94fe0d77 - - default default] Successfully bumped revision number for resource 361a5551-4007-4ef6-b712-9bb2207c2715 (type: security_group_rules) to 0 [pid: 8|app: 0|req: 769/1754] 10.0.0.156 () {34 vars in 685 bytes} [Thu Jul 9 00:51:42 2026] POST /v2.0/security-groups => generated 1660 bytes in 191 msecs (HTTP/1.1 201) 4 headers in 163 bytes (1 switches on core 0)
2026-07-09 00:51:42.539 8 INFO neutron.db.ovn_revision_numbers_db [None req-f17d3e28-5cfd-4867-9801-11292cc991e9 d929c50892c54ec68f8bde6389c7e7f0 b6db98576a6f40e4a0c82c1a94fe0d77 - - default default] Successfully bumped revision number for resource 21a5734d-fc95-4768-ad1b-1e9b43595326 (type: security_group_rules) to 0 [pid: 8|app: 0|req: 770/1755] 10.0.0.156 () {34 vars in 695 bytes} [Thu Jul 9 00:51:42 2026] POST /v2.0/security-group-rules => generated 597 bytes in 128 msecs (HTTP/1.1 201) 4 headers in 162 bytes (1 switches on core 0)
2026-07-09 00:51:42.672 8 INFO neutron.db.ovn_revision_numbers_db [None req-712e480d-e493-42c4-b94b-d835125c17fb d929c50892c54ec68f8bde6389c7e7f0 b6db98576a6f40e4a0c82c1a94fe0d77 - - default default] Successfully bumped revision number for resource ad0a098e-76f9-409c-866c-379ef08c523d (type: security_group_rules) to 0 [pid: 8|app: 0|req: 771/1756] 10.0.0.156 () {34 vars in 695 bytes} [Thu Jul 9 00:51:42 2026] POST /v2.0/security-group-rules => generated 602 bytes in 127 msecs (HTTP/1.1 201) 4 headers in 162 bytes (1 switches on core 0)
2026-07-09 00:51:42.847 7 INFO neutron.db.ovn_revision_numbers_db [None req-6ab1629e-0445-48b1-ab62-9a214fc9a899 b95b903ec19d47169d46f6aefefc1b6f b3d0559106194b6682c23833af9f4707 - - default default] Successfully bumped revision number for resource f22eeda5-701c-477e-8a41-86a1519307d5 (type: router_ports) to 1
2026-07-09 00:51:42.922 7 INFO neutron.db.ovn_revision_numbers_db [None req-6ab1629e-0445-48b1-ab62-9a214fc9a899 b95b903ec19d47169d46f6aefefc1b6f b3d0559106194b6682c23833af9f4707 - - default default] Successfully bumped revision number for resource 5249c13b-1966-4bfb-80b3-4e05c7f17f94 (type: routers) to 2 [pid: 7|app: 0|req: 986/1757] 10.0.0.156 () {34 vars in 669 bytes} [Thu Jul 9 00:51:41 2026] POST /v2.0/routers => generated 966 bytes in 1090 msecs (HTTP/1.1 201) 4 headers in 162 bytes (1 switches on core 0)
2026-07-09 00:51:42.964 8 INFO neutron.plugins.ml2.drivers.ovn.mech_driver.ovsdb.ovsdb_monitor [None req-70caa39e-58c4-469a-add0-698be0b1b815 - - - - - -] Router 5249c13b-1966-4bfb-80b3-4e05c7f17f94 is bound to host instance [pid: 7|app: 0|req: 987/1758] 10.0.0.152 () {34 vars in 1070 bytes} [Thu Jul 9 00:51:42 2026] GET /v2.0/ports?fields=security_groups&fields=device_id&device_id=56a982b4-f714-456e-9c46-837e1d241ba2 => generated 12 bytes in 26 msecs (HTTP/1.1 200) 4 headers in 156 bytes (1 switches on core 0)
2026-07-09 00:51:43.098 8 WARNING neutron.scheduler.dhcp_agent_scheduler [None req-70d1c496-f3fd-4154-8bf4-920f2fcad45c d929c50892c54ec68f8bde6389c7e7f0 b6db98576a6f40e4a0c82c1a94fe0d77 - - default default] No more DHCP agents
2026-07-09 00:51:43.103 8 WARNING neutron.api.rpc.agentnotifiers.dhcp_rpc_agent_api [None req-70d1c496-f3fd-4154-8bf4-920f2fcad45c d929c50892c54ec68f8bde6389c7e7f0 b6db98576a6f40e4a0c82c1a94fe0d77 - - default default] Unable to schedule network 0b1d2e8a-7d5a-4f59-ac44-d69be8e5d881: no agents available; will retry on subsequent port and subnet creation events.
2026-07-09 00:51:43.243 7 INFO neutron.db.ovn_revision_numbers_db [None req-016c50eb-2102-4988-a14a-1401b7028a1e 57e886402902458db8b9cc78ccf13050 13771c68a8d24fbc9480e83649b121bd - - default default] Successfully bumped revision number for resource 4e53038e-84d5-40c3-9486-a4e3a76fba99 (type: security_groups) to 1
2026-07-09 00:51:43.257 7 INFO neutron.db.ovn_revision_numbers_db [None req-016c50eb-2102-4988-a14a-1401b7028a1e 57e886402902458db8b9cc78ccf13050 13771c68a8d24fbc9480e83649b121bd - - default default] Successfully bumped revision number for resource 05d1700e-c505-40ed-a9c5-909487a4720b (type: security_group_rules) to 0
2026-07-09 00:51:43.267 7 INFO neutron.db.ovn_revision_numbers_db [None req-016c50eb-2102-4988-a14a-1401b7028a1e 57e886402902458db8b9cc78ccf13050 13771c68a8d24fbc9480e83649b121bd - - default default] Successfully bumped revision number for resource 497b7ba1-8572-464e-8796-d0447ce592ef (type: security_group_rules) to 0
2026-07-09 00:51:43.281 7 INFO neutron.db.ovn_revision_numbers_db [None req-016c50eb-2102-4988-a14a-1401b7028a1e 57e886402902458db8b9cc78ccf13050 13771c68a8d24fbc9480e83649b121bd - - default default] Successfully bumped revision number for resource d6be7104-5a65-4b89-b5c3-f2d31eb7248e (type: security_group_rules) to 0
2026-07-09 00:51:43.291 7 INFO neutron.db.ovn_revision_numbers_db [None req-016c50eb-2102-4988-a14a-1401b7028a1e 57e886402902458db8b9cc78ccf13050 13771c68a8d24fbc9480e83649b121bd - - default default] Successfully bumped revision number for resource db9aa65c-519e-4f14-ae66-bbe07c4f3c9f (type: security_group_rules) to 0
2026-07-09 00:51:43.379 7 INFO neutron.db.segments_db [None req-016c50eb-2102-4988-a14a-1401b7028a1e 57e886402902458db8b9cc78ccf13050 13771c68a8d24fbc9480e83649b121bd - - default default] Added segment 08bf182f-b4ae-4abe-b457-7d5753200f36 of type geneve for network 435980cb-bdbe-43af-a62d-dd47ef689e82
2026-07-09 00:51:43.495 7 INFO neutron.db.ovn_revision_numbers_db [None req-016c50eb-2102-4988-a14a-1401b7028a1e 57e886402902458db8b9cc78ccf13050 13771c68a8d24fbc9480e83649b121bd - - default default] Successfully bumped revision number for resource 435980cb-bdbe-43af-a62d-dd47ef689e82 (type: networks) to 1
2026-07-09 00:51:43.661 7 WARNING neutron.scheduler.dhcp_agent_scheduler [None req-016c50eb-2102-4988-a14a-1401b7028a1e 57e886402902458db8b9cc78ccf13050 13771c68a8d24fbc9480e83649b121bd - - default default] No more DHCP agents
2026-07-09 00:51:43.662 7 WARNING neutron.api.rpc.agentnotifiers.dhcp_rpc_agent_api [None req-016c50eb-2102-4988-a14a-1401b7028a1e 57e886402902458db8b9cc78ccf13050 13771c68a8d24fbc9480e83649b121bd - - default default] Unable to schedule network 435980cb-bdbe-43af-a62d-dd47ef689e82: no agents available; will retry on subsequent port and subnet creation events. [pid: 8|app: 0|req: 772/1759] 10.0.0.156 () {34 vars in 676 bytes} [Thu Jul 9 00:51:42 2026] POST /v2.0/floatingips => generated 552 bytes in 981 msecs (HTTP/1.1 201) 4 headers in 162 bytes (1 switches on core 0)
2026-07-09 00:51:43.738 7 INFO neutron.db.ovn_revision_numbers_db [None req-016c50eb-2102-4988-a14a-1401b7028a1e 57e886402902458db8b9cc78ccf13050 13771c68a8d24fbc9480e83649b121bd - - default default] Successfully bumped revision number for resource 8784683c-834e-44dc-8c9a-e253349acb66 (type: ports) to 1 [pid: 7|app: 0|req: 988/1760] 10.0.0.156 () {34 vars in 670 bytes} [Thu Jul 9 00:51:42 2026] POST /v2.0/networks => generated 672 bytes in 789 msecs (HTTP/1.1 201) 4 headers in 162 bytes (1 switches on core 0)
2026-07-09 00:51:43.766 7 WARNING neutron.db.securitygroups_db [req-3c6bca02-3afa-4bfe-a54d-b4c129a101c9 req-d15936f6-8cf4-4fe1-8eb9-a98c0377b6f7 d929c50892c54ec68f8bde6389c7e7f0 b6db98576a6f40e4a0c82c1a94fe0d77 - - default default] project_id key not found in filters, using tenant_id instead. This support has been deprecated and will be removed in a future release. [pid: 7|app: 0|req: 989/1761] 10.0.0.152 () {34 vars in 1098 bytes} [Thu Jul 9 00:51:43 2026] GET /v2.0/security-groups?name=tempest-secgroup-smoke-347138161&fields=id&tenant_id=b6db98576a6f40e4a0c82c1a94fe0d77 => generated 69 bytes in 28 msecs (HTTP/1.1 200) 4 headers in 156 bytes (1 switches on core 0)
2026-07-09 00:51:43.889 7 INFO neutron.db.segments_db [None req-ebc066c1-2403-49e4-8a23-70af678a5cbf 57e886402902458db8b9cc78ccf13050 13771c68a8d24fbc9480e83649b121bd - - default default] Added segment 20b3e921-6ddc-4779-9147-25b42639a968 of type geneve for network 0371f4cc-7343-464b-8127-3c101119651c
2026-07-09 00:51:44.015 7 INFO neutron.db.ovn_revision_numbers_db [None req-ebc066c1-2403-49e4-8a23-70af678a5cbf 57e886402902458db8b9cc78ccf13050 13771c68a8d24fbc9480e83649b121bd - - default default] Successfully bumped revision number for resource 0371f4cc-7343-464b-8127-3c101119651c (type: networks) to 1
2026-07-09 00:51:44.167 7 WARNING neutron.plugins.ml2.drivers.ovn.mech_driver.ovsdb.ovn_client [None req-ff9b12a9-13a4-45df-8d57-5c1e90451c90 - - - - - -] No hosting information found for port d11a3465-4e0d-4819-a84a-cfd6e0bc58ac: RuntimeError: No hosting information found for port d11a3465-4e0d-4819-a84a-cfd6e0bc58ac
2026-07-09 00:51:44.177 7 WARNING neutron.scheduler.dhcp_agent_scheduler [None req-ebc066c1-2403-49e4-8a23-70af678a5cbf 57e886402902458db8b9cc78ccf13050 13771c68a8d24fbc9480e83649b121bd - - default default] No more DHCP agents
2026-07-09 00:51:44.179 7 WARNING neutron.api.rpc.agentnotifiers.dhcp_rpc_agent_api [None req-ebc066c1-2403-49e4-8a23-70af678a5cbf 57e886402902458db8b9cc78ccf13050 13771c68a8d24fbc9480e83649b121bd - - default default] Unable to schedule network 0371f4cc-7343-464b-8127-3c101119651c: no agents available; will retry on subsequent port and subnet creation events.
2026-07-09 00:51:44.218 7 INFO neutron.common.ovn.utils [None req-ff9b12a9-13a4-45df-8d57-5c1e90451c90 - - - - - -] HA Chassis Group neutron-15a2cc69-a636-483c-8402-07ca3e7e04e8 synchronized; highest priority chassis d2fef8b7-4fd5-43e0-a583-715e7404e49d
2026-07-09 00:51:44.297 7 INFO neutron.db.ovn_revision_numbers_db [None req-ebc066c1-2403-49e4-8a23-70af678a5cbf 57e886402902458db8b9cc78ccf13050 13771c68a8d24fbc9480e83649b121bd - - default default] Successfully bumped revision number for resource 4e2a9dfd-8d18-4ada-bb05-c3b78ba583d2 (type: ports) to 1 [pid: 7|app: 0|req: 990/1762] 10.0.0.156 () {34 vars in 670 bytes} [Thu Jul 9 00:51:43 2026] POST /v2.0/networks => generated 672 bytes in 565 msecs (HTTP/1.1 201) 4 headers in 162 bytes (1 switches on core 0)
2026-07-09 00:51:44.362 7 WARNING neutron.db.securitygroups_db [req-3c6bca02-3afa-4bfe-a54d-b4c129a101c9 req-35110345-418b-49de-9c20-fb8bda00edcf d929c50892c54ec68f8bde6389c7e7f0 b6db98576a6f40e4a0c82c1a94fe0d77 - - default default] project_id key not found in filters, using tenant_id instead. This support has been deprecated and will be removed in a future release.
2026-07-09 00:51:44.363 7 INFO neutron.db.ovn_revision_numbers_db [None req-ff9b12a9-13a4-45df-8d57-5c1e90451c90 - - - - - -] Successfully bumped revision number for resource d11a3465-4e0d-4819-a84a-cfd6e0bc58ac (type: router_ports) to 2
2026-07-09 00:51:44.363 7 INFO neutron.plugins.ml2.drivers.ovn.mech_driver.mech_driver [None req-ff9b12a9-13a4-45df-8d57-5c1e90451c90 - - - - - -] OVN reports status down for port: 08ba9dc4-9f87-4646-b5c7-c44f2b0af5f2 [pid: 7|app: 0|req: 991/1763] 10.0.0.152 () {34 vars in 1098 bytes} [Thu Jul 9 00:51:44 2026] GET /v2.0/security-groups?name=tempest-securitygroup--241561368&fields=id&tenant_id=b6db98576a6f40e4a0c82c1a94fe0d77 => generated 69 bytes in 48 msecs (HTTP/1.1 200) 4 headers in 156 bytes (1 switches on core 0) [pid: 7|app: 0|req: 992/1764] 10.0.0.152 () {34 vars in 1070 bytes} [Thu Jul 9 00:51:44 2026] GET /v2.0/ports?fields=security_groups&fields=device_id&device_id=56a982b4-f714-456e-9c46-837e1d241ba2 => generated 12 bytes in 24 msecs (HTTP/1.1 200) 4 headers in 156 bytes (1 switches on core 0)
2026-07-09 00:51:44.583 8 INFO neutron.db.ovn_revision_numbers_db [None req-65b6b2d6-8260-4df8-bc28-433b5d1a01c0 - - - - - -] Successfully bumped revision number for resource f22eeda5-701c-477e-8a41-86a1519307d5 (type: ports) to 4
2026-07-09 00:51:44.697 8 WARNING neutron.scheduler.dhcp_agent_scheduler [None req-a30d015f-84f4-4dfb-a8b1-8fa0900b6c38 b95b903ec19d47169d46f6aefefc1b6f b3d0559106194b6682c23833af9f4707 - - default default] No more DHCP agents
2026-07-09 00:51:44.700 8 WARNING neutron.api.rpc.agentnotifiers.dhcp_rpc_agent_api [None req-a30d015f-84f4-4dfb-a8b1-8fa0900b6c38 b95b903ec19d47169d46f6aefefc1b6f b3d0559106194b6682c23833af9f4707 - - default default] Unable to schedule network 0365fd9b-8c5a-4bae-a4a8-8243399007d8: no agents available; will retry on subsequent port and subnet creation events.
2026-07-09 00:51:44.753 7 WARNING neutron.scheduler.dhcp_agent_scheduler [None req-8e83f40d-3f45-4a33-9272-bf831ac0790a 57e886402902458db8b9cc78ccf13050 13771c68a8d24fbc9480e83649b121bd - - default default] No more DHCP agents
2026-07-09 00:51:44.756 7 WARNING neutron.api.rpc.agentnotifiers.dhcp_rpc_agent_api [None req-8e83f40d-3f45-4a33-9272-bf831ac0790a 57e886402902458db8b9cc78ccf13050 13771c68a8d24fbc9480e83649b121bd - - default default] Unable to schedule network 435980cb-bdbe-43af-a62d-dd47ef689e82: no agents available; will retry on subsequent port and subnet creation events.
2026-07-09 00:51:44.835 7 INFO neutron.db.ovn_revision_numbers_db [None req-8e83f40d-3f45-4a33-9272-bf831ac0790a 57e886402902458db8b9cc78ccf13050 13771c68a8d24fbc9480e83649b121bd - - default default] Successfully bumped revision number for resource 5cab285f-86e3-4ac4-ba55-6ce6295ee551 (type: subnets) to 0 [pid: 7|app: 0|req: 993/1765] 10.0.0.156 () {34 vars in 669 bytes} [Thu Jul 9 00:51:44 2026] POST /v2.0/subnets => generated 646 bytes in 437 msecs (HTTP/1.1 201) 4 headers in 162 bytes (1 switches on core 0)
2026-07-09 00:51:44.950 8 INFO neutron.db.ovn_revision_numbers_db [None req-a30d015f-84f4-4dfb-a8b1-8fa0900b6c38 b95b903ec19d47169d46f6aefefc1b6f b3d0559106194b6682c23833af9f4707 - - default default] Successfully bumped revision number for resource ea84658e-beb9-4529-9ae2-f43580c218bb (type: ports) to 1
2026-07-09 00:51:44.959 7 INFO neutron.db.ovn_revision_numbers_db [None req-ff9b12a9-13a4-45df-8d57-5c1e90451c90 - - - - - -] Successfully bumped revision number for resource 08ba9dc4-9f87-4646-b5c7-c44f2b0af5f2 (type: ports) to 6 [pid: 7|app: 0|req: 994/1766] 10.0.0.152 () {34 vars in 982 bytes} [Thu Jul 9 00:51:44 2026] GET /v2.0/networks?id=1f24ddf6-2a1c-42bb-9350-ac062d3345eb => generated 711 bytes in 108 msecs (HTTP/1.1 200) 4 headers in 157 bytes (1 switches on core 0) [pid: 7|app: 0|req: 997/1769] 199.204.45.177 () {34 vars in 986 bytes} [Thu Jul 9 00:51:44 2026] GET /v2.0/networks?id=15a2cc69-a636-483c-8402-07ca3e7e04e8 => generated 710 bytes in 57 msecs (HTTP/1.1 200) 4 headers in 157 bytes (1 switches on core 0)
2026-07-09 00:51:45.077 7 WARNING neutron.plugins.ml2.drivers.ovn.mech_driver.ovsdb.ovn_client [None req-db495383-77ee-4d18-af08-6c629008c2e3 - - - - - -] Logical_Switch_Port 08ba9dc4-9f87-4646-b5c7-c44f2b0af5f2 host information not removed, the port state is up
2026-07-09 00:51:45.078 7 INFO neutron.plugins.ml2.drivers.ovn.mech_driver.mech_driver [None req-db495383-77ee-4d18-af08-6c629008c2e3 - - - - - -] OVN reports status up for port: 08ba9dc4-9f87-4646-b5c7-c44f2b0af5f2
2026-07-09 00:51:45.097 7 INFO neutron.plugins.ml2.plugin [None req-db495383-77ee-4d18-af08-6c629008c2e3 - - - - - -] Attempt 1 to provision port 08ba9dc4-9f87-4646-b5c7-c44f2b0af5f2
2026-07-09 00:51:45.160 8 INFO neutron.db.ovn_revision_numbers_db [None req-65b6b2d6-8260-4df8-bc28-433b5d1a01c0 - - - - - -] Successfully bumped revision number for resource f22eeda5-701c-477e-8a41-86a1519307d5 (type: ports) to 5
2026-07-09 00:51:45.317 7 WARNING neutron.scheduler.dhcp_agent_scheduler [None req-e7fdbbf0-9201-4305-af9e-eda1d52ec597 57e886402902458db8b9cc78ccf13050 13771c68a8d24fbc9480e83649b121bd - - default default] No more DHCP agents
2026-07-09 00:51:45.318 7 WARNING neutron.api.rpc.agentnotifiers.dhcp_rpc_agent_api [None req-e7fdbbf0-9201-4305-af9e-eda1d52ec597 57e886402902458db8b9cc78ccf13050 13771c68a8d24fbc9480e83649b121bd - - default default] Unable to schedule network 0371f4cc-7343-464b-8127-3c101119651c: no agents available; will retry on subsequent port and subnet creation events.
2026-07-09 00:51:45.360 7 INFO neutron.db.ovn_revision_numbers_db [None req-e7fdbbf0-9201-4305-af9e-eda1d52ec597 57e886402902458db8b9cc78ccf13050 13771c68a8d24fbc9480e83649b121bd - - default default] Successfully bumped revision number for resource 1737a7eb-28d8-4282-a92e-7781d76d449d (type: subnets) to 0 [pid: 7|app: 0|req: 998/1770] 10.0.0.156 () {34 vars in 669 bytes} [Thu Jul 9 00:51:45 2026] POST /v2.0/subnets => generated 655 bytes in 346 msecs (HTTP/1.1 201) 4 headers in 162 bytes (1 switches on core 0) [pid: 7|app: 0|req: 999/1771] 10.0.0.152 () {34 vars in 965 bytes} [Thu Jul 9 00:51:45 2026] GET /v2.0/quotas/b6db98576a6f40e4a0c82c1a94fe0d77 => generated 312 bytes in 22 msecs (HTTP/1.1 200) 4 headers in 157 bytes (1 switches on core 0)
2026-07-09 00:51:45.570 8 WARNING neutron.plugins.ml2.drivers.ovn.mech_driver.ovsdb.ovn_client [None req-7546f16e-fe49-4221-a00b-3ffa64d776cf - - - - - -] No hosting information found for port 7a7477d5-1728-415a-ac76-c2d156768282: RuntimeError: No hosting information found for port 7a7477d5-1728-415a-ac76-c2d156768282
2026-07-09 00:51:45.632 7 INFO neutron.db.ovn_revision_numbers_db [None req-db495383-77ee-4d18-af08-6c629008c2e3 - - - - - -] Successfully bumped revision number for resource 08ba9dc4-9f87-4646-b5c7-c44f2b0af5f2 (type: ports) to 7
2026-07-09 00:51:45.654 8 INFO neutron.common.ovn.utils [None req-7546f16e-fe49-4221-a00b-3ffa64d776cf - - - - - -] HA Chassis Group neutron-a703f44c-8a30-4c00-9ff0-9079001e4f63 synchronized; highest priority chassis d2fef8b7-4fd5-43e0-a583-715e7404e49d
2026-07-09 00:51:45.817 8 INFO neutron.db.ovn_revision_numbers_db [None req-7546f16e-fe49-4221-a00b-3ffa64d776cf - - - - - -] Successfully bumped revision number for resource 7a7477d5-1728-415a-ac76-c2d156768282 (type: router_ports) to 2
2026-07-09 00:51:45.923 7 INFO neutron.plugins.ml2.drivers.ovn.mech_driver.mech_driver [None req-ad39eb58-5adf-4c49-9291-e919fff8213d - - - - - -] OVN reports status down for port: 799e07dc-f983-44d1-9374-4e38cdc9aa6e
2026-07-09 00:51:45.930 8 INFO neutron.plugins.ml2.drivers.ovn.mech_driver.mech_driver [None req-7546f16e-fe49-4221-a00b-3ffa64d776cf - - - - - -] OVN reports status down for port: ea84658e-beb9-4529-9ae2-f43580c218bb
2026-07-09 00:51:45.942 7 WARNING neutron.scheduler.dhcp_agent_scheduler [req-050c0fe4-d44d-46d1-b8b1-9ebd37d6b6af req-6407db0f-23fd-4bd0-8232-03487532b584 01c6d78f6ba14b9a86966d3bb615e5d9 77182c8f31394d97b4fb1bb95c4b7fa1 - - default default] No more DHCP agents
2026-07-09 00:51:45.944 7 WARNING neutron.api.rpc.agentnotifiers.dhcp_rpc_agent_api [req-050c0fe4-d44d-46d1-b8b1-9ebd37d6b6af req-6407db0f-23fd-4bd0-8232-03487532b584 01c6d78f6ba14b9a86966d3bb615e5d9 77182c8f31394d97b4fb1bb95c4b7fa1 - - default default] Unable to schedule network 15a2cc69-a636-483c-8402-07ca3e7e04e8: no agents available; will retry on subsequent port and subnet creation events.
2026-07-09 00:51:46.047 7 INFO neutron.plugins.ml2.drivers.ovn.mech_driver.mech_driver [None req-ad39eb58-5adf-4c49-9291-e919fff8213d - - - - - -] OVN reports status down for port: f22eeda5-701c-477e-8a41-86a1519307d5
2026-07-09 00:51:46.049 8 WARNING neutron.plugins.ml2.drivers.ovn.mech_driver.ovsdb.ovn_client [None req-7546f16e-fe49-4221-a00b-3ffa64d776cf - - - - - -] Logical_Switch_Port ea84658e-beb9-4529-9ae2-f43580c218bb host information not removed, the port state is up
2026-07-09 00:51:46.050 8 INFO neutron.plugins.ml2.drivers.ovn.mech_driver.mech_driver [None req-7546f16e-fe49-4221-a00b-3ffa64d776cf - - - - - -] OVN reports status up for port: ea84658e-beb9-4529-9ae2-f43580c218bb
2026-07-09 00:51:46.074 8 INFO neutron.plugins.ml2.plugin [None req-7546f16e-fe49-4221-a00b-3ffa64d776cf - - - - - -] Attempt 1 to provision port ea84658e-beb9-4529-9ae2-f43580c218bb
2026-07-09 00:51:46.111 8 WARNING neutron.scheduler.dhcp_agent_scheduler [None req-a30d015f-84f4-4dfb-a8b1-8fa0900b6c38 b95b903ec19d47169d46f6aefefc1b6f b3d0559106194b6682c23833af9f4707 - - default default] No more DHCP agents
2026-07-09 00:51:46.134 8 WARNING neutron.api.rpc.agentnotifiers.dhcp_rpc_agent_api [None req-a30d015f-84f4-4dfb-a8b1-8fa0900b6c38 b95b903ec19d47169d46f6aefefc1b6f b3d0559106194b6682c23833af9f4707 - - default default] Unable to schedule network 0365fd9b-8c5a-4bae-a4a8-8243399007d8: no agents available; will retry on subsequent port and subnet creation events.
2026-07-09 00:51:46.197 7 INFO neutron.db.ovn_revision_numbers_db [req-050c0fe4-d44d-46d1-b8b1-9ebd37d6b6af req-6407db0f-23fd-4bd0-8232-03487532b584 01c6d78f6ba14b9a86966d3bb615e5d9 77182c8f31394d97b4fb1bb95c4b7fa1 - - default default] Successfully bumped revision number for resource d09773ee-3335-40ed-b5ca-562691ae7f48 (type: ports) to 1 [pid: 7|app: 0|req: 1000/1772] 199.204.45.177 () {38 vars in 955 bytes} [Thu Jul 9 00:51:45 2026] POST /v2.0/ports => generated 954 bytes in 845 msecs (HTTP/1.1 201) 4 headers in 162 bytes (1 switches on core 0) /var/lib/openstack/lib/python3.12/site-packages/pycadf/identifier.py:70: UserWarning: Invalid uuid: neutron. To ensure interoperability, identifiers should be a valid uuid. warnings.warn(('Invalid uuid: %s. To ensure interoperability, '
2026-07-09 00:51:46.419 7 INFO neutron.db.ovn_revision_numbers_db [None req-1316113b-dd66-4e33-b9ab-7d1e73734e0f 57e886402902458db8b9cc78ccf13050 13771c68a8d24fbc9480e83649b121bd - - default default] Successfully bumped revision number for resource 53954181-fc03-4d4e-8d54-7a90917f2312 (type: routers) to 1 [pid: 7|app: 0|req: 1001/1773] 10.0.0.156 () {34 vars in 669 bytes} [Thu Jul 9 00:51:46 2026] POST /v2.0/routers => generated 627 bytes in 203 msecs (HTTP/1.1 201) 4 headers in 162 bytes (1 switches on core 0) [pid: 7|app: 0|req: 1002/1774] 10.0.0.152 () {34 vars in 1002 bytes} [Thu Jul 9 00:51:46 2026] GET /v2.0/ports?tenant_id=b6db98576a6f40e4a0c82c1a94fe0d77&fields=id => generated 103 bytes in 160 msecs (HTTP/1.1 200) 4 headers in 157 bytes (1 switches on core 0)
2026-07-09 00:51:46.629 7 INFO neutron.db.ovn_revision_numbers_db [None req-ad39eb58-5adf-4c49-9291-e919fff8213d - - - - - -] Successfully bumped revision number for resource f22eeda5-701c-477e-8a41-86a1519307d5 (type: ports) to 6
2026-07-09 00:51:46.642 8 INFO neutron.db.ovn_revision_numbers_db [None req-a30d015f-84f4-4dfb-a8b1-8fa0900b6c38 b95b903ec19d47169d46f6aefefc1b6f b3d0559106194b6682c23833af9f4707 - - default default] Successfully bumped revision number for resource ea84658e-beb9-4529-9ae2-f43580c218bb (type: router_ports) to 1 [pid: 8|app: 0|req: 773/1775] 10.0.0.156 () {34 vars in 783 bytes} [Thu Jul 9 00:51:43 2026] PUT /v2.0/routers/5249c13b-1966-4bfb-80b3-4e05c7f17f94/add_router_interface => generated 310 bytes in 2959 msecs (HTTP/1.1 200) 4 headers in 157 bytes (1 switches on core 0) [pid: 7|app: 0|req: 1003/1776] 10.0.0.152 () {34 vars in 1070 bytes} [Thu Jul 9 00:51:46 2026] GET /v2.0/ports?fields=security_groups&fields=device_id&device_id=56a982b4-f714-456e-9c46-837e1d241ba2 => generated 123 bytes in 58 msecs (HTTP/1.1 200) 4 headers in 157 bytes (1 switches on core 0)
2026-07-09 00:51:46.794 7 WARNING neutron.plugins.ml2.drivers.ovn.mech_driver.ovsdb.ovn_client [None req-b6f0523a-f327-4066-9fbd-4dab6cdab1db - - - - - -] Logical_Switch_Port f22eeda5-701c-477e-8a41-86a1519307d5 host information not removed, the port state is up
2026-07-09 00:51:46.794 7 INFO neutron.plugins.ml2.drivers.ovn.mech_driver.mech_driver [None req-b6f0523a-f327-4066-9fbd-4dab6cdab1db - - - - - -] OVN reports status up for port: f22eeda5-701c-477e-8a41-86a1519307d5
2026-07-09 00:51:46.813 7 INFO neutron.plugins.ml2.plugin [None req-b6f0523a-f327-4066-9fbd-4dab6cdab1db - - - - - -] Attempt 1 to provision port f22eeda5-701c-477e-8a41-86a1519307d5
2026-07-09 00:51:46.878 8 INFO neutron.db.ovn_revision_numbers_db [None req-7546f16e-fe49-4221-a00b-3ffa64d776cf - - - - - -] Successfully bumped revision number for resource ea84658e-beb9-4529-9ae2-f43580c218bb (type: ports) to 2
2026-07-09 00:51:47.192 8 INFO neutron.db.ovn_revision_numbers_db [req-050c0fe4-d44d-46d1-b8b1-9ebd37d6b6af req-1d92d23d-0a22-431b-a68d-a0da8757d1a7 41d3cdbf0f5d48519088bafc9925c48b a07946b5dc994213bfd2f2e6e4800f03 - - 1d814b37a6cf4476958a24ae46097d2e 1d814b37a6cf4476958a24ae46097d2e] Successfully bumped revision number for resource d09773ee-3335-40ed-b5ca-562691ae7f48 (type: ports) to 2
2026-07-09 00:51:47.246 7 WARNING neutron.scheduler.dhcp_agent_scheduler [None req-5df307d4-8538-4faf-b6d9-8a0b4737cc13 57e886402902458db8b9cc78ccf13050 13771c68a8d24fbc9480e83649b121bd - - default default] No more DHCP agents
2026-07-09 00:51:47.249 7 WARNING neutron.api.rpc.agentnotifiers.dhcp_rpc_agent_api [None req-5df307d4-8538-4faf-b6d9-8a0b4737cc13 57e886402902458db8b9cc78ccf13050 13771c68a8d24fbc9480e83649b121bd - - default default] Unable to schedule network 435980cb-bdbe-43af-a62d-dd47ef689e82: no agents available; will retry on subsequent port and subnet creation events.
2026-07-09 00:51:47.401 7 INFO neutron.db.ovn_revision_numbers_db [None req-b6f0523a-f327-4066-9fbd-4dab6cdab1db - - - - - -] Successfully bumped revision number for resource f22eeda5-701c-477e-8a41-86a1519307d5 (type: ports) to 7
2026-07-09 00:51:47.424 7 INFO neutron.db.ovn_revision_numbers_db [None req-5df307d4-8538-4faf-b6d9-8a0b4737cc13 57e886402902458db8b9cc78ccf13050 13771c68a8d24fbc9480e83649b121bd - - default default] Successfully bumped revision number for resource b32d89cb-bbd1-4f4e-8094-f3fae2d15754 (type: ports) to 1
2026-07-09 00:51:47.443 8 INFO neutron.db.ovn_revision_numbers_db [req-050c0fe4-d44d-46d1-b8b1-9ebd37d6b6af req-1d92d23d-0a22-431b-a68d-a0da8757d1a7 41d3cdbf0f5d48519088bafc9925c48b a07946b5dc994213bfd2f2e6e4800f03 - - 1d814b37a6cf4476958a24ae46097d2e 1d814b37a6cf4476958a24ae46097d2e] Successfully bumped revision number for resource d09773ee-3335-40ed-b5ca-562691ae7f48 (type: ports) to 4 [pid: 8|app: 0|req: 774/1777] 199.204.45.177 () {38 vars in 1028 bytes} [Thu Jul 9 00:51:46 2026] PUT /v2.0/ports/d09773ee-3335-40ed-b5ca-562691ae7f48 => generated 1226 bytes in 817 msecs (HTTP/1.1 200) 4 headers in 158 bytes (1 switches on core 0) /var/lib/openstack/lib/python3.12/site-packages/pycadf/identifier.py:70: UserWarning: Invalid uuid: neutron. To ensure interoperability, identifiers should be a valid uuid. warnings.warn(('Invalid uuid: %s. To ensure interoperability, ' [pid: 8|app: 0|req: 775/1778] 10.0.0.152 () {34 vars in 1008 bytes} [Thu Jul 9 00:51:47 2026] GET /v2.0/networks/1f24ddf6-2a1c-42bb-9350-ac062d3345eb?fields=segments => generated 14 bytes in 47 msecs (HTTP/1.1 200) 4 headers in 156 bytes (1 switches on core 0)
2026-07-09 00:51:48.008 8 WARNING neutron.scheduler.dhcp_agent_scheduler [None req-dabe1c48-bbce-471c-a7fe-4ef978156d0b b95b903ec19d47169d46f6aefefc1b6f b3d0559106194b6682c23833af9f4707 - - default default] No more DHCP agents
2026-07-09 00:51:48.014 8 WARNING neutron.api.rpc.agentnotifiers.dhcp_rpc_agent_api [None req-dabe1c48-bbce-471c-a7fe-4ef978156d0b b95b903ec19d47169d46f6aefefc1b6f b3d0559106194b6682c23833af9f4707 - - default default] Unable to schedule network c1a9b5af-371b-4701-b67a-3b7638d24764: no agents available; will retry on subsequent port and subnet creation events.
2026-07-09 00:51:48.087 7 INFO neutron.plugins.ml2.drivers.ovn.mech_driver.mech_driver [None req-bedfe577-9b54-4cce-94f2-f23f90398b2b - - - - - -] OVN reports status down for port: 8784683c-834e-44dc-8c9a-e253349acb66
2026-07-09 00:51:48.161 8 INFO neutron.db.ovn_revision_numbers_db [None req-dabe1c48-bbce-471c-a7fe-4ef978156d0b b95b903ec19d47169d46f6aefefc1b6f b3d0559106194b6682c23833af9f4707 - - default default] Successfully bumped revision number for resource 3d68951b-a4e6-45e6-830f-8f5ca7418fa9 (type: ports) to 1
2026-07-09 00:51:48.212 7 INFO neutron.plugins.ml2.drivers.ovn.mech_driver.mech_driver [None req-bedfe577-9b54-4cce-94f2-f23f90398b2b - - - - - -] OVN reports status down for port: 4e2a9dfd-8d18-4ada-bb05-c3b78ba583d2
2026-07-09 00:51:48.325 7 INFO neutron.plugins.ml2.drivers.ovn.mech_driver.mech_driver [None req-bedfe577-9b54-4cce-94f2-f23f90398b2b - - - - - -] OVN reports status down for port: d09773ee-3335-40ed-b5ca-562691ae7f48
2026-07-09 00:51:48.421 7 INFO neutron.plugins.ml2.drivers.ovn.mech_driver.mech_driver [None req-bedfe577-9b54-4cce-94f2-f23f90398b2b - - - - - -] OVN reports status down for port: b32d89cb-bbd1-4f4e-8094-f3fae2d15754
2026-07-09 00:51:48.578 7 INFO neutron.plugins.ml2.drivers.ovn.mech_driver.mech_driver [None req-bedfe577-9b54-4cce-94f2-f23f90398b2b - - - - - -] OVN reports status up for port: b32d89cb-bbd1-4f4e-8094-f3fae2d15754
2026-07-09 00:51:48.608 7 INFO neutron.plugins.ml2.plugin [None req-bedfe577-9b54-4cce-94f2-f23f90398b2b - - - - - -] Attempt 1 to provision port b32d89cb-bbd1-4f4e-8094-f3fae2d15754
2026-07-09 00:51:48.700 7 WARNING neutron.scheduler.dhcp_agent_scheduler [None req-5df307d4-8538-4faf-b6d9-8a0b4737cc13 57e886402902458db8b9cc78ccf13050 13771c68a8d24fbc9480e83649b121bd - - default default] No more DHCP agents
2026-07-09 00:51:48.703 7 WARNING neutron.api.rpc.agentnotifiers.dhcp_rpc_agent_api [None req-5df307d4-8538-4faf-b6d9-8a0b4737cc13 57e886402902458db8b9cc78ccf13050 13771c68a8d24fbc9480e83649b121bd - - default default] Unable to schedule network 435980cb-bdbe-43af-a62d-dd47ef689e82: no agents available; will retry on subsequent port and subnet creation events.
2026-07-09 00:51:48.907 8 WARNING neutron.scheduler.dhcp_agent_scheduler [None req-dabe1c48-bbce-471c-a7fe-4ef978156d0b b95b903ec19d47169d46f6aefefc1b6f b3d0559106194b6682c23833af9f4707 - - default default] No more DHCP agents
2026-07-09 00:51:48.909 8 WARNING neutron.api.rpc.agentnotifiers.dhcp_rpc_agent_api [None req-dabe1c48-bbce-471c-a7fe-4ef978156d0b b95b903ec19d47169d46f6aefefc1b6f b3d0559106194b6682c23833af9f4707 - - default default] Unable to schedule network c1a9b5af-371b-4701-b67a-3b7638d24764: no agents available; will retry on subsequent port and subnet creation events.
2026-07-09 00:51:49.140 7 INFO neutron.db.ovn_revision_numbers_db [None req-5df307d4-8538-4faf-b6d9-8a0b4737cc13 57e886402902458db8b9cc78ccf13050 13771c68a8d24fbc9480e83649b121bd - - default default] Successfully bumped revision number for resource b32d89cb-bbd1-4f4e-8094-f3fae2d15754 (type: router_ports) to 1 [pid: 7|app: 0|req: 1004/1779] 10.0.0.156 () {34 vars in 783 bytes} [Thu Jul 9 00:51:46 2026] PUT /v2.0/routers/53954181-fc03-4d4e-8d54-7a90917f2312/add_router_interface => generated 310 bytes in 2475 msecs (HTTP/1.1 200) 4 headers in 157 bytes (1 switches on core 0) [pid: 7|app: 0|req: 1005/1780] 10.0.0.152 () {34 vars in 1040 bytes} [Thu Jul 9 00:51:49 2026] GET /v2.0/security-groups?id=e9fbb501-8a56-43f8-b992-39dd4615083a&fields=id&fields=name => generated 88 bytes in 85 msecs (HTTP/1.1 200) 4 headers in 156 bytes (1 switches on core 0)
2026-07-09 00:51:49.243 8 INFO neutron.db.ovn_revision_numbers_db [None req-dabe1c48-bbce-471c-a7fe-4ef978156d0b b95b903ec19d47169d46f6aefefc1b6f b3d0559106194b6682c23833af9f4707 - - default default] Successfully bumped revision number for resource 3d68951b-a4e6-45e6-830f-8f5ca7418fa9 (type: router_ports) to 1 [pid: 8|app: 0|req: 776/1781] 10.0.0.156 () {34 vars in 783 bytes} [Thu Jul 9 00:51:47 2026] PUT /v2.0/routers/5249c13b-1966-4bfb-80b3-4e05c7f17f94/add_router_interface => generated 310 bytes in 1732 msecs (HTTP/1.1 200) 4 headers in 157 bytes (1 switches on core 0)
2026-07-09 00:51:49.280 8 INFO neutron.notifiers.nova [-] Nova event matching ['req-c84a5cfd-9108-49fb-9d86-24cf3fcb72f8'] response: {'name': 'network-changed', 'server_uuid': '56a982b4-f714-456e-9c46-837e1d241ba2', 'tag': 'd09773ee-3335-40ed-b5ca-562691ae7f48', 'status': 'completed', 'code': 200} [pid: 8|app: 0|req: 777/1782] 199.204.45.177 () {34 vars in 1080 bytes} [Thu Jul 9 00:51:49 2026] GET /v2.0/ports?tenant_id=77182c8f31394d97b4fb1bb95c4b7fa1&device_id=56a982b4-f714-456e-9c46-837e1d241ba2 => generated 1229 bytes in 37 msecs (HTTP/1.1 200) 4 headers in 158 bytes (1 switches on core 0)
2026-07-09 00:51:49.299 7 INFO neutron.notifiers.nova [-] Nova event matching ['req-844961b0-eb90-482f-923f-c4760260fe44'] response: {'server_uuid': '56a982b4-f714-456e-9c46-837e1d241ba2', 'name': 'network-vif-unplugged', 'status': 'completed', 'tag': 'd09773ee-3335-40ed-b5ca-562691ae7f48', 'code': 200} [pid: 8|app: 0|req: 778/1784] 10.0.0.156 () {32 vars in 717 bytes} [Thu Jul 9 00:51:49 2026] GET /v2.0/ports/b32d89cb-bbd1-4f4e-8094-f3fae2d15754 => generated 947 bytes in 53 msecs (HTTP/1.1 200) 4 headers in 157 bytes (1 switches on core 0) [pid: 7|app: 0|req: 1006/1784] 10.0.0.152 () {34 vars in 1108 bytes} [Thu Jul 9 00:51:49 2026] GET /v2.0/networks/1f24ddf6-2a1c-42bb-9350-ac062d3345eb?fields=provider%3Aphysical_network&fields=provider%3Anetwork_type => generated 79 bytes in 104 msecs (HTTP/1.1 200) 4 headers in 156 bytes (1 switches on core 0)
2026-07-09 00:51:49.341 7 INFO neutron.db.ovn_revision_numbers_db [None req-bedfe577-9b54-4cce-94f2-f23f90398b2b - - - - - -] Successfully bumped revision number for resource b32d89cb-bbd1-4f4e-8094-f3fae2d15754 (type: ports) to 2 [pid: 7|app: 0|req: 1007/1785] 199.204.45.177 () {34 vars in 1058 bytes} [Thu Jul 9 00:51:49 2026] GET /v2.0/floatingips?fixed_ip_address=10.100.0.9&port_id=d09773ee-3335-40ed-b5ca-562691ae7f48 => generated 19 bytes in 25 msecs (HTTP/1.1 200) 4 headers in 156 bytes (1 switches on core 0)
2026-07-09 00:51:49.768 8 WARNING neutron.scheduler.dhcp_agent_scheduler [None req-31aebb97-0a0d-4c52-a02b-8a8d221be3af b95b903ec19d47169d46f6aefefc1b6f b3d0559106194b6682c23833af9f4707 - - default default] No more DHCP agents
2026-07-09 00:51:49.770 8 WARNING neutron.api.rpc.agentnotifiers.dhcp_rpc_agent_api [None req-31aebb97-0a0d-4c52-a02b-8a8d221be3af b95b903ec19d47169d46f6aefefc1b6f b3d0559106194b6682c23833af9f4707 - - default default] Unable to schedule network f1e96042-6536-4ed4-857d-43685babfd06: no agents available; will retry on subsequent port and subnet creation events.
2026-07-09 00:51:49.789 7 WARNING neutron.scheduler.dhcp_agent_scheduler [None req-97e13cf2-3811-485b-b6bc-35f74adc7357 57e886402902458db8b9cc78ccf13050 13771c68a8d24fbc9480e83649b121bd - - default default] No more DHCP agents
2026-07-09 00:51:49.790 7 WARNING neutron.api.rpc.agentnotifiers.dhcp_rpc_agent_api [None req-97e13cf2-3811-485b-b6bc-35f74adc7357 57e886402902458db8b9cc78ccf13050 13771c68a8d24fbc9480e83649b121bd - - default default] Unable to schedule network 0371f4cc-7343-464b-8127-3c101119651c: no agents available; will retry on subsequent port and subnet creation events.
2026-07-09 00:51:49.932 7 INFO neutron.db.ovn_revision_numbers_db [None req-97e13cf2-3811-485b-b6bc-35f74adc7357 57e886402902458db8b9cc78ccf13050 13771c68a8d24fbc9480e83649b121bd - - default default] Successfully bumped revision number for resource 62cf492b-1239-4aa4-8acb-40229a564b32 (type: ports) to 1
2026-07-09 00:51:49.943 8 INFO neutron.db.ovn_revision_numbers_db [None req-31aebb97-0a0d-4c52-a02b-8a8d221be3af b95b903ec19d47169d46f6aefefc1b6f b3d0559106194b6682c23833af9f4707 - - default default] Successfully bumped revision number for resource a5885e3d-cc6e-4144-8670-4082877de8db (type: ports) to 1
2026-07-09 00:51:50.559 7 WARNING neutron.scheduler.dhcp_agent_scheduler [None req-97e13cf2-3811-485b-b6bc-35f74adc7357 57e886402902458db8b9cc78ccf13050 13771c68a8d24fbc9480e83649b121bd - - default default] No more DHCP agents
2026-07-09 00:51:50.561 7 WARNING neutron.api.rpc.agentnotifiers.dhcp_rpc_agent_api [None req-97e13cf2-3811-485b-b6bc-35f74adc7357 57e886402902458db8b9cc78ccf13050 13771c68a8d24fbc9480e83649b121bd - - default default] Unable to schedule network 0371f4cc-7343-464b-8127-3c101119651c: no agents available; will retry on subsequent port and subnet creation events.
2026-07-09 00:51:50.759 8 WARNING neutron.scheduler.dhcp_agent_scheduler [None req-31aebb97-0a0d-4c52-a02b-8a8d221be3af b95b903ec19d47169d46f6aefefc1b6f b3d0559106194b6682c23833af9f4707 - - default default] No more DHCP agents
2026-07-09 00:51:50.760 8 WARNING neutron.api.rpc.agentnotifiers.dhcp_rpc_agent_api [None req-31aebb97-0a0d-4c52-a02b-8a8d221be3af b95b903ec19d47169d46f6aefefc1b6f b3d0559106194b6682c23833af9f4707 - - default default] Unable to schedule network f1e96042-6536-4ed4-857d-43685babfd06: no agents available; will retry on subsequent port and subnet creation events.
