2026-07-09 00:49:43.771 7 INFO neutron.db.ovn_revision_numbers_db [None req-4000d73b-2c38-42ee-8189-77169783d1c2 7486847637834fe1a3fb24e6e999e2ff 52e3473b0e3644a5902c25692363c61c - - default default] Successfully bumped revision number for resource 3eb08f1e-3a52-4129-8aaa-77a0661c38c4 (type: security_group_rules) to 0
2026-07-09 00:49:43.782 7 INFO neutron.db.ovn_revision_numbers_db [None req-4000d73b-2c38-42ee-8189-77169783d1c2 7486847637834fe1a3fb24e6e999e2ff 52e3473b0e3644a5902c25692363c61c - - default default] Successfully bumped revision number for resource a4fb46e9-c247-43a8-9d2a-dc974c7a186a (type: security_group_rules) to 0
2026-07-09 00:49:43.807 7 INFO neutron.db.ovn_revision_numbers_db [None req-4000d73b-2c38-42ee-8189-77169783d1c2 7486847637834fe1a3fb24e6e999e2ff 52e3473b0e3644a5902c25692363c61c - - default default] Successfully bumped revision number for resource d4ed76ab-dd0b-473f-b3fa-681344576ca3 (type: security_group_rules) to 0
2026-07-09 00:49:43.817 7 INFO neutron.db.ovn_revision_numbers_db [None req-4000d73b-2c38-42ee-8189-77169783d1c2 7486847637834fe1a3fb24e6e999e2ff 52e3473b0e3644a5902c25692363c61c - - default default] Successfully bumped revision number for resource e48796d6-9e8b-4f69-9f01-fd979aa1a850 (type: security_group_rules) to 0 [pid: 7|app: 0|req: 452/862] 10.0.0.156 () {32 vars in 774 bytes} [Thu Jul 9 00:49:43 2026] GET /v2.0/security-groups?tenant_id=593e2f727e28495694997ed57c1e7571&name=default => generated 2925 bytes in 206 msecs (HTTP/1.1 200) 4 headers in 158 bytes (1 switches on core 0) [pid: 8|app: 0|req: 411/863] 10.0.0.156 () {32 vars in 740 bytes} [Thu Jul 9 00:49:43 2026] DELETE /v2.0/security-groups/f6ac24b5-bc65-4e9a-9e81-80a99368f2d0 => generated 0 bytes in 145 msecs (HTTP/1.1 204) 2 headers in 112 bytes (1 switches on core 0) [pid: 7|app: 0|req: 454/866] 10.0.0.152 () {34 vars in 1070 bytes} [Thu Jul 9 00:49:44 2026] GET /v2.0/ports?fields=security_groups&fields=device_id&device_id=2595499c-768f-40a0-9db4-c08cf7510de2 => generated 12 bytes in 21 msecs (HTTP/1.1 200) 4 headers in 156 bytes (1 switches on core 0)
2026-07-09 00:49:44.889 7 INFO neutron.services.segments.plugin [-] Segment 33b98620-c143-49df-ac53-ca73a9620819 resource provider aggregate not found
2026-07-09 00:49:44.910 7 INFO neutron.services.segments.plugin [-] Client error retrieving segment 33b98620-c143-49df-ac53-ca73a9620819 resource provider; error: Placement Client Error (4xx): {"errors": [{"status": 404, "title": "Not Found", "detail": "The resource could not be found.\n\n No resource provider with uuid 33b98620-c143-49df-ac53-ca73a9620819 found for delete ", "request_id": "req-51a234bd-52e2-4ffa-91ce-f42bf920552f"}]}
2026-07-09 00:49:44.921 7 INFO neutron.services.segments.plugin [-] Segment 33b98620-c143-49df-ac53-ca73a9620819 resource provider aggregate not found
2026-07-09 00:49:44.939 7 INFO neutron.services.segments.plugin [-] Client error retrieving segment 33b98620-c143-49df-ac53-ca73a9620819 resource provider; error: Placement Client Error (4xx): {"errors": [{"status": 404, "title": "Not Found", "detail": "The resource could not be found.\n\n No resource provider with uuid 33b98620-c143-49df-ac53-ca73a9620819 found for delete ", "request_id": "req-9b217036-d1b0-4080-a997-abce7db814ff"}]}
2026-07-09 00:49:45.117 8 INFO neutron.db.ovn_revision_numbers_db [None req-30ad5152-64ce-4e62-9d38-5dc69d2cd6aa ac36cb85438140189b9d6f0acb7e2a10 d78fc7b5e1084d00b94d117a94a3f1e9 - - default default] Successfully bumped revision number for resource 55935ca0-c2a8-4a3e-927c-4aa282f4b7a4 (type: security_groups) to 1
2026-07-09 00:49:45.130 8 INFO neutron.db.ovn_revision_numbers_db [None req-30ad5152-64ce-4e62-9d38-5dc69d2cd6aa ac36cb85438140189b9d6f0acb7e2a10 d78fc7b5e1084d00b94d117a94a3f1e9 - - default default] Successfully bumped revision number for resource 018d2954-ff9c-4003-8d34-037c53bf668a (type: security_group_rules) to 0
2026-07-09 00:49:45.143 8 INFO neutron.db.ovn_revision_numbers_db [None req-30ad5152-64ce-4e62-9d38-5dc69d2cd6aa ac36cb85438140189b9d6f0acb7e2a10 d78fc7b5e1084d00b94d117a94a3f1e9 - - default default] Successfully bumped revision number for resource 574ab4fa-bc29-4119-8e44-97bbd06725e6 (type: security_group_rules) to 0
2026-07-09 00:49:45.154 8 INFO neutron.db.ovn_revision_numbers_db [None req-30ad5152-64ce-4e62-9d38-5dc69d2cd6aa ac36cb85438140189b9d6f0acb7e2a10 d78fc7b5e1084d00b94d117a94a3f1e9 - - default default] Successfully bumped revision number for resource b7a0a92d-94b2-4cc4-8f01-703c05d641a7 (type: security_group_rules) to 0
2026-07-09 00:49:45.165 8 INFO neutron.db.ovn_revision_numbers_db [None req-30ad5152-64ce-4e62-9d38-5dc69d2cd6aa ac36cb85438140189b9d6f0acb7e2a10 d78fc7b5e1084d00b94d117a94a3f1e9 - - default default] Successfully bumped revision number for resource f1dfba6d-a8fa-4b69-805a-26c527c7ab51 (type: security_group_rules) to 0
2026-07-09 00:49:45.243 8 INFO neutron.db.segments_db [None req-30ad5152-64ce-4e62-9d38-5dc69d2cd6aa ac36cb85438140189b9d6f0acb7e2a10 d78fc7b5e1084d00b94d117a94a3f1e9 - - default default] Added segment 10c2e751-89d7-4184-8bc5-ffa29a104dba of type geneve for network 58686bda-f842-4b82-aad4-c6111044c27b
2026-07-09 00:49:45.351 8 INFO neutron.db.ovn_revision_numbers_db [None req-30ad5152-64ce-4e62-9d38-5dc69d2cd6aa ac36cb85438140189b9d6f0acb7e2a10 d78fc7b5e1084d00b94d117a94a3f1e9 - - default default] Successfully bumped revision number for resource 58686bda-f842-4b82-aad4-c6111044c27b (type: networks) to 1
2026-07-09 00:49:45.513 8 WARNING neutron.scheduler.dhcp_agent_scheduler [None req-30ad5152-64ce-4e62-9d38-5dc69d2cd6aa ac36cb85438140189b9d6f0acb7e2a10 d78fc7b5e1084d00b94d117a94a3f1e9 - - default default] No more DHCP agents
2026-07-09 00:49:45.515 8 WARNING neutron.api.rpc.agentnotifiers.dhcp_rpc_agent_api [None req-30ad5152-64ce-4e62-9d38-5dc69d2cd6aa ac36cb85438140189b9d6f0acb7e2a10 d78fc7b5e1084d00b94d117a94a3f1e9 - - default default] Unable to schedule network 58686bda-f842-4b82-aad4-c6111044c27b: no agents available; will retry on subsequent port and subnet creation events.
2026-07-09 00:49:45.562 8 INFO neutron.plugins.ml2.drivers.ovn.mech_driver.mech_driver [None req-a73804d7-10b6-4789-8e29-74e8bc873423 - - - - - -] OVN reports status down for port: 2e26d0f7-fd4f-4825-96f3-46859918d2db
2026-07-09 00:49:45.619 8 INFO neutron.db.ovn_revision_numbers_db [None req-30ad5152-64ce-4e62-9d38-5dc69d2cd6aa ac36cb85438140189b9d6f0acb7e2a10 d78fc7b5e1084d00b94d117a94a3f1e9 - - default default] Successfully bumped revision number for resource 2e26d0f7-fd4f-4825-96f3-46859918d2db (type: ports) to 1 [pid: 8|app: 0|req: 413/867] 10.0.0.156 () {34 vars in 670 bytes} [Thu Jul 9 00:49:44 2026] POST /v2.0/networks => generated 681 bytes in 856 msecs (HTTP/1.1 201) 4 headers in 162 bytes (1 switches on core 0)
2026-07-09 00:49:45.661 7 INFO neutron.db.ovn_revision_numbers_db [None req-9db73fcc-5a11-4edd-8841-beecb1dc151e 7486847637834fe1a3fb24e6e999e2ff 52e3473b0e3644a5902c25692363c61c - - default default] Successfully bumped revision number for resource 879a793d-4327-46a3-b8e2-dabd6d4eedfb (type: security_groups) to 1
2026-07-09 00:49:45.675 7 INFO neutron.db.ovn_revision_numbers_db [None req-9db73fcc-5a11-4edd-8841-beecb1dc151e 7486847637834fe1a3fb24e6e999e2ff 52e3473b0e3644a5902c25692363c61c - - default default] Successfully bumped revision number for resource 335f5144-e664-4e35-8b11-9e1fb65443a8 (type: security_group_rules) to 0
2026-07-09 00:49:45.687 7 INFO neutron.db.ovn_revision_numbers_db [None req-9db73fcc-5a11-4edd-8841-beecb1dc151e 7486847637834fe1a3fb24e6e999e2ff 52e3473b0e3644a5902c25692363c61c - - default default] Successfully bumped revision number for resource 4cde3cc9-6c89-4481-80d1-ac7d398f8bc7 (type: security_group_rules) to 0
2026-07-09 00:49:45.698 7 INFO neutron.db.ovn_revision_numbers_db [None req-9db73fcc-5a11-4edd-8841-beecb1dc151e 7486847637834fe1a3fb24e6e999e2ff 52e3473b0e3644a5902c25692363c61c - - default default] Successfully bumped revision number for resource 7555cfd1-78f5-4114-a570-7b0f573072e6 (type: security_group_rules) to 0 [pid: 8|app: 0|req: 414/868] 10.0.0.152 () {34 vars in 1070 bytes} [Thu Jul 9 00:49:45 2026] GET /v2.0/ports?fields=security_groups&fields=device_id&device_id=2595499c-768f-40a0-9db4-c08cf7510de2 => generated 12 bytes in 21 msecs (HTTP/1.1 200) 4 headers in 156 bytes (1 switches on core 0)
2026-07-09 00:49:45.710 7 INFO neutron.db.ovn_revision_numbers_db [None req-9db73fcc-5a11-4edd-8841-beecb1dc151e 7486847637834fe1a3fb24e6e999e2ff 52e3473b0e3644a5902c25692363c61c - - default default] Successfully bumped revision number for resource e15f6a85-541e-498f-8794-95a93295c9ee (type: security_group_rules) to 0
2026-07-09 00:49:45.782 7 INFO neutron.db.segments_db [None req-9db73fcc-5a11-4edd-8841-beecb1dc151e 7486847637834fe1a3fb24e6e999e2ff 52e3473b0e3644a5902c25692363c61c - - default default] Added segment b4cd7931-0518-43bd-abcd-998f890db63f of type geneve for network 9c2ab3e5-c362-4828-a453-8d474cdf6d53
2026-07-09 00:49:45.848 8 WARNING neutron.scheduler.dhcp_agent_scheduler [None req-c5168ecf-d9ab-49aa-81ba-a52aadd8935a ac36cb85438140189b9d6f0acb7e2a10 d78fc7b5e1084d00b94d117a94a3f1e9 - - default default] No more DHCP agents
2026-07-09 00:49:45.849 8 WARNING neutron.api.rpc.agentnotifiers.dhcp_rpc_agent_api [None req-c5168ecf-d9ab-49aa-81ba-a52aadd8935a ac36cb85438140189b9d6f0acb7e2a10 d78fc7b5e1084d00b94d117a94a3f1e9 - - default default] Unable to schedule network 58686bda-f842-4b82-aad4-c6111044c27b: no agents available; will retry on subsequent port and subnet creation events.
2026-07-09 00:49:45.890 7 INFO neutron.db.ovn_revision_numbers_db [None req-9db73fcc-5a11-4edd-8841-beecb1dc151e 7486847637834fe1a3fb24e6e999e2ff 52e3473b0e3644a5902c25692363c61c - - default default] Successfully bumped revision number for resource 9c2ab3e5-c362-4828-a453-8d474cdf6d53 (type: networks) to 1
2026-07-09 00:49:46.052 7 WARNING neutron.scheduler.dhcp_agent_scheduler [None req-9db73fcc-5a11-4edd-8841-beecb1dc151e 7486847637834fe1a3fb24e6e999e2ff 52e3473b0e3644a5902c25692363c61c - - default default] No more DHCP agents
2026-07-09 00:49:46.059 7 WARNING neutron.api.rpc.agentnotifiers.dhcp_rpc_agent_api [None req-9db73fcc-5a11-4edd-8841-beecb1dc151e 7486847637834fe1a3fb24e6e999e2ff 52e3473b0e3644a5902c25692363c61c - - default default] Unable to schedule network 9c2ab3e5-c362-4828-a453-8d474cdf6d53: no agents available; will retry on subsequent port and subnet creation events.
2026-07-09 00:49:46.138 7 INFO neutron.db.ovn_revision_numbers_db [None req-9db73fcc-5a11-4edd-8841-beecb1dc151e 7486847637834fe1a3fb24e6e999e2ff 52e3473b0e3644a5902c25692363c61c - - default default] Successfully bumped revision number for resource d7559102-052d-4eab-b8c9-67bd1120e1f8 (type: ports) to 1 [pid: 7|app: 0|req: 455/869] 10.0.0.156 () {34 vars in 671 bytes} [Thu Jul 9 00:49:45 2026] POST /v2.0/networks => generated 785 bytes in 794 msecs (HTTP/1.1 201) 4 headers in 162 bytes (1 switches on core 0)
2026-07-09 00:49:46.211 7 WARNING neutron.plugins.ml2.drivers.ovn.mech_driver.ovsdb.ovn_client [None req-8d3795a1-6d44-42a9-a1f9-8e0f9a49b937 - - - - - -] No hosting information found for port 40fc3998-11b2-466e-b157-10f4873f0d50: RuntimeError: No hosting information found for port 40fc3998-11b2-466e-b157-10f4873f0d50
2026-07-09 00:49:46.267 7 INFO neutron.common.ovn.utils [None req-8d3795a1-6d44-42a9-a1f9-8e0f9a49b937 - - - - - -] HA Chassis Group neutron-21ebedfe-57b0-45e8-acbb-edb251b3c484 synchronized; highest priority chassis d2fef8b7-4fd5-43e0-a583-715e7404e49d
2026-07-09 00:49:46.357 8 INFO neutron.db.ovn_revision_numbers_db [None req-c5168ecf-d9ab-49aa-81ba-a52aadd8935a ac36cb85438140189b9d6f0acb7e2a10 d78fc7b5e1084d00b94d117a94a3f1e9 - - default default] Successfully bumped revision number for resource 2e26d0f7-fd4f-4825-96f3-46859918d2db (type: ports) to 2
2026-07-09 00:49:46.387 8 INFO neutron.db.ovn_revision_numbers_db [None req-c5168ecf-d9ab-49aa-81ba-a52aadd8935a ac36cb85438140189b9d6f0acb7e2a10 d78fc7b5e1084d00b94d117a94a3f1e9 - - default default] Successfully bumped revision number for resource 9c9c77dd-40d0-4828-ad0d-7f2323b7ebe6 (type: subnets) to 0
2026-07-09 00:49:46.393 7 WARNING neutron.scheduler.dhcp_agent_scheduler [None req-f70c2d22-f26a-4082-97d5-da32c93c66f3 7486847637834fe1a3fb24e6e999e2ff 52e3473b0e3644a5902c25692363c61c - - default default] No more DHCP agents
2026-07-09 00:49:46.394 7 INFO neutron.db.ovn_revision_numbers_db [None req-8d3795a1-6d44-42a9-a1f9-8e0f9a49b937 - - - - - -] Successfully bumped revision number for resource 40fc3998-11b2-466e-b157-10f4873f0d50 (type: router_ports) to 2
2026-07-09 00:49:46.395 7 WARNING neutron.api.rpc.agentnotifiers.dhcp_rpc_agent_api [None req-f70c2d22-f26a-4082-97d5-da32c93c66f3 7486847637834fe1a3fb24e6e999e2ff 52e3473b0e3644a5902c25692363c61c - - default default] Unable to schedule network 9c2ab3e5-c362-4828-a453-8d474cdf6d53: no agents available; will retry on subsequent port and subnet creation events. [pid: 8|app: 0|req: 415/870] 10.0.0.156 () {34 vars in 669 bytes} [Thu Jul 9 00:49:45 2026] POST /v2.0/subnets => generated 641 bytes in 703 msecs (HTTP/1.1 201) 4 headers in 162 bytes (1 switches on core 0)
2026-07-09 00:49:46.465 7 INFO neutron.plugins.ml2.drivers.ovn.mech_driver.mech_driver [None req-8d3795a1-6d44-42a9-a1f9-8e0f9a49b937 - - - - - -] OVN reports status down for port: d7559102-052d-4eab-b8c9-67bd1120e1f8
2026-07-09 00:49:46.498 8 INFO neutron.db.segments_db [None req-a608a5b5-9499-432f-8a63-dcd1e3e51900 ac36cb85438140189b9d6f0acb7e2a10 d78fc7b5e1084d00b94d117a94a3f1e9 - - default default] Added segment 2a16de7f-ade8-482a-a524-b24bb65aab93 of type geneve for network 649903b6-824d-4c4f-8e89-c135ad5c2638
2026-07-09 00:49:46.631 8 INFO neutron.db.ovn_revision_numbers_db [None req-a608a5b5-9499-432f-8a63-dcd1e3e51900 ac36cb85438140189b9d6f0acb7e2a10 d78fc7b5e1084d00b94d117a94a3f1e9 - - default default] Successfully bumped revision number for resource 649903b6-824d-4c4f-8e89-c135ad5c2638 (type: networks) to 1
2026-07-09 00:49:46.815 8 WARNING neutron.scheduler.dhcp_agent_scheduler [None req-a608a5b5-9499-432f-8a63-dcd1e3e51900 ac36cb85438140189b9d6f0acb7e2a10 d78fc7b5e1084d00b94d117a94a3f1e9 - - default default] No more DHCP agents
2026-07-09 00:49:46.816 8 WARNING neutron.api.rpc.agentnotifiers.dhcp_rpc_agent_api [None req-a608a5b5-9499-432f-8a63-dcd1e3e51900 ac36cb85438140189b9d6f0acb7e2a10 d78fc7b5e1084d00b94d117a94a3f1e9 - - default default] Unable to schedule network 649903b6-824d-4c4f-8e89-c135ad5c2638: no agents available; will retry on subsequent port and subnet creation events.
2026-07-09 00:49:46.859 8 INFO neutron.plugins.ml2.drivers.ovn.mech_driver.mech_driver [None req-a73804d7-10b6-4789-8e29-74e8bc873423 - - - - - -] OVN reports status down for port: 81b868fe-9f36-4b44-8e90-cc3d0c9f11d5
2026-07-09 00:49:46.941 7 INFO neutron.db.ovn_revision_numbers_db [None req-f70c2d22-f26a-4082-97d5-da32c93c66f3 7486847637834fe1a3fb24e6e999e2ff 52e3473b0e3644a5902c25692363c61c - - default default] Successfully bumped revision number for resource d7559102-052d-4eab-b8c9-67bd1120e1f8 (type: ports) to 2
2026-07-09 00:49:46.948 8 INFO neutron.db.ovn_revision_numbers_db [None req-a608a5b5-9499-432f-8a63-dcd1e3e51900 ac36cb85438140189b9d6f0acb7e2a10 d78fc7b5e1084d00b94d117a94a3f1e9 - - default default] Successfully bumped revision number for resource 81b868fe-9f36-4b44-8e90-cc3d0c9f11d5 (type: ports) to 1
2026-07-09 00:49:46.972 7 INFO neutron.db.ovn_revision_numbers_db [None req-f70c2d22-f26a-4082-97d5-da32c93c66f3 7486847637834fe1a3fb24e6e999e2ff 52e3473b0e3644a5902c25692363c61c - - default default] Successfully bumped revision number for resource b11cdff0-c217-4494-a516-817d9b6804e8 (type: subnets) to 0 [pid: 8|app: 0|req: 416/871] 10.0.0.156 () {34 vars in 670 bytes} [Thu Jul 9 00:49:46 2026] POST /v2.0/networks => generated 681 bytes in 575 msecs (HTTP/1.1 201) 4 headers in 162 bytes (1 switches on core 0) [pid: 7|app: 0|req: 456/872] 10.0.0.156 () {34 vars in 669 bytes} [Thu Jul 9 00:49:46 2026] POST /v2.0/subnets => generated 691 bytes in 818 msecs (HTTP/1.1 201) 4 headers in 162 bytes (1 switches on core 0) [pid: 7|app: 0|req: 457/873] 10.0.0.152 () {34 vars in 1070 bytes} [Thu Jul 9 00:49:46 2026] GET /v2.0/ports?fields=security_groups&fields=device_id&device_id=2595499c-768f-40a0-9db4-c08cf7510de2 => generated 12 bytes in 32 msecs (HTTP/1.1 200) 4 headers in 156 bytes (1 switches on core 0) [pid: 8|app: 0|req: 417/874] 199.204.45.177 () {34 vars in 986 bytes} [Thu Jul 9 00:49:46 2026] GET /v2.0/networks?id=21ebedfe-57b0-45e8-acbb-edb251b3c484 => generated 707 bytes in 47 msecs (HTTP/1.1 200) 4 headers in 157 bytes (1 switches on core 0)
2026-07-09 00:49:47.155 7 INFO neutron.db.ovn_revision_numbers_db [None req-9e59b58c-477e-4ede-8b8f-56298ba494b4 ac36cb85438140189b9d6f0acb7e2a10 d78fc7b5e1084d00b94d117a94a3f1e9 - - default default] Successfully bumped revision number for resource 649903b6-824d-4c4f-8e89-c135ad5c2638 (type: networks) to 2 [pid: 7|app: 0|req: 458/875] 10.0.0.156 () {34 vars in 743 bytes} [Thu Jul 9 00:49:47 2026] PUT /v2.0/networks/649903b6-824d-4c4f-8e89-c135ad5c2638 => generated 636 bytes in 139 msecs (HTTP/1.1 200) 4 headers in 157 bytes (1 switches on core 0)
2026-07-09 00:49:47.166 7 WARNING neutron.db.securitygroups_db [req-1cdcc517-389d-42fd-a8c8-e329c91c543b req-c581c02a-3ae8-44c8-9d93-2b379251a71e be194be696ae447e85c4983ff401bb17 be1926a7ef4f49f1bf77fc88e349792a - - default default] project_id key not found in filters, using tenant_id instead. This support has been deprecated and will be removed in a future release. [pid: 7|app: 0|req: 459/876] 199.204.45.177 () {34 vars in 1050 bytes} [Thu Jul 9 00:49:47 2026] GET /v2.0/security-groups?fields=id&fields=name&tenant_id=be1926a7ef4f49f1bf77fc88e349792a => generated 181 bytes in 34 msecs (HTTP/1.1 200) 4 headers in 157 bytes (1 switches on core 0)
2026-07-09 00:49:47.421 7 WARNING neutron.scheduler.dhcp_agent_scheduler [None req-f6608a8a-fec2-4325-931f-b5eefdd4aae4 ac36cb85438140189b9d6f0acb7e2a10 d78fc7b5e1084d00b94d117a94a3f1e9 - - default default] No more DHCP agents
2026-07-09 00:49:47.422 7 WARNING neutron.api.rpc.agentnotifiers.dhcp_rpc_agent_api [None req-f6608a8a-fec2-4325-931f-b5eefdd4aae4 ac36cb85438140189b9d6f0acb7e2a10 d78fc7b5e1084d00b94d117a94a3f1e9 - - default default] Unable to schedule network 649903b6-824d-4c4f-8e89-c135ad5c2638: no agents available; will retry on subsequent port and subnet creation events.
2026-07-09 00:49:47.483 8 WARNING neutron.scheduler.dhcp_agent_scheduler [None req-3b9c0b44-ad50-4fe8-884f-4613dceeea8e 7486847637834fe1a3fb24e6e999e2ff 52e3473b0e3644a5902c25692363c61c - - default default] No more DHCP agents
2026-07-09 00:49:47.485 8 WARNING neutron.api.rpc.agentnotifiers.dhcp_rpc_agent_api [None req-3b9c0b44-ad50-4fe8-884f-4613dceeea8e 7486847637834fe1a3fb24e6e999e2ff 52e3473b0e3644a5902c25692363c61c - - default default] Unable to schedule network 0b1d2e8a-7d5a-4f59-ac44-d69be8e5d881: no agents available; will retry on subsequent port and subnet creation events.
2026-07-09 00:49:47.595 7 INFO neutron.plugins.ml2.drivers.ovn.mech_driver.mech_driver [None req-8d3795a1-6d44-42a9-a1f9-8e0f9a49b937 - - - - - -] OVN reports status down for port: 290acbe8-6fbf-4121-9137-c606e06c7afe
2026-07-09 00:49:47.653 8 INFO neutron.db.ovn_revision_numbers_db [None req-3b9c0b44-ad50-4fe8-884f-4613dceeea8e 7486847637834fe1a3fb24e6e999e2ff 52e3473b0e3644a5902c25692363c61c - - default default] Successfully bumped revision number for resource 290acbe8-6fbf-4121-9137-c606e06c7afe (type: ports) to 1
2026-07-09 00:49:48.003 7 INFO neutron.db.ovn_revision_numbers_db [None req-f6608a8a-fec2-4325-931f-b5eefdd4aae4 ac36cb85438140189b9d6f0acb7e2a10 d78fc7b5e1084d00b94d117a94a3f1e9 - - default default] Successfully bumped revision number for resource 81b868fe-9f36-4b44-8e90-cc3d0c9f11d5 (type: ports) to 2
2026-07-09 00:49:48.034 7 INFO neutron.db.ovn_revision_numbers_db [None req-f6608a8a-fec2-4325-931f-b5eefdd4aae4 ac36cb85438140189b9d6f0acb7e2a10 d78fc7b5e1084d00b94d117a94a3f1e9 - - default default] Successfully bumped revision number for resource df034f04-8c31-4341-9c5d-8be07cfd36e1 (type: subnets) to 0 [pid: 7|app: 0|req: 460/877] 10.0.0.156 () {34 vars in 669 bytes} [Thu Jul 9 00:49:47 2026] POST /v2.0/subnets => generated 626 bytes in 853 msecs (HTTP/1.1 201) 4 headers in 162 bytes (1 switches on core 0)
2026-07-09 00:49:48.350 7 WARNING neutron.scheduler.dhcp_agent_scheduler [req-1cdcc517-389d-42fd-a8c8-e329c91c543b req-eeba2764-360c-4b12-827d-28d97e4207fd be194be696ae447e85c4983ff401bb17 be1926a7ef4f49f1bf77fc88e349792a - - default default] No more DHCP agents
2026-07-09 00:49:48.351 7 WARNING neutron.api.rpc.agentnotifiers.dhcp_rpc_agent_api [req-1cdcc517-389d-42fd-a8c8-e329c91c543b req-eeba2764-360c-4b12-827d-28d97e4207fd be194be696ae447e85c4983ff401bb17 be1926a7ef4f49f1bf77fc88e349792a - - default default] Unable to schedule network 21ebedfe-57b0-45e8-acbb-edb251b3c484: no agents available; will retry on subsequent port and subnet creation events.
2026-07-09 00:49:48.485 8 INFO neutron.plugins.ml2.drivers.ovn.mech_driver.mech_driver [None req-a73804d7-10b6-4789-8e29-74e8bc873423 - - - - - -] OVN reports status down for port: 9eee191a-93af-4320-a7a0-2069e94ba246
2026-07-09 00:49:48.506 7 INFO neutron.db.ovn_revision_numbers_db [req-1cdcc517-389d-42fd-a8c8-e329c91c543b req-eeba2764-360c-4b12-827d-28d97e4207fd be194be696ae447e85c4983ff401bb17 be1926a7ef4f49f1bf77fc88e349792a - - default default] Successfully bumped revision number for resource 9eee191a-93af-4320-a7a0-2069e94ba246 (type: ports) to 1 [pid: 7|app: 0|req: 461/878] 199.204.45.177 () {38 vars in 955 bytes} [Thu Jul 9 00:49:48 2026] POST /v2.0/ports => generated 954 bytes in 480 msecs (HTTP/1.1 201) 4 headers in 162 bytes (1 switches on core 0)
2026-07-09 00:49:48.630 7 INFO neutron.plugins.ml2.drivers.ovn.mech_driver.mech_driver [None req-8d3795a1-6d44-42a9-a1f9-8e0f9a49b937 - - - - - -] OVN reports status up for port: 290acbe8-6fbf-4121-9137-c606e06c7afe
2026-07-09 00:49:48.646 7 INFO neutron.plugins.ml2.plugin [None req-8d3795a1-6d44-42a9-a1f9-8e0f9a49b937 - - - - - -] Attempt 1 to provision port 290acbe8-6fbf-4121-9137-c606e06c7afe
2026-07-09 00:49:48.656 8 INFO neutron.plugins.ml2.drivers.ovn.mech_driver.ovsdb.ovsdb_monitor [None req-476a8f71-f7f9-4438-8c74-2d3238de2602 - - - - - -] Router 542ab299-1d13-4b0e-95e3-9d0a00c13e4a is bound to host instance
2026-07-09 00:49:48.696 8 INFO neutron.db.ovn_revision_numbers_db [None req-3b9c0b44-ad50-4fe8-884f-4613dceeea8e 7486847637834fe1a3fb24e6e999e2ff 52e3473b0e3644a5902c25692363c61c - - default default] Successfully bumped revision number for resource 290acbe8-6fbf-4121-9137-c606e06c7afe (type: router_ports) to 1 /var/lib/openstack/lib/python3.12/site-packages/pycadf/identifier.py:70: UserWarning: Invalid uuid: neutron. To ensure interoperability, identifiers should be a valid uuid. warnings.warn(('Invalid uuid: %s. To ensure interoperability, '
2026-07-09 00:49:48.715 7 WARNING neutron.db.securitygroups_db [None req-3ba587ba-c657-40cd-b552-17887844b321 7486847637834fe1a3fb24e6e999e2ff 52e3473b0e3644a5902c25692363c61c - - default default] project_id key not found in filters, using tenant_id instead. This support has been deprecated and will be removed in a future release.
2026-07-09 00:49:48.836 8 INFO neutron.db.ovn_revision_numbers_db [None req-3b9c0b44-ad50-4fe8-884f-4613dceeea8e 7486847637834fe1a3fb24e6e999e2ff 52e3473b0e3644a5902c25692363c61c - - default default] Successfully bumped revision number for resource 542ab299-1d13-4b0e-95e3-9d0a00c13e4a (type: routers) to 2
2026-07-09 00:49:48.842 7 INFO neutron.db.ovn_revision_numbers_db [None req-3ba587ba-c657-40cd-b552-17887844b321 7486847637834fe1a3fb24e6e999e2ff 52e3473b0e3644a5902c25692363c61c - - default default] Successfully bumped revision number for resource 36f26039-517a-4ee3-8416-18799dc18db1 (type: security_groups) to 1
2026-07-09 00:49:48.854 7 INFO neutron.db.ovn_revision_numbers_db [None req-3ba587ba-c657-40cd-b552-17887844b321 7486847637834fe1a3fb24e6e999e2ff 52e3473b0e3644a5902c25692363c61c - - default default] Successfully bumped revision number for resource 28c82b1f-c4a7-400c-87a1-e1bd960eccdb (type: security_group_rules) to 0
2026-07-09 00:49:48.865 7 INFO neutron.db.ovn_revision_numbers_db [None req-3ba587ba-c657-40cd-b552-17887844b321 7486847637834fe1a3fb24e6e999e2ff 52e3473b0e3644a5902c25692363c61c - - default default] Successfully bumped revision number for resource 37bf8dc8-f848-4a64-ae52-bdc11488fe28 (type: security_group_rules) to 0 [pid: 8|app: 0|req: 418/879] 10.0.0.156 () {34 vars in 669 bytes} [Thu Jul 9 00:49:47 2026] POST /v2.0/routers => generated 990 bytes in 1838 msecs (HTTP/1.1 201) 4 headers in 162 bytes (1 switches on core 0)
2026-07-09 00:49:48.882 7 INFO neutron.db.ovn_revision_numbers_db [None req-3ba587ba-c657-40cd-b552-17887844b321 7486847637834fe1a3fb24e6e999e2ff 52e3473b0e3644a5902c25692363c61c - - default default] Successfully bumped revision number for resource 401ff106-678c-4ea3-9bdd-6606cd34efa3 (type: security_group_rules) to 0
2026-07-09 00:49:48.897 7 INFO neutron.db.ovn_revision_numbers_db [None req-3ba587ba-c657-40cd-b552-17887844b321 7486847637834fe1a3fb24e6e999e2ff 52e3473b0e3644a5902c25692363c61c - - default default] Successfully bumped revision number for resource 9a8ad3d3-165f-46c8-9f09-8e2af0d8e002 (type: security_group_rules) to 0 [pid: 7|app: 0|req: 462/880] 10.0.0.156 () {32 vars in 774 bytes} [Thu Jul 9 00:49:48 2026] GET /v2.0/security-groups?tenant_id=9631b84bae13492f8522e699d84a947e&name=default => generated 2925 bytes in 404 msecs (HTTP/1.1 200) 4 headers in 158 bytes (1 switches on core 0) [pid: 7|app: 0|req: 463/881] 10.0.0.152 () {34 vars in 1070 bytes} [Thu Jul 9 00:49:48 2026] GET /v2.0/ports?fields=security_groups&fields=device_id&device_id=2595499c-768f-40a0-9db4-c08cf7510de2 => generated 123 bytes in 32 msecs (HTTP/1.1 200) 4 headers in 157 bytes (1 switches on core 0)
2026-07-09 00:49:49.276 7 INFO neutron.db.ovn_revision_numbers_db [req-1cdcc517-389d-42fd-a8c8-e329c91c543b req-61baac37-395f-4dc1-ad0d-aacb2de3db44 41d3cdbf0f5d48519088bafc9925c48b a07946b5dc994213bfd2f2e6e4800f03 - - 1d814b37a6cf4476958a24ae46097d2e 1d814b37a6cf4476958a24ae46097d2e] Successfully bumped revision number for resource 9eee191a-93af-4320-a7a0-2069e94ba246 (type: ports) to 2
2026-07-09 00:49:49.340 8 INFO neutron.db.ovn_revision_numbers_db [None req-e3b833e4-edb4-4a5b-b4f6-a0b0c5ded573 ac36cb85438140189b9d6f0acb7e2a10 d78fc7b5e1084d00b94d117a94a3f1e9 - - default default] Successfully bumped revision number for resource df034f04-8c31-4341-9c5d-8be07cfd36e1 (type: subnets) to 1 [pid: 8|app: 0|req: 419/882] 10.0.0.156 () {34 vars in 741 bytes} [Thu Jul 9 00:49:48 2026] PUT /v2.0/subnets/df034f04-8c31-4341-9c5d-8be07cfd36e1 => generated 636 bytes in 479 msecs (HTTP/1.1 200) 4 headers in 157 bytes (1 switches on core 0)
2026-07-09 00:49:49.488 7 INFO neutron.db.ovn_revision_numbers_db [req-1cdcc517-389d-42fd-a8c8-e329c91c543b req-61baac37-395f-4dc1-ad0d-aacb2de3db44 41d3cdbf0f5d48519088bafc9925c48b a07946b5dc994213bfd2f2e6e4800f03 - - 1d814b37a6cf4476958a24ae46097d2e 1d814b37a6cf4476958a24ae46097d2e] Successfully bumped revision number for resource 9eee191a-93af-4320-a7a0-2069e94ba246 (type: ports) to 4 [pid: 7|app: 0|req: 464/883] 199.204.45.177 () {38 vars in 1028 bytes} [Thu Jul 9 00:49:48 2026] PUT /v2.0/ports/9eee191a-93af-4320-a7a0-2069e94ba246 => generated 1226 bytes in 545 msecs (HTTP/1.1 200) 4 headers in 158 bytes (1 switches on core 0) /var/lib/openstack/lib/python3.12/site-packages/pycadf/identifier.py:70: UserWarning: Invalid uuid: neutron. To ensure interoperability, identifiers should be a valid uuid. warnings.warn(('Invalid uuid: %s. To ensure interoperability, '
2026-07-09 00:49:49.542 7 INFO neutron.notifiers.nova [-] Nova event matching ['req-8f39c371-85f8-47fe-adff-00d171f47c75'] response: {'name': 'network-changed', 'server_uuid': '2595499c-768f-40a0-9db4-c08cf7510de2', 'tag': '9eee191a-93af-4320-a7a0-2069e94ba246', 'status': 'completed', 'code': 200} [pid: 7|app: 0|req: 465/884] 10.0.0.156 () {32 vars in 740 bytes} [Thu Jul 9 00:49:49 2026] DELETE /v2.0/security-groups/36f26039-517a-4ee3-8416-18799dc18db1 => generated 0 bytes in 174 msecs (HTTP/1.1 204) 2 headers in 112 bytes (1 switches on core 0) [pid: 7|app: 0|req: 466/885] 10.0.0.152 () {34 vars in 1040 bytes} [Thu Jul 9 00:49:49 2026] GET /v2.0/security-groups?id=f4026707-61a3-4dc1-8f19-915ddc1009ea&fields=id&fields=name => generated 114 bytes in 30 msecs (HTTP/1.1 200) 4 headers in 157 bytes (1 switches on core 0)
2026-07-09 00:49:49.859 7 INFO neutron_taas.services.taas.taas_plugin [None req-c0d734e7-f0bd-42c3-a7ca-380825e12c7c ac36cb85438140189b9d6f0acb7e2a10 d78fc7b5e1084d00b94d117a94a3f1e9 - - default default] TaaS: Handle Delete Port: 81b868fe-9f36-4b44-8e90-cc3d0c9f11d5
2026-07-09 00:49:49.869 7 INFO neutron_taas.services.taas.tap_mirror_plugin [None req-c0d734e7-f0bd-42c3-a7ca-380825e12c7c ac36cb85438140189b9d6f0acb7e2a10 d78fc7b5e1084d00b94d117a94a3f1e9 - - default default] Tap Mirror: Handle Delete Port: 81b868fe-9f36-4b44-8e90-cc3d0c9f11d5
2026-07-09 00:49:50.179 8 INFO neutron.db.ovn_revision_numbers_db [None req-50aef4e7-5e0b-4bd2-b165-e83e34fdb122 - - - - - -] Successfully bumped revision number for resource 290acbe8-6fbf-4121-9137-c606e06c7afe (type: ports) to 4
2026-07-09 00:49:50.188 7 INFO neutron.services.segments.plugin [-] Segment 2a16de7f-ade8-482a-a524-b24bb65aab93 resource provider aggregate not found
2026-07-09 00:49:50.190 8 WARNING neutron.scheduler.dhcp_agent_scheduler [None req-a655cf65-59fb-40f7-918a-e27337978714 7486847637834fe1a3fb24e6e999e2ff 52e3473b0e3644a5902c25692363c61c - - default default] No more DHCP agents
2026-07-09 00:49:50.192 8 WARNING neutron.api.rpc.agentnotifiers.dhcp_rpc_agent_api [None req-a655cf65-59fb-40f7-918a-e27337978714 7486847637834fe1a3fb24e6e999e2ff 52e3473b0e3644a5902c25692363c61c - - default default] Unable to schedule network 9c2ab3e5-c362-4828-a453-8d474cdf6d53: no agents available; will retry on subsequent port and subnet creation events.
2026-07-09 00:49:50.193 7 INFO neutron.services.segments.plugin [-] Segment 2a16de7f-ade8-482a-a524-b24bb65aab93 resource provider aggregate not found
2026-07-09 00:49:50.210 7 INFO neutron.services.segments.plugin [-] Client error retrieving segment 2a16de7f-ade8-482a-a524-b24bb65aab93 resource provider; error: Placement Client Error (4xx): {"errors": [{"status": 404, "title": "Not Found", "detail": "The resource could not be found.\n\n No resource provider with uuid 2a16de7f-ade8-482a-a524-b24bb65aab93 found for delete ", "request_id": "req-1e5f56a4-7979-415d-a060-cf84f723e6d9"}]}
2026-07-09 00:49:50.214 7 INFO neutron.services.segments.plugin [-] Client error retrieving segment 2a16de7f-ade8-482a-a524-b24bb65aab93 resource provider; error: Placement Client Error (4xx): {"errors": [{"status": 404, "title": "Not Found", "detail": "The resource could not be found.\n\n No resource provider with uuid 2a16de7f-ade8-482a-a524-b24bb65aab93 found for delete ", "request_id": "req-cf82b26f-7d53-4ce5-a1cf-10f5e6f2cf78"}]} [pid: 7|app: 0|req: 467/886] 10.0.0.156 () {32 vars in 726 bytes} [Thu Jul 9 00:49:49 2026] DELETE /v2.0/networks/649903b6-824d-4c4f-8e89-c135ad5c2638 => generated 0 bytes in 517 msecs (HTTP/1.1 204) 3 headers in 131 bytes (1 switches on core 0)
2026-07-09 00:49:50.239 7 WARNING neutron.db.securitygroups_db [None req-777c1611-54cd-4152-8ec8-269fa902dafb 7486847637834fe1a3fb24e6e999e2ff 52e3473b0e3644a5902c25692363c61c - - default default] project_id key not found in filters, using tenant_id instead. This support has been deprecated and will be removed in a future release.
2026-07-09 00:49:50.350 7 INFO neutron.db.ovn_revision_numbers_db [None req-777c1611-54cd-4152-8ec8-269fa902dafb 7486847637834fe1a3fb24e6e999e2ff 52e3473b0e3644a5902c25692363c61c - - default default] Successfully bumped revision number for resource ed7b6539-512d-45b6-bc14-a15793dfe6a0 (type: security_groups) to 1
2026-07-09 00:49:50.363 7 INFO neutron.db.ovn_revision_numbers_db [None req-777c1611-54cd-4152-8ec8-269fa902dafb 7486847637834fe1a3fb24e6e999e2ff 52e3473b0e3644a5902c25692363c61c - - default default] Successfully bumped revision number for resource 3a505a72-3d2c-4d07-9261-cd56b4abf36b (type: security_group_rules) to 0
2026-07-09 00:49:50.373 7 INFO neutron.db.ovn_revision_numbers_db [None req-777c1611-54cd-4152-8ec8-269fa902dafb 7486847637834fe1a3fb24e6e999e2ff 52e3473b0e3644a5902c25692363c61c - - default default] Successfully bumped revision number for resource 6d88eca2-db54-4273-b555-79866f7012a0 (type: security_group_rules) to 0
2026-07-09 00:49:50.383 8 INFO neutron.plugins.ml2.drivers.ovn.mech_driver.mech_driver [None req-a73804d7-10b6-4789-8e29-74e8bc873423 - - - - - -] OVN reports status down for port: f5958358-da7a-483b-bfbd-025a88b15b9c
2026-07-09 00:49:50.402 7 INFO neutron.db.ovn_revision_numbers_db [None req-777c1611-54cd-4152-8ec8-269fa902dafb 7486847637834fe1a3fb24e6e999e2ff 52e3473b0e3644a5902c25692363c61c - - default default] Successfully bumped revision number for resource 88a4fda3-68bc-40cb-b242-f7908365c5f9 (type: security_group_rules) to 0
2026-07-09 00:49:50.416 7 INFO neutron.db.ovn_revision_numbers_db [None req-777c1611-54cd-4152-8ec8-269fa902dafb 7486847637834fe1a3fb24e6e999e2ff 52e3473b0e3644a5902c25692363c61c - - default default] Successfully bumped revision number for resource fab317dd-2fa7-4f8f-a460-24a91c812f7f (type: security_group_rules) to 0 [pid: 7|app: 0|req: 468/887] 10.0.0.156 () {32 vars in 774 bytes} [Thu Jul 9 00:49:50 2026] GET /v2.0/security-groups?tenant_id=8e64c08b3f31440ea7934d5c773f5358&name=default => generated 2925 bytes in 218 msecs (HTTP/1.1 200) 4 headers in 158 bytes (1 switches on core 0)
2026-07-09 00:49:50.471 8 INFO neutron.db.ovn_revision_numbers_db [None req-a655cf65-59fb-40f7-918a-e27337978714 7486847637834fe1a3fb24e6e999e2ff 52e3473b0e3644a5902c25692363c61c - - default default] Successfully bumped revision number for resource f5958358-da7a-483b-bfbd-025a88b15b9c (type: ports) to 1 [pid: 7|app: 0|req: 469/888] 199.204.45.177 () {34 vars in 1080 bytes} [Thu Jul 9 00:49:50 2026] GET /v2.0/ports?tenant_id=be1926a7ef4f49f1bf77fc88e349792a&device_id=2595499c-768f-40a0-9db4-c08cf7510de2 => generated 1229 bytes in 31 msecs (HTTP/1.1 200) 4 headers in 158 bytes (1 switches on core 0)
2026-07-09 00:49:50.496 7 INFO neutron.pecan_wsgi.hooks.translation [None req-c3158ac6-6d27-4112-9e79-4f57d20f6cad ac36cb85438140189b9d6f0acb7e2a10 d78fc7b5e1084d00b94d117a94a3f1e9 - - default default] DELETE failed (client error): The resource could not be found. [pid: 7|app: 0|req: 470/889] 10.0.0.156 () {32 vars in 726 bytes} [Thu Jul 9 00:49:50 2026] DELETE /v2.0/networks/649903b6-824d-4c4f-8e89-c135ad5c2638 => generated 138 bytes in 15 msecs (HTTP/1.1 404) 4 headers in 164 bytes (1 switches on core 0) [pid: 7|app: 0|req: 471/890] 10.0.0.156 () {32 vars in 740 bytes} [Thu Jul 9 00:49:50 2026] DELETE /v2.0/security-groups/ed7b6539-512d-45b6-bc14-a15793dfe6a0 => generated 0 bytes in 150 msecs (HTTP/1.1 204) 2 headers in 112 bytes (1 switches on core 0) [pid: 7|app: 0|req: 472/891] 199.204.45.177 () {34 vars in 1018 bytes} [Thu Jul 9 00:49:50 2026] GET /v2.0/networks?tenant_id=be1926a7ef4f49f1bf77fc88e349792a&shared=False => generated 805 bytes in 45 msecs (HTTP/1.1 200) 4 headers in 157 bytes (1 switches on core 0) [pid: 7|app: 0|req: 473/892] 10.0.0.156 () {32 vars in 694 bytes} [Thu Jul 9 00:49:50 2026] GET /v2.0/networks?router%3Aexternal=True => generated 689 bytes in 35 msecs (HTTP/1.1 200) 4 headers in 157 bytes (1 switches on core 0) [pid: 7|app: 0|req: 474/893] 199.204.45.177 () {34 vars in 930 bytes} [Thu Jul 9 00:49:50 2026] GET /v2.0/networks?shared=True => generated 791 bytes in 41 msecs (HTTP/1.1 200) 4 headers in 157 bytes (1 switches on core 0) [pid: 7|app: 0|req: 475/894] 10.0.0.156 () {32 vars in 742 bytes} [Thu Jul 9 00:49:50 2026] GET /v2.0/subnets?network_id=0b1d2e8a-7d5a-4f59-ac44-d69be8e5d881 => generated 649 bytes in 24 msecs (HTTP/1.1 200) 4 headers in 157 bytes (1 switches on core 0) [pid: 7|app: 0|req: 476/895] 10.0.0.152 () {34 vars in 1070 bytes} [Thu Jul 9 00:49:50 2026] GET /v2.0/ports?fields=security_groups&fields=device_id&device_id=2595499c-768f-40a0-9db4-c08cf7510de2 => generated 123 bytes in 25 msecs (HTTP/1.1 200) 4 headers in 157 bytes (1 switches on core 0) [pid: 7|app: 0|req: 477/896] 10.0.0.156 () {32 vars in 653 bytes} [Thu Jul 9 00:49:50 2026] GET /v2.0/extensions => generated 22668 bytes in 15 msecs (HTTP/1.1 200) 4 headers in 159 bytes (1 switches on core 0) [pid: 7|app: 0|req: 478/897] 10.0.0.152 () {34 vars in 1040 bytes} [Thu Jul 9 00:49:50 2026] GET /v2.0/security-groups?id=f4026707-61a3-4dc1-8f19-915ddc1009ea&fields=id&fields=name => generated 114 bytes in 39 msecs (HTTP/1.1 200) 4 headers in 157 bytes (1 switches on core 0) [pid: 7|app: 0|req: 479/898] 10.0.0.156 () {32 vars in 649 bytes} [Thu Jul 9 00:49:50 2026] GET /v2.0/networks => generated 1384 bytes in 57 msecs (HTTP/1.1 200) 4 headers in 158 bytes (1 switches on core 0) [pid: 7|app: 0|req: 480/899] 10.0.0.156 () {32 vars in 647 bytes} [Thu Jul 9 00:49:50 2026] GET /v2.0/subnets => generated 1280 bytes in 29 msecs (HTTP/1.1 200) 4 headers in 158 bytes (1 switches on core 0)
2026-07-09 00:49:50.985 8 INFO neutron.db.ovn_revision_numbers_db [None req-50aef4e7-5e0b-4bd2-b165-e83e34fdb122 - - - - - -] Successfully bumped revision number for resource 290acbe8-6fbf-4121-9137-c606e06c7afe (type: ports) to 5 [pid: 7|app: 0|req: 481/900] 10.0.0.156 () {32 vars in 723 bytes} [Thu Jul 9 00:49:50 2026] GET /v2.0/networks/58686bda-f842-4b82-aad4-c6111044c27b => generated 706 bytes in 39 msecs (HTTP/1.1 200) 4 headers in 157 bytes (1 switches on core 0) [pid: 7|app: 0|req: 482/901] 10.0.0.156 () {32 vars in 721 bytes} [Thu Jul 9 00:49:51 2026] GET /v2.0/subnets/9c9c77dd-40d0-4828-ad0d-7f2323b7ebe6 => generated 641 bytes in 24 msecs (HTTP/1.1 200) 4 headers in 157 bytes (1 switches on core 0)
2026-07-09 00:49:51.057 7 INFO neutron.pecan_wsgi.hooks.translation [None req-8c7776be-dc97-49cc-ae9b-5db150caf048 ac36cb85438140189b9d6f0acb7e2a10 d78fc7b5e1084d00b94d117a94a3f1e9 - - default default] DELETE failed (client error): The resource could not be found. [pid: 7|app: 0|req: 483/902] 10.0.0.156 () {32 vars in 724 bytes} [Thu Jul 9 00:49:51 2026] DELETE /v2.0/subnets/df034f04-8c31-4341-9c5d-8be07cfd36e1 => generated 136 bytes in 13 msecs (HTTP/1.1 404) 4 headers in 164 bytes (1 switches on core 0)
2026-07-09 00:49:51.072 7 INFO neutron.pecan_wsgi.hooks.translation [None req-96e8c55a-608d-4be3-8124-76d41518c79b ac36cb85438140189b9d6f0acb7e2a10 d78fc7b5e1084d00b94d117a94a3f1e9 - - default default] DELETE failed (client error): The resource could not be found. [pid: 7|app: 0|req: 484/903] 10.0.0.156 () {32 vars in 726 bytes} [Thu Jul 9 00:49:51 2026] DELETE /v2.0/networks/649903b6-824d-4c4f-8e89-c135ad5c2638 => generated 138 bytes in 11 msecs (HTTP/1.1 404) 4 headers in 164 bytes (1 switches on core 0) [pid: 7|app: 0|req: 485/904] 10.0.0.156 () {32 vars in 724 bytes} [Thu Jul 9 00:49:51 2026] DELETE /v2.0/subnets/9c9c77dd-40d0-4828-ad0d-7f2323b7ebe6 => generated 0 bytes in 143 msecs (HTTP/1.1 204) 3 headers in 131 bytes (1 switches on core 0)
2026-07-09 00:49:51.329 7 INFO neutron_taas.services.taas.taas_plugin [None req-802d0a7b-3e03-4693-a794-53814d45c101 ac36cb85438140189b9d6f0acb7e2a10 d78fc7b5e1084d00b94d117a94a3f1e9 - - default default] TaaS: Handle Delete Port: 2e26d0f7-fd4f-4825-96f3-46859918d2db
2026-07-09 00:49:51.331 7 INFO neutron_taas.services.taas.tap_mirror_plugin [None req-802d0a7b-3e03-4693-a794-53814d45c101 ac36cb85438140189b9d6f0acb7e2a10 d78fc7b5e1084d00b94d117a94a3f1e9 - - default default] Tap Mirror: Handle Delete Port: 2e26d0f7-fd4f-4825-96f3-46859918d2db
2026-07-09 00:49:51.463 8 INFO neutron.plugins.ml2.drivers.ovn.mech_driver.mech_driver [None req-a73804d7-10b6-4789-8e29-74e8bc873423 - - - - - -] OVN reports status up for port: f5958358-da7a-483b-bfbd-025a88b15b9c
2026-07-09 00:49:51.484 8 INFO neutron.plugins.ml2.plugin [None req-a73804d7-10b6-4789-8e29-74e8bc873423 - - - - - -] Attempt 1 to provision port f5958358-da7a-483b-bfbd-025a88b15b9c [pid: 7|app: 0|req: 486/905] 10.0.0.156 () {32 vars in 726 bytes} [Thu Jul 9 00:49:51 2026] DELETE /v2.0/networks/58686bda-f842-4b82-aad4-c6111044c27b => generated 0 bytes in 305 msecs (HTTP/1.1 204) 3 headers in 131 bytes (1 switches on core 0)
2026-07-09 00:49:51.575 8 WARNING neutron.scheduler.dhcp_agent_scheduler [None req-a655cf65-59fb-40f7-918a-e27337978714 7486847637834fe1a3fb24e6e999e2ff 52e3473b0e3644a5902c25692363c61c - - default default] No more DHCP agents
2026-07-09 00:49:51.581 8 WARNING neutron.api.rpc.agentnotifiers.dhcp_rpc_agent_api [None req-a655cf65-59fb-40f7-918a-e27337978714 7486847637834fe1a3fb24e6e999e2ff 52e3473b0e3644a5902c25692363c61c - - default default] Unable to schedule network 9c2ab3e5-c362-4828-a453-8d474cdf6d53: no agents available; will retry on subsequent port and subnet creation events. [pid: 7|app: 0|req: 487/906] 199.204.45.177 () {34 vars in 1080 bytes} [Thu Jul 9 00:49:51 2026] GET /v2.0/ports?tenant_id=be1926a7ef4f49f1bf77fc88e349792a&device_id=2595499c-768f-40a0-9db4-c08cf7510de2 => generated 1229 bytes in 51 msecs (HTTP/1.1 200) 4 headers in 158 bytes (1 switches on core 0) [pid: 7|app: 0|req: 488/907] 199.204.45.177 () {34 vars in 1058 bytes} [Thu Jul 9 00:49:51 2026] GET /v2.0/floatingips?fixed_ip_address=10.100.0.7&port_id=9eee191a-93af-4320-a7a0-2069e94ba246 => generated 19 bytes in 22 msecs (HTTP/1.1 200) 4 headers in 156 bytes (1 switches on core 0) [pid: 7|app: 0|req: 489/908] 199.204.45.177 () {34 vars in 984 bytes} [Thu Jul 9 00:49:51 2026] GET /v2.0/subnets?id=8c68fd32-62e7-43b2-8863-4d1e645cffb9 => generated 687 bytes in 41 msecs (HTTP/1.1 200) 4 headers in 157 bytes (1 switches on core 0) [pid: 7|app: 0|req: 490/909] 199.204.45.177 () {34 vars in 1052 bytes} [Thu Jul 9 00:49:51 2026] GET /v2.0/ports?network_id=21ebedfe-57b0-45e8-acbb-edb251b3c484&device_owner=network%3Adhcp => generated 12 bytes in 25 msecs (HTTP/1.1 200) 4 headers in 156 bytes (1 switches on core 0) [pid: 7|app: 0|req: 491/910] 10.0.0.152 () {34 vars in 1070 bytes} [Thu Jul 9 00:49:51 2026] GET /v2.0/ports?fields=security_groups&fields=device_id&device_id=2595499c-768f-40a0-9db4-c08cf7510de2 => generated 123 bytes in 29 msecs (HTTP/1.1 200) 4 headers in 157 bytes (1 switches on core 0) [pid: 7|app: 0|req: 492/911] 199.204.45.177 () {34 vars in 1012 bytes} [Thu Jul 9 00:49:51 2026] GET /v2.0/networks/21ebedfe-57b0-45e8-acbb-edb251b3c484?fields=segments => generated 14 bytes in 42 msecs (HTTP/1.1 200) 4 headers in 156 bytes (1 switches on core 0) [pid: 7|app: 0|req: 493/912] 10.0.0.152 () {34 vars in 1040 bytes} [Thu Jul 9 00:49:52 2026] GET /v2.0/security-groups?id=f4026707-61a3-4dc1-8f19-915ddc1009ea&fields=id&fields=name => generated 114 bytes in 30 msecs (HTTP/1.1 200) 4 headers in 157 bytes (1 switches on core 0)
2026-07-09 00:49:52.225 8 INFO neutron.db.ovn_revision_numbers_db [None req-a73804d7-10b6-4789-8e29-74e8bc873423 - - - - - -] Successfully bumped revision number for resource f5958358-da7a-483b-bfbd-025a88b15b9c (type: ports) to 2
2026-07-09 00:49:52.232 7 INFO neutron.services.segments.plugin [-] Segment 10c2e751-89d7-4184-8bc5-ffa29a104dba resource provider aggregate not found
2026-07-09 00:49:52.243 7 INFO neutron.services.segments.plugin [-] Segment 10c2e751-89d7-4184-8bc5-ffa29a104dba resource provider aggregate not found
2026-07-09 00:49:52.248 7 INFO neutron.services.segments.plugin [-] Client error retrieving segment 10c2e751-89d7-4184-8bc5-ffa29a104dba resource provider; error: Placement Client Error (4xx): {"errors": [{"status": 404, "title": "Not Found", "detail": "The resource could not be found.\n\n No resource provider with uuid 10c2e751-89d7-4184-8bc5-ffa29a104dba found for delete ", "request_id": "req-01738c98-1ec3-41b4-82ad-3c8f515112c5"}]}
2026-07-09 00:49:52.262 7 INFO neutron.services.segments.plugin [-] Client error retrieving segment 10c2e751-89d7-4184-8bc5-ffa29a104dba resource provider; error: Placement Client Error (4xx): {"errors": [{"status": 404, "title": "Not Found", "detail": "The resource could not be found.\n\n No resource provider with uuid 10c2e751-89d7-4184-8bc5-ffa29a104dba found for delete ", "request_id": "req-834cc462-d638-4241-a9ad-9f5052d28176"}]}
2026-07-09 00:49:52.282 7 WARNING neutron.db.securitygroups_db [None req-acbd2c8d-b0ea-4d91-a41b-787a6c684884 7486847637834fe1a3fb24e6e999e2ff 52e3473b0e3644a5902c25692363c61c - - default default] project_id key not found in filters, using tenant_id instead. This support has been deprecated and will be removed in a future release. [pid: 7|app: 0|req: 494/913] 10.0.0.156 () {32 vars in 774 bytes} [Thu Jul 9 00:49:52 2026] GET /v2.0/security-groups?tenant_id=d78fc7b5e1084d00b94d117a94a3f1e9&name=default => generated 2925 bytes in 268 msecs (HTTP/1.1 200) 4 headers in 158 bytes (1 switches on core 0) [pid: 7|app: 0|req: 495/914] 199.204.45.177 () {34 vars in 1112 bytes} [Thu Jul 9 00:49:52 2026] GET /v2.0/networks/21ebedfe-57b0-45e8-acbb-edb251b3c484?fields=provider%3Aphysical_network&fields=provider%3Anetwork_type => generated 79 bytes in 53 msecs (HTTP/1.1 200) 4 headers in 156 bytes (1 switches on core 0)
2026-07-09 00:49:52.474 8 INFO neutron.db.ovn_revision_numbers_db [None req-a655cf65-59fb-40f7-918a-e27337978714 7486847637834fe1a3fb24e6e999e2ff 52e3473b0e3644a5902c25692363c61c - - default default] Successfully bumped revision number for resource f5958358-da7a-483b-bfbd-025a88b15b9c (type: router_ports) to 1 [pid: 8|app: 0|req: 420/915] 10.0.0.156 () {34 vars in 783 bytes} [Thu Jul 9 00:49:49 2026] PUT /v2.0/routers/542ab299-1d13-4b0e-95e3-9d0a00c13e4a/add_router_interface => generated 310 bytes in 3134 msecs (HTTP/1.1 200) 4 headers in 157 bytes (1 switches on core 0) [pid: 7|app: 0|req: 496/916] 10.0.0.156 () {32 vars in 740 bytes} [Thu Jul 9 00:49:52 2026] DELETE /v2.0/security-groups/55935ca0-c2a8-4a3e-927c-4aa282f4b7a4 => generated 0 bytes in 159 msecs (HTTP/1.1 204) 2 headers in 112 bytes (1 switches on core 0)
2026-07-09 00:49:53.168 8 INFO neutron.db.ovn_revision_numbers_db [None req-d398adac-c5ff-485f-9114-316739cad65a 4fdd1dda5f2147ea84a4229b1f32d83a a7c0cf08affe4dcda1448067f22ce136 - - default default] Successfully bumped revision number for resource 4ada7a3b-0d14-41e4-8817-bb9f3b0babb1 (type: security_groups) to 1
2026-07-09 00:49:53.191 8 INFO neutron.db.ovn_revision_numbers_db [None req-d398adac-c5ff-485f-9114-316739cad65a 4fdd1dda5f2147ea84a4229b1f32d83a a7c0cf08affe4dcda1448067f22ce136 - - default default] Successfully bumped revision number for resource 16bdd1f3-6604-4d62-8576-45ceb31096da (type: security_group_rules) to 0
2026-07-09 00:49:53.202 8 INFO neutron.db.ovn_revision_numbers_db [None req-d398adac-c5ff-485f-9114-316739cad65a 4fdd1dda5f2147ea84a4229b1f32d83a a7c0cf08affe4dcda1448067f22ce136 - - default default] Successfully bumped revision number for resource 5a313485-a23e-47e8-8968-292ce42d26d1 (type: security_group_rules) to 0 [pid: 7|app: 0|req: 497/917] 10.0.0.152 () {34 vars in 1070 bytes} [Thu Jul 9 00:49:53 2026] GET /v2.0/ports?fields=security_groups&fields=device_id&device_id=2595499c-768f-40a0-9db4-c08cf7510de2 => generated 123 bytes in 92 msecs (HTTP/1.1 200) 4 headers in 157 bytes (1 switches on core 0) [pid: 8|app: 0|req: 421/918] 10.0.0.156 () {34 vars in 685 bytes} [Thu Jul 9 00:49:53 2026] POST /v2.0/security-groups => generated 1661 bytes in 191 msecs (HTTP/1.1 201) 4 headers in 163 bytes (1 switches on core 0) [pid: 7|app: 0|req: 498/919] 10.0.0.152 () {34 vars in 1040 bytes} [Thu Jul 9 00:49:53 2026] GET /v2.0/security-groups?id=f4026707-61a3-4dc1-8f19-915ddc1009ea&fields=id&fields=name => generated 114 bytes in 56 msecs (HTTP/1.1 200) 4 headers in 157 bytes (1 switches on core 0)
2026-07-09 00:49:53.359 8 INFO neutron.db.ovn_revision_numbers_db [None req-26df6dd8-f078-4002-96e2-733fc25eea81 4fdd1dda5f2147ea84a4229b1f32d83a a7c0cf08affe4dcda1448067f22ce136 - - default default] Successfully bumped revision number for resource ccba150f-a4cf-4699-96f3-c85c27165af8 (type: security_group_rules) to 0 [pid: 8|app: 0|req: 422/920] 10.0.0.156 () {34 vars in 695 bytes} [Thu Jul 9 00:49:53 2026] POST /v2.0/security-group-rules => generated 597 bytes in 147 msecs (HTTP/1.1 201) 4 headers in 162 bytes (1 switches on core 0)
2026-07-09 00:49:53.528 7 INFO neutron.db.ovn_revision_numbers_db [None req-0a4af2a5-6fc1-4ac5-b929-052e3d439dae 4fdd1dda5f2147ea84a4229b1f32d83a a7c0cf08affe4dcda1448067f22ce136 - - default default] Successfully bumped revision number for resource 92fa0fd1-0e3e-478b-af11-a6866377006e (type: security_group_rules) to 0 [pid: 7|app: 0|req: 499/921] 10.0.0.156 () {34 vars in 695 bytes} [Thu Jul 9 00:49:53 2026] POST /v2.0/security-group-rules => generated 602 bytes in 174 msecs (HTTP/1.1 201) 4 headers in 162 bytes (1 switches on core 0)
2026-07-09 00:49:53.860 8 WARNING neutron.scheduler.dhcp_agent_scheduler [None req-4df24171-4f41-4c69-b645-bf38efa9b0fc 4fdd1dda5f2147ea84a4229b1f32d83a a7c0cf08affe4dcda1448067f22ce136 - - default default] No more DHCP agents
