2026-07-09 00:52:26.022 8 INFO neutron_taas.services.taas.taas_plugin [None req-827dc05d-0556-4128-97ac-1ac9f6900827 c61ef0e6f92446dca09bd37f5e07c4b5 95646d775fcb494382766cb458e2e95f - - default default] TaaS: Handle Delete Port: 84c52a95-ee36-4ee0-afbb-38f4da229c0a
2026-07-09 00:52:26.026 8 INFO neutron_taas.services.taas.tap_mirror_plugin [None req-827dc05d-0556-4128-97ac-1ac9f6900827 c61ef0e6f92446dca09bd37f5e07c4b5 95646d775fcb494382766cb458e2e95f - - default default] Tap Mirror: Handle Delete Port: 84c52a95-ee36-4ee0-afbb-38f4da229c0a [pid: 7|app: 0|req: 1161/2115] 10.0.0.156 () {32 vars in 740 bytes} [Thu Jul 9 00:52:25 2026] DELETE /v2.0/security-groups/07e22fed-e89e-4afb-aff3-9b225e0972c7 => generated 0 bytes in 175 msecs (HTTP/1.1 204) 2 headers in 112 bytes (1 switches on core 0)
2026-07-09 00:52:26.214 8 INFO neutron.services.segments.plugin [-] Segment c039e6b6-ecab-4491-8ab6-202f3df2bfc2 resource provider aggregate not found
2026-07-09 00:52:26.217 8 INFO neutron.services.segments.plugin [-] Segment c039e6b6-ecab-4491-8ab6-202f3df2bfc2 resource provider aggregate not found
2026-07-09 00:52:26.234 8 INFO neutron.services.segments.plugin [-] Client error retrieving segment c039e6b6-ecab-4491-8ab6-202f3df2bfc2 resource provider; error: Placement Client Error (4xx): {"errors": [{"status": 404, "title": "Not Found", "detail": "The resource could not be found.\n\n No resource provider with uuid c039e6b6-ecab-4491-8ab6-202f3df2bfc2 found for delete ", "request_id": "req-7d22cdf6-c4c6-43c8-92db-647c3aafe221"}]}
2026-07-09 00:52:26.237 8 INFO neutron.services.segments.plugin [-] Client error retrieving segment c039e6b6-ecab-4491-8ab6-202f3df2bfc2 resource provider; error: Placement Client Error (4xx): {"errors": [{"status": 404, "title": "Not Found", "detail": "The resource could not be found.\n\n No resource provider with uuid c039e6b6-ecab-4491-8ab6-202f3df2bfc2 found for delete ", "request_id": "req-1a139440-69cc-4901-aba8-5dec61c0cbe5"}]} [pid: 8|app: 0|req: 955/2116] 10.0.0.156 () {32 vars in 726 bytes} [Thu Jul 9 00:52:25 2026] DELETE /v2.0/networks/7d93dbfa-86d0-4484-96f0-a2a7f0a53b16 => generated 0 bytes in 381 msecs (HTTP/1.1 204) 3 headers in 131 bytes (1 switches on core 0)
2026-07-09 00:52:26.333 8 WARNING neutron.db.securitygroups_db [None req-d1c7e062-2336-4a8f-8c5c-e74bba78b8b1 7486847637834fe1a3fb24e6e999e2ff 52e3473b0e3644a5902c25692363c61c - - default default] project_id key not found in filters, using tenant_id instead. This support has been deprecated and will be removed in a future release.
2026-07-09 00:52:26.431 7 INFO neutron_taas.services.taas.taas_plugin [None req-b55f0494-7c0d-4e50-ab53-f19d16e9f504 c61ef0e6f92446dca09bd37f5e07c4b5 95646d775fcb494382766cb458e2e95f - - default default] TaaS: Handle Delete Port: 27e9cdca-e92f-4814-a0a1-1288c8f4433e
2026-07-09 00:52:26.434 7 INFO neutron_taas.services.taas.tap_mirror_plugin [None req-b55f0494-7c0d-4e50-ab53-f19d16e9f504 c61ef0e6f92446dca09bd37f5e07c4b5 95646d775fcb494382766cb458e2e95f - - default default] Tap Mirror: Handle Delete Port: 27e9cdca-e92f-4814-a0a1-1288c8f4433e
2026-07-09 00:52:26.455 8 INFO neutron.db.ovn_revision_numbers_db [None req-d1c7e062-2336-4a8f-8c5c-e74bba78b8b1 7486847637834fe1a3fb24e6e999e2ff 52e3473b0e3644a5902c25692363c61c - - default default] Successfully bumped revision number for resource d9de7e36-42a7-4306-86e6-268dc4e9d113 (type: security_groups) to 1
2026-07-09 00:52:26.469 8 INFO neutron.db.ovn_revision_numbers_db [None req-d1c7e062-2336-4a8f-8c5c-e74bba78b8b1 7486847637834fe1a3fb24e6e999e2ff 52e3473b0e3644a5902c25692363c61c - - default default] Successfully bumped revision number for resource 517e01ac-4878-4c9b-9aee-6e0a9f9ee912 (type: security_group_rules) to 0
2026-07-09 00:52:26.480 8 INFO neutron.db.ovn_revision_numbers_db [None req-d1c7e062-2336-4a8f-8c5c-e74bba78b8b1 7486847637834fe1a3fb24e6e999e2ff 52e3473b0e3644a5902c25692363c61c - - default default] Successfully bumped revision number for resource 5e740c63-ab8e-4df8-9eec-66f47d2dbb3a (type: security_group_rules) to 0
2026-07-09 00:52:26.491 8 INFO neutron.db.ovn_revision_numbers_db [None req-d1c7e062-2336-4a8f-8c5c-e74bba78b8b1 7486847637834fe1a3fb24e6e999e2ff 52e3473b0e3644a5902c25692363c61c - - default default] Successfully bumped revision number for resource caa66f3b-543b-4728-96da-81728e3fc5e2 (type: security_group_rules) to 0
2026-07-09 00:52:26.504 8 INFO neutron.db.ovn_revision_numbers_db [None req-d1c7e062-2336-4a8f-8c5c-e74bba78b8b1 7486847637834fe1a3fb24e6e999e2ff 52e3473b0e3644a5902c25692363c61c - - default default] Successfully bumped revision number for resource dfa5c69f-cdf4-4232-9be6-5f29d7520ed7 (type: security_group_rules) to 0 [pid: 8|app: 0|req: 956/2117] 10.0.0.156 () {32 vars in 774 bytes} [Thu Jul 9 00:52:26 2026] GET /v2.0/security-groups?tenant_id=ae7a52b9cd48438fb1aeb47de17bceec&name=default => generated 2925 bytes in 224 msecs (HTTP/1.1 200) 4 headers in 158 bytes (1 switches on core 0)
2026-07-09 00:52:26.668 7 INFO neutron.services.segments.plugin [-] Segment 71edebf3-af0d-4525-aca2-4c04b17c3b8d resource provider aggregate not found
2026-07-09 00:52:26.689 7 INFO neutron.services.segments.plugin [-] Segment 71edebf3-af0d-4525-aca2-4c04b17c3b8d resource provider aggregate not found
2026-07-09 00:52:26.701 7 INFO neutron.services.segments.plugin [-] Client error retrieving segment 71edebf3-af0d-4525-aca2-4c04b17c3b8d resource provider; error: Placement Client Error (4xx): {"errors": [{"status": 404, "title": "Not Found", "detail": "The resource could not be found.\n\n No resource provider with uuid 71edebf3-af0d-4525-aca2-4c04b17c3b8d found for delete ", "request_id": "req-e4ac2d6b-4265-4565-a774-63fe27f45cda"}]}
2026-07-09 00:52:26.718 7 INFO neutron.services.segments.plugin [-] Client error retrieving segment 71edebf3-af0d-4525-aca2-4c04b17c3b8d resource provider; error: Placement Client Error (4xx): {"errors": [{"status": 404, "title": "Not Found", "detail": "The resource could not be found.\n\n No resource provider with uuid 71edebf3-af0d-4525-aca2-4c04b17c3b8d found for delete ", "request_id": "req-c5fc9833-cdd2-4c38-9990-50ac4bdb8fcf"}]} [pid: 7|app: 0|req: 1162/2118] 10.0.0.156 () {32 vars in 726 bytes} [Thu Jul 9 00:52:26 2026] DELETE /v2.0/networks/db66ed6c-99b8-42c9-9b14-98cbf017ff1b => generated 0 bytes in 466 msecs (HTTP/1.1 204) 3 headers in 131 bytes (1 switches on core 0) [pid: 8|app: 0|req: 957/2119] 10.0.0.156 () {32 vars in 740 bytes} [Thu Jul 9 00:52:26 2026] DELETE /v2.0/security-groups/d9de7e36-42a7-4306-86e6-268dc4e9d113 => generated 0 bytes in 256 msecs (HTTP/1.1 204) 2 headers in 112 bytes (1 switches on core 0)
2026-07-09 00:52:26.886 7 INFO neutron_taas.services.taas.taas_plugin [None req-712fa4aa-462e-4c6b-a7e7-5170aec12e84 c61ef0e6f92446dca09bd37f5e07c4b5 95646d775fcb494382766cb458e2e95f - - default default] TaaS: Handle Delete Port: dd58b2c5-ac2b-4cfa-95bf-4b24307f14c3
2026-07-09 00:52:26.890 7 INFO neutron_taas.services.taas.tap_mirror_plugin [None req-712fa4aa-462e-4c6b-a7e7-5170aec12e84 c61ef0e6f92446dca09bd37f5e07c4b5 95646d775fcb494382766cb458e2e95f - - default default] Tap Mirror: Handle Delete Port: dd58b2c5-ac2b-4cfa-95bf-4b24307f14c3
2026-07-09 00:52:26.988 8 WARNING neutron.db.securitygroups_db [None req-0f9f63fa-7f5f-4d55-9c1a-d9c224dcbf5a 7486847637834fe1a3fb24e6e999e2ff 52e3473b0e3644a5902c25692363c61c - - default default] project_id key not found in filters, using tenant_id instead. This support has been deprecated and will be removed in a future release. [pid: 7|app: 0|req: 1163/2120] 10.0.0.156 () {32 vars in 726 bytes} [Thu Jul 9 00:52:26 2026] DELETE /v2.0/networks/d554e1cd-28d6-4e7e-a3f0-e9dd2496cd92 => generated 0 bytes in 377 msecs (HTTP/1.1 204) 3 headers in 131 bytes (1 switches on core 0)
2026-07-09 00:52:27.137 8 INFO neutron.db.ovn_revision_numbers_db [None req-0f9f63fa-7f5f-4d55-9c1a-d9c224dcbf5a 7486847637834fe1a3fb24e6e999e2ff 52e3473b0e3644a5902c25692363c61c - - default default] Successfully bumped revision number for resource 76426d3b-0f2e-4850-9f9a-e3f9393ad7d5 (type: security_groups) to 1
2026-07-09 00:52:27.150 8 INFO neutron.db.ovn_revision_numbers_db [None req-0f9f63fa-7f5f-4d55-9c1a-d9c224dcbf5a 7486847637834fe1a3fb24e6e999e2ff 52e3473b0e3644a5902c25692363c61c - - default default] Successfully bumped revision number for resource 30b7b5d8-fc88-4f8a-8f29-519b9cae3271 (type: security_group_rules) to 0
2026-07-09 00:52:27.168 8 INFO neutron.db.ovn_revision_numbers_db [None req-0f9f63fa-7f5f-4d55-9c1a-d9c224dcbf5a 7486847637834fe1a3fb24e6e999e2ff 52e3473b0e3644a5902c25692363c61c - - default default] Successfully bumped revision number for resource 4318ab36-481a-4b5d-828c-54d5ce306716 (type: security_group_rules) to 0
2026-07-09 00:52:27.190 8 INFO neutron.db.ovn_revision_numbers_db [None req-0f9f63fa-7f5f-4d55-9c1a-d9c224dcbf5a 7486847637834fe1a3fb24e6e999e2ff 52e3473b0e3644a5902c25692363c61c - - default default] Successfully bumped revision number for resource 4cb3d7e3-a905-4691-938e-c4a381dd5e69 (type: security_group_rules) to 0
2026-07-09 00:52:27.209 8 INFO neutron.db.ovn_revision_numbers_db [None req-0f9f63fa-7f5f-4d55-9c1a-d9c224dcbf5a 7486847637834fe1a3fb24e6e999e2ff 52e3473b0e3644a5902c25692363c61c - - default default] Successfully bumped revision number for resource 959bb33d-cfd7-4942-893a-be32198e34d7 (type: security_group_rules) to 0 [pid: 8|app: 0|req: 958/2121] 10.0.0.156 () {32 vars in 774 bytes} [Thu Jul 9 00:52:26 2026] GET /v2.0/security-groups?tenant_id=c8c3e3d7b7e94689950e2fef067c24b7&name=default => generated 2925 bytes in 272 msecs (HTTP/1.1 200) 4 headers in 158 bytes (1 switches on core 0)
2026-07-09 00:52:27.268 7 INFO neutron_taas.services.taas.taas_plugin [None req-7fd816a9-db03-443e-84e6-26a32580fa81 c61ef0e6f92446dca09bd37f5e07c4b5 95646d775fcb494382766cb458e2e95f - - default default] TaaS: Handle Delete Port: 2fa858e9-0090-4eed-a3a7-ce95647e6078
2026-07-09 00:52:27.275 7 INFO neutron_taas.services.taas.tap_mirror_plugin [None req-7fd816a9-db03-443e-84e6-26a32580fa81 c61ef0e6f92446dca09bd37f5e07c4b5 95646d775fcb494382766cb458e2e95f - - default default] Tap Mirror: Handle Delete Port: 2fa858e9-0090-4eed-a3a7-ce95647e6078 [pid: 8|app: 0|req: 959/2122] 10.0.0.156 () {32 vars in 740 bytes} [Thu Jul 9 00:52:27 2026] DELETE /v2.0/security-groups/76426d3b-0f2e-4850-9f9a-e3f9393ad7d5 => generated 0 bytes in 232 msecs (HTTP/1.1 204) 2 headers in 112 bytes (1 switches on core 0) [pid: 7|app: 0|req: 1164/2123] 10.0.0.156 () {32 vars in 726 bytes} [Thu Jul 9 00:52:27 2026] DELETE /v2.0/networks/f7c4e890-0f47-476b-b50a-e8a7d2ea04cc => generated 0 bytes in 440 msecs (HTTP/1.1 204) 3 headers in 131 bytes (1 switches on core 0)
2026-07-09 00:52:27.684 8 INFO neutron_taas.services.taas.taas_plugin [None req-b9b33898-fd4a-442b-9da2-7a6cff0c4b16 c61ef0e6f92446dca09bd37f5e07c4b5 95646d775fcb494382766cb458e2e95f - - default default] TaaS: Handle Delete Port: 1fe738c4-c32a-4406-a67b-f26ebd460f16
2026-07-09 00:52:27.686 8 INFO neutron_taas.services.taas.tap_mirror_plugin [None req-b9b33898-fd4a-442b-9da2-7a6cff0c4b16 c61ef0e6f92446dca09bd37f5e07c4b5 95646d775fcb494382766cb458e2e95f - - default default] Tap Mirror: Handle Delete Port: 1fe738c4-c32a-4406-a67b-f26ebd460f16 [pid: 8|app: 0|req: 960/2124] 10.0.0.156 () {32 vars in 726 bytes} [Thu Jul 9 00:52:27 2026] DELETE /v2.0/networks/7147e796-670a-4da5-a679-9c8dfef810f2 => generated 0 bytes in 327 msecs (HTTP/1.1 204) 3 headers in 131 bytes (1 switches on core 0)
2026-07-09 00:52:28.253 8 INFO neutron.services.segments.plugin [-] Segment b7ae9dde-6297-4cb6-b508-448f9b97229a resource provider aggregate not found
2026-07-09 00:52:28.257 8 INFO neutron.services.segments.plugin [-] Segment b7ae9dde-6297-4cb6-b508-448f9b97229a resource provider aggregate not found
2026-07-09 00:52:28.270 8 INFO neutron.services.segments.plugin [-] Client error retrieving segment b7ae9dde-6297-4cb6-b508-448f9b97229a resource provider; error: Placement Client Error (4xx): {"errors": [{"status": 404, "title": "Not Found", "detail": "The resource could not be found.\n\n No resource provider with uuid b7ae9dde-6297-4cb6-b508-448f9b97229a found for delete ", "request_id": "req-f08314f5-052f-4349-9562-8aaa2d6f44a1"}]}
2026-07-09 00:52:28.276 8 INFO neutron.services.segments.plugin [-] Client error retrieving segment b7ae9dde-6297-4cb6-b508-448f9b97229a resource provider; error: Placement Client Error (4xx): {"errors": [{"status": 404, "title": "Not Found", "detail": "The resource could not be found.\n\n No resource provider with uuid b7ae9dde-6297-4cb6-b508-448f9b97229a found for delete ", "request_id": "req-6ceb444f-3126-4ac5-94b4-41a9fea133ad"}]}
2026-07-09 00:52:28.436 7 WARNING neutron.db.securitygroups_db [None req-6beacb3c-c733-433e-adbb-9493c3c98986 7486847637834fe1a3fb24e6e999e2ff 52e3473b0e3644a5902c25692363c61c - - default default] project_id key not found in filters, using tenant_id instead. This support has been deprecated and will be removed in a future release.
2026-07-09 00:52:28.547 7 INFO neutron.db.ovn_revision_numbers_db [None req-6beacb3c-c733-433e-adbb-9493c3c98986 7486847637834fe1a3fb24e6e999e2ff 52e3473b0e3644a5902c25692363c61c - - default default] Successfully bumped revision number for resource 264101ba-a656-4760-ada6-a8b97d213ef1 (type: security_groups) to 1
2026-07-09 00:52:28.558 7 INFO neutron.db.ovn_revision_numbers_db [None req-6beacb3c-c733-433e-adbb-9493c3c98986 7486847637834fe1a3fb24e6e999e2ff 52e3473b0e3644a5902c25692363c61c - - default default] Successfully bumped revision number for resource 8bae0412-7bc8-45c6-859b-1a293fecc440 (type: security_group_rules) to 0
2026-07-09 00:52:28.568 7 INFO neutron.db.ovn_revision_numbers_db [None req-6beacb3c-c733-433e-adbb-9493c3c98986 7486847637834fe1a3fb24e6e999e2ff 52e3473b0e3644a5902c25692363c61c - - default default] Successfully bumped revision number for resource a32f3ca5-ee47-4395-80dc-f2af1ca7a1dc (type: security_group_rules) to 0
2026-07-09 00:52:28.579 7 INFO neutron.db.ovn_revision_numbers_db [None req-6beacb3c-c733-433e-adbb-9493c3c98986 7486847637834fe1a3fb24e6e999e2ff 52e3473b0e3644a5902c25692363c61c - - default default] Successfully bumped revision number for resource a89c4655-ea6e-43cc-85d1-b2069c1d601d (type: security_group_rules) to 0
2026-07-09 00:52:28.589 7 INFO neutron.db.ovn_revision_numbers_db [None req-6beacb3c-c733-433e-adbb-9493c3c98986 7486847637834fe1a3fb24e6e999e2ff 52e3473b0e3644a5902c25692363c61c - - default default] Successfully bumped revision number for resource f060e430-e570-4c4b-861a-e8dfac479899 (type: security_group_rules) to 0 [pid: 7|app: 0|req: 1165/2125] 10.0.0.156 () {32 vars in 774 bytes} [Thu Jul 9 00:52:28 2026] GET /v2.0/security-groups?tenant_id=b294ddd198804e7f90b691040b204b8b&name=default => generated 2925 bytes in 386 msecs (HTTP/1.1 200) 4 headers in 158 bytes (1 switches on core 0)
2026-07-09 00:52:28.650 8 WARNING neutron.db.securitygroups_db [None req-ddd659e7-b910-4a3d-bd8e-1f483e1c9965 7486847637834fe1a3fb24e6e999e2ff 52e3473b0e3644a5902c25692363c61c - - default default] project_id key not found in filters, using tenant_id instead. This support has been deprecated and will be removed in a future release.
2026-07-09 00:52:28.727 7 INFO neutron.services.segments.plugin [-] Segment dec30d79-4915-4826-a525-1debcb46331c resource provider aggregate not found
2026-07-09 00:52:28.741 7 INFO neutron.services.segments.plugin [-] Segment dec30d79-4915-4826-a525-1debcb46331c resource provider aggregate not found
2026-07-09 00:52:28.753 7 INFO neutron.services.segments.plugin [-] Client error retrieving segment dec30d79-4915-4826-a525-1debcb46331c resource provider; error: Placement Client Error (4xx): {"errors": [{"status": 404, "title": "Not Found", "detail": "The resource could not be found.\n\n No resource provider with uuid dec30d79-4915-4826-a525-1debcb46331c found for delete ", "request_id": "req-404ffb3b-ac09-48e9-bcaf-cb62ba33aa93"}]}
2026-07-09 00:52:28.760 7 INFO neutron.services.segments.plugin [-] Client error retrieving segment dec30d79-4915-4826-a525-1debcb46331c resource provider; error: Placement Client Error (4xx): {"errors": [{"status": 404, "title": "Not Found", "detail": "The resource could not be found.\n\n No resource provider with uuid dec30d79-4915-4826-a525-1debcb46331c found for delete ", "request_id": "req-c9af2350-5788-410b-93a3-c5416743f7da"}]}
2026-07-09 00:52:28.767 8 INFO neutron.db.ovn_revision_numbers_db [None req-ddd659e7-b910-4a3d-bd8e-1f483e1c9965 7486847637834fe1a3fb24e6e999e2ff 52e3473b0e3644a5902c25692363c61c - - default default] Successfully bumped revision number for resource 9ed25286-71c0-4352-8493-4139eb95bb53 (type: security_groups) to 1
2026-07-09 00:52:28.777 7 INFO neutron.services.segments.plugin [-] Segment 00214289-2739-44cd-94d3-1bbc7899e26e resource provider aggregate not found
2026-07-09 00:52:28.778 8 INFO neutron.db.ovn_revision_numbers_db [None req-ddd659e7-b910-4a3d-bd8e-1f483e1c9965 7486847637834fe1a3fb24e6e999e2ff 52e3473b0e3644a5902c25692363c61c - - default default] Successfully bumped revision number for resource 23e27970-9434-4b19-b966-7c8010307281 (type: security_group_rules) to 0
2026-07-09 00:52:28.787 7 INFO neutron.services.segments.plugin [-] Segment 00214289-2739-44cd-94d3-1bbc7899e26e resource provider aggregate not found
2026-07-09 00:52:28.789 8 INFO neutron.db.ovn_revision_numbers_db [None req-ddd659e7-b910-4a3d-bd8e-1f483e1c9965 7486847637834fe1a3fb24e6e999e2ff 52e3473b0e3644a5902c25692363c61c - - default default] Successfully bumped revision number for resource 43d153b8-1ab5-41ce-b601-ec33379db365 (type: security_group_rules) to 0
2026-07-09 00:52:28.797 7 INFO neutron.services.segments.plugin [-] Client error retrieving segment 00214289-2739-44cd-94d3-1bbc7899e26e resource provider; error: Placement Client Error (4xx): {"errors": [{"status": 404, "title": "Not Found", "detail": "The resource could not be found.\n\n No resource provider with uuid 00214289-2739-44cd-94d3-1bbc7899e26e found for delete ", "request_id": "req-33220ad0-013a-4d99-a8ed-341888d5ece0"}]}
2026-07-09 00:52:28.806 8 INFO neutron.db.ovn_revision_numbers_db [None req-ddd659e7-b910-4a3d-bd8e-1f483e1c9965 7486847637834fe1a3fb24e6e999e2ff 52e3473b0e3644a5902c25692363c61c - - default default] Successfully bumped revision number for resource cb2b03d0-e1bb-4b16-bde0-4afcad8325a0 (type: security_group_rules) to 0
2026-07-09 00:52:28.807 7 INFO neutron.services.segments.plugin [-] Client error retrieving segment 00214289-2739-44cd-94d3-1bbc7899e26e resource provider; error: Placement Client Error (4xx): {"errors": [{"status": 404, "title": "Not Found", "detail": "The resource could not be found.\n\n No resource provider with uuid 00214289-2739-44cd-94d3-1bbc7899e26e found for delete ", "request_id": "req-bcc8d863-4d83-4ea3-9a3d-72bac25e400e"}]}
2026-07-09 00:52:28.819 8 INFO neutron.db.ovn_revision_numbers_db [None req-ddd659e7-b910-4a3d-bd8e-1f483e1c9965 7486847637834fe1a3fb24e6e999e2ff 52e3473b0e3644a5902c25692363c61c - - default default] Successfully bumped revision number for resource fd8e92c6-18e6-4a81-a1b9-7b493c00ce60 (type: security_group_rules) to 0 [pid: 7|app: 0|req: 1166/2126] 10.0.0.156 () {32 vars in 740 bytes} [Thu Jul 9 00:52:28 2026] DELETE /v2.0/security-groups/264101ba-a656-4760-ada6-a8b97d213ef1 => generated 0 bytes in 247 msecs (HTTP/1.1 204) 2 headers in 112 bytes (1 switches on core 0) [pid: 8|app: 0|req: 961/2127] 10.0.0.156 () {32 vars in 774 bytes} [Thu Jul 9 00:52:28 2026] GET /v2.0/security-groups?tenant_id=435e039d55644653ae463e04bb6ae6d2&name=default => generated 2925 bytes in 290 msecs (HTTP/1.1 200) 4 headers in 158 bytes (1 switches on core 0)
2026-07-09 00:52:29.054 8 WARNING neutron.db.securitygroups_db [None req-5052f96e-fab1-4e54-84fd-afad9ed5573b 7486847637834fe1a3fb24e6e999e2ff 52e3473b0e3644a5902c25692363c61c - - default default] project_id key not found in filters, using tenant_id instead. This support has been deprecated and will be removed in a future release. [pid: 7|app: 0|req: 1167/2128] 10.0.0.156 () {32 vars in 740 bytes} [Thu Jul 9 00:52:28 2026] DELETE /v2.0/security-groups/9ed25286-71c0-4352-8493-4139eb95bb53 => generated 0 bytes in 200 msecs (HTTP/1.1 204) 2 headers in 112 bytes (1 switches on core 0)
2026-07-09 00:52:29.186 8 INFO neutron.db.ovn_revision_numbers_db [None req-5052f96e-fab1-4e54-84fd-afad9ed5573b 7486847637834fe1a3fb24e6e999e2ff 52e3473b0e3644a5902c25692363c61c - - default default] Successfully bumped revision number for resource c665dc4f-3168-4f40-adb5-9dffdc738d12 (type: security_groups) to 1
2026-07-09 00:52:29.198 8 INFO neutron.db.ovn_revision_numbers_db [None req-5052f96e-fab1-4e54-84fd-afad9ed5573b 7486847637834fe1a3fb24e6e999e2ff 52e3473b0e3644a5902c25692363c61c - - default default] Successfully bumped revision number for resource 1d0a230d-a352-4b11-ac29-9cd3ce3106eb (type: security_group_rules) to 0
2026-07-09 00:52:29.213 8 INFO neutron.db.ovn_revision_numbers_db [None req-5052f96e-fab1-4e54-84fd-afad9ed5573b 7486847637834fe1a3fb24e6e999e2ff 52e3473b0e3644a5902c25692363c61c - - default default] Successfully bumped revision number for resource 94bcf5a6-7c90-4b0d-afb6-425393366f79 (type: security_group_rules) to 0
2026-07-09 00:52:29.230 8 INFO neutron.db.ovn_revision_numbers_db [None req-5052f96e-fab1-4e54-84fd-afad9ed5573b 7486847637834fe1a3fb24e6e999e2ff 52e3473b0e3644a5902c25692363c61c - - default default] Successfully bumped revision number for resource daacbf93-7807-4707-a21a-a63ce07423bc (type: security_group_rules) to 0
2026-07-09 00:52:29.240 8 INFO neutron.db.ovn_revision_numbers_db [None req-5052f96e-fab1-4e54-84fd-afad9ed5573b 7486847637834fe1a3fb24e6e999e2ff 52e3473b0e3644a5902c25692363c61c - - default default] Successfully bumped revision number for resource eeac0868-50ee-41b7-973c-dd0cdd51acd1 (type: security_group_rules) to 0
2026-07-09 00:52:29.256 7 WARNING neutron.db.securitygroups_db [None req-84b9111d-b82d-4da8-b530-d90569c5548a 7486847637834fe1a3fb24e6e999e2ff 52e3473b0e3644a5902c25692363c61c - - default default] project_id key not found in filters, using tenant_id instead. This support has been deprecated and will be removed in a future release. [pid: 7|app: 0|req: 1168/2129] 10.0.0.156 () {32 vars in 774 bytes} [Thu Jul 9 00:52:29 2026] GET /v2.0/security-groups?tenant_id=95646d775fcb494382766cb458e2e95f&name=default => generated 2925 bytes in 28 msecs (HTTP/1.1 200) 4 headers in 158 bytes (1 switches on core 0) [pid: 8|app: 0|req: 962/2130] 10.0.0.156 () {32 vars in 774 bytes} [Thu Jul 9 00:52:29 2026] GET /v2.0/security-groups?tenant_id=c77ea26468204d5ebd0310ddfe63424a&name=default => generated 2925 bytes in 229 msecs (HTTP/1.1 200) 4 headers in 158 bytes (1 switches on core 0) [pid: 8|app: 0|req: 963/2131] 10.0.0.156 () {32 vars in 740 bytes} [Thu Jul 9 00:52:29 2026] DELETE /v2.0/security-groups/c665dc4f-3168-4f40-adb5-9dffdc738d12 => generated 0 bytes in 176 msecs (HTTP/1.1 204) 2 headers in 112 bytes (1 switches on core 0) [pid: 7|app: 0|req: 1169/2132] 10.0.0.156 () {32 vars in 740 bytes} [Thu Jul 9 00:52:29 2026] DELETE /v2.0/security-groups/9d349b47-5bf4-4d1d-bd69-6a9e52301bf5 => generated 0 bytes in 233 msecs (HTTP/1.1 204) 2 headers in 112 bytes (1 switches on core 0)
2026-07-09 00:52:29.670 7 WARNING neutron.db.securitygroups_db [None req-3d89011a-0b59-48f1-a284-87a765b72423 7486847637834fe1a3fb24e6e999e2ff 52e3473b0e3644a5902c25692363c61c - - default default] project_id key not found in filters, using tenant_id instead. This support has been deprecated and will be removed in a future release.
2026-07-09 00:52:29.804 7 INFO neutron.db.ovn_revision_numbers_db [None req-3d89011a-0b59-48f1-a284-87a765b72423 7486847637834fe1a3fb24e6e999e2ff 52e3473b0e3644a5902c25692363c61c - - default default] Successfully bumped revision number for resource 6c7bad0e-2600-493a-8881-8651c493642c (type: security_groups) to 1
2026-07-09 00:52:29.819 7 INFO neutron.db.ovn_revision_numbers_db [None req-3d89011a-0b59-48f1-a284-87a765b72423 7486847637834fe1a3fb24e6e999e2ff 52e3473b0e3644a5902c25692363c61c - - default default] Successfully bumped revision number for resource 8f547bad-6810-44d0-8ba3-7b4df44e3337 (type: security_group_rules) to 0
2026-07-09 00:52:29.837 7 INFO neutron.db.ovn_revision_numbers_db [None req-3d89011a-0b59-48f1-a284-87a765b72423 7486847637834fe1a3fb24e6e999e2ff 52e3473b0e3644a5902c25692363c61c - - default default] Successfully bumped revision number for resource abbb8c94-75f4-4858-aba6-1788e0316069 (type: security_group_rules) to 0
2026-07-09 00:52:29.849 7 INFO neutron.db.ovn_revision_numbers_db [None req-3d89011a-0b59-48f1-a284-87a765b72423 7486847637834fe1a3fb24e6e999e2ff 52e3473b0e3644a5902c25692363c61c - - default default] Successfully bumped revision number for resource db462c5c-78e7-43fc-8ead-c0edb6ac47e7 (type: security_group_rules) to 0
2026-07-09 00:52:29.863 7 INFO neutron.db.ovn_revision_numbers_db [None req-3d89011a-0b59-48f1-a284-87a765b72423 7486847637834fe1a3fb24e6e999e2ff 52e3473b0e3644a5902c25692363c61c - - default default] Successfully bumped revision number for resource f6ec6d39-62ad-4612-b407-8eaa6b77723f (type: security_group_rules) to 0
2026-07-09 00:52:29.929 8 INFO neutron.db.ovn_revision_numbers_db [None req-f4489c85-3ea9-408e-a72a-3548003349b5 018356fc05084ca8a2262a72001bca33 7e7cffdf3527469a915b4d84588f3632 - - default default] Successfully bumped revision number for resource 9079ae5b-f854-4953-a9c2-117791655452 (type: security_groups) to 1 [pid: 7|app: 0|req: 1172/2135] 10.0.0.156 () {32 vars in 774 bytes} [Thu Jul 9 00:52:29 2026] GET /v2.0/security-groups?tenant_id=6cb23e588d0e49fd8940065519b978f9&name=default => generated 2925 bytes in 268 msecs (HTTP/1.1 200) 4 headers in 158 bytes (1 switches on core 0)
2026-07-09 00:52:29.948 8 INFO neutron.db.ovn_revision_numbers_db [None req-f4489c85-3ea9-408e-a72a-3548003349b5 018356fc05084ca8a2262a72001bca33 7e7cffdf3527469a915b4d84588f3632 - - default default] Successfully bumped revision number for resource 15de245f-d77d-4673-b0cb-d43edc5a1654 (type: security_group_rules) to 0
2026-07-09 00:52:29.960 8 INFO neutron.db.ovn_revision_numbers_db [None req-f4489c85-3ea9-408e-a72a-3548003349b5 018356fc05084ca8a2262a72001bca33 7e7cffdf3527469a915b4d84588f3632 - - default default] Successfully bumped revision number for resource 81c478fa-d1e0-4b70-8dbd-f50dcaba23ed (type: security_group_rules) to 0
2026-07-09 00:52:29.971 8 INFO neutron.db.ovn_revision_numbers_db [None req-f4489c85-3ea9-408e-a72a-3548003349b5 018356fc05084ca8a2262a72001bca33 7e7cffdf3527469a915b4d84588f3632 - - default default] Successfully bumped revision number for resource 83356f09-8295-49bd-a81a-5578bb42b76d (type: security_group_rules) to 0
2026-07-09 00:52:29.982 8 INFO neutron.db.ovn_revision_numbers_db [None req-f4489c85-3ea9-408e-a72a-3548003349b5 018356fc05084ca8a2262a72001bca33 7e7cffdf3527469a915b4d84588f3632 - - default default] Successfully bumped revision number for resource fdcb2f22-c072-4a83-a302-e33a2bdaf8f6 (type: security_group_rules) to 0
2026-07-09 00:52:30.057 8 INFO neutron.db.segments_db [None req-f4489c85-3ea9-408e-a72a-3548003349b5 018356fc05084ca8a2262a72001bca33 7e7cffdf3527469a915b4d84588f3632 - - default default] Added segment cb1bc029-08b2-479b-b5b5-d84ce48b7e58 of type geneve for network fcda7dc1-3704-4f3c-98ad-a00e20a2d598 [pid: 7|app: 0|req: 1173/2136] 10.0.0.156 () {32 vars in 740 bytes} [Thu Jul 9 00:52:29 2026] DELETE /v2.0/security-groups/6c7bad0e-2600-493a-8881-8651c493642c => generated 0 bytes in 186 msecs (HTTP/1.1 204) 2 headers in 112 bytes (1 switches on core 0)
2026-07-09 00:52:30.159 8 INFO neutron.db.ovn_revision_numbers_db [None req-f4489c85-3ea9-408e-a72a-3548003349b5 018356fc05084ca8a2262a72001bca33 7e7cffdf3527469a915b4d84588f3632 - - default default] Successfully bumped revision number for resource fcda7dc1-3704-4f3c-98ad-a00e20a2d598 (type: networks) to 1
2026-07-09 00:52:30.320 8 WARNING neutron.scheduler.dhcp_agent_scheduler [None req-f4489c85-3ea9-408e-a72a-3548003349b5 018356fc05084ca8a2262a72001bca33 7e7cffdf3527469a915b4d84588f3632 - - default default] No more DHCP agents
2026-07-09 00:52:30.321 8 WARNING neutron.api.rpc.agentnotifiers.dhcp_rpc_agent_api [None req-f4489c85-3ea9-408e-a72a-3548003349b5 018356fc05084ca8a2262a72001bca33 7e7cffdf3527469a915b4d84588f3632 - - default default] Unable to schedule network fcda7dc1-3704-4f3c-98ad-a00e20a2d598: no agents available; will retry on subsequent port and subnet creation events.
2026-07-09 00:52:30.388 7 INFO neutron.plugins.ml2.drivers.ovn.mech_driver.mech_driver [None req-7a47220f-433a-465c-82f8-16b744318c43 - - - - - -] OVN reports status down for port: fdee0a62-acca-4d5c-9f49-b5892ac6431d
2026-07-09 00:52:30.406 8 INFO neutron.db.ovn_revision_numbers_db [None req-f4489c85-3ea9-408e-a72a-3548003349b5 018356fc05084ca8a2262a72001bca33 7e7cffdf3527469a915b4d84588f3632 - - default default] Successfully bumped revision number for resource fdee0a62-acca-4d5c-9f49-b5892ac6431d (type: ports) to 1 [pid: 8|app: 0|req: 964/2137] 10.0.0.156 () {34 vars in 670 bytes} [Thu Jul 9 00:52:29 2026] POST /v2.0/networks => generated 670 bytes in 883 msecs (HTTP/1.1 201) 4 headers in 162 bytes (1 switches on core 0)
2026-07-09 00:52:30.702 7 WARNING neutron.scheduler.dhcp_agent_scheduler [None req-0006e6c5-d302-4d91-b8f8-10203ee3d41a 018356fc05084ca8a2262a72001bca33 7e7cffdf3527469a915b4d84588f3632 - - default default] No more DHCP agents
2026-07-09 00:52:30.703 7 WARNING neutron.api.rpc.agentnotifiers.dhcp_rpc_agent_api [None req-0006e6c5-d302-4d91-b8f8-10203ee3d41a 018356fc05084ca8a2262a72001bca33 7e7cffdf3527469a915b4d84588f3632 - - default default] Unable to schedule network fcda7dc1-3704-4f3c-98ad-a00e20a2d598: no agents available; will retry on subsequent port and subnet creation events.
2026-07-09 00:52:30.791 7 INFO neutron.plugins.ml2.drivers.ovn.mech_driver.mech_driver [None req-7a47220f-433a-465c-82f8-16b744318c43 - - - - - -] OVN reports status down for port: 4ee78911-f410-4b77-9933-3785fd214e13
2026-07-09 00:52:30.860 7 INFO neutron.db.ovn_revision_numbers_db [None req-0006e6c5-d302-4d91-b8f8-10203ee3d41a 018356fc05084ca8a2262a72001bca33 7e7cffdf3527469a915b4d84588f3632 - - default default] Successfully bumped revision number for resource 4ee78911-f410-4b77-9933-3785fd214e13 (type: ports) to 1 [pid: 7|app: 0|req: 1174/2138] 10.0.0.156 () {34 vars in 664 bytes} [Thu Jul 9 00:52:30 2026] POST /v2.0/ports => generated 743 bytes in 486 msecs (HTTP/1.1 201) 4 headers in 162 bytes (1 switches on core 0) [pid: 8|app: 0|req: 965/2139] 10.0.0.156 () {34 vars in 666 bytes} [Thu Jul 9 00:52:30 2026] POST /v2.0/trunks => generated 409 bytes in 230 msecs (HTTP/1.1 201) 4 headers in 162 bytes (1 switches on core 0) /var/lib/openstack/lib/python3.12/site-packages/pycadf/identifier.py:70: UserWarning: Invalid uuid: neutron. To ensure interoperability, identifiers should be a valid uuid. warnings.warn(('Invalid uuid: %s. To ensure interoperability, '
2026-07-09 00:52:31.268 7 INFO neutron.db.segments_db [None req-7ba8bfcc-463d-4f64-a786-15c1ed89606c 018356fc05084ca8a2262a72001bca33 7e7cffdf3527469a915b4d84588f3632 - - default default] Added segment a83859a0-2f97-461f-9292-6f55d6ad2314 of type geneve for network 60ed92a9-368a-446d-a2c4-40fe10ce3521
2026-07-09 00:52:31.381 7 INFO neutron.db.ovn_revision_numbers_db [None req-7ba8bfcc-463d-4f64-a786-15c1ed89606c 018356fc05084ca8a2262a72001bca33 7e7cffdf3527469a915b4d84588f3632 - - default default] Successfully bumped revision number for resource 60ed92a9-368a-446d-a2c4-40fe10ce3521 (type: networks) to 1
2026-07-09 00:52:31.540 7 WARNING neutron.scheduler.dhcp_agent_scheduler [None req-7ba8bfcc-463d-4f64-a786-15c1ed89606c 018356fc05084ca8a2262a72001bca33 7e7cffdf3527469a915b4d84588f3632 - - default default] No more DHCP agents
2026-07-09 00:52:31.541 7 WARNING neutron.api.rpc.agentnotifiers.dhcp_rpc_agent_api [None req-7ba8bfcc-463d-4f64-a786-15c1ed89606c 018356fc05084ca8a2262a72001bca33 7e7cffdf3527469a915b4d84588f3632 - - default default] Unable to schedule network 60ed92a9-368a-446d-a2c4-40fe10ce3521: no agents available; will retry on subsequent port and subnet creation events.
2026-07-09 00:52:31.591 7 INFO neutron.plugins.ml2.drivers.ovn.mech_driver.mech_driver [None req-7a47220f-433a-465c-82f8-16b744318c43 - - - - - -] OVN reports status down for port: e317dc9f-81d7-411d-aebb-c1eb2cf0a841
2026-07-09 00:52:31.642 7 INFO neutron.db.ovn_revision_numbers_db [None req-7ba8bfcc-463d-4f64-a786-15c1ed89606c 018356fc05084ca8a2262a72001bca33 7e7cffdf3527469a915b4d84588f3632 - - default default] Successfully bumped revision number for resource e317dc9f-81d7-411d-aebb-c1eb2cf0a841 (type: ports) to 1 [pid: 7|app: 0|req: 1175/2140] 10.0.0.156 () {34 vars in 670 bytes} [Thu Jul 9 00:52:31 2026] POST /v2.0/networks => generated 670 bytes in 510 msecs (HTTP/1.1 201) 4 headers in 162 bytes (1 switches on core 0)
2026-07-09 00:52:31.887 8 WARNING neutron.scheduler.dhcp_agent_scheduler [None req-f03344c9-9657-431b-8613-4191c7dfc0e7 018356fc05084ca8a2262a72001bca33 7e7cffdf3527469a915b4d84588f3632 - - default default] No more DHCP agents
2026-07-09 00:52:31.888 8 WARNING neutron.api.rpc.agentnotifiers.dhcp_rpc_agent_api [None req-f03344c9-9657-431b-8613-4191c7dfc0e7 018356fc05084ca8a2262a72001bca33 7e7cffdf3527469a915b4d84588f3632 - - default default] Unable to schedule network 60ed92a9-368a-446d-a2c4-40fe10ce3521: no agents available; will retry on subsequent port and subnet creation events.
2026-07-09 00:52:31.956 7 INFO neutron.plugins.ml2.drivers.ovn.mech_driver.mech_driver [None req-7a47220f-433a-465c-82f8-16b744318c43 - - - - - -] OVN reports status down for port: 76e6d783-1cdc-426f-9bbe-d5e69d8cbe51
2026-07-09 00:52:31.976 8 INFO neutron.db.ovn_revision_numbers_db [None req-f03344c9-9657-431b-8613-4191c7dfc0e7 018356fc05084ca8a2262a72001bca33 7e7cffdf3527469a915b4d84588f3632 - - default default] Successfully bumped revision number for resource 76e6d783-1cdc-426f-9bbe-d5e69d8cbe51 (type: ports) to 1 [pid: 8|app: 0|req: 966/2141] 10.0.0.156 () {34 vars in 664 bytes} [Thu Jul 9 00:52:31 2026] POST /v2.0/ports => generated 743 bytes in 323 msecs (HTTP/1.1 201) 4 headers in 162 bytes (1 switches on core 0) [pid: 7|app: 0|req: 1176/2142] 10.0.0.156 () {34 vars in 666 bytes} [Thu Jul 9 00:52:32 2026] POST /v2.0/trunks => generated 409 bytes in 245 msecs (HTTP/1.1 201) 4 headers in 162 bytes (1 switches on core 0) /var/lib/openstack/lib/python3.12/site-packages/pycadf/identifier.py:70: UserWarning: Invalid uuid: neutron. To ensure interoperability, identifiers should be a valid uuid. warnings.warn(('Invalid uuid: %s. To ensure interoperability, '
2026-07-09 00:52:32.380 8 INFO neutron.db.segments_db [None req-72fa162a-4940-4640-b078-99419cc6b2f9 018356fc05084ca8a2262a72001bca33 7e7cffdf3527469a915b4d84588f3632 - - default default] Added segment bef4ab55-d077-4caa-af00-dbaa3d946d26 of type geneve for network beda7fd8-46f1-40f2-8faf-1c52a8ea103b
2026-07-09 00:52:32.496 8 INFO neutron.db.ovn_revision_numbers_db [None req-72fa162a-4940-4640-b078-99419cc6b2f9 018356fc05084ca8a2262a72001bca33 7e7cffdf3527469a915b4d84588f3632 - - default default] Successfully bumped revision number for resource beda7fd8-46f1-40f2-8faf-1c52a8ea103b (type: networks) to 1
2026-07-09 00:52:32.659 8 WARNING neutron.scheduler.dhcp_agent_scheduler [None req-72fa162a-4940-4640-b078-99419cc6b2f9 018356fc05084ca8a2262a72001bca33 7e7cffdf3527469a915b4d84588f3632 - - default default] No more DHCP agents
2026-07-09 00:52:32.660 8 WARNING neutron.api.rpc.agentnotifiers.dhcp_rpc_agent_api [None req-72fa162a-4940-4640-b078-99419cc6b2f9 018356fc05084ca8a2262a72001bca33 7e7cffdf3527469a915b4d84588f3632 - - default default] Unable to schedule network beda7fd8-46f1-40f2-8faf-1c52a8ea103b: no agents available; will retry on subsequent port and subnet creation events.
2026-07-09 00:52:32.720 8 INFO neutron.plugins.ml2.drivers.ovn.mech_driver.mech_driver [None req-529ce83d-4b4c-4fb2-9040-f0fdc1ebd7a4 - - - - - -] OVN reports status down for port: c30af5ab-86b2-47e0-a3b9-96290e0cd6f5
2026-07-09 00:52:32.775 8 INFO neutron.db.ovn_revision_numbers_db [None req-72fa162a-4940-4640-b078-99419cc6b2f9 018356fc05084ca8a2262a72001bca33 7e7cffdf3527469a915b4d84588f3632 - - default default] Successfully bumped revision number for resource c30af5ab-86b2-47e0-a3b9-96290e0cd6f5 (type: ports) to 1 [pid: 8|app: 0|req: 967/2143] 10.0.0.156 () {34 vars in 670 bytes} [Thu Jul 9 00:52:32 2026] POST /v2.0/networks => generated 670 bytes in 549 msecs (HTTP/1.1 201) 4 headers in 162 bytes (1 switches on core 0)
2026-07-09 00:52:33.085 8 WARNING neutron.db.securitygroups_db [None req-19c372d3-958f-42b8-b8be-b931997c103f 7486847637834fe1a3fb24e6e999e2ff 52e3473b0e3644a5902c25692363c61c - - default default] project_id key not found in filters, using tenant_id instead. This support has been deprecated and will be removed in a future release.
2026-07-09 00:52:33.129 7 WARNING neutron.scheduler.dhcp_agent_scheduler [None req-c330f606-5c4e-4297-850e-d25334cf9f98 018356fc05084ca8a2262a72001bca33 7e7cffdf3527469a915b4d84588f3632 - - default default] No more DHCP agents
2026-07-09 00:52:33.130 7 WARNING neutron.api.rpc.agentnotifiers.dhcp_rpc_agent_api [None req-c330f606-5c4e-4297-850e-d25334cf9f98 018356fc05084ca8a2262a72001bca33 7e7cffdf3527469a915b4d84588f3632 - - default default] Unable to schedule network beda7fd8-46f1-40f2-8faf-1c52a8ea103b: no agents available; will retry on subsequent port and subnet creation events.
2026-07-09 00:52:33.180 8 INFO neutron.plugins.ml2.drivers.ovn.mech_driver.mech_driver [None req-529ce83d-4b4c-4fb2-9040-f0fdc1ebd7a4 - - - - - -] OVN reports status down for port: bb63ca08-c33f-4f87-a06f-fff409d58573
2026-07-09 00:52:33.202 8 INFO neutron.db.ovn_revision_numbers_db [None req-19c372d3-958f-42b8-b8be-b931997c103f 7486847637834fe1a3fb24e6e999e2ff 52e3473b0e3644a5902c25692363c61c - - default default] Successfully bumped revision number for resource 50d9a196-290c-4996-9090-cf265955924c (type: security_groups) to 1
2026-07-09 00:52:33.208 7 INFO neutron.db.ovn_revision_numbers_db [None req-c330f606-5c4e-4297-850e-d25334cf9f98 018356fc05084ca8a2262a72001bca33 7e7cffdf3527469a915b4d84588f3632 - - default default] Successfully bumped revision number for resource bb63ca08-c33f-4f87-a06f-fff409d58573 (type: ports) to 1
2026-07-09 00:52:33.218 8 INFO neutron.db.ovn_revision_numbers_db [None req-19c372d3-958f-42b8-b8be-b931997c103f 7486847637834fe1a3fb24e6e999e2ff 52e3473b0e3644a5902c25692363c61c - - default default] Successfully bumped revision number for resource 370fc744-0a32-4628-9bef-d4c23a712d9a (type: security_group_rules) to 0 [pid: 7|app: 0|req: 1177/2144] 10.0.0.156 () {34 vars in 664 bytes} [Thu Jul 9 00:52:32 2026] POST /v2.0/ports => generated 743 bytes in 413 msecs (HTTP/1.1 201) 4 headers in 162 bytes (1 switches on core 0)
2026-07-09 00:52:33.228 8 INFO neutron.db.ovn_revision_numbers_db [None req-19c372d3-958f-42b8-b8be-b931997c103f 7486847637834fe1a3fb24e6e999e2ff 52e3473b0e3644a5902c25692363c61c - - default default] Successfully bumped revision number for resource 3c3a3cde-c4e9-474f-8308-52d79af5904f (type: security_group_rules) to 0 /var/lib/openstack/lib/python3.12/site-packages/pycadf/identifier.py:70: UserWarning: Invalid uuid: neutron. To ensure interoperability, identifiers should be a valid uuid. warnings.warn(('Invalid uuid: %s. To ensure interoperability, '
2026-07-09 00:52:33.242 8 INFO neutron.db.ovn_revision_numbers_db [None req-19c372d3-958f-42b8-b8be-b931997c103f 7486847637834fe1a3fb24e6e999e2ff 52e3473b0e3644a5902c25692363c61c - - default default] Successfully bumped revision number for resource e5427338-8d79-442c-939a-b5ade91a6d13 (type: security_group_rules) to 0
2026-07-09 00:52:33.251 8 INFO neutron.db.ovn_revision_numbers_db [None req-19c372d3-958f-42b8-b8be-b931997c103f 7486847637834fe1a3fb24e6e999e2ff 52e3473b0e3644a5902c25692363c61c - - default default] Successfully bumped revision number for resource e5f04548-4076-4c70-ab59-d31b04ef51ba (type: security_group_rules) to 0 [pid: 8|app: 0|req: 968/2145] 10.0.0.156 () {32 vars in 774 bytes} [Thu Jul 9 00:52:32 2026] GET /v2.0/security-groups?tenant_id=c9ddc9265d834c49a92104f839c1352a&name=default => generated 2925 bytes in 429 msecs (HTTP/1.1 200) 4 headers in 158 bytes (1 switches on core 0) [pid: 7|app: 0|req: 1178/2146] 10.0.0.156 () {34 vars in 666 bytes} [Thu Jul 9 00:52:33 2026] POST /v2.0/trunks => generated 409 bytes in 144 msecs (HTTP/1.1 201) 4 headers in 162 bytes (1 switches on core 0) [pid: 8|app: 0|req: 969/2147] 10.0.0.156 () {32 vars in 740 bytes} [Thu Jul 9 00:52:33 2026] DELETE /v2.0/security-groups/50d9a196-290c-4996-9090-cf265955924c => generated 0 bytes in 166 msecs (HTTP/1.1 204) 2 headers in 112 bytes (1 switches on core 0)
2026-07-09 00:52:33.476 7 INFO neutron.db.segments_db [None req-b43bc734-19cb-488a-b2a6-3a4f3bbb3e22 018356fc05084ca8a2262a72001bca33 7e7cffdf3527469a915b4d84588f3632 - - default default] Added segment 0f5c60c5-bb75-47a7-bab3-d2dec347938b of type geneve for network deda8499-d1be-4f73-861e-8b636f96333a
2026-07-09 00:52:33.570 7 INFO neutron.db.ovn_revision_numbers_db [None req-b43bc734-19cb-488a-b2a6-3a4f3bbb3e22 018356fc05084ca8a2262a72001bca33 7e7cffdf3527469a915b4d84588f3632 - - default default] Successfully bumped revision number for resource deda8499-d1be-4f73-861e-8b636f96333a (type: networks) to 1
2026-07-09 00:52:33.729 7 WARNING neutron.scheduler.dhcp_agent_scheduler [None req-b43bc734-19cb-488a-b2a6-3a4f3bbb3e22 018356fc05084ca8a2262a72001bca33 7e7cffdf3527469a915b4d84588f3632 - - default default] No more DHCP agents
2026-07-09 00:52:33.730 7 WARNING neutron.api.rpc.agentnotifiers.dhcp_rpc_agent_api [None req-b43bc734-19cb-488a-b2a6-3a4f3bbb3e22 018356fc05084ca8a2262a72001bca33 7e7cffdf3527469a915b4d84588f3632 - - default default] Unable to schedule network deda8499-d1be-4f73-861e-8b636f96333a: no agents available; will retry on subsequent port and subnet creation events.
2026-07-09 00:52:33.797 7 INFO neutron.plugins.ml2.drivers.ovn.mech_driver.mech_driver [None req-7a47220f-433a-465c-82f8-16b744318c43 - - - - - -] OVN reports status down for port: 831164cb-1636-420b-b26f-54039588eae9
2026-07-09 00:52:33.872 7 INFO neutron.db.ovn_revision_numbers_db [None req-b43bc734-19cb-488a-b2a6-3a4f3bbb3e22 018356fc05084ca8a2262a72001bca33 7e7cffdf3527469a915b4d84588f3632 - - default default] Successfully bumped revision number for resource 831164cb-1636-420b-b26f-54039588eae9 (type: ports) to 1 [pid: 7|app: 0|req: 1179/2148] 10.0.0.156 () {34 vars in 670 bytes} [Thu Jul 9 00:52:33 2026] POST /v2.0/networks => generated 670 bytes in 539 msecs (HTTP/1.1 201) 4 headers in 162 bytes (1 switches on core 0)
2026-07-09 00:52:34.136 8 WARNING neutron.scheduler.dhcp_agent_scheduler [None req-12d75cbc-2383-401f-9725-424e58dcd18c 018356fc05084ca8a2262a72001bca33 7e7cffdf3527469a915b4d84588f3632 - - default default] No more DHCP agents
2026-07-09 00:52:34.137 8 WARNING neutron.api.rpc.agentnotifiers.dhcp_rpc_agent_api [None req-12d75cbc-2383-401f-9725-424e58dcd18c 018356fc05084ca8a2262a72001bca33 7e7cffdf3527469a915b4d84588f3632 - - default default] Unable to schedule network deda8499-d1be-4f73-861e-8b636f96333a: no agents available; will retry on subsequent port and subnet creation events.
2026-07-09 00:52:34.219 8 INFO neutron.plugins.ml2.drivers.ovn.mech_driver.mech_driver [None req-529ce83d-4b4c-4fb2-9040-f0fdc1ebd7a4 - - - - - -] OVN reports status down for port: 52aa3e2f-5748-426c-96e4-2b1d0125296b
2026-07-09 00:52:34.273 8 INFO neutron.db.ovn_revision_numbers_db [None req-12d75cbc-2383-401f-9725-424e58dcd18c 018356fc05084ca8a2262a72001bca33 7e7cffdf3527469a915b4d84588f3632 - - default default] Successfully bumped revision number for resource 52aa3e2f-5748-426c-96e4-2b1d0125296b (type: ports) to 1 [pid: 8|app: 0|req: 970/2149] 10.0.0.156 () {34 vars in 664 bytes} [Thu Jul 9 00:52:33 2026] POST /v2.0/ports => generated 743 bytes in 395 msecs (HTTP/1.1 201) 4 headers in 162 bytes (1 switches on core 0) /var/lib/openstack/lib/python3.12/site-packages/pycadf/identifier.py:70: UserWarning: Invalid uuid: neutron. To ensure interoperability, identifiers should be a valid uuid. warnings.warn(('Invalid uuid: %s. To ensure interoperability, ' [pid: 8|app: 0|req: 971/2150] 10.0.0.156 () {34 vars in 666 bytes} [Thu Jul 9 00:52:34 2026] POST /v2.0/trunks => generated 409 bytes in 149 msecs (HTTP/1.1 201) 4 headers in 162 bytes (1 switches on core 0)
2026-07-09 00:52:34.536 7 INFO neutron.db.ovn_revision_numbers_db [None req-7da06b77-5e2b-40c7-806f-e98a4377f8d5 979a270a776b48a3a9372be12e669c99 35a90d80e0f0408e9ddd4e0a7d3e64fc - - default default] Successfully bumped revision number for resource 2bf1e768-8547-4c20-97b5-3211feb93604 (type: security_groups) to 1
2026-07-09 00:52:34.554 7 INFO neutron.db.ovn_revision_numbers_db [None req-7da06b77-5e2b-40c7-806f-e98a4377f8d5 979a270a776b48a3a9372be12e669c99 35a90d80e0f0408e9ddd4e0a7d3e64fc - - default default] Successfully bumped revision number for resource 148f41ac-bdfc-4396-805a-0650e41c7d54 (type: security_group_rules) to 0
2026-07-09 00:52:34.571 8 INFO neutron.db.segments_db [None req-6d59bf06-2edd-4468-9dd7-118312bd3e26 018356fc05084ca8a2262a72001bca33 7e7cffdf3527469a915b4d84588f3632 - - default default] Added segment cecd9566-86ea-4200-bde1-878540d5f662 of type geneve for network 9829d49d-408c-451f-8801-579091a6bdaa
2026-07-09 00:52:34.573 7 INFO neutron.db.ovn_revision_numbers_db [None req-7da06b77-5e2b-40c7-806f-e98a4377f8d5 979a270a776b48a3a9372be12e669c99 35a90d80e0f0408e9ddd4e0a7d3e64fc - - default default] Successfully bumped revision number for resource b8fb47ed-e05a-4386-b0af-5d45263f468e (type: security_group_rules) to 0
2026-07-09 00:52:34.587 7 INFO neutron.db.ovn_revision_numbers_db [None req-7da06b77-5e2b-40c7-806f-e98a4377f8d5 979a270a776b48a3a9372be12e669c99 35a90d80e0f0408e9ddd4e0a7d3e64fc - - default default] Successfully bumped revision number for resource c1a55e69-8639-4c79-a9ea-902f7f0950f5 (type: security_group_rules) to 0
2026-07-09 00:52:34.597 7 INFO neutron.db.ovn_revision_numbers_db [None req-7da06b77-5e2b-40c7-806f-e98a4377f8d5 979a270a776b48a3a9372be12e669c99 35a90d80e0f0408e9ddd4e0a7d3e64fc - - default default] Successfully bumped revision number for resource c858741f-0968-48a0-95d6-90dadaf376ca (type: security_group_rules) to 0
2026-07-09 00:52:34.682 8 INFO neutron.db.ovn_revision_numbers_db [None req-6d59bf06-2edd-4468-9dd7-118312bd3e26 018356fc05084ca8a2262a72001bca33 7e7cffdf3527469a915b4d84588f3632 - - default default] Successfully bumped revision number for resource 9829d49d-408c-451f-8801-579091a6bdaa (type: networks) to 1
2026-07-09 00:52:34.716 7 INFO neutron.db.ovn_revision_numbers_db [None req-7da06b77-5e2b-40c7-806f-e98a4377f8d5 979a270a776b48a3a9372be12e669c99 35a90d80e0f0408e9ddd4e0a7d3e64fc - - default default] Successfully bumped revision number for resource 2958f9ec-ec17-45f0-b7fe-56478ea54209 (type: security_groups) to 1
2026-07-09 00:52:34.727 7 INFO neutron.db.ovn_revision_numbers_db [None req-7da06b77-5e2b-40c7-806f-e98a4377f8d5 979a270a776b48a3a9372be12e669c99 35a90d80e0f0408e9ddd4e0a7d3e64fc - - default default] Successfully bumped revision number for resource 24c2651e-c22f-4e84-a837-45245bc89a59 (type: security_group_rules) to 0
2026-07-09 00:52:34.738 7 INFO neutron.db.ovn_revision_numbers_db [None req-7da06b77-5e2b-40c7-806f-e98a4377f8d5 979a270a776b48a3a9372be12e669c99 35a90d80e0f0408e9ddd4e0a7d3e64fc - - default default] Successfully bumped revision number for resource d550258d-9129-421c-b643-0fe99263bbfa (type: security_group_rules) to 0 [pid: 7|app: 0|req: 1180/2151] 10.0.0.156 () {34 vars in 684 bytes} [Thu Jul 9 00:52:34 2026] POST /v2.0/security-groups => generated 1601 bytes in 518 msecs (HTTP/1.1 201) 4 headers in 163 bytes (1 switches on core 0)
2026-07-09 00:52:34.866 7 INFO neutron.db.ovn_revision_numbers_db [None req-7860799e-cab6-425d-a724-f61da01df902 979a270a776b48a3a9372be12e669c99 35a90d80e0f0408e9ddd4e0a7d3e64fc - - default default] Successfully bumped revision number for resource a54aa0ed-75be-47e0-96d8-4ab7c894d101 (type: security_groups) to 1
2026-07-09 00:52:34.872 8 WARNING neutron.scheduler.dhcp_agent_scheduler [None req-6d59bf06-2edd-4468-9dd7-118312bd3e26 018356fc05084ca8a2262a72001bca33 7e7cffdf3527469a915b4d84588f3632 - - default default] No more DHCP agents
2026-07-09 00:52:34.873 8 WARNING neutron.api.rpc.agentnotifiers.dhcp_rpc_agent_api [None req-6d59bf06-2edd-4468-9dd7-118312bd3e26 018356fc05084ca8a2262a72001bca33 7e7cffdf3527469a915b4d84588f3632 - - default default] Unable to schedule network 9829d49d-408c-451f-8801-579091a6bdaa: no agents available; will retry on subsequent port and subnet creation events.
2026-07-09 00:52:34.885 7 INFO neutron.db.ovn_revision_numbers_db [None req-7860799e-cab6-425d-a724-f61da01df902 979a270a776b48a3a9372be12e669c99 35a90d80e0f0408e9ddd4e0a7d3e64fc - - default default] Successfully bumped revision number for resource 0882c25d-7809-44ef-b5c7-11a0f2b2514a (type: security_group_rules) to 0
2026-07-09 00:52:34.896 7 INFO neutron.db.ovn_revision_numbers_db [None req-7860799e-cab6-425d-a724-f61da01df902 979a270a776b48a3a9372be12e669c99 35a90d80e0f0408e9ddd4e0a7d3e64fc - - default default] Successfully bumped revision number for resource b137cca5-bbea-46fa-9772-80844e9aff75 (type: security_group_rules) to 0
2026-07-09 00:52:34.947 8 INFO neutron.db.ovn_revision_numbers_db [None req-6d59bf06-2edd-4468-9dd7-118312bd3e26 018356fc05084ca8a2262a72001bca33 7e7cffdf3527469a915b4d84588f3632 - - default default] Successfully bumped revision number for resource df3bf05f-e850-47c2-b4ce-09f96b2cfc00 (type: ports) to 1
