2026-07-09 00:52:42.398 8 INFO neutron.services.segments.plugin [-] Client error retrieving segment a83859a0-2f97-461f-9292-6f55d6ad2314 resource provider; error: Placement Client Error (4xx): {"errors": [{"status": 404, "title": "Not Found", "detail": "The resource could not be found.\n\n No resource provider with uuid a83859a0-2f97-461f-9292-6f55d6ad2314 found for delete ", "request_id": "req-9b3c9c29-bdd7-4a60-b04b-7bf488e6c314"}]} [pid: 7|app: 0|req: 1226/2238] 10.0.0.156 () {32 vars in 726 bytes} [Thu Jul 9 00:52:42 2026] DELETE /v2.0/networks/deda8499-d1be-4f73-861e-8b636f96333a => generated 0 bytes in 336 msecs (HTTP/1.1 204) 3 headers in 131 bytes (1 switches on core 0)
2026-07-09 00:52:42.563 8 INFO neutron.db.ovn_revision_numbers_db [None req-6e3f1692-f2cf-46f2-95f3-8016fd234607 a618ccb40b2340fa890b2b6e036ecc75 212274a4374f4c1bb8c5e9d30833e0aa - - default default] Successfully bumped revision number for resource f2e6718c-6c82-4a9e-b32c-bdbf4098b142 (type: security_groups) to 1
2026-07-09 00:52:42.574 8 INFO neutron.db.ovn_revision_numbers_db [None req-6e3f1692-f2cf-46f2-95f3-8016fd234607 a618ccb40b2340fa890b2b6e036ecc75 212274a4374f4c1bb8c5e9d30833e0aa - - default default] Successfully bumped revision number for resource 19f1c068-f310-4a23-82f8-5c0f7e3294e3 (type: security_group_rules) to 0
2026-07-09 00:52:42.585 8 INFO neutron.db.ovn_revision_numbers_db [None req-6e3f1692-f2cf-46f2-95f3-8016fd234607 a618ccb40b2340fa890b2b6e036ecc75 212274a4374f4c1bb8c5e9d30833e0aa - - default default] Successfully bumped revision number for resource ae0ddfc0-e322-4461-b9c0-e15fa4e0773c (type: security_group_rules) to 0
2026-07-09 00:52:42.607 7 INFO neutron_taas.services.taas.taas_plugin [None req-0afa7fe5-16ea-48b2-a74d-378f46bfe170 018356fc05084ca8a2262a72001bca33 7e7cffdf3527469a915b4d84588f3632 - - default default] TaaS: Handle Delete Port: df3bf05f-e850-47c2-b4ce-09f96b2cfc00
2026-07-09 00:52:42.609 7 INFO neutron_taas.services.taas.tap_mirror_plugin [None req-0afa7fe5-16ea-48b2-a74d-378f46bfe170 018356fc05084ca8a2262a72001bca33 7e7cffdf3527469a915b4d84588f3632 - - default default] Tap Mirror: Handle Delete Port: df3bf05f-e850-47c2-b4ce-09f96b2cfc00 [pid: 8|app: 0|req: 1013/2239] 10.0.0.156 () {34 vars in 685 bytes} [Thu Jul 9 00:52:42 2026] POST /v2.0/security-groups => generated 1675 bytes in 193 msecs (HTTP/1.1 201) 4 headers in 163 bytes (1 switches on core 0)
2026-07-09 00:52:42.738 8 INFO neutron.db.ovn_revision_numbers_db [None req-e9e6ea19-9da1-41f8-a40e-e25f41755a54 a618ccb40b2340fa890b2b6e036ecc75 212274a4374f4c1bb8c5e9d30833e0aa - - default default] Successfully bumped revision number for resource 0b615c1a-c334-43ce-95ff-da3b6bd578ae (type: security_group_rules) to 0 [pid: 8|app: 0|req: 1014/2240] 10.0.0.156 () {34 vars in 695 bytes} [Thu Jul 9 00:52:42 2026] POST /v2.0/security-group-rules => generated 597 bytes in 139 msecs (HTTP/1.1 201) 4 headers in 162 bytes (1 switches on core 0) [pid: 7|app: 0|req: 1227/2241] 10.0.0.156 () {32 vars in 726 bytes} [Thu Jul 9 00:52:42 2026] DELETE /v2.0/networks/9829d49d-408c-451f-8801-579091a6bdaa => generated 0 bytes in 300 msecs (HTTP/1.1 204) 3 headers in 131 bytes (1 switches on core 0)
2026-07-09 00:52:42.887 8 INFO neutron.db.ovn_revision_numbers_db [None req-0b35b232-9acf-4ad5-9970-3923a9381915 a618ccb40b2340fa890b2b6e036ecc75 212274a4374f4c1bb8c5e9d30833e0aa - - default default] Successfully bumped revision number for resource 62c2a539-8d63-4a9e-ac2f-d992fca26936 (type: security_group_rules) to 0 [pid: 8|app: 0|req: 1015/2242] 10.0.0.156 () {34 vars in 695 bytes} [Thu Jul 9 00:52:42 2026] POST /v2.0/security-group-rules => generated 596 bytes in 148 msecs (HTTP/1.1 201) 4 headers in 162 bytes (1 switches on core 0)
2026-07-09 00:52:43.052 7 INFO neutron.db.ovn_revision_numbers_db [None req-6d5e3edc-4783-47ef-8acc-4ad7b94d5865 a618ccb40b2340fa890b2b6e036ecc75 212274a4374f4c1bb8c5e9d30833e0aa - - default default] Successfully bumped revision number for resource 04022fd2-ccfc-4c7b-a22d-38cb3d2b30af (type: security_group_rules) to 0 [pid: 7|app: 0|req: 1228/2243] 10.0.0.156 () {34 vars in 695 bytes} [Thu Jul 9 00:52:42 2026] POST /v2.0/security-group-rules => generated 602 bytes in 153 msecs (HTTP/1.1 201) 4 headers in 162 bytes (1 switches on core 0)
2026-07-09 00:52:43.208 8 INFO neutron.db.ovn_revision_numbers_db [None req-7e71aa17-69c5-4e94-90ea-455bcce6cfa6 a618ccb40b2340fa890b2b6e036ecc75 212274a4374f4c1bb8c5e9d30833e0aa - - default default] Successfully bumped revision number for resource 8bb76c7f-4fa0-4931-92c6-c0dc5f9ff34d (type: security_group_rules) to 0 [pid: 8|app: 0|req: 1016/2244] 10.0.0.156 () {34 vars in 695 bytes} [Thu Jul 9 00:52:43 2026] POST /v2.0/security-group-rules => generated 601 bytes in 149 msecs (HTTP/1.1 201) 4 headers in 162 bytes (1 switches on core 0)
2026-07-09 00:52:43.279 7 INFO neutron.db.securitygroups_db [None req-0e7069f8-7b35-4f85-9275-c1f5fefd79fc a618ccb40b2340fa890b2b6e036ecc75 212274a4374f4c1bb8c5e9d30833e0aa - - default default] Project 212274a4374f4c1bb8c5e9d30833e0aa added a security group rule with legacy IPv6 ICMP protocol name icmp, ipv6-icmp should be used instead. It was automatically converted.
2026-07-09 00:52:43.346 7 INFO neutron.db.ovn_revision_numbers_db [None req-0e7069f8-7b35-4f85-9275-c1f5fefd79fc a618ccb40b2340fa890b2b6e036ecc75 212274a4374f4c1bb8c5e9d30833e0aa - - default default] Successfully bumped revision number for resource ed059cc3-001e-45a6-86ac-dbce2ed66fb8 (type: security_group_rules) to 0 [pid: 7|app: 0|req: 1229/2245] 10.0.0.156 () {34 vars in 695 bytes} [Thu Jul 9 00:52:43 2026] POST /v2.0/security-group-rules => generated 607 bytes in 135 msecs (HTTP/1.1 201) 4 headers in 162 bytes (1 switches on core 0)
2026-07-09 00:52:43.411 8 INFO neutron.db.securitygroups_db [None req-2e306ca2-d22d-432b-be8c-28f9eb1d08d1 a618ccb40b2340fa890b2b6e036ecc75 212274a4374f4c1bb8c5e9d30833e0aa - - default default] Project 212274a4374f4c1bb8c5e9d30833e0aa added a security group rule with legacy IPv6 ICMP protocol name icmp, ipv6-icmp should be used instead. It was automatically converted.
2026-07-09 00:52:43.494 8 INFO neutron.db.ovn_revision_numbers_db [None req-2e306ca2-d22d-432b-be8c-28f9eb1d08d1 a618ccb40b2340fa890b2b6e036ecc75 212274a4374f4c1bb8c5e9d30833e0aa - - default default] Successfully bumped revision number for resource aedf663f-774f-4895-9f7a-750bf1a7218c (type: security_group_rules) to 0 [pid: 8|app: 0|req: 1017/2246] 10.0.0.156 () {34 vars in 695 bytes} [Thu Jul 9 00:52:43 2026] POST /v2.0/security-group-rules => generated 606 bytes in 143 msecs (HTTP/1.1 201) 4 headers in 162 bytes (1 switches on core 0)
2026-07-09 00:52:43.706 7 WARNING neutron.db.securitygroups_db [None req-50a8052a-9164-43c9-bde9-8f64cea20042 7486847637834fe1a3fb24e6e999e2ff 52e3473b0e3644a5902c25692363c61c - - default default] project_id key not found in filters, using tenant_id instead. This support has been deprecated and will be removed in a future release. [pid: 7|app: 0|req: 1230/2247] 10.0.0.156 () {32 vars in 774 bytes} [Thu Jul 9 00:52:43 2026] GET /v2.0/security-groups?tenant_id=7e7cffdf3527469a915b4d84588f3632&name=default => generated 2925 bytes in 195 msecs (HTTP/1.1 200) 4 headers in 158 bytes (1 switches on core 0) [pid: 8|app: 0|req: 1018/2248] 10.0.0.156 () {32 vars in 740 bytes} [Thu Jul 9 00:52:43 2026] DELETE /v2.0/security-groups/9079ae5b-f854-4953-a9c2-117791655452 => generated 0 bytes in 141 msecs (HTTP/1.1 204) 2 headers in 112 bytes (1 switches on core 0)
2026-07-09 00:52:43.999 8 WARNING neutron.db.securitygroups_db [None req-027da27c-91b8-4d65-b122-dca6fa1cbfe9 7486847637834fe1a3fb24e6e999e2ff 52e3473b0e3644a5902c25692363c61c - - default default] project_id key not found in filters, using tenant_id instead. This support has been deprecated and will be removed in a future release.
2026-07-09 00:52:44.110 8 INFO neutron.db.ovn_revision_numbers_db [None req-027da27c-91b8-4d65-b122-dca6fa1cbfe9 7486847637834fe1a3fb24e6e999e2ff 52e3473b0e3644a5902c25692363c61c - - default default] Successfully bumped revision number for resource 1417c012-0821-4481-916a-c901fbfb995f (type: security_groups) to 1
2026-07-09 00:52:44.121 8 INFO neutron.db.ovn_revision_numbers_db [None req-027da27c-91b8-4d65-b122-dca6fa1cbfe9 7486847637834fe1a3fb24e6e999e2ff 52e3473b0e3644a5902c25692363c61c - - default default] Successfully bumped revision number for resource 0068c06f-df6d-4ec7-9ef7-75a30747292c (type: security_group_rules) to 0
2026-07-09 00:52:44.134 8 INFO neutron.db.ovn_revision_numbers_db [None req-027da27c-91b8-4d65-b122-dca6fa1cbfe9 7486847637834fe1a3fb24e6e999e2ff 52e3473b0e3644a5902c25692363c61c - - default default] Successfully bumped revision number for resource 237f4eb5-1a14-4502-b775-f31b4049ed32 (type: security_group_rules) to 0
2026-07-09 00:52:44.135 7 INFO neutron.services.segments.plugin [-] Segment 0f5c60c5-bb75-47a7-bab3-d2dec347938b resource provider aggregate not found
2026-07-09 00:52:44.146 8 INFO neutron.db.ovn_revision_numbers_db [None req-027da27c-91b8-4d65-b122-dca6fa1cbfe9 7486847637834fe1a3fb24e6e999e2ff 52e3473b0e3644a5902c25692363c61c - - default default] Successfully bumped revision number for resource 7b3e154d-e4c2-4377-99d5-62f1ee660010 (type: security_group_rules) to 0
2026-07-09 00:52:44.149 7 INFO neutron.services.segments.plugin [-] Segment 0f5c60c5-bb75-47a7-bab3-d2dec347938b resource provider aggregate not found
2026-07-09 00:52:44.159 8 INFO neutron.db.ovn_revision_numbers_db [None req-027da27c-91b8-4d65-b122-dca6fa1cbfe9 7486847637834fe1a3fb24e6e999e2ff 52e3473b0e3644a5902c25692363c61c - - default default] Successfully bumped revision number for resource c7e0a184-6397-4f5e-93a7-3376c98b0994 (type: security_group_rules) to 0
2026-07-09 00:52:44.162 7 INFO neutron.services.segments.plugin [-] Client error retrieving segment 0f5c60c5-bb75-47a7-bab3-d2dec347938b resource provider; error: Placement Client Error (4xx): {"errors": [{"status": 404, "title": "Not Found", "detail": "The resource could not be found.\n\n No resource provider with uuid 0f5c60c5-bb75-47a7-bab3-d2dec347938b found for delete ", "request_id": "req-4a8fd6bc-259c-4035-babf-82469503888d"}]}
2026-07-09 00:52:44.162 7 INFO neutron.services.segments.plugin [-] Client error retrieving segment 0f5c60c5-bb75-47a7-bab3-d2dec347938b resource provider; error: Placement Client Error (4xx): {"errors": [{"status": 404, "title": "Not Found", "detail": "The resource could not be found.\n\n No resource provider with uuid 0f5c60c5-bb75-47a7-bab3-d2dec347938b found for delete ", "request_id": "req-2eddec85-c689-40a1-b6d4-4a7b50980932"}]}
2026-07-09 00:52:44.190 7 INFO neutron.services.segments.plugin [-] Segment cecd9566-86ea-4200-bde1-878540d5f662 resource provider aggregate not found
2026-07-09 00:52:44.191 7 INFO neutron.services.segments.plugin [-] Segment cecd9566-86ea-4200-bde1-878540d5f662 resource provider aggregate not found [pid: 8|app: 0|req: 1019/2249] 10.0.0.156 () {32 vars in 774 bytes} [Thu Jul 9 00:52:43 2026] GET /v2.0/security-groups?tenant_id=39230c40209e456fa59b44ce67f28fe4&name=default => generated 2929 bytes in 206 msecs (HTTP/1.1 200) 4 headers in 158 bytes (1 switches on core 0) [pid: 7|app: 0|req: 1231/2250] 10.0.0.156 () {32 vars in 649 bytes} [Thu Jul 9 00:52:43 2026] GET /v2.0/networks => generated 1374 bytes in 290 msecs (HTTP/1.1 200) 4 headers in 158 bytes (1 switches on core 0)
2026-07-09 00:52:44.214 7 INFO neutron.services.segments.plugin [-] Client error retrieving segment cecd9566-86ea-4200-bde1-878540d5f662 resource provider; error: Placement Client Error (4xx): {"errors": [{"status": 404, "title": "Not Found", "detail": "The resource could not be found.\n\n No resource provider with uuid cecd9566-86ea-4200-bde1-878540d5f662 found for delete ", "request_id": "req-bd88fa5f-57e3-44a9-8b3d-f00d8e7b68e0"}]}
2026-07-09 00:52:44.217 7 INFO neutron.services.segments.plugin [-] Client error retrieving segment cecd9566-86ea-4200-bde1-878540d5f662 resource provider; error: Placement Client Error (4xx): {"errors": [{"status": 404, "title": "Not Found", "detail": "The resource could not be found.\n\n No resource provider with uuid cecd9566-86ea-4200-bde1-878540d5f662 found for delete ", "request_id": "req-dee0c160-377e-4b9e-a17a-c56079524e14"}]}
2026-07-09 00:52:44.281 7 WARNING neutron.db.securitygroups_db [req-24d650af-00cd-48f4-8d53-7fb7b4710a2d req-0878899c-fec5-4f31-a9ca-7cf1e558b260 a618ccb40b2340fa890b2b6e036ecc75 212274a4374f4c1bb8c5e9d30833e0aa - - default default] project_id key not found in filters, using tenant_id instead. This support has been deprecated and will be removed in a future release. [pid: 7|app: 0|req: 1232/2251] 10.0.0.152 () {34 vars in 1100 bytes} [Thu Jul 9 00:52:44 2026] GET /v2.0/security-groups?name=tempest-secgroup-smoke-1716615423&fields=id&tenant_id=212274a4374f4c1bb8c5e9d30833e0aa => generated 69 bytes in 40 msecs (HTTP/1.1 200) 4 headers in 156 bytes (1 switches on core 0) [pid: 8|app: 0|req: 1020/2252] 10.0.0.156 () {32 vars in 740 bytes} [Thu Jul 9 00:52:44 2026] DELETE /v2.0/security-groups/1417c012-0821-4481-916a-c901fbfb995f => generated 0 bytes in 155 msecs (HTTP/1.1 204) 2 headers in 112 bytes (1 switches on core 0) [pid: 7|app: 0|req: 1233/2253] 10.0.0.152 () {34 vars in 982 bytes} [Thu Jul 9 00:52:44 2026] GET /v2.0/networks?id=0366e35c-f422-4b65-9111-ac0d807cc6cb => generated 699 bytes in 47 msecs (HTTP/1.1 200) 4 headers in 157 bytes (1 switches on core 0) [pid: 8|app: 0|req: 1021/2254] 10.0.0.152 () {34 vars in 965 bytes} [Thu Jul 9 00:52:44 2026] GET /v2.0/quotas/212274a4374f4c1bb8c5e9d30833e0aa => generated 312 bytes in 14 msecs (HTTP/1.1 200) 4 headers in 157 bytes (1 switches on core 0) [pid: 7|app: 0|req: 1234/2255] 10.0.0.152 () {34 vars in 1002 bytes} [Thu Jul 9 00:52:44 2026] GET /v2.0/ports?tenant_id=212274a4374f4c1bb8c5e9d30833e0aa&fields=id => generated 103 bytes in 34 msecs (HTTP/1.1 200) 4 headers in 157 bytes (1 switches on core 0) [pid: 8|app: 0|req: 1022/2256] 10.0.0.152 () {34 vars in 1008 bytes} [Thu Jul 9 00:52:44 2026] GET /v2.0/networks/0366e35c-f422-4b65-9111-ac0d807cc6cb?fields=segments => generated 14 bytes in 35 msecs (HTTP/1.1 200) 4 headers in 156 bytes (1 switches on core 0)
2026-07-09 00:52:44.510 8 WARNING neutron.db.securitygroups_db [None req-7ef59572-6be2-4399-9e66-1d31077e82fe 7486847637834fe1a3fb24e6e999e2ff 52e3473b0e3644a5902c25692363c61c - - default default] project_id key not found in filters, using tenant_id instead. This support has been deprecated and will be removed in a future release. [pid: 7|app: 0|req: 1235/2257] 10.0.0.152 () {34 vars in 1108 bytes} [Thu Jul 9 00:52:44 2026] GET /v2.0/networks/0366e35c-f422-4b65-9111-ac0d807cc6cb?fields=provider%3Aphysical_network&fields=provider%3Anetwork_type => generated 79 bytes in 57 msecs (HTTP/1.1 200) 4 headers in 156 bytes (1 switches on core 0)
2026-07-09 00:52:44.615 8 INFO neutron.db.ovn_revision_numbers_db [None req-7ef59572-6be2-4399-9e66-1d31077e82fe 7486847637834fe1a3fb24e6e999e2ff 52e3473b0e3644a5902c25692363c61c - - default default] Successfully bumped revision number for resource 7ec10aad-fdcb-4563-ab61-7308c421a456 (type: security_groups) to 1
2026-07-09 00:52:44.626 8 INFO neutron.db.ovn_revision_numbers_db [None req-7ef59572-6be2-4399-9e66-1d31077e82fe 7486847637834fe1a3fb24e6e999e2ff 52e3473b0e3644a5902c25692363c61c - - default default] Successfully bumped revision number for resource 6e8fff95-8873-44e2-9d81-85696a1e491b (type: security_group_rules) to 0
2026-07-09 00:52:44.637 8 INFO neutron.db.ovn_revision_numbers_db [None req-7ef59572-6be2-4399-9e66-1d31077e82fe 7486847637834fe1a3fb24e6e999e2ff 52e3473b0e3644a5902c25692363c61c - - default default] Successfully bumped revision number for resource 7705e6e3-92a9-4399-afca-86dc07d5db39 (type: security_group_rules) to 0
2026-07-09 00:52:44.653 8 INFO neutron.db.ovn_revision_numbers_db [None req-7ef59572-6be2-4399-9e66-1d31077e82fe 7486847637834fe1a3fb24e6e999e2ff 52e3473b0e3644a5902c25692363c61c - - default default] Successfully bumped revision number for resource a27a1eb3-1323-4def-8883-2136f0b9e53b (type: security_group_rules) to 0
2026-07-09 00:52:44.668 8 INFO neutron.db.ovn_revision_numbers_db [None req-7ef59572-6be2-4399-9e66-1d31077e82fe 7486847637834fe1a3fb24e6e999e2ff 52e3473b0e3644a5902c25692363c61c - - default default] Successfully bumped revision number for resource e77b2a65-ff53-4535-9a7c-2fd4fc45912c (type: security_group_rules) to 0 [pid: 7|app: 0|req: 1238/2260] 10.0.0.152 () {34 vars in 1070 bytes} [Thu Jul 9 00:52:44 2026] GET /v2.0/ports?fields=security_groups&fields=device_id&device_id=23c61075-0c54-4699-bbc2-5bcda3fdde12 => generated 12 bytes in 21 msecs (HTTP/1.1 200) 4 headers in 156 bytes (1 switches on core 0) [pid: 8|app: 0|req: 1023/2261] 10.0.0.156 () {32 vars in 774 bytes} [Thu Jul 9 00:52:44 2026] GET /v2.0/security-groups?tenant_id=f9e0209d687a48759fcbfafe2ee5f56b&name=default => generated 2929 bytes in 215 msecs (HTTP/1.1 200) 4 headers in 158 bytes (1 switches on core 0) [pid: 7|app: 0|req: 1239/2262] 10.0.0.156 () {32 vars in 740 bytes} [Thu Jul 9 00:52:44 2026] DELETE /v2.0/security-groups/7ec10aad-fdcb-4563-ab61-7308c421a456 => generated 0 bytes in 201 msecs (HTTP/1.1 204) 2 headers in 112 bytes (1 switches on core 0)
2026-07-09 00:52:45.399 8 INFO neutron.db.ovn_revision_numbers_db [None req-732e529a-8da0-4565-b223-e225fe9d1e9f 102de37d7a97430d9885715d91b56dbd ade2a07541274b8f871b034e895de8e8 - - default default] Successfully bumped revision number for resource 22f376c4-1be0-4591-8afc-16e869aeaaba (type: security_groups) to 1
2026-07-09 00:52:45.414 8 INFO neutron.db.ovn_revision_numbers_db [None req-732e529a-8da0-4565-b223-e225fe9d1e9f 102de37d7a97430d9885715d91b56dbd ade2a07541274b8f871b034e895de8e8 - - default default] Successfully bumped revision number for resource 4070b7cb-c95f-4b5a-8b58-a0d9aba8471e (type: security_group_rules) to 0
2026-07-09 00:52:45.423 8 INFO neutron.db.ovn_revision_numbers_db [None req-732e529a-8da0-4565-b223-e225fe9d1e9f 102de37d7a97430d9885715d91b56dbd ade2a07541274b8f871b034e895de8e8 - - default default] Successfully bumped revision number for resource 4f9843b1-3415-4f14-b784-9f4a23148879 (type: security_group_rules) to 0
2026-07-09 00:52:45.434 8 INFO neutron.db.ovn_revision_numbers_db [None req-732e529a-8da0-4565-b223-e225fe9d1e9f 102de37d7a97430d9885715d91b56dbd ade2a07541274b8f871b034e895de8e8 - - default default] Successfully bumped revision number for resource 7c6a486c-da43-472d-9a9e-2a72124b2738 (type: security_group_rules) to 0
2026-07-09 00:52:45.444 8 INFO neutron.db.ovn_revision_numbers_db [None req-732e529a-8da0-4565-b223-e225fe9d1e9f 102de37d7a97430d9885715d91b56dbd ade2a07541274b8f871b034e895de8e8 - - default default] Successfully bumped revision number for resource bb434817-50bd-4ff2-bcef-34edc683e079 (type: security_group_rules) to 0
2026-07-09 00:52:45.548 8 INFO neutron.db.ovn_revision_numbers_db [None req-732e529a-8da0-4565-b223-e225fe9d1e9f 102de37d7a97430d9885715d91b56dbd ade2a07541274b8f871b034e895de8e8 - - default default] Successfully bumped revision number for resource 512100d1-08b2-425f-b774-dbec82ed1075 (type: security_groups) to 1
2026-07-09 00:52:45.556 8 INFO neutron.db.ovn_revision_numbers_db [None req-732e529a-8da0-4565-b223-e225fe9d1e9f 102de37d7a97430d9885715d91b56dbd ade2a07541274b8f871b034e895de8e8 - - default default] Successfully bumped revision number for resource 6b51cbd1-0c05-49d6-9e62-5585279cf560 (type: security_group_rules) to 0
2026-07-09 00:52:45.567 8 INFO neutron.db.ovn_revision_numbers_db [None req-732e529a-8da0-4565-b223-e225fe9d1e9f 102de37d7a97430d9885715d91b56dbd ade2a07541274b8f871b034e895de8e8 - - default default] Successfully bumped revision number for resource f9b23d97-4e7d-453e-9f12-5151dd0165c3 (type: security_group_rules) to 0 [pid: 8|app: 0|req: 1024/2263] 10.0.0.156 () {34 vars in 684 bytes} [Thu Jul 9 00:52:45 2026] POST /v2.0/security-groups => generated 1603 bytes in 481 msecs (HTTP/1.1 201) 4 headers in 163 bytes (1 switches on core 0)
2026-07-09 00:52:45.657 7 WARNING tagging [None req-23c9b7ba-4130-494d-ad23-edb279283d23 102de37d7a97430d9885715d91b56dbd ade2a07541274b8f871b034e895de8e8 - - default default] project_id key not found in request, using tenant_id instead. This support has been deprecated and will be removed in a future release. [pid: 7|app: 0|req: 1240/2264] 10.0.0.156 () {34 vars in 767 bytes} [Thu Jul 9 00:52:45 2026] PUT /v2.0/security-groups/512100d1-08b2-425f-b774-dbec82ed1075/tags => generated 25 bytes in 76 msecs (HTTP/1.1 200) 4 headers in 156 bytes (1 switches on core 0)
2026-07-09 00:52:45.705 8 WARNING tagging [None req-0a27ece0-b837-47fa-a0d1-10e6e1b32ddc 102de37d7a97430d9885715d91b56dbd ade2a07541274b8f871b034e895de8e8 - - default default] project_id key not found in request, using tenant_id instead. This support has been deprecated and will be removed in a future release. [pid: 8|app: 0|req: 1025/2265] 10.0.0.156 () {32 vars in 747 bytes} [Thu Jul 9 00:52:45 2026] GET /v2.0/security-groups/512100d1-08b2-425f-b774-dbec82ed1075/tags => generated 25 bytes in 32 msecs (HTTP/1.1 200) 4 headers in 156 bytes (1 switches on core 0)
2026-07-09 00:52:45.745 7 WARNING tagging [None req-e7928808-681f-4ed6-af4e-05201676b4bc 102de37d7a97430d9885715d91b56dbd ade2a07541274b8f871b034e895de8e8 - - default default] project_id key not found in request, using tenant_id instead. This support has been deprecated and will be removed in a future release. [pid: 7|app: 0|req: 1241/2266] 10.0.0.156 () {34 vars in 778 bytes} [Thu Jul 9 00:52:45 2026] PUT /v2.0/security-groups/512100d1-08b2-425f-b774-dbec82ed1075/tags/green => generated 4 bytes in 61 msecs (HTTP/1.1 201) 4 headers in 160 bytes (1 switches on core 0)
2026-07-09 00:52:45.806 8 WARNING tagging [None req-9c715bdf-a916-41fd-81b4-770f53dc75f6 102de37d7a97430d9885715d91b56dbd ade2a07541274b8f871b034e895de8e8 - - default default] project_id key not found in request, using tenant_id instead. This support has been deprecated and will be removed in a future release. [pid: 7|app: 0|req: 1242/2267] 10.0.0.152 () {34 vars in 1070 bytes} [Thu Jul 9 00:52:45 2026] GET /v2.0/ports?fields=security_groups&fields=device_id&device_id=23c61075-0c54-4699-bbc2-5bcda3fdde12 => generated 12 bytes in 20 msecs (HTTP/1.1 200) 4 headers in 156 bytes (1 switches on core 0) [pid: 8|app: 0|req: 1026/2268] 10.0.0.156 () {32 vars in 747 bytes} [Thu Jul 9 00:52:45 2026] GET /v2.0/security-groups/512100d1-08b2-425f-b774-dbec82ed1075/tags => generated 34 bytes in 32 msecs (HTTP/1.1 200) 4 headers in 156 bytes (1 switches on core 0)
2026-07-09 00:52:45.851 7 WARNING tagging [None req-e624293a-4e87-4f37-89b9-81d80ebaaf38 102de37d7a97430d9885715d91b56dbd ade2a07541274b8f871b034e895de8e8 - - default default] project_id key not found in request, using tenant_id instead. This support has been deprecated and will be removed in a future release. [pid: 7|app: 0|req: 1243/2269] 10.0.0.156 () {34 vars in 774 bytes} [Thu Jul 9 00:52:45 2026] PUT /v2.0/security-groups/512100d1-08b2-425f-b774-dbec82ed1075/tags/red => generated 4 bytes in 53 msecs (HTTP/1.1 201) 4 headers in 160 bytes (1 switches on core 0)
2026-07-09 00:52:45.917 8 WARNING tagging [None req-eb80ebc4-0da2-4d81-9225-a03e3e6017c2 102de37d7a97430d9885715d91b56dbd ade2a07541274b8f871b034e895de8e8 - - default default] project_id key not found in request, using tenant_id instead. This support has been deprecated and will be removed in a future release. [pid: 8|app: 0|req: 1027/2270] 10.0.0.156 () {32 vars in 747 bytes} [Thu Jul 9 00:52:45 2026] GET /v2.0/security-groups/512100d1-08b2-425f-b774-dbec82ed1075/tags => generated 34 bytes in 46 msecs (HTTP/1.1 200) 4 headers in 156 bytes (1 switches on core 0)
2026-07-09 00:52:45.960 7 WARNING tagging [None req-f3046832-bd17-4833-b094-7d2ba8a185a8 102de37d7a97430d9885715d91b56dbd ade2a07541274b8f871b034e895de8e8 - - default default] project_id key not found in request, using tenant_id instead. This support has been deprecated and will be removed in a future release. [pid: 7|app: 0|req: 1244/2271] 10.0.0.156 () {34 vars in 796 bytes} [Thu Jul 9 00:52:45 2026] PUT /v2.0/security-groups/512100d1-08b2-425f-b774-dbec82ed1075/tags/black.or.white => generated 4 bytes in 59 msecs (HTTP/1.1 201) 4 headers in 160 bytes (1 switches on core 0)
2026-07-09 00:52:46.023 8 WARNING tagging [None req-fb3b88bb-8c47-4759-a359-a90a2190b05c 102de37d7a97430d9885715d91b56dbd ade2a07541274b8f871b034e895de8e8 - - default default] project_id key not found in request, using tenant_id instead. This support has been deprecated and will be removed in a future release. [pid: 8|app: 0|req: 1028/2272] 10.0.0.156 () {32 vars in 747 bytes} [Thu Jul 9 00:52:45 2026] GET /v2.0/security-groups/512100d1-08b2-425f-b774-dbec82ed1075/tags => generated 52 bytes in 37 msecs (HTTP/1.1 200) 4 headers in 156 bytes (1 switches on core 0)
2026-07-09 00:52:46.062 7 WARNING tagging [None req-bbc40861-b47b-4e23-8564-ed10994de99c 102de37d7a97430d9885715d91b56dbd ade2a07541274b8f871b034e895de8e8 - - default default] project_id key not found in request, using tenant_id instead. This support has been deprecated and will be removed in a future release. [pid: 7|app: 0|req: 1245/2273] 10.0.0.156 () {34 vars in 767 bytes} [Thu Jul 9 00:52:46 2026] PUT /v2.0/security-groups/512100d1-08b2-425f-b774-dbec82ed1075/tags => generated 37 bytes in 51 msecs (HTTP/1.1 200) 4 headers in 156 bytes (1 switches on core 0)
2026-07-09 00:52:46.115 8 WARNING tagging [None req-b867a81c-e030-4df4-bfde-db14838dd85c 102de37d7a97430d9885715d91b56dbd ade2a07541274b8f871b034e895de8e8 - - default default] project_id key not found in request, using tenant_id instead. This support has been deprecated and will be removed in a future release. [pid: 8|app: 0|req: 1029/2274] 10.0.0.156 () {32 vars in 747 bytes} [Thu Jul 9 00:52:46 2026] GET /v2.0/security-groups/512100d1-08b2-425f-b774-dbec82ed1075/tags => generated 37 bytes in 32 msecs (HTTP/1.1 200) 4 headers in 156 bytes (1 switches on core 0)
2026-07-09 00:52:46.154 7 WARNING tagging [None req-8f516aa9-e53a-4fbf-ad37-292e1802d600 102de37d7a97430d9885715d91b56dbd ade2a07541274b8f871b034e895de8e8 - - default default] project_id key not found in request, using tenant_id instead. This support has been deprecated and will be removed in a future release. [pid: 7|app: 0|req: 1246/2275] 10.0.0.156 () {32 vars in 755 bytes} [Thu Jul 9 00:52:46 2026] GET /v2.0/security-groups/512100d1-08b2-425f-b774-dbec82ed1075/tags/red => generated 0 bytes in 36 msecs (HTTP/1.1 204) 2 headers in 112 bytes (1 switches on core 0)
2026-07-09 00:52:46.202 8 WARNING tagging [None req-2dd93066-ae51-4c73-9f3e-cac8f145b223 102de37d7a97430d9885715d91b56dbd ade2a07541274b8f871b034e895de8e8 - - default default] project_id key not found in request, using tenant_id instead. This support has been deprecated and will be removed in a future release.
2026-07-09 00:52:46.217 8 INFO neutron.api.v2.resource [None req-2dd93066-ae51-4c73-9f3e-cac8f145b223 102de37d7a97430d9885715d91b56dbd ade2a07541274b8f871b034e895de8e8 - - default default] show failed (client error): The resource could not be found. [pid: 8|app: 0|req: 1030/2276] 10.0.0.156 () {32 vars in 759 bytes} [Thu Jul 9 00:52:46 2026] GET /v2.0/security-groups/512100d1-08b2-425f-b774-dbec82ed1075/tags/green => generated 99 bytes in 48 msecs (HTTP/1.1 404) 4 headers in 163 bytes (1 switches on core 0)
2026-07-09 00:52:46.245 7 WARNING tagging [None req-da998063-29d6-492c-8f15-6ceb5188d03f 102de37d7a97430d9885715d91b56dbd ade2a07541274b8f871b034e895de8e8 - - default default] project_id key not found in request, using tenant_id instead. This support has been deprecated and will be removed in a future release. [pid: 7|app: 0|req: 1247/2277] 10.0.0.156 () {32 vars in 758 bytes} [Thu Jul 9 00:52:46 2026] DELETE /v2.0/security-groups/512100d1-08b2-425f-b774-dbec82ed1075/tags/red => generated 0 bytes in 47 msecs (HTTP/1.1 204) 2 headers in 112 bytes (1 switches on core 0)
2026-07-09 00:52:46.300 8 WARNING tagging [None req-0716cfb4-68ef-4877-bf1c-af630591fd9c 102de37d7a97430d9885715d91b56dbd ade2a07541274b8f871b034e895de8e8 - - default default] project_id key not found in request, using tenant_id instead. This support has been deprecated and will be removed in a future release. [pid: 8|app: 0|req: 1031/2278] 10.0.0.156 () {32 vars in 747 bytes} [Thu Jul 9 00:52:46 2026] GET /v2.0/security-groups/512100d1-08b2-425f-b774-dbec82ed1075/tags => generated 30 bytes in 35 msecs (HTTP/1.1 200) 4 headers in 156 bytes (1 switches on core 0)
2026-07-09 00:52:46.343 7 WARNING tagging [None req-fce454ca-6bc7-4885-ae2a-2f6621170293 102de37d7a97430d9885715d91b56dbd ade2a07541274b8f871b034e895de8e8 - - default default] project_id key not found in request, using tenant_id instead. This support has been deprecated and will be removed in a future release.
2026-07-09 00:52:46.358 7 INFO neutron.api.v2.resource [None req-fce454ca-6bc7-4885-ae2a-2f6621170293 102de37d7a97430d9885715d91b56dbd ade2a07541274b8f871b034e895de8e8 - - default default] delete failed (client error): The resource could not be found. [pid: 7|app: 0|req: 1248/2279] 10.0.0.156 () {32 vars in 762 bytes} [Thu Jul 9 00:52:46 2026] DELETE /v2.0/security-groups/512100d1-08b2-425f-b774-dbec82ed1075/tags/green => generated 99 bytes in 44 msecs (HTTP/1.1 404) 4 headers in 163 bytes (1 switches on core 0)
2026-07-09 00:52:46.389 8 WARNING tagging [None req-9ca05225-c6ce-4e49-aca9-b8190f194c92 102de37d7a97430d9885715d91b56dbd ade2a07541274b8f871b034e895de8e8 - - default default] project_id key not found in request, using tenant_id instead. This support has been deprecated and will be removed in a future release. [pid: 8|app: 0|req: 1032/2280] 10.0.0.156 () {32 vars in 750 bytes} [Thu Jul 9 00:52:46 2026] DELETE /v2.0/security-groups/512100d1-08b2-425f-b774-dbec82ed1075/tags => generated 0 bytes in 46 msecs (HTTP/1.1 204) 2 headers in 112 bytes (1 switches on core 0)
2026-07-09 00:52:46.441 7 WARNING tagging [None req-97c0c512-fe15-4b6b-b698-0197ab57c956 102de37d7a97430d9885715d91b56dbd ade2a07541274b8f871b034e895de8e8 - - default default] project_id key not found in request, using tenant_id instead. This support has been deprecated and will be removed in a future release. [pid: 7|app: 0|req: 1249/2281] 10.0.0.156 () {32 vars in 747 bytes} [Thu Jul 9 00:52:46 2026] GET /v2.0/security-groups/512100d1-08b2-425f-b774-dbec82ed1075/tags => generated 12 bytes in 33 msecs (HTTP/1.1 200) 4 headers in 156 bytes (1 switches on core 0) [pid: 8|app: 0|req: 1033/2282] 10.0.0.156 () {32 vars in 740 bytes} [Thu Jul 9 00:52:46 2026] DELETE /v2.0/security-groups/512100d1-08b2-425f-b774-dbec82ed1075 => generated 0 bytes in 130 msecs (HTTP/1.1 204) 2 headers in 112 bytes (1 switches on core 0) [pid: 7|app: 0|req: 1250/2283] 10.0.0.152 () {34 vars in 1070 bytes} [Thu Jul 9 00:52:46 2026] GET /v2.0/ports?fields=security_groups&fields=device_id&device_id=23c61075-0c54-4699-bbc2-5bcda3fdde12 => generated 12 bytes in 24 msecs (HTTP/1.1 200) 4 headers in 156 bytes (1 switches on core 0)
2026-07-09 00:52:47.465 8 WARNING neutron.db.securitygroups_db [None req-b24861b4-7f01-455c-8c19-116ed7a89629 7486847637834fe1a3fb24e6e999e2ff 52e3473b0e3644a5902c25692363c61c - - default default] project_id key not found in filters, using tenant_id instead. This support has been deprecated and will be removed in a future release.
2026-07-09 00:52:47.580 8 INFO neutron.db.ovn_revision_numbers_db [None req-b24861b4-7f01-455c-8c19-116ed7a89629 7486847637834fe1a3fb24e6e999e2ff 52e3473b0e3644a5902c25692363c61c - - default default] Successfully bumped revision number for resource dfc49b1c-8d4b-4198-8316-32f449eafd95 (type: security_groups) to 1
2026-07-09 00:52:47.591 8 INFO neutron.db.ovn_revision_numbers_db [None req-b24861b4-7f01-455c-8c19-116ed7a89629 7486847637834fe1a3fb24e6e999e2ff 52e3473b0e3644a5902c25692363c61c - - default default] Successfully bumped revision number for resource 42307a73-3bfb-4f33-ae5d-60f8d1560831 (type: security_group_rules) to 0
2026-07-09 00:52:47.602 8 INFO neutron.db.ovn_revision_numbers_db [None req-b24861b4-7f01-455c-8c19-116ed7a89629 7486847637834fe1a3fb24e6e999e2ff 52e3473b0e3644a5902c25692363c61c - - default default] Successfully bumped revision number for resource 8bd88505-f65a-4b08-88e6-534512595a81 (type: security_group_rules) to 0
2026-07-09 00:52:47.623 8 INFO neutron.db.ovn_revision_numbers_db [None req-b24861b4-7f01-455c-8c19-116ed7a89629 7486847637834fe1a3fb24e6e999e2ff 52e3473b0e3644a5902c25692363c61c - - default default] Successfully bumped revision number for resource a329d26b-116f-43d5-b11f-180c71265129 (type: security_group_rules) to 0
2026-07-09 00:52:47.640 8 INFO neutron.db.ovn_revision_numbers_db [None req-b24861b4-7f01-455c-8c19-116ed7a89629 7486847637834fe1a3fb24e6e999e2ff 52e3473b0e3644a5902c25692363c61c - - default default] Successfully bumped revision number for resource d273379d-9e1a-4315-9646-95016196b8a8 (type: security_group_rules) to 0 [pid: 8|app: 0|req: 1034/2284] 10.0.0.156 () {32 vars in 774 bytes} [Thu Jul 9 00:52:47 2026] GET /v2.0/security-groups?tenant_id=645d04c2c2634bf597d500278e8f71ae&name=default => generated 2929 bytes in 395 msecs (HTTP/1.1 200) 4 headers in 158 bytes (1 switches on core 0)
2026-07-09 00:52:47.708 8 WARNING neutron.plugins.ml2.drivers.ovn.mech_driver.ovsdb.ovn_client [None req-3b8e3adc-fdd9-4e79-b279-d0349c84ed3e - - - - - -] No hosting information found for port 9ca4eecb-0ed8-44f8-84c3-f61645905e6b: RuntimeError: No hosting information found for port 9ca4eecb-0ed8-44f8-84c3-f61645905e6b
2026-07-09 00:52:47.780 8 INFO neutron.db.ovn_revision_numbers_db [None req-3b8e3adc-fdd9-4e79-b279-d0349c84ed3e - - - - - -] Successfully bumped revision number for resource 9ca4eecb-0ed8-44f8-84c3-f61645905e6b (type: router_ports) to 2 [pid: 7|app: 0|req: 1251/2285] 10.0.0.156 () {32 vars in 740 bytes} [Thu Jul 9 00:52:47 2026] DELETE /v2.0/security-groups/dfc49b1c-8d4b-4198-8316-32f449eafd95 => generated 0 bytes in 172 msecs (HTTP/1.1 204) 2 headers in 112 bytes (1 switches on core 0) [pid: 8|app: 0|req: 1035/2286] 10.0.0.152 () {34 vars in 1070 bytes} [Thu Jul 9 00:52:47 2026] GET /v2.0/ports?fields=security_groups&fields=device_id&device_id=23c61075-0c54-4699-bbc2-5bcda3fdde12 => generated 12 bytes in 20 msecs (HTTP/1.1 200) 4 headers in 156 bytes (1 switches on core 0)
2026-07-09 00:52:48.022 7 WARNING neutron.db.securitygroups_db [None req-ee541ef6-e3ca-4d1d-a768-a7e52d60ce24 7486847637834fe1a3fb24e6e999e2ff 52e3473b0e3644a5902c25692363c61c - - default default] project_id key not found in filters, using tenant_id instead. This support has been deprecated and will be removed in a future release. [pid: 7|app: 0|req: 1252/2287] 10.0.0.156 () {32 vars in 774 bytes} [Thu Jul 9 00:52:48 2026] GET /v2.0/security-groups?tenant_id=ade2a07541274b8f871b034e895de8e8&name=default => generated 2929 bytes in 29 msecs (HTTP/1.1 200) 4 headers in 158 bytes (1 switches on core 0) [pid: 8|app: 0|req: 1036/2288] 10.0.0.156 () {32 vars in 740 bytes} [Thu Jul 9 00:52:48 2026] DELETE /v2.0/security-groups/22f376c4-1be0-4591-8afc-16e869aeaaba => generated 0 bytes in 169 msecs (HTTP/1.1 204) 2 headers in 112 bytes (1 switches on core 0)
2026-07-09 00:52:48.481 7 WARNING neutron.scheduler.dhcp_agent_scheduler [None req-d1fbfe12-accc-4a09-b4a4-1c0a7a484a58 911efe5e58434f59972e7a3a0b4e8f97 e7a9e15fb9544455a43f43511885f497 - - default default] No more DHCP agents
2026-07-09 00:52:48.483 7 WARNING neutron.api.rpc.agentnotifiers.dhcp_rpc_agent_api [None req-d1fbfe12-accc-4a09-b4a4-1c0a7a484a58 911efe5e58434f59972e7a3a0b4e8f97 e7a9e15fb9544455a43f43511885f497 - - default default] Unable to schedule network 0b1d2e8a-7d5a-4f59-ac44-d69be8e5d881: no agents available; will retry on subsequent port and subnet creation events. [pid: 7|app: 0|req: 1253/2289] 10.0.0.156 () {34 vars in 676 bytes} [Thu Jul 9 00:52:48 2026] POST /v2.0/floatingips => generated 552 bytes in 571 msecs (HTTP/1.1 201) 4 headers in 162 bytes (1 switches on core 0)
2026-07-09 00:52:48.777 8 WARNING tagging [None req-0dda7710-4f95-4d3e-9882-7a1da8a25827 911efe5e58434f59972e7a3a0b4e8f97 e7a9e15fb9544455a43f43511885f497 - - default default] project_id key not found in request, using tenant_id instead. This support has been deprecated and will be removed in a future release. [pid: 8|app: 0|req: 1037/2290] 10.0.0.156 () {34 vars in 759 bytes} [Thu Jul 9 00:52:48 2026] PUT /v2.0/floatingips/ebf2d1f2-f105-424d-b602-6617dfb40f1b/tags => generated 25 bytes in 70 msecs (HTTP/1.1 200) 4 headers in 156 bytes (1 switches on core 0)
2026-07-09 00:52:48.853 7 WARNING tagging [None req-fd963430-e127-48a6-81fb-3e141303e731 911efe5e58434f59972e7a3a0b4e8f97 e7a9e15fb9544455a43f43511885f497 - - default default] project_id key not found in request, using tenant_id instead. This support has been deprecated and will be removed in a future release. [pid: 7|app: 0|req: 1254/2291] 10.0.0.156 () {32 vars in 739 bytes} [Thu Jul 9 00:52:48 2026] GET /v2.0/floatingips/ebf2d1f2-f105-424d-b602-6617dfb40f1b/tags => generated 25 bytes in 42 msecs (HTTP/1.1 200) 4 headers in 156 bytes (1 switches on core 0)
2026-07-09 00:52:48.898 8 WARNING tagging [None req-bf506f58-08ed-4e1b-befc-9edc589e9aed 911efe5e58434f59972e7a3a0b4e8f97 e7a9e15fb9544455a43f43511885f497 - - default default] project_id key not found in request, using tenant_id instead. This support has been deprecated and will be removed in a future release. [pid: 8|app: 0|req: 1038/2292] 10.0.0.156 () {34 vars in 770 bytes} [Thu Jul 9 00:52:48 2026] PUT /v2.0/floatingips/ebf2d1f2-f105-424d-b602-6617dfb40f1b/tags/green => generated 4 bytes in 66 msecs (HTTP/1.1 201) 4 headers in 160 bytes (1 switches on core 0)
2026-07-09 00:52:48.963 8 WARNING tagging [None req-c5f08717-fb59-41b4-a759-56fcdec0b0d2 911efe5e58434f59972e7a3a0b4e8f97 e7a9e15fb9544455a43f43511885f497 - - default default] project_id key not found in request, using tenant_id instead. This support has been deprecated and will be removed in a future release. [pid: 8|app: 0|req: 1039/2293] 10.0.0.156 () {32 vars in 739 bytes} [Thu Jul 9 00:52:48 2026] GET /v2.0/floatingips/ebf2d1f2-f105-424d-b602-6617dfb40f1b/tags => generated 34 bytes in 30 msecs (HTTP/1.1 200) 4 headers in 156 bytes (1 switches on core 0)
2026-07-09 00:52:48.998 8 WARNING tagging [None req-6fcb2009-b114-4902-a1d7-0114bf9c2484 911efe5e58434f59972e7a3a0b4e8f97 e7a9e15fb9544455a43f43511885f497 - - default default] project_id key not found in request, using tenant_id instead. This support has been deprecated and will be removed in a future release. [pid: 7|app: 0|req: 1255/2294] 199.204.45.177 () {34 vars in 986 bytes} [Thu Jul 9 00:52:48 2026] GET /v2.0/networks?id=0366e35c-f422-4b65-9111-ac0d807cc6cb => generated 699 bytes in 68 msecs (HTTP/1.1 200) 4 headers in 157 bytes (1 switches on core 0)
2026-07-09 00:52:49.015 7 WARNING neutron.db.securitygroups_db [req-24d650af-00cd-48f4-8d53-7fb7b4710a2d req-1c7c6133-1567-4de8-8800-10a597a770ea a618ccb40b2340fa890b2b6e036ecc75 212274a4374f4c1bb8c5e9d30833e0aa - - default default] project_id key not found in filters, using tenant_id instead. This support has been deprecated and will be removed in a future release. [pid: 8|app: 0|req: 1040/2295] 10.0.0.156 () {34 vars in 766 bytes} [Thu Jul 9 00:52:48 2026] PUT /v2.0/floatingips/ebf2d1f2-f105-424d-b602-6617dfb40f1b/tags/red => generated 4 bytes in 50 msecs (HTTP/1.1 201) 4 headers in 160 bytes (1 switches on core 0) [pid: 7|app: 0|req: 1256/2296] 199.204.45.177 () {34 vars in 1050 bytes} [Thu Jul 9 00:52:49 2026] GET /v2.0/security-groups?fields=id&fields=name&tenant_id=212274a4374f4c1bb8c5e9d30833e0aa => generated 181 bytes in 32 msecs (HTTP/1.1 200) 4 headers in 157 bytes (1 switches on core 0)
2026-07-09 00:52:49.051 8 WARNING tagging [None req-c95532f3-23b9-4f1c-ab39-d55f76c7c935 911efe5e58434f59972e7a3a0b4e8f97 e7a9e15fb9544455a43f43511885f497 - - default default] project_id key not found in request, using tenant_id instead. This support has been deprecated and will be removed in a future release. [pid: 8|app: 0|req: 1041/2297] 10.0.0.156 () {32 vars in 739 bytes} [Thu Jul 9 00:52:49 2026] GET /v2.0/floatingips/ebf2d1f2-f105-424d-b602-6617dfb40f1b/tags => generated 34 bytes in 29 msecs (HTTP/1.1 200) 4 headers in 156 bytes (1 switches on core 0) [pid: 8|app: 0|req: 1042/2298] 10.0.0.152 () {34 vars in 1070 bytes} [Thu Jul 9 00:52:49 2026] GET /v2.0/ports?fields=security_groups&fields=device_id&device_id=23c61075-0c54-4699-bbc2-5bcda3fdde12 => generated 12 bytes in 14 msecs (HTTP/1.1 200) 4 headers in 156 bytes (1 switches on core 0)
2026-07-09 00:52:49.097 8 WARNING tagging [None req-6708dcc3-0532-4d06-b0d0-4f0541c8e20d 911efe5e58434f59972e7a3a0b4e8f97 e7a9e15fb9544455a43f43511885f497 - - default default] project_id key not found in request, using tenant_id instead. This support has been deprecated and will be removed in a future release. [pid: 8|app: 0|req: 1043/2299] 10.0.0.156 () {34 vars in 788 bytes} [Thu Jul 9 00:52:49 2026] PUT /v2.0/floatingips/ebf2d1f2-f105-424d-b602-6617dfb40f1b/tags/black.or.white => generated 4 bytes in 58 msecs (HTTP/1.1 201) 4 headers in 160 bytes (1 switches on core 0)
2026-07-09 00:52:49.164 8 WARNING tagging [None req-77bf7435-c43f-46ef-8bbc-924df9e57155 911efe5e58434f59972e7a3a0b4e8f97 e7a9e15fb9544455a43f43511885f497 - - default default] project_id key not found in request, using tenant_id instead. This support has been deprecated and will be removed in a future release. [pid: 8|app: 0|req: 1044/2300] 10.0.0.156 () {32 vars in 739 bytes} [Thu Jul 9 00:52:49 2026] GET /v2.0/floatingips/ebf2d1f2-f105-424d-b602-6617dfb40f1b/tags => generated 52 bytes in 40 msecs (HTTP/1.1 200) 4 headers in 156 bytes (1 switches on core 0)
2026-07-09 00:52:49.216 8 WARNING tagging [None req-93492df7-f0a1-41ae-a2ac-6f5a5220971b 911efe5e58434f59972e7a3a0b4e8f97 e7a9e15fb9544455a43f43511885f497 - - default default] project_id key not found in request, using tenant_id instead. This support has been deprecated and will be removed in a future release. [pid: 8|app: 0|req: 1045/2301] 10.0.0.156 () {34 vars in 759 bytes} [Thu Jul 9 00:52:49 2026] PUT /v2.0/floatingips/ebf2d1f2-f105-424d-b602-6617dfb40f1b/tags => generated 37 bytes in 70 msecs (HTTP/1.1 200) 4 headers in 156 bytes (1 switches on core 0)
2026-07-09 00:52:49.289 8 WARNING tagging [None req-dd962ad2-c4a6-4ad5-87c7-abef54c2403d 911efe5e58434f59972e7a3a0b4e8f97 e7a9e15fb9544455a43f43511885f497 - - default default] project_id key not found in request, using tenant_id instead. This support has been deprecated and will be removed in a future release. [pid: 8|app: 0|req: 1046/2302] 10.0.0.156 () {32 vars in 739 bytes} [Thu Jul 9 00:52:49 2026] GET /v2.0/floatingips/ebf2d1f2-f105-424d-b602-6617dfb40f1b/tags => generated 37 bytes in 41 msecs (HTTP/1.1 200) 4 headers in 156 bytes (1 switches on core 0)
2026-07-09 00:52:49.309 7 WARNING neutron.scheduler.dhcp_agent_scheduler [req-24d650af-00cd-48f4-8d53-7fb7b4710a2d req-987f4c5c-cc2c-46bd-9f13-33b85c54b432 a618ccb40b2340fa890b2b6e036ecc75 212274a4374f4c1bb8c5e9d30833e0aa - - default default] No more DHCP agents
2026-07-09 00:52:49.312 7 WARNING neutron.api.rpc.agentnotifiers.dhcp_rpc_agent_api [req-24d650af-00cd-48f4-8d53-7fb7b4710a2d req-987f4c5c-cc2c-46bd-9f13-33b85c54b432 a618ccb40b2340fa890b2b6e036ecc75 212274a4374f4c1bb8c5e9d30833e0aa - - default default] Unable to schedule network 0366e35c-f422-4b65-9111-ac0d807cc6cb: no agents available; will retry on subsequent port and subnet creation events.
2026-07-09 00:52:49.337 8 WARNING tagging [None req-5eb76582-f817-44aa-a88d-339eacd091fa 911efe5e58434f59972e7a3a0b4e8f97 e7a9e15fb9544455a43f43511885f497 - - default default] project_id key not found in request, using tenant_id instead. This support has been deprecated and will be removed in a future release. [pid: 8|app: 0|req: 1047/2303] 10.0.0.156 () {32 vars in 747 bytes} [Thu Jul 9 00:52:49 2026] GET /v2.0/floatingips/ebf2d1f2-f105-424d-b602-6617dfb40f1b/tags/red => generated 0 bytes in 38 msecs (HTTP/1.1 204) 2 headers in 112 bytes (1 switches on core 0)
2026-07-09 00:52:49.377 8 WARNING tagging [None req-1105f742-23a0-49ea-9fc6-73b08dc7dbb6 911efe5e58434f59972e7a3a0b4e8f97 e7a9e15fb9544455a43f43511885f497 - - default default] project_id key not found in request, using tenant_id instead. This support has been deprecated and will be removed in a future release.
2026-07-09 00:52:49.395 8 INFO neutron.api.v2.resource [None req-1105f742-23a0-49ea-9fc6-73b08dc7dbb6 911efe5e58434f59972e7a3a0b4e8f97 e7a9e15fb9544455a43f43511885f497 - - default default] show failed (client error): The resource could not be found. [pid: 8|app: 0|req: 1048/2304] 10.0.0.156 () {32 vars in 751 bytes} [Thu Jul 9 00:52:49 2026] GET /v2.0/floatingips/ebf2d1f2-f105-424d-b602-6617dfb40f1b/tags/green => generated 99 bytes in 40 msecs (HTTP/1.1 404) 4 headers in 163 bytes (1 switches on core 0)
2026-07-09 00:52:49.416 8 INFO neutron.plugins.ml2.drivers.ovn.mech_driver.mech_driver [None req-3b8e3adc-fdd9-4e79-b279-d0349c84ed3e - - - - - -] OVN reports status down for port: 920f526b-2268-48e1-9812-7e1389826726
2026-07-09 00:52:49.437 7 INFO neutron.db.ovn_revision_numbers_db [req-24d650af-00cd-48f4-8d53-7fb7b4710a2d req-987f4c5c-cc2c-46bd-9f13-33b85c54b432 a618ccb40b2340fa890b2b6e036ecc75 212274a4374f4c1bb8c5e9d30833e0aa - - default default] Successfully bumped revision number for resource 920f526b-2268-48e1-9812-7e1389826726 (type: ports) to 1 [pid: 7|app: 0|req: 1257/2305] 199.204.45.177 () {38 vars in 955 bytes} [Thu Jul 9 00:52:49 2026] POST /v2.0/ports => generated 954 bytes in 408 msecs (HTTP/1.1 201) 4 headers in 162 bytes (1 switches on core 0)
2026-07-09 00:52:49.459 8 WARNING tagging [None req-bd29e1e2-9671-419a-a98f-853076f110cf 911efe5e58434f59972e7a3a0b4e8f97 e7a9e15fb9544455a43f43511885f497 - - default default] project_id key not found in request, using tenant_id instead. This support has been deprecated and will be removed in a future release. /var/lib/openstack/lib/python3.12/site-packages/pycadf/identifier.py:70: UserWarning: Invalid uuid: neutron. To ensure interoperability, identifiers should be a valid uuid. warnings.warn(('Invalid uuid: %s. To ensure interoperability, ' [pid: 8|app: 0|req: 1049/2306] 10.0.0.156 () {32 vars in 750 bytes} [Thu Jul 9 00:52:49 2026] DELETE /v2.0/floatingips/ebf2d1f2-f105-424d-b602-6617dfb40f1b/tags/red => generated 0 bytes in 116 msecs (HTTP/1.1 204) 2 headers in 112 bytes (1 switches on core 0)
2026-07-09 00:52:49.566 8 WARNING tagging [None req-7022f05b-0734-49da-a0a3-c7d3f0d9461f 911efe5e58434f59972e7a3a0b4e8f97 e7a9e15fb9544455a43f43511885f497 - - default default] project_id key not found in request, using tenant_id instead. This support has been deprecated and will be removed in a future release. [pid: 8|app: 0|req: 1050/2307] 10.0.0.156 () {32 vars in 739 bytes} [Thu Jul 9 00:52:49 2026] GET /v2.0/floatingips/ebf2d1f2-f105-424d-b602-6617dfb40f1b/tags => generated 30 bytes in 61 msecs (HTTP/1.1 200) 4 headers in 156 bytes (1 switches on core 0)
2026-07-09 00:52:49.611 8 WARNING tagging [None req-7420fcef-dd24-4b2f-a7be-5cc0fa252ede 911efe5e58434f59972e7a3a0b4e8f97 e7a9e15fb9544455a43f43511885f497 - - default default] project_id key not found in request, using tenant_id instead. This support has been deprecated and will be removed in a future release.
2026-07-09 00:52:49.632 8 INFO neutron.api.v2.resource [None req-7420fcef-dd24-4b2f-a7be-5cc0fa252ede 911efe5e58434f59972e7a3a0b4e8f97 e7a9e15fb9544455a43f43511885f497 - - default default] delete failed (client error): The resource could not be found. [pid: 8|app: 0|req: 1051/2308] 10.0.0.156 () {32 vars in 754 bytes} [Thu Jul 9 00:52:49 2026] DELETE /v2.0/floatingips/ebf2d1f2-f105-424d-b602-6617dfb40f1b/tags/green => generated 99 bytes in 43 msecs (HTTP/1.1 404) 4 headers in 163 bytes (1 switches on core 0)
2026-07-09 00:52:49.665 8 WARNING tagging [None req-df9b8959-1cca-4918-af26-85c4fb1b84c4 911efe5e58434f59972e7a3a0b4e8f97 e7a9e15fb9544455a43f43511885f497 - - default default] project_id key not found in request, using tenant_id instead. This support has been deprecated and will be removed in a future release. [pid: 8|app: 0|req: 1052/2309] 10.0.0.156 () {32 vars in 742 bytes} [Thu Jul 9 00:52:49 2026] DELETE /v2.0/floatingips/ebf2d1f2-f105-424d-b602-6617dfb40f1b/tags => generated 0 bytes in 51 msecs (HTTP/1.1 204) 2 headers in 112 bytes (1 switches on core 0)
2026-07-09 00:52:49.718 8 WARNING tagging [None req-6d214f36-6570-4847-9007-35f2da89304d 911efe5e58434f59972e7a3a0b4e8f97 e7a9e15fb9544455a43f43511885f497 - - default default] project_id key not found in request, using tenant_id instead. This support has been deprecated and will be removed in a future release. [pid: 8|app: 0|req: 1053/2310] 10.0.0.156 () {32 vars in 739 bytes} [Thu Jul 9 00:52:49 2026] GET /v2.0/floatingips/ebf2d1f2-f105-424d-b602-6617dfb40f1b/tags => generated 12 bytes in 49 msecs (HTTP/1.1 200) 4 headers in 156 bytes (1 switches on core 0)
2026-07-09 00:52:49.787 7 INFO neutron.db.ovn_revision_numbers_db [req-24d650af-00cd-48f4-8d53-7fb7b4710a2d req-0bf2d86c-b35d-4b36-919d-6929d7015bd8 41d3cdbf0f5d48519088bafc9925c48b a07946b5dc994213bfd2f2e6e4800f03 - - 1d814b37a6cf4476958a24ae46097d2e 1d814b37a6cf4476958a24ae46097d2e] Successfully bumped revision number for resource 920f526b-2268-48e1-9812-7e1389826726 (type: ports) to 2
2026-07-09 00:52:49.917 8 INFO neutron_taas.services.taas.taas_plugin [None req-bfdbf7cc-c345-4720-8b0b-76043713b7c2 911efe5e58434f59972e7a3a0b4e8f97 e7a9e15fb9544455a43f43511885f497 - - default default] TaaS: Handle Delete Port: cd56b05b-e20b-49c5-9701-6f30c5e11c71
