+ COMMAND=start + start + for KEYSTONE_WSGI_SCRIPT in keystone-wsgi-public ++ type -p keystone-wsgi-public + cp -a /var/lib/openstack/bin/keystone-wsgi-public /var/www/cgi-bin/keystone/ + '[' -f /etc/apache2/envvars ']' + source /etc/apache2/envvars ++ unset HOME ++ '[' '' '!=' '' ']' ++ SUFFIX= ++ export APACHE_RUN_USER=www-data ++ APACHE_RUN_USER=www-data ++ export APACHE_RUN_GROUP=www-data ++ APACHE_RUN_GROUP=www-data ++ export APACHE_PID_FILE=/var/run/apache2/apache2.pid ++ APACHE_PID_FILE=/var/run/apache2/apache2.pid ++ export APACHE_RUN_DIR=/var/run/apache2 ++ APACHE_RUN_DIR=/var/run/apache2 ++ export APACHE_LOCK_DIR=/var/lock/apache2 ++ APACHE_LOCK_DIR=/var/lock/apache2 ++ export APACHE_LOG_DIR=/var/log/apache2 ++ APACHE_LOG_DIR=/var/log/apache2 ++ export LANG=C ++ LANG=C ++ export LANG + '[' -f /var/run/apache2/apache2.pid ']' + exec apache2 -DFOREGROUND AH00558: apache2: Could not reliably determine the server's fully qualified domain name, using 10.0.0.30. Set the 'ServerName' directive globally to suppress this message AH00558: apache2: Could not reliably determine the server's fully qualified domain name, using 10.0.0.30. Set the 'ServerName' directive globally to suppress this message
[Wed Jul 08 23:47:59.671959 2026] [mpm_event:notice] [pid 1:tid 140434337965952] AH00489: Apache/2.4.58 (Ubuntu) mod_wsgi/5.0.0 Python/3.12 configured -- resuming normal operations
[Wed Jul 08 23:47:59.672086 2026] [core:notice] [pid 1:tid 140434337965952] AH00094: Command line: 'apache2 -D FOREGROUND'
[Wed Jul 08 23:49:02.649330 2026] [wsgi:error] [pid 12:tid 140433700144832] /var/lib/openstack/lib/python3.12/site-packages/oslo_utils/importutils.py:77: EventletDeprecationWarning:
[Wed Jul 08 23:49:02.649381 2026] [wsgi:error] [pid 12:tid 140433700144832] Eventlet is deprecated. It is currently being maintained in bugfix mode, and
[Wed Jul 08 23:49:02.649383 2026] [wsgi:error] [pid 12:tid 140433700144832] we strongly recommend against using it for new projects.
[Wed Jul 08 23:49:02.649384 2026] [wsgi:error] [pid 12:tid 140433700144832]
[Wed Jul 08 23:49:02.649385 2026] [wsgi:error] [pid 12:tid 140433700144832] If you are already using Eventlet, we recommend migrating to a different
[Wed Jul 08 23:49:02.649386 2026] [wsgi:error] [pid 12:tid 140433700144832] framework. For more detail see
[Wed Jul 08 23:49:02.649388 2026] [wsgi:error] [pid 12:tid 140433700144832] https://eventlet.readthedocs.io/en/latest/asyncio/migration.html
[Wed Jul 08 23:49:02.649389 2026] [wsgi:error] [pid 12:tid 140433700144832]
[Wed Jul 08 23:49:02.649390 2026] [wsgi:error] [pid 12:tid 140433700144832] __import__(import_str)
[Wed Jul 08 23:49:02.652542 2026] [wsgi:error] [pid 11:tid 140433700144832] /var/lib/openstack/lib/python3.12/site-packages/oslo_utils/importutils.py:77: EventletDeprecationWarning:
[Wed Jul 08 23:49:02.652586 2026] [wsgi:error] [pid 11:tid 140433700144832] Eventlet is deprecated. It is currently being maintained in bugfix mode, and
[Wed Jul 08 23:49:02.652587 2026] [wsgi:error] [pid 11:tid 140433700144832] we strongly recommend against using it for new projects.
[Wed Jul 08 23:49:02.652589 2026] [wsgi:error] [pid 11:tid 140433700144832]
[Wed Jul 08 23:49:02.652590 2026] [wsgi:error] [pid 11:tid 140433700144832] If you are already using Eventlet, we recommend migrating to a different
[Wed Jul 08 23:49:02.652591 2026] [wsgi:error] [pid 11:tid 140433700144832] framework. For more detail see
[Wed Jul 08 23:49:02.652593 2026] [wsgi:error] [pid 11:tid 140433700144832] https://eventlet.readthedocs.io/en/latest/asyncio/migration.html
[Wed Jul 08 23:49:02.652594 2026] [wsgi:error] [pid 11:tid 140433700144832]
[Wed Jul 08 23:49:02.652595 2026] [wsgi:error] [pid 11:tid 140433700144832] __import__(import_str) 10.0.0.206 - - [08/Jul/2026:23:49:01 +0000] "GET /v3/ HTTP/1.1" 200 249 10.0.0.206 - - [08/Jul/2026:23:49:01 +0000] "GET /v3/ HTTP/1.1" 200 249
[Wed Jul 08 23:49:14.623062 2026] [wsgi:error] [pid 10:tid 140433700144832] /var/lib/openstack/lib/python3.12/site-packages/oslo_utils/importutils.py:77: EventletDeprecationWarning:
[Wed Jul 08 23:49:14.623103 2026] [wsgi:error] [pid 10:tid 140433700144832] Eventlet is deprecated. It is currently being maintained in bugfix mode, and
[Wed Jul 08 23:49:14.623105 2026] [wsgi:error] [pid 10:tid 140433700144832] we strongly recommend against using it for new projects.
[Wed Jul 08 23:49:14.623106 2026] [wsgi:error] [pid 10:tid 140433700144832]
[Wed Jul 08 23:49:14.623107 2026] [wsgi:error] [pid 10:tid 140433700144832] If you are already using Eventlet, we recommend migrating to a different
[Wed Jul 08 23:49:14.623109 2026] [wsgi:error] [pid 10:tid 140433700144832] framework. For more detail see
[Wed Jul 08 23:49:14.623110 2026] [wsgi:error] [pid 10:tid 140433700144832] https://eventlet.readthedocs.io/en/latest/asyncio/migration.html
[Wed Jul 08 23:49:14.623111 2026] [wsgi:error] [pid 10:tid 140433700144832]
[Wed Jul 08 23:49:14.623112 2026] [wsgi:error] [pid 10:tid 140433700144832] __import__(import_str) 10.0.0.133 - - [08/Jul/2026:23:49:13 +0000] "GET / HTTP/1.1" 300 295
[Wed Jul 08 23:49:19.800471 2026] [wsgi:error] [pid 9:tid 140433700144832] /var/lib/openstack/lib/python3.12/site-packages/oslo_utils/importutils.py:77: EventletDeprecationWarning:
[Wed Jul 08 23:49:19.800648 2026] [wsgi:error] [pid 9:tid 140433700144832] Eventlet is deprecated. It is currently being maintained in bugfix mode, and
[Wed Jul 08 23:49:19.800696 2026] [wsgi:error] [pid 9:tid 140433700144832] we strongly recommend against using it for new projects.
[Wed Jul 08 23:49:19.800713 2026] [wsgi:error] [pid 9:tid 140433700144832]
[Wed Jul 08 23:49:19.800733 2026] [wsgi:error] [pid 9:tid 140433700144832] If you are already using Eventlet, we recommend migrating to a different
[Wed Jul 08 23:49:19.800743 2026] [wsgi:error] [pid 9:tid 140433700144832] framework. For more detail see
[Wed Jul 08 23:49:19.800753 2026] [wsgi:error] [pid 9:tid 140433700144832] https://eventlet.readthedocs.io/en/latest/asyncio/migration.html
[Wed Jul 08 23:49:19.800763 2026] [wsgi:error] [pid 9:tid 140433700144832]
[Wed Jul 08 23:49:19.800797 2026] [wsgi:error] [pid 9:tid 140433700144832] __import__(import_str)
[Wed Jul 08 23:49:24.400154 2026] [wsgi:error] [pid 9:tid 140433700144832] [remote 10.0.0.133:59744] 2026-07-08 23:49:24.397 9 WARNING keystone.identity.core [None req-cef744d1-7ac9-4d9c-8867-04ef5fa02098 - - - - - -] Invalid domain name (atmosphere) found in config file name: keystone.exception.DomainNotFound: Could not find domain: atmosphere.
[Wed Jul 08 23:49:24.454180 2026] [wsgi:error] [pid 9:tid 140433700144832] [remote 10.0.0.133:59744] 2026-07-08 23:49:24.453 9 WARNING keystone.common.password_hashing [None req-cef744d1-7ac9-4d9c-8867-04ef5fa02098 - - - - - -] Truncating password to algorithm specific maximum length 72 characters.
[Wed Jul 08 23:49:24.729193 2026] [wsgi:error] [pid 9:tid 140433700144832] [remote 10.0.0.133:59744] 2026-07-08 23:49:24.729 9 WARNING keystone.common.fernet_utils [None req-cef744d1-7ac9-4d9c-8867-04ef5fa02098 - - - - - -] key_repository is world readable: /etc/keystone/fernet-keys/ 10.0.0.133 - - [08/Jul/2026:23:49:18 +0000] "POST /v3/auth/tokens HTTP/1.1" 201 1360
[Wed Jul 08 23:49:25.095241 2026] [wsgi:error] [pid 12:tid 140433700144832] [remote 10.0.0.133:59744] 2026-07-08 23:49:25.092 12 WARNING keystone.identity.core [None req-69bce6a2-8d66-46f0-8d43-2d6811072a2f - - - - - -] Invalid domain name (atmosphere) found in config file name: keystone.exception.DomainNotFound: Could not find domain: atmosphere. 10.0.0.133 - - [08/Jul/2026:23:49:24 +0000] "POST /v3/domains HTTP/1.1" 201 261 10.0.0.242 - - [08/Jul/2026:23:49:36 +0000] "GET / HTTP/1.1" 300 295
[Wed Jul 08 23:49:36.515986 2026] [wsgi:error] [pid 10:tid 140433700144832] [remote 10.0.0.242:39692] 2026-07-08 23:49:36.515 10 WARNING keystone.common.password_hashing [None req-dea1acc7-ef63-4b53-b6cd-6f523d02b99f - - - - - -] Truncating password to algorithm specific maximum length 72 characters.
[Wed Jul 08 23:49:36.791312 2026] [wsgi:error] [pid 10:tid 140433700144832] [remote 10.0.0.242:39692] 2026-07-08 23:49:36.790 10 WARNING keystone.common.fernet_utils [None req-dea1acc7-ef63-4b53-b6cd-6f523d02b99f - - - - - -] key_repository is world readable: /etc/keystone/fernet-keys/ 10.0.0.242 - - [08/Jul/2026:23:49:36 +0000] "POST /v3/auth/tokens HTTP/1.1" 201 1360 10.0.0.242 - - [08/Jul/2026:23:49:36 +0000] "GET /v3/roles/admin HTTP/1.1" 404 83
[Wed Jul 08 23:49:37.063311 2026] [wsgi:error] [pid 12:tid 140433700144832] [remote 10.0.0.242:39692] 2026-07-08 23:49:37.062 12 WARNING keystone.common.rbac_enforcer.enforcer [None req-b88f346c-2ccb-4371-9470-060432e1c7ae 7486847637834fe1a3fb24e6e999e2ff 52e3473b0e3644a5902c25692363c61c - - default default] Deprecated policy rules found. Use oslopolicy-policy-generator and oslopolicy-policy-upgrade to detect and resolve deprecated policies in your configuration. 10.0.0.242 - - [08/Jul/2026:23:49:37 +0000] "GET /v3/roles?name=admin HTTP/1.1" 200 389
[Wed Jul 08 23:49:37.657720 2026] [wsgi:error] [pid 11:tid 140433700144832] [remote 10.0.0.242:39692] 2026-07-08 23:49:37.657 11 WARNING keystone.common.rbac_enforcer.enforcer [None req-fb6f803b-d625-45ab-9eb9-539032d8cd40 7486847637834fe1a3fb24e6e999e2ff 52e3473b0e3644a5902c25692363c61c - - default default] Deprecated policy rules found. Use oslopolicy-policy-generator and oslopolicy-policy-upgrade to detect and resolve deprecated policies in your configuration. 10.0.0.242 - - [08/Jul/2026:23:49:37 +0000] "GET /v3/users/admin-RegionOne HTTP/1.1" 404 93
[Wed Jul 08 23:49:37.790506 2026] [wsgi:error] [pid 10:tid 140433700144832] [remote 10.0.0.242:39692] 2026-07-08 23:49:37.790 10 WARNING keystone.common.rbac_enforcer.enforcer [None req-8649a05b-73ad-493a-8549-3f3f73b8526e 7486847637834fe1a3fb24e6e999e2ff 52e3473b0e3644a5902c25692363c61c - - default default] Deprecated policy rules found. Use oslopolicy-policy-generator and oslopolicy-policy-upgrade to detect and resolve deprecated policies in your configuration. 10.0.0.242 - - [08/Jul/2026:23:49:37 +0000] "GET /v3/users?name=admin-RegionOne HTTP/1.1" 200 422
[Wed Jul 08 23:49:37.984642 2026] [wsgi:error] [pid 9:tid 140433700144832] [remote 10.0.0.242:39692] 2026-07-08 23:49:37.984 9 WARNING keystone.common.rbac_enforcer.enforcer [None req-853fc0ac-c44d-476b-b2be-351d5d158317 7486847637834fe1a3fb24e6e999e2ff 52e3473b0e3644a5902c25692363c61c - - default default] Deprecated policy rules found. Use oslopolicy-policy-generator and oslopolicy-policy-upgrade to detect and resolve deprecated policies in your configuration. 10.0.0.242 - - [08/Jul/2026:23:49:37 +0000] "GET /v3/domains/default HTTP/1.1" 200 224 10.0.0.242 - - [08/Jul/2026:23:49:37 +0000] "PUT /v3/domains/default/users/7486847637834fe1a3fb24e6e999e2ff/roles/04df576d8f3f4f259f25138069f2de91 HTTP/1.1" 204 - 10.0.0.206 - - [08/Jul/2026:23:49:53 +0000] "GET / HTTP/1.1" 300 281 10.0.0.206 - - [08/Jul/2026:23:49:56 +0000] "GET /v3 HTTP/1.1" 200 266
[Wed Jul 08 23:49:56.963541 2026] [wsgi:error] [pid 9:tid 140433700144832] [remote 10.0.0.206:45564] 2026-07-08 23:49:56.963 9 WARNING keystone.common.password_hashing [None req-f0dca03c-7d47-40bc-9527-0015589e9ab1 - - - - - -] Truncating password to algorithm specific maximum length 72 characters.
[Wed Jul 08 23:49:57.235980 2026] [wsgi:error] [pid 9:tid 140433700144832] [remote 10.0.0.206:45564] 2026-07-08 23:49:57.235 9 WARNING keystone.common.fernet_utils [None req-f0dca03c-7d47-40bc-9527-0015589e9ab1 - - - - - -] key_repository is world readable: /etc/keystone/fernet-keys/ 10.0.0.206 - - [08/Jul/2026:23:49:56 +0000] "POST /v3/auth/tokens HTTP/1.1" 201 1360 10.0.0.206 - - [08/Jul/2026:23:49:57 +0000] "GET / HTTP/1.1" 300 281 10.0.0.206 - - [08/Jul/2026:23:49:57 +0000] "GET /v3/domains/atmosphere HTTP/1.1" 404 90 10.0.0.206 - - [08/Jul/2026:23:49:57 +0000] "GET /v3/domains?name=atmosphere HTTP/1.1" 200 370 10.0.0.206 - - [08/Jul/2026:23:49:57 +0000] "GET /v3/domains/af9ec16ae51446c39470ed4c8a1f2495 HTTP/1.1" 200 247 10.0.0.206 - - [08/Jul/2026:23:49:58 +0000] "GET /v3 HTTP/1.1" 200 266
[Wed Jul 08 23:49:58.398385 2026] [wsgi:error] [pid 11:tid 140433700144832] [remote 10.0.0.206:45564] 2026-07-08 23:49:58.397 11 WARNING keystone.common.password_hashing [None req-c36b5bc6-9245-41f8-b5ff-5d48ef4b7086 - - - - - -] Truncating password to algorithm specific maximum length 72 characters.
[Wed Jul 08 23:49:58.667077 2026] [wsgi:error] [pid 11:tid 140433700144832] [remote 10.0.0.206:45564] 2026-07-08 23:49:58.666 11 WARNING keystone.common.fernet_utils [None req-c36b5bc6-9245-41f8-b5ff-5d48ef4b7086 - - - - - -] key_repository is world readable: /etc/keystone/fernet-keys/ 10.0.0.206 - - [08/Jul/2026:23:49:58 +0000] "POST /v3/auth/tokens HTTP/1.1" 201 1360 10.0.0.206 - - [08/Jul/2026:23:49:58 +0000] "GET / HTTP/1.1" 300 281 10.0.0.206 - - [08/Jul/2026:23:49:58 +0000] "GET /v3/OS-FEDERATION/identity_providers/atmosphere HTTP/1.1" 404 101 10.0.0.206 - - [08/Jul/2026:23:49:58 +0000] "GET /v3/OS-FEDERATION/identity_providers HTTP/1.1" 200 156 10.0.0.206 - - [08/Jul/2026:23:49:58 +0000] "PUT /v3/OS-FEDERATION/identity_providers/atmosphere HTTP/1.1" 201 342 10.0.0.206 - - [08/Jul/2026:23:49:59 +0000] "GET /v3 HTTP/1.1" 200 266
[Wed Jul 08 23:49:59.569873 2026] [wsgi:error] [pid 9:tid 140433700144832] [remote 10.0.0.206:45564] 2026-07-08 23:49:59.569 9 WARNING keystone.common.password_hashing [None req-1ccd07fb-82c5-40ab-8431-9fc25d2cf1e3 - - - - - -] Truncating password to algorithm specific maximum length 72 characters.
[Wed Jul 08 23:49:59.851775 2026] [wsgi:error] [pid 9:tid 140433700144832] [remote 10.0.0.206:45564] 2026-07-08 23:49:59.851 9 WARNING keystone.common.fernet_utils [None req-1ccd07fb-82c5-40ab-8431-9fc25d2cf1e3 - - - - - -] key_repository is world readable: /etc/keystone/fernet-keys/ 10.0.0.206 - - [08/Jul/2026:23:49:59 +0000] "POST /v3/auth/tokens HTTP/1.1" 201 1360 10.0.0.206 - - [08/Jul/2026:23:49:59 +0000] "GET / HTTP/1.1" 300 281 10.0.0.206 - - [08/Jul/2026:23:49:59 +0000] "GET /v3/OS-FEDERATION/mappings/atmosphere-openid HTTP/1.1" 404 98 10.0.0.206 - - [08/Jul/2026:23:49:59 +0000] "GET /v3/OS-FEDERATION/mappings HTTP/1.1" 200 136 10.0.0.206 - - [08/Jul/2026:23:49:59 +0000] "PUT /v3/OS-FEDERATION/mappings/atmosphere-openid HTTP/1.1" 201 357 10.0.0.206 - - [08/Jul/2026:23:50:00 +0000] "GET /v3 HTTP/1.1" 200 266
[Wed Jul 08 23:50:00.675832 2026] [wsgi:error] [pid 11:tid 140433700144832] [remote 10.0.0.206:45564] 2026-07-08 23:50:00.675 11 WARNING keystone.common.password_hashing [None req-7b0e4d58-e77a-4997-9433-40162ae00702 - - - - - -] Truncating password to algorithm specific maximum length 72 characters.
[Wed Jul 08 23:50:00.960232 2026] [wsgi:error] [pid 11:tid 140433700144832] [remote 10.0.0.206:45564] 2026-07-08 23:50:00.960 11 WARNING keystone.common.fernet_utils [None req-7b0e4d58-e77a-4997-9433-40162ae00702 - - - - - -] key_repository is world readable: /etc/keystone/fernet-keys/ 10.0.0.206 - - [08/Jul/2026:23:50:00 +0000] "POST /v3/auth/tokens HTTP/1.1" 201 1360 10.0.0.206 - - [08/Jul/2026:23:50:00 +0000] "GET / HTTP/1.1" 300 281 10.0.0.206 - - [08/Jul/2026:23:50:00 +0000] "GET /v3/OS-FEDERATION/identity_providers/atmosphere/protocols/openid?idp_id=atmosphere HTTP/1.1" 404 131 10.0.0.206 - - [08/Jul/2026:23:50:01 +0000] "GET /v3/OS-FEDERATION/identity_providers/atmosphere/protocols HTTP/1.1" 200 168 10.0.0.206 - - [08/Jul/2026:23:50:01 +0000] "PUT /v3/OS-FEDERATION/identity_providers/atmosphere/protocols/openid HTTP/1.1" 201 224 10.0.0.206 - - [08/Jul/2026:23:50:01 +0000] "GET /v3/ HTTP/1.1" 200 249 10.0.0.206 - - [08/Jul/2026:23:50:01 +0000] "GET /v3/ HTTP/1.1" 200 249 10.0.0.206 - - [08/Jul/2026:23:51:01 +0000] "GET /v3/ HTTP/1.1" 200 249 10.0.0.206 - - [08/Jul/2026:23:51:01 +0000] "GET /v3/ HTTP/1.1" 200 249 10.0.0.161 - - [08/Jul/2026:23:51:23 +0000] "GET / HTTP/1.1" 300 295
[Wed Jul 08 23:51:23.161218 2026] [wsgi:error] [pid 9:tid 140433700144832] [remote 10.0.0.161:46216] 2026-07-08 23:51:23.161 9 WARNING keystone.common.password_hashing [None req-c147f2f0-0710-42fb-bf4d-b538874b45ea - - - - - -] Truncating password to algorithm specific maximum length 72 characters.
[Wed Jul 08 23:51:23.429766 2026] [wsgi:error] [pid 9:tid 140433700144832] [remote 10.0.0.161:46216] 2026-07-08 23:51:23.429 9 WARNING keystone.common.fernet_utils [None req-c147f2f0-0710-42fb-bf4d-b538874b45ea - - - - - -] key_repository is world readable: /etc/keystone/fernet-keys/ 10.0.0.161 - - [08/Jul/2026:23:51:23 +0000] "POST /v3/auth/tokens HTTP/1.1" 201 1360 10.0.0.161 - - [08/Jul/2026:23:51:23 +0000] "GET /v3/services HTTP/1.1" 200 355 10.0.0.161 - - [08/Jul/2026:23:51:27 +0000] "GET / HTTP/1.1" 300 295
[Wed Jul 08 23:51:27.201824 2026] [wsgi:error] [pid 10:tid 140433700144832] [remote 10.0.0.161:59598] 2026-07-08 23:51:27.201 10 WARNING keystone.common.password_hashing [None req-d0fbcba7-708a-4630-89fd-8cbd0670b030 - - - - - -] Truncating password to algorithm specific maximum length 72 characters.
[Wed Jul 08 23:51:27.468161 2026] [wsgi:error] [pid 10:tid 140433700144832] [remote 10.0.0.161:59598] 2026-07-08 23:51:27.468 10 WARNING keystone.common.fernet_utils [None req-d0fbcba7-708a-4630-89fd-8cbd0670b030 - - - - - -] key_repository is world readable: /etc/keystone/fernet-keys/ 10.0.0.161 - - [08/Jul/2026:23:51:27 +0000] "POST /v3/auth/tokens HTTP/1.1" 201 1360 10.0.0.161 - - [08/Jul/2026:23:51:27 +0000] "GET /v3/services HTTP/1.1" 200 355 10.0.0.161 - - [08/Jul/2026:23:51:31 +0000] "GET / HTTP/1.1" 300 295
[Wed Jul 08 23:51:31.392576 2026] [wsgi:error] [pid 11:tid 140433700144832] [remote 10.0.0.161:59606] 2026-07-08 23:51:31.392 11 WARNING keystone.common.password_hashing [None req-56bd74d7-61c1-4eda-8eca-87dc37295e30 - - - - - -] Truncating password to algorithm specific maximum length 72 characters.
[Wed Jul 08 23:51:31.665917 2026] [wsgi:error] [pid 11:tid 140433700144832] [remote 10.0.0.161:59606] 2026-07-08 23:51:31.665 11 WARNING keystone.common.fernet_utils [None req-56bd74d7-61c1-4eda-8eca-87dc37295e30 - - - - - -] key_repository is world readable: /etc/keystone/fernet-keys/ 10.0.0.161 - - [08/Jul/2026:23:51:31 +0000] "POST /v3/auth/tokens HTTP/1.1" 201 1360 10.0.0.161 - - [08/Jul/2026:23:51:31 +0000] "GET /v3/services HTTP/1.1" 200 355 10.0.0.161 - - [08/Jul/2026:23:51:35 +0000] "GET / HTTP/1.1" 300 295
[Wed Jul 08 23:51:35.512670 2026] [wsgi:error] [pid 12:tid 140433700144832] [remote 10.0.0.161:35686] 2026-07-08 23:51:35.512 12 WARNING keystone.common.password_hashing [None req-4ebbb8d0-2cc3-4752-afd8-b28ff3710d20 - - - - - -] Truncating password to algorithm specific maximum length 72 characters.
[Wed Jul 08 23:51:35.789687 2026] [wsgi:error] [pid 12:tid 140433700144832] [remote 10.0.0.161:35686] 2026-07-08 23:51:35.789 12 WARNING keystone.common.fernet_utils [None req-4ebbb8d0-2cc3-4752-afd8-b28ff3710d20 - - - - - -] key_repository is world readable: /etc/keystone/fernet-keys/ 10.0.0.161 - - [08/Jul/2026:23:51:35 +0000] "POST /v3/auth/tokens HTTP/1.1" 201 1360 10.0.0.161 - - [08/Jul/2026:23:51:35 +0000] "POST /v3/services HTTP/1.1" 201 296 10.0.0.88 - - [08/Jul/2026:23:51:47 +0000] "GET / HTTP/1.1" 300 295
[Wed Jul 08 23:51:47.235804 2026] [wsgi:error] [pid 9:tid 140433700144832] [remote 10.0.0.88:55414] 2026-07-08 23:51:47.235 9 WARNING keystone.common.password_hashing [None req-f3c5854a-fc2d-4d3a-b0fd-106d6b68259e - - - - - -] Truncating password to algorithm specific maximum length 72 characters. 10.0.0.88 - - [08/Jul/2026:23:51:47 +0000] "GET / HTTP/1.1" 300 295 10.0.0.88 - - [08/Jul/2026:23:51:47 +0000] "GET / HTTP/1.1" 300 295
[Wed Jul 08 23:51:47.450903 2026] [wsgi:error] [pid 10:tid 140433700144832] [remote 10.0.0.88:55418] 2026-07-08 23:51:47.450 10 WARNING keystone.common.password_hashing [None req-b371735c-9e5c-4282-8aa4-0ec256c5f6de - - - - - -] Truncating password to algorithm specific maximum length 72 characters.
[Wed Jul 08 23:51:47.468243 2026] [wsgi:error] [pid 12:tid 140433700144832] [remote 10.0.0.88:55424] 2026-07-08 23:51:47.467 12 WARNING keystone.common.password_hashing [None req-faca5e70-1e8f-4a97-9dfa-3ef08d7dc5ac - - - - - -] Truncating password to algorithm specific maximum length 72 characters.
[Wed Jul 08 23:51:47.510366 2026] [wsgi:error] [pid 9:tid 140433700144832] [remote 10.0.0.88:55414] 2026-07-08 23:51:47.510 9 WARNING keystone.common.fernet_utils [None req-f3c5854a-fc2d-4d3a-b0fd-106d6b68259e - - - - - -] key_repository is world readable: /etc/keystone/fernet-keys/ 10.0.0.88 - - [08/Jul/2026:23:51:47 +0000] "POST /v3/auth/tokens HTTP/1.1" 201 1464 10.0.0.88 - - [08/Jul/2026:23:51:47 +0000] "GET /v3/services HTTP/1.1" 200 639
[Wed Jul 08 23:51:47.724904 2026] [wsgi:error] [pid 10:tid 140433700144832] [remote 10.0.0.88:55418] 2026-07-08 23:51:47.724 10 WARNING keystone.common.fernet_utils [None req-b371735c-9e5c-4282-8aa4-0ec256c5f6de - - - - - -] key_repository is world readable: /etc/keystone/fernet-keys/ 10.0.0.88 - - [08/Jul/2026:23:51:47 +0000] "POST /v3/auth/tokens HTTP/1.1" 201 1464
[Wed Jul 08 23:51:47.746887 2026] [wsgi:error] [pid 12:tid 140433700144832] [remote 10.0.0.88:55424] 2026-07-08 23:51:47.746 12 WARNING keystone.common.fernet_utils [None req-faca5e70-1e8f-4a97-9dfa-3ef08d7dc5ac - - - - - -] key_repository is world readable: /etc/keystone/fernet-keys/ 10.0.0.88 - - [08/Jul/2026:23:51:47 +0000] "POST /v3/auth/tokens HTTP/1.1" 201 1464 10.0.0.88 - - [08/Jul/2026:23:51:47 +0000] "GET /v3/services HTTP/1.1" 200 639 10.0.0.88 - - [08/Jul/2026:23:51:47 +0000] "GET /v3/services HTTP/1.1" 200 639 10.0.0.88 - - [08/Jul/2026:23:51:49 +0000] "GET / HTTP/1.1" 300 295
[Wed Jul 08 23:51:49.234642 2026] [wsgi:error] [pid 12:tid 140433700144832] [remote 10.0.0.88:55428] 2026-07-08 23:51:49.234 12 WARNING keystone.common.password_hashing [None req-ff237645-88d2-48eb-82d3-c972f18d4442 - - - - - -] Truncating password to algorithm specific maximum length 72 characters. 10.0.0.88 - - [08/Jul/2026:23:51:49 +0000] "GET / HTTP/1.1" 300 295
[Wed Jul 08 23:51:49.491252 2026] [wsgi:error] [pid 9:tid 140433700144832] [remote 10.0.0.88:55444] 2026-07-08 23:51:49.490 9 WARNING keystone.common.password_hashing [None req-dfba44a8-dcaf-4745-92a3-ce472316d846 - - - - - -] Truncating password to algorithm specific maximum length 72 characters.
[Wed Jul 08 23:51:49.507587 2026] [wsgi:error] [pid 12:tid 140433700144832] [remote 10.0.0.88:55428] 2026-07-08 23:51:49.507 12 WARNING keystone.common.fernet_utils [None req-ff237645-88d2-48eb-82d3-c972f18d4442 - - - - - -] key_repository is world readable: /etc/keystone/fernet-keys/ 10.0.0.88 - - [08/Jul/2026:23:51:49 +0000] "POST /v3/auth/tokens HTTP/1.1" 201 1464 10.0.0.88 - - [08/Jul/2026:23:51:49 +0000] "GET /v3/endpoints HTTP/1.1" 200 1227 10.0.0.88 - - [08/Jul/2026:23:51:49 +0000] "GET /v3/services/dd1ee46fa2a44a5488f9b10e753500e6 HTTP/1.1" 200 233 10.0.0.88 - - [08/Jul/2026:23:51:49 +0000] "GET /v3/services/dd1ee46fa2a44a5488f9b10e753500e6 HTTP/1.1" 200 233 10.0.0.88 - - [08/Jul/2026:23:51:49 +0000] "GET /v3/services/dd1ee46fa2a44a5488f9b10e753500e6 HTTP/1.1" 200 233
[Wed Jul 08 23:51:49.772234 2026] [wsgi:error] [pid 9:tid 140433700144832] [remote 10.0.0.88:55444] 2026-07-08 23:51:49.772 9 WARNING keystone.common.fernet_utils [None req-dfba44a8-dcaf-4745-92a3-ce472316d846 - - - - - -] key_repository is world readable: /etc/keystone/fernet-keys/ 10.0.0.88 - - [08/Jul/2026:23:51:49 +0000] "POST /v3/auth/tokens HTTP/1.1" 201 1464 10.0.0.88 - - [08/Jul/2026:23:51:49 +0000] "GET / HTTP/1.1" 300 295
[Wed Jul 08 23:51:49.820812 2026] [wsgi:error] [pid 12:tid 140433700144832] [remote 10.0.0.88:55446] 2026-07-08 23:51:49.820 12 WARNING keystone.common.password_hashing [None req-942f3b17-a34c-4a2f-ab0a-1385e1e75667 - - - - - -] Truncating password to algorithm specific maximum length 72 characters. 10.0.0.88 - - [08/Jul/2026:23:51:49 +0000] "GET /v3/endpoints HTTP/1.1" 200 1227 10.0.0.88 - - [08/Jul/2026:23:51:49 +0000] "GET /v3/services/dd1ee46fa2a44a5488f9b10e753500e6 HTTP/1.1" 200 233 10.0.0.88 - - [08/Jul/2026:23:51:49 +0000] "GET /v3/services/dd1ee46fa2a44a5488f9b10e753500e6 HTTP/1.1" 200 233 10.0.0.88 - - [08/Jul/2026:23:51:49 +0000] "GET /v3/services/dd1ee46fa2a44a5488f9b10e753500e6 HTTP/1.1" 200 233
[Wed Jul 08 23:51:50.112592 2026] [wsgi:error] [pid 12:tid 140433700144832] [remote 10.0.0.88:55446] 2026-07-08 23:51:50.112 12 WARNING keystone.common.fernet_utils [None req-942f3b17-a34c-4a2f-ab0a-1385e1e75667 - - - - - -] key_repository is world readable: /etc/keystone/fernet-keys/ 10.0.0.88 - - [08/Jul/2026:23:51:49 +0000] "POST /v3/auth/tokens HTTP/1.1" 201 1464 10.0.0.88 - - [08/Jul/2026:23:51:50 +0000] "GET /v3/endpoints HTTP/1.1" 200 1227 10.0.0.88 - - [08/Jul/2026:23:51:50 +0000] "GET /v3/services/dd1ee46fa2a44a5488f9b10e753500e6 HTTP/1.1" 200 233 10.0.0.88 - - [08/Jul/2026:23:51:50 +0000] "GET /v3/services/dd1ee46fa2a44a5488f9b10e753500e6 HTTP/1.1" 200 233 10.0.0.88 - - [08/Jul/2026:23:51:50 +0000] "GET /v3/services/dd1ee46fa2a44a5488f9b10e753500e6 HTTP/1.1" 200 233 10.0.0.88 - - [08/Jul/2026:23:51:51 +0000] "GET / HTTP/1.1" 300 295
[Wed Jul 08 23:51:51.263425 2026] [wsgi:error] [pid 10:tid 140433700144832] [remote 10.0.0.88:55454] 2026-07-08 23:51:51.263 10 WARNING keystone.common.password_hashing [None req-f0db2636-7c21-4ab9-b6c7-dbee2ed3878b - - - - - -] Truncating password to algorithm specific maximum length 72 characters. 10.0.0.88 - - [08/Jul/2026:23:51:51 +0000] "GET / HTTP/1.1" 300 295
[Wed Jul 08 23:51:51.450869 2026] [wsgi:error] [pid 12:tid 140433700144832] [remote 10.0.0.88:55464] 2026-07-08 23:51:51.450 12 WARNING keystone.common.password_hashing [None req-dc89bcf7-af1b-4153-a727-0509adf40d31 - - - - - -] Truncating password to algorithm specific maximum length 72 characters.
[Wed Jul 08 23:51:51.536249 2026] [wsgi:error] [pid 10:tid 140433700144832] [remote 10.0.0.88:55454] 2026-07-08 23:51:51.536 10 WARNING keystone.common.fernet_utils [None req-f0db2636-7c21-4ab9-b6c7-dbee2ed3878b - - - - - -] key_repository is world readable: /etc/keystone/fernet-keys/ 10.0.0.88 - - [08/Jul/2026:23:51:51 +0000] "POST /v3/auth/tokens HTTP/1.1" 201 1464 10.0.0.88 - - [08/Jul/2026:23:51:51 +0000] "GET /v3/services/e863067150a24fd79881747df9a12d44 HTTP/1.1" 200 296 10.0.0.88 - - [08/Jul/2026:23:51:51 +0000] "GET /v3/regions/RegionOne HTTP/1.1" 200 173
[Wed Jul 08 23:51:51.755671 2026] [wsgi:error] [pid 12:tid 140433700144832] [remote 10.0.0.88:55464] 2026-07-08 23:51:51.755 12 WARNING keystone.common.fernet_utils [None req-dc89bcf7-af1b-4153-a727-0509adf40d31 - - - - - -] key_repository is world readable: /etc/keystone/fernet-keys/ 10.0.0.88 - - [08/Jul/2026:23:51:51 +0000] "POST /v3/auth/tokens HTTP/1.1" 201 1464 10.0.0.88 - - [08/Jul/2026:23:51:51 +0000] "POST /v3/endpoints HTTP/1.1" 201 380 10.0.0.88 - - [08/Jul/2026:23:51:51 +0000] "GET /v3/services/e863067150a24fd79881747df9a12d44 HTTP/1.1" 200 296 10.0.0.88 - - [08/Jul/2026:23:51:51 +0000] "GET /v3/regions/RegionOne HTTP/1.1" 200 173 10.0.0.88 - - [08/Jul/2026:23:51:51 +0000] "POST /v3/endpoints HTTP/1.1" 201 383 10.0.0.88 - - [08/Jul/2026:23:51:52 +0000] "GET / HTTP/1.1" 300 295
[Wed Jul 08 23:51:52.083447 2026] [wsgi:error] [pid 9:tid 140433700144832] [remote 10.0.0.88:55472] 2026-07-08 23:51:52.083 9 WARNING keystone.common.password_hashing [None req-10059227-d5e6-410d-9661-244459a73bea - - - - - -] Truncating password to algorithm specific maximum length 72 characters.
[Wed Jul 08 23:51:52.358327 2026] [wsgi:error] [pid 9:tid 140433700144832] [remote 10.0.0.88:55472] 2026-07-08 23:51:52.358 9 WARNING keystone.common.fernet_utils [None req-10059227-d5e6-410d-9661-244459a73bea - - - - - -] key_repository is world readable: /etc/keystone/fernet-keys/ 10.0.0.88 - - [08/Jul/2026:23:51:52 +0000] "POST /v3/auth/tokens HTTP/1.1" 201 1823 10.0.0.88 - - [08/Jul/2026:23:51:52 +0000] "GET /v3/services/e863067150a24fd79881747df9a12d44 HTTP/1.1" 200 296 10.0.0.88 - - [08/Jul/2026:23:51:52 +0000] "GET /v3/regions/RegionOne HTTP/1.1" 200 173 10.0.0.88 - - [08/Jul/2026:23:51:52 +0000] "POST /v3/endpoints HTTP/1.1" 201 370 10.0.0.88 - - [08/Jul/2026:23:51:53 +0000] "GET / HTTP/1.1" 300 295 10.0.0.88 - - [08/Jul/2026:23:51:53 +0000] "GET / HTTP/1.1" 300 295
[Wed Jul 08 23:51:53.407027 2026] [wsgi:error] [pid 11:tid 140433700144832] [remote 10.0.0.88:55474] 2026-07-08 23:51:53.406 11 WARNING keystone.common.password_hashing [None req-d3975f3b-4e35-4455-ae63-e20e30186119 - - - - - -] Truncating password to algorithm specific maximum length 72 characters.
[Wed Jul 08 23:51:53.417403 2026] [wsgi:error] [pid 10:tid 140433700144832] [remote 10.0.0.88:55484] 2026-07-08 23:51:53.417 10 WARNING keystone.common.password_hashing [None req-b1c6bddf-24cf-4d86-bc28-442a0d107732 - - - - - -] Truncating password to algorithm specific maximum length 72 characters.
[Wed Jul 08 23:51:53.690290 2026] [wsgi:error] [pid 10:tid 140433700144832] [remote 10.0.0.88:55484] 2026-07-08 23:51:53.690 10 WARNING keystone.common.fernet_utils [None req-b1c6bddf-24cf-4d86-bc28-442a0d107732 - - - - - -] key_repository is world readable: /etc/keystone/fernet-keys/
[Wed Jul 08 23:51:53.693464 2026] [wsgi:error] [pid 11:tid 140433700144832] [remote 10.0.0.88:55474] 2026-07-08 23:51:53.693 11 WARNING keystone.common.fernet_utils [None req-d3975f3b-4e35-4455-ae63-e20e30186119 - - - - - -] key_repository is world readable: /etc/keystone/fernet-keys/ 10.0.0.88 - - [08/Jul/2026:23:51:53 +0000] "POST /v3/auth/tokens HTTP/1.1" 201 1992 10.0.0.88 - - [08/Jul/2026:23:51:53 +0000] "POST /v3/auth/tokens HTTP/1.1" 201 1992 10.0.0.88 - - [08/Jul/2026:23:51:53 +0000] "GET /v3/endpoints/fcace46c029546de887f3a72fdac82ad HTTP/1.1" 200 380 10.0.0.88 - - [08/Jul/2026:23:51:53 +0000] "GET /v3/endpoints/26c5792537074e5580d6f605910d0a5e HTTP/1.1" 200 383 10.0.0.88 - - [08/Jul/2026:23:51:53 +0000] "GET /v3/services/e863067150a24fd79881747df9a12d44 HTTP/1.1" 200 296 10.0.0.88 - - [08/Jul/2026:23:51:53 +0000] "GET /v3/services/e863067150a24fd79881747df9a12d44 HTTP/1.1" 200 296 10.0.0.88 - - [08/Jul/2026:23:51:54 +0000] "GET / HTTP/1.1" 300 295
[Wed Jul 08 23:51:54.266339 2026] [wsgi:error] [pid 12:tid 140433700144832] [remote 10.0.0.88:55498] 2026-07-08 23:51:54.266 12 WARNING keystone.common.password_hashing [None req-dc8d3797-b7f4-4701-9ffd-176967d6a3f1 - - - - - -] Truncating password to algorithm specific maximum length 72 characters.
[Wed Jul 08 23:51:54.541782 2026] [wsgi:error] [pid 12:tid 140433700144832] [remote 10.0.0.88:55498] 2026-07-08 23:51:54.541 12 WARNING keystone.common.fernet_utils [None req-dc8d3797-b7f4-4701-9ffd-176967d6a3f1 - - - - - -] key_repository is world readable: /etc/keystone/fernet-keys/ 10.0.0.88 - - [08/Jul/2026:23:51:54 +0000] "POST /v3/auth/tokens HTTP/1.1" 201 1992 10.0.0.88 - - [08/Jul/2026:23:51:54 +0000] "GET /v3/endpoints/99c10dc8400443078c5cef3e6366e583 HTTP/1.1" 200 370 10.0.0.88 - - [08/Jul/2026:23:51:54 +0000] "GET /v3/services/e863067150a24fd79881747df9a12d44 HTTP/1.1" 200 296 10.0.0.206 - - [08/Jul/2026:23:52:01 +0000] "GET /v3/ HTTP/1.1" 200 249 10.0.0.206 - - [08/Jul/2026:23:52:01 +0000] "GET /v3/ HTTP/1.1" 200 249 10.0.0.83 - - [08/Jul/2026:23:52:06 +0000] "GET / HTTP/1.1" 300 295
[Wed Jul 08 23:52:06.523444 2026] [wsgi:error] [pid 11:tid 140433700144832] [remote 10.0.0.83:59346] 2026-07-08 23:52:06.523 11 WARNING keystone.common.password_hashing [None req-2ef4ac02-f34a-4441-87c7-036dee8b6fba - - - - - -] Truncating password to algorithm specific maximum length 72 characters.
[Wed Jul 08 23:52:06.795788 2026] [wsgi:error] [pid 11:tid 140433700144832] [remote 10.0.0.83:59346] 2026-07-08 23:52:06.795 11 WARNING keystone.common.fernet_utils [None req-2ef4ac02-f34a-4441-87c7-036dee8b6fba - - - - - -] key_repository is world readable: /etc/keystone/fernet-keys/ 10.0.0.83 - - [08/Jul/2026:23:52:06 +0000] "POST /v3/auth/tokens HTTP/1.1" 201 1992 10.0.0.83 - - [08/Jul/2026:23:52:06 +0000] "POST /v3/domains HTTP/1.1" 201 284 10.0.0.83 - - [08/Jul/2026:23:52:08 +0000] "GET / HTTP/1.1" 300 295
[Wed Jul 08 23:52:08.713557 2026] [wsgi:error] [pid 10:tid 140433700144832] [remote 10.0.0.83:59350] 2026-07-08 23:52:08.713 10 WARNING keystone.common.password_hashing [None req-25a963a1-5f76-405c-b733-1b5da000260c - - - - - -] Truncating password to algorithm specific maximum length 72 characters.
[Wed Jul 08 23:52:09.005358 2026] [wsgi:error] [pid 10:tid 140433700144832] [remote 10.0.0.83:59350] 2026-07-08 23:52:09.005 10 WARNING keystone.common.fernet_utils [None req-25a963a1-5f76-405c-b733-1b5da000260c - - - - - -] key_repository is world readable: /etc/keystone/fernet-keys/ 10.0.0.83 - - [08/Jul/2026:23:52:08 +0000] "POST /v3/auth/tokens HTTP/1.1" 201 1992
[Wed Jul 08 23:52:09.172627 2026] [wsgi:error] [pid 11:tid 140433700144832] [remote 10.0.0.83:59350] 2026-07-08 23:52:09.159 11 ERROR keystone.server.flask.application [None req-664c9870-5cbe-4299-bfce-78829b89c2ae 7486847637834fe1a3fb24e6e999e2ff 52e3473b0e3644a5902c25692363c61c - - default default] Conflict occurred attempting to store project - it is not permitted to have two projects acting as domains with the same name: service.: keystone.exception.Conflict: Conflict occurred attempting to store project - it is not permitted to have two projects acting as domains with the same name: service.
[Wed Jul 08 23:52:09.172654 2026] [wsgi:error] [pid 11:tid 140433700144832] [remote 10.0.0.83:59350] 2026-07-08 23:52:09.159 11 ERROR keystone.server.flask.application
Traceback (most recent call last):
[Wed Jul 08 23:52:09.172656 2026] [wsgi:error] [pid 11:tid 140433700144832] [remote 10.0.0.83:59350] 2026-07-08 23:52:09.159 11 ERROR keystone.server.flask.application
File "/var/lib/openstack/lib/python3.12/site-packages/sqlalchemy/engine/base.py", line 1969, in _exec_single_context
[Wed Jul 08 23:52:09.172658 2026] [wsgi:error] [pid 11:tid 140433700144832] [remote 10.0.0.83:59350] 2026-07-08 23:52:09.159 11 ERROR keystone.server.flask.application self.dialect.do_execute(
[Wed Jul 08 23:52:09.172660 2026] [wsgi:error] [pid 11:tid 140433700144832] [remote 10.0.0.83:59350] 2026-07-08 23:52:09.159 11 ERROR keystone.server.flask.application
File "/var/lib/openstack/lib/python3.12/site-packages/sqlalchemy/engine/default.py", line 952, in do_execute
[Wed Jul 08 23:52:09.172662 2026] [wsgi:error] [pid 11:tid 140433700144832] [remote 10.0.0.83:59350] 2026-07-08 23:52:09.159 11 ERROR keystone.server.flask.application cursor.execute(statement, parameters)
[Wed Jul 08 23:52:09.172663 2026] [wsgi:error] [pid 11:tid 140433700144832] [remote 10.0.0.83:59350] 2026-07-08 23:52:09.159 11 ERROR keystone.server.flask.application
File "/var/lib/openstack/lib/python3.12/site-packages/pymysql/cursors.py", line 159, in execute
[Wed Jul 08 23:52:09.172665 2026] [wsgi:error] [pid 11:tid 140433700144832] [remote 10.0.0.83:59350] 2026-07-08 23:52:09.159 11 ERROR keystone.server.flask.application result = self._query(query)
[Wed Jul 08 23:52:09.172666 2026] [wsgi:error] [pid 11:tid 140433700144832] [remote 10.0.0.83:59350] 2026-07-08 23:52:09.159 11 ERROR keystone.server.flask.application ^^^^^^^^^^^^^^^^^^
[Wed Jul 08 23:52:09.172667 2026] [wsgi:error] [pid 11:tid 140433700144832] [remote 10.0.0.83:59350] 2026-07-08 23:52:09.159 11 ERROR keystone.server.flask.application
File "/var/lib/openstack/lib/python3.12/site-packages/pymysql/cursors.py", line 330, in _query
[Wed Jul 08 23:52:09.172669 2026] [wsgi:error] [pid 11:tid 140433700144832] [remote 10.0.0.83:59350] 2026-07-08 23:52:09.159 11 ERROR keystone.server.flask.application conn.query(q)
[Wed Jul 08 23:52:09.172670 2026] [wsgi:error] [pid 11:tid 140433700144832] [remote 10.0.0.83:59350] 2026-07-08 23:52:09.159 11 ERROR keystone.server.flask.application
File "/var/lib/openstack/lib/python3.12/site-packages/pymysql/connections.py", line 582, in query
[Wed Jul 08 23:52:09.172672 2026] [wsgi:error] [pid 11:tid 140433700144832] [remote 10.0.0.83:59350] 2026-07-08 23:52:09.159 11 ERROR keystone.server.flask.application self._affected_rows = self._read_query_result(unbuffered=unbuffered)
[Wed Jul 08 23:52:09.172673 2026] [wsgi:error] [pid 11:tid 140433700144832] [remote 10.0.0.83:59350] 2026-07-08 23:52:09.159 11 ERROR keystone.server.flask.application ^^^^^^^^^^^^^^^^^^^^^^^^^^^^^^^^^^^^^^^^^^^^^^
[Wed Jul 08 23:52:09.172674 2026] [wsgi:error] [pid 11:tid 140433700144832] [remote 10.0.0.83:59350] 2026-07-08 23:52:09.159 11 ERROR keystone.server.flask.application
File "/var/lib/openstack/lib/python3.12/site-packages/pymysql/connections.py", line 847, in _read_query_result
[Wed Jul 08 23:52:09.172676 2026] [wsgi:error] [pid 11:tid 140433700144832] [remote 10.0.0.83:59350] 2026-07-08 23:52:09.159 11 ERROR keystone.server.flask.application result.read()
[Wed Jul 08 23:52:09.172679 2026] [wsgi:error] [pid 11:tid 140433700144832] [remote 10.0.0.83:59350] 2026-07-08 23:52:09.159 11 ERROR keystone.server.flask.application
File "/var/lib/openstack/lib/python3.12/site-packages/pymysql/connections.py", line 1245, in read
[Wed Jul 08 23:52:09.172680 2026] [wsgi:error] [pid 11:tid 140433700144832] [remote 10.0.0.83:59350] 2026-07-08 23:52:09.159 11 ERROR keystone.server.flask.application first_packet = self.connection._read_packet()
[Wed Jul 08 23:52:09.172682 2026] [wsgi:error] [pid 11:tid 140433700144832] [remote 10.0.0.83:59350] 2026-07-08 23:52:09.159 11 ERROR keystone.server.flask.application ^^^^^^^^^^^^^^^^^^^^^^^^^^^^^^
[Wed Jul 08 23:52:09.172683 2026] [wsgi:error] [pid 11:tid 140433700144832] [remote 10.0.0.83:59350] 2026-07-08 23:52:09.159 11 ERROR keystone.server.flask.application
File "/var/lib/openstack/lib/python3.12/site-packages/pymysql/connections.py", line 803, in _read_packet
[Wed Jul 08 23:52:09.172685 2026] [wsgi:error] [pid 11:tid 140433700144832] [remote 10.0.0.83:59350] 2026-07-08 23:52:09.159 11 ERROR keystone.server.flask.application packet.raise_for_error()
[Wed Jul 08 23:52:09.172687 2026] [wsgi:error] [pid 11:tid 140433700144832] [remote 10.0.0.83:59350] 2026-07-08 23:52:09.159 11 ERROR keystone.server.flask.application
File "/var/lib/openstack/lib/python3.12/site-packages/pymysql/protocol.py", line 219, in raise_for_error
[Wed Jul 08 23:52:09.172688 2026] [wsgi:error] [pid 11:tid 140433700144832] [remote 10.0.0.83:59350] 2026-07-08 23:52:09.159 11 ERROR keystone.server.flask.application err.raise_mysql_exception(self._data)
[Wed Jul 08 23:52:09.172690 2026] [wsgi:error] [pid 11:tid 140433700144832] [remote 10.0.0.83:59350] 2026-07-08 23:52:09.159 11 ERROR keystone.server.flask.application
File "/var/lib/openstack/lib/python3.12/site-packages/pymysql/err.py", line 154, in raise_mysql_exception
[Wed Jul 08 23:52:09.172691 2026] [wsgi:error] [pid 11:tid 140433700144832] [remote 10.0.0.83:59350] 2026-07-08 23:52:09.159 11 ERROR keystone.server.flask.application raise errorclass(errno, errval, sqlstate=sqlstate)
[Wed Jul 08 23:52:09.172693 2026] [wsgi:error] [pid 11:tid 140433700144832] [remote 10.0.0.83:59350] 2026-07-08 23:52:09.159 11 ERROR keystone.server.flask.application pymysql.err.IntegrityError: (1062, "Duplicate entry '<>-service' for key 'project.ixu_project_name_domain_id'")
[Wed Jul 08 23:52:09.172695 2026] [wsgi:error] [pid 11:tid 140433700144832] [remote 10.0.0.83:59350] 2026-07-08 23:52:09.159 11 ERROR keystone.server.flask.application
[Wed Jul 08 23:52:09.172696 2026] [wsgi:error] [pid 11:tid 140433700144832] [remote 10.0.0.83:59350] 2026-07-08 23:52:09.159 11 ERROR keystone.server.flask.application The above exception was the direct cause of the following exception:
[Wed Jul 08 23:52:09.172697 2026] [wsgi:error] [pid 11:tid 140433700144832] [remote 10.0.0.83:59350] 2026-07-08 23:52:09.159 11 ERROR keystone.server.flask.application
[Wed Jul 08 23:52:09.172699 2026] [wsgi:error] [pid 11:tid 140433700144832] [remote 10.0.0.83:59350] 2026-07-08 23:52:09.159 11 ERROR keystone.server.flask.application
Traceback (most recent call last):
[Wed Jul 08 23:52:09.172700 2026] [wsgi:error] [pid 11:tid 140433700144832] [remote 10.0.0.83:59350] 2026-07-08 23:52:09.159 11 ERROR keystone.server.flask.application
File "/var/lib/openstack/lib/python3.12/site-packages/keystone/common/sql/core.py", line 575, in wrapper
[Wed Jul 08 23:52:09.172701 2026] [wsgi:error] [pid 11:tid 140433700144832] [remote 10.0.0.83:59350] 2026-07-08 23:52:09.159 11 ERROR keystone.server.flask.application return method(*args, **kwargs)
[Wed Jul 08 23:52:09.172703 2026] [wsgi:error] [pid 11:tid 140433700144832] [remote 10.0.0.83:59350] 2026-07-08 23:52:09.159 11 ERROR keystone.server.flask.application ^^^^^^^^^^^^^^^^^^^^^^^
[Wed Jul 08 23:52:09.172705 2026] [wsgi:error] [pid 11:tid 140433700144832] [remote 10.0.0.83:59350] 2026-07-08 23:52:09.159 11 ERROR keystone.server.flask.application
File "/var/lib/openstack/lib/python3.12/site-packages/keystone/resource/backends/sql.py", line 278, in create_project
[Wed Jul 08 23:52:09.172707 2026] [wsgi:error] [pid 11:tid 140433700144832] [remote 10.0.0.83:59350] 2026-07-08 23:52:09.159 11 ERROR keystone.server.flask.application with sql.session_for_write() as session:
[Wed Jul 08 23:52:09.172708 2026] [wsgi:error] [pid 11:tid 140433700144832] [remote 10.0.0.83:59350] 2026-07-08 23:52:09.159 11 ERROR keystone.server.flask.application
File "/usr/lib/python3.12/contextlib.py", line 144, in __exit__
[Wed Jul 08 23:52:09.172709 2026] [wsgi:error] [pid 11:tid 140433700144832] [remote 10.0.0.83:59350] 2026-07-08 23:52:09.159 11 ERROR keystone.server.flask.application next(self.gen)
[Wed Jul 08 23:52:09.172711 2026] [wsgi:error] [pid 11:tid 140433700144832] [remote 10.0.0.83:59350] 2026-07-08 23:52:09.159 11 ERROR keystone.server.flask.application
File "/var/lib/openstack/lib/python3.12/site-packages/oslo_db/sqlalchemy/enginefacade.py", line 1175, in _transaction_scope
[Wed Jul 08 23:52:09.172712 2026] [wsgi:error] [pid 11:tid 140433700144832] [remote 10.0.0.83:59350] 2026-07-08 23:52:09.159 11 ERROR keystone.server.flask.application with current._produce_block(
[Wed Jul 08 23:52:09.172714 2026] [wsgi:error] [pid 11:tid 140433700144832] [remote 10.0.0.83:59350] 2026-07-08 23:52:09.159 11 ERROR keystone.server.flask.application
File "/usr/lib/python3.12/contextlib.py", line 144, in __exit__
[Wed Jul 08 23:52:09.172715 2026] [wsgi:error] [pid 11:tid 140433700144832] [remote 10.0.0.83:59350] 2026-07-08 23:52:09.159 11 ERROR keystone.server.flask.application next(self.gen)
[Wed Jul 08 23:52:09.172716 2026] [wsgi:error] [pid 11:tid 140433700144832] [remote 10.0.0.83:59350] 2026-07-08 23:52:09.159 11 ERROR keystone.server.flask.application
File "/var/lib/openstack/lib/python3.12/site-packages/oslo_db/sqlalchemy/enginefacade.py", line 837, in _session
[Wed Jul 08 23:52:09.172718 2026] [wsgi:error] [pid 11:tid 140433700144832] [remote 10.0.0.83:59350] 2026-07-08 23:52:09.159 11 ERROR keystone.server.flask.application with excutils.save_and_reraise_exception():
[Wed Jul 08 23:52:09.172719 2026] [wsgi:error] [pid 11:tid 140433700144832] [remote 10.0.0.83:59350] 2026-07-08 23:52:09.159 11 ERROR keystone.server.flask.application
File "/var/lib/openstack/lib/python3.12/site-packages/oslo_utils/excutils.py", line 266, in __exit__
[Wed Jul 08 23:52:09.172721 2026] [wsgi:error] [pid 11:tid 140433700144832] [remote 10.0.0.83:59350] 2026-07-08 23:52:09.159 11 ERROR keystone.server.flask.application self.force_reraise()
[Wed Jul 08 23:52:09.172722 2026] [wsgi:error] [pid 11:tid 140433700144832] [remote 10.0.0.83:59350] 2026-07-08 23:52:09.159 11 ERROR keystone.server.flask.application
File "/var/lib/openstack/lib/python3.12/site-packages/oslo_utils/excutils.py", line 232, in force_reraise
[Wed Jul 08 23:52:09.172724 2026] [wsgi:error] [pid 11:tid 140433700144832] [remote 10.0.0.83:59350] 2026-07-08 23:52:09.159 11 ERROR keystone.server.flask.application raise self.value
[Wed Jul 08 23:52:09.172754 2026] [wsgi:error] [pid 11:tid 140433700144832] [remote 10.0.0.83:59350] 2026-07-08 23:52:09.159 11 ERROR keystone.server.flask.application
File "/var/lib/openstack/lib/python3.12/site-packages/oslo_db/sqlalchemy/enginefacade.py", line 835, in _session
[Wed Jul 08 23:52:09.172756 2026] [wsgi:error] [pid 11:tid 140433700144832] [remote 10.0.0.83:59350] 2026-07-08 23:52:09.159 11 ERROR keystone.server.flask.application self._end_session_transaction(self.session)
[Wed Jul 08 23:52:09.172758 2026] [wsgi:error] [pid 11:tid 140433700144832] [remote 10.0.0.83:59350] 2026-07-08 23:52:09.159 11 ERROR keystone.server.flask.application
File "/var/lib/openstack/lib/python3.12/site-packages/oslo_db/sqlalchemy/enginefacade.py", line 748, in _end_session_transaction
[Wed Jul 08 23:52:09.172759 2026] [wsgi:error] [pid 11:tid 140433700144832] [remote 10.0.0.83:59350] 2026-07-08 23:52:09.159 11 ERROR keystone.server.flask.application session.commit()
[Wed Jul 08 23:52:09.172761 2026] [wsgi:error] [pid 11:tid 140433700144832] [remote 10.0.0.83:59350] 2026-07-08 23:52:09.159 11 ERROR keystone.server.flask.application
File "/var/lib/openstack/lib/python3.12/site-packages/sqlalchemy/orm/session.py", line 2034, in commit
[Wed Jul 08 23:52:09.172763 2026] [wsgi:error] [pid 11:tid 140433700144832] [remote 10.0.0.83:59350] 2026-07-08 23:52:09.159 11 ERROR keystone.server.flask.application trans.commit(_to_root=True)
[Wed Jul 08 23:52:09.172765 2026] [wsgi:error] [pid 11:tid 140433700144832] [remote 10.0.0.83:59350] 2026-07-08 23:52:09.159 11 ERROR keystone.server.flask.application File "", line 2, in commit
[Wed Jul 08 23:52:09.172766 2026] [wsgi:error] [pid 11:tid 140433700144832] [remote 10.0.0.83:59350] 2026-07-08 23:52:09.159 11 ERROR keystone.server.flask.application
File "/var/lib/openstack/lib/python3.12/site-packages/sqlalchemy/orm/state_changes.py", line 137, in _go
[Wed Jul 08 23:52:09.172768 2026] [wsgi:error] [pid 11:tid 140433700144832] [remote 10.0.0.83:59350] 2026-07-08 23:52:09.159 11 ERROR keystone.server.flask.application ret_value = fn(self, *arg, **kw)
[Wed Jul 08 23:52:09.172770 2026] [wsgi:error] [pid 11:tid 140433700144832] [remote 10.0.0.83:59350] 2026-07-08 23:52:09.159 11 ERROR keystone.server.flask.application ^^^^^^^^^^^^^^^^^^^^
[Wed Jul 08 23:52:09.172771 2026] [wsgi:error] [pid 11:tid 140433700144832] [remote 10.0.0.83:59350] 2026-07-08 23:52:09.159 11 ERROR keystone.server.flask.application
File "/var/lib/openstack/lib/python3.12/site-packages/sqlalchemy/orm/session.py", line 1315, in commit
[Wed Jul 08 23:52:09.172773 2026] [wsgi:error] [pid 11:tid 140433700144832] [remote 10.0.0.83:59350] 2026-07-08 23:52:09.159 11 ERROR keystone.server.flask.application self._prepare_impl()
[Wed Jul 08 23:52:09.172775 2026] [wsgi:error] [pid 11:tid 140433700144832] [remote 10.0.0.83:59350] 2026-07-08 23:52:09.159 11 ERROR keystone.server.flask.application File "", line 2, in _prepare_impl
[Wed Jul 08 23:52:09.172777 2026] [wsgi:error] [pid 11:tid 140433700144832] [remote 10.0.0.83:59350] 2026-07-08 23:52:09.159 11 ERROR keystone.server.flask.application
File "/var/lib/openstack/lib/python3.12/site-packages/sqlalchemy/orm/state_changes.py", line 137, in _go
[Wed Jul 08 23:52:09.172779 2026] [wsgi:error] [pid 11:tid 140433700144832] [remote 10.0.0.83:59350] 2026-07-08 23:52:09.159 11 ERROR keystone.server.flask.application ret_value = fn(self, *arg, **kw)
[Wed Jul 08 23:52:09.172781 2026] [wsgi:error] [pid 11:tid 140433700144832] [remote 10.0.0.83:59350] 2026-07-08 23:52:09.159 11 ERROR keystone.server.flask.application ^^^^^^^^^^^^^^^^^^^^
[Wed Jul 08 23:52:09.172784 2026] [wsgi:error] [pid 11:tid 140433700144832] [remote 10.0.0.83:59350] 2026-07-08 23:52:09.159 11 ERROR keystone.server.flask.application
File "/var/lib/openstack/lib/python3.12/site-packages/sqlalchemy/orm/session.py", line 1290, in _prepare_impl
[Wed Jul 08 23:52:09.172786 2026] [wsgi:error] [pid 11:tid 140433700144832] [remote 10.0.0.83:59350] 2026-07-08 23:52:09.159 11 ERROR keystone.server.flask.application self.session.flush()
[Wed Jul 08 23:52:09.172789 2026] [wsgi:error] [pid 11:tid 140433700144832] [remote 10.0.0.83:59350] 2026-07-08 23:52:09.159 11 ERROR keystone.server.flask.application
File "/var/lib/openstack/lib/python3.12/site-packages/sqlalchemy/orm/session.py", line 4352, in flush
[Wed Jul 08 23:52:09.172792 2026] [wsgi:error] [pid 11:tid 140433700144832] [remote 10.0.0.83:59350] 2026-07-08 23:52:09.159 11 ERROR keystone.server.flask.application self._flush(objects)
[Wed Jul 08 23:52:09.172793 2026] [wsgi:error] [pid 11:tid 140433700144832] [remote 10.0.0.83:59350] 2026-07-08 23:52:09.159 11 ERROR keystone.server.flask.application
File "/var/lib/openstack/lib/python3.12/site-packages/sqlalchemy/orm/session.py", line 4487, in _flush
[Wed Jul 08 23:52:09.172798 2026] [wsgi:error] [pid 11:tid 140433700144832] [remote 10.0.0.83:59350] 2026-07-08 23:52:09.159 11 ERROR keystone.server.flask.application with util.safe_reraise():
[Wed Jul 08 23:52:09.172800 2026] [wsgi:error] [pid 11:tid 140433700144832] [remote 10.0.0.83:59350] 2026-07-08 23:52:09.159 11 ERROR keystone.server.flask.application
File "/var/lib/openstack/lib/python3.12/site-packages/sqlalchemy/util/langhelpers.py", line 122, in __exit__
[Wed Jul 08 23:52:09.172804 2026] [wsgi:error] [pid 11:tid 140433700144832] [remote 10.0.0.83:59350] 2026-07-08 23:52:09.159 11 ERROR keystone.server.flask.application raise exc_value.with_traceback(exc_tb)
[Wed Jul 08 23:52:09.172807 2026] [wsgi:error] [pid 11:tid 140433700144832] [remote 10.0.0.83:59350] 2026-07-08 23:52:09.159 11 ERROR keystone.server.flask.application
File "/var/lib/openstack/lib/python3.12/site-packages/sqlalchemy/orm/session.py", line 4448, in _flush
[Wed Jul 08 23:52:09.172809 2026] [wsgi:error] [pid 11:tid 140433700144832] [remote 10.0.0.83:59350] 2026-07-08 23:52:09.159 11 ERROR keystone.server.flask.application flush_context.execute()
[Wed Jul 08 23:52:09.172811 2026] [wsgi:error] [pid 11:tid 140433700144832] [remote 10.0.0.83:59350] 2026-07-08 23:52:09.159 11 ERROR keystone.server.flask.application
