Apr 02 13:00:19.493689 np0000162927 neutron-periodic-workers[103913]: DEBUG cotyledon.oslo_config_glue [-] ml2.tunnelled_network_rp_name = rp_tunnelled {{(pid=103913) log_opt_values /opt/stack/data/venv/lib/python3.12/site-packages/oslo_config/cfg.py:3006}}
Apr 02 13:00:19.493734 np0000162927 neutron-periodic-workers[103913]: DEBUG cotyledon.oslo_config_glue [-] ml2.type_drivers = ['local', 'flat', 'vlan', 'geneve'] {{(pid=103913) log_opt_values /opt/stack/data/venv/lib/python3.12/site-packages/oslo_config/cfg.py:3006}}
Apr 02 13:00:19.494000 np0000162927 neutron-periodic-workers[103913]: DEBUG cotyledon.oslo_config_glue [-] ml2_type_flat.flat_networks = ['public'] {{(pid=103913) log_opt_values /opt/stack/data/venv/lib/python3.12/site-packages/oslo_config/cfg.py:3006}}
Apr 02 13:00:19.494062 np0000162927 neutron-periodic-workers[103913]: DEBUG cotyledon.oslo_config_glue [-] ml2_type_geneve.max_header_size = 38 {{(pid=103913) log_opt_values /opt/stack/data/venv/lib/python3.12/site-packages/oslo_config/cfg.py:3006}}
Apr 02 13:00:19.494144 np0000162927 neutron-periodic-workers[103913]: DEBUG cotyledon.oslo_config_glue [-] ml2_type_geneve.vni_ranges = ['1:65536'] {{(pid=103913) log_opt_values /opt/stack/data/venv/lib/python3.12/site-packages/oslo_config/cfg.py:3006}}
Apr 02 13:00:19.494191 np0000162927 neutron-periodic-workers[103913]: DEBUG cotyledon.oslo_config_glue [-] ml2_type_vlan.network_vlan_ranges = ['public'] {{(pid=103913) log_opt_values /opt/stack/data/venv/lib/python3.12/site-packages/oslo_config/cfg.py:3006}}
Apr 02 13:00:19.494271 np0000162927 neutron-periodic-workers[103913]: DEBUG cotyledon.oslo_config_glue [-] network_log.burst_limit = 25 {{(pid=103913) log_opt_values /opt/stack/data/venv/lib/python3.12/site-packages/oslo_config/cfg.py:3006}}
Apr 02 13:00:19.494333 np0000162927 neutron-periodic-workers[103913]: DEBUG cotyledon.oslo_config_glue [-] network_log.local_output_log_base = None {{(pid=103913) log_opt_values /opt/stack/data/venv/lib/python3.12/site-packages/oslo_config/cfg.py:3006}}
Apr 02 13:00:19.494393 np0000162927 neutron-periodic-workers[103913]: DEBUG cotyledon.oslo_config_glue [-] network_log.rate_limit = 100 {{(pid=103913) log_opt_values /opt/stack/data/venv/lib/python3.12/site-packages/oslo_config/cfg.py:3006}}
Apr 02 13:00:19.494543 np0000162927 neutron-periodic-workers[103913]: DEBUG cotyledon.oslo_config_glue [-] database.asyncio_connection = **** {{(pid=103913) log_opt_values /opt/stack/data/venv/lib/python3.12/site-packages/oslo_config/cfg.py:3006}}
Apr 02 13:00:19.494608 np0000162927 neutron-periodic-workers[103913]: DEBUG cotyledon.oslo_config_glue [-] database.asyncio_slave_connection = **** {{(pid=103913) log_opt_values /opt/stack/data/venv/lib/python3.12/site-packages/oslo_config/cfg.py:3006}}
Apr 02 13:00:19.494649 np0000162927 neutron-periodic-workers[103913]: DEBUG cotyledon.oslo_config_glue [-] database.backend = sqlalchemy {{(pid=103913) log_opt_values /opt/stack/data/venv/lib/python3.12/site-packages/oslo_config/cfg.py:3006}}
Apr 02 13:00:19.494712 np0000162927 neutron-periodic-workers[103913]: DEBUG cotyledon.oslo_config_glue [-] database.connection = **** {{(pid=103913) log_opt_values /opt/stack/data/venv/lib/python3.12/site-packages/oslo_config/cfg.py:3006}}
Apr 02 13:00:19.494767 np0000162927 neutron-periodic-workers[103913]: DEBUG cotyledon.oslo_config_glue [-] database.connection_debug = 0 {{(pid=103913) log_opt_values /opt/stack/data/venv/lib/python3.12/site-packages/oslo_config/cfg.py:3006}}
Apr 02 13:00:19.494810 np0000162927 neutron-periodic-workers[103913]: DEBUG cotyledon.oslo_config_glue [-] database.connection_parameters = {{(pid=103913) log_opt_values /opt/stack/data/venv/lib/python3.12/site-packages/oslo_config/cfg.py:3006}}
Apr 02 13:00:19.494867 np0000162927 neutron-periodic-workers[103913]: DEBUG cotyledon.oslo_config_glue [-] database.connection_recycle_time = 3600 {{(pid=103913) log_opt_values /opt/stack/data/venv/lib/python3.12/site-packages/oslo_config/cfg.py:3006}}
Apr 02 13:00:19.494909 np0000162927 neutron-periodic-workers[103913]: DEBUG cotyledon.oslo_config_glue [-] database.connection_trace = False {{(pid=103913) log_opt_values /opt/stack/data/venv/lib/python3.12/site-packages/oslo_config/cfg.py:3006}}
Apr 02 13:00:19.494950 np0000162927 neutron-periodic-workers[103913]: DEBUG cotyledon.oslo_config_glue [-] database.db_inc_retry_interval = True {{(pid=103913) log_opt_values /opt/stack/data/venv/lib/python3.12/site-packages/oslo_config/cfg.py:3006}}
Apr 02 13:00:19.494982 np0000162927 neutron-periodic-workers[103913]: DEBUG cotyledon.oslo_config_glue [-] database.db_max_retries = 20 {{(pid=103913) log_opt_values /opt/stack/data/venv/lib/python3.12/site-packages/oslo_config/cfg.py:3006}}
Apr 02 13:00:19.495029 np0000162927 neutron-periodic-workers[103913]: DEBUG cotyledon.oslo_config_glue [-] database.db_max_retry_interval = 10 {{(pid=103913) log_opt_values /opt/stack/data/venv/lib/python3.12/site-packages/oslo_config/cfg.py:3006}}
Apr 02 13:00:19.495070 np0000162927 neutron-periodic-workers[103913]: DEBUG cotyledon.oslo_config_glue [-] database.db_retry_interval = 1 {{(pid=103913) log_opt_values /opt/stack/data/venv/lib/python3.12/site-packages/oslo_config/cfg.py:3006}}
Apr 02 13:00:19.495112 np0000162927 neutron-periodic-workers[103913]: DEBUG cotyledon.oslo_config_glue [-] database.max_overflow = 50 {{(pid=103913) log_opt_values /opt/stack/data/venv/lib/python3.12/site-packages/oslo_config/cfg.py:3006}}
Apr 02 13:00:19.495160 np0000162927 neutron-periodic-workers[103913]: DEBUG cotyledon.oslo_config_glue [-] database.max_pool_size = 5 {{(pid=103913) log_opt_values /opt/stack/data/venv/lib/python3.12/site-packages/oslo_config/cfg.py:3006}}
Apr 02 13:00:19.495207 np0000162927 neutron-periodic-workers[103913]: DEBUG cotyledon.oslo_config_glue [-] database.max_retries = 10 {{(pid=103913) log_opt_values /opt/stack/data/venv/lib/python3.12/site-packages/oslo_config/cfg.py:3006}}
Apr 02 13:00:19.495253 np0000162927 neutron-periodic-workers[103913]: DEBUG cotyledon.oslo_config_glue [-] database.mysql_sql_mode = TRADITIONAL {{(pid=103913) log_opt_values /opt/stack/data/venv/lib/python3.12/site-packages/oslo_config/cfg.py:3006}}
Apr 02 13:00:19.495300 np0000162927 neutron-periodic-workers[103913]: DEBUG cotyledon.oslo_config_glue [-] database.mysql_wsrep_sync_wait = None {{(pid=103913) log_opt_values /opt/stack/data/venv/lib/python3.12/site-packages/oslo_config/cfg.py:3006}}
Apr 02 13:00:19.495339 np0000162927 neutron-periodic-workers[103913]: DEBUG cotyledon.oslo_config_glue [-] database.pool_timeout = None {{(pid=103913) log_opt_values /opt/stack/data/venv/lib/python3.12/site-packages/oslo_config/cfg.py:3006}}
Apr 02 13:00:19.495386 np0000162927 neutron-periodic-workers[103913]: DEBUG cotyledon.oslo_config_glue [-] database.retry_interval = 10 {{(pid=103913) log_opt_values /opt/stack/data/venv/lib/python3.12/site-packages/oslo_config/cfg.py:3006}}
Apr 02 13:00:19.495476 np0000162927 neutron-periodic-workers[103913]: DEBUG cotyledon.oslo_config_glue [-] database.slave_connection = **** {{(pid=103913) log_opt_values /opt/stack/data/venv/lib/python3.12/site-packages/oslo_config/cfg.py:3006}}
Apr 02 13:00:19.495535 np0000162927 neutron-periodic-workers[103913]: DEBUG cotyledon.oslo_config_glue [-] database.sqlite_synchronous = True {{(pid=103913) log_opt_values /opt/stack/data/venv/lib/python3.12/site-packages/oslo_config/cfg.py:3006}}
Apr 02 13:00:19.495599 np0000162927 neutron-periodic-workers[103913]: DEBUG cotyledon.oslo_config_glue [-] database.synchronous_reader = True {{(pid=103913) log_opt_values /opt/stack/data/venv/lib/python3.12/site-packages/oslo_config/cfg.py:3006}}
Apr 02 13:00:19.495650 np0000162927 neutron-periodic-workers[103913]: DEBUG cotyledon.oslo_config_glue [-] database.use_db_reconnect = False {{(pid=103913) log_opt_values /opt/stack/data/venv/lib/python3.12/site-packages/oslo_config/cfg.py:3006}}
Apr 02 13:00:19.495731 np0000162927 neutron-periodic-workers[103913]: DEBUG cotyledon.oslo_config_glue [-] ovn.bfd_min_rx = 1000 {{(pid=103913) log_opt_values /opt/stack/data/venv/lib/python3.12/site-packages/oslo_config/cfg.py:3006}}
Apr 02 13:00:19.495780 np0000162927 neutron-periodic-workers[103913]: DEBUG cotyledon.oslo_config_glue [-] ovn.bfd_min_tx = 100 {{(pid=103913) log_opt_values /opt/stack/data/venv/lib/python3.12/site-packages/oslo_config/cfg.py:3006}}
Apr 02 13:00:19.495823 np0000162927 neutron-periodic-workers[103913]: DEBUG cotyledon.oslo_config_glue [-] ovn.bfd_mult = 3 {{(pid=103913) log_opt_values /opt/stack/data/venv/lib/python3.12/site-packages/oslo_config/cfg.py:3006}}
Apr 02 13:00:19.495879 np0000162927 neutron-periodic-workers[103913]: DEBUG cotyledon.oslo_config_glue [-] ovn.broadcast_arps_to_all_routers = True {{(pid=103913) log_opt_values /opt/stack/data/venv/lib/python3.12/site-packages/oslo_config/cfg.py:3006}}
Apr 02 13:00:19.495932 np0000162927 neutron-periodic-workers[103913]: DEBUG cotyledon.oslo_config_glue [-] ovn.dhcp_default_lease_time = 43200 {{(pid=103913) log_opt_values /opt/stack/data/venv/lib/python3.12/site-packages/oslo_config/cfg.py:3006}}
Apr 02 13:00:19.495974 np0000162927 neutron-periodic-workers[103913]: DEBUG cotyledon.oslo_config_glue [-] ovn.disable_ovn_dhcp_for_baremetal_ports = False {{(pid=103913) log_opt_values /opt/stack/data/venv/lib/python3.12/site-packages/oslo_config/cfg.py:3006}}
Apr 02 13:00:19.496016 np0000162927 neutron-periodic-workers[103913]: DEBUG cotyledon.oslo_config_glue [-] ovn.dns_records_ovn_owned = False {{(pid=103913) log_opt_values /opt/stack/data/venv/lib/python3.12/site-packages/oslo_config/cfg.py:3006}}
Apr 02 13:00:19.496065 np0000162927 neutron-periodic-workers[103913]: DEBUG cotyledon.oslo_config_glue [-] ovn.dns_servers = [] {{(pid=103913) log_opt_values /opt/stack/data/venv/lib/python3.12/site-packages/oslo_config/cfg.py:3006}}
Apr 02 13:00:19.496119 np0000162927 neutron-periodic-workers[103913]: DEBUG cotyledon.oslo_config_glue [-] ovn.enable_distributed_floating_ip = False {{(pid=103913) log_opt_values /opt/stack/data/venv/lib/python3.12/site-packages/oslo_config/cfg.py:3006}}
Apr 02 13:00:19.496167 np0000162927 neutron-periodic-workers[103913]: DEBUG cotyledon.oslo_config_glue [-] ovn.fdb_age_threshold = 300 {{(pid=103913) log_opt_values /opt/stack/data/venv/lib/python3.12/site-packages/oslo_config/cfg.py:3006}}
Apr 02 13:00:19.496211 np0000162927 neutron-periodic-workers[103913]: DEBUG cotyledon.oslo_config_glue [-] ovn.ha_failover_strategy = normal {{(pid=103913) log_opt_values /opt/stack/data/venv/lib/python3.12/site-packages/oslo_config/cfg.py:3006}}
Apr 02 13:00:19.496251 np0000162927 neutron-periodic-workers[103913]: DEBUG cotyledon.oslo_config_glue [-] ovn.live_migration_activation_strategy = rarp {{(pid=103913) log_opt_values /opt/stack/data/venv/lib/python3.12/site-packages/oslo_config/cfg.py:3006}}
Apr 02 13:00:19.496294 np0000162927 neutron-periodic-workers[103913]: DEBUG cotyledon.oslo_config_glue [-] ovn.localnet_learn_fdb = False {{(pid=103913) log_opt_values /opt/stack/data/venv/lib/python3.12/site-packages/oslo_config/cfg.py:3006}}
Apr 02 13:00:19.496338 np0000162927 neutron-periodic-workers[103913]: DEBUG cotyledon.oslo_config_glue [-] ovn.mac_binding_age_threshold = 300 {{(pid=103913) log_opt_values /opt/stack/data/venv/lib/python3.12/site-packages/oslo_config/cfg.py:3006}}
Apr 02 13:00:19.496371 np0000162927 neutron-periodic-workers[103913]: DEBUG cotyledon.oslo_config_glue [-] ovn.neutron_sync_mode = log {{(pid=103913) log_opt_values /opt/stack/data/venv/lib/python3.12/site-packages/oslo_config/cfg.py:3006}}
Apr 02 13:00:19.496416 np0000162927 neutron-periodic-workers[103913]: DEBUG cotyledon.oslo_config_glue [-] ovn.ovn_dhcp4_global_options = {} {{(pid=103913) log_opt_values /opt/stack/data/venv/lib/python3.12/site-packages/oslo_config/cfg.py:3006}}
Apr 02 13:00:19.496480 np0000162927 neutron-periodic-workers[103913]: DEBUG cotyledon.oslo_config_glue [-] ovn.ovn_dhcp6_global_options = {} {{(pid=103913) log_opt_values /opt/stack/data/venv/lib/python3.12/site-packages/oslo_config/cfg.py:3006}}
Apr 02 13:00:19.496548 np0000162927 neutron-periodic-workers[103913]: DEBUG cotyledon.oslo_config_glue [-] ovn.ovn_l3_scheduler = leastloaded {{(pid=103913) log_opt_values /opt/stack/data/venv/lib/python3.12/site-packages/oslo_config/cfg.py:3006}}
Apr 02 13:00:19.496595 np0000162927 neutron-periodic-workers[103913]: DEBUG cotyledon.oslo_config_glue [-] ovn.ovn_metadata_enabled = True {{(pid=103913) log_opt_values /opt/stack/data/venv/lib/python3.12/site-packages/oslo_config/cfg.py:3006}}
Apr 02 13:00:19.496630 np0000162927 neutron-periodic-workers[103913]: DEBUG cotyledon.oslo_config_glue [-] ovn.ovn_nb_ca_cert = /opt/stack/data/CA/int-ca/ca-chain.pem {{(pid=103913) log_opt_values /opt/stack/data/venv/lib/python3.12/site-packages/oslo_config/cfg.py:3006}}
Apr 02 13:00:19.496685 np0000162927 neutron-periodic-workers[103913]: DEBUG cotyledon.oslo_config_glue [-] ovn.ovn_nb_certificate = /opt/stack/data/CA/int-ca/devstack-cert.crt {{(pid=103913) log_opt_values /opt/stack/data/venv/lib/python3.12/site-packages/oslo_config/cfg.py:3006}}
Apr 02 13:00:19.496742 np0000162927 neutron-periodic-workers[103913]: DEBUG cotyledon.oslo_config_glue [-] ovn.ovn_nb_connection = ['ssl:199.19.213.84:6641'] {{(pid=103913) log_opt_values /opt/stack/data/venv/lib/python3.12/site-packages/oslo_config/cfg.py:3006}}
Apr 02 13:00:19.496800 np0000162927 neutron-periodic-workers[103913]: DEBUG cotyledon.oslo_config_glue [-] ovn.ovn_nb_private_key = /opt/stack/data/CA/int-ca/private/devstack-cert.key {{(pid=103913) log_opt_values /opt/stack/data/venv/lib/python3.12/site-packages/oslo_config/cfg.py:3006}}
Apr 02 13:00:19.496840 np0000162927 neutron-periodic-workers[103913]: DEBUG cotyledon.oslo_config_glue [-] ovn.ovn_router_indirect_snat = False {{(pid=103913) log_opt_values /opt/stack/data/venv/lib/python3.12/site-packages/oslo_config/cfg.py:3006}}
Apr 02 13:00:19.496879 np0000162927 neutron-periodic-workers[103913]: DEBUG cotyledon.oslo_config_glue [-] ovn.ovn_sb_ca_cert = /opt/stack/data/CA/int-ca/ca-chain.pem {{(pid=103913) log_opt_values /opt/stack/data/venv/lib/python3.12/site-packages/oslo_config/cfg.py:3006}}
Apr 02 13:00:19.496912 np0000162927 neutron-periodic-workers[103913]: DEBUG cotyledon.oslo_config_glue [-] ovn.ovn_sb_certificate = /opt/stack/data/CA/int-ca/devstack-cert.crt {{(pid=103913) log_opt_values /opt/stack/data/venv/lib/python3.12/site-packages/oslo_config/cfg.py:3006}}
Apr 02 13:00:19.496951 np0000162927 neutron-periodic-workers[103913]: DEBUG cotyledon.oslo_config_glue [-] ovn.ovn_sb_connection = ['ssl:199.19.213.84:6642'] {{(pid=103913) log_opt_values /opt/stack/data/venv/lib/python3.12/site-packages/oslo_config/cfg.py:3006}}
Apr 02 13:00:19.496998 np0000162927 neutron-periodic-workers[103913]: DEBUG cotyledon.oslo_config_glue [-] ovn.ovn_sb_private_key = /opt/stack/data/CA/int-ca/private/devstack-cert.key {{(pid=103913) log_opt_values /opt/stack/data/venv/lib/python3.12/site-packages/oslo_config/cfg.py:3006}}
Apr 02 13:00:19.497037 np0000162927 neutron-periodic-workers[103913]: DEBUG cotyledon.oslo_config_glue [-] ovn.ovs_create_tap = False {{(pid=103913) log_opt_values /opt/stack/data/venv/lib/python3.12/site-packages/oslo_config/cfg.py:3006}}
Apr 02 13:00:19.497077 np0000162927 neutron-periodic-workers[103913]: DEBUG cotyledon.oslo_config_glue [-] ovn.ovsdb_connection_timeout = 180 {{(pid=103913) log_opt_values /opt/stack/data/venv/lib/python3.12/site-packages/oslo_config/cfg.py:3006}}
Apr 02 13:00:19.497122 np0000162927 neutron-periodic-workers[103913]: DEBUG cotyledon.oslo_config_glue [-] ovn.ovsdb_log_level = INFO {{(pid=103913) log_opt_values /opt/stack/data/venv/lib/python3.12/site-packages/oslo_config/cfg.py:3006}}
Apr 02 13:00:19.497179 np0000162927 neutron-periodic-workers[103913]: DEBUG cotyledon.oslo_config_glue [-] ovn.ovsdb_probe_interval = 60000 {{(pid=103913) log_opt_values /opt/stack/data/venv/lib/python3.12/site-packages/oslo_config/cfg.py:3006}}
Apr 02 13:00:19.497207 np0000162927 neutron-periodic-workers[103913]: DEBUG cotyledon.oslo_config_glue [-] ovn.ovsdb_retry_max_interval = 180 {{(pid=103913) log_opt_values /opt/stack/data/venv/lib/python3.12/site-packages/oslo_config/cfg.py:3006}}
Apr 02 13:00:19.497238 np0000162927 neutron-periodic-workers[103913]: DEBUG cotyledon.oslo_config_glue [-] ovn.stateless_nat_enabled = False {{(pid=103913) log_opt_values /opt/stack/data/venv/lib/python3.12/site-packages/oslo_config/cfg.py:3006}}
Apr 02 13:00:19.497300 np0000162927 neutron-periodic-workers[103913]: DEBUG cotyledon.oslo_config_glue [-] ovn.vhost_sock_dir = /var/run/openvswitch {{(pid=103913) log_opt_values /opt/stack/data/venv/lib/python3.12/site-packages/oslo_config/cfg.py:3006}}
Apr 02 13:00:19.497545 np0000162927 neutron-periodic-workers[103913]: DEBUG cotyledon.oslo_config_glue [-] OVS.bridge_mac_table_size = 50000 {{(pid=103913) log_opt_values /opt/stack/data/venv/lib/python3.12/site-packages/oslo_config/cfg.py:3006}}
Apr 02 13:00:19.497607 np0000162927 neutron-periodic-workers[103913]: DEBUG cotyledon.oslo_config_glue [-] OVS.igmp_flood = False {{(pid=103913) log_opt_values /opt/stack/data/venv/lib/python3.12/site-packages/oslo_config/cfg.py:3006}}
Apr 02 13:00:19.497676 np0000162927 neutron-periodic-workers[103913]: DEBUG cotyledon.oslo_config_glue [-] OVS.igmp_flood_reports = True {{(pid=103913) log_opt_values /opt/stack/data/venv/lib/python3.12/site-packages/oslo_config/cfg.py:3006}}
Apr 02 13:00:19.497727 np0000162927 neutron-periodic-workers[103913]: DEBUG cotyledon.oslo_config_glue [-] OVS.igmp_flood_unregistered = False {{(pid=103913) log_opt_values /opt/stack/data/venv/lib/python3.12/site-packages/oslo_config/cfg.py:3006}}
Apr 02 13:00:19.497765 np0000162927 neutron-periodic-workers[103913]: DEBUG cotyledon.oslo_config_glue [-] OVS.igmp_snooping_enable = False {{(pid=103913) log_opt_values /opt/stack/data/venv/lib/python3.12/site-packages/oslo_config/cfg.py:3006}}
Apr 02 13:00:19.497809 np0000162927 neutron-periodic-workers[103913]: DEBUG cotyledon.oslo_config_glue [-] OVS.ovsdb_timeout = 10 {{(pid=103913) log_opt_values /opt/stack/data/venv/lib/python3.12/site-packages/oslo_config/cfg.py:3006}}
Apr 02 13:00:19.497876 np0000162927 neutron-periodic-workers[103913]: DEBUG cotyledon.oslo_config_glue [-] ovn_nb_global.fdb_removal_limit = 0 {{(pid=103913) log_opt_values /opt/stack/data/venv/lib/python3.12/site-packages/oslo_config/cfg.py:3006}}
Apr 02 13:00:19.497932 np0000162927 neutron-periodic-workers[103913]: DEBUG cotyledon.oslo_config_glue [-] ovn_nb_global.ignore_lsp_down = False {{(pid=103913) log_opt_values /opt/stack/data/venv/lib/python3.12/site-packages/oslo_config/cfg.py:3006}}
Apr 02 13:00:19.497990 np0000162927 neutron-periodic-workers[103913]: DEBUG cotyledon.oslo_config_glue [-] ovn_nb_global.mac_binding_removal_limit = 0 {{(pid=103913) log_opt_values /opt/stack/data/venv/lib/python3.12/site-packages/oslo_config/cfg.py:3006}}
Apr 02 13:00:19.498030 np0000162927 neutron-periodic-workers[103913]: DEBUG cotyledon.oslo_config_glue [-] ******************************************************************************** {{(pid=103913) log_opt_values /opt/stack/data/venv/lib/python3.12/site-packages/oslo_config/cfg.py:3013}}
Apr 02 13:00:19.498178 np0000162927 neutron-periodic-workers[103913]: DEBUG cotyledon._service_worker [-] Run service ServiceWrapper(0) [103913] {{(pid=103913) wait_forever /opt/stack/data/venv/lib/python3.12/site-packages/cotyledon/_service_worker.py:218}}
Apr 02 13:00:29.156855 np0000162927 neutron-periodic-workers[103179]: DEBUG dbcounter [-] [103179] Writing DB stats neutron:SELECT=4 {{(pid=103179) stat_writer /opt/stack/data/venv/lib/python3.12/site-packages/dbcounter.py:115}}
Apr 02 13:01:05.460693 np0000162927 neutron-periodic-workers[103886]: DEBUG oslo_db.sqlalchemy.engines [None req-f8f3f280-6b81-4af7-bf1c-9834451c5e84 None None] Parent process 103179 forked (103886) with an open database connection, which is being discarded and recreated. {{(pid=103886) checkout /opt/stack/data/venv/lib/python3.12/site-packages/oslo_db/sqlalchemy/engines.py:402}}
Apr 02 13:01:05.468193 np0000162927 neutron-periodic-workers[103886]: DEBUG dbcounter [-] [103886] Writer thread running {{(pid=103886) stat_writer /opt/stack/data/venv/lib/python3.12/site-packages/dbcounter.py:102}}
Apr 02 13:01:05.475741 np0000162927 neutron-periodic-workers[103886]: DEBUG oslo.service.backend._threading.loopingcall [None req-f8f3f280-6b81-4af7-bf1c-9834451c5e84 None None] Fixed interval looping call 'neutron.plugins.ml2.plugin.DhcpAgentSchedulerDbMixin.remove_networks_from_down_agents' sleeping for 36.98 seconds {{(pid=103886) _run_loop /opt/stack/data/venv/lib/python3.12/site-packages/oslo_service/backend/_threading/loopingcall.py:125}}
Apr 02 13:01:15.474997 np0000162927 neutron-periodic-workers[103886]: DEBUG dbcounter [-] [103886] Writing DB stats neutron:SELECT=3 {{(pid=103886) stat_writer /opt/stack/data/venv/lib/python3.12/site-packages/dbcounter.py:115}}
Apr 02 13:01:31.482951 np0000162927 neutron-periodic-workers[103894]: DEBUG dbcounter [-] [103894] Writer thread running {{(pid=103894) stat_writer /opt/stack/data/venv/lib/python3.12/site-packages/dbcounter.py:102}}
Apr 02 13:01:31.488901 np0000162927 neutron-periodic-workers[103894]: DEBUG neutron.db.agents_db [None req-05c7575e-a3f5-451c-985e-203fb8a3c13d None None] Agent healthcheck: found 0 active agents {{(pid=103894) agent_health_check /opt/stack/neutron/neutron/db/agents_db.py:317}}
Apr 02 13:01:31.489256 np0000162927 neutron-periodic-workers[103894]: DEBUG oslo.service.backend._threading.loopingcall [None req-05c7575e-a3f5-451c-985e-203fb8a3c13d None None] Fixed interval looping call 'neutron.plugins.ml2.plugin.AgentDbMixin.agent_health_check' sleeping for 36.98 seconds {{(pid=103894) _run_loop /opt/stack/data/venv/lib/python3.12/site-packages/oslo_service/backend/_threading/loopingcall.py:125}}
Apr 02 13:01:41.483627 np0000162927 neutron-periodic-workers[103894]: DEBUG dbcounter [-] [103894] Writing DB stats neutron:SELECT=1 {{(pid=103894) stat_writer /opt/stack/data/venv/lib/python3.12/site-packages/dbcounter.py:115}}
Apr 02 13:01:42.465678 np0000162927 neutron-periodic-workers[103886]: DEBUG oslo.service.backend._threading.loopingcall [None req-f8f3f280-6b81-4af7-bf1c-9834451c5e84 None None] Fixed interval looping call 'neutron.plugins.ml2.plugin.DhcpAgentSchedulerDbMixin.remove_networks_from_down_agents' sleeping for 36.99 seconds {{(pid=103886) _run_loop /opt/stack/data/venv/lib/python3.12/site-packages/oslo_service/backend/_threading/loopingcall.py:125}}
Apr 02 13:01:52.464420 np0000162927 neutron-periodic-workers[103886]: DEBUG dbcounter [-] [103886] Writing DB stats neutron:SELECT=3 {{(pid=103886) stat_writer /opt/stack/data/venv/lib/python3.12/site-packages/dbcounter.py:115}}
Apr 02 13:02:08.475237 np0000162927 neutron-periodic-workers[103894]: DEBUG neutron.db.agents_db [None req-05c7575e-a3f5-451c-985e-203fb8a3c13d None None] Agent healthcheck: found 0 active agents {{(pid=103894) agent_health_check /opt/stack/neutron/neutron/db/agents_db.py:317}}
Apr 02 13:02:08.475933 np0000162927 neutron-periodic-workers[103894]: DEBUG oslo.service.backend._threading.loopingcall [None req-05c7575e-a3f5-451c-985e-203fb8a3c13d None None] Fixed interval looping call 'neutron.plugins.ml2.plugin.AgentDbMixin.agent_health_check' sleeping for 36.99 seconds {{(pid=103894) _run_loop /opt/stack/data/venv/lib/python3.12/site-packages/oslo_service/backend/_threading/loopingcall.py:125}}
Apr 02 13:02:18.475051 np0000162927 neutron-periodic-workers[103894]: DEBUG dbcounter [-] [103894] Writing DB stats neutron:SELECT=1 {{(pid=103894) stat_writer /opt/stack/data/venv/lib/python3.12/site-packages/dbcounter.py:115}}
Apr 02 13:02:19.464598 np0000162927 neutron-periodic-workers[103886]: DEBUG oslo.service.backend._threading.loopingcall [None req-f8f3f280-6b81-4af7-bf1c-9834451c5e84 None None] Fixed interval looping call 'neutron.plugins.ml2.plugin.DhcpAgentSchedulerDbMixin.remove_networks_from_down_agents' sleeping for 36.99 seconds {{(pid=103886) _run_loop /opt/stack/data/venv/lib/python3.12/site-packages/oslo_service/backend/_threading/loopingcall.py:125}}
Apr 02 13:02:19.503203 np0000162927 neutron-periodic-workers[103903]: DEBUG dbcounter [-] [103903] Writer thread running {{(pid=103903) stat_writer /opt/stack/data/venv/lib/python3.12/site-packages/dbcounter.py:102}}
Apr 02 13:02:19.506559 np0000162927 neutron-periodic-workers[103903]: DEBUG oslo.service.backend._threading.loopingcall [None req-2be76f7c-2c26-4026-9376-e467f603b95a None None] Fixed interval looping call 'neutron.db.quota.driver_nolock.DbQuotaNoLockDriver._remove_expired_reservations' sleeping for 119.98 seconds {{(pid=103903) _run_loop /opt/stack/data/venv/lib/python3.12/site-packages/oslo_service/backend/_threading/loopingcall.py:125}}
Apr 02 13:02:29.463239 np0000162927 neutron-periodic-workers[103886]: DEBUG dbcounter [-] [103886] Writing DB stats neutron:SELECT=3 {{(pid=103886) stat_writer /opt/stack/data/venv/lib/python3.12/site-packages/dbcounter.py:115}}
Apr 02 13:02:29.503814 np0000162927 neutron-periodic-workers[103903]: DEBUG dbcounter [-] [103903] Writing DB stats neutron:DELETE=1 {{(pid=103903) stat_writer /opt/stack/data/venv/lib/python3.12/site-packages/dbcounter.py:115}}
Apr 02 13:02:45.471696 np0000162927 neutron-periodic-workers[103894]: DEBUG neutron.db.agents_db [None req-05c7575e-a3f5-451c-985e-203fb8a3c13d None None] Agent healthcheck: found 0 active agents {{(pid=103894) agent_health_check /opt/stack/neutron/neutron/db/agents_db.py:317}}
Apr 02 13:02:45.472543 np0000162927 neutron-periodic-workers[103894]: DEBUG oslo.service.backend._threading.loopingcall [None req-05c7575e-a3f5-451c-985e-203fb8a3c13d None None] Fixed interval looping call 'neutron.plugins.ml2.plugin.AgentDbMixin.agent_health_check' sleeping for 36.99 seconds {{(pid=103894) _run_loop /opt/stack/data/venv/lib/python3.12/site-packages/oslo_service/backend/_threading/loopingcall.py:125}}
Apr 02 13:02:55.470136 np0000162927 neutron-periodic-workers[103894]: DEBUG dbcounter [-] [103894] Writing DB stats neutron:SELECT=1 {{(pid=103894) stat_writer /opt/stack/data/venv/lib/python3.12/site-packages/dbcounter.py:115}}
Apr 02 13:02:56.462529 np0000162927 neutron-periodic-workers[103886]: DEBUG oslo.service.backend._threading.loopingcall [None req-f8f3f280-6b81-4af7-bf1c-9834451c5e84 None None] Fixed interval looping call 'neutron.plugins.ml2.plugin.DhcpAgentSchedulerDbMixin.remove_networks_from_down_agents' sleeping for 36.99 seconds {{(pid=103886) _run_loop /opt/stack/data/venv/lib/python3.12/site-packages/oslo_service/backend/_threading/loopingcall.py:125}}
Apr 02 13:03:06.461694 np0000162927 neutron-periodic-workers[103886]: DEBUG dbcounter [-] [103886] Writing DB stats neutron:SELECT=3 {{(pid=103886) stat_writer /opt/stack/data/venv/lib/python3.12/site-packages/dbcounter.py:115}}
Apr 02 13:03:22.467952 np0000162927 neutron-periodic-workers[103894]: DEBUG neutron.db.agents_db [None req-05c7575e-a3f5-451c-985e-203fb8a3c13d None None] Agent healthcheck: found 0 active agents {{(pid=103894) agent_health_check /opt/stack/neutron/neutron/db/agents_db.py:317}}
Apr 02 13:03:22.468632 np0000162927 neutron-periodic-workers[103894]: DEBUG oslo.service.backend._threading.loopingcall [None req-05c7575e-a3f5-451c-985e-203fb8a3c13d None None] Fixed interval looping call 'neutron.plugins.ml2.plugin.AgentDbMixin.agent_health_check' sleeping for 36.99 seconds {{(pid=103894) _run_loop /opt/stack/data/venv/lib/python3.12/site-packages/oslo_service/backend/_threading/loopingcall.py:125}}
Apr 02 13:03:32.466115 np0000162927 neutron-periodic-workers[103894]: DEBUG dbcounter [-] [103894] Writing DB stats neutron:SELECT=1 {{(pid=103894) stat_writer /opt/stack/data/venv/lib/python3.12/site-packages/dbcounter.py:115}}
Apr 02 13:03:33.462602 np0000162927 neutron-periodic-workers[103886]: DEBUG oslo.service.backend._threading.loopingcall [None req-f8f3f280-6b81-4af7-bf1c-9834451c5e84 None None] Fixed interval looping call 'neutron.plugins.ml2.plugin.DhcpAgentSchedulerDbMixin.remove_networks_from_down_agents' sleeping for 36.99 seconds {{(pid=103886) _run_loop /opt/stack/data/venv/lib/python3.12/site-packages/oslo_service/backend/_threading/loopingcall.py:125}}
Apr 02 13:03:43.461655 np0000162927 neutron-periodic-workers[103886]: DEBUG dbcounter [-] [103886] Writing DB stats neutron:SELECT=3 {{(pid=103886) stat_writer /opt/stack/data/venv/lib/python3.12/site-packages/dbcounter.py:115}}
Apr 02 13:03:59.463270 np0000162927 neutron-periodic-workers[103894]: DEBUG neutron.db.agents_db [None req-05c7575e-a3f5-451c-985e-203fb8a3c13d None None] Agent healthcheck: found 0 active agents {{(pid=103894) agent_health_check /opt/stack/neutron/neutron/db/agents_db.py:317}}
Apr 02 13:03:59.463845 np0000162927 neutron-periodic-workers[103894]: DEBUG oslo.service.backend._threading.loopingcall [None req-05c7575e-a3f5-451c-985e-203fb8a3c13d None None] Fixed interval looping call 'neutron.plugins.ml2.plugin.AgentDbMixin.agent_health_check' sleeping for 36.99 seconds {{(pid=103894) _run_loop /opt/stack/data/venv/lib/python3.12/site-packages/oslo_service/backend/_threading/loopingcall.py:125}}
Apr 02 13:04:09.462150 np0000162927 neutron-periodic-workers[103894]: DEBUG dbcounter [-] [103894] Writing DB stats neutron:SELECT=1 {{(pid=103894) stat_writer /opt/stack/data/venv/lib/python3.12/site-packages/dbcounter.py:115}}
Apr 02 13:04:10.463527 np0000162927 neutron-periodic-workers[103886]: DEBUG oslo.service.backend._threading.loopingcall [None req-f8f3f280-6b81-4af7-bf1c-9834451c5e84 None None] Fixed interval looping call 'neutron.plugins.ml2.plugin.DhcpAgentSchedulerDbMixin.remove_networks_from_down_agents' sleeping for 36.99 seconds {{(pid=103886) _run_loop /opt/stack/data/venv/lib/python3.12/site-packages/oslo_service/backend/_threading/loopingcall.py:125}}
Apr 02 13:04:19.492629 np0000162927 neutron-periodic-workers[103903]: DEBUG oslo.service.backend._threading.loopingcall [None req-2be76f7c-2c26-4026-9376-e467f603b95a None None] Fixed interval looping call 'neutron.db.quota.driver_nolock.DbQuotaNoLockDriver._remove_expired_reservations' sleeping for 119.99 seconds {{(pid=103903) _run_loop /opt/stack/data/venv/lib/python3.12/site-packages/oslo_service/backend/_threading/loopingcall.py:125}}
Apr 02 13:04:20.461599 np0000162927 neutron-periodic-workers[103886]: DEBUG dbcounter [-] [103886] Writing DB stats neutron:SELECT=3 {{(pid=103886) stat_writer /opt/stack/data/venv/lib/python3.12/site-packages/dbcounter.py:115}}
Apr 02 13:04:26.533271 np0000162927 neutron-periodic-workers[103913]: DEBUG dbcounter [-] [103913] Writer thread running {{(pid=103913) stat_writer /opt/stack/data/venv/lib/python3.12/site-packages/dbcounter.py:102}}
Apr 02 13:04:26.542936 np0000162927 neutron-periodic-workers[103913]: DEBUG oslo.service.backend._threading.loopingcall [None req-448cec4e-2377-4626-82e8-364e2ef5edd1 None None] Fixed interval looping call 'neutron.services.ovn_l3.plugin.L3_NAT_dbonly_mixin._clean_garbage' sleeping for 299.96 seconds {{(pid=103913) _run_loop /opt/stack/data/venv/lib/python3.12/site-packages/oslo_service/backend/_threading/loopingcall.py:125}}
Apr 02 13:04:29.491159 np0000162927 neutron-periodic-workers[103903]: DEBUG dbcounter [-] [103903] Writing DB stats neutron:DELETE=1 {{(pid=103903) stat_writer /opt/stack/data/venv/lib/python3.12/site-packages/dbcounter.py:115}}
Apr 02 13:04:36.458105 np0000162927 neutron-periodic-workers[103894]: DEBUG neutron.db.agents_db [None req-05c7575e-a3f5-451c-985e-203fb8a3c13d None None] Agent healthcheck: found 0 active agents {{(pid=103894) agent_health_check /opt/stack/neutron/neutron/db/agents_db.py:317}}
Apr 02 13:04:36.458869 np0000162927 neutron-periodic-workers[103894]: DEBUG oslo.service.backend._threading.loopingcall [None req-05c7575e-a3f5-451c-985e-203fb8a3c13d None None] Fixed interval looping call 'neutron.plugins.ml2.plugin.AgentDbMixin.agent_health_check' sleeping for 37.00 seconds {{(pid=103894) _run_loop /opt/stack/data/venv/lib/python3.12/site-packages/oslo_service/backend/_threading/loopingcall.py:125}}
Apr 02 13:04:36.534413 np0000162927 neutron-periodic-workers[103913]: DEBUG dbcounter [-] [103913] Writing DB stats neutron:SELECT=1 {{(pid=103913) stat_writer /opt/stack/data/venv/lib/python3.12/site-packages/dbcounter.py:115}}
Apr 02 13:04:46.457102 np0000162927 neutron-periodic-workers[103894]: DEBUG dbcounter [-] [103894] Writing DB stats neutron:SELECT=1 {{(pid=103894) stat_writer /opt/stack/data/venv/lib/python3.12/site-packages/dbcounter.py:115}}
Apr 02 13:04:47.463779 np0000162927 neutron-periodic-workers[103886]: DEBUG oslo.service.backend._threading.loopingcall [None req-f8f3f280-6b81-4af7-bf1c-9834451c5e84 None None] Fixed interval looping call 'neutron.plugins.ml2.plugin.DhcpAgentSchedulerDbMixin.remove_networks_from_down_agents' sleeping for 36.99 seconds {{(pid=103886) _run_loop /opt/stack/data/venv/lib/python3.12/site-packages/oslo_service/backend/_threading/loopingcall.py:125}}
Apr 02 13:04:57.462484 np0000162927 neutron-periodic-workers[103886]: DEBUG dbcounter [-] [103886] Writing DB stats neutron:SELECT=3 {{(pid=103886) stat_writer /opt/stack/data/venv/lib/python3.12/site-packages/dbcounter.py:115}}
Apr 02 13:05:13.463824 np0000162927 neutron-periodic-workers[103894]: DEBUG neutron.db.agents_db [None req-05c7575e-a3f5-451c-985e-203fb8a3c13d None None] Agent healthcheck: found 0 active agents {{(pid=103894) agent_health_check /opt/stack/neutron/neutron/db/agents_db.py:317}}
Apr 02 13:05:13.464247 np0000162927 neutron-periodic-workers[103894]: DEBUG oslo.service.backend._threading.loopingcall [None req-05c7575e-a3f5-451c-985e-203fb8a3c13d None None] Fixed interval looping call 'neutron.plugins.ml2.plugin.AgentDbMixin.agent_health_check' sleeping for 36.99 seconds {{(pid=103894) _run_loop /opt/stack/data/venv/lib/python3.12/site-packages/oslo_service/backend/_threading/loopingcall.py:125}}
Apr 02 13:05:23.462693 np0000162927 neutron-periodic-workers[103894]: DEBUG dbcounter [-] [103894] Writing DB stats neutron:SELECT=1 {{(pid=103894) stat_writer /opt/stack/data/venv/lib/python3.12/site-packages/dbcounter.py:115}}
Apr 02 13:05:24.463520 np0000162927 neutron-periodic-workers[103886]: DEBUG oslo.service.backend._threading.loopingcall [None req-f8f3f280-6b81-4af7-bf1c-9834451c5e84 None None] Fixed interval looping call 'neutron.plugins.ml2.plugin.DhcpAgentSchedulerDbMixin.remove_networks_from_down_agents' sleeping for 36.99 seconds {{(pid=103886) _run_loop /opt/stack/data/venv/lib/python3.12/site-packages/oslo_service/backend/_threading/loopingcall.py:125}}
Apr 02 13:05:34.463248 np0000162927 neutron-periodic-workers[103886]: DEBUG dbcounter [-] [103886] Writing DB stats neutron:SELECT=3 {{(pid=103886) stat_writer /opt/stack/data/venv/lib/python3.12/site-packages/dbcounter.py:115}}
Apr 02 13:05:50.459020 np0000162927 neutron-periodic-workers[103894]: DEBUG neutron.db.agents_db [None req-05c7575e-a3f5-451c-985e-203fb8a3c13d None None] Agent healthcheck: found 0 active agents {{(pid=103894) agent_health_check /opt/stack/neutron/neutron/db/agents_db.py:317}}
Apr 02 13:05:50.459647 np0000162927 neutron-periodic-workers[103894]: DEBUG oslo.service.backend._threading.loopingcall [None req-05c7575e-a3f5-451c-985e-203fb8a3c13d None None] Fixed interval looping call 'neutron.plugins.ml2.plugin.AgentDbMixin.agent_health_check' sleeping for 37.00 seconds {{(pid=103894) _run_loop /opt/stack/data/venv/lib/python3.12/site-packages/oslo_service/backend/_threading/loopingcall.py:125}}
Apr 02 13:06:00.458899 np0000162927 neutron-periodic-workers[103894]: DEBUG dbcounter [-] [103894] Writing DB stats neutron:SELECT=1 {{(pid=103894) stat_writer /opt/stack/data/venv/lib/python3.12/site-packages/dbcounter.py:115}}
Apr 02 13:06:01.463452 np0000162927 neutron-periodic-workers[103886]: DEBUG oslo.service.backend._threading.loopingcall [None req-f8f3f280-6b81-4af7-bf1c-9834451c5e84 None None] Fixed interval looping call 'neutron.plugins.ml2.plugin.DhcpAgentSchedulerDbMixin.remove_networks_from_down_agents' sleeping for 36.99 seconds {{(pid=103886) _run_loop /opt/stack/data/venv/lib/python3.12/site-packages/oslo_service/backend/_threading/loopingcall.py:125}}
Apr 02 13:06:11.461753 np0000162927 neutron-periodic-workers[103886]: DEBUG dbcounter [-] [103886] Writing DB stats neutron:SELECT=3 {{(pid=103886) stat_writer /opt/stack/data/venv/lib/python3.12/site-packages/dbcounter.py:115}}
Apr 02 13:06:19.487567 np0000162927 neutron-periodic-workers[103903]: DEBUG oslo.service.backend._threading.loopingcall [None req-2be76f7c-2c26-4026-9376-e467f603b95a None None] Fixed interval looping call 'neutron.db.quota.driver_nolock.DbQuotaNoLockDriver._remove_expired_reservations' sleeping for 120.00 seconds {{(pid=103903) _run_loop /opt/stack/data/venv/lib/python3.12/site-packages/oslo_service/backend/_threading/loopingcall.py:125}}
Apr 02 13:06:27.465130 np0000162927 neutron-periodic-workers[103894]: DEBUG neutron.db.agents_db [None req-05c7575e-a3f5-451c-985e-203fb8a3c13d None None] Agent healthcheck: found 0 active agents {{(pid=103894) agent_health_check /opt/stack/neutron/neutron/db/agents_db.py:317}}
Apr 02 13:06:27.465130 np0000162927 neutron-periodic-workers[103894]: DEBUG oslo.service.backend._threading.loopingcall [None req-05c7575e-a3f5-451c-985e-203fb8a3c13d None None] Fixed interval looping call 'neutron.plugins.ml2.plugin.AgentDbMixin.agent_health_check' sleeping for 36.99 seconds {{(pid=103894) _run_loop /opt/stack/data/venv/lib/python3.12/site-packages/oslo_service/backend/_threading/loopingcall.py:125}}
Apr 02 13:06:29.485493 np0000162927 neutron-periodic-workers[103903]: DEBUG dbcounter [-] [103903] Writing DB stats neutron:DELETE=1 {{(pid=103903) stat_writer /opt/stack/data/venv/lib/python3.12/site-packages/dbcounter.py:115}}
Apr 02 13:06:37.463087 np0000162927 neutron-periodic-workers[103894]: DEBUG dbcounter [-] [103894] Writing DB stats neutron:SELECT=1 {{(pid=103894) stat_writer /opt/stack/data/venv/lib/python3.12/site-packages/dbcounter.py:115}}
Apr 02 13:06:38.463729 np0000162927 neutron-periodic-workers[103886]: DEBUG oslo.service.backend._threading.loopingcall [None req-f8f3f280-6b81-4af7-bf1c-9834451c5e84 None None] Fixed interval looping call 'neutron.plugins.ml2.plugin.DhcpAgentSchedulerDbMixin.remove_networks_from_down_agents' sleeping for 36.99 seconds {{(pid=103886) _run_loop /opt/stack/data/venv/lib/python3.12/site-packages/oslo_service/backend/_threading/loopingcall.py:125}}
Apr 02 13:06:48.462159 np0000162927 neutron-periodic-workers[103886]: DEBUG dbcounter [-] [103886] Writing DB stats neutron:SELECT=3 {{(pid=103886) stat_writer /opt/stack/data/venv/lib/python3.12/site-packages/dbcounter.py:115}}
Apr 02 13:07:04.460644 np0000162927 neutron-periodic-workers[103894]: DEBUG neutron.db.agents_db [None req-05c7575e-a3f5-451c-985e-203fb8a3c13d None None] Agent healthcheck: found 0 active agents {{(pid=103894) agent_health_check /opt/stack/neutron/neutron/db/agents_db.py:317}}
Apr 02 13:07:04.461362 np0000162927 neutron-periodic-workers[103894]: DEBUG oslo.service.backend._threading.loopingcall [None req-05c7575e-a3f5-451c-985e-203fb8a3c13d None None] Fixed interval looping call 'neutron.plugins.ml2.plugin.AgentDbMixin.agent_health_check' sleeping for 36.99 seconds {{(pid=103894) _run_loop /opt/stack/data/venv/lib/python3.12/site-packages/oslo_service/backend/_threading/loopingcall.py:125}}
Apr 02 13:07:14.459136 np0000162927 neutron-periodic-workers[103894]: DEBUG dbcounter [-] [103894] Writing DB stats neutron:SELECT=1 {{(pid=103894) stat_writer /opt/stack/data/venv/lib/python3.12/site-packages/dbcounter.py:115}}
Apr 02 13:07:15.467317 np0000162927 neutron-periodic-workers[103886]: DEBUG oslo.service.backend._threading.loopingcall [None req-f8f3f280-6b81-4af7-bf1c-9834451c5e84 None None] Fixed interval looping call 'neutron.plugins.ml2.plugin.DhcpAgentSchedulerDbMixin.remove_networks_from_down_agents' sleeping for 36.99 seconds {{(pid=103886) _run_loop /opt/stack/data/venv/lib/python3.12/site-packages/oslo_service/backend/_threading/loopingcall.py:125}}
Apr 02 13:07:25.465336 np0000162927 neutron-periodic-workers[103886]: DEBUG dbcounter [-] [103886] Writing DB stats neutron:SELECT=3 {{(pid=103886) stat_writer /opt/stack/data/venv/lib/python3.12/site-packages/dbcounter.py:115}}
Apr 02 13:07:41.456802 np0000162927 neutron-periodic-workers[103894]: DEBUG neutron.db.agents_db [None req-05c7575e-a3f5-451c-985e-203fb8a3c13d None None] Agent healthcheck: found 0 active agents {{(pid=103894) agent_health_check /opt/stack/neutron/neutron/db/agents_db.py:317}}
Apr 02 13:07:41.457568 np0000162927 neutron-periodic-workers[103894]: DEBUG oslo.service.backend._threading.loopingcall [None req-05c7575e-a3f5-451c-985e-203fb8a3c13d None None] Fixed interval looping call 'neutron.plugins.ml2.plugin.AgentDbMixin.agent_health_check' sleeping for 36.99 seconds {{(pid=103894) _run_loop /opt/stack/data/venv/lib/python3.12/site-packages/oslo_service/backend/_threading/loopingcall.py:125}}
Apr 02 13:07:51.454482 np0000162927 neutron-periodic-workers[103894]: DEBUG dbcounter [-] [103894] Writing DB stats neutron:SELECT=1 {{(pid=103894) stat_writer /opt/stack/data/venv/lib/python3.12/site-packages/dbcounter.py:115}}
Apr 02 13:07:52.465344 np0000162927 neutron-periodic-workers[103886]: DEBUG oslo.service.backend._threading.loopingcall [None req-f8f3f280-6b81-4af7-bf1c-9834451c5e84 None None] Fixed interval looping call 'neutron.plugins.ml2.plugin.DhcpAgentSchedulerDbMixin.remove_networks_from_down_agents' sleeping for 36.99 seconds {{(pid=103886) _run_loop /opt/stack/data/venv/lib/python3.12/site-packages/oslo_service/backend/_threading/loopingcall.py:125}}
Apr 02 13:08:02.464735 np0000162927 neutron-periodic-workers[103886]: DEBUG dbcounter [-] [103886] Writing DB stats neutron:SELECT=3 {{(pid=103886) stat_writer /opt/stack/data/venv/lib/python3.12/site-packages/dbcounter.py:115}}
Apr 02 13:08:18.452656 np0000162927 neutron-periodic-workers[103894]: DEBUG neutron.db.agents_db [None req-05c7575e-a3f5-451c-985e-203fb8a3c13d None None] Agent healthcheck: found 0 active agents {{(pid=103894) agent_health_check /opt/stack/neutron/neutron/db/agents_db.py:317}}
Apr 02 13:08:18.453076 np0000162927 neutron-periodic-workers[103894]: DEBUG oslo.service.backend._threading.loopingcall [None req-05c7575e-a3f5-451c-985e-203fb8a3c13d None None] Fixed interval looping call 'neutron.plugins.ml2.plugin.AgentDbMixin.agent_health_check' sleeping for 36.99 seconds {{(pid=103894) _run_loop /opt/stack/data/venv/lib/python3.12/site-packages/oslo_service/backend/_threading/loopingcall.py:125}}
Apr 02 13:08:19.496379 np0000162927 neutron-periodic-workers[103903]: DEBUG oslo.service.backend._threading.loopingcall [None req-2be76f7c-2c26-4026-9376-e467f603b95a None None] Fixed interval looping call 'neutron.db.quota.driver_nolock.DbQuotaNoLockDriver._remove_expired_reservations' sleeping for 119.99 seconds {{(pid=103903) _run_loop /opt/stack/data/venv/lib/python3.12/site-packages/oslo_service/backend/_threading/loopingcall.py:125}}
Apr 02 13:08:28.451361 np0000162927 neutron-periodic-workers[103894]: DEBUG dbcounter [-] [103894] Writing DB stats neutron:SELECT=1 {{(pid=103894) stat_writer /opt/stack/data/venv/lib/python3.12/site-packages/dbcounter.py:115}}
Apr 02 13:08:29.466517 np0000162927 neutron-periodic-workers[103886]: DEBUG oslo.service.backend._threading.loopingcall [None req-f8f3f280-6b81-4af7-bf1c-9834451c5e84 None None] Fixed interval looping call 'neutron.plugins.ml2.plugin.DhcpAgentSchedulerDbMixin.remove_networks_from_down_agents' sleeping for 36.99 seconds {{(pid=103886) _run_loop /opt/stack/data/venv/lib/python3.12/site-packages/oslo_service/backend/_threading/loopingcall.py:125}}
Apr 02 13:08:29.493776 np0000162927 neutron-periodic-workers[103903]: DEBUG dbcounter [-] [103903] Writing DB stats neutron:DELETE=1 {{(pid=103903) stat_writer /opt/stack/data/venv/lib/python3.12/site-packages/dbcounter.py:115}}
Apr 02 13:08:39.465922 np0000162927 neutron-periodic-workers[103886]: DEBUG dbcounter [-] [103886] Writing DB stats neutron:SELECT=3 {{(pid=103886) stat_writer /opt/stack/data/venv/lib/python3.12/site-packages/dbcounter.py:115}}
Apr 02 13:08:55.450264 np0000162927 neutron-periodic-workers[103894]: DEBUG neutron.db.agents_db [None req-05c7575e-a3f5-451c-985e-203fb8a3c13d None None] Agent healthcheck: found 0 active agents {{(pid=103894) agent_health_check /opt/stack/neutron/neutron/db/agents_db.py:317}}
Apr 02 13:08:55.451072 np0000162927 neutron-periodic-workers[103894]: DEBUG oslo.service.backend._threading.loopingcall [None req-05c7575e-a3f5-451c-985e-203fb8a3c13d None None] Fixed interval looping call 'neutron.plugins.ml2.plugin.AgentDbMixin.agent_health_check' sleeping for 36.99 seconds {{(pid=103894) _run_loop /opt/stack/data/venv/lib/python3.12/site-packages/oslo_service/backend/_threading/loopingcall.py:125}}
Apr 02 13:09:05.447903 np0000162927 neutron-periodic-workers[103894]: DEBUG dbcounter [-] [103894] Writing DB stats neutron:SELECT=1 {{(pid=103894) stat_writer /opt/stack/data/venv/lib/python3.12/site-packages/dbcounter.py:115}}
Apr 02 13:09:06.470055 np0000162927 neutron-periodic-workers[103886]: DEBUG oslo.service.backend._threading.loopingcall [None req-f8f3f280-6b81-4af7-bf1c-9834451c5e84 None None] Fixed interval looping call 'neutron.plugins.ml2.plugin.DhcpAgentSchedulerDbMixin.remove_networks_from_down_agents' sleeping for 36.99 seconds {{(pid=103886) _run_loop /opt/stack/data/venv/lib/python3.12/site-packages/oslo_service/backend/_threading/loopingcall.py:125}}
Apr 02 13:09:16.468728 np0000162927 neutron-periodic-workers[103886]: DEBUG dbcounter [-] [103886] Writing DB stats neutron:SELECT=3 {{(pid=103886) stat_writer /opt/stack/data/venv/lib/python3.12/site-packages/dbcounter.py:115}}
Apr 02 13:09:26.511174 np0000162927 neutron-periodic-workers[103913]: DEBUG oslo.service.backend._threading.loopingcall [None req-448cec4e-2377-4626-82e8-364e2ef5edd1 None None] Fixed interval looping call 'neutron.services.ovn_l3.plugin.L3_NAT_dbonly_mixin._clean_garbage' sleeping for 299.99 seconds {{(pid=103913) _run_loop /opt/stack/data/venv/lib/python3.12/site-packages/oslo_service/backend/_threading/loopingcall.py:125}}
Apr 02 13:09:32.447038 np0000162927 neutron-periodic-workers[103894]: DEBUG neutron.db.agents_db [None req-05c7575e-a3f5-451c-985e-203fb8a3c13d None None] Agent healthcheck: found 0 active agents {{(pid=103894) agent_health_check /opt/stack/neutron/neutron/db/agents_db.py:317}}
Apr 02 13:09:32.447038 np0000162927 neutron-periodic-workers[103894]: DEBUG oslo.service.backend._threading.loopingcall [None req-05c7575e-a3f5-451c-985e-203fb8a3c13d None None] Fixed interval looping call 'neutron.plugins.ml2.plugin.AgentDbMixin.agent_health_check' sleeping for 36.99 seconds {{(pid=103894) _run_loop /opt/stack/data/venv/lib/python3.12/site-packages/oslo_service/backend/_threading/loopingcall.py:125}}
Apr 02 13:09:36.505944 np0000162927 neutron-periodic-workers[103913]: DEBUG dbcounter [-] [103913] Writing DB stats neutron:SELECT=1 {{(pid=103913) stat_writer /opt/stack/data/venv/lib/python3.12/site-packages/dbcounter.py:115}}
Apr 02 13:09:42.445672 np0000162927 neutron-periodic-workers[103894]: DEBUG dbcounter [-] [103894] Writing DB stats neutron:SELECT=1 {{(pid=103894) stat_writer /opt/stack/data/venv/lib/python3.12/site-packages/dbcounter.py:115}}
Apr 02 13:09:43.470005 np0000162927 neutron-periodic-workers[103886]: DEBUG oslo.service.backend._threading.loopingcall [None req-f8f3f280-6b81-4af7-bf1c-9834451c5e84 None None] Fixed interval looping call 'neutron.plugins.ml2.plugin.DhcpAgentSchedulerDbMixin.remove_networks_from_down_agents' sleeping for 36.99 seconds {{(pid=103886) _run_loop /opt/stack/data/venv/lib/python3.12/site-packages/oslo_service/backend/_threading/loopingcall.py:125}}
Apr 02 13:09:53.468883 np0000162927 neutron-periodic-workers[103886]: DEBUG dbcounter [-] [103886] Writing DB stats neutron:SELECT=3 {{(pid=103886) stat_writer /opt/stack/data/venv/lib/python3.12/site-packages/dbcounter.py:115}}
Apr 02 13:10:09.444263 np0000162927 neutron-periodic-workers[103894]: DEBUG neutron.db.agents_db [None req-05c7575e-a3f5-451c-985e-203fb8a3c13d None None] Agent healthcheck: found 0 active agents {{(pid=103894) agent_health_check /opt/stack/neutron/neutron/db/agents_db.py:317}}
Apr 02 13:10:09.445044 np0000162927 neutron-periodic-workers[103894]: DEBUG oslo.service.backend._threading.loopingcall [None req-05c7575e-a3f5-451c-985e-203fb8a3c13d None None] Fixed interval looping call 'neutron.plugins.ml2.plugin.AgentDbMixin.agent_health_check' sleeping for 36.99 seconds {{(pid=103894) _run_loop /opt/stack/data/venv/lib/python3.12/site-packages/oslo_service/backend/_threading/loopingcall.py:125}}
Apr 02 13:10:19.441683 np0000162927 neutron-periodic-workers[103894]: DEBUG dbcounter [-] [103894] Writing DB stats neutron:SELECT=1 {{(pid=103894) stat_writer /opt/stack/data/venv/lib/python3.12/site-packages/dbcounter.py:115}}
Apr 02 13:10:19.489465 np0000162927 neutron-periodic-workers[103903]: DEBUG oslo.service.backend._threading.loopingcall [None req-2be76f7c-2c26-4026-9376-e467f603b95a None None] Fixed interval looping call 'neutron.db.quota.driver_nolock.DbQuotaNoLockDriver._remove_expired_reservations' sleeping for 120.00 seconds {{(pid=103903) _run_loop /opt/stack/data/venv/lib/python3.12/site-packages/oslo_service/backend/_threading/loopingcall.py:125}}
