2026-07-02 01:34:31.656 7 INFO placement.requestlog [req-297789eb-af37-4910-846d-39a00f8abb23 req-55b42ab5-9dfa-4c98-a0c0-8a2912d16704 d56980e2196648df8ecf94319f5b39c3 434ee9d7dbcf471e93ef4f609e465605 - - 780f7346ca2d4ae0b8592eee98ec5bf0 780f7346ca2d4ae0b8592eee98ec5bf0] 199.204.45.74 "GET /allocations/9ac5074e-01a7-4be0-a14e-60e28be8f32c" status: 200 len: 257 microversion: 1.28 [pid: 7|app: 0|req: 386/770] 199.204.45.74 () {34 vars in 861 bytes} [Thu Jul 2 01:34:31 2026] GET /allocations/9ac5074e-01a7-4be0-a14e-60e28be8f32c => generated 257 bytes in 15 msecs (HTTP/1.1 200) 8 headers in 296 bytes (1 switches on core 0)
2026-07-02 01:34:32.347 8 INFO placement.requestlog [None req-690bffcf-807f-4b17-9896-4f870f544f84 - - - - - -] 10.0.0.144 "GET /" status: 200 len: 136 microversion: 1.0
2026-07-02 01:34:32.348 7 INFO placement.requestlog [None req-6271f7b4-50d4-4388-90f2-727e6c8ad3fd - - - - - -] 10.0.0.144 "GET /" status: 200 len: 136 microversion: 1.0
2026-07-02 01:34:32.544 8 INFO placement.requestlog [req-7fa38bab-905e-46e2-a559-62015f7ef9be req-87eba803-1f1e-4d61-901e-b953474bc92a d56980e2196648df8ecf94319f5b39c3 434ee9d7dbcf471e93ef4f609e465605 - - 780f7346ca2d4ae0b8592eee98ec5bf0 780f7346ca2d4ae0b8592eee98ec5bf0] 199.204.45.74 "GET /resource_providers/3a61bcbd-4e12-434f-9aac-c8b137783471/allocations" status: 200 len: 352 microversion: 1.0 [pid: 8|app: 0|req: 386/773] 199.204.45.74 () {32 vars in 855 bytes} [Thu Jul 2 01:34:32 2026] GET /resource_providers/3a61bcbd-4e12-434f-9aac-c8b137783471/allocations => generated 352 bytes in 18 msecs (HTTP/1.1 200) 6 headers in 224 bytes (1 switches on core 0)
2026-07-02 01:34:32.563 7 INFO placement.requestlog [req-7fa38bab-905e-46e2-a559-62015f7ef9be req-da89fe1e-fd96-48b7-88e9-a27c960379f2 d56980e2196648df8ecf94319f5b39c3 434ee9d7dbcf471e93ef4f609e465605 - - 780f7346ca2d4ae0b8592eee98ec5bf0 780f7346ca2d4ae0b8592eee98ec5bf0] 199.204.45.74 "GET /allocations/696428cf-257d-48fa-a6e0-8d61c847004b" status: 200 len: 257 microversion: 1.28 [pid: 7|app: 0|req: 388/774] 199.204.45.74 () {34 vars in 861 bytes} [Thu Jul 2 01:34:32 2026] GET /allocations/696428cf-257d-48fa-a6e0-8d61c847004b => generated 257 bytes in 15 msecs (HTTP/1.1 200) 8 headers in 296 bytes (1 switches on core 0)
2026-07-02 01:34:32.580 8 INFO placement.requestlog [req-7fa38bab-905e-46e2-a559-62015f7ef9be req-93372e72-6430-4456-9799-069add6d0680 d56980e2196648df8ecf94319f5b39c3 434ee9d7dbcf471e93ef4f609e465605 - - 780f7346ca2d4ae0b8592eee98ec5bf0 780f7346ca2d4ae0b8592eee98ec5bf0] 199.204.45.74 "GET /allocations/9ac5074e-01a7-4be0-a14e-60e28be8f32c" status: 200 len: 257 microversion: 1.28 [pid: 8|app: 0|req: 387/775] 199.204.45.74 () {34 vars in 861 bytes} [Thu Jul 2 01:34:32 2026] GET /allocations/9ac5074e-01a7-4be0-a14e-60e28be8f32c => generated 257 bytes in 10 msecs (HTTP/1.1 200) 8 headers in 296 bytes (1 switches on core 0)
2026-07-02 01:34:32.607 7 INFO placement.requestlog [req-7fa38bab-905e-46e2-a559-62015f7ef9be req-70ef8d1d-9dae-4bf7-9823-fcceb436608e d56980e2196648df8ecf94319f5b39c3 434ee9d7dbcf471e93ef4f609e465605 - - 780f7346ca2d4ae0b8592eee98ec5bf0 780f7346ca2d4ae0b8592eee98ec5bf0] 199.204.45.74 "GET /allocations/fadfde4f-878a-4079-9c6e-e23f505cf54e" status: 200 len: 257 microversion: 1.28 [pid: 7|app: 0|req: 389/776] 199.204.45.74 () {34 vars in 861 bytes} [Thu Jul 2 01:34:32 2026] GET /allocations/fadfde4f-878a-4079-9c6e-e23f505cf54e => generated 257 bytes in 16 msecs (HTTP/1.1 200) 8 headers in 296 bytes (1 switches on core 0)
2026-07-02 01:34:33.325 7 INFO placement.requestlog [None req-a49b70ba-2939-4423-abcc-b5b7ef8ab81a 6775f85f6e25409daef7beeb23f2d680 434ee9d7dbcf471e93ef4f609e465605 - - 780f7346ca2d4ae0b8592eee98ec5bf0 780f7346ca2d4ae0b8592eee98ec5bf0] 10.0.0.195 "GET /resource_providers/d83ea349-7980-440a-82d2-04cf817f82e5/aggregates" status: 404 len: 235 microversion: 1.1 [pid: 7|app: 0|req: 390/777] 10.0.0.195 () {32 vars in 815 bytes} [Thu Jul 2 01:34:33 2026] GET /resource_providers/d83ea349-7980-440a-82d2-04cf817f82e5/aggregates => generated 235 bytes in 12 msecs (HTTP/1.1 404) 5 headers in 202 bytes (1 switches on core 0)
2026-07-02 01:34:33.330 8 INFO placement.requestlog [None req-eaff0769-dbfb-4263-95d1-d8d0751f6a49 6775f85f6e25409daef7beeb23f2d680 434ee9d7dbcf471e93ef4f609e465605 - - 780f7346ca2d4ae0b8592eee98ec5bf0 780f7346ca2d4ae0b8592eee98ec5bf0] 10.0.0.195 "GET /resource_providers/d83ea349-7980-440a-82d2-04cf817f82e5/aggregates" status: 404 len: 235 microversion: 1.1 [pid: 8|app: 0|req: 388/778] 10.0.0.195 () {32 vars in 815 bytes} [Thu Jul 2 01:34:33 2026] GET /resource_providers/d83ea349-7980-440a-82d2-04cf817f82e5/aggregates => generated 235 bytes in 21 msecs (HTTP/1.1 404) 5 headers in 202 bytes (1 switches on core 0)
2026-07-02 01:34:33.360 8 INFO placement.requestlog [None req-7bb3c727-59ab-4e08-97ad-1f8f4a958781 6775f85f6e25409daef7beeb23f2d680 434ee9d7dbcf471e93ef4f609e465605 - - 780f7346ca2d4ae0b8592eee98ec5bf0 780f7346ca2d4ae0b8592eee98ec5bf0] 10.0.0.195 "DELETE /resource_providers/d83ea349-7980-440a-82d2-04cf817f82e5" status: 404 len: 246 microversion: 1.1 [pid: 8|app: 0|req: 389/779] 10.0.0.195 () {34 vars in 815 bytes} [Thu Jul 2 01:34:33 2026] DELETE /resource_providers/d83ea349-7980-440a-82d2-04cf817f82e5 => generated 246 bytes in 22 msecs (HTTP/1.1 404) 6 headers in 231 bytes (1 switches on core 0)
2026-07-02 01:34:33.360 7 INFO placement.requestlog [None req-1f7ee30b-e01e-4380-9945-c4943666e10e 6775f85f6e25409daef7beeb23f2d680 434ee9d7dbcf471e93ef4f609e465605 - - 780f7346ca2d4ae0b8592eee98ec5bf0 780f7346ca2d4ae0b8592eee98ec5bf0] 10.0.0.195 "DELETE /resource_providers/d83ea349-7980-440a-82d2-04cf817f82e5" status: 404 len: 246 microversion: 1.1 [pid: 7|app: 0|req: 391/780] 10.0.0.195 () {34 vars in 815 bytes} [Thu Jul 2 01:34:33 2026] DELETE /resource_providers/d83ea349-7980-440a-82d2-04cf817f82e5 => generated 246 bytes in 23 msecs (HTTP/1.1 404) 6 headers in 231 bytes (1 switches on core 0)
2026-07-02 01:34:34.690 8 INFO placement.requestlog [req-297789eb-af37-4910-846d-39a00f8abb23 req-c1f42308-1f84-4b80-9c1c-94ed11fd1487 d56980e2196648df8ecf94319f5b39c3 434ee9d7dbcf471e93ef4f609e465605 - - 780f7346ca2d4ae0b8592eee98ec5bf0 780f7346ca2d4ae0b8592eee98ec5bf0] 199.204.45.74 "GET /resource_providers/3a61bcbd-4e12-434f-9aac-c8b137783471/allocations" status: 200 len: 352 microversion: 1.0 [pid: 8|app: 0|req: 390/781] 199.204.45.74 () {32 vars in 855 bytes} [Thu Jul 2 01:34:34 2026] GET /resource_providers/3a61bcbd-4e12-434f-9aac-c8b137783471/allocations => generated 352 bytes in 19 msecs (HTTP/1.1 200) 6 headers in 224 bytes (1 switches on core 0)
2026-07-02 01:34:34.717 7 INFO placement.requestlog [req-297789eb-af37-4910-846d-39a00f8abb23 req-62df01ab-a6d7-4c2e-b575-18f8a0f78dbf d56980e2196648df8ecf94319f5b39c3 434ee9d7dbcf471e93ef4f609e465605 - - 780f7346ca2d4ae0b8592eee98ec5bf0 780f7346ca2d4ae0b8592eee98ec5bf0] 199.204.45.74 "GET /allocations/696428cf-257d-48fa-a6e0-8d61c847004b" status: 200 len: 257 microversion: 1.28 [pid: 7|app: 0|req: 392/782] 199.204.45.74 () {34 vars in 861 bytes} [Thu Jul 2 01:34:34 2026] GET /allocations/696428cf-257d-48fa-a6e0-8d61c847004b => generated 257 bytes in 23 msecs (HTTP/1.1 200) 8 headers in 296 bytes (1 switches on core 0)
2026-07-02 01:34:34.742 8 INFO placement.requestlog [req-297789eb-af37-4910-846d-39a00f8abb23 req-d23d8644-b783-4675-ad2e-dde67b7665be d56980e2196648df8ecf94319f5b39c3 434ee9d7dbcf471e93ef4f609e465605 - - 780f7346ca2d4ae0b8592eee98ec5bf0 780f7346ca2d4ae0b8592eee98ec5bf0] 199.204.45.74 "GET /allocations/9ac5074e-01a7-4be0-a14e-60e28be8f32c" status: 200 len: 257 microversion: 1.28 [pid: 8|app: 0|req: 391/783] 199.204.45.74 () {34 vars in 861 bytes} [Thu Jul 2 01:34:34 2026] GET /allocations/9ac5074e-01a7-4be0-a14e-60e28be8f32c => generated 257 bytes in 18 msecs (HTTP/1.1 200) 8 headers in 296 bytes (1 switches on core 0)
2026-07-02 01:34:34.768 7 INFO placement.requestlog [req-297789eb-af37-4910-846d-39a00f8abb23 req-35e1660c-9c0e-43e3-9b47-3c677ab5f116 d56980e2196648df8ecf94319f5b39c3 434ee9d7dbcf471e93ef4f609e465605 - - 780f7346ca2d4ae0b8592eee98ec5bf0 780f7346ca2d4ae0b8592eee98ec5bf0] 199.204.45.74 "GET /allocations/fadfde4f-878a-4079-9c6e-e23f505cf54e" status: 200 len: 257 microversion: 1.28 [pid: 7|app: 0|req: 393/784] 199.204.45.74 () {34 vars in 861 bytes} [Thu Jul 2 01:34:34 2026] GET /allocations/fadfde4f-878a-4079-9c6e-e23f505cf54e => generated 257 bytes in 13 msecs (HTTP/1.1 200) 8 headers in 296 bytes (1 switches on core 0)
2026-07-02 01:34:36.868 8 INFO placement.requestlog [req-85762fcc-7c0c-4b3a-ad4c-ab44b752643f req-39b11975-0281-478d-af17-df9b91cc9c0d d56980e2196648df8ecf94319f5b39c3 434ee9d7dbcf471e93ef4f609e465605 - - 780f7346ca2d4ae0b8592eee98ec5bf0 780f7346ca2d4ae0b8592eee98ec5bf0] 199.204.45.74 "GET /resource_providers/3a61bcbd-4e12-434f-9aac-c8b137783471/allocations" status: 200 len: 352 microversion: 1.0 [pid: 8|app: 0|req: 392/785] 199.204.45.74 () {32 vars in 855 bytes} [Thu Jul 2 01:34:36 2026] GET /resource_providers/3a61bcbd-4e12-434f-9aac-c8b137783471/allocations => generated 352 bytes in 35 msecs (HTTP/1.1 200) 6 headers in 224 bytes (1 switches on core 0)
2026-07-02 01:34:36.891 7 INFO placement.requestlog [req-85762fcc-7c0c-4b3a-ad4c-ab44b752643f req-ddfd6618-6060-4233-b09d-2359b287ed51 d56980e2196648df8ecf94319f5b39c3 434ee9d7dbcf471e93ef4f609e465605 - - 780f7346ca2d4ae0b8592eee98ec5bf0 780f7346ca2d4ae0b8592eee98ec5bf0] 199.204.45.74 "GET /resource_providers/3a61bcbd-4e12-434f-9aac-c8b137783471/allocations" status: 200 len: 352 microversion: 1.0 [pid: 7|app: 0|req: 394/786] 199.204.45.74 () {32 vars in 855 bytes} [Thu Jul 2 01:34:36 2026] GET /resource_providers/3a61bcbd-4e12-434f-9aac-c8b137783471/allocations => generated 352 bytes in 16 msecs (HTTP/1.1 200) 6 headers in 224 bytes (1 switches on core 0)
2026-07-02 01:34:36.917 8 INFO placement.requestlog [req-85762fcc-7c0c-4b3a-ad4c-ab44b752643f req-581a058f-fcdf-4f5d-a9b6-8d58487dbeb0 d56980e2196648df8ecf94319f5b39c3 434ee9d7dbcf471e93ef4f609e465605 - - 780f7346ca2d4ae0b8592eee98ec5bf0 780f7346ca2d4ae0b8592eee98ec5bf0] 199.204.45.74 "GET /allocations/696428cf-257d-48fa-a6e0-8d61c847004b" status: 200 len: 257 microversion: 1.28 [pid: 8|app: 0|req: 393/787] 199.204.45.74 () {34 vars in 861 bytes} [Thu Jul 2 01:34:36 2026] GET /allocations/696428cf-257d-48fa-a6e0-8d61c847004b => generated 257 bytes in 19 msecs (HTTP/1.1 200) 8 headers in 296 bytes (1 switches on core 0)
2026-07-02 01:34:36.933 7 INFO placement.requestlog [req-85762fcc-7c0c-4b3a-ad4c-ab44b752643f req-617d9f4c-3698-4bff-b103-c84f617280a5 d56980e2196648df8ecf94319f5b39c3 434ee9d7dbcf471e93ef4f609e465605 - - 780f7346ca2d4ae0b8592eee98ec5bf0 780f7346ca2d4ae0b8592eee98ec5bf0] 199.204.45.74 "GET /allocations/9ac5074e-01a7-4be0-a14e-60e28be8f32c" status: 200 len: 257 microversion: 1.28 [pid: 7|app: 0|req: 395/788] 199.204.45.74 () {34 vars in 861 bytes} [Thu Jul 2 01:34:36 2026] GET /allocations/9ac5074e-01a7-4be0-a14e-60e28be8f32c => generated 257 bytes in 12 msecs (HTTP/1.1 200) 8 headers in 296 bytes (1 switches on core 0)
2026-07-02 01:34:36.953 8 INFO placement.requestlog [req-85762fcc-7c0c-4b3a-ad4c-ab44b752643f req-2edb8b66-297e-4e25-9e54-5207aa062e8d d56980e2196648df8ecf94319f5b39c3 434ee9d7dbcf471e93ef4f609e465605 - - 780f7346ca2d4ae0b8592eee98ec5bf0 780f7346ca2d4ae0b8592eee98ec5bf0] 199.204.45.74 "GET /allocations/fadfde4f-878a-4079-9c6e-e23f505cf54e" status: 200 len: 257 microversion: 1.28 [pid: 8|app: 0|req: 394/789] 199.204.45.74 () {34 vars in 861 bytes} [Thu Jul 2 01:34:36 2026] GET /allocations/fadfde4f-878a-4079-9c6e-e23f505cf54e => generated 257 bytes in 15 msecs (HTTP/1.1 200) 8 headers in 296 bytes (1 switches on core 0)
2026-07-02 01:34:42.348 7 INFO placement.requestlog [None req-739db778-cd0e-4577-a5e4-2dba9eb8edcb - - - - - -] 10.0.0.144 "GET /" status: 200 len: 136 microversion: 1.0
2026-07-02 01:34:42.348 8 INFO placement.requestlog [None req-924347ba-9943-4346-9e84-ea233fb8184e - - - - - -] 10.0.0.144 "GET /" status: 200 len: 136 microversion: 1.0
2026-07-02 01:34:45.945 7 INFO placement.requestlog [None req-5053482a-3a0a-4950-bbbe-8a92a1752726 6775f85f6e25409daef7beeb23f2d680 434ee9d7dbcf471e93ef4f609e465605 - - 780f7346ca2d4ae0b8592eee98ec5bf0 780f7346ca2d4ae0b8592eee98ec5bf0] 10.0.0.195 "GET /resource_providers/3bcc9700-1c6e-4f10-8467-30e91f76eb40/aggregates" status: 404 len: 235 microversion: 1.1 [pid: 7|app: 0|req: 397/792] 10.0.0.195 () {32 vars in 815 bytes} [Thu Jul 2 01:34:45 2026] GET /resource_providers/3bcc9700-1c6e-4f10-8467-30e91f76eb40/aggregates => generated 235 bytes in 6 msecs (HTTP/1.1 404) 5 headers in 202 bytes (1 switches on core 0)
2026-07-02 01:34:45.953 8 INFO placement.requestlog [None req-9eaaf0fe-9a2c-43ce-828f-d45d494dd51a 6775f85f6e25409daef7beeb23f2d680 434ee9d7dbcf471e93ef4f609e465605 - - 780f7346ca2d4ae0b8592eee98ec5bf0 780f7346ca2d4ae0b8592eee98ec5bf0] 10.0.0.195 "GET /resource_providers/3bcc9700-1c6e-4f10-8467-30e91f76eb40/aggregates" status: 404 len: 235 microversion: 1.1 [pid: 8|app: 0|req: 396/793] 10.0.0.195 () {32 vars in 815 bytes} [Thu Jul 2 01:34:45 2026] GET /resource_providers/3bcc9700-1c6e-4f10-8467-30e91f76eb40/aggregates => generated 235 bytes in 13 msecs (HTTP/1.1 404) 5 headers in 202 bytes (1 switches on core 0)
2026-07-02 01:34:45.959 7 INFO placement.requestlog [None req-bb5f7bf7-c94f-455b-9f2c-8cb1ee215435 6775f85f6e25409daef7beeb23f2d680 434ee9d7dbcf471e93ef4f609e465605 - - 780f7346ca2d4ae0b8592eee98ec5bf0 780f7346ca2d4ae0b8592eee98ec5bf0] 10.0.0.195 "DELETE /resource_providers/3bcc9700-1c6e-4f10-8467-30e91f76eb40" status: 404 len: 246 microversion: 1.1 [pid: 7|app: 0|req: 398/794] 10.0.0.195 () {34 vars in 815 bytes} [Thu Jul 2 01:34:45 2026] DELETE /resource_providers/3bcc9700-1c6e-4f10-8467-30e91f76eb40 => generated 246 bytes in 8 msecs (HTTP/1.1 404) 6 headers in 231 bytes (1 switches on core 0)
2026-07-02 01:34:45.968 8 INFO placement.requestlog [None req-aa5ccc2a-0531-4e2e-81eb-dee97584b657 6775f85f6e25409daef7beeb23f2d680 434ee9d7dbcf471e93ef4f609e465605 - - 780f7346ca2d4ae0b8592eee98ec5bf0 780f7346ca2d4ae0b8592eee98ec5bf0] 10.0.0.195 "DELETE /resource_providers/3bcc9700-1c6e-4f10-8467-30e91f76eb40" status: 404 len: 246 microversion: 1.1 [pid: 8|app: 0|req: 397/795] 10.0.0.195 () {34 vars in 815 bytes} [Thu Jul 2 01:34:45 2026] DELETE /resource_providers/3bcc9700-1c6e-4f10-8467-30e91f76eb40 => generated 246 bytes in 9 msecs (HTTP/1.1 404) 6 headers in 231 bytes (1 switches on core 0)
2026-07-02 01:34:48.133 7 INFO placement.requestlog [req-88c2fad6-fe08-4d76-a0dc-00f544ee70fa req-7dda3e7f-3b66-490e-823a-72ad21e7ec7b d56980e2196648df8ecf94319f5b39c3 434ee9d7dbcf471e93ef4f609e465605 - - 780f7346ca2d4ae0b8592eee98ec5bf0 780f7346ca2d4ae0b8592eee98ec5bf0] 199.204.45.74 "GET /resource_providers/3a61bcbd-4e12-434f-9aac-c8b137783471/allocations" status: 200 len: 352 microversion: 1.0 [pid: 7|app: 0|req: 399/796] 199.204.45.74 () {32 vars in 855 bytes} [Thu Jul 2 01:34:48 2026] GET /resource_providers/3a61bcbd-4e12-434f-9aac-c8b137783471/allocations => generated 352 bytes in 19 msecs (HTTP/1.1 200) 6 headers in 224 bytes (1 switches on core 0)
2026-07-02 01:34:48.135 8 INFO placement.requestlog [None req-b642e974-5a2b-4349-add7-fd0b507b07bf 6775f85f6e25409daef7beeb23f2d680 434ee9d7dbcf471e93ef4f609e465605 - - 780f7346ca2d4ae0b8592eee98ec5bf0 780f7346ca2d4ae0b8592eee98ec5bf0] 10.0.0.195 "GET /resource_providers/f036b7aa-095a-4274-9ca4-910cc0fcfb71/aggregates" status: 404 len: 235 microversion: 1.1 [pid: 8|app: 0|req: 398/797] 10.0.0.195 () {32 vars in 815 bytes} [Thu Jul 2 01:34:48 2026] GET /resource_providers/f036b7aa-095a-4274-9ca4-910cc0fcfb71/aggregates => generated 235 bytes in 10 msecs (HTTP/1.1 404) 5 headers in 202 bytes (1 switches on core 0)
2026-07-02 01:34:48.142 7 INFO placement.requestlog [None req-52b2a31e-986d-46c8-ab4a-eb60cef9bdfc 6775f85f6e25409daef7beeb23f2d680 434ee9d7dbcf471e93ef4f609e465605 - - 780f7346ca2d4ae0b8592eee98ec5bf0 780f7346ca2d4ae0b8592eee98ec5bf0] 10.0.0.195 "GET /resource_providers/f036b7aa-095a-4274-9ca4-910cc0fcfb71/aggregates" status: 404 len: 235 microversion: 1.1 [pid: 7|app: 0|req: 400/798] 10.0.0.195 () {32 vars in 815 bytes} [Thu Jul 2 01:34:48 2026] GET /resource_providers/f036b7aa-095a-4274-9ca4-910cc0fcfb71/aggregates => generated 235 bytes in 9 msecs (HTTP/1.1 404) 5 headers in 202 bytes (1 switches on core 0)
2026-07-02 01:34:48.150 8 INFO placement.requestlog [req-88c2fad6-fe08-4d76-a0dc-00f544ee70fa req-f2f574c4-bbae-4f28-8734-046f1911e328 d56980e2196648df8ecf94319f5b39c3 434ee9d7dbcf471e93ef4f609e465605 - - 780f7346ca2d4ae0b8592eee98ec5bf0 780f7346ca2d4ae0b8592eee98ec5bf0] 199.204.45.74 "GET /allocations/696428cf-257d-48fa-a6e0-8d61c847004b" status: 200 len: 257 microversion: 1.28 [pid: 8|app: 0|req: 399/799] 199.204.45.74 () {34 vars in 861 bytes} [Thu Jul 2 01:34:48 2026] GET /allocations/696428cf-257d-48fa-a6e0-8d61c847004b => generated 257 bytes in 11 msecs (HTTP/1.1 200) 8 headers in 296 bytes (1 switches on core 0)
2026-07-02 01:34:48.153 7 INFO placement.requestlog [None req-d4abd0c9-965c-4d2e-85c1-22938ff2a35f 6775f85f6e25409daef7beeb23f2d680 434ee9d7dbcf471e93ef4f609e465605 - - 780f7346ca2d4ae0b8592eee98ec5bf0 780f7346ca2d4ae0b8592eee98ec5bf0] 10.0.0.195 "DELETE /resource_providers/f036b7aa-095a-4274-9ca4-910cc0fcfb71" status: 404 len: 246 microversion: 1.1 [pid: 7|app: 0|req: 401/800] 10.0.0.195 () {34 vars in 815 bytes} [Thu Jul 2 01:34:48 2026] DELETE /resource_providers/f036b7aa-095a-4274-9ca4-910cc0fcfb71 => generated 246 bytes in 9 msecs (HTTP/1.1 404) 6 headers in 231 bytes (1 switches on core 0)
2026-07-02 01:34:48.161 8 INFO placement.requestlog [None req-ee00d43f-8b6b-462d-ac70-665e9bee98b8 6775f85f6e25409daef7beeb23f2d680 434ee9d7dbcf471e93ef4f609e465605 - - 780f7346ca2d4ae0b8592eee98ec5bf0 780f7346ca2d4ae0b8592eee98ec5bf0] 10.0.0.195 "DELETE /resource_providers/f036b7aa-095a-4274-9ca4-910cc0fcfb71" status: 404 len: 246 microversion: 1.1 [pid: 8|app: 0|req: 400/801] 10.0.0.195 () {34 vars in 815 bytes} [Thu Jul 2 01:34:48 2026] DELETE /resource_providers/f036b7aa-095a-4274-9ca4-910cc0fcfb71 => generated 246 bytes in 10 msecs (HTTP/1.1 404) 6 headers in 231 bytes (1 switches on core 0)
2026-07-02 01:34:48.169 7 INFO placement.requestlog [req-88c2fad6-fe08-4d76-a0dc-00f544ee70fa req-23b6d409-a63a-4d04-b51d-9d2ef96aedbf d56980e2196648df8ecf94319f5b39c3 434ee9d7dbcf471e93ef4f609e465605 - - 780f7346ca2d4ae0b8592eee98ec5bf0 780f7346ca2d4ae0b8592eee98ec5bf0] 199.204.45.74 "GET /allocations/9ac5074e-01a7-4be0-a14e-60e28be8f32c" status: 200 len: 257 microversion: 1.28 [pid: 7|app: 0|req: 402/802] 199.204.45.74 () {34 vars in 861 bytes} [Thu Jul 2 01:34:48 2026] GET /allocations/9ac5074e-01a7-4be0-a14e-60e28be8f32c => generated 257 bytes in 15 msecs (HTTP/1.1 200) 8 headers in 296 bytes (1 switches on core 0)
2026-07-02 01:34:48.185 8 INFO placement.requestlog [req-88c2fad6-fe08-4d76-a0dc-00f544ee70fa req-d7d6d2a5-c925-44e5-b189-7819aa1aceb3 d56980e2196648df8ecf94319f5b39c3 434ee9d7dbcf471e93ef4f609e465605 - - 780f7346ca2d4ae0b8592eee98ec5bf0 780f7346ca2d4ae0b8592eee98ec5bf0] 199.204.45.74 "GET /allocations/fadfde4f-878a-4079-9c6e-e23f505cf54e" status: 200 len: 257 microversion: 1.28 [pid: 8|app: 0|req: 401/803] 199.204.45.74 () {34 vars in 861 bytes} [Thu Jul 2 01:34:48 2026] GET /allocations/fadfde4f-878a-4079-9c6e-e23f505cf54e => generated 257 bytes in 11 msecs (HTTP/1.1 200) 8 headers in 296 bytes (1 switches on core 0)
2026-07-02 01:34:49.253 7 INFO placement.requestlog [req-88c2fad6-fe08-4d76-a0dc-00f544ee70fa req-f11e6fc3-075a-4d0e-9adf-c07678fb2ba2 d56980e2196648df8ecf94319f5b39c3 434ee9d7dbcf471e93ef4f609e465605 - - 780f7346ca2d4ae0b8592eee98ec5bf0 780f7346ca2d4ae0b8592eee98ec5bf0] 199.204.45.74 "DELETE /allocations/696428cf-257d-48fa-a6e0-8d61c847004b" status: 204 len: 0 microversion: 1.0 [pid: 7|app: 0|req: 403/804] 199.204.45.74 () {34 vars in 839 bytes} [Thu Jul 2 01:34:49 2026] DELETE /allocations/696428cf-257d-48fa-a6e0-8d61c847004b => generated 0 bytes in 44 msecs (HTTP/1.1 204) 5 headers in 198 bytes (1 switches on core 0)
2026-07-02 01:34:50.171 8 INFO placement.requestlog [None req-d442a8b1-b83b-4d23-a2e1-bd2ff402df9d 6775f85f6e25409daef7beeb23f2d680 434ee9d7dbcf471e93ef4f609e465605 - - 780f7346ca2d4ae0b8592eee98ec5bf0 780f7346ca2d4ae0b8592eee98ec5bf0] 10.0.0.195 "GET /resource_providers/250ddb56-6bdc-47ab-9928-0e9ac02bd57a/aggregates" status: 404 len: 235 microversion: 1.1 [pid: 8|app: 0|req: 402/805] 10.0.0.195 () {32 vars in 815 bytes} [Thu Jul 2 01:34:50 2026] GET /resource_providers/250ddb56-6bdc-47ab-9928-0e9ac02bd57a/aggregates => generated 235 bytes in 11 msecs (HTTP/1.1 404) 5 headers in 202 bytes (1 switches on core 0)
2026-07-02 01:34:50.177 7 INFO placement.requestlog [None req-6b39037a-ceab-41fc-b412-d28a07c2bf1f 6775f85f6e25409daef7beeb23f2d680 434ee9d7dbcf471e93ef4f609e465605 - - 780f7346ca2d4ae0b8592eee98ec5bf0 780f7346ca2d4ae0b8592eee98ec5bf0] 10.0.0.195 "GET /resource_providers/250ddb56-6bdc-47ab-9928-0e9ac02bd57a/aggregates" status: 404 len: 235 microversion: 1.1 [pid: 7|app: 0|req: 404/806] 10.0.0.195 () {32 vars in 815 bytes} [Thu Jul 2 01:34:50 2026] GET /resource_providers/250ddb56-6bdc-47ab-9928-0e9ac02bd57a/aggregates => generated 235 bytes in 8 msecs (HTTP/1.1 404) 5 headers in 202 bytes (1 switches on core 0)
2026-07-02 01:34:50.190 8 INFO placement.requestlog [None req-0a967e92-bf8e-4b4c-bdda-d5dc972f2866 6775f85f6e25409daef7beeb23f2d680 434ee9d7dbcf471e93ef4f609e465605 - - 780f7346ca2d4ae0b8592eee98ec5bf0 780f7346ca2d4ae0b8592eee98ec5bf0] 10.0.0.195 "DELETE /resource_providers/250ddb56-6bdc-47ab-9928-0e9ac02bd57a" status: 404 len: 246 microversion: 1.1 [pid: 8|app: 0|req: 403/807] 10.0.0.195 () {34 vars in 815 bytes} [Thu Jul 2 01:34:50 2026] DELETE /resource_providers/250ddb56-6bdc-47ab-9928-0e9ac02bd57a => generated 246 bytes in 9 msecs (HTTP/1.1 404) 6 headers in 231 bytes (1 switches on core 0)
2026-07-02 01:34:50.200 7 INFO placement.requestlog [None req-83b427be-9f93-4997-8945-d71ec664d9fd 6775f85f6e25409daef7beeb23f2d680 434ee9d7dbcf471e93ef4f609e465605 - - 780f7346ca2d4ae0b8592eee98ec5bf0 780f7346ca2d4ae0b8592eee98ec5bf0] 10.0.0.195 "DELETE /resource_providers/250ddb56-6bdc-47ab-9928-0e9ac02bd57a" status: 404 len: 246 microversion: 1.1 [pid: 7|app: 0|req: 405/808] 10.0.0.195 () {34 vars in 815 bytes} [Thu Jul 2 01:34:50 2026] DELETE /resource_providers/250ddb56-6bdc-47ab-9928-0e9ac02bd57a => generated 246 bytes in 12 msecs (HTTP/1.1 404) 6 headers in 231 bytes (1 switches on core 0)
2026-07-02 01:34:51.555 8 INFO placement.requestlog [req-f3a475aa-6806-4b17-be53-714d3c7c07bb req-03a5b65b-45ab-4f19-8b40-8f58dc3d4417 d56980e2196648df8ecf94319f5b39c3 434ee9d7dbcf471e93ef4f609e465605 - - 780f7346ca2d4ae0b8592eee98ec5bf0 780f7346ca2d4ae0b8592eee98ec5bf0] 199.204.45.74 "GET /resource_providers/3a61bcbd-4e12-434f-9aac-c8b137783471/allocations" status: 200 len: 252 microversion: 1.0 [pid: 8|app: 0|req: 404/809] 199.204.45.74 () {32 vars in 855 bytes} [Thu Jul 2 01:34:51 2026] GET /resource_providers/3a61bcbd-4e12-434f-9aac-c8b137783471/allocations => generated 252 bytes in 19 msecs (HTTP/1.1 200) 6 headers in 224 bytes (1 switches on core 0)
2026-07-02 01:34:51.572 7 INFO placement.requestlog [req-f3a475aa-6806-4b17-be53-714d3c7c07bb req-996a7f1c-3058-4408-8d9e-f2f52a5bd11e d56980e2196648df8ecf94319f5b39c3 434ee9d7dbcf471e93ef4f609e465605 - - 780f7346ca2d4ae0b8592eee98ec5bf0 780f7346ca2d4ae0b8592eee98ec5bf0] 199.204.45.74 "GET /allocations/9ac5074e-01a7-4be0-a14e-60e28be8f32c" status: 200 len: 257 microversion: 1.28 [pid: 7|app: 0|req: 406/810] 199.204.45.74 () {34 vars in 861 bytes} [Thu Jul 2 01:34:51 2026] GET /allocations/9ac5074e-01a7-4be0-a14e-60e28be8f32c => generated 257 bytes in 11 msecs (HTTP/1.1 200) 8 headers in 296 bytes (1 switches on core 0)
2026-07-02 01:34:51.592 8 INFO placement.requestlog [req-f3a475aa-6806-4b17-be53-714d3c7c07bb req-ff16025c-53d6-4f94-8bed-828a75ba0ccd d56980e2196648df8ecf94319f5b39c3 434ee9d7dbcf471e93ef4f609e465605 - - 780f7346ca2d4ae0b8592eee98ec5bf0 780f7346ca2d4ae0b8592eee98ec5bf0] 199.204.45.74 "GET /allocations/fadfde4f-878a-4079-9c6e-e23f505cf54e" status: 200 len: 257 microversion: 1.28 [pid: 8|app: 0|req: 405/811] 199.204.45.74 () {34 vars in 861 bytes} [Thu Jul 2 01:34:51 2026] GET /allocations/fadfde4f-878a-4079-9c6e-e23f505cf54e => generated 257 bytes in 14 msecs (HTTP/1.1 200) 8 headers in 296 bytes (1 switches on core 0)
2026-07-02 01:34:52.294 7 INFO placement.requestlog [None req-c5dfce8a-c3ed-42b3-b085-809f492dd9c5 6775f85f6e25409daef7beeb23f2d680 434ee9d7dbcf471e93ef4f609e465605 - - 780f7346ca2d4ae0b8592eee98ec5bf0 780f7346ca2d4ae0b8592eee98ec5bf0] 10.0.0.195 "GET /resource_providers/46997489-b007-4ffe-935c-97cf21268fda/aggregates" status: 404 len: 235 microversion: 1.1
2026-07-02 01:34:52.294 8 INFO placement.requestlog [None req-f49eb6b3-2014-4420-87db-43819a66993d 6775f85f6e25409daef7beeb23f2d680 434ee9d7dbcf471e93ef4f609e465605 - - 780f7346ca2d4ae0b8592eee98ec5bf0 780f7346ca2d4ae0b8592eee98ec5bf0] 10.0.0.195 "GET /resource_providers/46997489-b007-4ffe-935c-97cf21268fda/aggregates" status: 404 len: 235 microversion: 1.1 [pid: 7|app: 0|req: 407/812] 10.0.0.195 () {32 vars in 815 bytes} [Thu Jul 2 01:34:52 2026] GET /resource_providers/46997489-b007-4ffe-935c-97cf21268fda/aggregates => generated 235 bytes in 12 msecs (HTTP/1.1 404) 5 headers in 202 bytes (1 switches on core 0) [pid: 8|app: 0|req: 406/813] 10.0.0.195 () {32 vars in 815 bytes} [Thu Jul 2 01:34:52 2026] GET /resource_providers/46997489-b007-4ffe-935c-97cf21268fda/aggregates => generated 235 bytes in 12 msecs (HTTP/1.1 404) 5 headers in 202 bytes (1 switches on core 0)
2026-07-02 01:34:52.319 7 INFO placement.requestlog [None req-71ca568e-3666-4560-b5e2-d61f108a9093 6775f85f6e25409daef7beeb23f2d680 434ee9d7dbcf471e93ef4f609e465605 - - 780f7346ca2d4ae0b8592eee98ec5bf0 780f7346ca2d4ae0b8592eee98ec5bf0] 10.0.0.195 "DELETE /resource_providers/46997489-b007-4ffe-935c-97cf21268fda" status: 404 len: 246 microversion: 1.1 [pid: 7|app: 0|req: 408/814] 10.0.0.195 () {34 vars in 815 bytes} [Thu Jul 2 01:34:52 2026] DELETE /resource_providers/46997489-b007-4ffe-935c-97cf21268fda => generated 246 bytes in 18 msecs (HTTP/1.1 404) 6 headers in 231 bytes (1 switches on core 0)
2026-07-02 01:34:52.320 8 INFO placement.requestlog [None req-0e56e737-5857-4ab0-b0e0-be64e3ab84c2 6775f85f6e25409daef7beeb23f2d680 434ee9d7dbcf471e93ef4f609e465605 - - 780f7346ca2d4ae0b8592eee98ec5bf0 780f7346ca2d4ae0b8592eee98ec5bf0] 10.0.0.195 "DELETE /resource_providers/46997489-b007-4ffe-935c-97cf21268fda" status: 404 len: 246 microversion: 1.1 [pid: 8|app: 0|req: 407/815] 10.0.0.195 () {34 vars in 815 bytes} [Thu Jul 2 01:34:52 2026] DELETE /resource_providers/46997489-b007-4ffe-935c-97cf21268fda => generated 246 bytes in 15 msecs (HTTP/1.1 404) 6 headers in 231 bytes (1 switches on core 0)
2026-07-02 01:34:52.347 7 INFO placement.requestlog [None req-af14534f-0d0a-4f33-8ae7-2baa8c41b97f - - - - - -] 10.0.0.144 "GET /" status: 200 len: 136 microversion: 1.0
2026-07-02 01:34:52.349 8 INFO placement.requestlog [None req-2d1c515e-5b6b-47b3-8a0a-a8d790286cd9 - - - - - -] 10.0.0.144 "GET /" status: 200 len: 136 microversion: 1.0
2026-07-02 01:34:52.655 7 INFO placement.requestlog [req-f3a475aa-6806-4b17-be53-714d3c7c07bb req-cf0a573d-f5d3-4a70-bc33-a83febd884a3 d56980e2196648df8ecf94319f5b39c3 434ee9d7dbcf471e93ef4f609e465605 - - 780f7346ca2d4ae0b8592eee98ec5bf0 780f7346ca2d4ae0b8592eee98ec5bf0] 199.204.45.74 "DELETE /allocations/9ac5074e-01a7-4be0-a14e-60e28be8f32c" status: 204 len: 0 microversion: 1.0 [pid: 7|app: 0|req: 410/818] 199.204.45.74 () {34 vars in 839 bytes} [Thu Jul 2 01:34:52 2026] DELETE /allocations/9ac5074e-01a7-4be0-a14e-60e28be8f32c => generated 0 bytes in 40 msecs (HTTP/1.1 204) 5 headers in 198 bytes (1 switches on core 0)
2026-07-02 01:34:54.758 8 INFO placement.requestlog [None req-87f0d655-a876-48b9-96e9-32f5d1f15d06 6775f85f6e25409daef7beeb23f2d680 434ee9d7dbcf471e93ef4f609e465605 - - 780f7346ca2d4ae0b8592eee98ec5bf0 780f7346ca2d4ae0b8592eee98ec5bf0] 10.0.0.195 "GET /resource_providers/6c408e7e-a391-4097-a87f-e39931152d77/aggregates" status: 404 len: 235 microversion: 1.1 [pid: 8|app: 0|req: 409/819] 10.0.0.195 () {32 vars in 815 bytes} [Thu Jul 2 01:34:54 2026] GET /resource_providers/6c408e7e-a391-4097-a87f-e39931152d77/aggregates => generated 235 bytes in 9 msecs (HTTP/1.1 404) 5 headers in 202 bytes (1 switches on core 0)
2026-07-02 01:34:54.764 7 INFO placement.requestlog [None req-e2665d39-4f17-4614-8532-fa69291a7de5 6775f85f6e25409daef7beeb23f2d680 434ee9d7dbcf471e93ef4f609e465605 - - 780f7346ca2d4ae0b8592eee98ec5bf0 780f7346ca2d4ae0b8592eee98ec5bf0] 10.0.0.195 "GET /resource_providers/6c408e7e-a391-4097-a87f-e39931152d77/aggregates" status: 404 len: 235 microversion: 1.1 [pid: 7|app: 0|req: 411/820] 10.0.0.195 () {32 vars in 815 bytes} [Thu Jul 2 01:34:54 2026] GET /resource_providers/6c408e7e-a391-4097-a87f-e39931152d77/aggregates => generated 235 bytes in 14 msecs (HTTP/1.1 404) 5 headers in 202 bytes (1 switches on core 0)
2026-07-02 01:34:54.770 8 INFO placement.requestlog [None req-a10e43c6-caac-4743-bd98-3635963dd5e5 6775f85f6e25409daef7beeb23f2d680 434ee9d7dbcf471e93ef4f609e465605 - - 780f7346ca2d4ae0b8592eee98ec5bf0 780f7346ca2d4ae0b8592eee98ec5bf0] 10.0.0.195 "DELETE /resource_providers/6c408e7e-a391-4097-a87f-e39931152d77" status: 404 len: 246 microversion: 1.1 [pid: 8|app: 0|req: 410/821] 10.0.0.195 () {34 vars in 815 bytes} [Thu Jul 2 01:34:54 2026] DELETE /resource_providers/6c408e7e-a391-4097-a87f-e39931152d77 => generated 246 bytes in 7 msecs (HTTP/1.1 404) 6 headers in 231 bytes (1 switches on core 0)
2026-07-02 01:34:54.775 7 INFO placement.requestlog [None req-790e89ed-033f-461e-bed5-6a1ecd736c33 6775f85f6e25409daef7beeb23f2d680 434ee9d7dbcf471e93ef4f609e465605 - - 780f7346ca2d4ae0b8592eee98ec5bf0 780f7346ca2d4ae0b8592eee98ec5bf0] 10.0.0.195 "DELETE /resource_providers/6c408e7e-a391-4097-a87f-e39931152d77" status: 404 len: 246 microversion: 1.1 [pid: 7|app: 0|req: 412/822] 10.0.0.195 () {34 vars in 815 bytes} [Thu Jul 2 01:34:54 2026] DELETE /resource_providers/6c408e7e-a391-4097-a87f-e39931152d77 => generated 246 bytes in 7 msecs (HTTP/1.1 404) 6 headers in 231 bytes (1 switches on core 0)
2026-07-02 01:34:56.791 8 INFO placement.requestlog [None req-774e8152-2a3b-49e1-bced-65580ca30133 6775f85f6e25409daef7beeb23f2d680 434ee9d7dbcf471e93ef4f609e465605 - - 780f7346ca2d4ae0b8592eee98ec5bf0 780f7346ca2d4ae0b8592eee98ec5bf0] 10.0.0.195 "GET /resource_providers/48cbd219-97cc-4840-930c-de972bed16a2/aggregates" status: 404 len: 235 microversion: 1.1
2026-07-02 01:34:56.791 7 INFO placement.requestlog [None req-dec77741-7428-4625-a32d-3f3079e6be80 6775f85f6e25409daef7beeb23f2d680 434ee9d7dbcf471e93ef4f609e465605 - - 780f7346ca2d4ae0b8592eee98ec5bf0 780f7346ca2d4ae0b8592eee98ec5bf0] 10.0.0.195 "GET /resource_providers/48cbd219-97cc-4840-930c-de972bed16a2/aggregates" status: 404 len: 235 microversion: 1.1 [pid: 8|app: 0|req: 411/824] 10.0.0.195 () {32 vars in 815 bytes} [Thu Jul 2 01:34:56 2026] GET /resource_providers/48cbd219-97cc-4840-930c-de972bed16a2/aggregates => generated 235 bytes in 12 msecs (HTTP/1.1 404) 5 headers in 202 bytes (1 switches on core 0) [pid: 7|app: 0|req: 413/824] 10.0.0.195 () {32 vars in 815 bytes} [Thu Jul 2 01:34:56 2026] GET /resource_providers/48cbd219-97cc-4840-930c-de972bed16a2/aggregates => generated 235 bytes in 9 msecs (HTTP/1.1 404) 5 headers in 202 bytes (1 switches on core 0)
2026-07-02 01:34:56.812 7 INFO placement.requestlog [None req-9ff4b404-a708-4684-bfa3-3eda78d23c4d 6775f85f6e25409daef7beeb23f2d680 434ee9d7dbcf471e93ef4f609e465605 - - 780f7346ca2d4ae0b8592eee98ec5bf0 780f7346ca2d4ae0b8592eee98ec5bf0] 10.0.0.195 "DELETE /resource_providers/48cbd219-97cc-4840-930c-de972bed16a2" status: 404 len: 246 microversion: 1.1 [pid: 7|app: 0|req: 414/825] 10.0.0.195 () {34 vars in 815 bytes} [Thu Jul 2 01:34:56 2026] DELETE /resource_providers/48cbd219-97cc-4840-930c-de972bed16a2 => generated 246 bytes in 10 msecs (HTTP/1.1 404) 6 headers in 231 bytes (1 switches on core 0)
2026-07-02 01:34:56.814 8 INFO placement.requestlog [None req-fdb460f9-61e7-4b2c-a2f3-87ba6787d8b0 6775f85f6e25409daef7beeb23f2d680 434ee9d7dbcf471e93ef4f609e465605 - - 780f7346ca2d4ae0b8592eee98ec5bf0 780f7346ca2d4ae0b8592eee98ec5bf0] 10.0.0.195 "DELETE /resource_providers/48cbd219-97cc-4840-930c-de972bed16a2" status: 404 len: 246 microversion: 1.1 [pid: 8|app: 0|req: 412/826] 10.0.0.195 () {34 vars in 815 bytes} [Thu Jul 2 01:34:56 2026] DELETE /resource_providers/48cbd219-97cc-4840-930c-de972bed16a2 => generated 246 bytes in 13 msecs (HTTP/1.1 404) 6 headers in 231 bytes (1 switches on core 0)
2026-07-02 01:34:58.844 8 INFO placement.requestlog [None req-e450fd66-2d42-4693-bf14-2aa8df54bcbf 6775f85f6e25409daef7beeb23f2d680 434ee9d7dbcf471e93ef4f609e465605 - - 780f7346ca2d4ae0b8592eee98ec5bf0 780f7346ca2d4ae0b8592eee98ec5bf0] 10.0.0.195 "GET /resource_providers/578eb718-7e3a-41b1-a8e2-9e1e50f4a18e/aggregates" status: 404 len: 235 microversion: 1.1 [pid: 8|app: 0|req: 413/827] 10.0.0.195 () {32 vars in 815 bytes} [Thu Jul 2 01:34:58 2026] GET /resource_providers/578eb718-7e3a-41b1-a8e2-9e1e50f4a18e/aggregates => generated 235 bytes in 12 msecs (HTTP/1.1 404) 5 headers in 202 bytes (1 switches on core 0)
2026-07-02 01:34:58.849 7 INFO placement.requestlog [None req-d75947f6-10c4-4daf-b97b-924efda049d3 6775f85f6e25409daef7beeb23f2d680 434ee9d7dbcf471e93ef4f609e465605 - - 780f7346ca2d4ae0b8592eee98ec5bf0 780f7346ca2d4ae0b8592eee98ec5bf0] 10.0.0.195 "GET /resource_providers/578eb718-7e3a-41b1-a8e2-9e1e50f4a18e/aggregates" status: 404 len: 235 microversion: 1.1 [pid: 7|app: 0|req: 415/828] 10.0.0.195 () {32 vars in 815 bytes} [Thu Jul 2 01:34:58 2026] GET /resource_providers/578eb718-7e3a-41b1-a8e2-9e1e50f4a18e/aggregates => generated 235 bytes in 18 msecs (HTTP/1.1 404) 5 headers in 202 bytes (1 switches on core 0)
2026-07-02 01:34:58.880 8 INFO placement.requestlog [None req-7ffc81be-004e-402f-95ca-b3feb9c13969 6775f85f6e25409daef7beeb23f2d680 434ee9d7dbcf471e93ef4f609e465605 - - 780f7346ca2d4ae0b8592eee98ec5bf0 780f7346ca2d4ae0b8592eee98ec5bf0] 10.0.0.195 "DELETE /resource_providers/578eb718-7e3a-41b1-a8e2-9e1e50f4a18e" status: 404 len: 246 microversion: 1.1 [pid: 8|app: 0|req: 414/829] 10.0.0.195 () {34 vars in 815 bytes} [Thu Jul 2 01:34:58 2026] DELETE /resource_providers/578eb718-7e3a-41b1-a8e2-9e1e50f4a18e => generated 246 bytes in 23 msecs (HTTP/1.1 404) 6 headers in 231 bytes (1 switches on core 0)
2026-07-02 01:34:58.881 7 INFO placement.requestlog [None req-e8e7193d-5461-45c1-8ef3-1fa96ac6124c 6775f85f6e25409daef7beeb23f2d680 434ee9d7dbcf471e93ef4f609e465605 - - 780f7346ca2d4ae0b8592eee98ec5bf0 780f7346ca2d4ae0b8592eee98ec5bf0] 10.0.0.195 "DELETE /resource_providers/578eb718-7e3a-41b1-a8e2-9e1e50f4a18e" status: 404 len: 246 microversion: 1.1 [pid: 7|app: 0|req: 416/830] 10.0.0.195 () {34 vars in 815 bytes} [Thu Jul 2 01:34:58 2026] DELETE /resource_providers/578eb718-7e3a-41b1-a8e2-9e1e50f4a18e => generated 246 bytes in 18 msecs (HTTP/1.1 404) 6 headers in 231 bytes (1 switches on core 0)
2026-07-02 01:35:01.151 8 INFO placement.requestlog [req-bce381b1-bb25-4fcf-a83d-d94ca1224797 req-f111803a-6ddb-459f-990c-439015f286e0 d56980e2196648df8ecf94319f5b39c3 434ee9d7dbcf471e93ef4f609e465605 - - 780f7346ca2d4ae0b8592eee98ec5bf0 780f7346ca2d4ae0b8592eee98ec5bf0] 10.0.0.20 "GET /allocation_candidates?limit=1000&resources=DISK_GB%3A1%2CMEMORY_MB%3A512%2CVCPU%3A1&root_required=%21COMPUTE_STATUS_DISABLED" status: 200 len: 2386 microversion: 1.36 [pid: 8|app: 0|req: 415/831] 10.0.0.20 () {34 vars in 1010 bytes} [Thu Jul 2 01:35:01 2026] GET /allocation_candidates?limit=1000&resources=DISK_GB%3A1%2CMEMORY_MB%3A512%2CVCPU%3A1&root_required=%21COMPUTE_STATUS_DISABLED => generated 2386 bytes in 59 msecs (HTTP/1.1 200) 8 headers in 297 bytes (1 switches on core 0)
2026-07-02 01:35:01.182 7 INFO placement.requestlog [req-bce381b1-bb25-4fcf-a83d-d94ca1224797 req-ba420257-7698-43b0-9b58-47e8aebc90a8 d56980e2196648df8ecf94319f5b39c3 434ee9d7dbcf471e93ef4f609e465605 - - 780f7346ca2d4ae0b8592eee98ec5bf0 780f7346ca2d4ae0b8592eee98ec5bf0] 10.0.0.20 "GET /allocations/f72de0ca-8808-424d-b002-bf3e698622d0" status: 200 len: 19 microversion: 1.28 [pid: 7|app: 0|req: 417/832] 10.0.0.20 () {34 vars in 859 bytes} [Thu Jul 2 01:35:01 2026] GET /allocations/f72de0ca-8808-424d-b002-bf3e698622d0 => generated 19 bytes in 12 msecs (HTTP/1.1 200) 8 headers in 295 bytes (1 switches on core 0)
2026-07-02 01:35:01.259 8 INFO placement.requestlog [req-bce381b1-bb25-4fcf-a83d-d94ca1224797 req-00222898-bde8-4c2a-81b1-13369a4d14c4 d56980e2196648df8ecf94319f5b39c3 434ee9d7dbcf471e93ef4f609e465605 - - 780f7346ca2d4ae0b8592eee98ec5bf0 780f7346ca2d4ae0b8592eee98ec5bf0] 10.0.0.20 "PUT /allocations/f72de0ca-8808-424d-b002-bf3e698622d0" status: 204 len: 0 microversion: 1.36 [pid: 8|app: 0|req: 416/833] 10.0.0.20 () {38 vars in 912 bytes} [Thu Jul 2 01:35:01 2026] PUT /allocations/f72de0ca-8808-424d-b002-bf3e698622d0 => generated 0 bytes in 68 msecs (HTTP/1.1 204) 5 headers in 199 bytes (1 switches on core 0)
2026-07-02 01:35:01.363 7 INFO placement.requestlog [None req-1afa3209-952c-487d-9809-eba11c36fccc 6775f85f6e25409daef7beeb23f2d680 434ee9d7dbcf471e93ef4f609e465605 - - 780f7346ca2d4ae0b8592eee98ec5bf0 780f7346ca2d4ae0b8592eee98ec5bf0] 10.0.0.195 "GET /resource_providers/2b44c562-7dec-4f79-9b0c-ccd67c06331d/aggregates" status: 404 len: 235 microversion: 1.1 [pid: 7|app: 0|req: 418/834] 10.0.0.195 () {32 vars in 815 bytes} [Thu Jul 2 01:35:01 2026] GET /resource_providers/2b44c562-7dec-4f79-9b0c-ccd67c06331d/aggregates => generated 235 bytes in 8 msecs (HTTP/1.1 404) 5 headers in 202 bytes (1 switches on core 0)
2026-07-02 01:35:01.367 8 INFO placement.requestlog [None req-fda8ffd6-6b70-4760-a268-ca4f70a5f79f 6775f85f6e25409daef7beeb23f2d680 434ee9d7dbcf471e93ef4f609e465605 - - 780f7346ca2d4ae0b8592eee98ec5bf0 780f7346ca2d4ae0b8592eee98ec5bf0] 10.0.0.195 "GET /resource_providers/2b44c562-7dec-4f79-9b0c-ccd67c06331d/aggregates" status: 404 len: 235 microversion: 1.1 [pid: 8|app: 0|req: 417/835] 10.0.0.195 () {32 vars in 815 bytes} [Thu Jul 2 01:35:01 2026] GET /resource_providers/2b44c562-7dec-4f79-9b0c-ccd67c06331d/aggregates => generated 235 bytes in 10 msecs (HTTP/1.1 404) 5 headers in 202 bytes (1 switches on core 0)
2026-07-02 01:35:01.386 7 INFO placement.requestlog [None req-43f6d074-457b-4119-8686-f10f511aab1c 6775f85f6e25409daef7beeb23f2d680 434ee9d7dbcf471e93ef4f609e465605 - - 780f7346ca2d4ae0b8592eee98ec5bf0 780f7346ca2d4ae0b8592eee98ec5bf0] 10.0.0.195 "DELETE /resource_providers/2b44c562-7dec-4f79-9b0c-ccd67c06331d" status: 404 len: 246 microversion: 1.1 [pid: 7|app: 0|req: 419/836] 10.0.0.195 () {34 vars in 815 bytes} [Thu Jul 2 01:35:01 2026] DELETE /resource_providers/2b44c562-7dec-4f79-9b0c-ccd67c06331d => generated 246 bytes in 16 msecs (HTTP/1.1 404) 6 headers in 231 bytes (1 switches on core 0)
2026-07-02 01:35:01.390 8 INFO placement.requestlog [None req-cfe81924-d442-40b0-bda9-21c8215587b2 6775f85f6e25409daef7beeb23f2d680 434ee9d7dbcf471e93ef4f609e465605 - - 780f7346ca2d4ae0b8592eee98ec5bf0 780f7346ca2d4ae0b8592eee98ec5bf0] 10.0.0.195 "DELETE /resource_providers/2b44c562-7dec-4f79-9b0c-ccd67c06331d" status: 404 len: 246 microversion: 1.1 [pid: 8|app: 0|req: 418/837] 10.0.0.195 () {34 vars in 815 bytes} [Thu Jul 2 01:35:01 2026] DELETE /resource_providers/2b44c562-7dec-4f79-9b0c-ccd67c06331d => generated 246 bytes in 15 msecs (HTTP/1.1 404) 6 headers in 231 bytes (1 switches on core 0)
2026-07-02 01:35:01.525 8 INFO placement.requestlog [None req-3c669331-ebe4-439a-9a89-75fb161904ed 6775f85f6e25409daef7beeb23f2d680 434ee9d7dbcf471e93ef4f609e465605 - - 780f7346ca2d4ae0b8592eee98ec5bf0 780f7346ca2d4ae0b8592eee98ec5bf0] 10.0.0.195 "GET /resource_providers/dbce3137-5fed-4a7b-9bc3-57690a60f390/aggregates" status: 404 len: 235 microversion: 1.1 [pid: 8|app: 0|req: 419/838] 10.0.0.195 () {32 vars in 815 bytes} [Thu Jul 2 01:35:01 2026] GET /resource_providers/dbce3137-5fed-4a7b-9bc3-57690a60f390/aggregates => generated 235 bytes in 13 msecs (HTTP/1.1 404) 5 headers in 202 bytes (1 switches on core 0)
2026-07-02 01:35:01.526 7 INFO placement.requestlog [None req-64980f32-84b1-43dc-8eff-0b84331c19bb 6775f85f6e25409daef7beeb23f2d680 434ee9d7dbcf471e93ef4f609e465605 - - 780f7346ca2d4ae0b8592eee98ec5bf0 780f7346ca2d4ae0b8592eee98ec5bf0] 10.0.0.195 "GET /resource_providers/dbce3137-5fed-4a7b-9bc3-57690a60f390/aggregates" status: 404 len: 235 microversion: 1.1 [pid: 7|app: 0|req: 420/839] 10.0.0.195 () {32 vars in 815 bytes} [Thu Jul 2 01:35:01 2026] GET /resource_providers/dbce3137-5fed-4a7b-9bc3-57690a60f390/aggregates => generated 235 bytes in 15 msecs (HTTP/1.1 404) 5 headers in 202 bytes (1 switches on core 0)
2026-07-02 01:35:01.538 8 INFO placement.requestlog [None req-1f65322b-7658-4e7e-aa1b-ed5c00f5a7d4 6775f85f6e25409daef7beeb23f2d680 434ee9d7dbcf471e93ef4f609e465605 - - 780f7346ca2d4ae0b8592eee98ec5bf0 780f7346ca2d4ae0b8592eee98ec5bf0] 10.0.0.195 "DELETE /resource_providers/dbce3137-5fed-4a7b-9bc3-57690a60f390" status: 404 len: 246 microversion: 1.1 [pid: 8|app: 0|req: 420/840] 10.0.0.195 () {34 vars in 815 bytes} [Thu Jul 2 01:35:01 2026] DELETE /resource_providers/dbce3137-5fed-4a7b-9bc3-57690a60f390 => generated 246 bytes in 8 msecs (HTTP/1.1 404) 6 headers in 231 bytes (1 switches on core 0)
2026-07-02 01:35:01.548 7 INFO placement.requestlog [None req-a5ab8019-9026-4825-bf62-86a4208cd527 6775f85f6e25409daef7beeb23f2d680 434ee9d7dbcf471e93ef4f609e465605 - - 780f7346ca2d4ae0b8592eee98ec5bf0 780f7346ca2d4ae0b8592eee98ec5bf0] 10.0.0.195 "DELETE /resource_providers/dbce3137-5fed-4a7b-9bc3-57690a60f390" status: 404 len: 246 microversion: 1.1 [pid: 7|app: 0|req: 421/841] 10.0.0.195 () {34 vars in 815 bytes} [Thu Jul 2 01:35:01 2026] DELETE /resource_providers/dbce3137-5fed-4a7b-9bc3-57690a60f390 => generated 246 bytes in 10 msecs (HTTP/1.1 404) 6 headers in 231 bytes (1 switches on core 0)
2026-07-02 01:35:02.116 8 INFO placement.requestlog [req-0bebbae5-b17a-4c6d-9b43-acef64782fb0 req-f4083661-c106-463b-a4f5-31a7dcd66ea2 d56980e2196648df8ecf94319f5b39c3 434ee9d7dbcf471e93ef4f609e465605 - - 780f7346ca2d4ae0b8592eee98ec5bf0 780f7346ca2d4ae0b8592eee98ec5bf0] 199.204.45.74 "GET /resource_providers/3a61bcbd-4e12-434f-9aac-c8b137783471/allocations" status: 200 len: 252 microversion: 1.0 [pid: 8|app: 0|req: 421/842] 199.204.45.74 () {32 vars in 855 bytes} [Thu Jul 2 01:35:02 2026] GET /resource_providers/3a61bcbd-4e12-434f-9aac-c8b137783471/allocations => generated 252 bytes in 44 msecs (HTTP/1.1 200) 6 headers in 224 bytes (1 switches on core 0)
2026-07-02 01:35:02.138 7 INFO placement.requestlog [req-0bebbae5-b17a-4c6d-9b43-acef64782fb0 req-09486bba-9fe9-4dd7-9246-122cc1a85e77 d56980e2196648df8ecf94319f5b39c3 434ee9d7dbcf471e93ef4f609e465605 - - 780f7346ca2d4ae0b8592eee98ec5bf0 780f7346ca2d4ae0b8592eee98ec5bf0] 199.204.45.74 "GET /allocations/f72de0ca-8808-424d-b002-bf3e698622d0" status: 200 len: 257 microversion: 1.28 [pid: 7|app: 0|req: 422/843] 199.204.45.74 () {34 vars in 861 bytes} [Thu Jul 2 01:35:02 2026] GET /allocations/f72de0ca-8808-424d-b002-bf3e698622d0 => generated 257 bytes in 16 msecs (HTTP/1.1 200) 8 headers in 296 bytes (1 switches on core 0)
2026-07-02 01:35:02.206 8 INFO placement.requestlog [req-0bebbae5-b17a-4c6d-9b43-acef64782fb0 req-408a8c04-81fb-4f18-a639-ea6a72997fb1 d56980e2196648df8ecf94319f5b39c3 434ee9d7dbcf471e93ef4f609e465605 - - 780f7346ca2d4ae0b8592eee98ec5bf0 780f7346ca2d4ae0b8592eee98ec5bf0] 199.204.45.74 "GET /allocations/fadfde4f-878a-4079-9c6e-e23f505cf54e" status: 200 len: 257 microversion: 1.28 [pid: 8|app: 0|req: 422/844] 199.204.45.74 () {34 vars in 861 bytes} [Thu Jul 2 01:35:02 2026] GET /allocations/fadfde4f-878a-4079-9c6e-e23f505cf54e => generated 257 bytes in 51 msecs (HTTP/1.1 200) 8 headers in 296 bytes (1 switches on core 0)
2026-07-02 01:35:02.347 8 INFO placement.requestlog [None req-83454ac0-bfbc-4698-93f5-3e435ca5f37b - - - - - -] 10.0.0.144 "GET /" status: 200 len: 136 microversion: 1.0
2026-07-02 01:35:02.347 7 INFO placement.requestlog [None req-11126fd5-4759-4417-8d44-62024994a48d - - - - - -] 10.0.0.144 "GET /" status: 200 len: 136 microversion: 1.0
2026-07-02 01:35:02.762 8 INFO placement.requestlog [req-bce381b1-bb25-4fcf-a83d-d94ca1224797 req-6f393ced-62f3-4473-a151-92fe93d4ca7d d56980e2196648df8ecf94319f5b39c3 434ee9d7dbcf471e93ef4f609e465605 - - 780f7346ca2d4ae0b8592eee98ec5bf0 780f7346ca2d4ae0b8592eee98ec5bf0] 199.204.45.74 "GET /allocations/f72de0ca-8808-424d-b002-bf3e698622d0" status: 200 len: 257 microversion: 1.28 [pid: 8|app: 0|req: 424/847] 199.204.45.74 () {34 vars in 861 bytes} [Thu Jul 2 01:35:02 2026] GET /allocations/f72de0ca-8808-424d-b002-bf3e698622d0 => generated 257 bytes in 15 msecs (HTTP/1.1 200) 8 headers in 296 bytes (1 switches on core 0)
2026-07-02 01:35:03.275 7 INFO placement.requestlog [req-0bebbae5-b17a-4c6d-9b43-acef64782fb0 req-7f5160f0-5cb5-469c-a7e5-f7a33a5ca4be d56980e2196648df8ecf94319f5b39c3 434ee9d7dbcf471e93ef4f609e465605 - - 780f7346ca2d4ae0b8592eee98ec5bf0 780f7346ca2d4ae0b8592eee98ec5bf0] 199.204.45.74 "DELETE /allocations/fadfde4f-878a-4079-9c6e-e23f505cf54e" status: 204 len: 0 microversion: 1.0 [pid: 7|app: 0|req: 424/848] 199.204.45.74 () {34 vars in 839 bytes} [Thu Jul 2 01:35:03 2026] DELETE /allocations/fadfde4f-878a-4079-9c6e-e23f505cf54e => generated 0 bytes in 42 msecs (HTTP/1.1 204) 5 headers in 198 bytes (1 switches on core 0)
2026-07-02 01:35:03.584 8 INFO placement.requestlog [None req-2b66d267-0867-41d6-bfd7-0c36e05f25b9 6775f85f6e25409daef7beeb23f2d680 434ee9d7dbcf471e93ef4f609e465605 - - 780f7346ca2d4ae0b8592eee98ec5bf0 780f7346ca2d4ae0b8592eee98ec5bf0] 10.0.0.195 "GET /resource_providers/409a7112-347a-4387-a3a8-0ce53579fc86/aggregates" status: 404 len: 235 microversion: 1.1 [pid: 8|app: 0|req: 425/849] 10.0.0.195 () {32 vars in 815 bytes} [Thu Jul 2 01:35:03 2026] GET /resource_providers/409a7112-347a-4387-a3a8-0ce53579fc86/aggregates => generated 235 bytes in 13 msecs (HTTP/1.1 404) 5 headers in 202 bytes (1 switches on core 0)
2026-07-02 01:35:03.591 7 INFO placement.requestlog [None req-0a87aabc-6ace-49bd-b8e7-77e25fa516ac 6775f85f6e25409daef7beeb23f2d680 434ee9d7dbcf471e93ef4f609e465605 - - 780f7346ca2d4ae0b8592eee98ec5bf0 780f7346ca2d4ae0b8592eee98ec5bf0] 10.0.0.195 "GET /resource_providers/409a7112-347a-4387-a3a8-0ce53579fc86/aggregates" status: 404 len: 235 microversion: 1.1 [pid: 7|app: 0|req: 425/850] 10.0.0.195 () {32 vars in 815 bytes} [Thu Jul 2 01:35:03 2026] GET /resource_providers/409a7112-347a-4387-a3a8-0ce53579fc86/aggregates => generated 235 bytes in 18 msecs (HTTP/1.1 404) 5 headers in 202 bytes (1 switches on core 0)
2026-07-02 01:35:03.604 8 INFO placement.requestlog [None req-81472c85-aabd-4166-b47f-41872ef7b747 6775f85f6e25409daef7beeb23f2d680 434ee9d7dbcf471e93ef4f609e465605 - - 780f7346ca2d4ae0b8592eee98ec5bf0 780f7346ca2d4ae0b8592eee98ec5bf0] 10.0.0.195 "DELETE /resource_providers/409a7112-347a-4387-a3a8-0ce53579fc86" status: 404 len: 246 microversion: 1.1 [pid: 8|app: 0|req: 426/851] 10.0.0.195 () {34 vars in 815 bytes} [Thu Jul 2 01:35:03 2026] DELETE /resource_providers/409a7112-347a-4387-a3a8-0ce53579fc86 => generated 246 bytes in 10 msecs (HTTP/1.1 404) 6 headers in 231 bytes (1 switches on core 0)
2026-07-02 01:35:03.611 7 INFO placement.requestlog [None req-173efe64-0a47-4b35-a41b-b438df591cfc 6775f85f6e25409daef7beeb23f2d680 434ee9d7dbcf471e93ef4f609e465605 - - 780f7346ca2d4ae0b8592eee98ec5bf0 780f7346ca2d4ae0b8592eee98ec5bf0] 10.0.0.195 "DELETE /resource_providers/409a7112-347a-4387-a3a8-0ce53579fc86" status: 404 len: 246 microversion: 1.1 [pid: 7|app: 0|req: 426/852] 10.0.0.195 () {34 vars in 815 bytes} [Thu Jul 2 01:35:03 2026] DELETE /resource_providers/409a7112-347a-4387-a3a8-0ce53579fc86 => generated 246 bytes in 12 msecs (HTTP/1.1 404) 6 headers in 231 bytes (1 switches on core 0)
2026-07-02 01:35:03.617 8 INFO placement.requestlog [None req-fb328832-4861-42fc-84fb-d5ec00d29ff1 6775f85f6e25409daef7beeb23f2d680 434ee9d7dbcf471e93ef4f609e465605 - - 780f7346ca2d4ae0b8592eee98ec5bf0 780f7346ca2d4ae0b8592eee98ec5bf0] 10.0.0.195 "GET /resource_providers/69aaafe5-19e6-470d-b7f6-402f3a5955d9/aggregates" status: 404 len: 235 microversion: 1.1 [pid: 8|app: 0|req: 427/853] 10.0.0.195 () {32 vars in 815 bytes} [Thu Jul 2 01:35:03 2026] GET /resource_providers/69aaafe5-19e6-470d-b7f6-402f3a5955d9/aggregates => generated 235 bytes in 9 msecs (HTTP/1.1 404) 5 headers in 202 bytes (1 switches on core 0)
2026-07-02 01:35:03.628 7 INFO placement.requestlog [None req-cc69d2d6-a302-4ebf-bc9f-8ae330017a77 6775f85f6e25409daef7beeb23f2d680 434ee9d7dbcf471e93ef4f609e465605 - - 780f7346ca2d4ae0b8592eee98ec5bf0 780f7346ca2d4ae0b8592eee98ec5bf0] 10.0.0.195 "GET /resource_providers/69aaafe5-19e6-470d-b7f6-402f3a5955d9/aggregates" status: 404 len: 235 microversion: 1.1 [pid: 7|app: 0|req: 427/854] 10.0.0.195 () {32 vars in 815 bytes} [Thu Jul 2 01:35:03 2026] GET /resource_providers/69aaafe5-19e6-470d-b7f6-402f3a5955d9/aggregates => generated 235 bytes in 10 msecs (HTTP/1.1 404) 5 headers in 202 bytes (1 switches on core 0)
2026-07-02 01:35:03.629 8 INFO placement.requestlog [None req-f65c4e32-4746-48d0-951f-45c5c847417c 6775f85f6e25409daef7beeb23f2d680 434ee9d7dbcf471e93ef4f609e465605 - - 780f7346ca2d4ae0b8592eee98ec5bf0 780f7346ca2d4ae0b8592eee98ec5bf0] 10.0.0.195 "DELETE /resource_providers/69aaafe5-19e6-470d-b7f6-402f3a5955d9" status: 404 len: 246 microversion: 1.1 [pid: 8|app: 0|req: 428/855] 10.0.0.195 () {34 vars in 815 bytes} [Thu Jul 2 01:35:03 2026] DELETE /resource_providers/69aaafe5-19e6-470d-b7f6-402f3a5955d9 => generated 246 bytes in 8 msecs (HTTP/1.1 404) 6 headers in 231 bytes (1 switches on core 0)
