Feb 17 20:32:23.310369 np0000156152 devstack@neutron-api.service[103560]: INFO neutron.quota.resource_registry [None req-563528a2-9e52-40a3-b0f5-d2d112d09cb0 None None] Creating instance of TrackedResource for resource:port
Feb 17 20:32:23.313048 np0000156152 devstack@neutron-api.service[103560]: DEBUG neutron.api.v2.resource_helper [None req-563528a2-9e52-40a3-b0f5-d2d112d09cb0 None None] Service L3_ROUTER_NAT assigned prefix: {{(pid=103560) build_resource_info /opt/stack/neutron/neutron/api/v2/resource_helper.py:77}}
Feb 17 20:32:23.313393 np0000156152 devstack@neutron-api.service[103560]: DEBUG neutron.api.v2.resource_helper [None req-563528a2-9e52-40a3-b0f5-d2d112d09cb0 None None] Service FLAVORS assigned prefix: {{(pid=103560) build_resource_info /opt/stack/neutron/neutron/api/v2/resource_helper.py:77}}
Feb 17 20:32:23.314306 np0000156152 devstack@neutron-api.service[103560]: DEBUG neutron.api.v2.resource_helper [None req-563528a2-9e52-40a3-b0f5-d2d112d09cb0 None None] Service L3_ROUTER_NAT assigned prefix: {{(pid=103560) build_resource_info /opt/stack/neutron/neutron/api/v2/resource_helper.py:77}}
Feb 17 20:32:23.314714 np0000156152 devstack@neutron-api.service[103560]: DEBUG neutron.api.v2.resource_helper [None req-563528a2-9e52-40a3-b0f5-d2d112d09cb0 None None] Service L3_ROUTER_NAT assigned prefix: {{(pid=103560) build_resource_info /opt/stack/neutron/neutron/api/v2/resource_helper.py:77}}
Feb 17 20:32:23.314848 np0000156152 devstack@neutron-api.service[103560]: INFO neutron.quota.resource_registry [None req-563528a2-9e52-40a3-b0f5-d2d112d09cb0 None None] Creating instance of TrackedResource for resource:router
Feb 17 20:32:23.315311 np0000156152 devstack@neutron-api.service[103560]: INFO neutron.quota.resource_registry [None req-563528a2-9e52-40a3-b0f5-d2d112d09cb0 None None] Creating instance of TrackedResource for resource:floatingip
Feb 17 20:32:23.316355 np0000156152 devstack@neutron-api.service[103560]: DEBUG neutron_lib.callbacks.manager [None req-563528a2-9e52-40a3-b0f5-d2d112d09cb0 None None] Subscribe: > rbac-policy before_create 55550000, False {{(pid=103560) subscribe /opt/stack/data/venv/lib/python3.12/site-packages/neutron_lib/callbacks/manager.py:52}}
Feb 17 20:32:23.316483 np0000156152 devstack@neutron-api.service[103560]: DEBUG neutron_lib.callbacks.manager [None req-563528a2-9e52-40a3-b0f5-d2d112d09cb0 None None] Subscribe: > rbac-policy before_update 55550000, False {{(pid=103560) subscribe /opt/stack/data/venv/lib/python3.12/site-packages/neutron_lib/callbacks/manager.py:52}}
Feb 17 20:32:23.316529 np0000156152 devstack@neutron-api.service[103560]: DEBUG neutron_lib.callbacks.manager [None req-563528a2-9e52-40a3-b0f5-d2d112d09cb0 None None] Subscribe: > rbac-policy before_delete 55550000, False {{(pid=103560) subscribe /opt/stack/data/venv/lib/python3.12/site-packages/neutron_lib/callbacks/manager.py:52}}
Feb 17 20:32:23.326543 np0000156152 devstack@neutron-api.service[103562]: DEBUG oslo_concurrency.processutils [None req-bef14c5d-b290-41b7-806e-82b0e0887ea9 None None] CMD "ovsdb-client transact ssl:199.204.45.74:6641 --timeout 180 -p /opt/stack/data/CA/int-ca/private/devstack-cert.key -c /opt/stack/data/CA/int-ca/devstack-cert.crt -C /opt/stack/data/CA/int-ca/ca-chain.pem ["OVN_Northbound", {"op": "wait", "timeout": 0, "table": "Port_Group", "where": [["name", "==", "neutron_pg_drop"]], "until": "==", "rows": []}, {"op": "insert", "table": "ACL", "row": {"action": "drop", "direction": "to-lport", "match": "outport == @neutron_pg_drop && ip", "priority": 1001}, "uuid-name": "droptoport"}, {"op": "insert", "table": "ACL", "row": {"action": "drop", "direction": "from-lport", "match": "inport == @neutron_pg_drop && ip", "priority": 1001}, "uuid-name": "dropfromport"}, {"op": "insert", "table": "Port_Group", "row": {"name": "neutron_pg_drop", "acls": ["set", [["named-uuid", "droptoport"], ["named-uuid", "dropfromport"]]]}}]" returned: 0 in 0.034s {{(pid=103562) execute /opt/stack/data/venv/lib/python3.12/site-packages/oslo_concurrency/processutils.py:396}}
Feb 17 20:32:23.327352 np0000156152 devstack@neutron-api.service[103562]: DEBUG neutron_lib.callbacks.manager [None req-bef14c5d-b290-41b7-806e-82b0e0887ea9 None None] Publish callbacks ['neutron.plugins.ml2.drivers.ovn.mech_driver.mech_driver.OVNMechanismDriver.post_fork_initialize-486906', 'neutron.services.ovn_l3.plugin.OVNL3RouterPlugin._post_fork_initialize-246409'] for process (None), after_init {{(pid=103562) _notify_loop /opt/stack/data/venv/lib/python3.12/site-packages/neutron_lib/callbacks/manager.py:184}}
Feb 17 20:32:23.327924 np0000156152 devstack@neutron-api.service[103562]: DEBUG oslo_concurrency.lockutils [None req-bef14c5d-b290-41b7-806e-82b0e0887ea9 None None] Acquiring lock "singleton_lock" {{(pid=103562) lock /opt/stack/data/venv/lib/python3.12/site-packages/oslo_concurrency/lockutils.py:390}}
Feb 17 20:32:23.328151 np0000156152 devstack@neutron-api.service[103562]: DEBUG oslo_concurrency.lockutils [None req-bef14c5d-b290-41b7-806e-82b0e0887ea9 None None] Acquired lock "singleton_lock" {{(pid=103562) lock /opt/stack/data/venv/lib/python3.12/site-packages/oslo_concurrency/lockutils.py:393}}
Feb 17 20:32:23.328616 np0000156152 devstack@neutron-api.service[103562]: DEBUG oslo_concurrency.lockutils [None req-bef14c5d-b290-41b7-806e-82b0e0887ea9 None None] Releasing lock "singleton_lock" {{(pid=103562) lock /opt/stack/data/venv/lib/python3.12/site-packages/oslo_concurrency/lockutils.py:413}}
Feb 17 20:32:23.331572 np0000156152 devstack@neutron-api.service[103562]: DEBUG neutron.plugins.ml2.drivers.ovn.mech_driver.mech_driver [None req-bef14c5d-b290-41b7-806e-82b0e0887ea9 None None] Hash Ring setup using WSGI start time 2026-02-17 20:32:16+00:00 {{(pid=103562) _init_hash_ring /opt/stack/neutron/neutron/plugins/ml2/drivers/ovn/mech_driver/mech_driver.py:401}}
Feb 17 20:32:23.412848 np0000156152 devstack@neutron-api.service[103561]: DEBUG neutron.api.extensions [None req-d559cc2c-48bf-4dd9-9eae-cce46be6f43d None None] Extended resource: default-security-group-rules {{(pid=103561) __init__ /opt/stack/neutron/neutron/api/extensions.py:156}}
Feb 17 20:32:23.413436 np0000156152 devstack@neutron-api.service[103561]: DEBUG neutron.api.extensions [None req-d559cc2c-48bf-4dd9-9eae-cce46be6f43d None None] Extended resource: security-groups {{(pid=103561) __init__ /opt/stack/neutron/neutron/api/extensions.py:156}}
Feb 17 20:32:23.414012 np0000156152 devstack@neutron-api.service[103561]: DEBUG neutron.api.extensions [None req-d559cc2c-48bf-4dd9-9eae-cce46be6f43d None None] Extended resource: security-group-rules {{(pid=103561) __init__ /opt/stack/neutron/neutron/api/extensions.py:156}}
Feb 17 20:32:23.414523 np0000156152 devstack@neutron-api.service[103561]: DEBUG neutron.api.extensions [None req-d559cc2c-48bf-4dd9-9eae-cce46be6f43d None None] Extended resource: service-providers {{(pid=103561) __init__ /opt/stack/neutron/neutron/api/extensions.py:156}}
Feb 17 20:32:23.415115 np0000156152 devstack@neutron-api.service[103561]: DEBUG neutron.api.extensions [None req-d559cc2c-48bf-4dd9-9eae-cce46be6f43d None None] Extended resource: subnetpools {{(pid=103561) __init__ /opt/stack/neutron/neutron/api/extensions.py:156}}
Feb 17 20:32:23.415767 np0000156152 devstack@neutron-api.service[103561]: DEBUG neutron.api.extensions [None req-d559cc2c-48bf-4dd9-9eae-cce46be6f43d None None] Extended resource: tags {{(pid=103561) __init__ /opt/stack/neutron/neutron/api/extensions.py:156}}
Feb 17 20:32:23.416533 np0000156152 devstack@neutron-api.service[103561]: DEBUG neutron.api.extensions [None req-d559cc2c-48bf-4dd9-9eae-cce46be6f43d None None] Extended resource: tags {{(pid=103561) __init__ /opt/stack/neutron/neutron/api/extensions.py:156}}
Feb 17 20:32:23.417347 np0000156152 devstack@neutron-api.service[103561]: DEBUG neutron.api.extensions [None req-d559cc2c-48bf-4dd9-9eae-cce46be6f43d None None] Extended resource: tags {{(pid=103561) __init__ /opt/stack/neutron/neutron/api/extensions.py:156}}
Feb 17 20:32:23.418179 np0000156152 devstack@neutron-api.service[103561]: DEBUG neutron.api.extensions [None req-d559cc2c-48bf-4dd9-9eae-cce46be6f43d None None] Extended resource: tags {{(pid=103561) __init__ /opt/stack/neutron/neutron/api/extensions.py:156}}
Feb 17 20:32:23.419186 np0000156152 devstack@neutron-api.service[103561]: DEBUG neutron.api.extensions [None req-d559cc2c-48bf-4dd9-9eae-cce46be6f43d None None] Extended resource: tags {{(pid=103561) __init__ /opt/stack/neutron/neutron/api/extensions.py:156}}
Feb 17 20:32:23.420045 np0000156152 devstack@neutron-api.service[103561]: DEBUG neutron.api.extensions [None req-d559cc2c-48bf-4dd9-9eae-cce46be6f43d None None] Extended resource: tags {{(pid=103561) __init__ /opt/stack/neutron/neutron/api/extensions.py:156}}
Feb 17 20:32:23.420661 np0000156152 devstack@neutron-api.service[103561]: DEBUG neutron.api.extensions [None req-d559cc2c-48bf-4dd9-9eae-cce46be6f43d None None] Extended resource: tags {{(pid=103561) __init__ /opt/stack/neutron/neutron/api/extensions.py:156}}
Feb 17 20:32:23.421523 np0000156152 devstack@neutron-api.service[103561]: DEBUG neutron.api.extensions [None req-d559cc2c-48bf-4dd9-9eae-cce46be6f43d None None] Extended resource: tags {{(pid=103561) __init__ /opt/stack/neutron/neutron/api/extensions.py:156}}
Feb 17 20:32:23.422274 np0000156152 devstack@neutron-api.service[103561]: DEBUG neutron.api.extensions [None req-d559cc2c-48bf-4dd9-9eae-cce46be6f43d None None] Extended resource: tags {{(pid=103561) __init__ /opt/stack/neutron/neutron/api/extensions.py:156}}
Feb 17 20:32:23.423284 np0000156152 devstack@neutron-api.service[103561]: DEBUG neutron.api.extensions [None req-d559cc2c-48bf-4dd9-9eae-cce46be6f43d None None] Extended resource: tags {{(pid=103561) __init__ /opt/stack/neutron/neutron/api/extensions.py:156}}
Feb 17 20:32:23.426476 np0000156152 devstack@neutron-api.service[103561]: WARNING keystonemiddleware.auth_token [None req-d559cc2c-48bf-4dd9-9eae-cce46be6f43d None None] AuthToken middleware is set with keystone_authtoken.service_token_roles_required set to False. This is backwards compatible but deprecated behaviour. Please set this to True.
Feb 17 20:32:23.429449 np0000156152 devstack@neutron-api.service[103561]: WARNING keystonemiddleware.auth_token [None req-d559cc2c-48bf-4dd9-9eae-cce46be6f43d None None] Configuring www_authenticate_uri to point to the public identity endpoint is required; clients may not be able to authenticate against an admin endpoint
Feb 17 20:32:23.433818 np0000156152 devstack@neutron-api.service[103561]: DEBUG neutron_lib.callbacks.manager [None req-d559cc2c-48bf-4dd9-9eae-cce46be6f43d None None] Publish callbacks ['neutron.plugins.ml2.drivers.ovn.mech_driver.mech_driver.OVNMechanismDriver.pre_fork_initialize-266644'] for process (None), before_spawn {{(pid=103561) _notify_loop /opt/stack/data/venv/lib/python3.12/site-packages/neutron_lib/callbacks/manager.py:184}}
Feb 17 20:32:23.434222 np0000156152 devstack@neutron-api.service[103561]: DEBUG oslo_concurrency.processutils [None req-d559cc2c-48bf-4dd9-9eae-cce46be6f43d None None] Running cmd (subprocess): ovsdb-client transact ssl:199.204.45.74:6641 --timeout 180 -p /opt/stack/data/CA/int-ca/private/devstack-cert.key -c /opt/stack/data/CA/int-ca/devstack-cert.crt -C /opt/stack/data/CA/int-ca/ca-chain.pem ["OVN_Northbound", {"op": "wait", "timeout": 0, "table": "Port_Group", "where": [["name", "==", "neutron_pg_drop"]], "until": "==", "rows": []}, {"op": "insert", "table": "ACL", "row": {"action": "drop", "direction": "to-lport", "match": "outport == @neutron_pg_drop && ip", "priority": 1001}, "uuid-name": "droptoport"}, {"op": "insert", "table": "ACL", "row": {"action": "drop", "direction": "from-lport", "match": "inport == @neutron_pg_drop && ip", "priority": 1001}, "uuid-name": "dropfromport"}, {"op": "insert", "table": "Port_Group", "row": {"name": "neutron_pg_drop", "acls": ["set", [["named-uuid", "droptoport"], ["named-uuid", "dropfromport"]]]}}] {{(pid=103561) execute /opt/stack/data/venv/lib/python3.12/site-packages/oslo_concurrency/processutils.py:368}}
Feb 17 20:32:23.453027 np0000156152 devstack@neutron-api.service[103560]: INFO neutron.quota.resource_registry [None req-563528a2-9e52-40a3-b0f5-d2d112d09cb0 None None] Creating instance of CountableResource for resource:rbac_policy
Feb 17 20:32:23.453798 np0000156152 devstack@neutron-api.service[103560]: INFO neutron.quota.resource_registry [None req-563528a2-9e52-40a3-b0f5-d2d112d09cb0 None None] Creating instance of TrackedResource for resource:security_group
Feb 17 20:32:23.454223 np0000156152 devstack@neutron-api.service[103560]: INFO neutron.quota.resource_registry [None req-563528a2-9e52-40a3-b0f5-d2d112d09cb0 None None] Creating instance of TrackedResource for resource:security_group_rule
Feb 17 20:32:23.454867 np0000156152 devstack@neutron-api.service[103560]: DEBUG neutron.api.v2.resource_helper [None req-563528a2-9e52-40a3-b0f5-d2d112d09cb0 None None] Service CORE assigned prefix: {{(pid=103560) build_resource_info /opt/stack/neutron/neutron/api/v2/resource_helper.py:77}}
Feb 17 20:32:23.455024 np0000156152 devstack@neutron-api.service[103560]: INFO neutron.quota.resource_registry [None req-563528a2-9e52-40a3-b0f5-d2d112d09cb0 None None] Creating instance of TrackedResource for resource:subnetpool
Feb 17 20:32:23.455175 np0000156152 devstack@neutron-api.service[103560]: WARNING neutron.quota.resource_registry [None req-563528a2-9e52-40a3-b0f5-d2d112d09cb0 None None] subnetpool is already registered
Feb 17 20:32:23.457331 np0000156152 devstack@neutron-api.service[103560]: DEBUG neutron.api.v2.resource_helper [None req-563528a2-9e52-40a3-b0f5-d2d112d09cb0 None None] Service L3_ROUTER_NAT assigned prefix: {{(pid=103560) build_resource_info /opt/stack/neutron/neutron/api/v2/resource_helper.py:77}}
Feb 17 20:32:23.457756 np0000156152 devstack@neutron-api.service[103560]: DEBUG neutron.api.v2.resource_helper [None req-563528a2-9e52-40a3-b0f5-d2d112d09cb0 None None] Service FLAVORS assigned prefix: {{(pid=103560) build_resource_info /opt/stack/neutron/neutron/api/v2/resource_helper.py:77}}
Feb 17 20:32:23.458615 np0000156152 devstack@neutron-api.service[103560]: DEBUG neutron.api.v2.resource_helper [None req-563528a2-9e52-40a3-b0f5-d2d112d09cb0 None None] Service L3_ROUTER_NAT assigned prefix: {{(pid=103560) build_resource_info /opt/stack/neutron/neutron/api/v2/resource_helper.py:77}}
Feb 17 20:32:23.458963 np0000156152 devstack@neutron-api.service[103560]: DEBUG neutron.api.v2.resource_helper [None req-563528a2-9e52-40a3-b0f5-d2d112d09cb0 None None] Service L3_ROUTER_NAT assigned prefix: {{(pid=103560) build_resource_info /opt/stack/neutron/neutron/api/v2/resource_helper.py:77}}
Feb 17 20:32:23.459104 np0000156152 devstack@neutron-api.service[103560]: INFO neutron.quota.resource_registry [None req-563528a2-9e52-40a3-b0f5-d2d112d09cb0 None None] Creating instance of TrackedResource for resource:router
Feb 17 20:32:23.459338 np0000156152 devstack@neutron-api.service[103560]: WARNING neutron.quota.resource_registry [None req-563528a2-9e52-40a3-b0f5-d2d112d09cb0 None None] router is already registered
Feb 17 20:32:23.459756 np0000156152 devstack@neutron-api.service[103560]: INFO neutron.quota.resource_registry [None req-563528a2-9e52-40a3-b0f5-d2d112d09cb0 None None] Creating instance of TrackedResource for resource:floatingip
Feb 17 20:32:23.459840 np0000156152 devstack@neutron-api.service[103560]: WARNING neutron.quota.resource_registry [None req-563528a2-9e52-40a3-b0f5-d2d112d09cb0 None None] floatingip is already registered
Feb 17 20:32:23.460794 np0000156152 devstack@neutron-api.service[103560]: INFO neutron.quota.resource_registry [None req-563528a2-9e52-40a3-b0f5-d2d112d09cb0 None None] Creating instance of CountableResource for resource:rbac_policy
Feb 17 20:32:23.461062 np0000156152 devstack@neutron-api.service[103560]: WARNING neutron.quota.resource_registry [None req-563528a2-9e52-40a3-b0f5-d2d112d09cb0 None None] rbac_policy is already registered
Feb 17 20:32:23.461411 np0000156152 devstack@neutron-api.service[103560]: INFO neutron.quota.resource_registry [None req-563528a2-9e52-40a3-b0f5-d2d112d09cb0 None None] Creating instance of TrackedResource for resource:security_group
Feb 17 20:32:23.461524 np0000156152 devstack@neutron-api.service[103560]: WARNING neutron.quota.resource_registry [None req-563528a2-9e52-40a3-b0f5-d2d112d09cb0 None None] security_group is already registered
Feb 17 20:32:23.461885 np0000156152 devstack@neutron-api.service[103560]: INFO neutron.quota.resource_registry [None req-563528a2-9e52-40a3-b0f5-d2d112d09cb0 None None] Creating instance of TrackedResource for resource:security_group_rule
Feb 17 20:32:23.462020 np0000156152 devstack@neutron-api.service[103560]: WARNING neutron.quota.resource_registry [None req-563528a2-9e52-40a3-b0f5-d2d112d09cb0 None None] security_group_rule is already registered
Feb 17 20:32:23.462513 np0000156152 devstack@neutron-api.service[103560]: DEBUG neutron.api.v2.resource_helper [None req-563528a2-9e52-40a3-b0f5-d2d112d09cb0 None None] Service CORE assigned prefix: {{(pid=103560) build_resource_info /opt/stack/neutron/neutron/api/v2/resource_helper.py:77}}
Feb 17 20:32:23.462651 np0000156152 devstack@neutron-api.service[103560]: INFO neutron.quota.resource_registry [None req-563528a2-9e52-40a3-b0f5-d2d112d09cb0 None None] Creating instance of TrackedResource for resource:subnetpool
Feb 17 20:32:23.462769 np0000156152 devstack@neutron-api.service[103560]: WARNING neutron.quota.resource_registry [None req-563528a2-9e52-40a3-b0f5-d2d112d09cb0 None None] subnetpool is already registered
Feb 17 20:32:23.463155 np0000156152 devstack@neutron-api.service[103560]: DEBUG neutron.api.extensions [None req-563528a2-9e52-40a3-b0f5-d2d112d09cb0 None None] Extended resource: extensions {{(pid=103560) __init__ /opt/stack/neutron/neutron/api/extensions.py:156}}
Feb 17 20:32:23.463959 np0000156152 devstack@neutron-api.service[103560]: DEBUG neutron.api.extensions [None req-563528a2-9e52-40a3-b0f5-d2d112d09cb0 None None] Extended resource: address-groups {{(pid=103560) __init__ /opt/stack/neutron/neutron/api/extensions.py:156}}
Feb 17 20:32:23.464631 np0000156152 devstack@neutron-api.service[103560]: DEBUG neutron.api.extensions [None req-563528a2-9e52-40a3-b0f5-d2d112d09cb0 None None] Extended resource: address-scopes {{(pid=103560) __init__ /opt/stack/neutron/neutron/api/extensions.py:156}}
Feb 17 20:32:23.465167 np0000156152 devstack@neutron-api.service[103560]: DEBUG neutron.api.extensions [None req-563528a2-9e52-40a3-b0f5-d2d112d09cb0 None None] Extended resource: agents {{(pid=103560) __init__ /opt/stack/neutron/neutron/api/extensions.py:156}}
Feb 17 20:32:23.465718 np0000156152 devstack@neutron-api.service[103560]: DEBUG neutron.api.extensions [None req-563528a2-9e52-40a3-b0f5-d2d112d09cb0 None None] Extended resource: auto-allocated-topology {{(pid=103560) __init__ /opt/stack/neutron/neutron/api/extensions.py:156}}
Feb 17 20:32:23.466282 np0000156152 devstack@neutron-api.service[103560]: DEBUG neutron.api.extensions [None req-563528a2-9e52-40a3-b0f5-d2d112d09cb0 None None] Extended resource: availability_zones {{(pid=103560) __init__ /opt/stack/neutron/neutron/api/extensions.py:156}}
Feb 17 20:32:23.466799 np0000156152 devstack@neutron-api.service[103560]: DEBUG neutron.api.extensions [None req-563528a2-9e52-40a3-b0f5-d2d112d09cb0 None None] Extended resource: dhcp-networks {{(pid=103560) __init__ /opt/stack/neutron/neutron/api/extensions.py:156}}
Feb 17 20:32:23.467431 np0000156152 devstack@neutron-api.service[103560]: DEBUG neutron.api.extensions [None req-563528a2-9e52-40a3-b0f5-d2d112d09cb0 None None] Extended resource: dhcp-agents {{(pid=103560) __init__ /opt/stack/neutron/neutron/api/extensions.py:156}}
Feb 17 20:32:23.468122 np0000156152 devstack@neutron-api.service[103560]: DEBUG neutron.api.extensions [None req-563528a2-9e52-40a3-b0f5-d2d112d09cb0 None None] Extended resource: routers {{(pid=103560) __init__ /opt/stack/neutron/neutron/api/extensions.py:156}}
Feb 17 20:32:23.469377 np0000156152 devstack@neutron-api.service[103560]: DEBUG neutron.api.extensions [None req-563528a2-9e52-40a3-b0f5-d2d112d09cb0 None None] Extended resource: flavors {{(pid=103560) __init__ /opt/stack/neutron/neutron/api/extensions.py:156}}
Feb 17 20:32:23.470293 np0000156152 devstack@neutron-api.service[103560]: DEBUG neutron.api.extensions [None req-563528a2-9e52-40a3-b0f5-d2d112d09cb0 None None] Extended resource: service_profiles {{(pid=103560) __init__ /opt/stack/neutron/neutron/api/extensions.py:156}}
Feb 17 20:32:23.471009 np0000156152 devstack@neutron-api.service[103560]: DEBUG neutron.api.extensions [None req-563528a2-9e52-40a3-b0f5-d2d112d09cb0 None None] Extended resource: next_providers {{(pid=103560) __init__ /opt/stack/neutron/neutron/api/extensions.py:156}}
Feb 17 20:32:23.472161 np0000156152 devstack@neutron-api.service[103560]: DEBUG neutron.api.extensions [None req-563528a2-9e52-40a3-b0f5-d2d112d09cb0 None None] Extended resource: service_profiles {{(pid=103560) __init__ /opt/stack/neutron/neutron/api/extensions.py:156}}
Feb 17 20:32:23.473199 np0000156152 devstack@neutron-api.service[103560]: DEBUG neutron.api.extensions [None req-563528a2-9e52-40a3-b0f5-d2d112d09cb0 None None] Extended resource: floatingip-pools {{(pid=103560) __init__ /opt/stack/neutron/neutron/api/extensions.py:156}}
Feb 17 20:32:23.473883 np0000156152 devstack@neutron-api.service[103560]: DEBUG neutron.api.extensions [None req-563528a2-9e52-40a3-b0f5-d2d112d09cb0 None None] Extended resource: routers {{(pid=103560) __init__ /opt/stack/neutron/neutron/api/extensions.py:156}}
Feb 17 20:32:23.476003 np0000156152 devstack@neutron-api.service[103560]: DEBUG neutron.api.extensions [None req-563528a2-9e52-40a3-b0f5-d2d112d09cb0 None None] Extended resource: floatingips {{(pid=103560) __init__ /opt/stack/neutron/neutron/api/extensions.py:156}}
Feb 17 20:32:23.476003 np0000156152 devstack@neutron-api.service[103560]: DEBUG neutron.api.extensions [None req-563528a2-9e52-40a3-b0f5-d2d112d09cb0 None None] Extended resource: network-ip-availabilities {{(pid=103560) __init__ /opt/stack/neutron/neutron/api/extensions.py:156}}
Feb 17 20:32:23.476244 np0000156152 devstack@neutron-api.service[103560]: DEBUG neutron.api.extensions [None req-563528a2-9e52-40a3-b0f5-d2d112d09cb0 None None] Extended resource: network-ip-availabilities {{(pid=103560) __init__ /opt/stack/neutron/neutron/api/extensions.py:156}}
Feb 17 20:32:23.476560 np0000156152 devstack@neutron-api.service[103561]: DEBUG oslo_concurrency.processutils [None req-d559cc2c-48bf-4dd9-9eae-cce46be6f43d None None] CMD "ovsdb-client transact ssl:199.204.45.74:6641 --timeout 180 -p /opt/stack/data/CA/int-ca/private/devstack-cert.key -c /opt/stack/data/CA/int-ca/devstack-cert.crt -C /opt/stack/data/CA/int-ca/ca-chain.pem ["OVN_Northbound", {"op": "wait", "timeout": 0, "table": "Port_Group", "where": [["name", "==", "neutron_pg_drop"]], "until": "==", "rows": []}, {"op": "insert", "table": "ACL", "row": {"action": "drop", "direction": "to-lport", "match": "outport == @neutron_pg_drop && ip", "priority": 1001}, "uuid-name": "droptoport"}, {"op": "insert", "table": "ACL", "row": {"action": "drop", "direction": "from-lport", "match": "inport == @neutron_pg_drop && ip", "priority": 1001}, "uuid-name": "dropfromport"}, {"op": "insert", "table": "Port_Group", "row": {"name": "neutron_pg_drop", "acls": ["set", [["named-uuid", "droptoport"], ["named-uuid", "dropfromport"]]]}}]" returned: 0 in 0.042s {{(pid=103561) execute /opt/stack/data/venv/lib/python3.12/site-packages/oslo_concurrency/processutils.py:396}}
Feb 17 20:32:23.476843 np0000156152 devstack@neutron-api.service[103560]: DEBUG neutron.api.extensions [None req-563528a2-9e52-40a3-b0f5-d2d112d09cb0 None None] Extended resource: bindings {{(pid=103560) __init__ /opt/stack/neutron/neutron/api/extensions.py:156}}
Feb 17 20:32:23.477253 np0000156152 devstack@neutron-api.service[103561]: DEBUG neutron_lib.callbacks.manager [None req-d559cc2c-48bf-4dd9-9eae-cce46be6f43d None None] Publish callbacks ['neutron.plugins.ml2.drivers.ovn.mech_driver.mech_driver.OVNMechanismDriver.post_fork_initialize-266668', 'neutron.services.ovn_l3.plugin.OVNL3RouterPlugin._post_fork_initialize-2776'] for process (None), after_init {{(pid=103561) _notify_loop /opt/stack/data/venv/lib/python3.12/site-packages/neutron_lib/callbacks/manager.py:184}}
Feb 17 20:32:23.477926 np0000156152 devstack@neutron-api.service[103561]: DEBUG oslo_concurrency.lockutils [None req-d559cc2c-48bf-4dd9-9eae-cce46be6f43d None None] Acquiring lock "singleton_lock" {{(pid=103561) lock /opt/stack/data/venv/lib/python3.12/site-packages/oslo_concurrency/lockutils.py:390}}
Feb 17 20:32:23.478416 np0000156152 devstack@neutron-api.service[103561]: DEBUG oslo_concurrency.lockutils [None req-d559cc2c-48bf-4dd9-9eae-cce46be6f43d None None] Acquired lock "singleton_lock" {{(pid=103561) lock /opt/stack/data/venv/lib/python3.12/site-packages/oslo_concurrency/lockutils.py:393}}
Feb 17 20:32:23.478476 np0000156152 devstack@neutron-api.service[103560]: DEBUG neutron.api.extensions [None req-563528a2-9e52-40a3-b0f5-d2d112d09cb0 None None] Extended resource: quotas {{(pid=103560) __init__ /opt/stack/neutron/neutron/api/extensions.py:156}}
Feb 17 20:32:23.478872 np0000156152 devstack@neutron-api.service[103561]: DEBUG oslo_concurrency.lockutils [None req-d559cc2c-48bf-4dd9-9eae-cce46be6f43d None None] Releasing lock "singleton_lock" {{(pid=103561) lock /opt/stack/data/venv/lib/python3.12/site-packages/oslo_concurrency/lockutils.py:413}}
Feb 17 20:32:23.479618 np0000156152 devstack@neutron-api.service[103560]: DEBUG neutron.api.extensions [None req-563528a2-9e52-40a3-b0f5-d2d112d09cb0 None None] Extended resource: quotas {{(pid=103560) __init__ /opt/stack/neutron/neutron/api/extensions.py:156}}
Feb 17 20:32:23.480839 np0000156152 devstack@neutron-api.service[103560]: DEBUG neutron.api.extensions [None req-563528a2-9e52-40a3-b0f5-d2d112d09cb0 None None] Extended resource: rbac-policies {{(pid=103560) __init__ /opt/stack/neutron/neutron/api/extensions.py:156}}
Feb 17 20:32:23.481518 np0000156152 devstack@neutron-api.service[103560]: DEBUG neutron.api.extensions [None req-563528a2-9e52-40a3-b0f5-d2d112d09cb0 None None] Extended resource: default-security-group-rules {{(pid=103560) __init__ /opt/stack/neutron/neutron/api/extensions.py:156}}
Feb 17 20:32:23.481970 np0000156152 devstack@neutron-api.service[103561]: DEBUG neutron.plugins.ml2.drivers.ovn.mech_driver.mech_driver [None req-d559cc2c-48bf-4dd9-9eae-cce46be6f43d None None] Hash Ring setup using WSGI start time 2026-02-17 20:32:16+00:00 {{(pid=103561) _init_hash_ring /opt/stack/neutron/neutron/plugins/ml2/drivers/ovn/mech_driver/mech_driver.py:401}}
Feb 17 20:32:23.482368 np0000156152 devstack@neutron-api.service[103560]: DEBUG neutron.api.extensions [None req-563528a2-9e52-40a3-b0f5-d2d112d09cb0 None None] Extended resource: security-groups {{(pid=103560) __init__ /opt/stack/neutron/neutron/api/extensions.py:156}}
Feb 17 20:32:23.482681 np0000156152 devstack@neutron-api.service[103560]: DEBUG neutron.api.extensions [None req-563528a2-9e52-40a3-b0f5-d2d112d09cb0 None None] Extended resource: security-group-rules {{(pid=103560) __init__ /opt/stack/neutron/neutron/api/extensions.py:156}}
Feb 17 20:32:23.483345 np0000156152 devstack@neutron-api.service[103560]: DEBUG neutron.api.extensions [None req-563528a2-9e52-40a3-b0f5-d2d112d09cb0 None None] Extended resource: service-providers {{(pid=103560) __init__ /opt/stack/neutron/neutron/api/extensions.py:156}}
Feb 17 20:32:23.483921 np0000156152 devstack@neutron-api.service[103560]: DEBUG neutron.api.extensions [None req-563528a2-9e52-40a3-b0f5-d2d112d09cb0 None None] Extended resource: subnetpools {{(pid=103560) __init__ /opt/stack/neutron/neutron/api/extensions.py:156}}
Feb 17 20:32:23.484628 np0000156152 devstack@neutron-api.service[103560]: DEBUG neutron.api.extensions [None req-563528a2-9e52-40a3-b0f5-d2d112d09cb0 None None] Extended resource: tags {{(pid=103560) __init__ /opt/stack/neutron/neutron/api/extensions.py:156}}
Feb 17 20:32:23.485838 np0000156152 devstack@neutron-api.service[103562]: INFO neutron.db.ovn_hash_ring_db [None req-bef14c5d-b290-41b7-806e-82b0e0887ea9 None None] Nodes from host "np0000156152" and group "mechanism_driver" removed from the Hash Ring created at 2026-02-17 20:32:16+00:00
Feb 17 20:32:23.485909 np0000156152 devstack@neutron-api.service[103560]: DEBUG neutron.api.extensions [None req-563528a2-9e52-40a3-b0f5-d2d112d09cb0 None None] Extended resource: tags {{(pid=103560) __init__ /opt/stack/neutron/neutron/api/extensions.py:156}}
Feb 17 20:32:23.487423 np0000156152 devstack@neutron-api.service[103560]: DEBUG neutron.api.extensions [None req-563528a2-9e52-40a3-b0f5-d2d112d09cb0 None None] Extended resource: tags {{(pid=103560) __init__ /opt/stack/neutron/neutron/api/extensions.py:156}}
Feb 17 20:32:23.488234 np0000156152 devstack@neutron-api.service[103560]: DEBUG neutron.api.extensions [None req-563528a2-9e52-40a3-b0f5-d2d112d09cb0 None None] Extended resource: tags {{(pid=103560) __init__ /opt/stack/neutron/neutron/api/extensions.py:156}}
Feb 17 20:32:23.489127 np0000156152 devstack@neutron-api.service[103560]: DEBUG neutron.api.extensions [None req-563528a2-9e52-40a3-b0f5-d2d112d09cb0 None None] Extended resource: tags {{(pid=103560) __init__ /opt/stack/neutron/neutron/api/extensions.py:156}}
Feb 17 20:32:23.489474 np0000156152 devstack@neutron-api.service[103562]: INFO neutron.db.ovn_hash_ring_db [None req-bef14c5d-b290-41b7-806e-82b0e0887ea9 None None] Node ebf3a9f96a93581d90ff64470f8d2274 from host "np0000156152" and group "mechanism_driver" added to the Hash Ring
Feb 17 20:32:23.491390 np0000156152 devstack@neutron-api.service[103560]: DEBUG neutron.api.extensions [None req-563528a2-9e52-40a3-b0f5-d2d112d09cb0 None None] Extended resource: tags {{(pid=103560) __init__ /opt/stack/neutron/neutron/api/extensions.py:156}}
Feb 17 20:32:23.492025 np0000156152 devstack@neutron-api.service[103562]: DEBUG neutron.plugins.ml2.drivers.ovn.mech_driver.mech_driver [None req-bef14c5d-b290-41b7-806e-82b0e0887ea9 None None] Hash Ring setup, this worker has detected 2 OVN hash ring registers in the database {{(pid=103562) _init_hash_ring /opt/stack/neutron/neutron/plugins/ml2/drivers/ovn/mech_driver/mech_driver.py:411}}
Feb 17 20:32:23.492589 np0000156152 devstack@neutron-api.service[103560]: DEBUG neutron.api.extensions [None req-563528a2-9e52-40a3-b0f5-d2d112d09cb0 None None] Extended resource: tags {{(pid=103560) __init__ /opt/stack/neutron/neutron/api/extensions.py:156}}
Feb 17 20:32:23.493951 np0000156152 devstack@neutron-api.service[103560]: DEBUG neutron.api.extensions [None req-563528a2-9e52-40a3-b0f5-d2d112d09cb0 None None] Extended resource: tags {{(pid=103560) __init__ /opt/stack/neutron/neutron/api/extensions.py:156}}
Feb 17 20:32:23.495248 np0000156152 devstack@neutron-api.service[103560]: DEBUG neutron.api.extensions [None req-563528a2-9e52-40a3-b0f5-d2d112d09cb0 None None] Extended resource: tags {{(pid=103560) __init__ /opt/stack/neutron/neutron/api/extensions.py:156}}
Feb 17 20:32:23.496483 np0000156152 devstack@neutron-api.service[103560]: DEBUG neutron.api.extensions [None req-563528a2-9e52-40a3-b0f5-d2d112d09cb0 None None] Extended resource: tags {{(pid=103560) __init__ /opt/stack/neutron/neutron/api/extensions.py:156}}
Feb 17 20:32:23.496750 np0000156152 devstack@neutron-api.service[103561]: INFO neutron.db.ovn_hash_ring_db [None req-d559cc2c-48bf-4dd9-9eae-cce46be6f43d None None] Nodes from host "np0000156152" and group "mechanism_driver" removed from the Hash Ring created at 2026-02-17 20:32:16+00:00
Feb 17 20:32:23.497635 np0000156152 devstack@neutron-api.service[103562]: DEBUG neutron.plugins.ml2.drivers.ovn.mech_driver.ovsdb.maintenance [None req-bef14c5d-b290-41b7-806e-82b0e0887ea9 None None] Periodic task found: HashRingHealthCheckPeriodics.touch_hash_ring_node {{(pid=103562) add_periodics /opt/stack/neutron/neutron/plugins/ml2/drivers/ovn/mech_driver/ovsdb/maintenance.py:97}}
Feb 17 20:32:23.498884 np0000156152 devstack@neutron-api.service[103562]: INFO neutron.plugins.ml2.drivers.ovn.mech_driver.mech_driver [None req-bef14c5d-b290-41b7-806e-82b0e0887ea9 None None] Hash Ring probing thread for node ebf3a9f96a93581d90ff64470f8d2274 has started
Feb 17 20:32:23.499414 np0000156152 devstack@neutron-api.service[103562]: INFO neutron.plugins.ml2.drivers.ovn.mech_driver.ovsdb.impl_idl_ovn [None req-bef14c5d-b290-41b7-806e-82b0e0887ea9 None None] Getting OvsdbNbOvnIdl for WorkerService with retry
Feb 17 20:32:23.500262 np0000156152 devstack@neutron-api.service[103561]: INFO neutron.db.ovn_hash_ring_db [None req-d559cc2c-48bf-4dd9-9eae-cce46be6f43d None None] Node 9548d55b13c75c2b9e4b3f2a7bf50aa8 from host "np0000156152" and group "mechanism_driver" added to the Hash Ring
Feb 17 20:32:23.502454 np0000156152 devstack@neutron-api.service[103560]: WARNING keystonemiddleware.auth_token [None req-563528a2-9e52-40a3-b0f5-d2d112d09cb0 None None] AuthToken middleware is set with keystone_authtoken.service_token_roles_required set to False. This is backwards compatible but deprecated behaviour. Please set this to True.
Feb 17 20:32:23.506030 np0000156152 devstack@neutron-api.service[103561]: DEBUG neutron.plugins.ml2.drivers.ovn.mech_driver.mech_driver [None req-d559cc2c-48bf-4dd9-9eae-cce46be6f43d None None] Hash Ring setup, this worker has detected 3 OVN hash ring registers in the database {{(pid=103561) _init_hash_ring /opt/stack/neutron/neutron/plugins/ml2/drivers/ovn/mech_driver/mech_driver.py:411}}
Feb 17 20:32:23.508129 np0000156152 devstack@neutron-api.service[103560]: WARNING keystonemiddleware.auth_token [None req-563528a2-9e52-40a3-b0f5-d2d112d09cb0 None None] Configuring www_authenticate_uri to point to the public identity endpoint is required; clients may not be able to authenticate against an admin endpoint
Feb 17 20:32:23.513403 np0000156152 devstack@neutron-api.service[103561]: DEBUG neutron.plugins.ml2.drivers.ovn.mech_driver.ovsdb.maintenance [None req-d559cc2c-48bf-4dd9-9eae-cce46be6f43d None None] Periodic task found: HashRingHealthCheckPeriodics.touch_hash_ring_node {{(pid=103561) add_periodics /opt/stack/neutron/neutron/plugins/ml2/drivers/ovn/mech_driver/ovsdb/maintenance.py:97}}
Feb 17 20:32:23.514251 np0000156152 devstack@neutron-api.service[103561]: INFO neutron.plugins.ml2.drivers.ovn.mech_driver.mech_driver [None req-d559cc2c-48bf-4dd9-9eae-cce46be6f43d None None] Hash Ring probing thread for node 9548d55b13c75c2b9e4b3f2a7bf50aa8 has started
Feb 17 20:32:23.515250 np0000156152 devstack@neutron-api.service[103561]: INFO neutron.plugins.ml2.drivers.ovn.mech_driver.ovsdb.impl_idl_ovn [None req-d559cc2c-48bf-4dd9-9eae-cce46be6f43d None None] Getting OvsdbNbOvnIdl for WorkerService with retry
Feb 17 20:32:23.516484 np0000156152 devstack@neutron-api.service[103560]: DEBUG neutron_lib.callbacks.manager [None req-563528a2-9e52-40a3-b0f5-d2d112d09cb0 None None] Publish callbacks ['neutron.plugins.ml2.drivers.ovn.mech_driver.mech_driver.OVNMechanismDriver.pre_fork_initialize-309341'] for process (None), before_spawn {{(pid=103560) _notify_loop /opt/stack/data/venv/lib/python3.12/site-packages/neutron_lib/callbacks/manager.py:184}}
Feb 17 20:32:23.517114 np0000156152 devstack@neutron-api.service[103560]: DEBUG oslo_concurrency.processutils [None req-563528a2-9e52-40a3-b0f5-d2d112d09cb0 None None] Running cmd (subprocess): ovsdb-client transact ssl:199.204.45.74:6641 --timeout 180 -p /opt/stack/data/CA/int-ca/private/devstack-cert.key -c /opt/stack/data/CA/int-ca/devstack-cert.crt -C /opt/stack/data/CA/int-ca/ca-chain.pem ["OVN_Northbound", {"op": "wait", "timeout": 0, "table": "Port_Group", "where": [["name", "==", "neutron_pg_drop"]], "until": "==", "rows": []}, {"op": "insert", "table": "ACL", "row": {"action": "drop", "direction": "to-lport", "match": "outport == @neutron_pg_drop && ip", "priority": 1001}, "uuid-name": "droptoport"}, {"op": "insert", "table": "ACL", "row": {"action": "drop", "direction": "from-lport", "match": "inport == @neutron_pg_drop && ip", "priority": 1001}, "uuid-name": "dropfromport"}, {"op": "insert", "table": "Port_Group", "row": {"name": "neutron_pg_drop", "acls": ["set", [["named-uuid", "droptoport"], ["named-uuid", "dropfromport"]]]}}] {{(pid=103560) execute /opt/stack/data/venv/lib/python3.12/site-packages/oslo_concurrency/processutils.py:368}}
Feb 17 20:32:23.553687 np0000156152 devstack@neutron-api.service[103560]: DEBUG oslo_concurrency.processutils [None req-563528a2-9e52-40a3-b0f5-d2d112d09cb0 None None] CMD "ovsdb-client transact ssl:199.204.45.74:6641 --timeout 180 -p /opt/stack/data/CA/int-ca/private/devstack-cert.key -c /opt/stack/data/CA/int-ca/devstack-cert.crt -C /opt/stack/data/CA/int-ca/ca-chain.pem ["OVN_Northbound", {"op": "wait", "timeout": 0, "table": "Port_Group", "where": [["name", "==", "neutron_pg_drop"]], "until": "==", "rows": []}, {"op": "insert", "table": "ACL", "row": {"action": "drop", "direction": "to-lport", "match": "outport == @neutron_pg_drop && ip", "priority": 1001}, "uuid-name": "droptoport"}, {"op": "insert", "table": "ACL", "row": {"action": "drop", "direction": "from-lport", "match": "inport == @neutron_pg_drop && ip", "priority": 1001}, "uuid-name": "dropfromport"}, {"op": "insert", "table": "Port_Group", "row": {"name": "neutron_pg_drop", "acls": ["set", [["named-uuid", "droptoport"], ["named-uuid", "dropfromport"]]]}}]" returned: 0 in 0.036s {{(pid=103560) execute /opt/stack/data/venv/lib/python3.12/site-packages/oslo_concurrency/processutils.py:396}}
Feb 17 20:32:23.554471 np0000156152 devstack@neutron-api.service[103560]: DEBUG neutron_lib.callbacks.manager [None req-563528a2-9e52-40a3-b0f5-d2d112d09cb0 None None] Publish callbacks ['neutron.plugins.ml2.drivers.ovn.mech_driver.mech_driver.OVNMechanismDriver.post_fork_initialize-309301', 'neutron.services.ovn_l3.plugin.OVNL3RouterPlugin._post_fork_initialize-256504'] for process (None), after_init {{(pid=103560) _notify_loop /opt/stack/data/venv/lib/python3.12/site-packages/neutron_lib/callbacks/manager.py:184}}
Feb 17 20:32:23.555155 np0000156152 devstack@neutron-api.service[103560]: DEBUG oslo_concurrency.lockutils [None req-563528a2-9e52-40a3-b0f5-d2d112d09cb0 None None] Acquiring lock "singleton_lock" {{(pid=103560) lock /opt/stack/data/venv/lib/python3.12/site-packages/oslo_concurrency/lockutils.py:390}}
Feb 17 20:32:23.555368 np0000156152 devstack@neutron-api.service[103560]: DEBUG oslo_concurrency.lockutils [None req-563528a2-9e52-40a3-b0f5-d2d112d09cb0 None None] Acquired lock "singleton_lock" {{(pid=103560) lock /opt/stack/data/venv/lib/python3.12/site-packages/oslo_concurrency/lockutils.py:393}}
Feb 17 20:32:23.555834 np0000156152 devstack@neutron-api.service[103560]: DEBUG oslo_concurrency.lockutils [None req-563528a2-9e52-40a3-b0f5-d2d112d09cb0 None None] Releasing lock "singleton_lock" {{(pid=103560) lock /opt/stack/data/venv/lib/python3.12/site-packages/oslo_concurrency/lockutils.py:413}}
Feb 17 20:32:23.556115 np0000156152 devstack@neutron-api.service[103562]: DEBUG ovsdbapp.backend.ovs_idl [None req-bef14c5d-b290-41b7-806e-82b0e0887ea9 None None] Created lookup_table index Logical_Switch.name {{(pid=103562) autocreate_indices /opt/stack/data/venv/lib/python3.12/site-packages/ovsdbapp/backend/ovs_idl/__init__.py:87}}
Feb 17 20:32:23.556340 np0000156152 devstack@neutron-api.service[103562]: DEBUG ovsdbapp.backend.ovs_idl [None req-bef14c5d-b290-41b7-806e-82b0e0887ea9 None None] Created lookup_table index Logical_Router.name {{(pid=103562) autocreate_indices /opt/stack/data/venv/lib/python3.12/site-packages/ovsdbapp/backend/ovs_idl/__init__.py:87}}
Feb 17 20:32:23.556506 np0000156152 devstack@neutron-api.service[103562]: DEBUG ovsdbapp.backend.ovs_idl [None req-bef14c5d-b290-41b7-806e-82b0e0887ea9 None None] Created lookup_table index Load_Balancer.name {{(pid=103562) autocreate_indices /opt/stack/data/venv/lib/python3.12/site-packages/ovsdbapp/backend/ovs_idl/__init__.py:87}}
Feb 17 20:32:23.556695 np0000156152 devstack@neutron-api.service[103562]: DEBUG ovsdbapp.backend.ovs_idl [None req-bef14c5d-b290-41b7-806e-82b0e0887ea9 None None] Created schema index Copp.name {{(pid=103562) autocreate_indices /opt/stack/data/venv/lib/python3.12/site-packages/ovsdbapp/backend/ovs_idl/__init__.py:106}}
Feb 17 20:32:23.556862 np0000156152 devstack@neutron-api.service[103562]: DEBUG ovsdbapp.backend.ovs_idl [None req-bef14c5d-b290-41b7-806e-82b0e0887ea9 None None] Created schema index Meter.name {{(pid=103562) autocreate_indices /opt/stack/data/venv/lib/python3.12/site-packages/ovsdbapp/backend/ovs_idl/__init__.py:106}}
Feb 17 20:32:23.557083 np0000156152 devstack@neutron-api.service[103562]: DEBUG ovsdbapp.backend.ovs_idl [None req-bef14c5d-b290-41b7-806e-82b0e0887ea9 None None] Created schema index Load_Balancer_Group.name {{(pid=103562) autocreate_indices /opt/stack/data/venv/lib/python3.12/site-packages/ovsdbapp/backend/ovs_idl/__init__.py:106}}
Feb 17 20:32:23.557222 np0000156152 devstack@neutron-api.service[103562]: DEBUG ovsdbapp.backend.ovs_idl [None req-bef14c5d-b290-41b7-806e-82b0e0887ea9 None None] Created schema index HA_Chassis_Group.name {{(pid=103562) autocreate_indices /opt/stack/data/venv/lib/python3.12/site-packages/ovsdbapp/backend/ovs_idl/__init__.py:106}}
Feb 17 20:32:23.557348 np0000156152 devstack@neutron-api.service[103562]: DEBUG ovsdbapp.backend.ovs_idl [None req-bef14c5d-b290-41b7-806e-82b0e0887ea9 None None] Created schema index Address_Set.name {{(pid=103562) autocreate_indices /opt/stack/data/venv/lib/python3.12/site-packages/ovsdbapp/backend/ovs_idl/__init__.py:106}}
Feb 17 20:32:23.557525 np0000156152 devstack@neutron-api.service[103562]: DEBUG ovsdbapp.backend.ovs_idl [None req-bef14c5d-b290-41b7-806e-82b0e0887ea9 None None] Created schema index Connection.target {{(pid=103562) autocreate_indices /opt/stack/data/venv/lib/python3.12/site-packages/ovsdbapp/backend/ovs_idl/__init__.py:106}}
Feb 17 20:32:23.557686 np0000156152 devstack@neutron-api.service[103562]: DEBUG ovsdbapp.backend.ovs_idl [None req-bef14c5d-b290-41b7-806e-82b0e0887ea9 None None] Created schema index Gateway_Chassis.name {{(pid=103562) autocreate_indices /opt/stack/data/venv/lib/python3.12/site-packages/ovsdbapp/backend/ovs_idl/__init__.py:106}}
Feb 17 20:32:23.557808 np0000156152 devstack@neutron-api.service[103562]: DEBUG ovsdbapp.backend.ovs_idl [None req-bef14c5d-b290-41b7-806e-82b0e0887ea9 None None] Created schema index Mirror.name {{(pid=103562) autocreate_indices /opt/stack/data/venv/lib/python3.12/site-packages/ovsdbapp/backend/ovs_idl/__init__.py:106}}
Feb 17 20:32:23.558055 np0000156152 devstack@neutron-api.service[103562]: DEBUG ovsdbapp.backend.ovs_idl [None req-bef14c5d-b290-41b7-806e-82b0e0887ea9 None None] Created schema index Chassis_Template_Var.chassis {{(pid=103562) autocreate_indices /opt/stack/data/venv/lib/python3.12/site-packages/ovsdbapp/backend/ovs_idl/__init__.py:106}}
Feb 17 20:32:23.558189 np0000156152 devstack@neutron-api.service[103562]: DEBUG ovsdbapp.backend.ovs_idl [None req-bef14c5d-b290-41b7-806e-82b0e0887ea9 None None] Created schema index Logical_Router_Port.name {{(pid=103562) autocreate_indices /opt/stack/data/venv/lib/python3.12/site-packages/ovsdbapp/backend/ovs_idl/__init__.py:106}}
Feb 17 20:32:23.558314 np0000156152 devstack@neutron-api.service[103562]: DEBUG ovsdbapp.backend.ovs_idl [None req-bef14c5d-b290-41b7-806e-82b0e0887ea9 None None] Created schema index Port_Group.name {{(pid=103562) autocreate_indices /opt/stack/data/venv/lib/python3.12/site-packages/ovsdbapp/backend/ovs_idl/__init__.py:106}}
Feb 17 20:32:23.558435 np0000156152 devstack@neutron-api.service[103562]: DEBUG ovsdbapp.backend.ovs_idl [None req-bef14c5d-b290-41b7-806e-82b0e0887ea9 None None] Created schema index Logical_Switch_Port.name {{(pid=103562) autocreate_indices /opt/stack/data/venv/lib/python3.12/site-packages/ovsdbapp/backend/ovs_idl/__init__.py:106}}
Feb 17 20:32:23.558900 np0000156152 devstack@neutron-api.service[103560]: DEBUG neutron.plugins.ml2.drivers.ovn.mech_driver.mech_driver [None req-563528a2-9e52-40a3-b0f5-d2d112d09cb0 None None] Hash Ring setup using WSGI start time 2026-02-17 20:32:16+00:00 {{(pid=103560) _init_hash_ring /opt/stack/neutron/neutron/plugins/ml2/drivers/ovn/mech_driver/mech_driver.py:401}}
Feb 17 20:32:23.561460 np0000156152 devstack@neutron-api.service[103562]: INFO ovsdbapp.backend.ovs_idl.vlog [None req-bef14c5d-b290-41b7-806e-82b0e0887ea9 None None] ssl:199.204.45.74:6641: connecting...
Feb 17 20:32:23.565920 np0000156152 devstack@neutron-api.service[103560]: INFO neutron.db.ovn_hash_ring_db [None req-563528a2-9e52-40a3-b0f5-d2d112d09cb0 None None] Nodes from host "np0000156152" and group "mechanism_driver" removed from the Hash Ring created at 2026-02-17 20:32:16+00:00
Feb 17 20:32:23.567052 np0000156152 devstack@neutron-api.service[103562]: INFO ovsdbapp.backend.ovs_idl.vlog [None req-bef14c5d-b290-41b7-806e-82b0e0887ea9 None None] ssl:199.204.45.74:6641: connected
Feb 17 20:32:23.567197 np0000156152 devstack@neutron-api.service[103561]: DEBUG ovsdbapp.backend.ovs_idl [None req-d559cc2c-48bf-4dd9-9eae-cce46be6f43d None None] Created lookup_table index Logical_Switch.name {{(pid=103561) autocreate_indices /opt/stack/data/venv/lib/python3.12/site-packages/ovsdbapp/backend/ovs_idl/__init__.py:87}}
Feb 17 20:32:23.567272 np0000156152 devstack@neutron-api.service[103561]: DEBUG ovsdbapp.backend.ovs_idl [None req-d559cc2c-48bf-4dd9-9eae-cce46be6f43d None None] Created lookup_table index Logical_Router.name {{(pid=103561) autocreate_indices /opt/stack/data/venv/lib/python3.12/site-packages/ovsdbapp/backend/ovs_idl/__init__.py:87}}
Feb 17 20:32:23.567349 np0000156152 devstack@neutron-api.service[103561]: DEBUG ovsdbapp.backend.ovs_idl [None req-d559cc2c-48bf-4dd9-9eae-cce46be6f43d None None] Created lookup_table index Load_Balancer.name {{(pid=103561) autocreate_indices /opt/stack/data/venv/lib/python3.12/site-packages/ovsdbapp/backend/ovs_idl/__init__.py:87}}
Feb 17 20:32:23.567452 np0000156152 devstack@neutron-api.service[103561]: DEBUG ovsdbapp.backend.ovs_idl [None req-d559cc2c-48bf-4dd9-9eae-cce46be6f43d None None] Created schema index Copp.name {{(pid=103561) autocreate_indices /opt/stack/data/venv/lib/python3.12/site-packages/ovsdbapp/backend/ovs_idl/__init__.py:106}}
Feb 17 20:32:23.567541 np0000156152 devstack@neutron-api.service[103561]: DEBUG ovsdbapp.backend.ovs_idl [None req-d559cc2c-48bf-4dd9-9eae-cce46be6f43d None None] Created schema index Meter.name {{(pid=103561) autocreate_indices /opt/stack/data/venv/lib/python3.12/site-packages/ovsdbapp/backend/ovs_idl/__init__.py:106}}
Feb 17 20:32:23.567630 np0000156152 devstack@neutron-api.service[103561]: DEBUG ovsdbapp.backend.ovs_idl [None req-d559cc2c-48bf-4dd9-9eae-cce46be6f43d None None] Created schema index Load_Balancer_Group.name {{(pid=103561) autocreate_indices /opt/stack/data/venv/lib/python3.12/site-packages/ovsdbapp/backend/ovs_idl/__init__.py:106}}
Feb 17 20:32:23.567715 np0000156152 devstack@neutron-api.service[103561]: DEBUG ovsdbapp.backend.ovs_idl [None req-d559cc2c-48bf-4dd9-9eae-cce46be6f43d None None] Created schema index HA_Chassis_Group.name {{(pid=103561) autocreate_indices /opt/stack/data/venv/lib/python3.12/site-packages/ovsdbapp/backend/ovs_idl/__init__.py:106}}
Feb 17 20:32:23.567801 np0000156152 devstack@neutron-api.service[103561]: DEBUG ovsdbapp.backend.ovs_idl [None req-d559cc2c-48bf-4dd9-9eae-cce46be6f43d None None] Created schema index Address_Set.name {{(pid=103561) autocreate_indices /opt/stack/data/venv/lib/python3.12/site-packages/ovsdbapp/backend/ovs_idl/__init__.py:106}}
Feb 17 20:32:23.567892 np0000156152 devstack@neutron-api.service[103561]: DEBUG ovsdbapp.backend.ovs_idl [None req-d559cc2c-48bf-4dd9-9eae-cce46be6f43d None None] Created schema index Connection.target {{(pid=103561) autocreate_indices /opt/stack/data/venv/lib/python3.12/site-packages/ovsdbapp/backend/ovs_idl/__init__.py:106}}
Feb 17 20:32:23.568031 np0000156152 devstack@neutron-api.service[103561]: DEBUG ovsdbapp.backend.ovs_idl [None req-d559cc2c-48bf-4dd9-9eae-cce46be6f43d None None] Created schema index Gateway_Chassis.name {{(pid=103561) autocreate_indices /opt/stack/data/venv/lib/python3.12/site-packages/ovsdbapp/backend/ovs_idl/__init__.py:106}}
Feb 17 20:32:23.568110 np0000156152 devstack@neutron-api.service[103561]: DEBUG ovsdbapp.backend.ovs_idl [None req-d559cc2c-48bf-4dd9-9eae-cce46be6f43d None None] Created schema index Mirror.name {{(pid=103561) autocreate_indices /opt/stack/data/venv/lib/python3.12/site-packages/ovsdbapp/backend/ovs_idl/__init__.py:106}}
Feb 17 20:32:23.568202 np0000156152 devstack@neutron-api.service[103561]: DEBUG ovsdbapp.backend.ovs_idl [None req-d559cc2c-48bf-4dd9-9eae-cce46be6f43d None None] Created schema index Chassis_Template_Var.chassis {{(pid=103561) autocreate_indices /opt/stack/data/venv/lib/python3.12/site-packages/ovsdbapp/backend/ovs_idl/__init__.py:106}}
Feb 17 20:32:23.568500 np0000156152 devstack@neutron-api.service[103561]: DEBUG ovsdbapp.backend.ovs_idl [None req-d559cc2c-48bf-4dd9-9eae-cce46be6f43d None None] Created schema index Logical_Router_Port.name {{(pid=103561) autocreate_indices /opt/stack/data/venv/lib/python3.12/site-packages/ovsdbapp/backend/ovs_idl/__init__.py:106}}
Feb 17 20:32:23.568500 np0000156152 devstack@neutron-api.service[103561]: DEBUG ovsdbapp.backend.ovs_idl [None req-d559cc2c-48bf-4dd9-9eae-cce46be6f43d None None] Created schema index Port_Group.name {{(pid=103561) autocreate_indices /opt/stack/data/venv/lib/python3.12/site-packages/ovsdbapp/backend/ovs_idl/__init__.py:106}}
