Feb 17 20:32:55.965334 np0000156152 nova-scheduler[108719]: DEBUG cotyledon.oslo_config_glue [-] vmware.vnc_port_total = 10000 {{(pid=108719) log_opt_values /opt/stack/data/venv/lib/python3.12/site-packages/oslo_config/cfg.py:2824}}
Feb 17 20:32:55.965334 np0000156152 nova-scheduler[108719]: DEBUG cotyledon.oslo_config_glue [-] vnc.auth_schemes = ['none'] {{(pid=108719) log_opt_values /opt/stack/data/venv/lib/python3.12/site-packages/oslo_config/cfg.py:2824}}
Feb 17 20:32:55.965534 np0000156152 nova-scheduler[108719]: DEBUG cotyledon.oslo_config_glue [-] vnc.enabled = True {{(pid=108719) log_opt_values /opt/stack/data/venv/lib/python3.12/site-packages/oslo_config/cfg.py:2824}}
Feb 17 20:32:55.965534 np0000156152 nova-scheduler[108719]: DEBUG cotyledon.oslo_config_glue [-] vnc.novncproxy_base_url = http://127.0.0.1:6080/vnc_auto.html {{(pid=108719) log_opt_values /opt/stack/data/venv/lib/python3.12/site-packages/oslo_config/cfg.py:2824}}
Feb 17 20:32:55.965534 np0000156152 nova-scheduler[108719]: DEBUG cotyledon.oslo_config_glue [-] vnc.novncproxy_host = 0.0.0.0 {{(pid=108719) log_opt_values /opt/stack/data/venv/lib/python3.12/site-packages/oslo_config/cfg.py:2824}}
Feb 17 20:32:55.965534 np0000156152 nova-scheduler[108719]: DEBUG cotyledon.oslo_config_glue [-] vnc.novncproxy_port = 6080 {{(pid=108719) log_opt_values /opt/stack/data/venv/lib/python3.12/site-packages/oslo_config/cfg.py:2824}}
Feb 17 20:32:55.965534 np0000156152 nova-scheduler[108719]: DEBUG cotyledon.oslo_config_glue [-] vnc.server_listen = 127.0.0.1 {{(pid=108719) log_opt_values /opt/stack/data/venv/lib/python3.12/site-packages/oslo_config/cfg.py:2824}}
Feb 17 20:32:55.965534 np0000156152 nova-scheduler[108719]: DEBUG cotyledon.oslo_config_glue [-] vnc.server_proxyclient_address = 127.0.0.1 {{(pid=108719) log_opt_values /opt/stack/data/venv/lib/python3.12/site-packages/oslo_config/cfg.py:2824}}
Feb 17 20:32:55.965534 np0000156152 nova-scheduler[108719]: DEBUG cotyledon.oslo_config_glue [-] vnc.vencrypt_ca_certs = None {{(pid=108719) log_opt_values /opt/stack/data/venv/lib/python3.12/site-packages/oslo_config/cfg.py:2824}}
Feb 17 20:32:55.965534 np0000156152 nova-scheduler[108719]: DEBUG cotyledon.oslo_config_glue [-] vnc.vencrypt_client_cert = None {{(pid=108719) log_opt_values /opt/stack/data/venv/lib/python3.12/site-packages/oslo_config/cfg.py:2824}}
Feb 17 20:32:55.965534 np0000156152 nova-scheduler[108719]: DEBUG cotyledon.oslo_config_glue [-] vnc.vencrypt_client_key = None {{(pid=108719) log_opt_values /opt/stack/data/venv/lib/python3.12/site-packages/oslo_config/cfg.py:2824}}
Feb 17 20:32:55.965724 np0000156152 nova-scheduler[108719]: DEBUG cotyledon.oslo_config_glue [-] workarounds.disable_compute_service_check_for_ffu = False {{(pid=108719) log_opt_values /opt/stack/data/venv/lib/python3.12/site-packages/oslo_config/cfg.py:2824}}
Feb 17 20:32:55.965724 np0000156152 nova-scheduler[108719]: DEBUG cotyledon.oslo_config_glue [-] workarounds.disable_deep_image_inspection = False {{(pid=108719) log_opt_values /opt/stack/data/venv/lib/python3.12/site-packages/oslo_config/cfg.py:2824}}
Feb 17 20:32:55.965724 np0000156152 nova-scheduler[108719]: DEBUG cotyledon.oslo_config_glue [-] workarounds.disable_fallback_pcpu_query = False {{(pid=108719) log_opt_values /opt/stack/data/venv/lib/python3.12/site-packages/oslo_config/cfg.py:2824}}
Feb 17 20:32:55.965724 np0000156152 nova-scheduler[108719]: DEBUG cotyledon.oslo_config_glue [-] workarounds.disable_group_policy_check_upcall = False {{(pid=108719) log_opt_values /opt/stack/data/venv/lib/python3.12/site-packages/oslo_config/cfg.py:2824}}
Feb 17 20:32:55.965724 np0000156152 nova-scheduler[108719]: DEBUG cotyledon.oslo_config_glue [-] workarounds.disable_libvirt_livesnapshot = False {{(pid=108719) log_opt_values /opt/stack/data/venv/lib/python3.12/site-packages/oslo_config/cfg.py:2824}}
Feb 17 20:32:55.965724 np0000156152 nova-scheduler[108719]: DEBUG cotyledon.oslo_config_glue [-] workarounds.disable_rootwrap = False {{(pid=108719) log_opt_values /opt/stack/data/venv/lib/python3.12/site-packages/oslo_config/cfg.py:2824}}
Feb 17 20:32:55.965724 np0000156152 nova-scheduler[108719]: DEBUG cotyledon.oslo_config_glue [-] workarounds.enable_numa_live_migration = False {{(pid=108719) log_opt_values /opt/stack/data/venv/lib/python3.12/site-packages/oslo_config/cfg.py:2824}}
Feb 17 20:32:55.965724 np0000156152 nova-scheduler[108719]: DEBUG cotyledon.oslo_config_glue [-] workarounds.enable_qemu_monitor_announce_self = False {{(pid=108719) log_opt_values /opt/stack/data/venv/lib/python3.12/site-packages/oslo_config/cfg.py:2824}}
Feb 17 20:32:55.965724 np0000156152 nova-scheduler[108719]: DEBUG cotyledon.oslo_config_glue [-] workarounds.ensure_libvirt_rbd_instance_dir_cleanup = False {{(pid=108719) log_opt_values /opt/stack/data/venv/lib/python3.12/site-packages/oslo_config/cfg.py:2824}}
Feb 17 20:32:55.965910 np0000156152 nova-scheduler[108719]: DEBUG cotyledon.oslo_config_glue [-] workarounds.handle_virt_lifecycle_events = True {{(pid=108719) log_opt_values /opt/stack/data/venv/lib/python3.12/site-packages/oslo_config/cfg.py:2824}}
Feb 17 20:32:55.965910 np0000156152 nova-scheduler[108719]: DEBUG cotyledon.oslo_config_glue [-] workarounds.libvirt_disable_apic = False {{(pid=108719) log_opt_values /opt/stack/data/venv/lib/python3.12/site-packages/oslo_config/cfg.py:2824}}
Feb 17 20:32:55.965910 np0000156152 nova-scheduler[108719]: DEBUG cotyledon.oslo_config_glue [-] workarounds.never_download_image_if_on_rbd = False {{(pid=108719) log_opt_values /opt/stack/data/venv/lib/python3.12/site-packages/oslo_config/cfg.py:2824}}
Feb 17 20:32:55.965910 np0000156152 nova-scheduler[108719]: DEBUG cotyledon.oslo_config_glue [-] workarounds.qemu_monitor_announce_self_count = 3 {{(pid=108719) log_opt_values /opt/stack/data/venv/lib/python3.12/site-packages/oslo_config/cfg.py:2824}}
Feb 17 20:32:55.965910 np0000156152 nova-scheduler[108719]: DEBUG cotyledon.oslo_config_glue [-] workarounds.qemu_monitor_announce_self_interval = 1 {{(pid=108719) log_opt_values /opt/stack/data/venv/lib/python3.12/site-packages/oslo_config/cfg.py:2824}}
Feb 17 20:32:55.965910 np0000156152 nova-scheduler[108719]: DEBUG cotyledon.oslo_config_glue [-] workarounds.reserve_disk_resource_for_image_cache = False {{(pid=108719) log_opt_values /opt/stack/data/venv/lib/python3.12/site-packages/oslo_config/cfg.py:2824}}
Feb 17 20:32:55.965910 np0000156152 nova-scheduler[108719]: DEBUG cotyledon.oslo_config_glue [-] workarounds.skip_cpu_compare_at_startup = False {{(pid=108719) log_opt_values /opt/stack/data/venv/lib/python3.12/site-packages/oslo_config/cfg.py:2824}}
Feb 17 20:32:55.965910 np0000156152 nova-scheduler[108719]: DEBUG cotyledon.oslo_config_glue [-] workarounds.skip_cpu_compare_on_dest = False {{(pid=108719) log_opt_values /opt/stack/data/venv/lib/python3.12/site-packages/oslo_config/cfg.py:2824}}
Feb 17 20:32:55.965910 np0000156152 nova-scheduler[108719]: DEBUG cotyledon.oslo_config_glue [-] workarounds.skip_hypervisor_version_check_on_lm = False {{(pid=108719) log_opt_values /opt/stack/data/venv/lib/python3.12/site-packages/oslo_config/cfg.py:2824}}
Feb 17 20:32:55.966137 np0000156152 nova-scheduler[108719]: DEBUG cotyledon.oslo_config_glue [-] workarounds.skip_reserve_in_use_ironic_nodes = False {{(pid=108719) log_opt_values /opt/stack/data/venv/lib/python3.12/site-packages/oslo_config/cfg.py:2824}}
Feb 17 20:32:55.966137 np0000156152 nova-scheduler[108719]: DEBUG cotyledon.oslo_config_glue [-] workarounds.unified_limits_count_pcpu_as_vcpu = False {{(pid=108719) log_opt_values /opt/stack/data/venv/lib/python3.12/site-packages/oslo_config/cfg.py:2824}}
Feb 17 20:32:55.966137 np0000156152 nova-scheduler[108719]: DEBUG cotyledon.oslo_config_glue [-] workarounds.wait_for_vif_plugged_event_during_hard_reboot = [] {{(pid=108719) log_opt_values /opt/stack/data/venv/lib/python3.12/site-packages/oslo_config/cfg.py:2824}}
Feb 17 20:32:55.966137 np0000156152 nova-scheduler[108719]: DEBUG cotyledon.oslo_config_glue [-] wsgi.api_paste_config = /etc/nova/api-paste.ini {{(pid=108719) log_opt_values /opt/stack/data/venv/lib/python3.12/site-packages/oslo_config/cfg.py:2824}}
Feb 17 20:32:55.966137 np0000156152 nova-scheduler[108719]: DEBUG cotyledon.oslo_config_glue [-] wsgi.secure_proxy_ssl_header = None {{(pid=108719) log_opt_values /opt/stack/data/venv/lib/python3.12/site-packages/oslo_config/cfg.py:2824}}
Feb 17 20:32:55.966137 np0000156152 nova-scheduler[108719]: DEBUG cotyledon.oslo_config_glue [-] zvm.ca_file = None {{(pid=108719) log_opt_values /opt/stack/data/venv/lib/python3.12/site-packages/oslo_config/cfg.py:2824}}
Feb 17 20:32:55.966137 np0000156152 nova-scheduler[108719]: DEBUG cotyledon.oslo_config_glue [-] zvm.cloud_connector_url = None {{(pid=108719) log_opt_values /opt/stack/data/venv/lib/python3.12/site-packages/oslo_config/cfg.py:2824}}
Feb 17 20:32:55.966137 np0000156152 nova-scheduler[108719]: DEBUG cotyledon.oslo_config_glue [-] zvm.image_tmp_path = /opt/stack/data/nova/images {{(pid=108719) log_opt_values /opt/stack/data/venv/lib/python3.12/site-packages/oslo_config/cfg.py:2824}}
Feb 17 20:32:55.966137 np0000156152 nova-scheduler[108719]: DEBUG cotyledon.oslo_config_glue [-] zvm.reachable_timeout = 300 {{(pid=108719) log_opt_values /opt/stack/data/venv/lib/python3.12/site-packages/oslo_config/cfg.py:2824}}
Feb 17 20:32:55.966330 np0000156152 nova-scheduler[108719]: DEBUG cotyledon.oslo_config_glue [-] oslo_versionedobjects.fatal_exception_format_errors = False {{(pid=108719) log_opt_values /opt/stack/data/venv/lib/python3.12/site-packages/oslo_config/cfg.py:2824}}
Feb 17 20:32:55.966330 np0000156152 nova-scheduler[108719]: DEBUG cotyledon.oslo_config_glue [-] oslo_middleware.http_basic_auth_user_file = /etc/htpasswd {{(pid=108719) log_opt_values /opt/stack/data/venv/lib/python3.12/site-packages/oslo_config/cfg.py:2824}}
Feb 17 20:32:55.966330 np0000156152 nova-scheduler[108719]: DEBUG cotyledon.oslo_config_glue [-] oslo_messaging_metrics.metrics_buffer_size = 1000 {{(pid=108719) log_opt_values /opt/stack/data/venv/lib/python3.12/site-packages/oslo_config/cfg.py:2824}}
Feb 17 20:32:55.966330 np0000156152 nova-scheduler[108719]: DEBUG cotyledon.oslo_config_glue [-] oslo_messaging_metrics.metrics_enabled = False {{(pid=108719) log_opt_values /opt/stack/data/venv/lib/python3.12/site-packages/oslo_config/cfg.py:2824}}
Feb 17 20:32:55.966414 np0000156152 nova-scheduler[108708]: INFO dbcounter [None req-ec67f714-d8e3-4784-ab53-fd3bc2b50e16 None None] Registered counter for database nova_cell0
Feb 17 20:32:55.966440 np0000156152 nova-scheduler[108719]: DEBUG cotyledon.oslo_config_glue [-] oslo_messaging_metrics.metrics_process_name = {{(pid=108719) log_opt_values /opt/stack/data/venv/lib/python3.12/site-packages/oslo_config/cfg.py:2824}}
Feb 17 20:32:55.966440 np0000156152 nova-scheduler[108719]: DEBUG cotyledon.oslo_config_glue [-] oslo_messaging_metrics.metrics_socket_file = /var/tmp/metrics_collector.sock {{(pid=108719) log_opt_values /opt/stack/data/venv/lib/python3.12/site-packages/oslo_config/cfg.py:2824}}
Feb 17 20:32:55.966440 np0000156152 nova-scheduler[108719]: DEBUG cotyledon.oslo_config_glue [-] oslo_messaging_metrics.metrics_thread_stop_timeout = 10 {{(pid=108719) log_opt_values /opt/stack/data/venv/lib/python3.12/site-packages/oslo_config/cfg.py:2824}}
Feb 17 20:32:55.966440 np0000156152 nova-scheduler[108719]: DEBUG cotyledon.oslo_config_glue [-] profiler.connection_string = messaging:// {{(pid=108719) log_opt_values /opt/stack/data/venv/lib/python3.12/site-packages/oslo_config/cfg.py:2824}}
Feb 17 20:32:55.966440 np0000156152 nova-scheduler[108719]: DEBUG cotyledon.oslo_config_glue [-] profiler.enabled = False {{(pid=108719) log_opt_values /opt/stack/data/venv/lib/python3.12/site-packages/oslo_config/cfg.py:2824}}
Feb 17 20:32:55.966440 np0000156152 nova-scheduler[108719]: DEBUG cotyledon.oslo_config_glue [-] profiler.es_doc_type = notification {{(pid=108719) log_opt_values /opt/stack/data/venv/lib/python3.12/site-packages/oslo_config/cfg.py:2824}}
Feb 17 20:32:55.966440 np0000156152 nova-scheduler[108719]: DEBUG cotyledon.oslo_config_glue [-] profiler.es_scroll_size = 10000 {{(pid=108719) log_opt_values /opt/stack/data/venv/lib/python3.12/site-packages/oslo_config/cfg.py:2824}}
Feb 17 20:32:55.966440 np0000156152 nova-scheduler[108719]: DEBUG cotyledon.oslo_config_glue [-] profiler.es_scroll_time = 2m {{(pid=108719) log_opt_values /opt/stack/data/venv/lib/python3.12/site-packages/oslo_config/cfg.py:2824}}
Feb 17 20:32:55.966440 np0000156152 nova-scheduler[108719]: DEBUG cotyledon.oslo_config_glue [-] profiler.filter_error_trace = False {{(pid=108719) log_opt_values /opt/stack/data/venv/lib/python3.12/site-packages/oslo_config/cfg.py:2824}}
Feb 17 20:32:55.966634 np0000156152 nova-scheduler[108719]: DEBUG cotyledon.oslo_config_glue [-] profiler.hmac_keys = **** {{(pid=108719) log_opt_values /opt/stack/data/venv/lib/python3.12/site-packages/oslo_config/cfg.py:2824}}
Feb 17 20:32:55.966634 np0000156152 nova-scheduler[108719]: DEBUG cotyledon.oslo_config_glue [-] profiler.sentinel_service_name = mymaster {{(pid=108719) log_opt_values /opt/stack/data/venv/lib/python3.12/site-packages/oslo_config/cfg.py:2824}}
Feb 17 20:32:55.966634 np0000156152 nova-scheduler[108719]: DEBUG cotyledon.oslo_config_glue [-] profiler.socket_timeout = 0.1 {{(pid=108719) log_opt_values /opt/stack/data/venv/lib/python3.12/site-packages/oslo_config/cfg.py:2824}}
Feb 17 20:32:55.966634 np0000156152 nova-scheduler[108719]: DEBUG cotyledon.oslo_config_glue [-] profiler.trace_requests = False {{(pid=108719) log_opt_values /opt/stack/data/venv/lib/python3.12/site-packages/oslo_config/cfg.py:2824}}
Feb 17 20:32:55.966634 np0000156152 nova-scheduler[108719]: DEBUG cotyledon.oslo_config_glue [-] profiler.trace_sqlalchemy = False {{(pid=108719) log_opt_values /opt/stack/data/venv/lib/python3.12/site-packages/oslo_config/cfg.py:2824}}
Feb 17 20:32:55.966634 np0000156152 nova-scheduler[108719]: DEBUG cotyledon.oslo_config_glue [-] profiler_jaeger.process_tags = {} {{(pid=108719) log_opt_values /opt/stack/data/venv/lib/python3.12/site-packages/oslo_config/cfg.py:2824}}
Feb 17 20:32:55.966634 np0000156152 nova-scheduler[108719]: DEBUG cotyledon.oslo_config_glue [-] profiler_jaeger.service_name_prefix = None {{(pid=108719) log_opt_values /opt/stack/data/venv/lib/python3.12/site-packages/oslo_config/cfg.py:2824}}
Feb 17 20:32:55.966634 np0000156152 nova-scheduler[108719]: DEBUG cotyledon.oslo_config_glue [-] profiler_otlp.service_name_prefix = None {{(pid=108719) log_opt_values /opt/stack/data/venv/lib/python3.12/site-packages/oslo_config/cfg.py:2824}}
Feb 17 20:32:55.966634 np0000156152 nova-scheduler[108719]: DEBUG cotyledon.oslo_config_glue [-] oslo_messaging_rabbit.amqp_auto_delete = False {{(pid=108719) log_opt_values /opt/stack/data/venv/lib/python3.12/site-packages/oslo_config/cfg.py:2824}}
Feb 17 20:32:55.966848 np0000156152 nova-scheduler[108719]: DEBUG cotyledon.oslo_config_glue [-] oslo_messaging_rabbit.amqp_durable_queues = False {{(pid=108719) log_opt_values /opt/stack/data/venv/lib/python3.12/site-packages/oslo_config/cfg.py:2824}}
Feb 17 20:32:55.966848 np0000156152 nova-scheduler[108719]: DEBUG cotyledon.oslo_config_glue [-] oslo_messaging_rabbit.conn_pool_min_size = 2 {{(pid=108719) log_opt_values /opt/stack/data/venv/lib/python3.12/site-packages/oslo_config/cfg.py:2824}}
Feb 17 20:32:55.966848 np0000156152 nova-scheduler[108719]: DEBUG cotyledon.oslo_config_glue [-] oslo_messaging_rabbit.conn_pool_ttl = 1200 {{(pid=108719) log_opt_values /opt/stack/data/venv/lib/python3.12/site-packages/oslo_config/cfg.py:2824}}
Feb 17 20:32:55.966848 np0000156152 nova-scheduler[108719]: DEBUG cotyledon.oslo_config_glue [-] oslo_messaging_rabbit.direct_mandatory_flag = True {{(pid=108719) log_opt_values /opt/stack/data/venv/lib/python3.12/site-packages/oslo_config/cfg.py:2824}}
Feb 17 20:32:55.966848 np0000156152 nova-scheduler[108719]: DEBUG cotyledon.oslo_config_glue [-] oslo_messaging_rabbit.enable_cancel_on_failover = False {{(pid=108719) log_opt_values /opt/stack/data/venv/lib/python3.12/site-packages/oslo_config/cfg.py:2824}}
Feb 17 20:32:55.966848 np0000156152 nova-scheduler[108719]: DEBUG cotyledon.oslo_config_glue [-] oslo_messaging_rabbit.heartbeat_in_pthread = False {{(pid=108719) log_opt_values /opt/stack/data/venv/lib/python3.12/site-packages/oslo_config/cfg.py:2824}}
Feb 17 20:32:55.966848 np0000156152 nova-scheduler[108719]: DEBUG cotyledon.oslo_config_glue [-] oslo_messaging_rabbit.heartbeat_rate = 3 {{(pid=108719) log_opt_values /opt/stack/data/venv/lib/python3.12/site-packages/oslo_config/cfg.py:2824}}
Feb 17 20:32:55.966848 np0000156152 nova-scheduler[108719]: DEBUG cotyledon.oslo_config_glue [-] oslo_messaging_rabbit.heartbeat_timeout_threshold = 60 {{(pid=108719) log_opt_values /opt/stack/data/venv/lib/python3.12/site-packages/oslo_config/cfg.py:2824}}
Feb 17 20:32:55.966848 np0000156152 nova-scheduler[108719]: DEBUG cotyledon.oslo_config_glue [-] oslo_messaging_rabbit.hostname = np0000156152 {{(pid=108719) log_opt_values /opt/stack/data/venv/lib/python3.12/site-packages/oslo_config/cfg.py:2824}}
Feb 17 20:32:55.967069 np0000156152 nova-scheduler[108719]: DEBUG cotyledon.oslo_config_glue [-] oslo_messaging_rabbit.kombu_compression = None {{(pid=108719) log_opt_values /opt/stack/data/venv/lib/python3.12/site-packages/oslo_config/cfg.py:2824}}
Feb 17 20:32:55.967069 np0000156152 nova-scheduler[108719]: DEBUG cotyledon.oslo_config_glue [-] oslo_messaging_rabbit.kombu_failover_strategy = round-robin {{(pid=108719) log_opt_values /opt/stack/data/venv/lib/python3.12/site-packages/oslo_config/cfg.py:2824}}
Feb 17 20:32:55.967069 np0000156152 nova-scheduler[108719]: DEBUG cotyledon.oslo_config_glue [-] oslo_messaging_rabbit.kombu_missing_consumer_retry_timeout = 60 {{(pid=108719) log_opt_values /opt/stack/data/venv/lib/python3.12/site-packages/oslo_config/cfg.py:2824}}
Feb 17 20:32:55.967069 np0000156152 nova-scheduler[108719]: DEBUG cotyledon.oslo_config_glue [-] oslo_messaging_rabbit.kombu_reconnect_delay = 1.0 {{(pid=108719) log_opt_values /opt/stack/data/venv/lib/python3.12/site-packages/oslo_config/cfg.py:2824}}
Feb 17 20:32:55.967069 np0000156152 nova-scheduler[108719]: DEBUG cotyledon.oslo_config_glue [-] oslo_messaging_rabbit.kombu_reconnect_splay = 0.0 {{(pid=108719) log_opt_values /opt/stack/data/venv/lib/python3.12/site-packages/oslo_config/cfg.py:2824}}
Feb 17 20:32:55.967069 np0000156152 nova-scheduler[108719]: DEBUG cotyledon.oslo_config_glue [-] oslo_messaging_rabbit.processname = nova-scheduler {{(pid=108719) log_opt_values /opt/stack/data/venv/lib/python3.12/site-packages/oslo_config/cfg.py:2824}}
Feb 17 20:32:55.967069 np0000156152 nova-scheduler[108719]: DEBUG cotyledon.oslo_config_glue [-] oslo_messaging_rabbit.rabbit_ha_queues = False {{(pid=108719) log_opt_values /opt/stack/data/venv/lib/python3.12/site-packages/oslo_config/cfg.py:2824}}
Feb 17 20:32:55.967069 np0000156152 nova-scheduler[108719]: DEBUG cotyledon.oslo_config_glue [-] oslo_messaging_rabbit.rabbit_interval_max = 30 {{(pid=108719) log_opt_values /opt/stack/data/venv/lib/python3.12/site-packages/oslo_config/cfg.py:2824}}
Feb 17 20:32:55.967251 np0000156152 nova-scheduler[108719]: DEBUG cotyledon.oslo_config_glue [-] oslo_messaging_rabbit.rabbit_login_method = AMQPLAIN {{(pid=108719) log_opt_values /opt/stack/data/venv/lib/python3.12/site-packages/oslo_config/cfg.py:2824}}
Feb 17 20:32:55.967251 np0000156152 nova-scheduler[108719]: DEBUG cotyledon.oslo_config_glue [-] oslo_messaging_rabbit.rabbit_qos_prefetch_count = 0 {{(pid=108719) log_opt_values /opt/stack/data/venv/lib/python3.12/site-packages/oslo_config/cfg.py:2824}}
Feb 17 20:32:55.967251 np0000156152 nova-scheduler[108719]: DEBUG cotyledon.oslo_config_glue [-] oslo_messaging_rabbit.rabbit_quorum_delivery_limit = 0 {{(pid=108719) log_opt_values /opt/stack/data/venv/lib/python3.12/site-packages/oslo_config/cfg.py:2824}}
Feb 17 20:32:55.967251 np0000156152 nova-scheduler[108719]: DEBUG cotyledon.oslo_config_glue [-] oslo_messaging_rabbit.rabbit_quorum_max_memory_bytes = 0 {{(pid=108719) log_opt_values /opt/stack/data/venv/lib/python3.12/site-packages/oslo_config/cfg.py:2824}}
Feb 17 20:32:55.967251 np0000156152 nova-scheduler[108719]: DEBUG cotyledon.oslo_config_glue [-] oslo_messaging_rabbit.rabbit_quorum_max_memory_length = 0 {{(pid=108719) log_opt_values /opt/stack/data/venv/lib/python3.12/site-packages/oslo_config/cfg.py:2824}}
Feb 17 20:32:55.967251 np0000156152 nova-scheduler[108719]: DEBUG cotyledon.oslo_config_glue [-] oslo_messaging_rabbit.rabbit_quorum_queue = False {{(pid=108719) log_opt_values /opt/stack/data/venv/lib/python3.12/site-packages/oslo_config/cfg.py:2824}}
Feb 17 20:32:55.967251 np0000156152 nova-scheduler[108719]: DEBUG cotyledon.oslo_config_glue [-] oslo_messaging_rabbit.rabbit_retry_backoff = 2 {{(pid=108719) log_opt_values /opt/stack/data/venv/lib/python3.12/site-packages/oslo_config/cfg.py:2824}}
Feb 17 20:32:55.967251 np0000156152 nova-scheduler[108719]: DEBUG cotyledon.oslo_config_glue [-] oslo_messaging_rabbit.rabbit_retry_interval = 1 {{(pid=108719) log_opt_values /opt/stack/data/venv/lib/python3.12/site-packages/oslo_config/cfg.py:2824}}
Feb 17 20:32:55.967430 np0000156152 nova-scheduler[108719]: DEBUG cotyledon.oslo_config_glue [-] oslo_messaging_rabbit.rabbit_stream_fanout = False {{(pid=108719) log_opt_values /opt/stack/data/venv/lib/python3.12/site-packages/oslo_config/cfg.py:2824}}
Feb 17 20:32:55.967430 np0000156152 nova-scheduler[108719]: DEBUG cotyledon.oslo_config_glue [-] oslo_messaging_rabbit.rabbit_transient_queues_ttl = 1800 {{(pid=108719) log_opt_values /opt/stack/data/venv/lib/python3.12/site-packages/oslo_config/cfg.py:2824}}
Feb 17 20:32:55.967430 np0000156152 nova-scheduler[108719]: DEBUG cotyledon.oslo_config_glue [-] oslo_messaging_rabbit.rabbit_transient_quorum_queue = False {{(pid=108719) log_opt_values /opt/stack/data/venv/lib/python3.12/site-packages/oslo_config/cfg.py:2824}}
Feb 17 20:32:55.967430 np0000156152 nova-scheduler[108719]: DEBUG cotyledon.oslo_config_glue [-] oslo_messaging_rabbit.rpc_conn_pool_size = 30 {{(pid=108719) log_opt_values /opt/stack/data/venv/lib/python3.12/site-packages/oslo_config/cfg.py:2824}}
Feb 17 20:32:55.967430 np0000156152 nova-scheduler[108719]: DEBUG cotyledon.oslo_config_glue [-] oslo_messaging_rabbit.ssl = False {{(pid=108719) log_opt_values /opt/stack/data/venv/lib/python3.12/site-packages/oslo_config/cfg.py:2824}}
Feb 17 20:32:55.967430 np0000156152 nova-scheduler[108719]: DEBUG cotyledon.oslo_config_glue [-] oslo_messaging_rabbit.ssl_ca_file = {{(pid=108719) log_opt_values /opt/stack/data/venv/lib/python3.12/site-packages/oslo_config/cfg.py:2824}}
Feb 17 20:32:55.967430 np0000156152 nova-scheduler[108719]: DEBUG cotyledon.oslo_config_glue [-] oslo_messaging_rabbit.ssl_cert_file = {{(pid=108719) log_opt_values /opt/stack/data/venv/lib/python3.12/site-packages/oslo_config/cfg.py:2824}}
Feb 17 20:32:55.967430 np0000156152 nova-scheduler[108719]: DEBUG cotyledon.oslo_config_glue [-] oslo_messaging_rabbit.ssl_enforce_fips_mode = False {{(pid=108719) log_opt_values /opt/stack/data/venv/lib/python3.12/site-packages/oslo_config/cfg.py:2824}}
Feb 17 20:32:55.967430 np0000156152 nova-scheduler[108719]: DEBUG cotyledon.oslo_config_glue [-] oslo_messaging_rabbit.ssl_key_file = {{(pid=108719) log_opt_values /opt/stack/data/venv/lib/python3.12/site-packages/oslo_config/cfg.py:2824}}
Feb 17 20:32:55.967629 np0000156152 nova-scheduler[108719]: DEBUG cotyledon.oslo_config_glue [-] oslo_messaging_rabbit.ssl_version = {{(pid=108719) log_opt_values /opt/stack/data/venv/lib/python3.12/site-packages/oslo_config/cfg.py:2824}}
Feb 17 20:32:55.967629 np0000156152 nova-scheduler[108719]: DEBUG cotyledon.oslo_config_glue [-] oslo_messaging_rabbit.use_queue_manager = False {{(pid=108719) log_opt_values /opt/stack/data/venv/lib/python3.12/site-packages/oslo_config/cfg.py:2824}}
Feb 17 20:32:55.967629 np0000156152 nova-scheduler[108719]: DEBUG cotyledon.oslo_config_glue [-] oslo_messaging_notifications.driver = ['messagingv2'] {{(pid=108719) log_opt_values /opt/stack/data/venv/lib/python3.12/site-packages/oslo_config/cfg.py:2824}}
Feb 17 20:32:55.967629 np0000156152 nova-scheduler[108719]: DEBUG cotyledon.oslo_config_glue [-] oslo_messaging_notifications.retry = -1 {{(pid=108719) log_opt_values /opt/stack/data/venv/lib/python3.12/site-packages/oslo_config/cfg.py:2824}}
Feb 17 20:32:55.967629 np0000156152 nova-scheduler[108719]: DEBUG cotyledon.oslo_config_glue [-] oslo_messaging_notifications.topics = ['notifications'] {{(pid=108719) log_opt_values /opt/stack/data/venv/lib/python3.12/site-packages/oslo_config/cfg.py:2824}}
Feb 17 20:32:55.967629 np0000156152 nova-scheduler[108719]: DEBUG cotyledon.oslo_config_glue [-] oslo_messaging_notifications.transport_url = **** {{(pid=108719) log_opt_values /opt/stack/data/venv/lib/python3.12/site-packages/oslo_config/cfg.py:2824}}
Feb 17 20:32:55.967629 np0000156152 nova-scheduler[108719]: DEBUG cotyledon.oslo_config_glue [-] oslo_limit.auth_section = None {{(pid=108719) log_opt_values /opt/stack/data/venv/lib/python3.12/site-packages/oslo_config/cfg.py:2824}}
Feb 17 20:32:55.967629 np0000156152 nova-scheduler[108719]: DEBUG cotyledon.oslo_config_glue [-] oslo_limit.auth_type = None {{(pid=108719) log_opt_values /opt/stack/data/venv/lib/python3.12/site-packages/oslo_config/cfg.py:2824}}
Feb 17 20:32:55.967629 np0000156152 nova-scheduler[108719]: DEBUG cotyledon.oslo_config_glue [-] oslo_limit.cafile = None {{(pid=108719) log_opt_values /opt/stack/data/venv/lib/python3.12/site-packages/oslo_config/cfg.py:2824}}
Feb 17 20:32:55.967868 np0000156152 nova-scheduler[108719]: DEBUG cotyledon.oslo_config_glue [-] oslo_limit.certfile = None {{(pid=108719) log_opt_values /opt/stack/data/venv/lib/python3.12/site-packages/oslo_config/cfg.py:2824}}
Feb 17 20:32:55.967868 np0000156152 nova-scheduler[108719]: DEBUG cotyledon.oslo_config_glue [-] oslo_limit.collect_timing = False {{(pid=108719) log_opt_values /opt/stack/data/venv/lib/python3.12/site-packages/oslo_config/cfg.py:2824}}
Feb 17 20:32:55.967868 np0000156152 nova-scheduler[108719]: DEBUG cotyledon.oslo_config_glue [-] oslo_limit.connect_retries = None {{(pid=108719) log_opt_values /opt/stack/data/venv/lib/python3.12/site-packages/oslo_config/cfg.py:2824}}
Feb 17 20:32:55.967868 np0000156152 nova-scheduler[108719]: DEBUG cotyledon.oslo_config_glue [-] oslo_limit.connect_retry_delay = None {{(pid=108719) log_opt_values /opt/stack/data/venv/lib/python3.12/site-packages/oslo_config/cfg.py:2824}}
Feb 17 20:32:55.967868 np0000156152 nova-scheduler[108719]: DEBUG cotyledon.oslo_config_glue [-] oslo_limit.endpoint_id = None {{(pid=108719) log_opt_values /opt/stack/data/venv/lib/python3.12/site-packages/oslo_config/cfg.py:2824}}
Feb 17 20:32:55.967868 np0000156152 nova-scheduler[108719]: DEBUG cotyledon.oslo_config_glue [-] oslo_limit.endpoint_interface = publicURL {{(pid=108719) log_opt_values /opt/stack/data/venv/lib/python3.12/site-packages/oslo_config/cfg.py:2824}}
Feb 17 20:32:55.967868 np0000156152 nova-scheduler[108719]: DEBUG cotyledon.oslo_config_glue [-] oslo_limit.endpoint_override = None {{(pid=108719) log_opt_values /opt/stack/data/venv/lib/python3.12/site-packages/oslo_config/cfg.py:2824}}
Feb 17 20:32:55.967868 np0000156152 nova-scheduler[108719]: DEBUG cotyledon.oslo_config_glue [-] oslo_limit.endpoint_region_name = None {{(pid=108719) log_opt_values /opt/stack/data/venv/lib/python3.12/site-packages/oslo_config/cfg.py:2824}}
Feb 17 20:32:55.967868 np0000156152 nova-scheduler[108719]: DEBUG cotyledon.oslo_config_glue [-] oslo_limit.endpoint_service_name = None {{(pid=108719) log_opt_values /opt/stack/data/venv/lib/python3.12/site-packages/oslo_config/cfg.py:2824}}
Feb 17 20:32:55.968080 np0000156152 nova-scheduler[108719]: DEBUG cotyledon.oslo_config_glue [-] oslo_limit.endpoint_service_type = None {{(pid=108719) log_opt_values /opt/stack/data/venv/lib/python3.12/site-packages/oslo_config/cfg.py:2824}}
Feb 17 20:32:55.968080 np0000156152 nova-scheduler[108719]: DEBUG cotyledon.oslo_config_glue [-] oslo_limit.insecure = False {{(pid=108719) log_opt_values /opt/stack/data/venv/lib/python3.12/site-packages/oslo_config/cfg.py:2824}}
Feb 17 20:32:55.968080 np0000156152 nova-scheduler[108719]: DEBUG cotyledon.oslo_config_glue [-] oslo_limit.keyfile = None {{(pid=108719) log_opt_values /opt/stack/data/venv/lib/python3.12/site-packages/oslo_config/cfg.py:2824}}
Feb 17 20:32:55.968080 np0000156152 nova-scheduler[108719]: DEBUG cotyledon.oslo_config_glue [-] oslo_limit.max_version = None {{(pid=108719) log_opt_values /opt/stack/data/venv/lib/python3.12/site-packages/oslo_config/cfg.py:2824}}
Feb 17 20:32:55.968080 np0000156152 nova-scheduler[108719]: DEBUG cotyledon.oslo_config_glue [-] oslo_limit.min_version = None {{(pid=108719) log_opt_values /opt/stack/data/venv/lib/python3.12/site-packages/oslo_config/cfg.py:2824}}
Feb 17 20:32:55.968080 np0000156152 nova-scheduler[108719]: DEBUG cotyledon.oslo_config_glue [-] oslo_limit.region_name = None {{(pid=108719) log_opt_values /opt/stack/data/venv/lib/python3.12/site-packages/oslo_config/cfg.py:2824}}
Feb 17 20:32:55.968080 np0000156152 nova-scheduler[108719]: DEBUG cotyledon.oslo_config_glue [-] oslo_limit.retriable_status_codes = None {{(pid=108719) log_opt_values /opt/stack/data/venv/lib/python3.12/site-packages/oslo_config/cfg.py:2824}}
Feb 17 20:32:55.968080 np0000156152 nova-scheduler[108719]: DEBUG cotyledon.oslo_config_glue [-] oslo_limit.service_name = None {{(pid=108719) log_opt_values /opt/stack/data/venv/lib/python3.12/site-packages/oslo_config/cfg.py:2824}}
Feb 17 20:32:55.968080 np0000156152 nova-scheduler[108719]: DEBUG cotyledon.oslo_config_glue [-] oslo_limit.service_type = None {{(pid=108719) log_opt_values /opt/stack/data/venv/lib/python3.12/site-packages/oslo_config/cfg.py:2824}}
Feb 17 20:32:55.968274 np0000156152 nova-scheduler[108719]: DEBUG cotyledon.oslo_config_glue [-] oslo_limit.split_loggers = False {{(pid=108719) log_opt_values /opt/stack/data/venv/lib/python3.12/site-packages/oslo_config/cfg.py:2824}}
Feb 17 20:32:55.968274 np0000156152 nova-scheduler[108719]: DEBUG cotyledon.oslo_config_glue [-] oslo_limit.status_code_retries = None {{(pid=108719) log_opt_values /opt/stack/data/venv/lib/python3.12/site-packages/oslo_config/cfg.py:2824}}
Feb 17 20:32:55.968274 np0000156152 nova-scheduler[108719]: DEBUG cotyledon.oslo_config_glue [-] oslo_limit.status_code_retry_delay = None {{(pid=108719) log_opt_values /opt/stack/data/venv/lib/python3.12/site-packages/oslo_config/cfg.py:2824}}
Feb 17 20:32:55.968274 np0000156152 nova-scheduler[108719]: DEBUG cotyledon.oslo_config_glue [-] oslo_limit.timeout = None {{(pid=108719) log_opt_values /opt/stack/data/venv/lib/python3.12/site-packages/oslo_config/cfg.py:2824}}
Feb 17 20:32:55.968274 np0000156152 nova-scheduler[108719]: DEBUG cotyledon.oslo_config_glue [-] oslo_limit.valid_interfaces = None {{(pid=108719) log_opt_values /opt/stack/data/venv/lib/python3.12/site-packages/oslo_config/cfg.py:2824}}
Feb 17 20:32:55.968274 np0000156152 nova-scheduler[108719]: DEBUG cotyledon.oslo_config_glue [-] oslo_limit.version = None {{(pid=108719) log_opt_values /opt/stack/data/venv/lib/python3.12/site-packages/oslo_config/cfg.py:2824}}
Feb 17 20:32:55.968274 np0000156152 nova-scheduler[108719]: DEBUG cotyledon.oslo_config_glue [-] oslo_reports.file_event_handler = None {{(pid=108719) log_opt_values /opt/stack/data/venv/lib/python3.12/site-packages/oslo_config/cfg.py:2824}}
Feb 17 20:32:55.968274 np0000156152 nova-scheduler[108719]: DEBUG cotyledon.oslo_config_glue [-] oslo_reports.file_event_handler_interval = 1 {{(pid=108719) log_opt_values /opt/stack/data/venv/lib/python3.12/site-packages/oslo_config/cfg.py:2824}}
Feb 17 20:32:55.968274 np0000156152 nova-scheduler[108719]: DEBUG cotyledon.oslo_config_glue [-] oslo_reports.log_dir = None {{(pid=108719) log_opt_values /opt/stack/data/venv/lib/python3.12/site-packages/oslo_config/cfg.py:2824}}
Feb 17 20:32:55.968461 np0000156152 nova-scheduler[108719]: DEBUG cotyledon.oslo_config_glue [-] ******************************************************************************** {{(pid=108719) log_opt_values /opt/stack/data/venv/lib/python3.12/site-packages/oslo_config/cfg.py:2828}}
Feb 17 20:32:55.968461 np0000156152 nova-scheduler[108719]: DEBUG cotyledon._service_worker [-] Run service ServiceWrapper(3) [108719] {{(pid=108719) wait_forever /opt/stack/data/venv/lib/python3.12/site-packages/cotyledon/_service_worker.py:218}}
Feb 17 20:32:55.968461 np0000156152 nova-scheduler[108719]: INFO nova.service [-] Starting scheduler node (version 32.1.0)
Feb 17 20:32:55.968528 np0000156152 nova-scheduler[108700]: DEBUG nova.service [None req-f5e9e3ce-ce5f-4731-8184-03797b9e3502 None None] Creating RPC server for service scheduler {{(pid=108700) start /opt/stack/nova/nova/service.py:177}}
Feb 17 20:32:55.968558 np0000156152 nova-scheduler[108708]: DEBUG oslo_db.sqlalchemy.engines [None req-ec67f714-d8e3-4784-ab53-fd3bc2b50e16 None None] MySQL server mode set to STRICT_TRANS_TABLES,STRICT_ALL_TABLES,NO_ZERO_IN_DATE,NO_ZERO_DATE,ERROR_FOR_DIVISION_BY_ZERO,TRADITIONAL,NO_ENGINE_SUBSTITUTION {{(pid=108708) _check_effective_sql_mode /opt/stack/data/venv/lib/python3.12/site-packages/oslo_db/sqlalchemy/engines.py:325}}
Feb 17 20:32:55.968586 np0000156152 nova-scheduler[108719]: INFO dbcounter [None req-98037968-f449-4fd2-8032-3026481d5c48 None None] Registered counter for database nova_cell0
Feb 17 20:32:55.968611 np0000156152 nova-scheduler[108691]: DEBUG nova.service [None req-b710f687-ff59-4eec-a7c7-eea59c912653 None None] Creating RPC server for service scheduler {{(pid=108691) start /opt/stack/nova/nova/service.py:177}}
Feb 17 20:32:55.968642 np0000156152 nova-scheduler[108719]: DEBUG oslo_db.sqlalchemy.engines [None req-98037968-f449-4fd2-8032-3026481d5c48 None None] MySQL server mode set to STRICT_TRANS_TABLES,STRICT_ALL_TABLES,NO_ZERO_IN_DATE,NO_ZERO_DATE,ERROR_FOR_DIVISION_BY_ZERO,TRADITIONAL,NO_ENGINE_SUBSTITUTION {{(pid=108719) _check_effective_sql_mode /opt/stack/data/venv/lib/python3.12/site-packages/oslo_db/sqlalchemy/engines.py:325}}
Feb 17 20:32:55.968684 np0000156152 nova-scheduler[108708]: DEBUG dbcounter [-] [108708] Writer thread running {{(pid=108708) stat_writer /opt/stack/data/venv/lib/python3.12/site-packages/dbcounter.py:102}}
Feb 17 20:32:55.968684 np0000156152 nova-scheduler[108708]: DEBUG nova.service [None req-ec67f714-d8e3-4784-ab53-fd3bc2b50e16 None None] Creating RPC server for service scheduler {{(pid=108708) start /opt/stack/nova/nova/service.py:177}}
Feb 17 20:32:55.968744 np0000156152 nova-scheduler[108719]: DEBUG dbcounter [-] [108719] Writer thread running {{(pid=108719) stat_writer /opt/stack/data/venv/lib/python3.12/site-packages/dbcounter.py:102}}
Feb 17 20:32:55.968744 np0000156152 nova-scheduler[108719]: DEBUG nova.service [None req-98037968-f449-4fd2-8032-3026481d5c48 None None] Creating RPC server for service scheduler {{(pid=108719) start /opt/stack/nova/nova/service.py:177}}
Feb 17 20:32:55.972003 np0000156152 nova-scheduler[108691]: DEBUG nova.service [None req-b710f687-ff59-4eec-a7c7-eea59c912653 None None] Join ServiceGroup membership for this service scheduler {{(pid=108691) start /opt/stack/nova/nova/service.py:194}}
Feb 17 20:32:55.972224 np0000156152 nova-scheduler[108691]: DEBUG nova.servicegroup.drivers.db [None req-b710f687-ff59-4eec-a7c7-eea59c912653 None None] DB_Driver: join new ServiceGroup member np0000156152 to the scheduler group, service = {{(pid=108691) join /opt/stack/nova/nova/servicegroup/drivers/db.py:44}}
Feb 17 20:32:55.972324 np0000156152 nova-scheduler[108700]: DEBUG nova.service [None req-f5e9e3ce-ce5f-4731-8184-03797b9e3502 None None] Join ServiceGroup membership for this service scheduler {{(pid=108700) start /opt/stack/nova/nova/service.py:194}}
Feb 17 20:32:55.973340 np0000156152 nova-scheduler[108700]: DEBUG nova.servicegroup.drivers.db [None req-f5e9e3ce-ce5f-4731-8184-03797b9e3502 None None] DB_Driver: join new ServiceGroup member np0000156152 to the scheduler group, service = {{(pid=108700) join /opt/stack/nova/nova/servicegroup/drivers/db.py:44}}
Feb 17 20:32:55.975580 np0000156152 nova-scheduler[108708]: DEBUG nova.service [None req-ec67f714-d8e3-4784-ab53-fd3bc2b50e16 None None] Join ServiceGroup membership for this service scheduler {{(pid=108708) start /opt/stack/nova/nova/service.py:194}}
Feb 17 20:32:55.975733 np0000156152 nova-scheduler[108708]: DEBUG nova.servicegroup.drivers.db [None req-ec67f714-d8e3-4784-ab53-fd3bc2b50e16 None None] DB_Driver: join new ServiceGroup member np0000156152 to the scheduler group, service = {{(pid=108708) join /opt/stack/nova/nova/servicegroup/drivers/db.py:44}}
Feb 17 20:32:55.984550 np0000156152 nova-scheduler[108719]: DEBUG nova.service [None req-98037968-f449-4fd2-8032-3026481d5c48 None None] Join ServiceGroup membership for this service scheduler {{(pid=108719) start /opt/stack/nova/nova/service.py:194}}
Feb 17 20:32:55.984800 np0000156152 nova-scheduler[108719]: DEBUG nova.servicegroup.drivers.db [None req-98037968-f449-4fd2-8032-3026481d5c48 None None] DB_Driver: join new ServiceGroup member np0000156152 to the scheduler group, service = {{(pid=108719) join /opt/stack/nova/nova/servicegroup/drivers/db.py:44}}
Feb 17 20:33:00.996402 np0000156152 nova-scheduler[108700]: DEBUG oslo.service.backend._threading.loopingcall [-] Fixed interval looping call 'nova.servicegroup.drivers.db.DbDriver._report_state' sleeping for 119.98 seconds {{(pid=108700) _run_loop /opt/stack/data/venv/lib/python3.12/site-packages/oslo_service/backend/_threading/loopingcall.py:125}}
Feb 17 20:33:00.998621 np0000156152 nova-scheduler[108691]: DEBUG oslo.service.backend._threading.loopingcall [-] Fixed interval looping call 'nova.servicegroup.drivers.db.DbDriver._report_state' sleeping for 119.98 seconds {{(pid=108691) _run_loop /opt/stack/data/venv/lib/python3.12/site-packages/oslo_service/backend/_threading/loopingcall.py:125}}
Feb 17 20:33:00.999521 np0000156152 nova-scheduler[108719]: DEBUG oslo.service.backend._threading.loopingcall [-] Fixed interval looping call 'nova.servicegroup.drivers.db.DbDriver._report_state' sleeping for 119.99 seconds {{(pid=108719) _run_loop /opt/stack/data/venv/lib/python3.12/site-packages/oslo_service/backend/_threading/loopingcall.py:125}}
Feb 17 20:33:01.000369 np0000156152 nova-scheduler[108708]: DEBUG oslo.service.backend._threading.loopingcall [-] Fixed interval looping call 'nova.servicegroup.drivers.db.DbDriver._report_state' sleeping for 119.98 seconds {{(pid=108708) _run_loop /opt/stack/data/venv/lib/python3.12/site-packages/oslo_service/backend/_threading/loopingcall.py:125}}
Feb 17 20:33:04.523811 np0000156152 nova-scheduler[107966]: DEBUG dbcounter [-] [107966] Writing DB stats nova_api:SELECT=3 {{(pid=107966) stat_writer /opt/stack/data/venv/lib/python3.12/site-packages/dbcounter.py:115}}
Feb 17 20:33:04.660295 np0000156152 nova-scheduler[107966]: DEBUG dbcounter [-] [107966] Writing DB stats nova_cell0:SELECT=1 {{(pid=107966) stat_writer /opt/stack/data/venv/lib/python3.12/site-packages/dbcounter.py:115}}
Feb 17 20:33:04.667390 np0000156152 nova-scheduler[107966]: DEBUG dbcounter [-] [107966] Writing DB stats nova_cell1:SELECT=1 {{(pid=107966) stat_writer /opt/stack/data/venv/lib/python3.12/site-packages/dbcounter.py:115}}
Feb 17 20:33:06.976660 np0000156152 nova-scheduler[108700]: DEBUG oslo.service.backend._threading.loopingcall [None req-1002a679-fb8b-4380-9726-80bfee7a5f18 None None] Dynamic interval looping call 'nova.service.Service.periodic_tasks' sleeping for 60.00 seconds {{(pid=108700) _run_loop /opt/stack/data/venv/lib/python3.12/site-packages/oslo_service/backend/_threading/loopingcall.py:125}}
Feb 17 20:33:10.985133 np0000156152 nova-scheduler[108700]: DEBUG dbcounter [-] [108700] Writing DB stats nova_cell0:SELECT=4,nova_cell0:INSERT=1,nova_cell0:UPDATE=1 {{(pid=108700) stat_writer /opt/stack/data/venv/lib/python3.12/site-packages/dbcounter.py:115}}
Feb 17 20:33:10.989972 np0000156152 nova-scheduler[108691]: DEBUG dbcounter [-] [108691] Writing DB stats nova_cell0:SELECT=5,nova_cell0:INSERT=1,nova_cell0:UPDATE=1 {{(pid=108691) stat_writer /opt/stack/data/venv/lib/python3.12/site-packages/dbcounter.py:115}}
Feb 17 20:33:10.996235 np0000156152 nova-scheduler[108719]: DEBUG dbcounter [-] [108719] Writing DB stats nova_cell0:SELECT=3 {{(pid=108719) stat_writer /opt/stack/data/venv/lib/python3.12/site-packages/dbcounter.py:115}}
Feb 17 20:33:10.999100 np0000156152 nova-scheduler[108708]: DEBUG dbcounter [-] [108708] Writing DB stats nova_cell0:SELECT=3,nova_cell0:UPDATE=1 {{(pid=108708) stat_writer /opt/stack/data/venv/lib/python3.12/site-packages/dbcounter.py:115}}
Feb 17 20:33:43.989024 np0000156152 nova-scheduler[108719]: DEBUG oslo.service.backend._threading.loopingcall [None req-e2db2e3d-3020-4ba4-a61a-8761c10a319a None None] Dynamic interval looping call 'nova.service.Service.periodic_tasks' sleeping for 60.00 seconds {{(pid=108719) _run_loop /opt/stack/data/venv/lib/python3.12/site-packages/oslo_service/backend/_threading/loopingcall.py:125}}
Feb 17 20:33:45.975096 np0000156152 nova-scheduler[108691]: DEBUG oslo.service.backend._threading.loopingcall [None req-5e03c1ba-58cf-4fcf-9f33-4da23b6f5a22 None None] Dynamic interval looping call 'nova.service.Service.periodic_tasks' sleeping for 60.00 seconds {{(pid=108691) _run_loop /opt/stack/data/venv/lib/python3.12/site-packages/oslo_service/backend/_threading/loopingcall.py:125}}
Feb 17 20:33:46.980317 np0000156152 nova-scheduler[108708]: DEBUG oslo.service.backend._threading.loopingcall [None req-4d90b866-59e2-4bf5-a14c-f3a8691ccd59 None None] Dynamic interval looping call 'nova.service.Service.periodic_tasks' sleeping for 60.00 seconds {{(pid=108708) _run_loop /opt/stack/data/venv/lib/python3.12/site-packages/oslo_service/backend/_threading/loopingcall.py:125}}
Feb 17 20:34:06.978713 np0000156152 nova-scheduler[108700]: DEBUG oslo.service.backend._threading.loopingcall [None req-1002a679-fb8b-4380-9726-80bfee7a5f18 None None] Dynamic interval looping call 'nova.service.Service.periodic_tasks' sleeping for 60.00 seconds {{(pid=108700) _run_loop /opt/stack/data/venv/lib/python3.12/site-packages/oslo_service/backend/_threading/loopingcall.py:125}}
Feb 17 20:34:43.989785 np0000156152 nova-scheduler[108719]: DEBUG oslo.service.backend._threading.loopingcall [None req-e2db2e3d-3020-4ba4-a61a-8761c10a319a None None] Dynamic interval looping call 'nova.service.Service.periodic_tasks' sleeping for 60.00 seconds {{(pid=108719) _run_loop /opt/stack/data/venv/lib/python3.12/site-packages/oslo_service/backend/_threading/loopingcall.py:125}}
Feb 17 20:34:45.975722 np0000156152 nova-scheduler[108691]: DEBUG oslo.service.backend._threading.loopingcall [None req-5e03c1ba-58cf-4fcf-9f33-4da23b6f5a22 None None] Dynamic interval looping call 'nova.service.Service.periodic_tasks' sleeping for 60.00 seconds {{(pid=108691) _run_loop /opt/stack/data/venv/lib/python3.12/site-packages/oslo_service/backend/_threading/loopingcall.py:125}}
Feb 17 20:34:46.981272 np0000156152 nova-scheduler[108708]: DEBUG oslo.service.backend._threading.loopingcall [None req-4d90b866-59e2-4bf5-a14c-f3a8691ccd59 None None] Dynamic interval looping call 'nova.service.Service.periodic_tasks' sleeping for 60.00 seconds {{(pid=108708) _run_loop /opt/stack/data/venv/lib/python3.12/site-packages/oslo_service/backend/_threading/loopingcall.py:125}}
Feb 17 20:35:00.987510 np0000156152 nova-scheduler[108700]: DEBUG oslo.service.backend._threading.loopingcall [-] Fixed interval looping call 'nova.servicegroup.drivers.db.DbDriver._report_state' sleeping for 119.99 seconds {{(pid=108700) _run_loop /opt/stack/data/venv/lib/python3.12/site-packages/oslo_service/backend/_threading/loopingcall.py:125}}
Feb 17 20:35:00.988073 np0000156152 nova-scheduler[108691]: DEBUG oslo.service.backend._threading.loopingcall [-] Fixed interval looping call 'nova.servicegroup.drivers.db.DbDriver._report_state' sleeping for 119.99 seconds {{(pid=108691) _run_loop /opt/stack/data/venv/lib/python3.12/site-packages/oslo_service/backend/_threading/loopingcall.py:125}}
Feb 17 20:35:00.988436 np0000156152 nova-scheduler[108708]: DEBUG oslo.service.backend._threading.loopingcall [-] Fixed interval looping call 'nova.servicegroup.drivers.db.DbDriver._report_state' sleeping for 119.99 seconds {{(pid=108708) _run_loop /opt/stack/data/venv/lib/python3.12/site-packages/oslo_service/backend/_threading/loopingcall.py:125}}
Feb 17 20:35:00.994948 np0000156152 nova-scheduler[108719]: DEBUG oslo.service.backend._threading.loopingcall [-] Fixed interval looping call 'nova.servicegroup.drivers.db.DbDriver._report_state' sleeping for 119.99 seconds {{(pid=108719) _run_loop /opt/stack/data/venv/lib/python3.12/site-packages/oslo_service/backend/_threading/loopingcall.py:125}}
Feb 17 20:35:06.979539 np0000156152 nova-scheduler[108700]: DEBUG oslo.service.backend._threading.loopingcall [None req-1002a679-fb8b-4380-9726-80bfee7a5f18 None None] Dynamic interval looping call 'nova.service.Service.periodic_tasks' sleeping for 60.00 seconds {{(pid=108700) _run_loop /opt/stack/data/venv/lib/python3.12/site-packages/oslo_service/backend/_threading/loopingcall.py:125}}
Feb 17 20:35:10.982649 np0000156152 nova-scheduler[108700]: DEBUG dbcounter [-] [108700] Writing DB stats nova_cell0:SELECT=1,nova_cell0:UPDATE=1 {{(pid=108700) stat_writer /opt/stack/data/venv/lib/python3.12/site-packages/dbcounter.py:115}}
Feb 17 20:35:10.983843 np0000156152 nova-scheduler[108691]: DEBUG dbcounter [-] [108691] Writing DB stats nova_cell0:SELECT=1,nova_cell0:UPDATE=1 {{(pid=108691) stat_writer /opt/stack/data/venv/lib/python3.12/site-packages/dbcounter.py:115}}
Feb 17 20:35:10.984759 np0000156152 nova-scheduler[108708]: DEBUG dbcounter [-] [108708] Writing DB stats nova_cell0:SELECT=1,nova_cell0:UPDATE=1 {{(pid=108708) stat_writer /opt/stack/data/venv/lib/python3.12/site-packages/dbcounter.py:115}}
Feb 17 20:35:10.992072 np0000156152 nova-scheduler[108719]: DEBUG dbcounter [-] [108719] Writing DB stats nova_cell0:SELECT=1 {{(pid=108719) stat_writer /opt/stack/data/venv/lib/python3.12/site-packages/dbcounter.py:115}}
Feb 17 20:35:43.990603 np0000156152 nova-scheduler[108719]: DEBUG oslo.service.backend._threading.loopingcall [None req-e2db2e3d-3020-4ba4-a61a-8761c10a319a None None] Dynamic interval looping call 'nova.service.Service.periodic_tasks' sleeping for 60.00 seconds {{(pid=108719) _run_loop /opt/stack/data/venv/lib/python3.12/site-packages/oslo_service/backend/_threading/loopingcall.py:125}}
Feb 17 20:35:45.976408 np0000156152 nova-scheduler[108691]: DEBUG oslo.service.backend._threading.loopingcall [None req-5e03c1ba-58cf-4fcf-9f33-4da23b6f5a22 None None] Dynamic interval looping call 'nova.service.Service.periodic_tasks' sleeping for 60.00 seconds {{(pid=108691) _run_loop /opt/stack/data/venv/lib/python3.12/site-packages/oslo_service/backend/_threading/loopingcall.py:125}}
Feb 17 20:35:46.982330 np0000156152 nova-scheduler[108708]: DEBUG oslo.service.backend._threading.loopingcall [None req-4d90b866-59e2-4bf5-a14c-f3a8691ccd59 None None] Dynamic interval looping call 'nova.service.Service.periodic_tasks' sleeping for 60.00 seconds {{(pid=108708) _run_loop /opt/stack/data/venv/lib/python3.12/site-packages/oslo_service/backend/_threading/loopingcall.py:125}}
Feb 17 20:36:06.980262 np0000156152 nova-scheduler[108700]: DEBUG oslo.service.backend._threading.loopingcall [None req-1002a679-fb8b-4380-9726-80bfee7a5f18 None None] Dynamic interval looping call 'nova.service.Service.periodic_tasks' sleeping for 60.00 seconds {{(pid=108700) _run_loop /opt/stack/data/venv/lib/python3.12/site-packages/oslo_service/backend/_threading/loopingcall.py:125}}
Feb 17 20:36:43.992683 np0000156152 nova-scheduler[108719]: DEBUG oslo.service.backend._threading.loopingcall [None req-e2db2e3d-3020-4ba4-a61a-8761c10a319a None None] Dynamic interval looping call 'nova.service.Service.periodic_tasks' sleeping for 60.00 seconds {{(pid=108719) _run_loop /opt/stack/data/venv/lib/python3.12/site-packages/oslo_service/backend/_threading/loopingcall.py:125}}
Feb 17 20:36:45.977330 np0000156152 nova-scheduler[108691]: DEBUG oslo.service.backend._threading.loopingcall [None req-5e03c1ba-58cf-4fcf-9f33-4da23b6f5a22 None None] Dynamic interval looping call 'nova.service.Service.periodic_tasks' sleeping for 60.00 seconds {{(pid=108691) _run_loop /opt/stack/data/venv/lib/python3.12/site-packages/oslo_service/backend/_threading/loopingcall.py:125}}
Feb 17 20:36:46.983290 np0000156152 nova-scheduler[108708]: DEBUG oslo.service.backend._threading.loopingcall [None req-4d90b866-59e2-4bf5-a14c-f3a8691ccd59 None None] Dynamic interval looping call 'nova.service.Service.periodic_tasks' sleeping for 60.00 seconds {{(pid=108708) _run_loop /opt/stack/data/venv/lib/python3.12/site-packages/oslo_service/backend/_threading/loopingcall.py:125}}
Feb 17 20:37:00.990761 np0000156152 nova-scheduler[108691]: DEBUG oslo.service.backend._threading.loopingcall [-] Fixed interval looping call 'nova.servicegroup.drivers.db.DbDriver._report_state' sleeping for 119.99 seconds {{(pid=108691) _run_loop /opt/stack/data/venv/lib/python3.12/site-packages/oslo_service/backend/_threading/loopingcall.py:125}}
Feb 17 20:37:00.993581 np0000156152 nova-scheduler[108700]: DEBUG oslo.service.backend._threading.loopingcall [-] Fixed interval looping call 'nova.servicegroup.drivers.db.DbDriver._report_state' sleeping for 119.98 seconds {{(pid=108700) _run_loop /opt/stack/data/venv/lib/python3.12/site-packages/oslo_service/backend/_threading/loopingcall.py:125}}
