2026-06-24 19:12:28.433 9 INFO neutron.db.ovn_revision_numbers_db [None req-b1a45443-d706-4c14-9cc4-c82eb7a70b7f 293041c3d1c44f58882016c7f9f1c629 83e00930fe284582a0d4538e1710b04a - - default default] Successfully bumped revision number for resource 62100bd8-0649-4317-bf11-faa45d2b58f6 (type: security_group_rules) to 0
2026-06-24 19:12:28.444 9 INFO neutron.db.ovn_revision_numbers_db [None req-b1a45443-d706-4c14-9cc4-c82eb7a70b7f 293041c3d1c44f58882016c7f9f1c629 83e00930fe284582a0d4538e1710b04a - - default default] Successfully bumped revision number for resource 9fd89a14-b9f7-422d-a570-6812b5c98857 (type: security_group_rules) to 0
2026-06-24 19:12:28.456 9 INFO neutron.db.ovn_revision_numbers_db [None req-b1a45443-d706-4c14-9cc4-c82eb7a70b7f 293041c3d1c44f58882016c7f9f1c629 83e00930fe284582a0d4538e1710b04a - - default default] Successfully bumped revision number for resource cde4707c-6b52-41f7-a3f0-de28c688a997 (type: security_group_rules) to 0
2026-06-24 19:12:28.495 9 INFO neutron.api.wsgi [None req-b1a45443-d706-4c14-9cc4-c82eb7a70b7f 293041c3d1c44f58882016c7f9f1c629 83e00930fe284582a0d4538e1710b04a - - default default] 10.0.0.30 "GET /v2.0/security-groups?tenant_id=51765dc993534313bb8d22315e63771d&name=default HTTP/1.1" status: 200 len: 3120 time: 0.2028990
2026-06-24 19:12:28.803 9 INFO neutron.api.wsgi [None req-4d7680d3-7cea-4697-8823-efff65d82f2d 293041c3d1c44f58882016c7f9f1c629 83e00930fe284582a0d4538e1710b04a - - default default] 10.0.0.30 "DELETE /v2.0/security-groups/9ae43a1b-46ce-43d3-a2cf-a7e4a8ac750e HTTP/1.1" status: 204 len: 168 time: 0.3018169
2026-06-24 19:12:28.884 10 INFO neutron.services.segments.plugin [-] Segment bc525e7e-8921-4e2d-a89f-6a02c7db1679 resource provider aggregate not found
2026-06-24 19:12:28.888 10 INFO neutron.services.segments.plugin [-] Segment bc525e7e-8921-4e2d-a89f-6a02c7db1679 resource provider aggregate not found
2026-06-24 19:12:28.893 10 INFO neutron.services.segments.plugin [-] Segment bc525e7e-8921-4e2d-a89f-6a02c7db1679 resource provider not found; error: Placement Client Error (4xx): {"errors": [{"status": 404, "title": "Not Found", "detail": "The resource could not be found.\n\n No resource provider with uuid bc525e7e-8921-4e2d-a89f-6a02c7db1679 found for delete ", "request_id": "req-5b825da9-ec6d-403f-a353-af7c517361ea"}]}
2026-06-24 19:12:28.900 10 INFO neutron.services.segments.plugin [-] Segment bc525e7e-8921-4e2d-a89f-6a02c7db1679 resource provider not found; error: Placement Client Error (4xx): {"errors": [{"status": 404, "title": "Not Found", "detail": "The resource could not be found.\n\n No resource provider with uuid bc525e7e-8921-4e2d-a89f-6a02c7db1679 found for delete ", "request_id": "req-c82eefcf-93bc-428b-8c4a-7111fef6801d"}]}
2026-06-24 19:12:28.904 10 INFO neutron.services.segments.plugin [-] Segment e4da22d1-f42b-4092-a821-18088ea24aaf resource provider aggregate not found
2026-06-24 19:12:28.912 10 INFO neutron.services.segments.plugin [-] Segment e4da22d1-f42b-4092-a821-18088ea24aaf resource provider aggregate not found
2026-06-24 19:12:28.918 10 INFO neutron.services.segments.plugin [-] Segment e4da22d1-f42b-4092-a821-18088ea24aaf resource provider not found; error: Placement Client Error (4xx): {"errors": [{"status": 404, "title": "Not Found", "detail": "The resource could not be found.\n\n No resource provider with uuid e4da22d1-f42b-4092-a821-18088ea24aaf found for delete ", "request_id": "req-6db258d1-d0e1-4682-aaf3-4b0eed21c1f7"}]}
2026-06-24 19:12:28.925 10 INFO neutron.services.segments.plugin [-] Segment e4da22d1-f42b-4092-a821-18088ea24aaf resource provider not found; error: Placement Client Error (4xx): {"errors": [{"status": 404, "title": "Not Found", "detail": "The resource could not be found.\n\n No resource provider with uuid e4da22d1-f42b-4092-a821-18088ea24aaf found for delete ", "request_id": "req-6893fab0-84da-4f82-8732-e4c19b2e3f42"}]}
2026-06-24 19:12:28.933 10 INFO neutron.services.segments.plugin [-] Segment b0529055-4ed9-416c-a194-47d8f46ec524 resource provider aggregate not found
2026-06-24 19:12:28.941 10 INFO neutron.services.segments.plugin [-] Segment b0529055-4ed9-416c-a194-47d8f46ec524 resource provider aggregate not found
2026-06-24 19:12:28.947 10 INFO neutron.services.segments.plugin [-] Segment b0529055-4ed9-416c-a194-47d8f46ec524 resource provider not found; error: Placement Client Error (4xx): {"errors": [{"status": 404, "title": "Not Found", "detail": "The resource could not be found.\n\n No resource provider with uuid b0529055-4ed9-416c-a194-47d8f46ec524 found for delete ", "request_id": "req-a9efd891-b606-49a4-b327-622c3af47c77"}]}
2026-06-24 19:12:28.957 10 INFO neutron.services.segments.plugin [-] Segment b0529055-4ed9-416c-a194-47d8f46ec524 resource provider not found; error: Placement Client Error (4xx): {"errors": [{"status": 404, "title": "Not Found", "detail": "The resource could not be found.\n\n No resource provider with uuid b0529055-4ed9-416c-a194-47d8f46ec524 found for delete ", "request_id": "req-3de95a9e-547d-4b5a-bb59-0ecccdcbb04d"}]}
2026-06-24 19:12:29.009 9 INFO neutron.db.ovn_revision_numbers_db [None req-5876f990-316b-47a0-bbef-86a0df3f2ce0 293041c3d1c44f58882016c7f9f1c629 83e00930fe284582a0d4538e1710b04a - - default default] Successfully bumped revision number for resource 8395b3f3-8904-42ac-9eb6-d206b3b76218 (type: security_groups) to 1
2026-06-24 19:12:29.035 9 INFO neutron.db.ovn_revision_numbers_db [None req-5876f990-316b-47a0-bbef-86a0df3f2ce0 293041c3d1c44f58882016c7f9f1c629 83e00930fe284582a0d4538e1710b04a - - default default] Successfully bumped revision number for resource 1a741c23-464b-4c36-bafa-efdb48778b4b (type: security_group_rules) to 0
2026-06-24 19:12:29.053 9 INFO neutron.db.ovn_revision_numbers_db [None req-5876f990-316b-47a0-bbef-86a0df3f2ce0 293041c3d1c44f58882016c7f9f1c629 83e00930fe284582a0d4538e1710b04a - - default default] Successfully bumped revision number for resource 62421253-7e12-43fd-a58d-7eca97aced3f (type: security_group_rules) to 0
2026-06-24 19:12:29.068 9 INFO neutron.db.ovn_revision_numbers_db [None req-5876f990-316b-47a0-bbef-86a0df3f2ce0 293041c3d1c44f58882016c7f9f1c629 83e00930fe284582a0d4538e1710b04a - - default default] Successfully bumped revision number for resource b97bf02a-c8a4-4c7a-8778-52f4006ed17d (type: security_group_rules) to 0
2026-06-24 19:12:29.085 9 INFO neutron.db.ovn_revision_numbers_db [None req-5876f990-316b-47a0-bbef-86a0df3f2ce0 293041c3d1c44f58882016c7f9f1c629 83e00930fe284582a0d4538e1710b04a - - default default] Successfully bumped revision number for resource cb9cd791-337a-4240-9bde-6247c851222e (type: security_group_rules) to 0
2026-06-24 19:12:29.123 9 INFO neutron.api.wsgi [None req-5876f990-316b-47a0-bbef-86a0df3f2ce0 293041c3d1c44f58882016c7f9f1c629 83e00930fe284582a0d4538e1710b04a - - default default] 10.0.0.30 "GET /v2.0/security-groups?tenant_id=7c93d539699f4b5f866a17428c0d7394&name=default HTTP/1.1" status: 200 len: 3120 time: 0.3917928
2026-06-24 19:12:29.352 9 INFO neutron.api.wsgi [None req-b9d700a6-2e56-4a0c-8625-713749d9716f 293041c3d1c44f58882016c7f9f1c629 83e00930fe284582a0d4538e1710b04a - - default default] 10.0.0.30 "DELETE /v2.0/security-groups/8395b3f3-8904-42ac-9eb6-d206b3b76218 HTTP/1.1" status: 204 len: 168 time: 0.2174995
2026-06-24 19:12:29.487 10 INFO neutron.api.wsgi [None req-2289019d-9a5d-4aee-9b2e-b4999e7af212 293041c3d1c44f58882016c7f9f1c629 83e00930fe284582a0d4538e1710b04a - - default default] 10.0.0.30 "GET /v2.0/security-groups?tenant_id=23e084ec4e75441587b69bae626be7b5&name=default HTTP/1.1" status: 200 len: 3120 time: 0.0326319
2026-06-24 19:12:29.706 10 INFO neutron.api.wsgi [None req-bbe0b0c0-7cd4-4471-b109-bafa799f2562 293041c3d1c44f58882016c7f9f1c629 83e00930fe284582a0d4538e1710b04a - - default default] 10.0.0.30 "DELETE /v2.0/security-groups/8787d10c-e98c-4be5-8437-49767d8d033c HTTP/1.1" status: 204 len: 168 time: 0.2135539
2026-06-24 19:12:29.909 9 INFO neutron.db.ovn_revision_numbers_db [None req-b2398815-9725-4e6e-a8d2-0b0a62c041f4 293041c3d1c44f58882016c7f9f1c629 83e00930fe284582a0d4538e1710b04a - - default default] Successfully bumped revision number for resource d6991232-df06-4497-ac33-0b1e051e0599 (type: security_groups) to 1
2026-06-24 19:12:29.940 9 INFO neutron.db.ovn_revision_numbers_db [None req-b2398815-9725-4e6e-a8d2-0b0a62c041f4 293041c3d1c44f58882016c7f9f1c629 83e00930fe284582a0d4538e1710b04a - - default default] Successfully bumped revision number for resource 16107111-0e48-4557-a132-8685a548b7fa (type: security_group_rules) to 0
2026-06-24 19:12:29.966 9 INFO neutron.db.ovn_revision_numbers_db [None req-b2398815-9725-4e6e-a8d2-0b0a62c041f4 293041c3d1c44f58882016c7f9f1c629 83e00930fe284582a0d4538e1710b04a - - default default] Successfully bumped revision number for resource 3a817816-3be7-45e0-b536-090690561d8d (type: security_group_rules) to 0
2026-06-24 19:12:29.991 9 INFO neutron.db.ovn_revision_numbers_db [None req-b2398815-9725-4e6e-a8d2-0b0a62c041f4 293041c3d1c44f58882016c7f9f1c629 83e00930fe284582a0d4538e1710b04a - - default default] Successfully bumped revision number for resource a2f93c47-7b14-4ef6-acbd-c99db4cb3175 (type: security_group_rules) to 0
2026-06-24 19:12:30.002 10 WARNING neutron_lib.context [None req-87add33a-0bb5-40ea-9972-3fa8eaeeeb0f 5329cc488bcb419aa3eb0050fdfb23f7 49ae20f4a0424f1b8a77e60c09241616 - - default default] Method 'is_advsvc' is deprecated since 2023.2 release (neutron-lib 3.8.0) and will be removed once support for the old RBAC API policies will be removed from Neutron. Please use method 'is_service_role' instead.
2026-06-24 19:12:30.006 9 INFO neutron.db.ovn_revision_numbers_db [None req-b2398815-9725-4e6e-a8d2-0b0a62c041f4 293041c3d1c44f58882016c7f9f1c629 83e00930fe284582a0d4538e1710b04a - - default default] Successfully bumped revision number for resource b027ead4-ff0e-41a8-a9b3-7deba4c531be (type: security_group_rules) to 0
2026-06-24 19:12:30.048 9 INFO neutron.api.wsgi [None req-b2398815-9725-4e6e-a8d2-0b0a62c041f4 293041c3d1c44f58882016c7f9f1c629 83e00930fe284582a0d4538e1710b04a - - default default] 10.0.0.30 "GET /v2.0/security-groups?tenant_id=825be90b65b6477db92d3a7782cabc5c&name=default HTTP/1.1" status: 200 len: 3120 time: 0.2629840
2026-06-24 19:12:30.151 9 INFO neutron.api.wsgi [req-9e229cff-3df5-4866-8153-90458028e965 req-39590b2e-f3ee-4211-ae6d-250346a5edcc 16a751e4d43945aea1f12649bca1580d e4904095b6f242b6963b29c23c7a5ab7 - - fe8001579ed44485b69939a499861bca fe8001579ed44485b69939a499861bca] 10.0.0.205 "GET /v2.0/ports?device_id=3dfaa316-bbe5-4a95-b7f0-429e21f9ed3f HTTP/1.1" status: 200 len: 1409 time: 0.4009697
2026-06-24 19:12:30.186 10 INFO neutron.db.ovn_revision_numbers_db [None req-87add33a-0bb5-40ea-9972-3fa8eaeeeb0f 5329cc488bcb419aa3eb0050fdfb23f7 49ae20f4a0424f1b8a77e60c09241616 - - default default] Successfully bumped revision number for resource 09372ad7-3af9-4520-bfa4-f0ffff854a42 (type: security_groups) to 1
2026-06-24 19:12:30.202 9 INFO neutron.api.wsgi [req-9e229cff-3df5-4866-8153-90458028e965 req-07754c06-27a4-47af-b518-2acd09b10c35 16a751e4d43945aea1f12649bca1580d e4904095b6f242b6963b29c23c7a5ab7 - - fe8001579ed44485b69939a499861bca fe8001579ed44485b69939a499861bca] 10.0.0.205 "GET /v2.0/security-groups?id=ca942263-039f-4eef-b009-245c84479676&fields=id&fields=name HTTP/1.1" status: 200 len: 313 time: 0.0420084
2026-06-24 19:12:30.203 10 INFO neutron.db.ovn_revision_numbers_db [None req-87add33a-0bb5-40ea-9972-3fa8eaeeeb0f 5329cc488bcb419aa3eb0050fdfb23f7 49ae20f4a0424f1b8a77e60c09241616 - - default default] Successfully bumped revision number for resource 02586d2c-87f7-4e5c-8854-9eb94518e372 (type: security_group_rules) to 0
2026-06-24 19:12:30.224 10 INFO neutron.db.ovn_revision_numbers_db [None req-87add33a-0bb5-40ea-9972-3fa8eaeeeb0f 5329cc488bcb419aa3eb0050fdfb23f7 49ae20f4a0424f1b8a77e60c09241616 - - default default] Successfully bumped revision number for resource 4c4c383c-585c-479e-bcd7-00b29d5eca99 (type: security_group_rules) to 0
2026-06-24 19:12:30.240 10 INFO neutron.db.ovn_revision_numbers_db [None req-87add33a-0bb5-40ea-9972-3fa8eaeeeb0f 5329cc488bcb419aa3eb0050fdfb23f7 49ae20f4a0424f1b8a77e60c09241616 - - default default] Successfully bumped revision number for resource 9ce14269-2b11-4ed1-83fa-0969333f8e99 (type: security_group_rules) to 0
2026-06-24 19:12:30.256 10 INFO neutron.db.ovn_revision_numbers_db [None req-87add33a-0bb5-40ea-9972-3fa8eaeeeb0f 5329cc488bcb419aa3eb0050fdfb23f7 49ae20f4a0424f1b8a77e60c09241616 - - default default] Successfully bumped revision number for resource ed21bc36-4a27-43b1-bb7b-1e1642578e95 (type: security_group_rules) to 0
2026-06-24 19:12:30.351 9 INFO neutron.api.wsgi [None req-e1a2791e-2eef-4bcc-9209-f34326253ef1 293041c3d1c44f58882016c7f9f1c629 83e00930fe284582a0d4538e1710b04a - - default default] 10.0.0.30 "DELETE /v2.0/security-groups/d6991232-df06-4497-ac33-0b1e051e0599 HTTP/1.1" status: 204 len: 168 time: 0.2947690
2026-06-24 19:12:30.384 10 INFO neutron.db.ovn_revision_numbers_db [None req-87add33a-0bb5-40ea-9972-3fa8eaeeeb0f 5329cc488bcb419aa3eb0050fdfb23f7 49ae20f4a0424f1b8a77e60c09241616 - - default default] Successfully bumped revision number for resource 9c39b0fd-8592-4be1-86b8-c283f892c5df (type: security_groups) to 1
2026-06-24 19:12:30.396 10 INFO neutron.db.ovn_revision_numbers_db [None req-87add33a-0bb5-40ea-9972-3fa8eaeeeb0f 5329cc488bcb419aa3eb0050fdfb23f7 49ae20f4a0424f1b8a77e60c09241616 - - default default] Successfully bumped revision number for resource 4ac9d50a-a1cf-407b-b0b1-b5e68e77aaa5 (type: security_group_rules) to 0
2026-06-24 19:12:30.409 10 INFO neutron.db.ovn_revision_numbers_db [None req-87add33a-0bb5-40ea-9972-3fa8eaeeeb0f 5329cc488bcb419aa3eb0050fdfb23f7 49ae20f4a0424f1b8a77e60c09241616 - - default default] Successfully bumped revision number for resource 70eaaa29-7716-437b-8e84-30c5ba207d29 (type: security_group_rules) to 0
2026-06-24 19:12:30.447 10 INFO neutron.api.wsgi [None req-87add33a-0bb5-40ea-9972-3fa8eaeeeb0f 5329cc488bcb419aa3eb0050fdfb23f7 49ae20f4a0424f1b8a77e60c09241616 - - default default] 10.0.0.30 "POST /v2.0/security-groups HTTP/1.1" status: 201 len: 1824 time: 0.5066249
2026-06-24 19:12:30.517 10 INFO neutron.api.wsgi [None req-3c615ba5-3d47-4aca-aebf-d952916eb825 5329cc488bcb419aa3eb0050fdfb23f7 49ae20f4a0424f1b8a77e60c09241616 - - default default] 10.0.0.30 "GET /v2.0/security-groups HTTP/1.1" status: 200 len: 4724 time: 0.0644803
2026-06-24 19:12:30.598 10 INFO neutron.db.ovn_revision_numbers_db [None req-3d60af5e-db94-4eb6-9bf6-e6c6aa193e61 5329cc488bcb419aa3eb0050fdfb23f7 49ae20f4a0424f1b8a77e60c09241616 - - default default] Successfully bumped revision number for resource 9c39b0fd-8592-4be1-86b8-c283f892c5df (type: security_groups) to 2
2026-06-24 19:12:30.622 10 INFO neutron.api.wsgi [None req-3d60af5e-db94-4eb6-9bf6-e6c6aa193e61 5329cc488bcb419aa3eb0050fdfb23f7 49ae20f4a0424f1b8a77e60c09241616 - - default default] 10.0.0.30 "PUT /v2.0/security-groups/9c39b0fd-8592-4be1-86b8-c283f892c5df HTTP/1.1" status: 200 len: 1858 time: 0.0995417
2026-06-24 19:12:30.652 10 INFO neutron.api.wsgi [None req-68fa6063-353c-4f86-874e-c4e20623238d 5329cc488bcb419aa3eb0050fdfb23f7 49ae20f4a0424f1b8a77e60c09241616 - - default default] 10.0.0.30 "GET /v2.0/security-groups/9c39b0fd-8592-4be1-86b8-c283f892c5df HTTP/1.1" status: 200 len: 1858 time: 0.0234730
2026-06-24 19:12:30.789 10 INFO neutron.api.wsgi [None req-39eab493-3737-4570-abc2-1a96bb563bfd 5329cc488bcb419aa3eb0050fdfb23f7 49ae20f4a0424f1b8a77e60c09241616 - - default default] 10.0.0.30 "DELETE /v2.0/security-groups/9c39b0fd-8592-4be1-86b8-c283f892c5df HTTP/1.1" status: 204 len: 168 time: 0.1318023
2026-06-24 19:12:30.858 9 INFO neutron.api.wsgi [None req-096cab9f-c213-4668-824d-ecc7a95f5765 5329cc488bcb419aa3eb0050fdfb23f7 49ae20f4a0424f1b8a77e60c09241616 - - default default] 10.0.0.30 "GET /v2.0/security-groups HTTP/1.1" status: 200 len: 3120 time: 0.0595415
2026-06-24 19:12:30.879 9 INFO neutron.api.v2.resource [None req-5893e74f-a811-47c2-a497-4bca9d04d537 5329cc488bcb419aa3eb0050fdfb23f7 49ae20f4a0424f1b8a77e60c09241616 - - default default] delete failed (client error): The resource could not be found.
2026-06-24 19:12:30.881 9 INFO neutron.api.wsgi [None req-5893e74f-a811-47c2-a497-4bca9d04d537 5329cc488bcb419aa3eb0050fdfb23f7 49ae20f4a0424f1b8a77e60c09241616 - - default default] 10.0.0.30 "DELETE /v2.0/security-groups/9c39b0fd-8592-4be1-86b8-c283f892c5df HTTP/1.1" status: 404 len: 347 time: 0.0163128
2026-06-24 19:12:30.896 9 WARNING neutron_lib.context [None req-dfa3b4d8-51da-470e-96e9-db570c3d5f29 5329cc488bcb419aa3eb0050fdfb23f7 49ae20f4a0424f1b8a77e60c09241616 - - default default] Method 'is_advsvc' is deprecated since 2023.2 release (neutron-lib 3.8.0) and will be removed once support for the old RBAC API policies will be removed from Neutron. Please use method 'is_service_role' instead.
2026-06-24 19:12:31.033 9 INFO neutron.db.ovn_revision_numbers_db [None req-dfa3b4d8-51da-470e-96e9-db570c3d5f29 5329cc488bcb419aa3eb0050fdfb23f7 49ae20f4a0424f1b8a77e60c09241616 - - default default] Successfully bumped revision number for resource f33b038f-6ae5-4697-ad20-c662979bc1c7 (type: security_groups) to 1
2026-06-24 19:12:31.046 9 INFO neutron.db.ovn_revision_numbers_db [None req-dfa3b4d8-51da-470e-96e9-db570c3d5f29 5329cc488bcb419aa3eb0050fdfb23f7 49ae20f4a0424f1b8a77e60c09241616 - - default default] Successfully bumped revision number for resource 30358472-0568-4927-bdba-bbccd4d4206f (type: security_group_rules) to 0
2026-06-24 19:12:31.060 9 INFO neutron.db.ovn_revision_numbers_db [None req-dfa3b4d8-51da-470e-96e9-db570c3d5f29 5329cc488bcb419aa3eb0050fdfb23f7 49ae20f4a0424f1b8a77e60c09241616 - - default default] Successfully bumped revision number for resource c69cc1e6-2811-4598-89da-bb3be15965d8 (type: security_group_rules) to 0
2026-06-24 19:12:31.098 9 INFO neutron.api.wsgi [None req-dfa3b4d8-51da-470e-96e9-db570c3d5f29 5329cc488bcb419aa3eb0050fdfb23f7 49ae20f4a0424f1b8a77e60c09241616 - - default default] 10.0.0.30 "POST /v2.0/security-groups HTTP/1.1" status: 201 len: 1824 time: 0.2090752
2026-06-24 19:12:31.109 9 WARNING neutron_lib.context [None req-35715c3d-4f55-452c-ad30-a5726767dbf8 5329cc488bcb419aa3eb0050fdfb23f7 49ae20f4a0424f1b8a77e60c09241616 - - default default] Method 'is_advsvc' is deprecated since 2023.2 release (neutron-lib 3.8.0) and will be removed once support for the old RBAC API policies will be removed from Neutron. Please use method 'is_service_role' instead.
2026-06-24 19:12:31.229 9 INFO neutron.db.ovn_revision_numbers_db [None req-35715c3d-4f55-452c-ad30-a5726767dbf8 5329cc488bcb419aa3eb0050fdfb23f7 49ae20f4a0424f1b8a77e60c09241616 - - default default] Successfully bumped revision number for resource 74dc4285-2a1b-47e5-b580-4afb89b4d0f1 (type: security_group_rules) to 0
2026-06-24 19:12:31.262 9 INFO neutron.api.wsgi [None req-35715c3d-4f55-452c-ad30-a5726767dbf8 5329cc488bcb419aa3eb0050fdfb23f7 49ae20f4a0424f1b8a77e60c09241616 - - default default] 10.0.0.30 "POST /v2.0/security-group-rules HTTP/1.1" status: 201 len: 800 time: 0.1570528
2026-06-24 19:12:31.286 9 INFO neutron.api.wsgi [None req-85db1af0-50cb-4ce3-9373-495b82c2c192 5329cc488bcb419aa3eb0050fdfb23f7 49ae20f4a0424f1b8a77e60c09241616 - - default default] 10.0.0.30 "GET /v2.0/security-group-rules/74dc4285-2a1b-47e5-b580-4afb89b4d0f1 HTTP/1.1" status: 200 len: 795 time: 0.0174053
2026-06-24 19:12:31.330 10 INFO neutron.db.ovn_revision_numbers_db [None req-4dff01ed-57e3-4682-a805-b5e1ed450b88 293041c3d1c44f58882016c7f9f1c629 83e00930fe284582a0d4538e1710b04a - - default default] Successfully bumped revision number for resource eb9e63c7-4be9-4bfc-9e0d-c80781fef089 (type: security_groups) to 1
2026-06-24 19:12:31.346 10 INFO neutron.db.ovn_revision_numbers_db [None req-4dff01ed-57e3-4682-a805-b5e1ed450b88 293041c3d1c44f58882016c7f9f1c629 83e00930fe284582a0d4538e1710b04a - - default default] Successfully bumped revision number for resource 02bfb588-6024-451f-b255-99de33f2b285 (type: security_group_rules) to 0
2026-06-24 19:12:31.362 10 INFO neutron.db.ovn_revision_numbers_db [None req-4dff01ed-57e3-4682-a805-b5e1ed450b88 293041c3d1c44f58882016c7f9f1c629 83e00930fe284582a0d4538e1710b04a - - default default] Successfully bumped revision number for resource caa86b1a-9119-4255-8ef8-65b2b561088b (type: security_group_rules) to 0
2026-06-24 19:12:31.376 9 INFO neutron.api.wsgi [None req-3a39275d-000d-4308-84d6-d0c6658cfe11 5329cc488bcb419aa3eb0050fdfb23f7 49ae20f4a0424f1b8a77e60c09241616 - - default default] 10.0.0.30 "GET /v2.0/security-group-rules HTTP/1.1" status: 200 len: 4333 time: 0.0839121
2026-06-24 19:12:31.378 10 INFO neutron.db.ovn_revision_numbers_db [None req-4dff01ed-57e3-4682-a805-b5e1ed450b88 293041c3d1c44f58882016c7f9f1c629 83e00930fe284582a0d4538e1710b04a - - default default] Successfully bumped revision number for resource cdc534d6-9284-4a9c-b73d-ef6379b549b9 (type: security_group_rules) to 0
2026-06-24 19:12:31.393 10 INFO neutron.db.ovn_revision_numbers_db [None req-4dff01ed-57e3-4682-a805-b5e1ed450b88 293041c3d1c44f58882016c7f9f1c629 83e00930fe284582a0d4538e1710b04a - - default default] Successfully bumped revision number for resource d86af3a8-1454-44ad-8820-464ef245bc3e (type: security_group_rules) to 0
2026-06-24 19:12:31.443 10 INFO neutron.api.wsgi [None req-4dff01ed-57e3-4682-a805-b5e1ed450b88 293041c3d1c44f58882016c7f9f1c629 83e00930fe284582a0d4538e1710b04a - - default default] 10.0.0.30 "GET /v2.0/security-groups?tenant_id=cf7effdef23b404296ebee0b629e6bb4&name=default HTTP/1.1" status: 200 len: 3120 time: 0.3106446
2026-06-24 19:12:31.496 9 INFO neutron.api.wsgi [None req-e6754143-1778-48ad-88e1-75a97b29fc7c 5329cc488bcb419aa3eb0050fdfb23f7 49ae20f4a0424f1b8a77e60c09241616 - - default default] 10.0.0.30 "DELETE /v2.0/security-group-rules/74dc4285-2a1b-47e5-b580-4afb89b4d0f1 HTTP/1.1" status: 204 len: 168 time: 0.1127205
2026-06-24 19:12:31.555 9 INFO neutron.api.wsgi [None req-cac67ae7-b249-49ca-ba56-358283b5b632 5329cc488bcb419aa3eb0050fdfb23f7 49ae20f4a0424f1b8a77e60c09241616 - - default default] 10.0.0.30 "GET /v2.0/security-group-rules HTTP/1.1" status: 200 len: 3755 time: 0.0517683
2026-06-24 19:12:31.569 9 WARNING neutron_lib.context [None req-fa342715-c0c0-4eef-8b94-3350fada44e3 5329cc488bcb419aa3eb0050fdfb23f7 49ae20f4a0424f1b8a77e60c09241616 - - default default] Method 'is_advsvc' is deprecated since 2023.2 release (neutron-lib 3.8.0) and will be removed once support for the old RBAC API policies will be removed from Neutron. Please use method 'is_service_role' instead.
2026-06-24 19:12:31.651 10 INFO neutron.api.wsgi [None req-80f23da5-26f0-441e-92d7-7e73a7d0f3d9 293041c3d1c44f58882016c7f9f1c629 83e00930fe284582a0d4538e1710b04a - - default default] 10.0.0.30 "DELETE /v2.0/security-groups/eb9e63c7-4be9-4bfc-9e0d-c80781fef089 HTTP/1.1" status: 204 len: 168 time: 0.2028446
2026-06-24 19:12:31.681 9 INFO neutron.db.ovn_revision_numbers_db [None req-fa342715-c0c0-4eef-8b94-3350fada44e3 5329cc488bcb419aa3eb0050fdfb23f7 49ae20f4a0424f1b8a77e60c09241616 - - default default] Successfully bumped revision number for resource b9dff899-16e6-495b-bfb9-c196728be26f (type: security_group_rules) to 0
2026-06-24 19:12:31.967 9 INFO neutron.api.wsgi [None req-fa342715-c0c0-4eef-8b94-3350fada44e3 5329cc488bcb419aa3eb0050fdfb23f7 49ae20f4a0424f1b8a77e60c09241616 - - default default] 10.0.0.30 "POST /v2.0/security-group-rules HTTP/1.1" status: 201 len: 800 time: 0.4022536
2026-06-24 19:12:31.993 9 INFO neutron.api.wsgi [None req-7534c020-821b-4bae-b356-086142b50ef6 5329cc488bcb419aa3eb0050fdfb23f7 49ae20f4a0424f1b8a77e60c09241616 - - default default] 10.0.0.30 "GET /v2.0/security-group-rules/b9dff899-16e6-495b-bfb9-c196728be26f HTTP/1.1" status: 200 len: 795 time: 0.0176442
2026-06-24 19:12:32.001 9 INFO neutron.api.wsgi [None req-dedb4ffb-3b60-4198-b85f-94ec6a8200c2 fe1ed68464394090bd8991eb2fd0164c 89b4139e59614a008e876baeac781411 - - default default] 10.0.0.30 "GET /v2.0/ports?project_id=510e2600ce584a52b261400a2f1b7641&network_id=d4bebbad-494f-45da-9d3b-8f72c0b3c5f4 HTTP/1.1" status: 200 len: 3510 time: 0.2967675
2026-06-24 19:12:32.070 9 INFO neutron.api.wsgi [None req-d2fc562b-24bb-4d72-ac65-4d88252387e9 5329cc488bcb419aa3eb0050fdfb23f7 49ae20f4a0424f1b8a77e60c09241616 - - default default] 10.0.0.30 "GET /v2.0/security-group-rules HTTP/1.1" status: 200 len: 4333 time: 0.0659552
2026-06-24 19:12:32.183 9 INFO neutron.api.wsgi [None req-55dd6882-d5c4-4331-9bb1-35138b1b4e16 5329cc488bcb419aa3eb0050fdfb23f7 49ae20f4a0424f1b8a77e60c09241616 - - default default] 10.0.0.30 "DELETE /v2.0/security-group-rules/b9dff899-16e6-495b-bfb9-c196728be26f HTTP/1.1" status: 204 len: 168 time: 0.1073518
2026-06-24 19:12:32.242 9 INFO neutron.api.wsgi [None req-86482898-91eb-4ecd-8953-42bf171cd37b 5329cc488bcb419aa3eb0050fdfb23f7 49ae20f4a0424f1b8a77e60c09241616 - - default default] 10.0.0.30 "GET /v2.0/security-group-rules HTTP/1.1" status: 200 len: 3755 time: 0.0531368
2026-06-24 19:12:32.253 9 WARNING neutron_lib.context [None req-a27d655f-aa99-4360-bdb2-13b1d112aabf 5329cc488bcb419aa3eb0050fdfb23f7 49ae20f4a0424f1b8a77e60c09241616 - - default default] Method 'is_advsvc' is deprecated since 2023.2 release (neutron-lib 3.8.0) and will be removed once support for the old RBAC API policies will be removed from Neutron. Please use method 'is_service_role' instead.
2026-06-24 19:12:32.253 10 INFO neutron.api.wsgi [None req-b6f60787-a8d5-443f-b007-91d1f3c24417 fe1ed68464394090bd8991eb2fd0164c 89b4139e59614a008e876baeac781411 - - default default] 10.0.0.30 "GET /v2.0/subnets?network_id=ef010c93-854e-4f3b-8e13-71e6b38adb80 HTTP/1.1" status: 200 len: 861 time: 0.0364213
2026-06-24 19:12:32.281 9 INFO neutron.db.securitygroups_db [None req-a27d655f-aa99-4360-bdb2-13b1d112aabf 5329cc488bcb419aa3eb0050fdfb23f7 49ae20f4a0424f1b8a77e60c09241616 - - default default] Project 49ae20f4a0424f1b8a77e60c09241616 added a security group rule with legacy IPv6 ICMP protocol name icmp, ipv6-icmp should be used instead. It was automatically converted.
2026-06-24 19:12:32.294 10 INFO neutron.api.wsgi [-] 10.0.0.72 "GET / HTTP/1.1" status: 200 len: 247 time: 0.0025346
2026-06-24 19:12:32.294 9 INFO neutron.api.wsgi [-] 10.0.0.72 "GET / HTTP/1.1" status: 200 len: 247 time: 0.0021968
2026-06-24 19:12:32.372 9 INFO neutron.db.ovn_revision_numbers_db [None req-a27d655f-aa99-4360-bdb2-13b1d112aabf 5329cc488bcb419aa3eb0050fdfb23f7 49ae20f4a0424f1b8a77e60c09241616 - - default default] Successfully bumped revision number for resource f12e3b3f-286e-49b5-8f74-961107cbdd88 (type: security_group_rules) to 0
2026-06-24 19:12:32.399 9 INFO neutron.api.wsgi [None req-a27d655f-aa99-4360-bdb2-13b1d112aabf 5329cc488bcb419aa3eb0050fdfb23f7 49ae20f4a0424f1b8a77e60c09241616 - - default default] 10.0.0.30 "POST /v2.0/security-group-rules HTTP/1.1" status: 201 len: 806 time: 0.1497939
2026-06-24 19:12:32.417 9 INFO neutron.api.wsgi [None req-d4bd468f-99d6-4da8-b409-5999dae596ab 5329cc488bcb419aa3eb0050fdfb23f7 49ae20f4a0424f1b8a77e60c09241616 - - default default] 10.0.0.30 "GET /v2.0/security-group-rules/f12e3b3f-286e-49b5-8f74-961107cbdd88 HTTP/1.1" status: 200 len: 801 time: 0.0130632
2026-06-24 19:12:32.491 9 INFO neutron.api.wsgi [None req-d0c45d01-093a-4192-a80a-df0a111b5163 5329cc488bcb419aa3eb0050fdfb23f7 49ae20f4a0424f1b8a77e60c09241616 - - default default] 10.0.0.30 "GET /v2.0/security-group-rules HTTP/1.1" status: 200 len: 4339 time: 0.0680747
2026-06-24 19:12:32.576 10 INFO neutron.db.ovn_revision_numbers_db [None req-06bf98b0-7457-42f0-a4a7-2c1f007226bf 6ba3ef0c49324e6aa639da8be19a4160 510e2600ce584a52b261400a2f1b7641 - - default default] Successfully bumped revision number for resource 897bc689-c712-49d1-8368-980effe3fd7b (type: floatingips) to 2
2026-06-24 19:12:32.623 10 INFO neutron.db.l3_db [None req-06bf98b0-7457-42f0-a4a7-2c1f007226bf 6ba3ef0c49324e6aa639da8be19a4160 510e2600ce584a52b261400a2f1b7641 - - default default] Floating IP 897bc689-c712-49d1-8368-980effe3fd7b disassociated. External IP: 10.96.250.209, port: ad4437ab-ba34-41cb-a1ed-cc9105814648.
2026-06-24 19:12:32.633 9 INFO neutron.api.wsgi [None req-d1b08707-2e84-48e0-8431-0c79400987a3 5329cc488bcb419aa3eb0050fdfb23f7 49ae20f4a0424f1b8a77e60c09241616 - - default default] 10.0.0.30 "DELETE /v2.0/security-group-rules/f12e3b3f-286e-49b5-8f74-961107cbdd88 HTTP/1.1" status: 204 len: 168 time: 0.1364856 /var/lib/openstack/lib/python3.12/site-packages/pycadf/identifier.py:71: UserWarning: Invalid uuid: neutron. To ensure interoperability, identifiers should be a valid uuid. warnings.warn(('Invalid uuid: %s. To ensure interoperability, '
2026-06-24 19:12:32.659 10 INFO neutron.api.wsgi [None req-06bf98b0-7457-42f0-a4a7-2c1f007226bf 6ba3ef0c49324e6aa639da8be19a4160 510e2600ce584a52b261400a2f1b7641 - - default default] 10.0.0.30 "PUT /v2.0/floatingips/897bc689-c712-49d1-8368-980effe3fd7b HTTP/1.1" status: 200 len: 748 time: 0.2279587
2026-06-24 19:12:32.688 9 INFO neutron.api.wsgi [None req-7ff20562-75a4-4564-bdeb-d865169ed8c8 6ba3ef0c49324e6aa639da8be19a4160 510e2600ce584a52b261400a2f1b7641 - - default default] 10.0.0.30 "GET /v2.0/floatingips/897bc689-c712-49d1-8368-980effe3fd7b HTTP/1.1" status: 200 len: 746 time: 0.0238848
2026-06-24 19:12:32.693 10 INFO neutron.notifiers.nova [-] Nova event matching ['req-1928899e-b005-41c6-ba77-84f173eff973'] response: {'name': 'network-changed', 'server_uuid': '3dfaa316-bbe5-4a95-b7f0-429e21f9ed3f', 'tag': 'ad4437ab-ba34-41cb-a1ed-cc9105814648', 'status': 'completed', 'code': 200}
2026-06-24 19:12:32.710 9 INFO neutron.api.wsgi [None req-5618ae1a-90ae-4acd-8317-873ab2738fa3 5329cc488bcb419aa3eb0050fdfb23f7 49ae20f4a0424f1b8a77e60c09241616 - - default default] 10.0.0.30 "GET /v2.0/security-group-rules HTTP/1.1" status: 200 len: 3755 time: 0.0718174
2026-06-24 19:12:32.827 9 INFO neutron.api.wsgi [None req-52d49e3d-a82b-42e5-beae-73fa97587a7f 5329cc488bcb419aa3eb0050fdfb23f7 49ae20f4a0424f1b8a77e60c09241616 - - default default] 10.0.0.30 "DELETE /v2.0/security-groups/f33b038f-6ae5-4697-ad20-c662979bc1c7 HTTP/1.1" status: 204 len: 168 time: 0.1100047
2026-06-24 19:12:32.862 9 INFO neutron.api.wsgi [None req-6f6cf64b-bfea-4126-ae26-dd815c4f08bd 5329cc488bcb419aa3eb0050fdfb23f7 49ae20f4a0424f1b8a77e60c09241616 - - default default] 10.0.0.30 "GET /v2.0/security-groups HTTP/1.1" status: 200 len: 3120 time: 0.0299149
2026-06-24 19:12:32.915 9 INFO neutron.api.wsgi [None req-69263459-cb34-40a3-b94c-e368752d8770 5329cc488bcb419aa3eb0050fdfb23f7 49ae20f4a0424f1b8a77e60c09241616 - - default default] 10.0.0.30 "GET /v2.0/security-groups HTTP/1.1" status: 200 len: 3120 time: 0.0354660
2026-06-24 19:12:33.249 9 INFO neutron.api.wsgi [req-f367252b-a8a7-48a0-be50-582d2ca26f7f req-cb6a47da-1a63-4476-86b7-bb8f21fc4951 16a751e4d43945aea1f12649bca1580d e4904095b6f242b6963b29c23c7a5ab7 - - fe8001579ed44485b69939a499861bca fe8001579ed44485b69939a499861bca] 199.19.213.107 "GET /v2.0/ports?tenant_id=510e2600ce584a52b261400a2f1b7641&device_id=3dfaa316-bbe5-4a95-b7f0-429e21f9ed3f HTTP/1.1" status: 200 len: 1409 time: 0.0412066
2026-06-24 19:12:33.294 9 INFO neutron.api.wsgi [req-f367252b-a8a7-48a0-be50-582d2ca26f7f req-cbac3c2f-9fd8-4f5c-9f15-404acd9c75e9 16a751e4d43945aea1f12649bca1580d e4904095b6f242b6963b29c23c7a5ab7 - - fe8001579ed44485b69939a499861bca fe8001579ed44485b69939a499861bca] 199.19.213.107 "GET /v2.0/networks?id=d4bebbad-494f-45da-9d3b-8f72c0b3c5f4 HTTP/1.1" status: 200 len: 958 time: 0.0415606
2026-06-24 19:12:33.313 9 INFO neutron.api.wsgi [req-f367252b-a8a7-48a0-be50-582d2ca26f7f req-39fcc1e5-8633-4a05-9337-bbbac36707cd 16a751e4d43945aea1f12649bca1580d e4904095b6f242b6963b29c23c7a5ab7 - - fe8001579ed44485b69939a499861bca fe8001579ed44485b69939a499861bca] 199.19.213.107 "GET /v2.0/floatingips?fixed_ip_address=10.100.0.4&port_id=ad4437ab-ba34-41cb-a1ed-cc9105814648 HTTP/1.1" status: 200 len: 217 time: 0.0152729
2026-06-24 19:12:33.341 9 INFO neutron.api.wsgi [req-f367252b-a8a7-48a0-be50-582d2ca26f7f req-559bc220-c8ee-4e43-aec5-f0f9dd32a5b0 16a751e4d43945aea1f12649bca1580d e4904095b6f242b6963b29c23c7a5ab7 - - fe8001579ed44485b69939a499861bca fe8001579ed44485b69939a499861bca] 199.19.213.107 "GET /v2.0/subnets?id=cd708630-7840-4321-9d49-5240b6a77b37 HTTP/1.1" status: 200 len: 877 time: 0.0229232
2026-06-24 19:12:33.358 9 INFO neutron.api.wsgi [req-f367252b-a8a7-48a0-be50-582d2ca26f7f req-e6a376d8-00a9-4973-8611-5cbfd4304930 16a751e4d43945aea1f12649bca1580d e4904095b6f242b6963b29c23c7a5ab7 - - fe8001579ed44485b69939a499861bca fe8001579ed44485b69939a499861bca] 199.19.213.107 "GET /v2.0/ports?network_id=d4bebbad-494f-45da-9d3b-8f72c0b3c5f4&device_owner=network%3Adhcp HTTP/1.1" status: 200 len: 210 time: 0.0140212
2026-06-24 19:12:33.394 9 INFO neutron.api.wsgi [req-f367252b-a8a7-48a0-be50-582d2ca26f7f req-62f84431-500a-4881-9b63-37b996bedc7d 16a751e4d43945aea1f12649bca1580d e4904095b6f242b6963b29c23c7a5ab7 - - fe8001579ed44485b69939a499861bca fe8001579ed44485b69939a499861bca] 199.19.213.107 "GET /v2.0/networks/d4bebbad-494f-45da-9d3b-8f72c0b3c5f4?fields=segments HTTP/1.1" status: 200 len: 212 time: 0.0332415
2026-06-24 19:12:33.434 9 INFO neutron.api.wsgi [req-f367252b-a8a7-48a0-be50-582d2ca26f7f req-b7b1d1f7-e453-47a1-a0f0-117cc1ce320e 16a751e4d43945aea1f12649bca1580d e4904095b6f242b6963b29c23c7a5ab7 - - fe8001579ed44485b69939a499861bca fe8001579ed44485b69939a499861bca] 199.19.213.107 "GET /v2.0/networks/d4bebbad-494f-45da-9d3b-8f72c0b3c5f4?fields=provider%3Aphysical_network&fields=provider%3Anetwork_type HTTP/1.1" status: 200 len: 277 time: 0.0379879
2026-06-24 19:12:33.582 9 INFO neutron.api.wsgi [None req-f1f59c6e-98a7-46db-a6f3-1ab350f7973d 293041c3d1c44f58882016c7f9f1c629 83e00930fe284582a0d4538e1710b04a - - default default] 10.0.0.30 "GET /v2.0/security-groups?tenant_id=49ae20f4a0424f1b8a77e60c09241616&name=default HTTP/1.1" status: 200 len: 3120 time: 0.0789011
2026-06-24 19:12:33.633 10 INFO neutron.db.ovn_revision_numbers_db [None req-b87deb63-d3e8-41f0-a6fa-b942c14ca9d5 293041c3d1c44f58882016c7f9f1c629 83e00930fe284582a0d4538e1710b04a - - default default] Successfully bumped revision number for resource e5d452ab-49ed-43fd-b3ec-75e0313f14ee (type: security_groups) to 1
2026-06-24 19:12:33.648 10 INFO neutron.db.ovn_revision_numbers_db [None req-b87deb63-d3e8-41f0-a6fa-b942c14ca9d5 293041c3d1c44f58882016c7f9f1c629 83e00930fe284582a0d4538e1710b04a - - default default] Successfully bumped revision number for resource 1e8f32b8-b6d4-425b-aca6-2f7ac4faf91e (type: security_group_rules) to 0
2026-06-24 19:12:33.666 10 INFO neutron.db.ovn_revision_numbers_db [None req-b87deb63-d3e8-41f0-a6fa-b942c14ca9d5 293041c3d1c44f58882016c7f9f1c629 83e00930fe284582a0d4538e1710b04a - - default default] Successfully bumped revision number for resource 3e120190-87f8-47cd-a30c-6cb86032d5ea (type: security_group_rules) to 0
2026-06-24 19:12:33.686 10 INFO neutron.db.ovn_revision_numbers_db [None req-b87deb63-d3e8-41f0-a6fa-b942c14ca9d5 293041c3d1c44f58882016c7f9f1c629 83e00930fe284582a0d4538e1710b04a - - default default] Successfully bumped revision number for resource 584666fc-c334-4dff-b930-6ccebb93bb08 (type: security_group_rules) to 0
2026-06-24 19:12:33.708 10 INFO neutron.db.ovn_revision_numbers_db [None req-b87deb63-d3e8-41f0-a6fa-b942c14ca9d5 293041c3d1c44f58882016c7f9f1c629 83e00930fe284582a0d4538e1710b04a - - default default] Successfully bumped revision number for resource 9af2f7c3-7766-446f-8891-bfc39e3f99ae (type: security_group_rules) to 0
2026-06-24 19:12:33.762 9 WARNING neutron_lib.context [None req-00ee4bb6-5f94-4666-a7ef-06306bd1a9c2 6ba3ef0c49324e6aa639da8be19a4160 510e2600ce584a52b261400a2f1b7641 - - default default] Method 'is_advsvc' is deprecated since 2023.2 release (neutron-lib 3.8.0) and will be removed once support for the old RBAC API policies will be removed from Neutron. Please use method 'is_service_role' instead.
2026-06-24 19:12:33.790 10 INFO neutron.db.segments_db [None req-b87deb63-d3e8-41f0-a6fa-b942c14ca9d5 293041c3d1c44f58882016c7f9f1c629 83e00930fe284582a0d4538e1710b04a - - default default] Added segment 310454a7-13c7-4239-9b88-96f73f3775d5 of type geneve for network 88d2203a-3c7f-44e8-8a17-af98c05d62fe
2026-06-24 19:12:33.809 10 INFO neutron.api.wsgi [None req-3307ba0d-fb0f-4671-8d60-3de900f0499b 293041c3d1c44f58882016c7f9f1c629 83e00930fe284582a0d4538e1710b04a - - default default] 10.0.0.30 "DELETE /v2.0/security-groups/09372ad7-3af9-4520-bfa4-f0ffff854a42 HTTP/1.1" status: 204 len: 168 time: 0.2211225
2026-06-24 19:12:33.873 9 INFO neutron.db.ovn_revision_numbers_db [None req-00ee4bb6-5f94-4666-a7ef-06306bd1a9c2 6ba3ef0c49324e6aa639da8be19a4160 510e2600ce584a52b261400a2f1b7641 - - default default] Successfully bumped revision number for resource 80ad39f2-db25-4379-9e10-a88a78feffb8 (type: security_groups) to 1
2026-06-24 19:12:33.884 9 INFO neutron.db.ovn_revision_numbers_db [None req-00ee4bb6-5f94-4666-a7ef-06306bd1a9c2 6ba3ef0c49324e6aa639da8be19a4160 510e2600ce584a52b261400a2f1b7641 - - default default] Successfully bumped revision number for resource fb574736-f016-46f3-af9d-fdbb78a925b2 (type: security_group_rules) to 0
2026-06-24 19:12:33.913 9 INFO neutron.db.ovn_revision_numbers_db [None req-00ee4bb6-5f94-4666-a7ef-06306bd1a9c2 6ba3ef0c49324e6aa639da8be19a4160 510e2600ce584a52b261400a2f1b7641 - - default default] Successfully bumped revision number for resource fc8ed9a6-d114-4be2-91a5-96db0b097a6b (type: security_group_rules) to 0
2026-06-24 19:12:33.938 10 INFO neutron.db.ovn_revision_numbers_db [None req-b87deb63-d3e8-41f0-a6fa-b942c14ca9d5 293041c3d1c44f58882016c7f9f1c629 83e00930fe284582a0d4538e1710b04a - - default default] Successfully bumped revision number for resource 88d2203a-3c7f-44e8-8a17-af98c05d62fe (type: networks) to 1
2026-06-24 19:12:33.951 9 INFO neutron.api.wsgi [None req-00ee4bb6-5f94-4666-a7ef-06306bd1a9c2 6ba3ef0c49324e6aa639da8be19a4160 510e2600ce584a52b261400a2f1b7641 - - default default] 10.0.0.30 "POST /v2.0/security-groups HTTP/1.1" status: 201 len: 1875 time: 0.1955004
2026-06-24 19:12:33.963 9 WARNING neutron_lib.context [None req-f3381b8f-b08e-4ae5-8994-679e5741c8b1 6ba3ef0c49324e6aa639da8be19a4160 510e2600ce584a52b261400a2f1b7641 - - default default] Method 'is_advsvc' is deprecated since 2023.2 release (neutron-lib 3.8.0) and will be removed once support for the old RBAC API policies will be removed from Neutron. Please use method 'is_service_role' instead.
2026-06-24 19:12:34.084 9 INFO neutron.db.ovn_revision_numbers_db [None req-f3381b8f-b08e-4ae5-8994-679e5741c8b1 6ba3ef0c49324e6aa639da8be19a4160 510e2600ce584a52b261400a2f1b7641 - - default default] Successfully bumped revision number for resource 6c546ce2-3f17-4903-97e7-b5ce071c6393 (type: security_group_rules) to 0
2026-06-24 19:12:34.116 9 INFO neutron.api.wsgi [None req-f3381b8f-b08e-4ae5-8994-679e5741c8b1 6ba3ef0c49324e6aa639da8be19a4160 510e2600ce584a52b261400a2f1b7641 - - default default] 10.0.0.30 "POST /v2.0/security-group-rules HTTP/1.1" status: 201 len: 796 time: 0.1581907
2026-06-24 19:12:34.126 9 WARNING neutron_lib.context [None req-8418dcf8-cfe4-46c8-94ad-c488d38cf681 6ba3ef0c49324e6aa639da8be19a4160 510e2600ce584a52b261400a2f1b7641 - - default default] Method 'is_advsvc' is deprecated since 2023.2 release (neutron-lib 3.8.0) and will be removed once support for the old RBAC API policies will be removed from Neutron. Please use method 'is_service_role' instead.
2026-06-24 19:12:34.164 10 WARNING neutron.scheduler.dhcp_agent_scheduler [None req-b87deb63-d3e8-41f0-a6fa-b942c14ca9d5 293041c3d1c44f58882016c7f9f1c629 83e00930fe284582a0d4538e1710b04a - - default default] No more DHCP agents
2026-06-24 19:12:34.168 10 WARNING neutron.api.rpc.agentnotifiers.dhcp_rpc_agent_api [None req-b87deb63-d3e8-41f0-a6fa-b942c14ca9d5 293041c3d1c44f58882016c7f9f1c629 83e00930fe284582a0d4538e1710b04a - - default default] Unable to schedule network 88d2203a-3c7f-44e8-8a17-af98c05d62fe: no agents available; will retry on subsequent port and subnet creation events.
2026-06-24 19:12:34.239 10 INFO neutron.db.ovn_revision_numbers_db [None req-b87deb63-d3e8-41f0-a6fa-b942c14ca9d5 293041c3d1c44f58882016c7f9f1c629 83e00930fe284582a0d4538e1710b04a - - default default] Successfully bumped revision number for resource 17e2bd07-d8b7-4f6e-be5c-ffc14118b803 (type: ports) to 1
2026-06-24 19:12:34.239 9 INFO neutron.db.ovn_revision_numbers_db [None req-8418dcf8-cfe4-46c8-94ad-c488d38cf681 6ba3ef0c49324e6aa639da8be19a4160 510e2600ce584a52b261400a2f1b7641 - - default default] Successfully bumped revision number for resource 4f340a0e-477a-47e3-a63a-52bdad5dfca4 (type: security_group_rules) to 0
2026-06-24 19:12:34.264 10 INFO neutron.api.wsgi [None req-b87deb63-d3e8-41f0-a6fa-b942c14ca9d5 293041c3d1c44f58882016c7f9f1c629 83e00930fe284582a0d4538e1710b04a - - default default] 10.0.0.30 "POST /v2.0/networks HTTP/1.1" status: 201 len: 941 time: 0.8947463
2026-06-24 19:12:34.268 9 INFO neutron.api.wsgi [None req-8418dcf8-cfe4-46c8-94ad-c488d38cf681 6ba3ef0c49324e6aa639da8be19a4160 510e2600ce584a52b261400a2f1b7641 - - default default] 10.0.0.30 "POST /v2.0/security-group-rules HTTP/1.1" status: 201 len: 795 time: 0.1469870
2026-06-24 19:12:34.278 9 WARNING neutron_lib.context [None req-e844e9dd-2470-4daa-980e-d27babeed594 6ba3ef0c49324e6aa639da8be19a4160 510e2600ce584a52b261400a2f1b7641 - - default default] Method 'is_advsvc' is deprecated since 2023.2 release (neutron-lib 3.8.0) and will be removed once support for the old RBAC API policies will be removed from Neutron. Please use method 'is_service_role' instead.
2026-06-24 19:12:34.387 9 INFO neutron.db.ovn_revision_numbers_db [None req-e844e9dd-2470-4daa-980e-d27babeed594 6ba3ef0c49324e6aa639da8be19a4160 510e2600ce584a52b261400a2f1b7641 - - default default] Successfully bumped revision number for resource b2d9a6ec-ef10-4a06-b2e0-5c9fe5345242 (type: security_group_rules) to 0
2026-06-24 19:12:34.414 10 WARNING neutron.scheduler.dhcp_agent_scheduler [None req-1c7b406b-5452-4d70-912f-10553253ef30 293041c3d1c44f58882016c7f9f1c629 83e00930fe284582a0d4538e1710b04a - - default default] No more DHCP agents
2026-06-24 19:12:34.416 10 WARNING neutron.api.rpc.agentnotifiers.dhcp_rpc_agent_api [None req-1c7b406b-5452-4d70-912f-10553253ef30 293041c3d1c44f58882016c7f9f1c629 83e00930fe284582a0d4538e1710b04a - - default default] Unable to schedule network 88d2203a-3c7f-44e8-8a17-af98c05d62fe: no agents available; will retry on subsequent port and subnet creation events.
2026-06-24 19:12:34.428 9 INFO neutron.api.wsgi [None req-e844e9dd-2470-4daa-980e-d27babeed594 6ba3ef0c49324e6aa639da8be19a4160 510e2600ce584a52b261400a2f1b7641 - - default default] 10.0.0.30 "POST /v2.0/security-group-rules HTTP/1.1" status: 201 len: 801 time: 0.1554315
2026-06-24 19:12:34.439 10 WARNING neutron_lib.context [None req-3f2f53e7-9cf7-41ed-97d9-a4c2e3867bcb 6ba3ef0c49324e6aa639da8be19a4160 510e2600ce584a52b261400a2f1b7641 - - default default] Method 'is_advsvc' is deprecated since 2023.2 release (neutron-lib 3.8.0) and will be removed once support for the old RBAC API policies will be removed from Neutron. Please use method 'is_service_role' instead.
2026-06-24 19:12:34.641 10 INFO neutron.db.ovn_revision_numbers_db [None req-3f2f53e7-9cf7-41ed-97d9-a4c2e3867bcb 6ba3ef0c49324e6aa639da8be19a4160 510e2600ce584a52b261400a2f1b7641 - - default default] Successfully bumped revision number for resource af954a99-82de-46c4-97cb-3863234f8475 (type: security_group_rules) to 0
2026-06-24 19:12:34.675 10 INFO neutron.api.wsgi [None req-3f2f53e7-9cf7-41ed-97d9-a4c2e3867bcb 6ba3ef0c49324e6aa639da8be19a4160 510e2600ce584a52b261400a2f1b7641 - - default default] 10.0.0.30 "POST /v2.0/security-group-rules HTTP/1.1" status: 201 len: 800 time: 0.2414010
2026-06-24 19:12:34.685 9 WARNING neutron_lib.context [None req-536b591a-3f39-45c5-89f6-46b684ddd7ae 6ba3ef0c49324e6aa639da8be19a4160 510e2600ce584a52b261400a2f1b7641 - - default default] Method 'is_advsvc' is deprecated since 2023.2 release (neutron-lib 3.8.0) and will be removed once support for the old RBAC API policies will be removed from Neutron. Please use method 'is_service_role' instead.
2026-06-24 19:12:34.723 9 INFO neutron.db.securitygroups_db [None req-536b591a-3f39-45c5-89f6-46b684ddd7ae 6ba3ef0c49324e6aa639da8be19a4160 510e2600ce584a52b261400a2f1b7641 - - default default] Project 510e2600ce584a52b261400a2f1b7641 added a security group rule with legacy IPv6 ICMP protocol name icmp, ipv6-icmp should be used instead. It was automatically converted.
2026-06-24 19:12:34.828 9 INFO neutron.db.ovn_revision_numbers_db [None req-536b591a-3f39-45c5-89f6-46b684ddd7ae 6ba3ef0c49324e6aa639da8be19a4160 510e2600ce584a52b261400a2f1b7641 - - default default] Successfully bumped revision number for resource 040c8509-08bc-429a-8815-ff0c01735e29 (type: security_group_rules) to 0
2026-06-24 19:12:34.878 9 INFO neutron.api.wsgi [None req-536b591a-3f39-45c5-89f6-46b684ddd7ae 6ba3ef0c49324e6aa639da8be19a4160 510e2600ce584a52b261400a2f1b7641 - - default default] 10.0.0.30 "POST /v2.0/security-group-rules HTTP/1.1" status: 201 len: 806 time: 0.1984954
2026-06-24 19:12:34.887 9 WARNING neutron_lib.context [None req-80c2ab7a-2b88-4edf-b84d-339b17594a8f 6ba3ef0c49324e6aa639da8be19a4160 510e2600ce584a52b261400a2f1b7641 - - default default] Method 'is_advsvc' is deprecated since 2023.2 release (neutron-lib 3.8.0) and will be removed once support for the old RBAC API policies will be removed from Neutron. Please use method 'is_service_role' instead.
2026-06-24 19:12:34.937 9 WARNING neutron_lib.context [None req-d75fdb0c-38db-4b00-b0d7-451f7184e29e 1c193868a9b544a7abb94ad259f165f7 0c56b2ea8bcc4352a386d42403ab74d9 - - default default] Method 'is_advsvc' is deprecated since 2023.2 release (neutron-lib 3.8.0) and will be removed once support for the old RBAC API policies will be removed from Neutron. Please use method 'is_service_role' instead.
2026-06-24 19:12:34.940 9 INFO neutron.db.securitygroups_db [None req-80c2ab7a-2b88-4edf-b84d-339b17594a8f 6ba3ef0c49324e6aa639da8be19a4160 510e2600ce584a52b261400a2f1b7641 - - default default] Project 510e2600ce584a52b261400a2f1b7641 added a security group rule with legacy IPv6 ICMP protocol name icmp, ipv6-icmp should be used instead. It was automatically converted.
2026-06-24 19:12:34.943 10 INFO neutron.db.ovn_revision_numbers_db [None req-86d40a92-cd1b-4436-b843-449b5c7f7a71 - - - - - -] Successfully bumped revision number for resource 17e2bd07-d8b7-4f6e-be5c-ffc14118b803 (type: ports) to 2
2026-06-24 19:12:34.980 10 INFO neutron.db.ovn_revision_numbers_db [None req-86d40a92-cd1b-4436-b843-449b5c7f7a71 - - - - - -] Successfully bumped revision number for resource cf28cbba-9d10-4aea-a5a1-fc193e70efce (type: subnets) to 0
2026-06-24 19:12:35.011 10 INFO neutron.api.wsgi [None req-1c7b406b-5452-4d70-912f-10553253ef30 293041c3d1c44f58882016c7f9f1c629 83e00930fe284582a0d4538e1710b04a - - default default] 10.0.0.30 "POST /v2.0/subnets HTTP/1.1" status: 201 len: 886 time: 0.7417700
2026-06-24 19:12:35.013 9 INFO neutron.api.wsgi [None req-d75fdb0c-38db-4b00-b0d7-451f7184e29e 1c193868a9b544a7abb94ad259f165f7 0c56b2ea8bcc4352a386d42403ab74d9 - - default default] 10.0.0.30 "POST /v2.0/subnetpools HTTP/1.1" status: 201 len: 715 time: 0.3216302
2026-06-24 19:12:35.024 9 WARNING neutron_lib.context [None req-ef0d7b7f-9b09-4d25-8822-d62c05c258e7 1c193868a9b544a7abb94ad259f165f7 0c56b2ea8bcc4352a386d42403ab74d9 - - default default] Method 'is_advsvc' is deprecated since 2023.2 release (neutron-lib 3.8.0) and will be removed once support for the old RBAC API policies will be removed from Neutron. Please use method 'is_service_role' instead.
2026-06-24 19:12:35.084 9 INFO neutron.db.ovn_revision_numbers_db [None req-80c2ab7a-2b88-4edf-b84d-339b17594a8f 6ba3ef0c49324e6aa639da8be19a4160 510e2600ce584a52b261400a2f1b7641 - - default default] Successfully bumped revision number for resource d5d8b4e8-fa13-4bd5-a940-ea767568ce0a (type: security_group_rules) to 0
2026-06-24 19:12:35.091 9 INFO neutron.api.wsgi [None req-ef0d7b7f-9b09-4d25-8822-d62c05c258e7 1c193868a9b544a7abb94ad259f165f7 0c56b2ea8bcc4352a386d42403ab74d9 - - default default] 10.0.0.30 "POST /v2.0/subnetpools HTTP/1.1" status: 201 len: 715 time: 0.0705972
2026-06-24 19:12:35.100 9 WARNING neutron_lib.context [None req-4098bd0e-2938-4825-b16b-4a5a3dc1192f 1c193868a9b544a7abb94ad259f165f7 0c56b2ea8bcc4352a386d42403ab74d9 - - default default] Method 'is_advsvc' is deprecated since 2023.2 release (neutron-lib 3.8.0) and will be removed once support for the old RBAC API policies will be removed from Neutron. Please use method 'is_service_role' instead.
2026-06-24 19:12:35.132 9 INFO neutron.api.wsgi [None req-80c2ab7a-2b88-4edf-b84d-339b17594a8f 6ba3ef0c49324e6aa639da8be19a4160 510e2600ce584a52b261400a2f1b7641 - - default default] 10.0.0.30 "POST /v2.0/security-group-rules HTTP/1.1" status: 201 len: 805 time: 0.2476859
2026-06-24 19:12:35.158 9 INFO neutron.api.wsgi [None req-4098bd0e-2938-4825-b16b-4a5a3dc1192f 1c193868a9b544a7abb94ad259f165f7 0c56b2ea8bcc4352a386d42403ab74d9 - - default default] 10.0.0.30 "POST /v2.0/subnetpools HTTP/1.1" status: 201 len: 715 time: 0.0628388
2026-06-24 19:12:35.167 9 WARNING neutron_lib.context [None req-b01994e8-2bcc-458e-82f1-edbf1ec1a8a5 1c193868a9b544a7abb94ad259f165f7 0c56b2ea8bcc4352a386d42403ab74d9 - - default default] Method 'is_advsvc' is deprecated since 2023.2 release (neutron-lib 3.8.0) and will be removed once support for the old RBAC API policies will be removed from Neutron. Please use method 'is_service_role' instead.
2026-06-24 19:12:35.217 9 INFO neutron.api.wsgi [None req-b01994e8-2bcc-458e-82f1-edbf1ec1a8a5 1c193868a9b544a7abb94ad259f165f7 0c56b2ea8bcc4352a386d42403ab74d9 - - default default] 10.0.0.30 "POST /v2.0/subnetpools HTTP/1.1" status: 201 len: 715 time: 0.0541415
