2026-06-24 19:12:21.552 10 WARNING neutron.scheduler.dhcp_agent_scheduler [None req-1d846c76-8e81-4dca-b82e-0615fecbb04a e5ab5514f52a4827bbcca2175dcfa0b8 3661ffa1f5844a87807a76eaf2980335 - - default default] No more DHCP agents
2026-06-24 19:12:21.553 10 WARNING neutron.api.rpc.agentnotifiers.dhcp_rpc_agent_api [None req-1d846c76-8e81-4dca-b82e-0615fecbb04a e5ab5514f52a4827bbcca2175dcfa0b8 3661ffa1f5844a87807a76eaf2980335 - - default default] Unable to schedule network e853d86c-923a-4b30-b75c-64fed02647c5: no agents available; will retry on subsequent port and subnet creation events.
2026-06-24 19:12:21.617 10 INFO neutron.db.ovn_revision_numbers_db [None req-1d846c76-8e81-4dca-b82e-0615fecbb04a e5ab5514f52a4827bbcca2175dcfa0b8 3661ffa1f5844a87807a76eaf2980335 - - default default] Successfully bumped revision number for resource 9c0ca425-f127-4b92-a1a5-b0f2f73b2eeb (type: ports) to 1
2026-06-24 19:12:21.638 10 INFO neutron.api.wsgi [None req-1d846c76-8e81-4dca-b82e-0615fecbb04a e5ab5514f52a4827bbcca2175dcfa0b8 3661ffa1f5844a87807a76eaf2980335 - - default default] 10.0.0.30 "POST /v2.0/networks HTTP/1.1" status: 201 len: 835 time: 0.4714630
2026-06-24 19:12:21.651 10 WARNING neutron_lib.context [None req-0b861378-1059-423a-a9f0-d51dfcf2051c e5ab5514f52a4827bbcca2175dcfa0b8 3661ffa1f5844a87807a76eaf2980335 - - default default] Method 'is_advsvc' is deprecated since 2023.2 release (neutron-lib 3.8.0) and will be removed once support for the old RBAC API policies will be removed from Neutron. Please use method 'is_service_role' instead.
2026-06-24 19:12:21.653 9 INFO neutron.db.ovn_revision_numbers_db [None req-801bf9eb-d46a-4915-8488-62fb95c2d02b 5e4d2cedcc4044d9ac0a1ef450037c21 23e084ec4e75441587b69bae626be7b5 - - default default] Successfully bumped revision number for resource 665e8aba-a695-43f5-b34b-69b02c7b9ee0 (type: networks) to 1
2026-06-24 19:12:21.696 9 INFO neutron.api.wsgi [None req-342a1cdd-9911-47d7-ae6c-f027b22507a6 2dd7af653de54c58b6730d11d6a0118b 7fe27d975b064b20b355761528f1e603 - - default default] 10.0.0.30 "DELETE /v2.0/routers/c0261604-5226-432a-8b62-88fe91b38c24 HTTP/1.1" status: 204 len: 168 time: 0.8742268 /var/lib/openstack/lib/python3.12/site-packages/pycadf/identifier.py:71: UserWarning: Invalid uuid: neutron. To ensure interoperability, identifiers should be a valid uuid. warnings.warn(('Invalid uuid: %s. To ensure interoperability, '
2026-06-24 19:12:21.722 9 INFO neutron.api.wsgi [None req-30df19c7-da04-438a-b834-b7248e9c12b4 2dd7af653de54c58b6730d11d6a0118b 7fe27d975b064b20b355761528f1e603 - - default default] 10.0.0.30 "GET /v2.0/ports?device_id=c0261604-5226-432a-8b62-88fe91b38c24 HTTP/1.1" status: 200 len: 205 time: 0.0199492
2026-06-24 19:12:21.745 10 INFO neutron.api.v2.resource [None req-d52a2a36-c1b3-4bae-bba4-d327ec7b5301 2dd7af653de54c58b6730d11d6a0118b 7fe27d975b064b20b355761528f1e603 - - default default] delete failed (client error): The resource could not be found.
2026-06-24 19:12:21.746 10 INFO neutron.api.wsgi [None req-d52a2a36-c1b3-4bae-bba4-d327ec7b5301 2dd7af653de54c58b6730d11d6a0118b 7fe27d975b064b20b355761528f1e603 - - default default] 10.0.0.30 "DELETE /v2.0/routers/c0261604-5226-432a-8b62-88fe91b38c24 HTTP/1.1" status: 404 len: 336 time: 0.0197902
2026-06-24 19:12:21.770 9 INFO neutron.api.wsgi [None req-2e0d6da6-0991-4701-ba35-4d42789c33c8 2dd7af653de54c58b6730d11d6a0118b 7fe27d975b064b20b355761528f1e603 - - default default] 10.0.0.30 "GET /v2.0/ports?device_id=fd3e8efc-4a5e-4cca-bdd8-7639e5506606 HTTP/1.1" status: 200 len: 205 time: 0.0185151
2026-06-24 19:12:21.789 9 INFO neutron.api.v2.resource [None req-0500ded2-d5c2-4c38-8330-ad39bf3eee6f 2dd7af653de54c58b6730d11d6a0118b 7fe27d975b064b20b355761528f1e603 - - default default] delete failed (client error): The resource could not be found.
2026-06-24 19:12:21.790 9 INFO neutron.api.wsgi [None req-0500ded2-d5c2-4c38-8330-ad39bf3eee6f 2dd7af653de54c58b6730d11d6a0118b 7fe27d975b064b20b355761528f1e603 - - default default] 10.0.0.30 "DELETE /v2.0/routers/fd3e8efc-4a5e-4cca-bdd8-7639e5506606 HTTP/1.1" status: 404 len: 336 time: 0.0148928
2026-06-24 19:12:21.811 10 INFO neutron.pecan_wsgi.hooks.translation [None req-46255d65-fa1d-48c1-8367-d51b9bd65563 2dd7af653de54c58b6730d11d6a0118b 7fe27d975b064b20b355761528f1e603 - - default default] DELETE failed (client error): The resource could not be found.
2026-06-24 19:12:21.814 10 INFO neutron.api.wsgi [None req-46255d65-fa1d-48c1-8367-d51b9bd65563 2dd7af653de54c58b6730d11d6a0118b 7fe27d975b064b20b355761528f1e603 - - default default] 10.0.0.30 "DELETE /v2.0/subnets/fa7af7ad-00e6-40cb-a739-a7c995e78ffe HTTP/1.1" status: 404 len: 337 time: 0.0203426
2026-06-24 19:12:21.836 10 INFO neutron.api.wsgi [None req-b22c5b46-36a0-4d07-aeb1-ec1053099377 2dd7af653de54c58b6730d11d6a0118b 7fe27d975b064b20b355761528f1e603 - - default default] 10.0.0.30 "GET /v2.0/ports?device_id=092f14ab-edb6-4fc6-80d3-897da3c169e6 HTTP/1.1" status: 200 len: 205 time: 0.0178957
2026-06-24 19:12:21.859 9 INFO neutron.api.v2.resource [None req-d38fc5f6-2573-420d-b42a-709b9c3a24d8 2dd7af653de54c58b6730d11d6a0118b 7fe27d975b064b20b355761528f1e603 - - default default] delete failed (client error): The resource could not be found.
2026-06-24 19:12:21.860 9 INFO neutron.api.wsgi [None req-d38fc5f6-2573-420d-b42a-709b9c3a24d8 2dd7af653de54c58b6730d11d6a0118b 7fe27d975b064b20b355761528f1e603 - - default default] 10.0.0.30 "DELETE /v2.0/routers/092f14ab-edb6-4fc6-80d3-897da3c169e6 HTTP/1.1" status: 404 len: 336 time: 0.0184033
2026-06-24 19:12:21.863 9 WARNING neutron.scheduler.dhcp_agent_scheduler [None req-801bf9eb-d46a-4915-8488-62fb95c2d02b 5e4d2cedcc4044d9ac0a1ef450037c21 23e084ec4e75441587b69bae626be7b5 - - default default] No more DHCP agents
2026-06-24 19:12:21.864 9 WARNING neutron.api.rpc.agentnotifiers.dhcp_rpc_agent_api [None req-801bf9eb-d46a-4915-8488-62fb95c2d02b 5e4d2cedcc4044d9ac0a1ef450037c21 23e084ec4e75441587b69bae626be7b5 - - default default] Unable to schedule network 665e8aba-a695-43f5-b34b-69b02c7b9ee0: no agents available; will retry on subsequent port and subnet creation events.
2026-06-24 19:12:21.874 9 INFO neutron.pecan_wsgi.hooks.translation [None req-c4155e44-8570-4873-964b-9ed2b4347477 2dd7af653de54c58b6730d11d6a0118b 7fe27d975b064b20b355761528f1e603 - - default default] DELETE failed (client error): The resource could not be found.
2026-06-24 19:12:21.876 9 INFO neutron.api.wsgi [None req-c4155e44-8570-4873-964b-9ed2b4347477 2dd7af653de54c58b6730d11d6a0118b 7fe27d975b064b20b355761528f1e603 - - default default] 10.0.0.30 "DELETE /v2.0/subnets/d9c92261-9b27-464b-9585-2be11ef451b6 HTTP/1.1" status: 404 len: 337 time: 0.0105469
2026-06-24 19:12:21.893 10 WARNING neutron.scheduler.dhcp_agent_scheduler [None req-0b861378-1059-423a-a9f0-d51dfcf2051c e5ab5514f52a4827bbcca2175dcfa0b8 3661ffa1f5844a87807a76eaf2980335 - - default default] No more DHCP agents
2026-06-24 19:12:21.905 10 WARNING neutron.api.rpc.agentnotifiers.dhcp_rpc_agent_api [None req-0b861378-1059-423a-a9f0-d51dfcf2051c e5ab5514f52a4827bbcca2175dcfa0b8 3661ffa1f5844a87807a76eaf2980335 - - default default] Unable to schedule network e853d86c-923a-4b30-b75c-64fed02647c5: no agents available; will retry on subsequent port and subnet creation events.
2026-06-24 19:12:21.911 10 INFO neutron.api.wsgi [None req-d59c2351-abb0-4ea6-8d5c-5fc778c5a378 2dd7af653de54c58b6730d11d6a0118b 7fe27d975b064b20b355761528f1e603 - - default default] 10.0.0.30 "GET /v2.0/ports?device_id=82569554-acd6-44c7-a8eb-47417dc24465 HTTP/1.1" status: 200 len: 205 time: 0.0293975
2026-06-24 19:12:21.925 9 INFO neutron.db.ovn_revision_numbers_db [None req-801bf9eb-d46a-4915-8488-62fb95c2d02b 5e4d2cedcc4044d9ac0a1ef450037c21 23e084ec4e75441587b69bae626be7b5 - - default default] Successfully bumped revision number for resource 6b10ff5a-20b3-48b0-b11c-43e59f782dfa (type: ports) to 1
2026-06-24 19:12:21.933 10 INFO neutron.api.v2.resource [None req-8b3ac144-9cdb-46e2-9bf4-cb97aed0c8f7 2dd7af653de54c58b6730d11d6a0118b 7fe27d975b064b20b355761528f1e603 - - default default] delete failed (client error): The resource could not be found.
2026-06-24 19:12:21.934 10 INFO neutron.api.wsgi [None req-8b3ac144-9cdb-46e2-9bf4-cb97aed0c8f7 2dd7af653de54c58b6730d11d6a0118b 7fe27d975b064b20b355761528f1e603 - - default default] 10.0.0.30 "DELETE /v2.0/routers/82569554-acd6-44c7-a8eb-47417dc24465 HTTP/1.1" status: 404 len: 336 time: 0.0190177
2026-06-24 19:12:21.947 10 INFO neutron.db.ovn_revision_numbers_db [None req-0b861378-1059-423a-a9f0-d51dfcf2051c e5ab5514f52a4827bbcca2175dcfa0b8 3661ffa1f5844a87807a76eaf2980335 - - default default] Successfully bumped revision number for resource 91204730-df8e-47a4-9531-154debca0822 (type: subnets) to 0
2026-06-24 19:12:21.952 9 INFO neutron.api.wsgi [None req-801bf9eb-d46a-4915-8488-62fb95c2d02b 5e4d2cedcc4044d9ac0a1ef450037c21 23e084ec4e75441587b69bae626be7b5 - - default default] 10.0.0.30 "POST /v2.0/networks HTTP/1.1" status: 201 len: 830 time: 0.6454809
2026-06-24 19:12:21.955 9 INFO neutron.pecan_wsgi.hooks.translation [None req-948f3851-655b-4f80-864c-44dcb30e2c29 2dd7af653de54c58b6730d11d6a0118b 7fe27d975b064b20b355761528f1e603 - - default default] DELETE failed (client error): The resource could not be found.
2026-06-24 19:12:21.957 9 INFO neutron.api.wsgi [None req-948f3851-655b-4f80-864c-44dcb30e2c29 2dd7af653de54c58b6730d11d6a0118b 7fe27d975b064b20b355761528f1e603 - - default default] 10.0.0.30 "DELETE /v2.0/subnets/26a18a26-0729-4ace-9567-d2baebd175a8 HTTP/1.1" status: 404 len: 337 time: 0.0162418
2026-06-24 19:12:21.960 9 WARNING neutron_lib.context [None req-df53b3c0-7ce1-46ed-bd91-856c88eb641e 5e4d2cedcc4044d9ac0a1ef450037c21 23e084ec4e75441587b69bae626be7b5 - - default default] Method 'is_advsvc' is deprecated since 2023.2 release (neutron-lib 3.8.0) and will be removed once support for the old RBAC API policies will be removed from Neutron. Please use method 'is_service_role' instead.
2026-06-24 19:12:21.963 10 INFO neutron.api.wsgi [None req-0b861378-1059-423a-a9f0-d51dfcf2051c e5ab5514f52a4827bbcca2175dcfa0b8 3661ffa1f5844a87807a76eaf2980335 - - default default] 10.0.0.30 "POST /v2.0/subnets HTTP/1.1" status: 201 len: 845 time: 0.3163710
2026-06-24 19:12:21.972 10 WARNING neutron_lib.context [None req-3862cae9-ad2f-4fc5-8541-cf8144289f67 e5ab5514f52a4827bbcca2175dcfa0b8 3661ffa1f5844a87807a76eaf2980335 - - default default] Method 'is_advsvc' is deprecated since 2023.2 release (neutron-lib 3.8.0) and will be removed once support for the old RBAC API policies will be removed from Neutron. Please use method 'is_service_role' instead.
2026-06-24 19:12:21.978 9 INFO neutron.pecan_wsgi.hooks.translation [None req-f5dce8c6-1b85-40b9-9cc3-e29cad500f85 2dd7af653de54c58b6730d11d6a0118b 7fe27d975b064b20b355761528f1e603 - - default default] DELETE failed (client error): The resource could not be found.
2026-06-24 19:12:21.982 9 INFO neutron.api.wsgi [None req-f5dce8c6-1b85-40b9-9cc3-e29cad500f85 2dd7af653de54c58b6730d11d6a0118b 7fe27d975b064b20b355761528f1e603 - - default default] 10.0.0.30 "DELETE /v2.0/subnets/cec7b0a6-5cc9-46b5-ad85-a76e00590092 HTTP/1.1" status: 404 len: 337 time: 0.0195649
2026-06-24 19:12:22.190 9 WARNING neutron.scheduler.dhcp_agent_scheduler [None req-df53b3c0-7ce1-46ed-bd91-856c88eb641e 5e4d2cedcc4044d9ac0a1ef450037c21 23e084ec4e75441587b69bae626be7b5 - - default default] No more DHCP agents
2026-06-24 19:12:22.192 9 WARNING neutron.api.rpc.agentnotifiers.dhcp_rpc_agent_api [None req-df53b3c0-7ce1-46ed-bd91-856c88eb641e 5e4d2cedcc4044d9ac0a1ef450037c21 23e084ec4e75441587b69bae626be7b5 - - default default] Unable to schedule network 665e8aba-a695-43f5-b34b-69b02c7b9ee0: no agents available; will retry on subsequent port and subnet creation events.
2026-06-24 19:12:22.289 10 WARNING neutron.scheduler.dhcp_agent_scheduler [None req-3862cae9-ad2f-4fc5-8541-cf8144289f67 e5ab5514f52a4827bbcca2175dcfa0b8 3661ffa1f5844a87807a76eaf2980335 - - default default] No more DHCP agents
2026-06-24 19:12:22.291 10 WARNING neutron.api.rpc.agentnotifiers.dhcp_rpc_agent_api [None req-3862cae9-ad2f-4fc5-8541-cf8144289f67 e5ab5514f52a4827bbcca2175dcfa0b8 3661ffa1f5844a87807a76eaf2980335 - - default default] Unable to schedule network e853d86c-923a-4b30-b75c-64fed02647c5: no agents available; will retry on subsequent port and subnet creation events.
2026-06-24 19:12:22.388 10 INFO neutron.db.ovn_revision_numbers_db [None req-3862cae9-ad2f-4fc5-8541-cf8144289f67 e5ab5514f52a4827bbcca2175dcfa0b8 3661ffa1f5844a87807a76eaf2980335 - - default default] Successfully bumped revision number for resource 839cf41c-e45e-4d4b-8d6e-6cd04112efbb (type: ports) to 1
2026-06-24 19:12:22.408 10 INFO neutron.api.wsgi [None req-3862cae9-ad2f-4fc5-8541-cf8144289f67 e5ab5514f52a4827bbcca2175dcfa0b8 3661ffa1f5844a87807a76eaf2980335 - - default default] 10.0.0.30 "POST /v2.0/ports HTTP/1.1" status: 201 len: 1165 time: 0.4405718 /var/lib/openstack/lib/python3.12/site-packages/pycadf/identifier.py:71: UserWarning: Invalid uuid: neutron. To ensure interoperability, identifiers should be a valid uuid. warnings.warn(('Invalid uuid: %s. To ensure interoperability, '
2026-06-24 19:12:22.641 9 INFO neutron.db.ovn_revision_numbers_db [None req-1ef38ab4-2564-4d11-b742-944128d949b2 - - - - - -] Successfully bumped revision number for resource 6b10ff5a-20b3-48b0-b11c-43e59f782dfa (type: ports) to 2
2026-06-24 19:12:22.657 10 INFO neutron.api.wsgi [None req-d1993040-c4e6-4834-a876-55e4746846ab e5ab5514f52a4827bbcca2175dcfa0b8 3661ffa1f5844a87807a76eaf2980335 - - default default] 10.0.0.30 "DELETE /v2.0/ports/839cf41c-e45e-4d4b-8d6e-6cd04112efbb HTTP/1.1" status: 204 len: 168 time: 0.2388613
2026-06-24 19:12:22.675 10 INFO neutron.pecan_wsgi.hooks.translation [None req-30a70f01-a55b-4d3d-8a5b-eebb36191b40 e5ab5514f52a4827bbcca2175dcfa0b8 3661ffa1f5844a87807a76eaf2980335 - - default default] DELETE failed (client error): The resource could not be found.
2026-06-24 19:12:22.677 10 INFO neutron.api.wsgi [None req-30a70f01-a55b-4d3d-8a5b-eebb36191b40 e5ab5514f52a4827bbcca2175dcfa0b8 3661ffa1f5844a87807a76eaf2980335 - - default default] 10.0.0.30 "DELETE /v2.0/ports/839cf41c-e45e-4d4b-8d6e-6cd04112efbb HTTP/1.1" status: 404 len: 333 time: 0.0144420
2026-06-24 19:12:22.682 9 INFO neutron.db.ovn_revision_numbers_db [None req-1ef38ab4-2564-4d11-b742-944128d949b2 - - - - - -] Successfully bumped revision number for resource d3413f5f-9b4b-40e8-ab83-b3eb75144d53 (type: subnets) to 0
2026-06-24 19:12:22.693 9 INFO neutron.api.wsgi [None req-33acce8b-53c8-49ed-9e04-e838e7632f66 293041c3d1c44f58882016c7f9f1c629 83e00930fe284582a0d4538e1710b04a - - default default] 10.0.0.30 "GET /v2.0/security-groups?tenant_id=7fe27d975b064b20b355761528f1e603&name=default HTTP/1.1" status: 200 len: 3120 time: 0.1579187
2026-06-24 19:12:22.695 10 INFO neutron.pecan_wsgi.hooks.translation [None req-fb2a2a0c-9a23-4816-ad34-de86cfa31449 e5ab5514f52a4827bbcca2175dcfa0b8 3661ffa1f5844a87807a76eaf2980335 - - default default] GET failed (client error): The resource could not be found.
2026-06-24 19:12:22.696 10 INFO neutron.api.wsgi [None req-fb2a2a0c-9a23-4816-ad34-de86cfa31449 e5ab5514f52a4827bbcca2175dcfa0b8 3661ffa1f5844a87807a76eaf2980335 - - default default] 10.0.0.30 "GET /v2.0/ports/839cf41c-e45e-4d4b-8d6e-6cd04112efbb HTTP/1.1" status: 404 len: 333 time: 0.0135469
2026-06-24 19:12:22.697 9 INFO neutron.api.wsgi [None req-df53b3c0-7ce1-46ed-bd91-856c88eb641e 5e4d2cedcc4044d9ac0a1ef450037c21 23e084ec4e75441587b69bae626be7b5 - - default default] 10.0.0.30 "POST /v2.0/subnets HTTP/1.1" status: 201 len: 828 time: 0.7398214
2026-06-24 19:12:22.706 10 WARNING neutron_lib.context [None req-2a37ce48-32db-4159-a306-9258573ec257 5e4d2cedcc4044d9ac0a1ef450037c21 23e084ec4e75441587b69bae626be7b5 - - default default] Method 'is_advsvc' is deprecated since 2023.2 release (neutron-lib 3.8.0) and will be removed once support for the old RBAC API policies will be removed from Neutron. Please use method 'is_service_role' instead.
2026-06-24 19:12:22.799 10 INFO neutron.db.segments_db [None req-2a37ce48-32db-4159-a306-9258573ec257 5e4d2cedcc4044d9ac0a1ef450037c21 23e084ec4e75441587b69bae626be7b5 - - default default] Added segment b0529055-4ed9-416c-a194-47d8f46ec524 of type geneve for network 58add50b-431a-4c9d-ba62-7243b492b0cb
2026-06-24 19:12:22.843 9 INFO neutron.api.wsgi [None req-8a71fd27-366a-4435-8a0c-e04631188afd e5ab5514f52a4827bbcca2175dcfa0b8 3661ffa1f5844a87807a76eaf2980335 - - default default] 10.0.0.30 "DELETE /v2.0/subnets/91204730-df8e-47a4-9531-154debca0822 HTTP/1.1" status: 204 len: 168 time: 0.1418142
2026-06-24 19:12:22.938 10 INFO neutron.api.wsgi [None req-c9ee4a77-57f0-4e10-ad82-00b8e3a069bf 293041c3d1c44f58882016c7f9f1c629 83e00930fe284582a0d4538e1710b04a - - default default] 10.0.0.30 "DELETE /v2.0/security-groups/4f0e8056-993b-498d-b061-dd3ac4fadd8c HTTP/1.1" status: 204 len: 168 time: 0.2406564
2026-06-24 19:12:22.939 10 INFO neutron.db.ovn_revision_numbers_db [None req-2a37ce48-32db-4159-a306-9258573ec257 5e4d2cedcc4044d9ac0a1ef450037c21 23e084ec4e75441587b69bae626be7b5 - - default default] Successfully bumped revision number for resource 58add50b-431a-4c9d-ba62-7243b492b0cb (type: networks) to 1
2026-06-24 19:12:23.124 10 WARNING neutron.scheduler.dhcp_agent_scheduler [None req-2a37ce48-32db-4159-a306-9258573ec257 5e4d2cedcc4044d9ac0a1ef450037c21 23e084ec4e75441587b69bae626be7b5 - - default default] No more DHCP agents
2026-06-24 19:12:23.126 10 WARNING neutron.api.rpc.agentnotifiers.dhcp_rpc_agent_api [None req-2a37ce48-32db-4159-a306-9258573ec257 5e4d2cedcc4044d9ac0a1ef450037c21 23e084ec4e75441587b69bae626be7b5 - - default default] Unable to schedule network 58add50b-431a-4c9d-ba62-7243b492b0cb: no agents available; will retry on subsequent port and subnet creation events.
2026-06-24 19:12:23.173 9 INFO neutron.services.segments.plugin [-] Segment 5edd9240-9225-4667-9566-60e74e143bba resource provider aggregate not found
2026-06-24 19:12:23.176 9 INFO neutron.services.segments.plugin [-] Segment 5edd9240-9225-4667-9566-60e74e143bba resource provider aggregate not found
2026-06-24 19:12:23.191 9 INFO neutron.services.segments.plugin [-] Segment 5edd9240-9225-4667-9566-60e74e143bba resource provider not found; error: Placement Client Error (4xx): {"errors": [{"status": 404, "title": "Not Found", "detail": "The resource could not be found.\n\n No resource provider with uuid 5edd9240-9225-4667-9566-60e74e143bba found for delete ", "request_id": "req-4bb84392-3450-477a-a1c0-4b5bd10237ee"}]}
2026-06-24 19:12:23.192 9 INFO neutron.services.segments.plugin [-] Segment 5edd9240-9225-4667-9566-60e74e143bba resource provider not found; error: Placement Client Error (4xx): {"errors": [{"status": 404, "title": "Not Found", "detail": "The resource could not be found.\n\n No resource provider with uuid 5edd9240-9225-4667-9566-60e74e143bba found for delete ", "request_id": "req-7cf7cc4a-241e-4de2-bbc4-550edd9862dd"}]}
2026-06-24 19:12:23.199 10 INFO neutron.db.ovn_revision_numbers_db [None req-2a37ce48-32db-4159-a306-9258573ec257 5e4d2cedcc4044d9ac0a1ef450037c21 23e084ec4e75441587b69bae626be7b5 - - default default] Successfully bumped revision number for resource 8eaa1266-4634-451d-b2d0-26c44fe85ac4 (type: ports) to 1
2026-06-24 19:12:23.203 9 INFO neutron.api.wsgi [None req-69c30ae2-e6ff-435f-b17e-f17c3792cf97 e5ab5514f52a4827bbcca2175dcfa0b8 3661ffa1f5844a87807a76eaf2980335 - - default default] 10.0.0.30 "DELETE /v2.0/networks/e853d86c-923a-4b30-b75c-64fed02647c5 HTTP/1.1" status: 204 len: 168 time: 0.3537917
2026-06-24 19:12:23.217 9 WARNING neutron_lib.context [None req-a8362fd0-6c00-4c0b-85df-cad002104e6f e5ab5514f52a4827bbcca2175dcfa0b8 3661ffa1f5844a87807a76eaf2980335 - - default default] Method 'is_advsvc' is deprecated since 2023.2 release (neutron-lib 3.8.0) and will be removed once support for the old RBAC API policies will be removed from Neutron. Please use method 'is_service_role' instead.
2026-06-24 19:12:23.223 10 INFO neutron.api.wsgi [None req-2a37ce48-32db-4159-a306-9258573ec257 5e4d2cedcc4044d9ac0a1ef450037c21 23e084ec4e75441587b69bae626be7b5 - - default default] 10.0.0.30 "POST /v2.0/networks HTTP/1.1" status: 201 len: 830 time: 0.5207670
2026-06-24 19:12:23.235 10 WARNING neutron_lib.context [None req-be8d91b2-714d-4613-ad69-812fd7c6ea63 5e4d2cedcc4044d9ac0a1ef450037c21 23e084ec4e75441587b69bae626be7b5 - - default default] Method 'is_advsvc' is deprecated since 2023.2 release (neutron-lib 3.8.0) and will be removed once support for the old RBAC API policies will be removed from Neutron. Please use method 'is_service_role' instead.
2026-06-24 19:12:23.309 9 INFO neutron.db.segments_db [None req-a8362fd0-6c00-4c0b-85df-cad002104e6f e5ab5514f52a4827bbcca2175dcfa0b8 3661ffa1f5844a87807a76eaf2980335 - - default default] Added segment ab68880b-b55f-46fd-a8c5-5a52178ded5f of type geneve for network 88eef861-b615-4d00-8e72-b7e88269610b
2026-06-24 19:12:23.423 10 WARNING neutron.scheduler.dhcp_agent_scheduler [None req-be8d91b2-714d-4613-ad69-812fd7c6ea63 5e4d2cedcc4044d9ac0a1ef450037c21 23e084ec4e75441587b69bae626be7b5 - - default default] No more DHCP agents
2026-06-24 19:12:23.424 10 WARNING neutron.api.rpc.agentnotifiers.dhcp_rpc_agent_api [None req-be8d91b2-714d-4613-ad69-812fd7c6ea63 5e4d2cedcc4044d9ac0a1ef450037c21 23e084ec4e75441587b69bae626be7b5 - - default default] Unable to schedule network 58add50b-431a-4c9d-ba62-7243b492b0cb: no agents available; will retry on subsequent port and subnet creation events.
2026-06-24 19:12:23.436 9 INFO neutron.db.ovn_revision_numbers_db [None req-a8362fd0-6c00-4c0b-85df-cad002104e6f e5ab5514f52a4827bbcca2175dcfa0b8 3661ffa1f5844a87807a76eaf2980335 - - default default] Successfully bumped revision number for resource 88eef861-b615-4d00-8e72-b7e88269610b (type: networks) to 1
2026-06-24 19:12:23.622 9 WARNING neutron.scheduler.dhcp_agent_scheduler [None req-a8362fd0-6c00-4c0b-85df-cad002104e6f e5ab5514f52a4827bbcca2175dcfa0b8 3661ffa1f5844a87807a76eaf2980335 - - default default] No more DHCP agents
2026-06-24 19:12:23.624 9 WARNING neutron.api.rpc.agentnotifiers.dhcp_rpc_agent_api [None req-a8362fd0-6c00-4c0b-85df-cad002104e6f e5ab5514f52a4827bbcca2175dcfa0b8 3661ffa1f5844a87807a76eaf2980335 - - default default] Unable to schedule network 88eef861-b615-4d00-8e72-b7e88269610b: no agents available; will retry on subsequent port and subnet creation events.
2026-06-24 19:12:23.704 9 INFO neutron.db.ovn_revision_numbers_db [None req-a8362fd0-6c00-4c0b-85df-cad002104e6f e5ab5514f52a4827bbcca2175dcfa0b8 3661ffa1f5844a87807a76eaf2980335 - - default default] Successfully bumped revision number for resource 5e300f92-cafe-4e5a-b378-14b49a0cd5ea (type: ports) to 1
2026-06-24 19:12:23.730 9 INFO neutron.api.wsgi [None req-a8362fd0-6c00-4c0b-85df-cad002104e6f e5ab5514f52a4827bbcca2175dcfa0b8 3661ffa1f5844a87807a76eaf2980335 - - default default] 10.0.0.30 "POST /v2.0/networks HTTP/1.1" status: 201 len: 835 time: 0.5182729
2026-06-24 19:12:23.751 9 WARNING neutron_lib.context [None req-0316ebeb-2d6e-43eb-a1b6-303dd8c2ef1b e5ab5514f52a4827bbcca2175dcfa0b8 3661ffa1f5844a87807a76eaf2980335 - - default default] Method 'is_advsvc' is deprecated since 2023.2 release (neutron-lib 3.8.0) and will be removed once support for the old RBAC API policies will be removed from Neutron. Please use method 'is_service_role' instead.
2026-06-24 19:12:23.897 10 INFO neutron.db.ovn_revision_numbers_db [None req-489e927d-ce4d-4a4b-8607-e9e580868ede - - - - - -] Successfully bumped revision number for resource 8eaa1266-4634-451d-b2d0-26c44fe85ac4 (type: ports) to 2
2026-06-24 19:12:23.930 10 INFO neutron.db.ovn_revision_numbers_db [None req-489e927d-ce4d-4a4b-8607-e9e580868ede - - - - - -] Successfully bumped revision number for resource e5fd4165-ab16-4db8-a413-b8843f6b5fc7 (type: subnets) to 0
2026-06-24 19:12:23.948 10 INFO neutron.api.wsgi [None req-be8d91b2-714d-4613-ad69-812fd7c6ea63 5e4d2cedcc4044d9ac0a1ef450037c21 23e084ec4e75441587b69bae626be7b5 - - default default] 10.0.0.30 "POST /v2.0/subnets HTTP/1.1" status: 201 len: 828 time: 0.7182727
2026-06-24 19:12:23.959 9 WARNING neutron.scheduler.dhcp_agent_scheduler [None req-0316ebeb-2d6e-43eb-a1b6-303dd8c2ef1b e5ab5514f52a4827bbcca2175dcfa0b8 3661ffa1f5844a87807a76eaf2980335 - - default default] No more DHCP agents
2026-06-24 19:12:23.970 9 WARNING neutron.api.rpc.agentnotifiers.dhcp_rpc_agent_api [None req-0316ebeb-2d6e-43eb-a1b6-303dd8c2ef1b e5ab5514f52a4827bbcca2175dcfa0b8 3661ffa1f5844a87807a76eaf2980335 - - default default] Unable to schedule network 88eef861-b615-4d00-8e72-b7e88269610b: no agents available; will retry on subsequent port and subnet creation events.
2026-06-24 19:12:24.023 9 INFO neutron.db.ovn_revision_numbers_db [None req-0316ebeb-2d6e-43eb-a1b6-303dd8c2ef1b e5ab5514f52a4827bbcca2175dcfa0b8 3661ffa1f5844a87807a76eaf2980335 - - default default] Successfully bumped revision number for resource fcc1d523-4281-41fb-b894-9a3aae5ab4e5 (type: subnets) to 0
2026-06-24 19:12:24.027 9 INFO neutron.api.wsgi [None req-74cd11cd-85a6-4d89-a3e6-692b9200bbd6 5e4d2cedcc4044d9ac0a1ef450037c21 23e084ec4e75441587b69bae626be7b5 - - default default] 10.0.0.30 "PUT /v2.0/subnets/07d51c23-884f-4256-946a-1af2cbffd3ec/tags HTTP/1.1" status: 200 len: 210 time: 0.0631669
2026-06-24 19:12:24.046 9 INFO neutron.api.wsgi [None req-0316ebeb-2d6e-43eb-a1b6-303dd8c2ef1b e5ab5514f52a4827bbcca2175dcfa0b8 3661ffa1f5844a87807a76eaf2980335 - - default default] 10.0.0.30 "POST /v2.0/subnets HTTP/1.1" status: 201 len: 845 time: 0.3021560
2026-06-24 19:12:24.058 9 WARNING neutron_lib.context [None req-7b3e19a7-bd31-4b19-9ae6-208f3670853f e5ab5514f52a4827bbcca2175dcfa0b8 3661ffa1f5844a87807a76eaf2980335 - - default default] Method 'is_advsvc' is deprecated since 2023.2 release (neutron-lib 3.8.0) and will be removed once support for the old RBAC API policies will be removed from Neutron. Please use method 'is_service_role' instead.
2026-06-24 19:12:24.089 9 INFO neutron.api.wsgi [None req-6faba7dc-59f3-4fbe-890b-cd81871b3349 5e4d2cedcc4044d9ac0a1ef450037c21 23e084ec4e75441587b69bae626be7b5 - - default default] 10.0.0.30 "PUT /v2.0/subnets/cd5401bb-57b2-4015-8a99-fdcba0303a8d/tags HTTP/1.1" status: 200 len: 218 time: 0.0559506
2026-06-24 19:12:24.157 10 INFO neutron.api.wsgi [None req-db1640b7-5f54-4110-872e-a33ea737ea02 5e4d2cedcc4044d9ac0a1ef450037c21 23e084ec4e75441587b69bae626be7b5 - - default default] 10.0.0.30 "PUT /v2.0/subnets/f1dcb095-a649-40eb-b07c-3db6ae3db411/tags HTTP/1.1" status: 200 len: 227 time: 0.0623417
2026-06-24 19:12:24.200 10 INFO neutron.api.wsgi [None req-8e6eb879-1c09-45bb-91e5-1f2a7d70605a 5e4d2cedcc4044d9ac0a1ef450037c21 23e084ec4e75441587b69bae626be7b5 - - default default] 10.0.0.30 "PUT /v2.0/subnets/d3413f5f-9b4b-40e8-ab83-b3eb75144d53/tags HTTP/1.1" status: 200 len: 212 time: 0.0372944
2026-06-24 19:12:24.250 9 INFO neutron.api.wsgi [None req-4381e3bd-e94d-4d4a-a60c-b886755facae 5e4d2cedcc4044d9ac0a1ef450037c21 23e084ec4e75441587b69bae626be7b5 - - default default] 10.0.0.30 "GET /v2.0/subnets?tags=red HTTP/1.1" status: 200 len: 2099 time: 0.0440006
2026-06-24 19:12:24.278 10 WARNING neutron.plugins.ml2.drivers.ovn.mech_driver.ovsdb.ovn_client [None req-477de86f-1397-4d48-8b7e-aaa0dca977b7 - - - - - -] No port found with ID c697c3f0-fae2-4052-b690-cd09f572158a: RuntimeError: No port found with ID c697c3f0-fae2-4052-b690-cd09f572158a
2026-06-24 19:12:24.296 9 INFO neutron.api.wsgi [None req-171b2370-f98a-4d33-91a6-4a16ccebdcf2 5e4d2cedcc4044d9ac0a1ef450037c21 23e084ec4e75441587b69bae626be7b5 - - default default] 10.0.0.30 "GET /v2.0/subnets?tags=red%2Cblue HTTP/1.1" status: 200 len: 1478 time: 0.0385978
2026-06-24 19:12:24.344 9 INFO neutron.api.wsgi [None req-a6b27bb7-f8b4-4f99-b549-082fbcf4e1bb 5e4d2cedcc4044d9ac0a1ef450037c21 23e084ec4e75441587b69bae626be7b5 - - default default] 10.0.0.30 "GET /v2.0/subnets?tags-any=blue HTTP/1.1" status: 200 len: 1478 time: 0.0372515
2026-06-24 19:12:24.390 10 INFO neutron.api.wsgi [None req-954c15e5-c428-4794-8952-815dfe93ce53 5e4d2cedcc4044d9ac0a1ef450037c21 23e084ec4e75441587b69bae626be7b5 - - default default] 10.0.0.30 "GET /v2.0/subnets?tags-any=red%2Cblue HTTP/1.1" status: 200 len: 2099 time: 0.0401769
2026-06-24 19:12:24.403 9 WARNING neutron.scheduler.dhcp_agent_scheduler [None req-7b3e19a7-bd31-4b19-9ae6-208f3670853f e5ab5514f52a4827bbcca2175dcfa0b8 3661ffa1f5844a87807a76eaf2980335 - - default default] No more DHCP agents
2026-06-24 19:12:24.404 9 WARNING neutron.api.rpc.agentnotifiers.dhcp_rpc_agent_api [None req-7b3e19a7-bd31-4b19-9ae6-208f3670853f e5ab5514f52a4827bbcca2175dcfa0b8 3661ffa1f5844a87807a76eaf2980335 - - default default] Unable to schedule network 88eef861-b615-4d00-8e72-b7e88269610b: no agents available; will retry on subsequent port and subnet creation events.
2026-06-24 19:12:24.433 10 INFO neutron.api.wsgi [None req-af62d7e2-7f4f-4344-90e9-5eb62934101b 5e4d2cedcc4044d9ac0a1ef450037c21 23e084ec4e75441587b69bae626be7b5 - - default default] 10.0.0.30 "GET /v2.0/subnets?not-tags=red HTTP/1.1" status: 200 len: 2089 time: 0.0374656
2026-06-24 19:12:24.478 10 INFO neutron.api.wsgi [None req-befabd14-a9bd-44f4-b58a-16080aa616f3 5e4d2cedcc4044d9ac0a1ef450037c21 23e084ec4e75441587b69bae626be7b5 - - default default] 10.0.0.30 "GET /v2.0/subnets?not-tags=red%2Cblue HTTP/1.1" status: 200 len: 2710 time: 0.0397944
2026-06-24 19:12:24.530 9 INFO neutron.api.wsgi [None req-ce0b63e8-a668-4aea-b13c-15ab305a8445 5e4d2cedcc4044d9ac0a1ef450037c21 23e084ec4e75441587b69bae626be7b5 - - default default] 10.0.0.30 "GET /v2.0/subnets?not-tags-any=blue HTTP/1.1" status: 200 len: 2710 time: 0.0411129
2026-06-24 19:12:24.531 9 INFO neutron.db.ovn_revision_numbers_db [None req-7b3e19a7-bd31-4b19-9ae6-208f3670853f e5ab5514f52a4827bbcca2175dcfa0b8 3661ffa1f5844a87807a76eaf2980335 - - default default] Successfully bumped revision number for resource 466a0a7e-2624-4b63-a270-cbb05993d649 (type: ports) to 1
2026-06-24 19:12:24.550 9 INFO neutron.api.wsgi [None req-7b3e19a7-bd31-4b19-9ae6-208f3670853f e5ab5514f52a4827bbcca2175dcfa0b8 3661ffa1f5844a87807a76eaf2980335 - - default default] 10.0.0.30 "POST /v2.0/ports HTTP/1.1" status: 201 len: 1127 time: 0.4983156
2026-06-24 19:12:24.609 10 INFO neutron.api.wsgi [None req-22a20688-7882-474b-85d1-101e5bcefd9d 5e4d2cedcc4044d9ac0a1ef450037c21 23e084ec4e75441587b69bae626be7b5 - - default default] 10.0.0.30 "GET /v2.0/subnets?not-tags-any=red%2Cblue HTTP/1.1" status: 200 len: 2089 time: 0.0719867
2026-06-24 19:12:24.837 10 INFO neutron.api.wsgi [None req-9dac445f-0a22-4b01-8775-b28d179852d8 5e4d2cedcc4044d9ac0a1ef450037c21 23e084ec4e75441587b69bae626be7b5 - - default default] 10.0.0.30 "DELETE /v2.0/subnets/07d51c23-884f-4256-946a-1af2cbffd3ec HTTP/1.1" status: 204 len: 168 time: 0.2213671
2026-06-24 19:12:24.973 10 INFO neutron.api.wsgi [None req-bfce9bab-fde0-425e-add6-1c2cf2c92f4e e5ab5514f52a4827bbcca2175dcfa0b8 3661ffa1f5844a87807a76eaf2980335 - - default default] 10.0.0.30 "DELETE /v2.0/ports/466a0a7e-2624-4b63-a270-cbb05993d649 HTTP/1.1" status: 204 len: 168 time: 0.4170463
2026-06-24 19:12:25.005 10 INFO neutron.pecan_wsgi.hooks.translation [None req-646782ad-58e8-462c-99d7-b1b215660e84 e5ab5514f52a4827bbcca2175dcfa0b8 3661ffa1f5844a87807a76eaf2980335 - - default default] GET failed (client error): The resource could not be found.
2026-06-24 19:12:25.007 10 INFO neutron.api.wsgi [None req-646782ad-58e8-462c-99d7-b1b215660e84 e5ab5514f52a4827bbcca2175dcfa0b8 3661ffa1f5844a87807a76eaf2980335 - - default default] 10.0.0.30 "GET /v2.0/ports/466a0a7e-2624-4b63-a270-cbb05993d649 HTTP/1.1" status: 404 len: 333 time: 0.0265336
2026-06-24 19:12:25.047 9 INFO neutron.api.wsgi [None req-7303b686-aac4-4bad-a0b0-bebb6ffb401b 5e4d2cedcc4044d9ac0a1ef450037c21 23e084ec4e75441587b69bae626be7b5 - - default default] 10.0.0.30 "DELETE /v2.0/subnets/cd5401bb-57b2-4015-8a99-fdcba0303a8d HTTP/1.1" status: 204 len: 168 time: 0.1996562
2026-06-24 19:12:25.183 10 INFO neutron.api.wsgi [None req-dc67d65f-7317-43d5-ae1d-2c1084612fba e5ab5514f52a4827bbcca2175dcfa0b8 3661ffa1f5844a87807a76eaf2980335 - - default default] 10.0.0.30 "DELETE /v2.0/subnets/fcc1d523-4281-41fb-b894-9a3aae5ab4e5 HTTP/1.1" status: 204 len: 168 time: 0.1699717
2026-06-24 19:12:25.232 9 INFO neutron.api.wsgi [None req-9a6621c1-a281-40f9-b149-6b71ba8f968b 5e4d2cedcc4044d9ac0a1ef450037c21 23e084ec4e75441587b69bae626be7b5 - - default default] 10.0.0.30 "DELETE /v2.0/subnets/f1dcb095-a649-40eb-b07c-3db6ae3db411 HTTP/1.1" status: 204 len: 168 time: 0.1790416
2026-06-24 19:12:25.491 9 INFO neutron.services.segments.plugin [-] Segment ab68880b-b55f-46fd-a8c5-5a52178ded5f resource provider aggregate not found
2026-06-24 19:12:25.496 9 INFO neutron.services.segments.plugin [-] Segment ab68880b-b55f-46fd-a8c5-5a52178ded5f resource provider aggregate not found
2026-06-24 19:12:25.503 9 INFO neutron.services.segments.plugin [-] Segment ab68880b-b55f-46fd-a8c5-5a52178ded5f resource provider not found; error: Placement Client Error (4xx): {"errors": [{"status": 404, "title": "Not Found", "detail": "The resource could not be found.\n\n No resource provider with uuid ab68880b-b55f-46fd-a8c5-5a52178ded5f found for delete ", "request_id": "req-259bb2e0-e73c-4e17-9821-4052c167eeeb"}]}
2026-06-24 19:12:25.510 9 INFO neutron.services.segments.plugin [-] Segment ab68880b-b55f-46fd-a8c5-5a52178ded5f resource provider not found; error: Placement Client Error (4xx): {"errors": [{"status": 404, "title": "Not Found", "detail": "The resource could not be found.\n\n No resource provider with uuid ab68880b-b55f-46fd-a8c5-5a52178ded5f found for delete ", "request_id": "req-f569377f-983f-4582-a3b0-07dee128380b"}]}
2026-06-24 19:12:25.523 9 INFO neutron.api.wsgi [None req-38027fd7-43d8-4a6f-9676-17565883cf80 e5ab5514f52a4827bbcca2175dcfa0b8 3661ffa1f5844a87807a76eaf2980335 - - default default] 10.0.0.30 "DELETE /v2.0/networks/88eef861-b615-4d00-8e72-b7e88269610b HTTP/1.1" status: 204 len: 168 time: 0.3351343
2026-06-24 19:12:25.535 9 WARNING neutron_lib.context [None req-8295318a-15be-4af5-8858-528a1e3d7f7d e5ab5514f52a4827bbcca2175dcfa0b8 3661ffa1f5844a87807a76eaf2980335 - - default default] Method 'is_advsvc' is deprecated since 2023.2 release (neutron-lib 3.8.0) and will be removed once support for the old RBAC API policies will be removed from Neutron. Please use method 'is_service_role' instead.
2026-06-24 19:12:25.729 9 WARNING neutron.scheduler.dhcp_agent_scheduler [None req-8295318a-15be-4af5-8858-528a1e3d7f7d e5ab5514f52a4827bbcca2175dcfa0b8 3661ffa1f5844a87807a76eaf2980335 - - default default] No more DHCP agents
2026-06-24 19:12:25.730 9 WARNING neutron.api.rpc.agentnotifiers.dhcp_rpc_agent_api [None req-8295318a-15be-4af5-8858-528a1e3d7f7d e5ab5514f52a4827bbcca2175dcfa0b8 3661ffa1f5844a87807a76eaf2980335 - - default default] Unable to schedule network 17171812-838a-4990-ae9a-6b75fa44ab2c: no agents available; will retry on subsequent port and subnet creation events.
2026-06-24 19:12:25.806 9 INFO neutron.db.ovn_revision_numbers_db [None req-8295318a-15be-4af5-8858-528a1e3d7f7d e5ab5514f52a4827bbcca2175dcfa0b8 3661ffa1f5844a87807a76eaf2980335 - - default default] Successfully bumped revision number for resource eb8c100b-6f57-4b91-a223-1c8345a0c3ff (type: ports) to 1
2026-06-24 19:12:25.827 9 INFO neutron.api.wsgi [None req-8295318a-15be-4af5-8858-528a1e3d7f7d e5ab5514f52a4827bbcca2175dcfa0b8 3661ffa1f5844a87807a76eaf2980335 - - default default] 10.0.0.30 "POST /v2.0/ports HTTP/1.1" status: 201 len: 978 time: 0.2959485
2026-06-24 19:12:25.896 10 INFO neutron.api.wsgi [None req-268913c6-c3ff-4294-9f91-6ac5864874b8 5e4d2cedcc4044d9ac0a1ef450037c21 23e084ec4e75441587b69bae626be7b5 - - default default] 10.0.0.30 "DELETE /v2.0/subnets/d3413f5f-9b4b-40e8-ab83-b3eb75144d53 HTTP/1.1" status: 204 len: 168 time: 0.6566033 /var/lib/openstack/lib/python3.12/site-packages/pycadf/identifier.py:71: UserWarning: Invalid uuid: neutron. To ensure interoperability, identifiers should be a valid uuid. warnings.warn(('Invalid uuid: %s. To ensure interoperability, '
2026-06-24 19:12:26.080 10 INFO neutron.plugins.ml2.drivers.ovn.mech_driver.mech_driver [None req-477de86f-1397-4d48-8b7e-aaa0dca977b7 - - - - - -] OVN reports status down for port: eb8c100b-6f57-4b91-a223-1c8345a0c3ff
2026-06-24 19:12:26.095 9 INFO neutron.api.wsgi [None req-f6a706f1-1bf7-4ad2-8d31-259cd7cbfb18 5e4d2cedcc4044d9ac0a1ef450037c21 23e084ec4e75441587b69bae626be7b5 - - default default] 10.0.0.30 "DELETE /v2.0/subnets/e5fd4165-ab16-4db8-a413-b8843f6b5fc7 HTTP/1.1" status: 204 len: 168 time: 0.1913462
2026-06-24 19:12:26.114 10 INFO neutron.db.ovn_revision_numbers_db [None req-9220afba-6ab6-47f3-959b-3ea37d2d170a e5ab5514f52a4827bbcca2175dcfa0b8 3661ffa1f5844a87807a76eaf2980335 - - default default] Successfully bumped revision number for resource eb8c100b-6f57-4b91-a223-1c8345a0c3ff (type: ports) to 2
2026-06-24 19:12:26.121 10 INFO neutron.api.wsgi [None req-9220afba-6ab6-47f3-959b-3ea37d2d170a e5ab5514f52a4827bbcca2175dcfa0b8 3661ffa1f5844a87807a76eaf2980335 - - default default] 10.0.0.30 "PUT /v2.0/ports/eb8c100b-6f57-4b91-a223-1c8345a0c3ff HTTP/1.1" status: 200 len: 946 time: 0.2858093
2026-06-24 19:12:26.444 9 INFO neutron.api.wsgi [None req-ed72573e-3767-4bde-958d-3f84da3febaa e5ab5514f52a4827bbcca2175dcfa0b8 3661ffa1f5844a87807a76eaf2980335 - - default default] 10.0.0.30 "DELETE /v2.0/ports/eb8c100b-6f57-4b91-a223-1c8345a0c3ff HTTP/1.1" status: 204 len: 168 time: 0.3156085 /var/lib/openstack/lib/python3.12/site-packages/pycadf/identifier.py:71: UserWarning: Invalid uuid: neutron. To ensure interoperability, identifiers should be a valid uuid. warnings.warn(('Invalid uuid: %s. To ensure interoperability, '
2026-06-24 19:12:26.501 10 INFO neutron.api.wsgi [None req-bc9978cb-004e-46f0-b2d8-104afa087d2f e5ab5514f52a4827bbcca2175dcfa0b8 3661ffa1f5844a87807a76eaf2980335 - - default default] 10.0.0.30 "GET /v2.0/ports HTTP/1.1" status: 200 len: 1732 time: 0.0504367
2026-06-24 19:12:26.521 10 INFO neutron.pecan_wsgi.hooks.translation [None req-80cd67bd-40f5-452c-a270-ab4b5fd680b1 e5ab5514f52a4827bbcca2175dcfa0b8 3661ffa1f5844a87807a76eaf2980335 - - default default] GET failed (client error): The resource could not be found.
2026-06-24 19:12:26.522 10 INFO neutron.api.wsgi [None req-80cd67bd-40f5-452c-a270-ab4b5fd680b1 e5ab5514f52a4827bbcca2175dcfa0b8 3661ffa1f5844a87807a76eaf2980335 - - default default] 10.0.0.30 "GET /v2.0/ports/eb8c100b-6f57-4b91-a223-1c8345a0c3ff HTTP/1.1" status: 404 len: 333 time: 0.0147398
2026-06-24 19:12:26.525 9 INFO neutron.api.wsgi [None req-fc1456e6-0a70-4a77-a39a-5c127cf51692 5e4d2cedcc4044d9ac0a1ef450037c21 23e084ec4e75441587b69bae626be7b5 - - default default] 10.0.0.30 "DELETE /v2.0/networks/7cf8749f-731d-4904-8b95-038c68ce7df6 HTTP/1.1" status: 204 len: 168 time: 0.4237328
2026-06-24 19:12:26.566 9 INFO neutron.api.wsgi [None req-8a3cdf15-7d01-4a26-a724-7ea8a78b8120 e5ab5514f52a4827bbcca2175dcfa0b8 3661ffa1f5844a87807a76eaf2980335 - - default default] 10.0.0.30 "GET /v2.0/ports HTTP/1.1" status: 200 len: 1732 time: 0.0354378
2026-06-24 19:12:26.607 9 INFO neutron.api.wsgi [None req-e685c5d6-5061-4b16-85b4-c07f121d7ac7 e5ab5514f52a4827bbcca2175dcfa0b8 3661ffa1f5844a87807a76eaf2980335 - - default default] 10.0.0.30 "GET /v2.0/ports/8617363c-77ec-4b21-a008-8ad2ab16a8ec HTTP/1.1" status: 200 len: 972 time: 0.0331903
2026-06-24 19:12:26.627 9 INFO neutron.pecan_wsgi.hooks.translation [None req-1b075a1d-3105-490c-8590-59f4e00f28fc e5ab5514f52a4827bbcca2175dcfa0b8 3661ffa1f5844a87807a76eaf2980335 - - default default] DELETE failed (client error): The resource could not be found.
2026-06-24 19:12:26.630 9 INFO neutron.api.wsgi [None req-1b075a1d-3105-490c-8590-59f4e00f28fc e5ab5514f52a4827bbcca2175dcfa0b8 3661ffa1f5844a87807a76eaf2980335 - - default default] 10.0.0.30 "DELETE /v2.0/ports/466a0a7e-2624-4b63-a270-cbb05993d649 HTTP/1.1" status: 404 len: 333 time: 0.0158558
2026-06-24 19:12:26.645 9 INFO neutron.pecan_wsgi.hooks.translation [None req-10d4853e-bc8a-4e6b-a1dd-88ab8550fb57 e5ab5514f52a4827bbcca2175dcfa0b8 3661ffa1f5844a87807a76eaf2980335 - - default default] DELETE failed (client error): The resource could not be found.
2026-06-24 19:12:26.648 9 INFO neutron.api.wsgi [None req-10d4853e-bc8a-4e6b-a1dd-88ab8550fb57 e5ab5514f52a4827bbcca2175dcfa0b8 3661ffa1f5844a87807a76eaf2980335 - - default default] 10.0.0.30 "DELETE /v2.0/subnets/fcc1d523-4281-41fb-b894-9a3aae5ab4e5 HTTP/1.1" status: 404 len: 337 time: 0.0148730
2026-06-24 19:12:26.666 9 INFO neutron.pecan_wsgi.hooks.translation [None req-054aa22e-cefe-4982-8677-41cd33484edb e5ab5514f52a4827bbcca2175dcfa0b8 3661ffa1f5844a87807a76eaf2980335 - - default default] DELETE failed (client error): The resource could not be found.
2026-06-24 19:12:26.670 9 INFO neutron.api.wsgi [None req-054aa22e-cefe-4982-8677-41cd33484edb e5ab5514f52a4827bbcca2175dcfa0b8 3661ffa1f5844a87807a76eaf2980335 - - default default] 10.0.0.30 "DELETE /v2.0/subnets/91204730-df8e-47a4-9531-154debca0822 HTTP/1.1" status: 404 len: 337 time: 0.0164201
2026-06-24 19:12:26.848 10 INFO neutron.services.segments.plugin [-] Segment 67264e57-3cb1-48fd-a16f-1924e85eafd3 resource provider aggregate not found
2026-06-24 19:12:26.853 10 INFO neutron.services.segments.plugin [-] Segment 67264e57-3cb1-48fd-a16f-1924e85eafd3 resource provider aggregate not found
2026-06-24 19:12:26.860 10 INFO neutron.services.segments.plugin [-] Segment 67264e57-3cb1-48fd-a16f-1924e85eafd3 resource provider not found; error: Placement Client Error (4xx): {"errors": [{"status": 404, "title": "Not Found", "detail": "The resource could not be found.\n\n No resource provider with uuid 67264e57-3cb1-48fd-a16f-1924e85eafd3 found for delete ", "request_id": "req-a4c79d8b-01e8-4730-b0de-b5ed5a52d4fe"}]}
2026-06-24 19:12:26.870 10 INFO neutron.services.segments.plugin [-] Segment 67264e57-3cb1-48fd-a16f-1924e85eafd3 resource provider not found; error: Placement Client Error (4xx): {"errors": [{"status": 404, "title": "Not Found", "detail": "The resource could not be found.\n\n No resource provider with uuid 67264e57-3cb1-48fd-a16f-1924e85eafd3 found for delete ", "request_id": "req-5eb898de-33ca-4158-9075-c6a778041f4e"}]}
2026-06-24 19:12:26.899 10 INFO neutron.api.wsgi [None req-9a713b77-e51e-415d-ba83-0743183962eb 5e4d2cedcc4044d9ac0a1ef450037c21 23e084ec4e75441587b69bae626be7b5 - - default default] 10.0.0.30 "DELETE /v2.0/networks/ea2cab3a-989a-48ec-91e5-aeeb3b09285c HTTP/1.1" status: 204 len: 168 time: 0.3682673
2026-06-24 19:12:26.932 10 INFO neutron.api.wsgi [None req-9f258d05-718e-422c-abbb-bd18b996c0cc e5ab5514f52a4827bbcca2175dcfa0b8 3661ffa1f5844a87807a76eaf2980335 - - default default] 10.0.0.30 "DELETE /v2.0/ports/8617363c-77ec-4b21-a008-8ad2ab16a8ec HTTP/1.1" status: 204 len: 168 time: 0.2561195
2026-06-24 19:12:27.268 10 INFO neutron.api.wsgi [None req-a6d5f20d-4cb6-4fba-b46a-4168e63e61e2 5e4d2cedcc4044d9ac0a1ef450037c21 23e084ec4e75441587b69bae626be7b5 - - default default] 10.0.0.30 "DELETE /v2.0/networks/bbb20a47-6a97-418d-b1b8-dfd143f2a856 HTTP/1.1" status: 204 len: 168 time: 0.3614762
2026-06-24 19:12:27.304 9 INFO neutron.api.wsgi [None req-6bbf6c8f-3c69-4563-b2bb-4599583bc8e6 e5ab5514f52a4827bbcca2175dcfa0b8 3661ffa1f5844a87807a76eaf2980335 - - default default] 10.0.0.30 "DELETE /v2.0/networks/17171812-838a-4990-ae9a-6b75fa44ab2c HTTP/1.1" status: 204 len: 168 time: 0.3638778
2026-06-24 19:12:27.524 9 INFO neutron.services.segments.plugin [-] Segment 2964915d-69d4-4a81-84eb-86d119d8840b resource provider aggregate not found
2026-06-24 19:12:27.530 9 INFO neutron.services.segments.plugin [-] Segment 2964915d-69d4-4a81-84eb-86d119d8840b resource provider aggregate not found
2026-06-24 19:12:27.540 9 INFO neutron.services.segments.plugin [-] Segment 2964915d-69d4-4a81-84eb-86d119d8840b resource provider not found; error: Placement Client Error (4xx): {"errors": [{"status": 404, "title": "Not Found", "detail": "The resource could not be found.\n\n No resource provider with uuid 2964915d-69d4-4a81-84eb-86d119d8840b found for delete ", "request_id": "req-c324a08b-9696-47c6-8aac-8b38a016ee67"}]}
2026-06-24 19:12:27.544 9 INFO neutron.services.segments.plugin [-] Segment 2964915d-69d4-4a81-84eb-86d119d8840b resource provider not found; error: Placement Client Error (4xx): {"errors": [{"status": 404, "title": "Not Found", "detail": "The resource could not be found.\n\n No resource provider with uuid 2964915d-69d4-4a81-84eb-86d119d8840b found for delete ", "request_id": "req-f3d44aba-0cfb-43ce-8c3c-44db01e7d075"}]}
2026-06-24 19:12:27.552 9 INFO neutron.services.segments.plugin [-] Segment 0bab42bb-365d-4f7a-ac30-a8b93fd32862 resource provider aggregate not found
2026-06-24 19:12:27.558 9 INFO neutron.services.segments.plugin [-] Segment 0bab42bb-365d-4f7a-ac30-a8b93fd32862 resource provider aggregate not found
2026-06-24 19:12:27.564 9 INFO neutron.services.segments.plugin [-] Segment 0bab42bb-365d-4f7a-ac30-a8b93fd32862 resource provider not found; error: Placement Client Error (4xx): {"errors": [{"status": 404, "title": "Not Found", "detail": "The resource could not be found.\n\n No resource provider with uuid 0bab42bb-365d-4f7a-ac30-a8b93fd32862 found for delete ", "request_id": "req-7a84d0cd-d332-44f9-9b48-46f6946fb20e"}]}
2026-06-24 19:12:27.571 10 INFO neutron.api.wsgi [None req-0d9f7b29-be57-42dd-9754-001a37499f46 5e4d2cedcc4044d9ac0a1ef450037c21 23e084ec4e75441587b69bae626be7b5 - - default default] 10.0.0.30 "DELETE /v2.0/networks/665e8aba-a695-43f5-b34b-69b02c7b9ee0 HTTP/1.1" status: 204 len: 168 time: 0.2979727
2026-06-24 19:12:27.572 9 INFO neutron.services.segments.plugin [-] Segment 0bab42bb-365d-4f7a-ac30-a8b93fd32862 resource provider not found; error: Placement Client Error (4xx): {"errors": [{"status": 404, "title": "Not Found", "detail": "The resource could not be found.\n\n No resource provider with uuid 0bab42bb-365d-4f7a-ac30-a8b93fd32862 found for delete ", "request_id": "req-a3647f40-8446-4b15-999c-65598328971b"}]}
2026-06-24 19:12:27.773 9 INFO neutron.db.ovn_revision_numbers_db [None req-d8a73d26-9161-468c-a847-5b958f98ccbf 293041c3d1c44f58882016c7f9f1c629 83e00930fe284582a0d4538e1710b04a - - default default] Successfully bumped revision number for resource 085ef599-6599-4ede-a907-68a670fd9c2c (type: security_groups) to 1
2026-06-24 19:12:27.794 9 INFO neutron.db.ovn_revision_numbers_db [None req-d8a73d26-9161-468c-a847-5b958f98ccbf 293041c3d1c44f58882016c7f9f1c629 83e00930fe284582a0d4538e1710b04a - - default default] Successfully bumped revision number for resource 2c628cea-d5b6-46e3-990f-570c163afdac (type: security_group_rules) to 0
2026-06-24 19:12:27.796 10 INFO neutron.api.wsgi [None req-4a36b688-d2e0-4031-945e-8a5009cda696 293041c3d1c44f58882016c7f9f1c629 83e00930fe284582a0d4538e1710b04a - - default default] 10.0.0.30 "GET /v2.0/security-groups?tenant_id=3661ffa1f5844a87807a76eaf2980335&name=default HTTP/1.1" status: 200 len: 3120 time: 0.1198766
2026-06-24 19:12:27.809 9 INFO neutron.db.ovn_revision_numbers_db [None req-d8a73d26-9161-468c-a847-5b958f98ccbf 293041c3d1c44f58882016c7f9f1c629 83e00930fe284582a0d4538e1710b04a - - default default] Successfully bumped revision number for resource 69b2f995-7ddd-4965-b753-c3682ca3e44a (type: security_group_rules) to 0
2026-06-24 19:12:27.822 9 INFO neutron.db.ovn_revision_numbers_db [None req-d8a73d26-9161-468c-a847-5b958f98ccbf 293041c3d1c44f58882016c7f9f1c629 83e00930fe284582a0d4538e1710b04a - - default default] Successfully bumped revision number for resource 945bf031-f534-4ca9-929f-0c5e53b0a0be (type: security_group_rules) to 0
2026-06-24 19:12:27.837 9 INFO neutron.db.ovn_revision_numbers_db [None req-d8a73d26-9161-468c-a847-5b958f98ccbf 293041c3d1c44f58882016c7f9f1c629 83e00930fe284582a0d4538e1710b04a - - default default] Successfully bumped revision number for resource e3c2c599-41d6-4a7b-96eb-0911ae27122e (type: security_group_rules) to 0
2026-06-24 19:12:27.872 9 INFO neutron.api.wsgi [None req-d8a73d26-9161-468c-a847-5b958f98ccbf 293041c3d1c44f58882016c7f9f1c629 83e00930fe284582a0d4538e1710b04a - - default default] 10.0.0.30 "GET /v2.0/security-groups?tenant_id=43482eede8124da3b9d59ef086ec974c&name=default HTTP/1.1" status: 200 len: 3120 time: 0.5936215
2026-06-24 19:12:27.921 10 INFO neutron.api.wsgi [None req-be8cb965-5771-4983-9895-fd604b3c7d99 5e4d2cedcc4044d9ac0a1ef450037c21 23e084ec4e75441587b69bae626be7b5 - - default default] 10.0.0.30 "DELETE /v2.0/networks/58add50b-431a-4c9d-ba62-7243b492b0cb HTTP/1.1" status: 204 len: 168 time: 0.3426974
2026-06-24 19:12:28.014 10 INFO neutron.api.wsgi [None req-3755a862-2c30-40bb-9608-9a9f37f6c305 293041c3d1c44f58882016c7f9f1c629 83e00930fe284582a0d4538e1710b04a - - default default] 10.0.0.30 "DELETE /v2.0/security-groups/53dd8a4e-b0af-4e51-bbc1-d25e15f86c64 HTTP/1.1" status: 204 len: 168 time: 0.2132423
2026-06-24 19:12:28.147 9 INFO neutron.api.wsgi [None req-8b30d1f6-74fb-4a65-97ad-c643cdf81eca 293041c3d1c44f58882016c7f9f1c629 83e00930fe284582a0d4538e1710b04a - - default default] 10.0.0.30 "DELETE /v2.0/security-groups/085ef599-6599-4ede-a907-68a670fd9c2c HTTP/1.1" status: 204 len: 168 time: 0.2687435
2026-06-24 19:12:28.407 9 INFO neutron.db.ovn_revision_numbers_db [None req-b1a45443-d706-4c14-9cc4-c82eb7a70b7f 293041c3d1c44f58882016c7f9f1c629 83e00930fe284582a0d4538e1710b04a - - default default] Successfully bumped revision number for resource 9ae43a1b-46ce-43d3-a2cf-a7e4a8ac750e (type: security_groups) to 1
2026-06-24 19:12:28.420 9 INFO neutron.db.ovn_revision_numbers_db [None req-b1a45443-d706-4c14-9cc4-c82eb7a70b7f 293041c3d1c44f58882016c7f9f1c629 83e00930fe284582a0d4538e1710b04a - - default default] Successfully bumped revision number for resource 38948bba-2c09-4015-83f7-6f090330a609 (type: security_group_rules) to 0
