2026-06-24 18:59:54.716 9 INFO neutron.api.wsgi [None req-5c7cd9dc-fe59-4861-a7de-b418bec33c58 293041c3d1c44f58882016c7f9f1c629 83e00930fe284582a0d4538e1710b04a - - default default] 10.0.0.62 "GET /v2.0/subnets HTTP/1.1" status: 200 len: 1484 time: 0.0210245
2026-06-24 18:59:54.752 9 INFO neutron.api.wsgi [None req-576fd50f-d92e-4091-a0d5-d7a583c6977a 293041c3d1c44f58882016c7f9f1c629 83e00930fe284582a0d4538e1710b04a - - default default] 10.0.0.62 "GET /v2.0/ports HTTP/1.1" status: 200 len: 5351 time: 0.0343099
2026-06-24 18:59:54.773 9 INFO neutron.api.wsgi [None req-bd7869a3-ee6d-46ed-87d1-32d0557607e2 293041c3d1c44f58882016c7f9f1c629 83e00930fe284582a0d4538e1710b04a - - default default] 10.0.0.62 "GET /v2.0/floatingips HTTP/1.1" status: 200 len: 193 time: 0.0172994
2026-06-24 19:00:02.294 9 INFO neutron.api.wsgi [-] 10.0.0.72 "GET / HTTP/1.1" status: 200 len: 247 time: 0.0024822
2026-06-24 19:00:02.297 9 INFO neutron.api.wsgi [-] 10.0.0.72 "GET / HTTP/1.1" status: 200 len: 247 time: 0.0021420
2026-06-24 19:00:17.293 10 INFO neutron.api.wsgi [-] 10.0.0.72 "GET / HTTP/1.1" status: 200 len: 247 time: 0.0020185
2026-06-24 19:00:17.294 9 INFO neutron.api.wsgi [-] 10.0.0.72 "GET / HTTP/1.1" status: 200 len: 247 time: 0.0029652
2026-06-24 19:00:32.294 10 INFO neutron.api.wsgi [-] 10.0.0.72 "GET / HTTP/1.1" status: 200 len: 247 time: 0.0023735
2026-06-24 19:00:32.295 9 INFO neutron.api.wsgi [-] 10.0.0.72 "GET / HTTP/1.1" status: 200 len: 247 time: 0.0028551
2026-06-24 19:00:37.369 15 INFO neutron.plugins.ml2.drivers.ovn.mech_driver.ovsdb.maintenance [None req-b85f6e8a-df5f-48d7-9bf2-24b37f171bc8 - - - - - -] OVN maintenance task check_for_inconsistencies finished in 0.021 seconds
2026-06-24 19:00:47.293 10 INFO neutron.api.wsgi [-] 10.0.0.72 "GET / HTTP/1.1" status: 200 len: 247 time: 0.0026467
2026-06-24 19:00:47.295 10 INFO neutron.api.wsgi [-] 10.0.0.72 "GET / HTTP/1.1" status: 200 len: 247 time: 0.0013628
2026-06-24 19:00:54.452 9 INFO neutron.api.wsgi [None req-adde5c47-3022-45a2-9734-218fd187ea33 293041c3d1c44f58882016c7f9f1c629 83e00930fe284582a0d4538e1710b04a - - default default] 10.0.0.62 "GET /v2.0/security-groups HTTP/1.1" status: 200 len: 17578 time: 0.0946412
2026-06-24 19:00:54.491 9 INFO neutron.api.wsgi [None req-1041d084-f613-4145-a635-2e27e051f01f 293041c3d1c44f58882016c7f9f1c629 83e00930fe284582a0d4538e1710b04a - - default default] 10.0.0.62 "GET /v2.0/agents HTTP/1.1" status: 200 len: 1390 time: 0.0332768
2026-06-24 19:00:54.503 9 INFO neutron.api.wsgi [None req-11d61f8c-a963-450e-b493-f91afd3e87b3 293041c3d1c44f58882016c7f9f1c629 83e00930fe284582a0d4538e1710b04a - - default default] 10.0.0.62 "GET /v2.0/network-ip-availabilities HTTP/1.1" status: 200 len: 1280 time: 0.0097804
2026-06-24 19:00:54.517 9 INFO neutron.api.wsgi [None req-01096690-5afd-4e99-a3ee-5bc3a5583f99 293041c3d1c44f58882016c7f9f1c629 83e00930fe284582a0d4538e1710b04a - - default default] 10.0.0.62 "GET /v2.0/routers HTTP/1.1" status: 200 len: 189 time: 0.0129123
2026-06-24 19:00:54.530 9 INFO neutron.api.wsgi [None req-8edd685a-b2fe-464f-a264-8ecdb1c39772 293041c3d1c44f58882016c7f9f1c629 83e00930fe284582a0d4538e1710b04a - - default default] 10.0.0.62 "GET /v2.0/agents?binary=ovn-controller HTTP/1.1" status: 200 len: 591 time: 0.0120676
2026-06-24 19:00:54.547 9 INFO neutron.api.wsgi [None req-b4fba5e6-d8b5-4b38-805e-ef65a2ab1b35 293041c3d1c44f58882016c7f9f1c629 83e00930fe284582a0d4538e1710b04a - - default default] 10.0.0.62 "GET /v2.0/floatingips HTTP/1.1" status: 200 len: 193 time: 0.0155652
2026-06-24 19:00:54.589 9 INFO neutron.api.wsgi [None req-e2d97275-caac-4aa8-a838-ed05b25502b2 293041c3d1c44f58882016c7f9f1c629 83e00930fe284582a0d4538e1710b04a - - default default] 10.0.0.62 "GET /v2.0/networks HTTP/1.1" status: 200 len: 2350 time: 0.0412614
2026-06-24 19:00:54.611 9 INFO neutron.api.wsgi [None req-e3f58c91-5570-4110-bdd0-45beed8cf1b7 293041c3d1c44f58882016c7f9f1c629 83e00930fe284582a0d4538e1710b04a - - default default] 10.0.0.62 "GET /v2.0/subnets HTTP/1.1" status: 200 len: 1484 time: 0.0196331
2026-06-24 19:00:54.644 9 INFO neutron.api.wsgi [None req-a15d03ea-c16a-4941-89a1-620a6e54b155 293041c3d1c44f58882016c7f9f1c629 83e00930fe284582a0d4538e1710b04a - - default default] 10.0.0.62 "GET /v2.0/ports HTTP/1.1" status: 200 len: 5351 time: 0.0318353
2026-06-24 19:00:54.667 9 INFO neutron.api.wsgi [None req-6e6342a6-c3bf-4f41-8aa1-d7f659d7237f 293041c3d1c44f58882016c7f9f1c629 83e00930fe284582a0d4538e1710b04a - - default default] 10.0.0.62 "GET /v2.0/subnets HTTP/1.1" status: 200 len: 1484 time: 0.0194094
2026-06-24 19:00:54.673 9 INFO neutron.api.wsgi [None req-9f81064d-b4ce-4dc6-a553-970cec015924 293041c3d1c44f58882016c7f9f1c629 83e00930fe284582a0d4538e1710b04a - - default default] 10.0.0.62 "GET /v2.0/subnetpools HTTP/1.1" status: 200 len: 193 time: 0.0049531
2026-06-24 19:01:02.292 10 INFO neutron.api.wsgi [-] 10.0.0.72 "GET / HTTP/1.1" status: 200 len: 247 time: 0.0015421
2026-06-24 19:01:02.294 9 INFO neutron.api.wsgi [-] 10.0.0.72 "GET / HTTP/1.1" status: 200 len: 247 time: 0.0025897
2026-06-24 19:01:17.293 9 INFO neutron.api.wsgi [-] 10.0.0.72 "GET / HTTP/1.1" status: 200 len: 247 time: 0.0023944
2026-06-24 19:01:17.293 10 INFO neutron.api.wsgi [-] 10.0.0.72 "GET / HTTP/1.1" status: 200 len: 247 time: 0.0025907
2026-06-24 19:01:32.292 9 INFO neutron.api.wsgi [-] 10.0.0.72 "GET / HTTP/1.1" status: 200 len: 247 time: 0.0014689
2026-06-24 19:01:32.293 10 INFO neutron.api.wsgi [-] 10.0.0.72 "GET / HTTP/1.1" status: 200 len: 247 time: 0.0021369
2026-06-24 19:01:47.295 9 INFO neutron.api.wsgi [-] 10.0.0.72 "GET / HTTP/1.1" status: 200 len: 247 time: 0.0025485
2026-06-24 19:01:47.298 9 INFO neutron.api.wsgi [-] 10.0.0.72 "GET / HTTP/1.1" status: 200 len: 247 time: 0.0023463
2026-06-24 19:01:54.366 9 INFO neutron.api.wsgi [None req-7523ae1a-5849-47be-afc2-10c966a531e0 293041c3d1c44f58882016c7f9f1c629 83e00930fe284582a0d4538e1710b04a - - default default] 10.0.0.62 "GET /v2.0/routers HTTP/1.1" status: 200 len: 189 time: 0.0557823
2026-06-24 19:01:54.399 9 INFO neutron.api.wsgi [None req-ecf8d361-c950-4e9d-8c9e-a4a16fb2a8b2 293041c3d1c44f58882016c7f9f1c629 83e00930fe284582a0d4538e1710b04a - - default default] 10.0.0.62 "GET /v2.0/agents?binary=ovn-controller HTTP/1.1" status: 200 len: 591 time: 0.0325637
2026-06-24 19:01:54.443 9 INFO neutron.api.wsgi [None req-c13ee4d8-dd86-44c7-a09b-c581dc107bf7 293041c3d1c44f58882016c7f9f1c629 83e00930fe284582a0d4538e1710b04a - - default default] 10.0.0.62 "GET /v2.0/networks HTTP/1.1" status: 200 len: 2350 time: 0.0428116
2026-06-24 19:01:54.472 9 INFO neutron.api.wsgi [None req-f21a615b-88b0-4e9d-9b3d-e910912e2864 293041c3d1c44f58882016c7f9f1c629 83e00930fe284582a0d4538e1710b04a - - default default] 10.0.0.62 "GET /v2.0/subnets HTTP/1.1" status: 200 len: 1484 time: 0.0272050
2026-06-24 19:01:54.513 9 INFO neutron.api.wsgi [None req-6c3bd527-8d65-41f1-9932-b679b582c441 293041c3d1c44f58882016c7f9f1c629 83e00930fe284582a0d4538e1710b04a - - default default] 10.0.0.62 "GET /v2.0/security-groups HTTP/1.1" status: 200 len: 17578 time: 0.0384214
2026-06-24 19:01:54.559 9 INFO neutron.api.wsgi [None req-a208d119-e710-4694-8e29-dafd53a851f0 293041c3d1c44f58882016c7f9f1c629 83e00930fe284582a0d4538e1710b04a - - default default] 10.0.0.62 "GET /v2.0/subnets HTTP/1.1" status: 200 len: 1484 time: 0.0383081
2026-06-24 19:01:54.568 9 INFO neutron.api.wsgi [None req-d76eb2f1-a1c2-4f92-82b6-13fbed0810ba 293041c3d1c44f58882016c7f9f1c629 83e00930fe284582a0d4538e1710b04a - - default default] 10.0.0.62 "GET /v2.0/subnetpools HTTP/1.1" status: 200 len: 193 time: 0.0084414
2026-06-24 19:01:54.607 9 INFO neutron.api.wsgi [None req-de2f11ed-e887-461e-9bc2-5322b604b53c 293041c3d1c44f58882016c7f9f1c629 83e00930fe284582a0d4538e1710b04a - - default default] 10.0.0.62 "GET /v2.0/ports HTTP/1.1" status: 200 len: 5351 time: 0.0378687
2026-06-24 19:01:54.620 9 INFO neutron.api.wsgi [None req-047fd532-95fd-40a0-8e06-17ba83d2b887 293041c3d1c44f58882016c7f9f1c629 83e00930fe284582a0d4538e1710b04a - - default default] 10.0.0.62 "GET /v2.0/agents HTTP/1.1" status: 200 len: 1390 time: 0.0103326
2026-06-24 19:01:54.633 9 INFO neutron.api.wsgi [None req-c4fe67c1-afbc-4fd5-97c3-45181c78259f 293041c3d1c44f58882016c7f9f1c629 83e00930fe284582a0d4538e1710b04a - - default default] 10.0.0.62 "GET /v2.0/floatingips HTTP/1.1" status: 200 len: 193 time: 0.0113649
2026-06-24 19:01:54.642 9 INFO neutron.api.wsgi [None req-45c846ea-3ac7-4f66-b4bb-f028d334d336 293041c3d1c44f58882016c7f9f1c629 83e00930fe284582a0d4538e1710b04a - - default default] 10.0.0.62 "GET /v2.0/network-ip-availabilities HTTP/1.1" status: 200 len: 1280 time: 0.0085235
2026-06-24 19:02:02.293 10 INFO neutron.api.wsgi [-] 10.0.0.72 "GET / HTTP/1.1" status: 200 len: 247 time: 0.0024116
2026-06-24 19:02:02.294 9 INFO neutron.api.wsgi [-] 10.0.0.72 "GET / HTTP/1.1" status: 200 len: 247 time: 0.0029621
2026-06-24 19:02:17.294 9 INFO neutron.api.wsgi [-] 10.0.0.72 "GET / HTTP/1.1" status: 200 len: 247 time: 0.0028801
2026-06-24 19:02:17.295 10 INFO neutron.api.wsgi [-] 10.0.0.72 "GET / HTTP/1.1" status: 200 len: 247 time: 0.0032160
2026-06-24 19:02:32.294 9 INFO neutron.api.wsgi [-] 10.0.0.72 "GET / HTTP/1.1" status: 200 len: 247 time: 0.0024862
2026-06-24 19:02:32.294 10 INFO neutron.api.wsgi [-] 10.0.0.72 "GET / HTTP/1.1" status: 200 len: 247 time: 0.0035112
2026-06-24 19:02:47.293 10 INFO neutron.api.wsgi [-] 10.0.0.72 "GET / HTTP/1.1" status: 200 len: 247 time: 0.0015590
2026-06-24 19:02:47.294 9 INFO neutron.api.wsgi [-] 10.0.0.72 "GET / HTTP/1.1" status: 200 len: 247 time: 0.0026305
2026-06-24 19:02:54.425 9 INFO neutron.api.wsgi [None req-df9338a4-c36f-4db2-856b-fd1a9c89d4ef 293041c3d1c44f58882016c7f9f1c629 83e00930fe284582a0d4538e1710b04a - - default default] 10.0.0.62 "GET /v2.0/networks HTTP/1.1" status: 200 len: 2350 time: 0.0972240
2026-06-24 19:02:54.459 9 INFO neutron.api.wsgi [None req-e80ea6e9-f11e-422b-850d-f558d0412b48 293041c3d1c44f58882016c7f9f1c629 83e00930fe284582a0d4538e1710b04a - - default default] 10.0.0.62 "GET /v2.0/agents HTTP/1.1" status: 200 len: 1390 time: 0.0308135
2026-06-24 19:02:54.484 9 INFO neutron.api.wsgi [None req-25a58f4d-6aec-45b0-b05c-aa1ab0ccf7c1 293041c3d1c44f58882016c7f9f1c629 83e00930fe284582a0d4538e1710b04a - - default default] 10.0.0.62 "GET /v2.0/subnets HTTP/1.1" status: 200 len: 1484 time: 0.0227671
2026-06-24 19:02:54.522 9 INFO neutron.api.wsgi [None req-dd78f7b6-d2e8-448f-8ed9-7f12621f371e 293041c3d1c44f58882016c7f9f1c629 83e00930fe284582a0d4538e1710b04a - - default default] 10.0.0.62 "GET /v2.0/ports HTTP/1.1" status: 200 len: 5351 time: 0.0365398
2026-06-24 19:02:54.539 9 INFO neutron.api.wsgi [None req-496f5c80-2e78-4f32-a97e-cff5fc4f8bd6 293041c3d1c44f58882016c7f9f1c629 83e00930fe284582a0d4538e1710b04a - - default default] 10.0.0.62 "GET /v2.0/routers HTTP/1.1" status: 200 len: 189 time: 0.0130429
2026-06-24 19:02:54.546 9 INFO neutron.api.wsgi [None req-d9072a6b-3923-42fe-9359-b6b3bd40e6e8 293041c3d1c44f58882016c7f9f1c629 83e00930fe284582a0d4538e1710b04a - - default default] 10.0.0.62 "GET /v2.0/agents?binary=ovn-controller HTTP/1.1" status: 200 len: 591 time: 0.0067954
2026-06-24 19:02:54.554 9 INFO neutron.api.wsgi [None req-5d23562a-2c35-487c-8406-da9119cb7b20 293041c3d1c44f58882016c7f9f1c629 83e00930fe284582a0d4538e1710b04a - - default default] 10.0.0.62 "GET /v2.0/network-ip-availabilities HTTP/1.1" status: 200 len: 1280 time: 0.0070515
2026-06-24 19:02:54.576 9 INFO neutron.api.wsgi [None req-2c6a5200-b03d-4d86-9afe-527579dcb8c3 293041c3d1c44f58882016c7f9f1c629 83e00930fe284582a0d4538e1710b04a - - default default] 10.0.0.62 "GET /v2.0/subnets HTTP/1.1" status: 200 len: 1484 time: 0.0205603
2026-06-24 19:02:54.584 9 INFO neutron.api.wsgi [None req-670a063a-f49a-47bd-a12d-718aa7252e9f 293041c3d1c44f58882016c7f9f1c629 83e00930fe284582a0d4538e1710b04a - - default default] 10.0.0.62 "GET /v2.0/subnetpools HTTP/1.1" status: 200 len: 193 time: 0.0076873
2026-06-24 19:02:54.616 9 INFO neutron.api.wsgi [None req-42a321c0-262f-4240-bd20-6eeb02df9761 293041c3d1c44f58882016c7f9f1c629 83e00930fe284582a0d4538e1710b04a - - default default] 10.0.0.62 "GET /v2.0/security-groups HTTP/1.1" status: 200 len: 17578 time: 0.0306337
2026-06-24 19:02:54.641 9 INFO neutron.api.wsgi [None req-f0a733a1-5ec6-4534-a11a-3b6921f6e677 293041c3d1c44f58882016c7f9f1c629 83e00930fe284582a0d4538e1710b04a - - default default] 10.0.0.62 "GET /v2.0/floatingips HTTP/1.1" status: 200 len: 193 time: 0.0174177
2026-06-24 19:03:02.293 10 INFO neutron.api.wsgi [-] 10.0.0.72 "GET / HTTP/1.1" status: 200 len: 247 time: 0.0024204
2026-06-24 19:03:02.293 9 INFO neutron.api.wsgi [-] 10.0.0.72 "GET / HTTP/1.1" status: 200 len: 247 time: 0.0023234
2026-06-24 19:03:17.296 10 INFO neutron.api.wsgi [-] 10.0.0.72 "GET / HTTP/1.1" status: 200 len: 247 time: 0.0027585
2026-06-24 19:03:17.299 10 INFO neutron.api.wsgi [-] 10.0.0.72 "GET / HTTP/1.1" status: 200 len: 247 time: 0.0022459
2026-06-24 19:03:32.295 10 INFO neutron.api.wsgi [-] 10.0.0.72 "GET / HTTP/1.1" status: 200 len: 247 time: 0.0027931
2026-06-24 19:03:32.295 9 INFO neutron.api.wsgi [-] 10.0.0.72 "GET / HTTP/1.1" status: 200 len: 247 time: 0.0031910
2026-06-24 19:03:47.293 10 INFO neutron.api.wsgi [-] 10.0.0.72 "GET / HTTP/1.1" status: 200 len: 247 time: 0.0018432
2026-06-24 19:03:47.293 9 INFO neutron.api.wsgi [-] 10.0.0.72 "GET / HTTP/1.1" status: 200 len: 247 time: 0.0022447
2026-06-24 19:03:54.488 9 INFO neutron.api.wsgi [None req-caddb7a1-cb00-4a44-91fe-65c077394652 293041c3d1c44f58882016c7f9f1c629 83e00930fe284582a0d4538e1710b04a - - default default] 10.0.0.62 "GET /v2.0/subnets HTTP/1.1" status: 200 len: 1484 time: 0.1683552
2026-06-24 19:03:54.498 9 INFO neutron.api.wsgi [None req-5becb206-3c4e-4504-a1c1-8bea762c25ef 293041c3d1c44f58882016c7f9f1c629 83e00930fe284582a0d4538e1710b04a - - default default] 10.0.0.62 "GET /v2.0/subnetpools HTTP/1.1" status: 200 len: 193 time: 0.0078683
2026-06-24 19:03:54.540 9 INFO neutron.api.wsgi [None req-134dbc09-e0b1-4a89-90fe-f0085bbd117f 293041c3d1c44f58882016c7f9f1c629 83e00930fe284582a0d4538e1710b04a - - default default] 10.0.0.62 "GET /v2.0/subnets HTTP/1.1" status: 200 len: 1484 time: 0.0404680
2026-06-24 19:03:54.566 9 INFO neutron.api.wsgi [None req-8c1bc492-c7f9-4cce-a310-00d3f9c95560 293041c3d1c44f58882016c7f9f1c629 83e00930fe284582a0d4538e1710b04a - - default default] 10.0.0.62 "GET /v2.0/floatingips HTTP/1.1" status: 200 len: 193 time: 0.0241134
2026-06-24 19:03:54.611 9 INFO neutron.api.wsgi [None req-e8e0a23a-fd4a-400d-b434-f1456d57fd21 293041c3d1c44f58882016c7f9f1c629 83e00930fe284582a0d4538e1710b04a - - default default] 10.0.0.62 "GET /v2.0/networks HTTP/1.1" status: 200 len: 2350 time: 0.0434551
2026-06-24 19:03:54.656 9 INFO neutron.api.wsgi [None req-cc7cdf68-4f02-4046-a9c9-29c74e7c7db8 293041c3d1c44f58882016c7f9f1c629 83e00930fe284582a0d4538e1710b04a - - default default] 10.0.0.62 "GET /v2.0/agents HTTP/1.1" status: 200 len: 1390 time: 0.0429738
2026-06-24 19:03:54.695 9 INFO neutron.api.wsgi [None req-e4335a3e-26cb-4f69-ba36-7e4d27fb3216 293041c3d1c44f58882016c7f9f1c629 83e00930fe284582a0d4538e1710b04a - - default default] 10.0.0.62 "GET /v2.0/security-groups HTTP/1.1" status: 200 len: 17578 time: 0.0377972
2026-06-24 19:03:54.747 9 INFO neutron.api.wsgi [None req-47116c6d-a38c-4cbe-9b99-ec2ae0211370 293041c3d1c44f58882016c7f9f1c629 83e00930fe284582a0d4538e1710b04a - - default default] 10.0.0.62 "GET /v2.0/ports HTTP/1.1" status: 200 len: 5351 time: 0.0452001
2026-06-24 19:03:54.766 9 INFO neutron.api.wsgi [None req-72b02496-7724-4a1e-892e-38c99797b828 293041c3d1c44f58882016c7f9f1c629 83e00930fe284582a0d4538e1710b04a - - default default] 10.0.0.62 "GET /v2.0/routers HTTP/1.1" status: 200 len: 189 time: 0.0144546
2026-06-24 19:03:54.783 9 INFO neutron.api.wsgi [None req-69963cc0-6f5c-4c6a-9214-5ee4136f5af0 293041c3d1c44f58882016c7f9f1c629 83e00930fe284582a0d4538e1710b04a - - default default] 10.0.0.62 "GET /v2.0/agents?binary=ovn-controller HTTP/1.1" status: 200 len: 591 time: 0.0164347
2026-06-24 19:03:54.797 9 INFO neutron.api.wsgi [None req-94515d49-db16-40e2-ad3e-34ec1b2a1fb1 293041c3d1c44f58882016c7f9f1c629 83e00930fe284582a0d4538e1710b04a - - default default] 10.0.0.62 "GET /v2.0/network-ip-availabilities HTTP/1.1" status: 200 len: 1280 time: 0.0093668
2026-06-24 19:04:02.292 10 INFO neutron.api.wsgi [-] 10.0.0.72 "GET / HTTP/1.1" status: 200 len: 247 time: 0.0022352
2026-06-24 19:04:02.293 9 INFO neutron.api.wsgi [-] 10.0.0.72 "GET / HTTP/1.1" status: 200 len: 247 time: 0.0026710
2026-06-24 19:04:17.293 10 INFO neutron.api.wsgi [-] 10.0.0.72 "GET / HTTP/1.1" status: 200 len: 247 time: 0.0022938
2026-06-24 19:04:17.294 9 INFO neutron.api.wsgi [-] 10.0.0.72 "GET / HTTP/1.1" status: 200 len: 247 time: 0.0028329
2026-06-24 19:04:32.293 9 INFO neutron.api.wsgi [-] 10.0.0.72 "GET / HTTP/1.1" status: 200 len: 247 time: 0.0027316
2026-06-24 19:04:32.309 10 INFO neutron.api.wsgi [-] 10.0.0.72 "GET / HTTP/1.1" status: 200 len: 247 time: 0.0181351
2026-06-24 19:04:47.294 10 INFO neutron.api.wsgi [-] 10.0.0.72 "GET / HTTP/1.1" status: 200 len: 247 time: 0.0027864
2026-06-24 19:04:47.293 9 INFO neutron.api.wsgi [-] 10.0.0.72 "GET / HTTP/1.1" status: 200 len: 247 time: 0.0024567
2026-06-24 19:04:54.470 9 INFO neutron.api.wsgi [None req-66b599d7-ef31-4a4f-9512-df6b25c6746e 293041c3d1c44f58882016c7f9f1c629 83e00930fe284582a0d4538e1710b04a - - default default] 10.0.0.62 "GET /v2.0/subnets HTTP/1.1" status: 200 len: 1484 time: 0.0742593
2026-06-24 19:04:54.526 9 INFO neutron.api.wsgi [None req-96181bb4-8ee8-49e1-946f-941fb93318f1 293041c3d1c44f58882016c7f9f1c629 83e00930fe284582a0d4538e1710b04a - - default default] 10.0.0.62 "GET /v2.0/ports HTTP/1.1" status: 200 len: 5351 time: 0.0541346
2026-06-24 19:04:54.563 9 INFO neutron.api.wsgi [None req-a0345f71-ee85-46de-9229-cb5c2fd960cf 293041c3d1c44f58882016c7f9f1c629 83e00930fe284582a0d4538e1710b04a - - default default] 10.0.0.62 "GET /v2.0/security-groups HTTP/1.1" status: 200 len: 17578 time: 0.0335419
2026-06-24 19:04:54.584 9 INFO neutron.api.wsgi [None req-dc959d16-e56f-436d-8701-df7f167017bd 293041c3d1c44f58882016c7f9f1c629 83e00930fe284582a0d4538e1710b04a - - default default] 10.0.0.62 "GET /v2.0/floatingips HTTP/1.1" status: 200 len: 193 time: 0.0151777
2026-06-24 19:04:54.629 9 INFO neutron.api.wsgi [None req-19eab063-9b0c-487c-be40-c38d0d35b25b 293041c3d1c44f58882016c7f9f1c629 83e00930fe284582a0d4538e1710b04a - - default default] 10.0.0.62 "GET /v2.0/networks HTTP/1.1" status: 200 len: 2350 time: 0.0438881
2026-06-24 19:04:54.646 9 INFO neutron.api.wsgi [None req-65c2fe14-0197-44e4-8f4e-716f807dfec3 293041c3d1c44f58882016c7f9f1c629 83e00930fe284582a0d4538e1710b04a - - default default] 10.0.0.62 "GET /v2.0/routers HTTP/1.1" status: 200 len: 189 time: 0.0141206
2026-06-24 19:04:54.679 9 INFO neutron.api.wsgi [None req-3295d462-a4a0-4b63-8918-2dcee8125037 293041c3d1c44f58882016c7f9f1c629 83e00930fe284582a0d4538e1710b04a - - default default] 10.0.0.62 "GET /v2.0/agents?binary=ovn-controller HTTP/1.1" status: 200 len: 591 time: 0.0325656
2026-06-24 19:04:54.698 9 INFO neutron.api.wsgi [None req-ee58a2bf-eaba-4b77-ac89-691e06157561 293041c3d1c44f58882016c7f9f1c629 83e00930fe284582a0d4538e1710b04a - - default default] 10.0.0.62 "GET /v2.0/agents HTTP/1.1" status: 200 len: 1390 time: 0.0173674
2026-06-24 19:04:54.711 9 INFO neutron.api.wsgi [None req-1e523be0-1126-4225-a9ed-970d41b66cfd 293041c3d1c44f58882016c7f9f1c629 83e00930fe284582a0d4538e1710b04a - - default default] 10.0.0.62 "GET /v2.0/network-ip-availabilities HTTP/1.1" status: 200 len: 1280 time: 0.0120487
2026-06-24 19:04:54.731 9 INFO neutron.api.wsgi [None req-cc8d7ca2-4d77-49ec-bea9-80288974fa04 293041c3d1c44f58882016c7f9f1c629 83e00930fe284582a0d4538e1710b04a - - default default] 10.0.0.62 "GET /v2.0/subnets HTTP/1.1" status: 200 len: 1484 time: 0.0196173
2026-06-24 19:04:54.740 9 INFO neutron.api.wsgi [None req-b6ff8f04-6d07-4cb5-a2f5-039b3c3cd669 293041c3d1c44f58882016c7f9f1c629 83e00930fe284582a0d4538e1710b04a - - default default] 10.0.0.62 "GET /v2.0/subnetpools HTTP/1.1" status: 200 len: 193 time: 0.0073199
2026-06-24 19:05:02.294 10 INFO neutron.api.wsgi [-] 10.0.0.72 "GET / HTTP/1.1" status: 200 len: 247 time: 0.0024812
2026-06-24 19:05:02.294 9 INFO neutron.api.wsgi [-] 10.0.0.72 "GET / HTTP/1.1" status: 200 len: 247 time: 0.0028000
2026-06-24 19:05:17.294 9 INFO neutron.api.wsgi [-] 10.0.0.72 "GET / HTTP/1.1" status: 200 len: 247 time: 0.0025563
2026-06-24 19:05:17.294 10 INFO neutron.api.wsgi [-] 10.0.0.72 "GET / HTTP/1.1" status: 200 len: 247 time: 0.0031571
2026-06-24 19:05:30.262 9 INFO neutron.pecan_wsgi.hooks.translation [None req-d1eb5192-d605-44f5-8dd5-b29d0ee93b42 293041c3d1c44f58882016c7f9f1c629 83e00930fe284582a0d4538e1710b04a - - default default] GET failed (client error): The resource could not be found.
2026-06-24 19:05:30.263 9 INFO neutron.api.wsgi [None req-d1eb5192-d605-44f5-8dd5-b29d0ee93b42 293041c3d1c44f58882016c7f9f1c629 83e00930fe284582a0d4538e1710b04a - - default default] 199.19.213.107,10.0.0.72 "GET /v2.0/networks/public HTTP/1.1" status: 404 len: 290 time: 0.0469854
2026-06-24 19:05:30.313 9 INFO neutron.api.wsgi [None req-1a6bffe2-0255-44d0-ad9c-5f77267f1110 293041c3d1c44f58882016c7f9f1c629 83e00930fe284582a0d4538e1710b04a - - default default] 199.19.213.107,10.0.0.72 "GET /v2.0/networks?name=public HTTP/1.1" status: 200 len: 928 time: 0.0455844
2026-06-24 19:05:31.536 10 INFO neutron.pecan_wsgi.hooks.translation [None req-3a58948e-8c07-48b5-a9bb-09126f6cdde5 293041c3d1c44f58882016c7f9f1c629 83e00930fe284582a0d4538e1710b04a - - default default] GET failed (client error): The resource could not be found.
2026-06-24 19:05:31.537 10 INFO neutron.api.wsgi [None req-3a58948e-8c07-48b5-a9bb-09126f6cdde5 293041c3d1c44f58882016c7f9f1c629 83e00930fe284582a0d4538e1710b04a - - default default] 199.19.213.107,10.0.0.72 "GET /v2.0/networks/public HTTP/1.1" status: 404 len: 290 time: 0.0601418
2026-06-24 19:05:31.581 10 INFO neutron.api.wsgi [None req-1cbbad6a-4439-4db3-8e2a-7753f51518cc 293041c3d1c44f58882016c7f9f1c629 83e00930fe284582a0d4538e1710b04a - - default default] 199.19.213.107,10.0.0.72 "GET /v2.0/networks?name=public HTTP/1.1" status: 200 len: 928 time: 0.0396793
2026-06-24 19:05:31.599 10 INFO neutron.pecan_wsgi.hooks.translation [None req-16707807-7335-4501-942e-e01885cb7e50 293041c3d1c44f58882016c7f9f1c629 83e00930fe284582a0d4538e1710b04a - - default default] GET failed (client error): The resource could not be found.
2026-06-24 19:05:31.600 10 INFO neutron.api.wsgi [None req-16707807-7335-4501-942e-e01885cb7e50 293041c3d1c44f58882016c7f9f1c629 83e00930fe284582a0d4538e1710b04a - - default default] 199.19.213.107,10.0.0.72 "GET /v2.0/subnets/public-subnet?network_id=ef010c93-854e-4f3b-8e13-71e6b38adb80 HTTP/1.1" status: 404 len: 295 time: 0.0106432
2026-06-24 19:05:31.628 10 INFO neutron.api.wsgi [None req-9cb8c282-a8f4-4ddc-9c3b-2cb4cff1a7d1 293041c3d1c44f58882016c7f9f1c629 83e00930fe284582a0d4538e1710b04a - - default default] 199.19.213.107,10.0.0.72 "GET /v2.0/subnets?name=public-subnet&network_id=ef010c93-854e-4f3b-8e13-71e6b38adb80 HTTP/1.1" status: 200 len: 842 time: 0.0249283
2026-06-24 19:05:32.293 9 INFO neutron.api.wsgi [-] 10.0.0.72 "GET / HTTP/1.1" status: 200 len: 247 time: 0.0023143
2026-06-24 19:05:32.294 10 INFO neutron.api.wsgi [-] 10.0.0.72 "GET / HTTP/1.1" status: 200 len: 247 time: 0.0033135
2026-06-24 19:05:37.400 15 INFO neutron.plugins.ml2.drivers.ovn.mech_driver.ovsdb.maintenance [None req-b85f6e8a-df5f-48d7-9bf2-24b37f171bc8 - - - - - -] OVN maintenance task check_for_inconsistencies finished in 0.021 seconds
2026-06-24 19:05:47.293 10 INFO neutron.api.wsgi [-] 10.0.0.72 "GET / HTTP/1.1" status: 200 len: 247 time: 0.0021801
2026-06-24 19:05:47.295 10 INFO neutron.api.wsgi [-] 10.0.0.72 "GET / HTTP/1.1" status: 200 len: 247 time: 0.0020702
2026-06-24 19:05:54.415 9 INFO neutron.api.wsgi [None req-f2ff7540-382e-4343-9ea7-396c5ca14aec 293041c3d1c44f58882016c7f9f1c629 83e00930fe284582a0d4538e1710b04a - - default default] 10.0.0.62 "GET /v2.0/subnets HTTP/1.1" status: 200 len: 1484 time: 0.0591440
2026-06-24 19:05:54.429 9 INFO neutron.api.wsgi [None req-8abaf1e3-aebc-4658-8c07-3cdbde4b8239 293041c3d1c44f58882016c7f9f1c629 83e00930fe284582a0d4538e1710b04a - - default default] 10.0.0.62 "GET /v2.0/subnetpools HTTP/1.1" status: 200 len: 193 time: 0.0132391
2026-06-24 19:05:54.461 9 INFO neutron.api.wsgi [None req-656e4649-c56b-4097-9da1-00e0ed0ef3cb 293041c3d1c44f58882016c7f9f1c629 83e00930fe284582a0d4538e1710b04a - - default default] 10.0.0.62 "GET /v2.0/ports HTTP/1.1" status: 200 len: 5351 time: 0.0308633
2026-06-24 19:05:54.475 9 INFO neutron.api.wsgi [None req-93fd6346-acf9-4825-860e-48613f50cdc0 293041c3d1c44f58882016c7f9f1c629 83e00930fe284582a0d4538e1710b04a - - default default] 10.0.0.62 "GET /v2.0/network-ip-availabilities HTTP/1.1" status: 200 len: 1280 time: 0.0101020
2026-06-24 19:05:54.488 9 INFO neutron.api.wsgi [None req-5477e847-7865-4d23-a7e4-4afcbf55bef6 293041c3d1c44f58882016c7f9f1c629 83e00930fe284582a0d4538e1710b04a - - default default] 10.0.0.62 "GET /v2.0/floatingips HTTP/1.1" status: 200 len: 193 time: 0.0114930
2026-06-24 19:05:54.531 9 INFO neutron.api.wsgi [None req-21cc8904-d063-4a26-b699-095b97402e30 293041c3d1c44f58882016c7f9f1c629 83e00930fe284582a0d4538e1710b04a - - default default] 10.0.0.62 "GET /v2.0/networks HTTP/1.1" status: 200 len: 2350 time: 0.0424106
2026-06-24 19:05:54.590 9 INFO neutron.api.wsgi [None req-df1d7bf9-2d90-42d1-9584-70b9402b8e26 293041c3d1c44f58882016c7f9f1c629 83e00930fe284582a0d4538e1710b04a - - default default] 10.0.0.62 "GET /v2.0/agents HTTP/1.1" status: 200 len: 1390 time: 0.0540807
2026-06-24 19:05:54.621 9 INFO neutron.api.wsgi [None req-2e1169e4-0b01-42d6-b718-6f7a947ba6b3 293041c3d1c44f58882016c7f9f1c629 83e00930fe284582a0d4538e1710b04a - - default default] 10.0.0.62 "GET /v2.0/subnets HTTP/1.1" status: 200 len: 1484 time: 0.0307109
2026-06-24 19:05:54.636 9 INFO neutron.api.wsgi [None req-9ee9b8c0-45ac-4009-957a-9bfdcac7ce98 293041c3d1c44f58882016c7f9f1c629 83e00930fe284582a0d4538e1710b04a - - default default] 10.0.0.62 "GET /v2.0/routers HTTP/1.1" status: 200 len: 189 time: 0.0133448
2026-06-24 19:05:54.644 9 INFO neutron.api.wsgi [None req-edbafab2-fb10-4307-a2f2-cb5878258216 293041c3d1c44f58882016c7f9f1c629 83e00930fe284582a0d4538e1710b04a - - default default] 10.0.0.62 "GET /v2.0/agents?binary=ovn-controller HTTP/1.1" status: 200 len: 591 time: 0.0081666
2026-06-24 19:05:54.674 9 INFO neutron.api.wsgi [None req-0c4d956b-35a7-408e-b007-978721841132 293041c3d1c44f58882016c7f9f1c629 83e00930fe284582a0d4538e1710b04a - - default default] 10.0.0.62 "GET /v2.0/security-groups HTTP/1.1" status: 200 len: 17578 time: 0.0289352
2026-06-24 19:06:00.075 9 INFO neutron.pecan_wsgi.hooks.translation [None req-b33c635d-0c2c-47eb-8933-cfceef9d0407 293041c3d1c44f58882016c7f9f1c629 83e00930fe284582a0d4538e1710b04a - - default default] GET failed (client error): The resource could not be found.
2026-06-24 19:06:00.076 9 INFO neutron.api.wsgi [None req-b33c635d-0c2c-47eb-8933-cfceef9d0407 293041c3d1c44f58882016c7f9f1c629 83e00930fe284582a0d4538e1710b04a - - default default] 199.19.213.107,10.0.0.72 "GET /v2.0/networks/lb-mgmt-net HTTP/1.1" status: 404 len: 295 time: 0.0481811
2026-06-24 19:06:00.124 9 INFO neutron.api.wsgi [None req-af8ec631-35d1-4dbe-9641-8b4b9271e01f 293041c3d1c44f58882016c7f9f1c629 83e00930fe284582a0d4538e1710b04a - - default default] 199.19.213.107,10.0.0.72 "GET /v2.0/networks?name=lb-mgmt-net HTTP/1.1" status: 200 len: 913 time: 0.0438602
2026-06-24 19:06:01.110 9 INFO neutron.pecan_wsgi.hooks.translation [None req-97a15e74-f7b4-496a-8a44-ee92cbae67c7 293041c3d1c44f58882016c7f9f1c629 83e00930fe284582a0d4538e1710b04a - - default default] GET failed (client error): The resource could not be found.
2026-06-24 19:06:01.111 9 INFO neutron.api.wsgi [None req-97a15e74-f7b4-496a-8a44-ee92cbae67c7 293041c3d1c44f58882016c7f9f1c629 83e00930fe284582a0d4538e1710b04a - - default default] 199.19.213.107,10.0.0.72 "GET /v2.0/networks/lb-mgmt-net HTTP/1.1" status: 404 len: 295 time: 0.0449755
2026-06-24 19:06:01.153 9 INFO neutron.api.wsgi [None req-289da2be-426e-4a5c-a225-b3a2dfe6f5f2 293041c3d1c44f58882016c7f9f1c629 83e00930fe284582a0d4538e1710b04a - - default default] 199.19.213.107,10.0.0.72 "GET /v2.0/networks?name=lb-mgmt-net HTTP/1.1" status: 200 len: 913 time: 0.0381014
2026-06-24 19:06:01.170 9 INFO neutron.pecan_wsgi.hooks.translation [None req-35ae13ca-2576-4987-a9a0-bab5b956d183 293041c3d1c44f58882016c7f9f1c629 83e00930fe284582a0d4538e1710b04a - - default default] GET failed (client error): The resource could not be found.
2026-06-24 19:06:01.171 9 INFO neutron.api.wsgi [None req-35ae13ca-2576-4987-a9a0-bab5b956d183 293041c3d1c44f58882016c7f9f1c629 83e00930fe284582a0d4538e1710b04a - - default default] 199.19.213.107,10.0.0.72 "GET /v2.0/subnets/lb-mgmt-subnet?network_id=a51c4fdb-26ad-4d5b-afa3-6604d1e3e5fd HTTP/1.1" status: 404 len: 296 time: 0.0107405
2026-06-24 19:06:01.200 9 INFO neutron.api.wsgi [None req-e0152215-d772-4635-97bc-9e6ba869d7fd 293041c3d1c44f58882016c7f9f1c629 83e00930fe284582a0d4538e1710b04a - - default default] 199.19.213.107,10.0.0.72 "GET /v2.0/subnets?name=lb-mgmt-subnet&network_id=a51c4fdb-26ad-4d5b-afa3-6604d1e3e5fd HTTP/1.1" status: 200 len: 829 time: 0.0265548
2026-06-24 19:06:02.293 10 INFO neutron.api.wsgi [-] 10.0.0.72 "GET / HTTP/1.1" status: 200 len: 247 time: 0.0023220
2026-06-24 19:06:02.296 10 INFO neutron.api.wsgi [-] 10.0.0.72 "GET / HTTP/1.1" status: 200 len: 247 time: 0.0020585
2026-06-24 19:06:02.402 10 INFO neutron.api.v2.resource [None req-8b8cd109-cdf4-4ec1-8bfa-d466f3a8aa00 293041c3d1c44f58882016c7f9f1c629 83e00930fe284582a0d4538e1710b04a - - default default] show failed (client error): The resource could not be found.
2026-06-24 19:06:02.403 10 INFO neutron.api.wsgi [None req-8b8cd109-cdf4-4ec1-8bfa-d466f3a8aa00 293041c3d1c44f58882016c7f9f1c629 83e00930fe284582a0d4538e1710b04a - - default default] 199.19.213.107,10.0.0.72 "GET /v2.0/security-groups/lb-health-mgr-sec-grp HTTP/1.1" status: 404 len: 313 time: 0.0483782
2026-06-24 19:06:02.439 10 INFO neutron.api.wsgi [None req-9cb83f30-ebd2-47ca-a13a-d737d2989e65 293041c3d1c44f58882016c7f9f1c629 83e00930fe284582a0d4538e1710b04a - - default default] 199.19.213.107,10.0.0.72 "GET /v2.0/security-groups?name=lb-health-mgr-sec-grp HTTP/1.1" status: 200 len: 4866 time: 0.0317109
2026-06-24 19:06:03.657 9 INFO neutron.api.wsgi [None req-426d28bb-e640-4a4a-ab1e-85eccd07ec8b 293041c3d1c44f58882016c7f9f1c629 83e00930fe284582a0d4538e1710b04a - - default default] 199.19.213.107,10.0.0.72 "GET /v2.0/security-groups/91b282d9-ce60-4a67-a898-1711881d59e6 HTTP/1.1" status: 200 len: 4870 time: 0.0697730
2026-06-24 19:06:03.696 9 INFO neutron.api.wsgi [None req-bc170bfa-904c-4647-8480-21462beb17ef 293041c3d1c44f58882016c7f9f1c629 83e00930fe284582a0d4538e1710b04a - - default default] 199.19.213.107,10.0.0.72 "GET /v2.0/security-groups/91b282d9-ce60-4a67-a898-1711881d59e6 HTTP/1.1" status: 200 len: 4870 time: 0.0301774
2026-06-24 19:06:03.715 9 INFO neutron.api.wsgi [None req-35f9cfc9-946f-48ac-a2ab-5fea8bcc3766 293041c3d1c44f58882016c7f9f1c629 83e00930fe284582a0d4538e1710b04a - - default default] 199.19.213.107,10.0.0.72 "GET /v2.0/security-group-rules/9b073b58-593c-42bb-b0d6-150c3a64daa3 HTTP/1.1" status: 200 len: 776 time: 0.0129032
2026-06-24 19:06:04.623 10 INFO neutron.api.wsgi [None req-d7cd7100-18fd-4fe1-99c9-d2267ee34075 293041c3d1c44f58882016c7f9f1c629 83e00930fe284582a0d4538e1710b04a - - default default] 199.19.213.107,10.0.0.72 "GET /v2.0/security-groups/91b282d9-ce60-4a67-a898-1711881d59e6 HTTP/1.1" status: 200 len: 4870 time: 0.0736787
2026-06-24 19:06:04.657 10 INFO neutron.api.wsgi [None req-164d816d-1467-443e-ac83-2736026d47ff 293041c3d1c44f58882016c7f9f1c629 83e00930fe284582a0d4538e1710b04a - - default default] 199.19.213.107,10.0.0.72 "GET /v2.0/security-groups/91b282d9-ce60-4a67-a898-1711881d59e6 HTTP/1.1" status: 200 len: 4870 time: 0.0267327
2026-06-24 19:06:04.676 10 INFO neutron.api.wsgi [None req-d24bfde4-b126-455d-9dbd-dbe22615c763 293041c3d1c44f58882016c7f9f1c629 83e00930fe284582a0d4538e1710b04a - - default default] 199.19.213.107,10.0.0.72 "GET /v2.0/security-group-rules/d55cd389-482a-4521-b602-ba66cbb587a9 HTTP/1.1" status: 200 len: 778 time: 0.0113080
2026-06-24 19:06:05.542 9 INFO neutron.api.wsgi [None req-7189ddc8-c9c9-4f62-b011-f3e98fa3b9f6 293041c3d1c44f58882016c7f9f1c629 83e00930fe284582a0d4538e1710b04a - - default default] 199.19.213.107,10.0.0.72 "GET /v2.0/security-groups/91b282d9-ce60-4a67-a898-1711881d59e6 HTTP/1.1" status: 200 len: 4870 time: 0.0587378
2026-06-24 19:06:05.579 9 INFO neutron.api.wsgi [None req-d1d3610a-d8e6-472e-9103-03a8d8a9ce54 293041c3d1c44f58882016c7f9f1c629 83e00930fe284582a0d4538e1710b04a - - default default] 199.19.213.107,10.0.0.72 "GET /v2.0/security-groups/91b282d9-ce60-4a67-a898-1711881d59e6 HTTP/1.1" status: 200 len: 4870 time: 0.0293486
2026-06-24 19:06:05.598 9 INFO neutron.api.wsgi [None req-00ca37a2-c2c0-4219-809b-4b9f835963ae 293041c3d1c44f58882016c7f9f1c629 83e00930fe284582a0d4538e1710b04a - - default default] 199.19.213.107,10.0.0.72 "GET /v2.0/security-group-rules/51c1b2f3-886f-4a50-8a78-5822222c7b59 HTTP/1.1" status: 200 len: 778 time: 0.0109894
2026-06-24 19:06:06.506 9 INFO neutron.api.wsgi [None req-094643d6-3386-4c79-a4f8-21e0a09593cb 293041c3d1c44f58882016c7f9f1c629 83e00930fe284582a0d4538e1710b04a - - default default] 199.19.213.107,10.0.0.72 "GET /v2.0/security-groups/91b282d9-ce60-4a67-a898-1711881d59e6 HTTP/1.1" status: 200 len: 4870 time: 0.0617607
2026-06-24 19:06:06.541 9 INFO neutron.api.wsgi [None req-44d92aff-8466-4d90-bc63-91d1fc1b07c3 293041c3d1c44f58882016c7f9f1c629 83e00930fe284582a0d4538e1710b04a - - default default] 199.19.213.107,10.0.0.72 "GET /v2.0/security-groups/91b282d9-ce60-4a67-a898-1711881d59e6 HTTP/1.1" status: 200 len: 4870 time: 0.0261133
2026-06-24 19:06:06.562 9 INFO neutron.api.wsgi [None req-6b35f8c8-d6d2-4071-a805-d289d146ce30 293041c3d1c44f58882016c7f9f1c629 83e00930fe284582a0d4538e1710b04a - - default default] 199.19.213.107,10.0.0.72 "GET /v2.0/security-group-rules/782b01a4-b218-4430-9129-0f3661e7cdd4 HTTP/1.1" status: 200 len: 778 time: 0.0149422
2026-06-24 19:06:07.486 10 INFO neutron.api.wsgi [None req-37589ef6-d86b-4a7d-b25f-fb1612e50cd9 293041c3d1c44f58882016c7f9f1c629 83e00930fe284582a0d4538e1710b04a - - default default] 199.19.213.107,10.0.0.72 "GET /v2.0/security-groups/91b282d9-ce60-4a67-a898-1711881d59e6 HTTP/1.1" status: 200 len: 4870 time: 0.0487971
2026-06-24 19:06:07.521 10 INFO neutron.api.wsgi [None req-ee3d13bc-5b02-438b-b135-dee7f4e245cb 293041c3d1c44f58882016c7f9f1c629 83e00930fe284582a0d4538e1710b04a - - default default] 199.19.213.107,10.0.0.72 "GET /v2.0/security-groups/91b282d9-ce60-4a67-a898-1711881d59e6 HTTP/1.1" status: 200 len: 4870 time: 0.0274386
2026-06-24 19:06:07.543 10 INFO neutron.api.wsgi [None req-bec6703a-1711-47b5-b743-08a982839c4a 293041c3d1c44f58882016c7f9f1c629 83e00930fe284582a0d4538e1710b04a - - default default] 199.19.213.107,10.0.0.72 "GET /v2.0/security-group-rules/c6fa257b-8874-4d31-9d92-569e1f1591c9 HTTP/1.1" status: 200 len: 778 time: 0.0137932
2026-06-24 19:06:08.797 9 INFO neutron.api.wsgi [None req-daf6204c-15cf-4702-b413-61bce867bf30 293041c3d1c44f58882016c7f9f1c629 83e00930fe284582a0d4538e1710b04a - - default default] 199.19.213.107,10.0.0.72 "GET /v2.0/networks/a51c4fdb-26ad-4d5b-afa3-6604d1e3e5fd HTTP/1.1" status: 200 len: 910 time: 0.0663738
2026-06-24 19:06:08.831 9 INFO neutron.pecan_wsgi.hooks.translation [None req-bf4668a6-8168-46ee-b08b-83d32d18714c 293041c3d1c44f58882016c7f9f1c629 83e00930fe284582a0d4538e1710b04a - - default default] GET failed (client error): The resource could not be found.
2026-06-24 19:06:08.832 9 INFO neutron.api.wsgi [None req-bf4668a6-8168-46ee-b08b-83d32d18714c 293041c3d1c44f58882016c7f9f1c629 83e00930fe284582a0d4538e1710b04a - - default default] 199.19.213.107,10.0.0.72 "GET /v2.0/ports/octavia-health-manager-port-instance?network_id=a51c4fdb-26ad-4d5b-afa3-6604d1e3e5fd HTTP/1.1" status: 404 len: 314 time: 0.0262425
2026-06-24 19:06:08.883 9 INFO neutron.api.wsgi [None req-a46e6b63-1eba-4394-aeda-f2c3f185c0b2 293041c3d1c44f58882016c7f9f1c629 83e00930fe284582a0d4538e1710b04a - - default default] 199.19.213.107,10.0.0.72 "GET /v2.0/ports?name=octavia-health-manager-port-instance&network_id=a51c4fdb-26ad-4d5b-afa3-6604d1e3e5fd HTTP/1.1" status: 200 len: 1399 time: 0.0470316
2026-06-24 19:06:08.920 9 INFO neutron.api.wsgi [None req-d93bf5b8-bbe1-4234-a66b-7b8a8381abf6 293041c3d1c44f58882016c7f9f1c629 83e00930fe284582a0d4538e1710b04a - - default default] 199.19.213.107,10.0.0.72 "GET /v2.0/security-groups/91b282d9-ce60-4a67-a898-1711881d59e6 HTTP/1.1" status: 200 len: 4870 time: 0.0285940
2026-06-24 19:06:16.087 9 INFO neutron.pecan_wsgi.hooks.translation [None req-88d46aa5-5779-49ed-9f4e-a92a4f074cf7 293041c3d1c44f58882016c7f9f1c629 83e00930fe284582a0d4538e1710b04a - - default default] GET failed (client error): The resource could not be found.
2026-06-24 19:06:16.088 9 INFO neutron.api.wsgi [None req-88d46aa5-5779-49ed-9f4e-a92a4f074cf7 293041c3d1c44f58882016c7f9f1c629 83e00930fe284582a0d4538e1710b04a - - default default] 199.19.213.107,10.0.0.72 "GET /v2.0/ports/octavia-health-manager-port-instance HTTP/1.1" status: 404 len: 314 time: 0.0673835
2026-06-24 19:06:16.136 9 INFO neutron.api.wsgi [None req-5f45d5a7-3389-42ae-8a47-d6d11fd8a9c9 293041c3d1c44f58882016c7f9f1c629 83e00930fe284582a0d4538e1710b04a - - default default] 199.19.213.107,10.0.0.72 "GET /v2.0/ports?name=octavia-health-manager-port-instance HTTP/1.1" status: 200 len: 1399 time: 0.0432742
2026-06-24 19:06:17.294 10 INFO neutron.api.wsgi [-] 10.0.0.72 "GET / HTTP/1.1" status: 200 len: 247 time: 0.0027416
2026-06-24 19:06:17.296 9 INFO neutron.api.wsgi [-] 10.0.0.72 "GET / HTTP/1.1" status: 200 len: 247 time: 0.0047607
2026-06-24 19:06:17.741 9 INFO neutron.api.wsgi [None req-b5a80844-cb79-43e7-80a7-d146ab82a76f 293041c3d1c44f58882016c7f9f1c629 83e00930fe284582a0d4538e1710b04a - - default default] 199.19.213.107,10.0.0.72 "GET /v2.0/ports HTTP/1.1" status: 200 len: 5351 time: 0.0708399
2026-06-24 19:06:18.811 9 INFO neutron.api.v2.resource [None req-dda0974f-f805-4a5a-ba8c-ceb6a2e66bd6 293041c3d1c44f58882016c7f9f1c629 83e00930fe284582a0d4538e1710b04a - - default default] show failed (client error): The resource could not be found.
2026-06-24 19:06:18.812 9 INFO neutron.api.wsgi [None req-dda0974f-f805-4a5a-ba8c-ceb6a2e66bd6 293041c3d1c44f58882016c7f9f1c629 83e00930fe284582a0d4538e1710b04a - - default default] 199.19.213.107,10.0.0.72 "GET /v2.0/security-groups/lb-mgmt-sec-grp HTTP/1.1" status: 404 len: 307 time: 0.0320232
2026-06-24 19:06:18.902 9 INFO neutron.api.wsgi [None req-23a8148c-4186-4e60-a3a9-2964e9cf5c59 293041c3d1c44f58882016c7f9f1c629 83e00930fe284582a0d4538e1710b04a - - default default] 199.19.213.107,10.0.0.72 "GET /v2.0/security-groups?name=lb-mgmt-sec-grp HTTP/1.1" status: 200 len: 3061 time: 0.0859482
2026-06-24 19:06:19.963 9 INFO neutron.api.wsgi [None req-9709ea18-571f-4926-8d34-c126b9bfc5f4 293041c3d1c44f58882016c7f9f1c629 83e00930fe284582a0d4538e1710b04a - - default default] 199.19.213.107,10.0.0.72 "GET /v2.0/security-groups/432f4372-fcd4-4b60-91b5-f77110391d3b HTTP/1.1" status: 200 len: 3062 time: 0.0621173
2026-06-24 19:06:20.000 9 INFO neutron.api.wsgi [None req-919ee4e6-6b8c-4127-b81f-f749c2e1316a 293041c3d1c44f58882016c7f9f1c629 83e00930fe284582a0d4538e1710b04a - - default default] 199.19.213.107,10.0.0.72 "GET /v2.0/security-groups/432f4372-fcd4-4b60-91b5-f77110391d3b HTTP/1.1" status: 200 len: 3062 time: 0.0280600
2026-06-24 19:06:20.028 9 INFO neutron.api.wsgi [None req-192bcae0-8a30-4981-a2b1-91cc54081919 293041c3d1c44f58882016c7f9f1c629 83e00930fe284582a0d4538e1710b04a - - default default] 199.19.213.107,10.0.0.72 "GET /v2.0/security-group-rules/dc0cc1c0-d3d8-4018-adff-5b624e6b5cf5 HTTP/1.1" status: 200 len: 798 time: 0.0195653
2026-06-24 19:06:20.960 10 INFO neutron.api.wsgi [None req-20f65a1a-bb43-4502-9af5-6960012b296e 293041c3d1c44f58882016c7f9f1c629 83e00930fe284582a0d4538e1710b04a - - default default] 199.19.213.107,10.0.0.72 "GET /v2.0/security-groups/432f4372-fcd4-4b60-91b5-f77110391d3b HTTP/1.1" status: 200 len: 3062 time: 0.0705326
2026-06-24 19:06:20.997 10 INFO neutron.api.wsgi [None req-1b3e9de4-86bb-4293-b0be-2d103074e271 293041c3d1c44f58882016c7f9f1c629 83e00930fe284582a0d4538e1710b04a - - default default] 199.19.213.107,10.0.0.72 "GET /v2.0/security-groups/432f4372-fcd4-4b60-91b5-f77110391d3b HTTP/1.1" status: 200 len: 3062 time: 0.0315194
2026-06-24 19:06:21.020 10 INFO neutron.api.wsgi [None req-e519d18f-7503-417e-a493-ee3169aa1be6 293041c3d1c44f58882016c7f9f1c629 83e00930fe284582a0d4538e1710b04a - - default default] 199.19.213.107,10.0.0.72 "GET /v2.0/security-group-rules/0ec7e179-2071-4c2f-8245-f63f745045f6 HTTP/1.1" status: 200 len: 802 time: 0.0167305
2026-06-24 19:06:32.293 10 INFO neutron.api.wsgi [-] 10.0.0.72 "GET / HTTP/1.1" status: 200 len: 247 time: 0.0022271
2026-06-24 19:06:32.294 9 INFO neutron.api.wsgi [-] 10.0.0.72 "GET / HTTP/1.1" status: 200 len: 247 time: 0.0025070
2026-06-24 19:06:33.997 10 INFO neutron.api.wsgi [None req-828df390-c473-48a4-8659-a354114f45a9 293041c3d1c44f58882016c7f9f1c629 83e00930fe284582a0d4538e1710b04a - - default default] 199.19.213.107,10.0.0.72 "GET /v2.0/quotas/83e00930fe284582a0d4538e1710b04a HTTP/1.1" status: 200 len: 466 time: 0.0099230
2026-06-24 19:06:47.294 9 INFO neutron.api.wsgi [-] 10.0.0.72 "GET / HTTP/1.1" status: 200 len: 247 time: 0.0031595
2026-06-24 19:06:47.297 9 INFO neutron.api.wsgi [-] 10.0.0.72 "GET / HTTP/1.1" status: 200 len: 247 time: 0.0019577
2026-06-24 19:06:54.419 9 INFO neutron.api.wsgi [None req-7dc22097-7cea-44b5-b101-2d04682c4ee7 293041c3d1c44f58882016c7f9f1c629 83e00930fe284582a0d4538e1710b04a - - default default] 10.0.0.62 "GET /v2.0/networks HTTP/1.1" status: 200 len: 2350 time: 0.1073847
2026-06-24 19:06:54.448 9 INFO neutron.api.wsgi [None req-c0b46cf4-f79d-4e8d-bfea-eb8b5675f4ef 293041c3d1c44f58882016c7f9f1c629 83e00930fe284582a0d4538e1710b04a - - default default] 10.0.0.62 "GET /v2.0/subnets HTTP/1.1" status: 200 len: 1484 time: 0.0261946
2026-06-24 19:06:54.460 9 INFO neutron.api.wsgi [None req-d95c3481-dfe0-4d46-b8ec-094cd718f273 293041c3d1c44f58882016c7f9f1c629 83e00930fe284582a0d4538e1710b04a - - default default] 10.0.0.62 "GET /v2.0/subnetpools HTTP/1.1" status: 200 len: 193 time: 0.0115511
2026-06-24 19:06:54.495 9 INFO neutron.api.wsgi [None req-8237308a-7826-4a1c-ad65-5f62de169b7c 293041c3d1c44f58882016c7f9f1c629 83e00930fe284582a0d4538e1710b04a - - default default] 10.0.0.62 "GET /v2.0/agents HTTP/1.1" status: 200 len: 1390 time: 0.0323071
2026-06-24 19:06:54.546 9 INFO neutron.api.wsgi [None req-3faa4bbb-f651-41c8-b57b-d29679be1b21 293041c3d1c44f58882016c7f9f1c629 83e00930fe284582a0d4538e1710b04a - - default default] 10.0.0.62 "GET /v2.0/ports HTTP/1.1" status: 200 len: 5351 time: 0.0503507
2026-06-24 19:06:54.567 9 INFO neutron.api.wsgi [None req-f61016a4-6b8a-4ccc-a33d-855f80b62f21 293041c3d1c44f58882016c7f9f1c629 83e00930fe284582a0d4538e1710b04a - - default default] 10.0.0.62 "GET /v2.0/routers HTTP/1.1" status: 200 len: 189 time: 0.0145190
2026-06-24 19:06:54.581 9 INFO neutron.api.wsgi [None req-4bf79341-c8a3-457c-9ddb-36255545b4b7 293041c3d1c44f58882016c7f9f1c629 83e00930fe284582a0d4538e1710b04a - - default default] 10.0.0.62 "GET /v2.0/agents?binary=ovn-controller HTTP/1.1" status: 200 len: 591 time: 0.0127745
2026-06-24 19:06:54.618 9 INFO neutron.api.wsgi [None req-e67d9a6e-a614-4c4f-aded-dc97b542be74 293041c3d1c44f58882016c7f9f1c629 83e00930fe284582a0d4538e1710b04a - - default default] 10.0.0.62 "GET /v2.0/security-groups HTTP/1.1" status: 200 len: 17578 time: 0.0359273
2026-06-24 19:06:54.649 9 INFO neutron.api.wsgi [None req-d7e59f2e-7bd0-458b-a168-4cfd6ad4cac2 293041c3d1c44f58882016c7f9f1c629 83e00930fe284582a0d4538e1710b04a - - default default] 10.0.0.62 "GET /v2.0/subnets HTTP/1.1" status: 200 len: 1484 time: 0.0254254
2026-06-24 19:06:54.682 9 INFO neutron.api.wsgi [None req-f661ddec-84c3-4635-be7b-b7a3a78db1e2 293041c3d1c44f58882016c7f9f1c629 83e00930fe284582a0d4538e1710b04a - - default default] 10.0.0.62 "GET /v2.0/floatingips HTTP/1.1" status: 200 len: 193 time: 0.0319071
2026-06-24 19:06:54.696 9 INFO neutron.api.wsgi [None req-b1f66ed5-e907-4a65-8360-efcd2e75e7b3 293041c3d1c44f58882016c7f9f1c629 83e00930fe284582a0d4538e1710b04a - - default default] 10.0.0.62 "GET /v2.0/network-ip-availabilities HTTP/1.1" status: 200 len: 1280 time: 0.0131247
2026-06-24 19:07:02.293 9 INFO neutron.api.wsgi [-] 10.0.0.72 "GET / HTTP/1.1" status: 200 len: 247 time: 0.0017672
2026-06-24 19:07:02.294 10 INFO neutron.api.wsgi [-] 10.0.0.72 "GET / HTTP/1.1" status: 200 len: 247 time: 0.0023334
2026-06-24 19:07:17.294 9 INFO neutron.api.wsgi [-] 10.0.0.72 "GET / HTTP/1.1" status: 200 len: 247 time: 0.0035861
2026-06-24 19:07:17.297 9 INFO neutron.api.wsgi [-] 10.0.0.72 "GET / HTTP/1.1" status: 200 len: 247 time: 0.0021889
2026-06-24 19:07:32.294 10 INFO neutron.api.wsgi [-] 10.0.0.72 "GET / HTTP/1.1" status: 200 len: 247 time: 0.0024297
2026-06-24 19:07:32.295 9 INFO neutron.api.wsgi [-] 10.0.0.72 "GET / HTTP/1.1" status: 200 len: 247 time: 0.0031321
2026-06-24 19:07:40.329 9 INFO neutron.api.v2.resource [None req-ece4a25e-de1a-4284-8858-3bfe1769df34 293041c3d1c44f58882016c7f9f1c629 83e00930fe284582a0d4538e1710b04a - - default default] show failed (client error): The resource could not be found.
2026-06-24 19:07:40.330 9 INFO neutron.api.wsgi [None req-ece4a25e-de1a-4284-8858-3bfe1769df34 293041c3d1c44f58882016c7f9f1c629 83e00930fe284582a0d4538e1710b04a - - default default] 199.19.213.107,10.0.0.72 "GET /v2.0/security-groups/manila-service-security-group?project_id=e4904095b6f242b6963b29c23c7a5ab7 HTTP/1.1" status: 404 len: 321 time: 0.0555382
2026-06-24 19:07:40.363 9 INFO neutron.api.wsgi [None req-3d6252ea-00f3-43dc-ac03-6593243e519a 293041c3d1c44f58882016c7f9f1c629 83e00930fe284582a0d4538e1710b04a - - default default] 199.19.213.107,10.0.0.72 "GET /v2.0/security-groups?name=manila-service-security-group&project_id=e4904095b6f242b6963b29c23c7a5ab7 HTTP/1.1" status: 200 len: 4248 time: 0.0294907
2026-06-24 19:07:41.440 10 INFO neutron.api.wsgi [None req-c3739bcc-fdd3-4468-b1dc-87b138e1695c 293041c3d1c44f58882016c7f9f1c629 83e00930fe284582a0d4538e1710b04a - - default default] 199.19.213.107,10.0.0.72 "GET /v2.0/security-groups/82cc7749-9b59-4e72-b8ba-1c2316417bf4?project_id=e4904095b6f242b6963b29c23c7a5ab7 HTTP/1.1" status: 200 len: 4251 time: 0.0724521
2026-06-24 19:07:41.479 10 INFO neutron.api.wsgi [None req-268cc0a7-f2d5-467a-ab66-645ac38fe28b 293041c3d1c44f58882016c7f9f1c629 83e00930fe284582a0d4538e1710b04a - - default default] 199.19.213.107,10.0.0.72 "GET /v2.0/security-groups/82cc7749-9b59-4e72-b8ba-1c2316417bf4 HTTP/1.1" status: 200 len: 4251 time: 0.0309181
2026-06-24 19:07:41.503 10 INFO neutron.api.wsgi [None req-5c00609c-9596-45b4-a0aa-0835535f9935 293041c3d1c44f58882016c7f9f1c629 83e00930fe284582a0d4538e1710b04a - - default default] 199.19.213.107,10.0.0.72 "GET /v2.0/security-group-rules/516a0f9b-2346-420a-9ac4-2eaeeaefbd2f HTTP/1.1" status: 200 len: 772 time: 0.0147538
2026-06-24 19:07:42.436 9 INFO neutron.api.wsgi [None req-785da0a6-9677-421d-93cc-142e17c38fc6 293041c3d1c44f58882016c7f9f1c629 83e00930fe284582a0d4538e1710b04a - - default default] 199.19.213.107,10.0.0.72 "GET /v2.0/security-groups/82cc7749-9b59-4e72-b8ba-1c2316417bf4?project_id=e4904095b6f242b6963b29c23c7a5ab7 HTTP/1.1" status: 200 len: 4251 time: 0.0593741
2026-06-24 19:07:42.470 9 INFO neutron.api.wsgi [None req-529d4e84-8fb3-4b58-9b3e-eb63fd661523 293041c3d1c44f58882016c7f9f1c629 83e00930fe284582a0d4538e1710b04a - - default default] 199.19.213.107,10.0.0.72 "GET /v2.0/security-groups/82cc7749-9b59-4e72-b8ba-1c2316417bf4 HTTP/1.1" status: 200 len: 4251 time: 0.0280104
2026-06-24 19:07:42.490 9 INFO neutron.api.wsgi [None req-516b4e51-95e9-479e-813a-fc96c3ea58cc 293041c3d1c44f58882016c7f9f1c629 83e00930fe284582a0d4538e1710b04a - - default default] 199.19.213.107,10.0.0.72 "GET /v2.0/security-group-rules/878d2745-79f1-4086-8ff6-858dc3e1615d HTTP/1.1" status: 200 len: 774 time: 0.0128832
2026-06-24 19:07:43.472 9 INFO neutron.api.wsgi [None req-ecb88872-6972-4395-b042-97b440a5c632 293041c3d1c44f58882016c7f9f1c629 83e00930fe284582a0d4538e1710b04a - - default default] 199.19.213.107,10.0.0.72 "GET /v2.0/security-groups/82cc7749-9b59-4e72-b8ba-1c2316417bf4?project_id=e4904095b6f242b6963b29c23c7a5ab7 HTTP/1.1" status: 200 len: 4251 time: 0.0676656
2026-06-24 19:07:43.509 9 INFO neutron.api.wsgi [None req-6980ef78-b0dd-4814-9d13-3b65fb43af8f 293041c3d1c44f58882016c7f9f1c629 83e00930fe284582a0d4538e1710b04a - - default default] 199.19.213.107,10.0.0.72 "GET /v2.0/security-groups/82cc7749-9b59-4e72-b8ba-1c2316417bf4 HTTP/1.1" status: 200 len: 4251 time: 0.0321991
2026-06-24 19:07:43.530 9 INFO neutron.api.wsgi [None req-96379912-57f4-42c6-9253-415ce33873dd 293041c3d1c44f58882016c7f9f1c629 83e00930fe284582a0d4538e1710b04a - - default default] 199.19.213.107,10.0.0.72 "GET /v2.0/security-group-rules/ac74d639-caad-4dd2-af68-cfca0c5e37cf HTTP/1.1" status: 200 len: 776 time: 0.0151412
2026-06-24 19:07:44.548 9 INFO neutron.api.wsgi [None req-6ca607b1-c6ac-42c5-8fc4-1ab98d117606 293041c3d1c44f58882016c7f9f1c629 83e00930fe284582a0d4538e1710b04a - - default default] 199.19.213.107,10.0.0.72 "GET /v2.0/security-groups/82cc7749-9b59-4e72-b8ba-1c2316417bf4?project_id=e4904095b6f242b6963b29c23c7a5ab7 HTTP/1.1" status: 200 len: 4251 time: 0.0521946
