2026-06-24 19:11:21.917 9 WARNING neutron_lib.context [None req-35751df1-2315-4a38-875c-7c3d9ab6cab2 24c1d78097b3444cae61c24c7afcb1b1 a05c6cb3ae8746f6b95e8d88ec997f07 - - default default] Method 'is_advsvc' is deprecated since 2023.2 release (neutron-lib 3.8.0) and will be removed once support for the old RBAC API policies will be removed from Neutron. Please use method 'is_service_role' instead.
2026-06-24 19:11:21.972 9 WARNING neutron_lib.context [None req-35751df1-2315-4a38-875c-7c3d9ab6cab2 24c1d78097b3444cae61c24c7afcb1b1 a05c6cb3ae8746f6b95e8d88ec997f07 - - default default] Method 'is_advsvc' is deprecated since 2023.2 release (neutron-lib 3.8.0) and will be removed once support for the old RBAC API policies will be removed from Neutron. Please use method 'is_service_role' instead.
2026-06-24 19:11:22.224 9 INFO neutron.api.wsgi [None req-f3c97b2e-f3e9-421a-9a00-ab514b6009ec 293041c3d1c44f58882016c7f9f1c629 83e00930fe284582a0d4538e1710b04a - - default default] 10.0.0.30 "DELETE /v2.0/security-groups/e3aa8344-e296-4700-a251-9ac746319282 HTTP/1.1" status: 204 len: 168 time: 0.3358419
2026-06-24 19:11:22.482 10 INFO neutron.services.segments.plugin [-] Segment de4b5fd7-f5ff-4cfe-aabc-8310d2091148 resource provider aggregate not found
2026-06-24 19:11:22.488 10 INFO neutron.services.segments.plugin [-] Segment de4b5fd7-f5ff-4cfe-aabc-8310d2091148 resource provider aggregate not found
2026-06-24 19:11:22.495 10 INFO neutron.services.segments.plugin [-] Segment de4b5fd7-f5ff-4cfe-aabc-8310d2091148 resource provider not found; error: Placement Client Error (4xx): {"errors": [{"status": 404, "title": "Not Found", "detail": "The resource could not be found.\n\n No resource provider with uuid de4b5fd7-f5ff-4cfe-aabc-8310d2091148 found for delete ", "request_id": "req-bb15fd51-422b-46bf-aae9-428418e66214"}]}
2026-06-24 19:11:22.504 10 INFO neutron.services.segments.plugin [-] Segment de4b5fd7-f5ff-4cfe-aabc-8310d2091148 resource provider not found; error: Placement Client Error (4xx): {"errors": [{"status": 404, "title": "Not Found", "detail": "The resource could not be found.\n\n No resource provider with uuid de4b5fd7-f5ff-4cfe-aabc-8310d2091148 found for delete ", "request_id": "req-556726f9-8689-4b95-993a-151736edad46"}]}
2026-06-24 19:11:22.505 9 WARNING neutron.scheduler.dhcp_agent_scheduler [None req-35751df1-2315-4a38-875c-7c3d9ab6cab2 24c1d78097b3444cae61c24c7afcb1b1 a05c6cb3ae8746f6b95e8d88ec997f07 - - default default] No more DHCP agents
2026-06-24 19:11:22.507 9 WARNING neutron.api.rpc.agentnotifiers.dhcp_rpc_agent_api [None req-35751df1-2315-4a38-875c-7c3d9ab6cab2 24c1d78097b3444cae61c24c7afcb1b1 a05c6cb3ae8746f6b95e8d88ec997f07 - - default default] Unable to schedule network 8a3e21ee-e693-4ef7-87ae-e9ba558326b8: no agents available; will retry on subsequent port and subnet creation events.
2026-06-24 19:11:22.576 9 INFO neutron.db.ovn_revision_numbers_db [None req-35751df1-2315-4a38-875c-7c3d9ab6cab2 24c1d78097b3444cae61c24c7afcb1b1 a05c6cb3ae8746f6b95e8d88ec997f07 - - default default] Successfully bumped revision number for resource e5a43fd3-4aeb-4dfa-9e1b-d76d3dab9af2 (type: ports) to 1
2026-06-24 19:11:22.621 9 WARNING neutron.scheduler.dhcp_agent_scheduler [None req-35751df1-2315-4a38-875c-7c3d9ab6cab2 24c1d78097b3444cae61c24c7afcb1b1 a05c6cb3ae8746f6b95e8d88ec997f07 - - default default] No more DHCP agents
2026-06-24 19:11:22.622 9 WARNING neutron.api.rpc.agentnotifiers.dhcp_rpc_agent_api [None req-35751df1-2315-4a38-875c-7c3d9ab6cab2 24c1d78097b3444cae61c24c7afcb1b1 a05c6cb3ae8746f6b95e8d88ec997f07 - - default default] Unable to schedule network b486a25c-050c-4245-8d7e-dd4af97db602: no agents available; will retry on subsequent port and subnet creation events.
2026-06-24 19:11:22.698 9 INFO neutron.db.ovn_revision_numbers_db [None req-35751df1-2315-4a38-875c-7c3d9ab6cab2 24c1d78097b3444cae61c24c7afcb1b1 a05c6cb3ae8746f6b95e8d88ec997f07 - - default default] Successfully bumped revision number for resource d8844383-b196-4e14-a16d-acc2ef00302f (type: ports) to 1
2026-06-24 19:11:22.723 9 INFO neutron.api.wsgi [None req-35751df1-2315-4a38-875c-7c3d9ab6cab2 24c1d78097b3444cae61c24c7afcb1b1 a05c6cb3ae8746f6b95e8d88ec997f07 - - default default] 10.0.0.30 "POST /v2.0/ports HTTP/1.1" status: 201 len: 1705 time: 0.8130922 /var/lib/openstack/lib/python3.12/site-packages/pycadf/identifier.py:71: UserWarning: Invalid uuid: neutron. To ensure interoperability, identifiers should be a valid uuid. warnings.warn(('Invalid uuid: %s. To ensure interoperability, '
2026-06-24 19:11:22.850 9 INFO neutron.api.wsgi [None req-d50c38f2-89d1-49fd-a71b-cb528142d639 24c1d78097b3444cae61c24c7afcb1b1 a05c6cb3ae8746f6b95e8d88ec997f07 - - default default] 10.0.0.30 "GET /v2.0/ports HTTP/1.1" status: 200 len: 3212 time: 0.1224210
2026-06-24 19:11:23.075 9 INFO neutron.api.wsgi [None req-f2db8569-076b-450a-980b-db105d15fe62 24c1d78097b3444cae61c24c7afcb1b1 a05c6cb3ae8746f6b95e8d88ec997f07 - - default default] 10.0.0.30 "DELETE /v2.0/ports/e5a43fd3-4aeb-4dfa-9e1b-d76d3dab9af2 HTTP/1.1" status: 204 len: 168 time: 0.2199612
2026-06-24 19:11:23.281 9 INFO neutron.api.wsgi [None req-305e5d4a-b0d4-4e6c-9ace-3e23e34d9f29 24c1d78097b3444cae61c24c7afcb1b1 a05c6cb3ae8746f6b95e8d88ec997f07 - - default default] 10.0.0.30 "DELETE /v2.0/ports/d8844383-b196-4e14-a16d-acc2ef00302f HTTP/1.1" status: 204 len: 168 time: 0.2001894
2026-06-24 19:11:23.327 9 INFO neutron.api.wsgi [None req-d3768298-baca-46bd-b49c-8a243de74e57 24c1d78097b3444cae61c24c7afcb1b1 a05c6cb3ae8746f6b95e8d88ec997f07 - - default default] 10.0.0.30 "GET /v2.0/ports HTTP/1.1" status: 200 len: 1718 time: 0.0408144
2026-06-24 19:11:23.336 9 WARNING neutron_lib.context [None req-273b564b-ee04-4077-82d0-b765a0b61711 24c1d78097b3444cae61c24c7afcb1b1 a05c6cb3ae8746f6b95e8d88ec997f07 - - default default] Method 'is_advsvc' is deprecated since 2023.2 release (neutron-lib 3.8.0) and will be removed once support for the old RBAC API policies will be removed from Neutron. Please use method 'is_service_role' instead.
2026-06-24 19:11:23.440 9 INFO neutron.db.segments_db [None req-273b564b-ee04-4077-82d0-b765a0b61711 24c1d78097b3444cae61c24c7afcb1b1 a05c6cb3ae8746f6b95e8d88ec997f07 - - default default] Added segment 0eb699e3-f4ed-4996-a281-64f8f93db10c of type geneve for network 01dd1f8f-69c3-4633-b493-2603ffa39f62
2026-06-24 19:11:23.555 9 INFO neutron.db.ovn_revision_numbers_db [None req-273b564b-ee04-4077-82d0-b765a0b61711 24c1d78097b3444cae61c24c7afcb1b1 a05c6cb3ae8746f6b95e8d88ec997f07 - - default default] Successfully bumped revision number for resource 01dd1f8f-69c3-4633-b493-2603ffa39f62 (type: networks) to 1
2026-06-24 19:11:23.714 9 WARNING neutron.scheduler.dhcp_agent_scheduler [None req-273b564b-ee04-4077-82d0-b765a0b61711 24c1d78097b3444cae61c24c7afcb1b1 a05c6cb3ae8746f6b95e8d88ec997f07 - - default default] No more DHCP agents
2026-06-24 19:11:23.715 9 WARNING neutron.api.rpc.agentnotifiers.dhcp_rpc_agent_api [None req-273b564b-ee04-4077-82d0-b765a0b61711 24c1d78097b3444cae61c24c7afcb1b1 a05c6cb3ae8746f6b95e8d88ec997f07 - - default default] Unable to schedule network 01dd1f8f-69c3-4633-b493-2603ffa39f62: no agents available; will retry on subsequent port and subnet creation events.
2026-06-24 19:11:23.771 9 INFO neutron.db.ovn_revision_numbers_db [None req-273b564b-ee04-4077-82d0-b765a0b61711 24c1d78097b3444cae61c24c7afcb1b1 a05c6cb3ae8746f6b95e8d88ec997f07 - - default default] Successfully bumped revision number for resource 2c4713db-b29a-4162-8fc9-5b24a01daf6a (type: ports) to 1
2026-06-24 19:11:23.802 9 INFO neutron.api.wsgi [None req-273b564b-ee04-4077-82d0-b765a0b61711 24c1d78097b3444cae61c24c7afcb1b1 a05c6cb3ae8746f6b95e8d88ec997f07 - - default default] 10.0.0.30 "POST /v2.0/networks HTTP/1.1" status: 201 len: 853 time: 0.4697952
2026-06-24 19:11:23.814 9 WARNING neutron_lib.context [None req-4e88f4f6-be96-41bd-95cf-55a42fa9b182 24c1d78097b3444cae61c24c7afcb1b1 a05c6cb3ae8746f6b95e8d88ec997f07 - - default default] Method 'is_advsvc' is deprecated since 2023.2 release (neutron-lib 3.8.0) and will be removed once support for the old RBAC API policies will be removed from Neutron. Please use method 'is_service_role' instead.
2026-06-24 19:11:23.909 9 INFO neutron.db.segments_db [None req-4e88f4f6-be96-41bd-95cf-55a42fa9b182 24c1d78097b3444cae61c24c7afcb1b1 a05c6cb3ae8746f6b95e8d88ec997f07 - - default default] Added segment 23a2d940-44c8-450d-82f8-dc16ddde87f9 of type geneve for network a3898807-2a5e-48ce-85f8-f008300b2785
2026-06-24 19:11:24.090 9 INFO neutron.db.ovn_revision_numbers_db [None req-4e88f4f6-be96-41bd-95cf-55a42fa9b182 24c1d78097b3444cae61c24c7afcb1b1 a05c6cb3ae8746f6b95e8d88ec997f07 - - default default] Successfully bumped revision number for resource a3898807-2a5e-48ce-85f8-f008300b2785 (type: networks) to 1
2026-06-24 19:11:24.256 9 WARNING neutron.scheduler.dhcp_agent_scheduler [None req-4e88f4f6-be96-41bd-95cf-55a42fa9b182 24c1d78097b3444cae61c24c7afcb1b1 a05c6cb3ae8746f6b95e8d88ec997f07 - - default default] No more DHCP agents
2026-06-24 19:11:24.257 9 WARNING neutron.api.rpc.agentnotifiers.dhcp_rpc_agent_api [None req-4e88f4f6-be96-41bd-95cf-55a42fa9b182 24c1d78097b3444cae61c24c7afcb1b1 a05c6cb3ae8746f6b95e8d88ec997f07 - - default default] Unable to schedule network a3898807-2a5e-48ce-85f8-f008300b2785: no agents available; will retry on subsequent port and subnet creation events.
2026-06-24 19:11:24.319 9 INFO neutron.db.ovn_revision_numbers_db [None req-4e88f4f6-be96-41bd-95cf-55a42fa9b182 24c1d78097b3444cae61c24c7afcb1b1 a05c6cb3ae8746f6b95e8d88ec997f07 - - default default] Successfully bumped revision number for resource 4fa3d7fe-966b-4e51-9f08-d6a38909019a (type: ports) to 1
2026-06-24 19:11:24.339 9 INFO neutron.api.wsgi [None req-4e88f4f6-be96-41bd-95cf-55a42fa9b182 24c1d78097b3444cae61c24c7afcb1b1 a05c6cb3ae8746f6b95e8d88ec997f07 - - default default] 10.0.0.30 "POST /v2.0/networks HTTP/1.1" status: 201 len: 852 time: 0.5301468
2026-06-24 19:11:24.805 9 INFO neutron.db.ovn_revision_numbers_db [None req-4d181d12-e712-41aa-a15b-eb1b2d7d3b0e 293041c3d1c44f58882016c7f9f1c629 83e00930fe284582a0d4538e1710b04a - - default default] Successfully bumped revision number for resource 9619a796-fa40-46f2-a07e-22217e833f1f (type: security_groups) to 1
2026-06-24 19:11:24.818 9 INFO neutron.db.ovn_revision_numbers_db [None req-4d181d12-e712-41aa-a15b-eb1b2d7d3b0e 293041c3d1c44f58882016c7f9f1c629 83e00930fe284582a0d4538e1710b04a - - default default] Successfully bumped revision number for resource 0dca9776-da35-4e7e-83ce-019dc11ffd07 (type: security_group_rules) to 0
2026-06-24 19:11:24.829 9 INFO neutron.db.ovn_revision_numbers_db [None req-4d181d12-e712-41aa-a15b-eb1b2d7d3b0e 293041c3d1c44f58882016c7f9f1c629 83e00930fe284582a0d4538e1710b04a - - default default] Successfully bumped revision number for resource 729f1d5f-6b4f-42de-8950-3d1c7716594e (type: security_group_rules) to 0
2026-06-24 19:11:24.859 9 INFO neutron.db.ovn_revision_numbers_db [None req-4d181d12-e712-41aa-a15b-eb1b2d7d3b0e 293041c3d1c44f58882016c7f9f1c629 83e00930fe284582a0d4538e1710b04a - - default default] Successfully bumped revision number for resource aa74609d-94eb-4c55-adf2-2910f8d51421 (type: security_group_rules) to 0
2026-06-24 19:11:24.869 9 INFO neutron.db.ovn_revision_numbers_db [None req-4d181d12-e712-41aa-a15b-eb1b2d7d3b0e 293041c3d1c44f58882016c7f9f1c629 83e00930fe284582a0d4538e1710b04a - - default default] Successfully bumped revision number for resource bfad690d-28d0-49d4-952a-7c2d014a1506 (type: security_group_rules) to 0
2026-06-24 19:11:24.896 10 WARNING neutron_lib.context [None req-6a4869f4-6e90-4ea2-b9c8-28ad0577c13c 24c1d78097b3444cae61c24c7afcb1b1 a05c6cb3ae8746f6b95e8d88ec997f07 - - default default] Method 'is_advsvc' is deprecated since 2023.2 release (neutron-lib 3.8.0) and will be removed once support for the old RBAC API policies will be removed from Neutron. Please use method 'is_service_role' instead.
2026-06-24 19:11:24.904 9 INFO neutron.api.wsgi [None req-4d181d12-e712-41aa-a15b-eb1b2d7d3b0e 293041c3d1c44f58882016c7f9f1c629 83e00930fe284582a0d4538e1710b04a - - default default] 10.0.0.30 "GET /v2.0/security-groups?tenant_id=2c7cf1bb8ee54ccfa65aee6b22f0ebf3&name=default HTTP/1.1" status: 200 len: 3120 time: 0.4291663
2026-06-24 19:11:24.932 10 WARNING neutron_lib.context [None req-6a4869f4-6e90-4ea2-b9c8-28ad0577c13c 24c1d78097b3444cae61c24c7afcb1b1 a05c6cb3ae8746f6b95e8d88ec997f07 - - default default] Method 'is_advsvc' is deprecated since 2023.2 release (neutron-lib 3.8.0) and will be removed once support for the old RBAC API policies will be removed from Neutron. Please use method 'is_service_role' instead.
2026-06-24 19:11:25.132 9 INFO neutron.api.wsgi [None req-fcae450e-72b2-4652-ab8a-9cefe10ee898 293041c3d1c44f58882016c7f9f1c629 83e00930fe284582a0d4538e1710b04a - - default default] 10.0.0.30 "DELETE /v2.0/security-groups/9619a796-fa40-46f2-a07e-22217e833f1f HTTP/1.1" status: 204 len: 168 time: 0.2205458
2026-06-24 19:11:25.267 10 WARNING neutron.scheduler.dhcp_agent_scheduler [None req-6a4869f4-6e90-4ea2-b9c8-28ad0577c13c 24c1d78097b3444cae61c24c7afcb1b1 a05c6cb3ae8746f6b95e8d88ec997f07 - - default default] No more DHCP agents
2026-06-24 19:11:25.270 10 WARNING neutron.api.rpc.agentnotifiers.dhcp_rpc_agent_api [None req-6a4869f4-6e90-4ea2-b9c8-28ad0577c13c 24c1d78097b3444cae61c24c7afcb1b1 a05c6cb3ae8746f6b95e8d88ec997f07 - - default default] Unable to schedule network 01dd1f8f-69c3-4633-b493-2603ffa39f62: no agents available; will retry on subsequent port and subnet creation events.
2026-06-24 19:11:25.298 10 INFO neutron.db.ovn_revision_numbers_db [None req-6a4869f4-6e90-4ea2-b9c8-28ad0577c13c 24c1d78097b3444cae61c24c7afcb1b1 a05c6cb3ae8746f6b95e8d88ec997f07 - - default default] Successfully bumped revision number for resource 77e4d4d7-8227-49af-b0e3-b73fca3cf4cf (type: subnets) to 0
2026-06-24 19:11:25.325 10 WARNING neutron.scheduler.dhcp_agent_scheduler [None req-6a4869f4-6e90-4ea2-b9c8-28ad0577c13c 24c1d78097b3444cae61c24c7afcb1b1 a05c6cb3ae8746f6b95e8d88ec997f07 - - default default] No more DHCP agents
2026-06-24 19:11:25.326 10 WARNING neutron.api.rpc.agentnotifiers.dhcp_rpc_agent_api [None req-6a4869f4-6e90-4ea2-b9c8-28ad0577c13c 24c1d78097b3444cae61c24c7afcb1b1 a05c6cb3ae8746f6b95e8d88ec997f07 - - default default] Unable to schedule network a3898807-2a5e-48ce-85f8-f008300b2785: no agents available; will retry on subsequent port and subnet creation events.
2026-06-24 19:11:25.366 10 INFO neutron.db.ovn_revision_numbers_db [None req-6a4869f4-6e90-4ea2-b9c8-28ad0577c13c 24c1d78097b3444cae61c24c7afcb1b1 a05c6cb3ae8746f6b95e8d88ec997f07 - - default default] Successfully bumped revision number for resource dcfdd4c0-5a66-4029-957d-fb898362c7d0 (type: subnets) to 0
2026-06-24 19:11:25.382 10 INFO neutron.api.wsgi [None req-6a4869f4-6e90-4ea2-b9c8-28ad0577c13c 24c1d78097b3444cae61c24c7afcb1b1 a05c6cb3ae8746f6b95e8d88ec997f07 - - default default] 10.0.0.30 "POST /v2.0/subnets HTTP/1.1" status: 201 len: 1523 time: 0.4931202
2026-06-24 19:11:25.416 10 INFO neutron.api.wsgi [None req-3807e2e9-bb47-4e84-bedb-db1c171a6fb9 24c1d78097b3444cae61c24c7afcb1b1 a05c6cb3ae8746f6b95e8d88ec997f07 - - default default] 10.0.0.30 "GET /v2.0/subnets HTTP/1.1" status: 200 len: 2154 time: 0.0294194
2026-06-24 19:11:25.588 10 INFO neutron.api.wsgi [None req-257bae51-8a2d-42ae-8f4d-12a913d539af 24c1d78097b3444cae61c24c7afcb1b1 a05c6cb3ae8746f6b95e8d88ec997f07 - - default default] 10.0.0.30 "DELETE /v2.0/subnets/77e4d4d7-8227-49af-b0e3-b73fca3cf4cf HTTP/1.1" status: 204 len: 168 time: 0.1588159
2026-06-24 19:11:25.716 10 INFO neutron.api.wsgi [None req-754c0bfc-2eb4-4e11-b5f4-36e8d1fba16f 24c1d78097b3444cae61c24c7afcb1b1 a05c6cb3ae8746f6b95e8d88ec997f07 - - default default] 10.0.0.30 "DELETE /v2.0/subnets/dcfdd4c0-5a66-4029-957d-fb898362c7d0 HTTP/1.1" status: 204 len: 168 time: 0.1226830
2026-06-24 19:11:25.746 10 INFO neutron.api.wsgi [None req-997a0633-f01b-4c2a-8e0c-24c2144d5407 24c1d78097b3444cae61c24c7afcb1b1 a05c6cb3ae8746f6b95e8d88ec997f07 - - default default] 10.0.0.30 "GET /v2.0/subnets HTTP/1.1" status: 200 len: 843 time: 0.0248601
2026-06-24 19:11:26.037 10 INFO neutron.services.segments.plugin [-] Segment 23a2d940-44c8-450d-82f8-dc16ddde87f9 resource provider aggregate not found
2026-06-24 19:11:26.041 10 INFO neutron.services.segments.plugin [-] Segment 23a2d940-44c8-450d-82f8-dc16ddde87f9 resource provider aggregate not found
2026-06-24 19:11:26.063 10 INFO neutron.services.segments.plugin [-] Segment 23a2d940-44c8-450d-82f8-dc16ddde87f9 resource provider not found; error: Placement Client Error (4xx): {"errors": [{"status": 404, "title": "Not Found", "detail": "The resource could not be found.\n\n No resource provider with uuid 23a2d940-44c8-450d-82f8-dc16ddde87f9 found for delete ", "request_id": "req-84ae66fd-6e86-4b9c-879a-47bcda5aeb11"}]}
2026-06-24 19:11:26.064 10 INFO neutron.services.segments.plugin [-] Segment 23a2d940-44c8-450d-82f8-dc16ddde87f9 resource provider not found; error: Placement Client Error (4xx): {"errors": [{"status": 404, "title": "Not Found", "detail": "The resource could not be found.\n\n No resource provider with uuid 23a2d940-44c8-450d-82f8-dc16ddde87f9 found for delete ", "request_id": "req-01eabf37-8160-4af2-94aa-fb3ef37b93d8"}]}
2026-06-24 19:11:26.091 10 INFO neutron.api.wsgi [None req-f6eef32d-2d7b-4986-8133-26459f92d844 24c1d78097b3444cae61c24c7afcb1b1 a05c6cb3ae8746f6b95e8d88ec997f07 - - default default] 10.0.0.30 "DELETE /v2.0/networks/a3898807-2a5e-48ce-85f8-f008300b2785 HTTP/1.1" status: 204 len: 168 time: 0.3372378
2026-06-24 19:11:26.421 10 INFO neutron.api.wsgi [None req-053ff5b9-ea2e-495b-beb9-dc4bb12cc55d 24c1d78097b3444cae61c24c7afcb1b1 a05c6cb3ae8746f6b95e8d88ec997f07 - - default default] 10.0.0.30 "DELETE /v2.0/networks/01dd1f8f-69c3-4633-b493-2603ffa39f62 HTTP/1.1" status: 204 len: 168 time: 0.3243456
2026-06-24 19:11:26.793 10 INFO neutron.api.wsgi [None req-5c538d73-988f-40ea-8432-54fac273bf74 24c1d78097b3444cae61c24c7afcb1b1 a05c6cb3ae8746f6b95e8d88ec997f07 - - default default] 10.0.0.30 "DELETE /v2.0/networks/b486a25c-050c-4245-8d7e-dd4af97db602 HTTP/1.1" status: 204 len: 168 time: 0.3660569
2026-06-24 19:11:26.888 10 INFO neutron.api.wsgi [req-40f13352-7c0f-4eb6-8b4a-dc086aacf255 req-deb5103b-3eb5-4d1f-82b9-fe269f113415 16a751e4d43945aea1f12649bca1580d e4904095b6f242b6963b29c23c7a5ab7 - - fe8001579ed44485b69939a499861bca fe8001579ed44485b69939a499861bca] 10.0.0.205 "GET /v2.0/ports?device_id=b66f55f8-a987-4c67-bc46-cef9cd428076 HTTP/1.1" status: 200 len: 1409 time: 0.0400488
2026-06-24 19:11:26.933 10 INFO neutron.api.wsgi [req-40f13352-7c0f-4eb6-8b4a-dc086aacf255 req-1e2ae8a1-de03-49e7-8e5d-3eb613037123 16a751e4d43945aea1f12649bca1580d e4904095b6f242b6963b29c23c7a5ab7 - - fe8001579ed44485b69939a499861bca fe8001579ed44485b69939a499861bca] 10.0.0.205 "GET /v2.0/security-groups?id=3e51f763-2568-43e5-b55e-05f5bca67936&fields=id&fields=name HTTP/1.1" status: 200 len: 312 time: 0.0390663
2026-06-24 19:11:27.005 9 WARNING neutron_lib.context [None req-339ae818-8a46-40ae-8476-e029e5d026aa 0d44ee0a58eb44f592e0bc2551ff4a91 6df77738b1f544b79c6b587d87815d12 - - default default] Method 'is_advsvc' is deprecated since 2023.2 release (neutron-lib 3.8.0) and will be removed once support for the old RBAC API policies will be removed from Neutron. Please use method 'is_service_role' instead.
2026-06-24 19:11:27.173 10 INFO neutron.api.wsgi [None req-e5833e5b-8d39-43ee-bacf-e010d1884d5f 24c1d78097b3444cae61c24c7afcb1b1 a05c6cb3ae8746f6b95e8d88ec997f07 - - default default] 10.0.0.30 "DELETE /v2.0/networks/8a3e21ee-e693-4ef7-87ae-e9ba558326b8 HTTP/1.1" status: 204 len: 168 time: 0.3741734
2026-06-24 19:11:27.175 9 INFO neutron.db.ovn_revision_numbers_db [None req-339ae818-8a46-40ae-8476-e029e5d026aa 0d44ee0a58eb44f592e0bc2551ff4a91 6df77738b1f544b79c6b587d87815d12 - - default default] Successfully bumped revision number for resource 4c0fb443-10af-4775-a438-d48872254c4a (type: security_groups) to 1
2026-06-24 19:11:27.189 9 INFO neutron.db.ovn_revision_numbers_db [None req-339ae818-8a46-40ae-8476-e029e5d026aa 0d44ee0a58eb44f592e0bc2551ff4a91 6df77738b1f544b79c6b587d87815d12 - - default default] Successfully bumped revision number for resource 6579d230-813c-4b15-bc1d-fef9085b1062 (type: security_group_rules) to 0
2026-06-24 19:11:27.203 9 INFO neutron.db.ovn_revision_numbers_db [None req-339ae818-8a46-40ae-8476-e029e5d026aa 0d44ee0a58eb44f592e0bc2551ff4a91 6df77738b1f544b79c6b587d87815d12 - - default default] Successfully bumped revision number for resource 80e61309-fd79-4542-8c0b-6d438c69535f (type: security_group_rules) to 0
2026-06-24 19:11:27.216 9 INFO neutron.db.ovn_revision_numbers_db [None req-339ae818-8a46-40ae-8476-e029e5d026aa 0d44ee0a58eb44f592e0bc2551ff4a91 6df77738b1f544b79c6b587d87815d12 - - default default] Successfully bumped revision number for resource a8ad2672-0e86-4980-88ef-3b976d58eceb (type: security_group_rules) to 0
2026-06-24 19:11:27.233 9 INFO neutron.db.ovn_revision_numbers_db [None req-339ae818-8a46-40ae-8476-e029e5d026aa 0d44ee0a58eb44f592e0bc2551ff4a91 6df77738b1f544b79c6b587d87815d12 - - default default] Successfully bumped revision number for resource f29f462c-563c-48d9-8f25-67fe5eea99a0 (type: security_group_rules) to 0
2026-06-24 19:11:27.301 9 INFO neutron.db.segments_db [None req-339ae818-8a46-40ae-8476-e029e5d026aa 0d44ee0a58eb44f592e0bc2551ff4a91 6df77738b1f544b79c6b587d87815d12 - - default default] Added segment 1dec85c1-e916-4320-aef4-fe35e615dc08 of type geneve for network cabff7a7-fb33-475b-8968-dee8357ff215
2026-06-24 19:11:27.458 9 INFO neutron.db.ovn_revision_numbers_db [None req-339ae818-8a46-40ae-8476-e029e5d026aa 0d44ee0a58eb44f592e0bc2551ff4a91 6df77738b1f544b79c6b587d87815d12 - - default default] Successfully bumped revision number for resource cabff7a7-fb33-475b-8968-dee8357ff215 (type: networks) to 1
2026-06-24 19:11:27.645 9 WARNING neutron.scheduler.dhcp_agent_scheduler [None req-339ae818-8a46-40ae-8476-e029e5d026aa 0d44ee0a58eb44f592e0bc2551ff4a91 6df77738b1f544b79c6b587d87815d12 - - default default] No more DHCP agents
2026-06-24 19:11:27.646 9 WARNING neutron.api.rpc.agentnotifiers.dhcp_rpc_agent_api [None req-339ae818-8a46-40ae-8476-e029e5d026aa 0d44ee0a58eb44f592e0bc2551ff4a91 6df77738b1f544b79c6b587d87815d12 - - default default] Unable to schedule network cabff7a7-fb33-475b-8968-dee8357ff215: no agents available; will retry on subsequent port and subnet creation events.
2026-06-24 19:11:27.704 9 INFO neutron.db.ovn_revision_numbers_db [None req-339ae818-8a46-40ae-8476-e029e5d026aa 0d44ee0a58eb44f592e0bc2551ff4a91 6df77738b1f544b79c6b587d87815d12 - - default default] Successfully bumped revision number for resource 1261f89d-9f0e-46be-882b-e29866a5dd2c (type: ports) to 1
2026-06-24 19:11:27.729 9 INFO neutron.api.wsgi [None req-339ae818-8a46-40ae-8476-e029e5d026aa 0d44ee0a58eb44f592e0bc2551ff4a91 6df77738b1f544b79c6b587d87815d12 - - default default] 10.0.0.30 "POST /v2.0/networks HTTP/1.1" status: 201 len: 843 time: 0.8809214
2026-06-24 19:11:27.770 10 WARNING neutron_lib.context [None req-0e90c8a6-7920-4750-8fa5-ced677bf4ad5 0d44ee0a58eb44f592e0bc2551ff4a91 6df77738b1f544b79c6b587d87815d12 - - default default] Method 'is_advsvc' is deprecated since 2023.2 release (neutron-lib 3.8.0) and will be removed once support for the old RBAC API policies will be removed from Neutron. Please use method 'is_service_role' instead.
2026-06-24 19:11:27.808 10 INFO neutron.api.wsgi [None req-74bfa482-0bc1-4aa7-b8f2-a0eeb09f9113 293041c3d1c44f58882016c7f9f1c629 83e00930fe284582a0d4538e1710b04a - - default default] 10.0.0.30 "GET /v2.0/security-groups?tenant_id=a05c6cb3ae8746f6b95e8d88ec997f07&name=default HTTP/1.1" status: 200 len: 3120 time: 0.1220891
2026-06-24 19:11:27.971 10 WARNING neutron.scheduler.dhcp_agent_scheduler [None req-0e90c8a6-7920-4750-8fa5-ced677bf4ad5 0d44ee0a58eb44f592e0bc2551ff4a91 6df77738b1f544b79c6b587d87815d12 - - default default] No more DHCP agents
2026-06-24 19:11:27.973 10 WARNING neutron.api.rpc.agentnotifiers.dhcp_rpc_agent_api [None req-0e90c8a6-7920-4750-8fa5-ced677bf4ad5 0d44ee0a58eb44f592e0bc2551ff4a91 6df77738b1f544b79c6b587d87815d12 - - default default] Unable to schedule network cabff7a7-fb33-475b-8968-dee8357ff215: no agents available; will retry on subsequent port and subnet creation events.
2026-06-24 19:11:28.001 9 INFO neutron.api.wsgi [None req-75dcd4bd-3a00-477b-8ff5-6eff5981e0c9 293041c3d1c44f58882016c7f9f1c629 83e00930fe284582a0d4538e1710b04a - - default default] 10.0.0.30 "DELETE /v2.0/security-groups/1ae69ded-c182-46dc-9242-d6280c7f6630 HTTP/1.1" status: 204 len: 168 time: 0.1849074
2026-06-24 19:11:28.087 10 INFO neutron.services.segments.plugin [-] Segment 0eb699e3-f4ed-4996-a281-64f8f93db10c resource provider aggregate not found
2026-06-24 19:11:28.097 10 INFO neutron.services.segments.plugin [-] Segment 0eb699e3-f4ed-4996-a281-64f8f93db10c resource provider aggregate not found
2026-06-24 19:11:28.112 10 INFO neutron.services.segments.plugin [-] Segment 0eb699e3-f4ed-4996-a281-64f8f93db10c resource provider not found; error: Placement Client Error (4xx): {"errors": [{"status": 404, "title": "Not Found", "detail": "The resource could not be found.\n\n No resource provider with uuid 0eb699e3-f4ed-4996-a281-64f8f93db10c found for delete ", "request_id": "req-baed3631-24ac-4bda-b284-5b138501bca3"}]}
2026-06-24 19:11:28.117 10 INFO neutron.services.segments.plugin [-] Segment 0eb699e3-f4ed-4996-a281-64f8f93db10c resource provider not found; error: Placement Client Error (4xx): {"errors": [{"status": 404, "title": "Not Found", "detail": "The resource could not be found.\n\n No resource provider with uuid 0eb699e3-f4ed-4996-a281-64f8f93db10c found for delete ", "request_id": "req-7837c920-df3f-4ce2-9523-a1b42d0fbf7d"}]}
2026-06-24 19:11:28.131 10 INFO neutron.services.segments.plugin [-] Segment 87b0e527-5c6e-4861-bbf9-ab23650501eb resource provider aggregate not found
2026-06-24 19:11:28.137 10 INFO neutron.services.segments.plugin [-] Segment 87b0e527-5c6e-4861-bbf9-ab23650501eb resource provider aggregate not found
2026-06-24 19:11:28.144 10 INFO neutron.services.segments.plugin [-] Segment 87b0e527-5c6e-4861-bbf9-ab23650501eb resource provider not found; error: Placement Client Error (4xx): {"errors": [{"status": 404, "title": "Not Found", "detail": "The resource could not be found.\n\n No resource provider with uuid 87b0e527-5c6e-4861-bbf9-ab23650501eb found for delete ", "request_id": "req-d519673c-e5a0-4539-b190-bd4bfd90c4e4"}]}
2026-06-24 19:11:28.152 10 INFO neutron.services.segments.plugin [-] Segment 87b0e527-5c6e-4861-bbf9-ab23650501eb resource provider not found; error: Placement Client Error (4xx): {"errors": [{"status": 404, "title": "Not Found", "detail": "The resource could not be found.\n\n No resource provider with uuid 87b0e527-5c6e-4861-bbf9-ab23650501eb found for delete ", "request_id": "req-a24f5d2a-6279-4a69-966b-c11c0d514eec"}]}
2026-06-24 19:11:28.160 10 INFO neutron.services.segments.plugin [-] Segment fd49a377-e1f3-4111-9c1f-855a20939ab9 resource provider aggregate not found
2026-06-24 19:11:28.164 10 INFO neutron.services.segments.plugin [-] Segment fd49a377-e1f3-4111-9c1f-855a20939ab9 resource provider aggregate not found
2026-06-24 19:11:28.176 10 INFO neutron.services.segments.plugin [-] Segment fd49a377-e1f3-4111-9c1f-855a20939ab9 resource provider not found; error: Placement Client Error (4xx): {"errors": [{"status": 404, "title": "Not Found", "detail": "The resource could not be found.\n\n No resource provider with uuid fd49a377-e1f3-4111-9c1f-855a20939ab9 found for delete ", "request_id": "req-8bcee9ae-ac7d-46d9-9c0e-d2f58fc7e0fa"}]}
2026-06-24 19:11:28.178 10 INFO neutron.services.segments.plugin [-] Segment fd49a377-e1f3-4111-9c1f-855a20939ab9 resource provider not found; error: Placement Client Error (4xx): {"errors": [{"status": 404, "title": "Not Found", "detail": "The resource could not be found.\n\n No resource provider with uuid fd49a377-e1f3-4111-9c1f-855a20939ab9 found for delete ", "request_id": "req-5ce40ed0-08d1-4821-bd87-3c0f62fbd2d6"}]}
2026-06-24 19:11:28.543 10 INFO neutron.db.ovn_revision_numbers_db [None req-490a68da-09ab-4dd6-b529-2ba0d4dae77d - - - - - -] Successfully bumped revision number for resource 1261f89d-9f0e-46be-882b-e29866a5dd2c (type: ports) to 2
2026-06-24 19:11:28.579 10 INFO neutron.db.ovn_revision_numbers_db [None req-490a68da-09ab-4dd6-b529-2ba0d4dae77d - - - - - -] Successfully bumped revision number for resource c8051f3e-f13a-4570-8884-093812cafcf5 (type: subnets) to 0
2026-06-24 19:11:28.594 10 INFO neutron.api.wsgi [None req-0e90c8a6-7920-4750-8fa5-ced677bf4ad5 0d44ee0a58eb44f592e0bc2551ff4a91 6df77738b1f544b79c6b587d87815d12 - - default default] 10.0.0.30 "POST /v2.0/subnets HTTP/1.1" status: 201 len: 840 time: 0.8332098
2026-06-24 19:11:28.606 10 WARNING neutron_lib.context [None req-fc345682-4183-4322-aff7-0c2b95462e4f 0d44ee0a58eb44f592e0bc2551ff4a91 6df77738b1f544b79c6b587d87815d12 - - default default] Method 'is_advsvc' is deprecated since 2023.2 release (neutron-lib 3.8.0) and will be removed once support for the old RBAC API policies will be removed from Neutron. Please use method 'is_service_role' instead.
2026-06-24 19:11:28.694 10 INFO neutron.db.segments_db [None req-fc345682-4183-4322-aff7-0c2b95462e4f 0d44ee0a58eb44f592e0bc2551ff4a91 6df77738b1f544b79c6b587d87815d12 - - default default] Added segment 244ed502-6d72-4c34-98a5-4dbc37e10bf5 of type geneve for network ee8ee4a8-cf46-4ba8-8646-afc4aae7b226
2026-06-24 19:11:28.831 10 INFO neutron.db.ovn_revision_numbers_db [None req-fc345682-4183-4322-aff7-0c2b95462e4f 0d44ee0a58eb44f592e0bc2551ff4a91 6df77738b1f544b79c6b587d87815d12 - - default default] Successfully bumped revision number for resource ee8ee4a8-cf46-4ba8-8646-afc4aae7b226 (type: networks) to 1
2026-06-24 19:11:29.010 10 WARNING neutron.scheduler.dhcp_agent_scheduler [None req-fc345682-4183-4322-aff7-0c2b95462e4f 0d44ee0a58eb44f592e0bc2551ff4a91 6df77738b1f544b79c6b587d87815d12 - - default default] No more DHCP agents
2026-06-24 19:11:29.014 10 WARNING neutron.api.rpc.agentnotifiers.dhcp_rpc_agent_api [None req-fc345682-4183-4322-aff7-0c2b95462e4f 0d44ee0a58eb44f592e0bc2551ff4a91 6df77738b1f544b79c6b587d87815d12 - - default default] Unable to schedule network ee8ee4a8-cf46-4ba8-8646-afc4aae7b226: no agents available; will retry on subsequent port and subnet creation events.
2026-06-24 19:11:29.096 10 INFO neutron.db.ovn_revision_numbers_db [None req-fc345682-4183-4322-aff7-0c2b95462e4f 0d44ee0a58eb44f592e0bc2551ff4a91 6df77738b1f544b79c6b587d87815d12 - - default default] Successfully bumped revision number for resource 2be52ce3-79fc-47ff-9fbc-3bfae72fae64 (type: ports) to 1
2026-06-24 19:11:29.120 10 INFO neutron.api.wsgi [None req-fc345682-4183-4322-aff7-0c2b95462e4f 0d44ee0a58eb44f592e0bc2551ff4a91 6df77738b1f544b79c6b587d87815d12 - - default default] 10.0.0.30 "POST /v2.0/networks HTTP/1.1" status: 201 len: 842 time: 0.5186565
2026-06-24 19:11:29.249 9 INFO neutron.db.ovn_revision_numbers_db [None req-14f88a2b-ec36-49bf-a6a0-5c6a0a0409a1 293041c3d1c44f58882016c7f9f1c629 83e00930fe284582a0d4538e1710b04a - - default default] Successfully bumped revision number for resource 86907d3f-0d30-4eac-80bd-2fbdcf5ae61f (type: security_groups) to 1
2026-06-24 19:11:29.264 9 INFO neutron.db.ovn_revision_numbers_db [None req-14f88a2b-ec36-49bf-a6a0-5c6a0a0409a1 293041c3d1c44f58882016c7f9f1c629 83e00930fe284582a0d4538e1710b04a - - default default] Successfully bumped revision number for resource 638d5771-d482-4b15-91ee-1f3950fdcffd (type: security_group_rules) to 0
2026-06-24 19:11:29.283 9 INFO neutron.db.ovn_revision_numbers_db [None req-14f88a2b-ec36-49bf-a6a0-5c6a0a0409a1 293041c3d1c44f58882016c7f9f1c629 83e00930fe284582a0d4538e1710b04a - - default default] Successfully bumped revision number for resource 65cf2b0d-dbaa-42cc-83c9-5188bfe70411 (type: security_group_rules) to 0
2026-06-24 19:11:29.285 9 INFO neutron.db.ovn_revision_numbers_db [None req-58528aad-c56a-42a4-b29e-ffa7ee2c18fa 0d44ee0a58eb44f592e0bc2551ff4a91 6df77738b1f544b79c6b587d87815d12 - - default default] Successfully bumped revision number for resource ee8ee4a8-cf46-4ba8-8646-afc4aae7b226 (type: networks) to 2
2026-06-24 19:11:29.290 9 INFO neutron.api.wsgi [None req-58528aad-c56a-42a4-b29e-ffa7ee2c18fa 0d44ee0a58eb44f592e0bc2551ff4a91 6df77738b1f544b79c6b587d87815d12 - - default default] 10.0.0.30 "PUT /v2.0/networks/ee8ee4a8-cf46-4ba8-8646-afc4aae7b226 HTTP/1.1" status: 200 len: 792 time: 0.1641343
2026-06-24 19:11:29.300 9 WARNING neutron_lib.context [None req-c6496cee-ef39-452c-86e1-73496bc8c7f6 0d44ee0a58eb44f592e0bc2551ff4a91 6df77738b1f544b79c6b587d87815d12 - - default default] Method 'is_advsvc' is deprecated since 2023.2 release (neutron-lib 3.8.0) and will be removed once support for the old RBAC API policies will be removed from Neutron. Please use method 'is_service_role' instead.
2026-06-24 19:11:29.307 9 INFO neutron.db.ovn_revision_numbers_db [None req-14f88a2b-ec36-49bf-a6a0-5c6a0a0409a1 293041c3d1c44f58882016c7f9f1c629 83e00930fe284582a0d4538e1710b04a - - default default] Successfully bumped revision number for resource 985d8b20-a567-4930-8110-b515f00e45c2 (type: security_group_rules) to 0
2026-06-24 19:11:29.321 9 INFO neutron.db.ovn_revision_numbers_db [None req-14f88a2b-ec36-49bf-a6a0-5c6a0a0409a1 293041c3d1c44f58882016c7f9f1c629 83e00930fe284582a0d4538e1710b04a - - default default] Successfully bumped revision number for resource f8e8b40c-30ef-43f9-9410-5172d4bfc6f0 (type: security_group_rules) to 0
2026-06-24 19:11:29.374 9 INFO neutron.api.wsgi [None req-14f88a2b-ec36-49bf-a6a0-5c6a0a0409a1 293041c3d1c44f58882016c7f9f1c629 83e00930fe284582a0d4538e1710b04a - - default default] 10.0.0.30 "GET /v2.0/security-groups?tenant_id=968c123368e042f887a7ff5e6cc17d75&name=default HTTP/1.1" status: 200 len: 3120 time: 0.4602640
2026-06-24 19:11:29.607 9 WARNING neutron.scheduler.dhcp_agent_scheduler [None req-c6496cee-ef39-452c-86e1-73496bc8c7f6 0d44ee0a58eb44f592e0bc2551ff4a91 6df77738b1f544b79c6b587d87815d12 - - default default] No more DHCP agents
2026-06-24 19:11:29.611 9 WARNING neutron.api.rpc.agentnotifiers.dhcp_rpc_agent_api [None req-c6496cee-ef39-452c-86e1-73496bc8c7f6 0d44ee0a58eb44f592e0bc2551ff4a91 6df77738b1f544b79c6b587d87815d12 - - default default] Unable to schedule network ee8ee4a8-cf46-4ba8-8646-afc4aae7b226: no agents available; will retry on subsequent port and subnet creation events.
2026-06-24 19:11:29.693 9 INFO neutron.api.wsgi [None req-534efbae-6245-4680-a648-8ee4e21ade75 293041c3d1c44f58882016c7f9f1c629 83e00930fe284582a0d4538e1710b04a - - default default] 10.0.0.30 "DELETE /v2.0/security-groups/86907d3f-0d30-4eac-80bd-2fbdcf5ae61f HTTP/1.1" status: 204 len: 168 time: 0.3138714
2026-06-24 19:11:30.079 9 INFO neutron.db.ovn_revision_numbers_db [None req-8dc546fe-581c-40ce-b751-f8ef31cff2db - - - - - -] Successfully bumped revision number for resource 2be52ce3-79fc-47ff-9fbc-3bfae72fae64 (type: ports) to 2
2026-06-24 19:11:30.110 9 INFO neutron.db.ovn_revision_numbers_db [None req-8dc546fe-581c-40ce-b751-f8ef31cff2db - - - - - -] Successfully bumped revision number for resource 670b8910-8119-4f5e-8e6d-ffaf9c4289fc (type: subnets) to 0
2026-06-24 19:11:30.122 9 INFO neutron.api.wsgi [None req-c6496cee-ef39-452c-86e1-73496bc8c7f6 0d44ee0a58eb44f592e0bc2551ff4a91 6df77738b1f544b79c6b587d87815d12 - - default default] 10.0.0.30 "POST /v2.0/subnets HTTP/1.1" status: 201 len: 825 time: 0.8265936
2026-06-24 19:11:30.195 10 WARNING neutron_lib.context [None req-d9d8ae6c-b441-4fa4-9c20-0936594b37be 1f6e1c31b95c4c73822be08f727318c5 ec7c2b1ea27343e7b0e136789f86f5d1 - - default default] Method 'is_advsvc' is deprecated since 2023.2 release (neutron-lib 3.8.0) and will be removed once support for the old RBAC API policies will be removed from Neutron. Please use method 'is_service_role' instead.
2026-06-24 19:11:30.320 10 INFO neutron.db.ovn_revision_numbers_db [None req-d9d8ae6c-b441-4fa4-9c20-0936594b37be 1f6e1c31b95c4c73822be08f727318c5 ec7c2b1ea27343e7b0e136789f86f5d1 - - default default] Successfully bumped revision number for resource 4a0a4ba8-5ca4-455f-bd63-12280764c252 (type: security_groups) to 1
2026-06-24 19:11:30.332 10 INFO neutron.db.ovn_revision_numbers_db [None req-d9d8ae6c-b441-4fa4-9c20-0936594b37be 1f6e1c31b95c4c73822be08f727318c5 ec7c2b1ea27343e7b0e136789f86f5d1 - - default default] Successfully bumped revision number for resource 39e374e1-b7e2-4743-9110-9fdd63963864 (type: security_group_rules) to 0
2026-06-24 19:11:30.351 10 INFO neutron.db.ovn_revision_numbers_db [None req-d9d8ae6c-b441-4fa4-9c20-0936594b37be 1f6e1c31b95c4c73822be08f727318c5 ec7c2b1ea27343e7b0e136789f86f5d1 - - default default] Successfully bumped revision number for resource 50c1efb4-820f-493e-a97f-72082bd389de (type: security_group_rules) to 0
2026-06-24 19:11:30.360 9 INFO neutron.db.ovn_revision_numbers_db [None req-64707d89-9b8d-4183-bcf3-3e8c3647cc7d 0d44ee0a58eb44f592e0bc2551ff4a91 6df77738b1f544b79c6b587d87815d12 - - default default] Successfully bumped revision number for resource 670b8910-8119-4f5e-8e6d-ffaf9c4289fc (type: subnets) to 1
2026-06-24 19:11:30.363 9 INFO neutron.api.wsgi [None req-64707d89-9b8d-4183-bcf3-3e8c3647cc7d 0d44ee0a58eb44f592e0bc2551ff4a91 6df77738b1f544b79c6b587d87815d12 - - default default] 10.0.0.30 "PUT /v2.0/subnets/670b8910-8119-4f5e-8e6d-ffaf9c4289fc HTTP/1.1" status: 200 len: 830 time: 0.2350039
2026-06-24 19:11:30.371 10 INFO neutron.db.ovn_revision_numbers_db [None req-d9d8ae6c-b441-4fa4-9c20-0936594b37be 1f6e1c31b95c4c73822be08f727318c5 ec7c2b1ea27343e7b0e136789f86f5d1 - - default default] Successfully bumped revision number for resource 5711a2bb-75ef-46d5-a4d0-1800debd334c (type: security_group_rules) to 0
2026-06-24 19:11:30.384 10 INFO neutron.db.ovn_revision_numbers_db [None req-d9d8ae6c-b441-4fa4-9c20-0936594b37be 1f6e1c31b95c4c73822be08f727318c5 ec7c2b1ea27343e7b0e136789f86f5d1 - - default default] Successfully bumped revision number for resource a5276cfd-2bf2-4435-8895-4fa724dc71ee (type: security_group_rules) to 0
2026-06-24 19:11:30.458 10 INFO neutron.db.segments_db [None req-d9d8ae6c-b441-4fa4-9c20-0936594b37be 1f6e1c31b95c4c73822be08f727318c5 ec7c2b1ea27343e7b0e136789f86f5d1 - - default default] Added segment de93eb19-25ad-43cf-b6fc-c458a26c3eb1 of type geneve for network 6e5c7f7f-0eb5-4db3-b175-f55050ff26ae
2026-06-24 19:11:30.572 10 INFO neutron.db.ovn_revision_numbers_db [None req-d9d8ae6c-b441-4fa4-9c20-0936594b37be 1f6e1c31b95c4c73822be08f727318c5 ec7c2b1ea27343e7b0e136789f86f5d1 - - default default] Successfully bumped revision number for resource 6e5c7f7f-0eb5-4db3-b175-f55050ff26ae (type: networks) to 1
2026-06-24 19:11:30.738 10 WARNING neutron.scheduler.dhcp_agent_scheduler [None req-d9d8ae6c-b441-4fa4-9c20-0936594b37be 1f6e1c31b95c4c73822be08f727318c5 ec7c2b1ea27343e7b0e136789f86f5d1 - - default default] No more DHCP agents
2026-06-24 19:11:30.740 10 WARNING neutron.api.rpc.agentnotifiers.dhcp_rpc_agent_api [None req-d9d8ae6c-b441-4fa4-9c20-0936594b37be 1f6e1c31b95c4c73822be08f727318c5 ec7c2b1ea27343e7b0e136789f86f5d1 - - default default] Unable to schedule network 6e5c7f7f-0eb5-4db3-b175-f55050ff26ae: no agents available; will retry on subsequent port and subnet creation events.
2026-06-24 19:11:30.838 10 INFO neutron.db.ovn_revision_numbers_db [None req-d9d8ae6c-b441-4fa4-9c20-0936594b37be 1f6e1c31b95c4c73822be08f727318c5 ec7c2b1ea27343e7b0e136789f86f5d1 - - default default] Successfully bumped revision number for resource 180463bd-63c3-40ec-af95-f0b3ac976551 (type: ports) to 1
2026-06-24 19:11:30.859 10 INFO neutron.api.wsgi [None req-d9d8ae6c-b441-4fa4-9c20-0936594b37be 1f6e1c31b95c4c73822be08f727318c5 ec7c2b1ea27343e7b0e136789f86f5d1 - - default default] 10.0.0.30 "POST /v2.0/networks HTTP/1.1" status: 201 len: 833 time: 0.8628552
2026-06-24 19:11:30.867 10 WARNING neutron_lib.context [None req-0230a05a-781f-42ae-942f-b0d32dc0a3e4 1f6e1c31b95c4c73822be08f727318c5 ec7c2b1ea27343e7b0e136789f86f5d1 - - default default] Method 'is_advsvc' is deprecated since 2023.2 release (neutron-lib 3.8.0) and will be removed once support for the old RBAC API policies will be removed from Neutron. Please use method 'is_service_role' instead.
2026-06-24 19:11:30.879 9 INFO neutron.services.segments.plugin [-] Segment 244ed502-6d72-4c34-98a5-4dbc37e10bf5 resource provider aggregate not found
2026-06-24 19:11:30.887 9 INFO neutron.services.segments.plugin [-] Segment 244ed502-6d72-4c34-98a5-4dbc37e10bf5 resource provider aggregate not found
2026-06-24 19:11:30.901 9 INFO neutron.services.segments.plugin [-] Segment 244ed502-6d72-4c34-98a5-4dbc37e10bf5 resource provider not found; error: Placement Client Error (4xx): {"errors": [{"status": 404, "title": "Not Found", "detail": "The resource could not be found.\n\n No resource provider with uuid 244ed502-6d72-4c34-98a5-4dbc37e10bf5 found for delete ", "request_id": "req-254910fb-e53e-4e6f-971f-da800d12b9ae"}]}
2026-06-24 19:11:30.905 9 INFO neutron.services.segments.plugin [-] Segment 244ed502-6d72-4c34-98a5-4dbc37e10bf5 resource provider not found; error: Placement Client Error (4xx): {"errors": [{"status": 404, "title": "Not Found", "detail": "The resource could not be found.\n\n No resource provider with uuid 244ed502-6d72-4c34-98a5-4dbc37e10bf5 found for delete ", "request_id": "req-1ca3c7c5-b220-46d2-a276-2c1e15e3a865"}]}
2026-06-24 19:11:30.915 9 INFO neutron.api.wsgi [None req-136d59ee-2e27-42f4-9f5a-8fdf297f2084 0d44ee0a58eb44f592e0bc2551ff4a91 6df77738b1f544b79c6b587d87815d12 - - default default] 10.0.0.30 "DELETE /v2.0/networks/ee8ee4a8-cf46-4ba8-8646-afc4aae7b226 HTTP/1.1" status: 204 len: 168 time: 0.5462294
2026-06-24 19:11:30.934 10 INFO neutron.pecan_wsgi.hooks.translation [None req-873d9a7d-37f9-40bf-8d14-99576358141d 0d44ee0a58eb44f592e0bc2551ff4a91 6df77738b1f544b79c6b587d87815d12 - - default default] DELETE failed (client error): The resource could not be found.
2026-06-24 19:11:30.938 10 INFO neutron.api.wsgi [None req-873d9a7d-37f9-40bf-8d14-99576358141d 0d44ee0a58eb44f592e0bc2551ff4a91 6df77738b1f544b79c6b587d87815d12 - - default default] 10.0.0.30 "DELETE /v2.0/networks/ee8ee4a8-cf46-4ba8-8646-afc4aae7b226 HTTP/1.1" status: 404 len: 339 time: 0.0146532
2026-06-24 19:11:30.998 10 INFO neutron.db.segments_db [None req-0230a05a-781f-42ae-942f-b0d32dc0a3e4 1f6e1c31b95c4c73822be08f727318c5 ec7c2b1ea27343e7b0e136789f86f5d1 - - default default] Added segment b53886fa-1dcb-4c25-8b67-871d14debfbc of type geneve for network b98f23df-51df-49f8-9285-664d279428dd
2026-06-24 19:11:31.067 10 INFO neutron.api.wsgi [None req-bcbf2a09-a9f6-4065-8e4f-7b50399ed521 0d44ee0a58eb44f592e0bc2551ff4a91 6df77738b1f544b79c6b587d87815d12 - - default default] 10.0.0.30 "GET /v2.0/networks?router%3Aexternal=True HTTP/1.1" status: 200 len: 845 time: 0.1181176
2026-06-24 19:11:31.099 9 INFO neutron.api.wsgi [None req-1f297bf6-e921-46ae-9fd3-0e1f198d91bb 0d44ee0a58eb44f592e0bc2551ff4a91 6df77738b1f544b79c6b587d87815d12 - - default default] 10.0.0.30 "GET /v2.0/subnets?network_id=ef010c93-854e-4f3b-8e13-71e6b38adb80 HTTP/1.1" status: 200 len: 843 time: 0.0266201
2026-06-24 19:11:31.109 9 INFO neutron.api.wsgi [None req-4164f84b-e53d-47ec-a672-725521fde091 0d44ee0a58eb44f592e0bc2551ff4a91 6df77738b1f544b79c6b587d87815d12 - - default default] 10.0.0.30 "GET /v2.0/extensions HTTP/1.1" status: 200 len: 19293 time: 0.0051539
2026-06-24 19:11:31.122 10 INFO neutron.api.wsgi [req-8e1e0456-0f1b-44e1-8980-860fed6d2bbf req-5cb35e18-8a28-4516-a698-7b877c91c000 b9f015a1ead746c6a2d9892f10c33573 a83927348c5845d18a4c2b5a51f34a69 - - default default] 10.0.0.115 "GET /v2.0/ports?device_id=b66f55f8-a987-4c67-bc46-cef9cd428076 HTTP/1.1" status: 200 len: 1170 time: 0.1108482
2026-06-24 19:11:31.166 9 INFO neutron.api.wsgi [None req-e40ce58a-c686-40b8-8e0a-2802a314388e 0d44ee0a58eb44f592e0bc2551ff4a91 6df77738b1f544b79c6b587d87815d12 - - default default] 10.0.0.30 "GET /v2.0/networks HTTP/1.1" status: 200 len: 1504 time: 0.0524311
2026-06-24 19:11:31.173 10 INFO neutron.api.wsgi [req-8e1e0456-0f1b-44e1-8980-860fed6d2bbf req-5fdb9097-65e4-4d63-99fa-8ab4e63ca33d b9f015a1ead746c6a2d9892f10c33573 a83927348c5845d18a4c2b5a51f34a69 - - default default] 10.0.0.115 "GET /v2.0/security-groups?id=3e51f763-2568-43e5-b55e-05f5bca67936&fields=id&fields=name HTTP/1.1" status: 200 len: 312 time: 0.0459731
2026-06-24 19:11:31.183 10 INFO neutron.db.ovn_revision_numbers_db [None req-0230a05a-781f-42ae-942f-b0d32dc0a3e4 1f6e1c31b95c4c73822be08f727318c5 ec7c2b1ea27343e7b0e136789f86f5d1 - - default default] Successfully bumped revision number for resource b98f23df-51df-49f8-9285-664d279428dd (type: networks) to 1
2026-06-24 19:11:31.197 9 INFO neutron.api.wsgi [None req-6a962866-b675-49b8-959c-5c87e982e358 0d44ee0a58eb44f592e0bc2551ff4a91 6df77738b1f544b79c6b587d87815d12 - - default default] 10.0.0.30 "GET /v2.0/subnets HTTP/1.1" status: 200 len: 1475 time: 0.0235026
2026-06-24 19:11:31.245 9 INFO neutron.api.wsgi [None req-0fb8f547-39d2-447f-9174-a42d8c5215b8 0d44ee0a58eb44f592e0bc2551ff4a91 6df77738b1f544b79c6b587d87815d12 - - default default] 10.0.0.30 "GET /v2.0/networks/cabff7a7-fb33-475b-8968-dee8357ff215 HTTP/1.1" status: 200 len: 863 time: 0.0433223
2026-06-24 19:11:31.283 9 INFO neutron.api.wsgi [None req-a6eea5b6-c6d3-4b3b-a1bf-a606323ca046 0d44ee0a58eb44f592e0bc2551ff4a91 6df77738b1f544b79c6b587d87815d12 - - default default] 10.0.0.30 "GET /v2.0/subnets/c8051f3e-f13a-4570-8884-093812cafcf5 HTTP/1.1" status: 200 len: 835 time: 0.0298638
2026-06-24 19:11:31.306 9 INFO neutron.pecan_wsgi.hooks.translation [None req-b73ed4f5-179d-4ed5-a345-22b9d012cb33 0d44ee0a58eb44f592e0bc2551ff4a91 6df77738b1f544b79c6b587d87815d12 - - default default] DELETE failed (client error): The resource could not be found.
2026-06-24 19:11:31.308 9 INFO neutron.api.wsgi [None req-b73ed4f5-179d-4ed5-a345-22b9d012cb33 0d44ee0a58eb44f592e0bc2551ff4a91 6df77738b1f544b79c6b587d87815d12 - - default default] 10.0.0.30 "DELETE /v2.0/subnets/670b8910-8119-4f5e-8e6d-ffaf9c4289fc HTTP/1.1" status: 404 len: 337 time: 0.0147479
2026-06-24 19:11:31.322 9 INFO neutron.pecan_wsgi.hooks.translation [None req-724d507d-a86e-4a71-8e9f-69d23169616d 0d44ee0a58eb44f592e0bc2551ff4a91 6df77738b1f544b79c6b587d87815d12 - - default default] DELETE failed (client error): The resource could not be found.
2026-06-24 19:11:31.324 9 INFO neutron.api.wsgi [None req-724d507d-a86e-4a71-8e9f-69d23169616d 0d44ee0a58eb44f592e0bc2551ff4a91 6df77738b1f544b79c6b587d87815d12 - - default default] 10.0.0.30 "DELETE /v2.0/networks/ee8ee4a8-cf46-4ba8-8646-afc4aae7b226 HTTP/1.1" status: 404 len: 339 time: 0.0115228
2026-06-24 19:11:31.360 10 INFO neutron.api.wsgi [req-9c8bdcc1-1c4a-4c26-9f7f-f9429ccd1637 req-f10429d0-5ef5-4b58-bad9-e3dbca410e6e b9f015a1ead746c6a2d9892f10c33573 a83927348c5845d18a4c2b5a51f34a69 - - default default] 10.0.0.115 "GET /v2.0/ports?device_id=b66f55f8-a987-4c67-bc46-cef9cd428076 HTTP/1.1" status: 200 len: 1170 time: 0.0311801
2026-06-24 19:11:31.381 10 WARNING neutron.scheduler.dhcp_agent_scheduler [None req-0230a05a-781f-42ae-942f-b0d32dc0a3e4 1f6e1c31b95c4c73822be08f727318c5 ec7c2b1ea27343e7b0e136789f86f5d1 - - default default] No more DHCP agents
2026-06-24 19:11:31.383 10 WARNING neutron.api.rpc.agentnotifiers.dhcp_rpc_agent_api [None req-0230a05a-781f-42ae-942f-b0d32dc0a3e4 1f6e1c31b95c4c73822be08f727318c5 ec7c2b1ea27343e7b0e136789f86f5d1 - - default default] Unable to schedule network b98f23df-51df-49f8-9285-664d279428dd: no agents available; will retry on subsequent port and subnet creation events.
2026-06-24 19:11:31.402 10 INFO neutron.api.wsgi [req-9c8bdcc1-1c4a-4c26-9f7f-f9429ccd1637 req-d0c08409-1826-4d48-8e76-eeaac04c4cea b9f015a1ead746c6a2d9892f10c33573 a83927348c5845d18a4c2b5a51f34a69 - - default default] 10.0.0.115 "GET /v2.0/security-groups?id=3e51f763-2568-43e5-b55e-05f5bca67936&fields=id&fields=name HTTP/1.1" status: 200 len: 312 time: 0.0357096
2026-06-24 19:11:31.443 10 INFO neutron.db.ovn_revision_numbers_db [None req-0230a05a-781f-42ae-942f-b0d32dc0a3e4 1f6e1c31b95c4c73822be08f727318c5 ec7c2b1ea27343e7b0e136789f86f5d1 - - default default] Successfully bumped revision number for resource 6fdeea1f-bdc3-491f-aace-3be5422130c6 (type: ports) to 1
2026-06-24 19:11:31.468 10 INFO neutron.api.wsgi [None req-0230a05a-781f-42ae-942f-b0d32dc0a3e4 1f6e1c31b95c4c73822be08f727318c5 ec7c2b1ea27343e7b0e136789f86f5d1 - - default default] 10.0.0.30 "POST /v2.0/networks HTTP/1.1" status: 201 len: 833 time: 0.6038637
2026-06-24 19:11:31.478 9 WARNING neutron_lib.context [None req-431ca272-356f-486b-8139-ec4cb56e2408 1f6e1c31b95c4c73822be08f727318c5 ec7c2b1ea27343e7b0e136789f86f5d1 - - default default] Method 'is_advsvc' is deprecated since 2023.2 release (neutron-lib 3.8.0) and will be removed once support for the old RBAC API policies will be removed from Neutron. Please use method 'is_service_role' instead.
2026-06-24 19:11:31.484 9 INFO neutron.api.wsgi [None req-73f1d360-b60c-4d9b-89df-bf3d60c3da0c 0d44ee0a58eb44f592e0bc2551ff4a91 6df77738b1f544b79c6b587d87815d12 - - default default] 10.0.0.30 "DELETE /v2.0/subnets/c8051f3e-f13a-4570-8884-093812cafcf5 HTTP/1.1" status: 204 len: 168 time: 0.1557262
2026-06-24 19:11:31.654 9 WARNING neutron.scheduler.dhcp_agent_scheduler [None req-431ca272-356f-486b-8139-ec4cb56e2408 1f6e1c31b95c4c73822be08f727318c5 ec7c2b1ea27343e7b0e136789f86f5d1 - - default default] No more DHCP agents
2026-06-24 19:11:31.655 9 WARNING neutron.api.rpc.agentnotifiers.dhcp_rpc_agent_api [None req-431ca272-356f-486b-8139-ec4cb56e2408 1f6e1c31b95c4c73822be08f727318c5 ec7c2b1ea27343e7b0e136789f86f5d1 - - default default] Unable to schedule network 6e5c7f7f-0eb5-4db3-b175-f55050ff26ae: no agents available; will retry on subsequent port and subnet creation events.
