2026-06-24 19:14:00.294 10 INFO neutron.db.ovn_revision_numbers_db [None req-2b493716-c4c7-4e5e-b7ca-4ab5a6aa02e7 5d94b75933154742a0336cf3aaf77f4a 014bf12a52b34667adeae4c58f94f343 - - default default] Successfully bumped revision number for resource a8d50279-8a0e-4ba8-bc92-47a2c25d15b4 (type: routers) to 2
2026-06-24 19:14:00.316 10 INFO neutron.api.wsgi [None req-2b493716-c4c7-4e5e-b7ca-4ab5a6aa02e7 5d94b75933154742a0336cf3aaf77f4a 014bf12a52b34667adeae4c58f94f343 - - default default] 10.0.0.30 "POST /v2.0/routers HTTP/1.1" status: 201 len: 1135 time: 1.4108298 /var/lib/openstack/lib/python3.12/site-packages/pycadf/identifier.py:71: UserWarning: Invalid uuid: neutron. To ensure interoperability, identifiers should be a valid uuid. warnings.warn(('Invalid uuid: %s. To ensure interoperability, ' /var/lib/openstack/lib/python3.12/site-packages/pycadf/identifier.py:71: UserWarning: Invalid uuid: neutron. To ensure interoperability, identifiers should be a valid uuid. warnings.warn(('Invalid uuid: %s. To ensure interoperability, '
2026-06-24 19:14:00.564 10 INFO neutron.api.wsgi [req-ecda9f1b-f9c7-40ce-8222-75823fef7166 req-dd078831-8ce6-4437-b243-1476dbe91950 8babac54b3c744e1b07b43def8c78c8b 67816952c04941238887c79b8b70fd1a - - default default] 10.0.0.115 "GET /v2.0/ports?device_id=601e9164-bb00-4f9b-96d4-6c308dd86dbb HTTP/1.1" status: 200 len: 1208 time: 0.0339179
2026-06-24 19:14:00.607 10 INFO neutron.api.wsgi [req-ecda9f1b-f9c7-40ce-8222-75823fef7166 req-e684fbad-baac-4e58-9a14-73db22cf8b07 8babac54b3c744e1b07b43def8c78c8b 67816952c04941238887c79b8b70fd1a - - default default] 10.0.0.115 "GET /v2.0/security-groups?id=b11cc8f6-6778-42a1-93ff-0cfed64652a4&id=54c579f3-c4e7-4cc8-a089-6eaa4e9fb73d&fields=id&fields=name HTTP/1.1" status: 200 len: 405 time: 0.0353858
2026-06-24 19:14:00.705 10 INFO neutron.api.wsgi [req-c4dd04cf-4e23-4f51-979b-bd8747c9cf35 req-aaafa09a-68d7-4c73-84a8-4cf816da886e db99e4d8c3b34e0092532864b9bcacb9 2d75f6a6c2c7455cab921ab743929811 - - default default] 10.0.0.115 "GET /v2.0/ports?device_id=6dff42c6-43e5-4d0b-9a66-deb30c8fc555 HTTP/1.1" status: 200 len: 1404 time: 0.0742054
2026-06-24 19:14:00.749 10 INFO neutron.api.wsgi [req-c4dd04cf-4e23-4f51-979b-bd8747c9cf35 req-fb950d6a-a2cd-4b94-9633-c33184178659 db99e4d8c3b34e0092532864b9bcacb9 2d75f6a6c2c7455cab921ab743929811 - - default default] 10.0.0.115 "GET /v2.0/security-groups?id=60ef3287-283d-4d8b-a897-e2c1d0753b51&fields=id&fields=name HTTP/1.1" status: 200 len: 310 time: 0.0390389
2026-06-24 19:14:00.909 9 INFO neutron.api.wsgi [None req-a15946e0-134c-40e5-a834-389ea7b5053d db99e4d8c3b34e0092532864b9bcacb9 2d75f6a6c2c7455cab921ab743929811 - - default default] 10.0.0.30 "GET /v2.0/ports?network_id=a7ce6646-5679-42bf-9289-32ba68a56474&mac_address=fa%3A16%3A3e%3Aa5%3A13%3A67 HTTP/1.1" status: 200 len: 1399 time: 0.1278892
2026-06-24 19:14:00.919 9 WARNING neutron_lib.context [None req-c25349db-91a0-465e-8687-0ed29ffe310f db99e4d8c3b34e0092532864b9bcacb9 2d75f6a6c2c7455cab921ab743929811 - - default default] Method 'is_advsvc' is deprecated since 2023.2 release (neutron-lib 3.8.0) and will be removed once support for the old RBAC API policies will be removed from Neutron. Please use method 'is_service_role' instead.
2026-06-24 19:14:00.926 9 WARNING neutron.scheduler.dhcp_agent_scheduler [None req-7a56a805-7b0d-4ef8-af1f-b9fb32beaa62 5d94b75933154742a0336cf3aaf77f4a 014bf12a52b34667adeae4c58f94f343 - - default default] No more DHCP agents
2026-06-24 19:14:00.929 9 WARNING neutron.api.rpc.agentnotifiers.dhcp_rpc_agent_api [None req-7a56a805-7b0d-4ef8-af1f-b9fb32beaa62 5d94b75933154742a0336cf3aaf77f4a 014bf12a52b34667adeae4c58f94f343 - - default default] Unable to schedule network f07a532b-2f46-4eba-b0ec-558b516480f4: no agents available; will retry on subsequent port and subnet creation events.
2026-06-24 19:14:01.119 9 INFO neutron.db.ovn_revision_numbers_db [None req-7a56a805-7b0d-4ef8-af1f-b9fb32beaa62 5d94b75933154742a0336cf3aaf77f4a 014bf12a52b34667adeae4c58f94f343 - - default default] Successfully bumped revision number for resource ff860e73-6598-4d07-8d6a-89341e0f105b (type: ports) to 1
2026-06-24 19:14:01.259 9 INFO neutron.api.wsgi [req-96bceb30-6b8d-41b9-ae10-e5daaa73631b req-45753d74-45ee-4f21-8dd9-394b79224607 8babac54b3c744e1b07b43def8c78c8b 67816952c04941238887c79b8b70fd1a - - default default] 199.19.213.107 "GET /v2.0/ports?device_id=601e9164-bb00-4f9b-96d4-6c308dd86dbb HTTP/1.1" status: 200 len: 1208 time: 0.1338532
2026-06-24 19:14:01.301 9 WARNING neutron.scheduler.dhcp_agent_scheduler [None req-c25349db-91a0-465e-8687-0ed29ffe310f db99e4d8c3b34e0092532864b9bcacb9 2d75f6a6c2c7455cab921ab743929811 - - default default] No more DHCP agents
2026-06-24 19:14:01.309 9 WARNING neutron.api.rpc.agentnotifiers.dhcp_rpc_agent_api [None req-c25349db-91a0-465e-8687-0ed29ffe310f db99e4d8c3b34e0092532864b9bcacb9 2d75f6a6c2c7455cab921ab743929811 - - default default] Unable to schedule network ef010c93-854e-4f3b-8e13-71e6b38adb80: no agents available; will retry on subsequent port and subnet creation events.
2026-06-24 19:14:01.746 10 INFO neutron.api.wsgi [req-b61d5ad8-c799-4298-ba81-ac68dd9f4ec7 req-f9e364a6-5f8c-4e3d-a61a-86a8ab707b34 8babac54b3c744e1b07b43def8c78c8b 67816952c04941238887c79b8b70fd1a - - default default] 10.0.0.115 "GET /v2.0/ports?device_id=601e9164-bb00-4f9b-96d4-6c308dd86dbb HTTP/1.1" status: 200 len: 1208 time: 0.0728452
2026-06-24 19:14:01.786 10 INFO neutron.api.wsgi [req-b61d5ad8-c799-4298-ba81-ac68dd9f4ec7 req-d18dae90-f741-424c-9611-6bdebc24b318 8babac54b3c744e1b07b43def8c78c8b 67816952c04941238887c79b8b70fd1a - - default default] 10.0.0.115 "GET /v2.0/security-groups?id=b11cc8f6-6778-42a1-93ff-0cfed64652a4&id=54c579f3-c4e7-4cc8-a089-6eaa4e9fb73d&fields=id&fields=name HTTP/1.1" status: 200 len: 405 time: 0.0338798
2026-06-24 19:14:02.148 10 INFO neutron.notifiers.nova [-] Nova event matching ['req-5c19aac6-2b88-4c11-85c7-9cbe91b8f51d'] response: {'server_uuid': '601e9164-bb00-4f9b-96d4-6c308dd86dbb', 'name': 'network-vif-unplugged', 'status': 'completed', 'tag': '18a4bb8e-9621-468b-bd6d-4464ab12a3ca', 'code': 200}
2026-06-24 19:14:02.239 9 INFO neutron.db.l3_db [req-96bceb30-6b8d-41b9-ae10-e5daaa73631b req-03e711a2-0d17-436c-b80e-db98ff860cc6 8babac54b3c744e1b07b43def8c78c8b 67816952c04941238887c79b8b70fd1a - - default default] Floating IP 3889cac9-7e2b-4f99-94f0-3081873f17e5 disassociated. External IP: 10.96.250.209, port: 18a4bb8e-9621-468b-bd6d-4464ab12a3ca.
2026-06-24 19:14:02.294 9 INFO neutron.api.wsgi [-] 10.0.0.72 "GET / HTTP/1.1" status: 200 len: 247 time: 0.0016577
2026-06-24 19:14:02.294 10 INFO neutron.api.wsgi [-] 10.0.0.72 "GET / HTTP/1.1" status: 200 len: 247 time: 0.0030289
2026-06-24 19:14:02.455 9 INFO neutron.api.wsgi [req-96bceb30-6b8d-41b9-ae10-e5daaa73631b req-03e711a2-0d17-436c-b80e-db98ff860cc6 8babac54b3c744e1b07b43def8c78c8b 67816952c04941238887c79b8b70fd1a - - default default] 199.19.213.107 "DELETE /v2.0/ports/18a4bb8e-9621-468b-bd6d-4464ab12a3ca HTTP/1.1" status: 204 len: 173 time: 1.1890750
2026-06-24 19:14:02.485 9 INFO neutron.notifiers.nova [-] Nova event matching ['req-60389486-2780-4195-a324-7e4987361ab4'] response: {'server_uuid': '601e9164-bb00-4f9b-96d4-6c308dd86dbb', 'name': 'network-vif-deleted', 'tag': '18a4bb8e-9621-468b-bd6d-4464ab12a3ca', 'status': 'completed', 'code': 200}
2026-06-24 19:14:02.615 9 INFO neutron.db.ovn_revision_numbers_db [None req-7a56a805-7b0d-4ef8-af1f-b9fb32beaa62 5d94b75933154742a0336cf3aaf77f4a 014bf12a52b34667adeae4c58f94f343 - - default default] Successfully bumped revision number for resource ff860e73-6598-4d07-8d6a-89341e0f105b (type: ports) to 1
2026-06-24 19:14:02.679 9 WARNING neutron.scheduler.dhcp_agent_scheduler [None req-7a56a805-7b0d-4ef8-af1f-b9fb32beaa62 5d94b75933154742a0336cf3aaf77f4a 014bf12a52b34667adeae4c58f94f343 - - default default] No more DHCP agents
2026-06-24 19:14:02.681 9 WARNING neutron.api.rpc.agentnotifiers.dhcp_rpc_agent_api [None req-7a56a805-7b0d-4ef8-af1f-b9fb32beaa62 5d94b75933154742a0336cf3aaf77f4a 014bf12a52b34667adeae4c58f94f343 - - default default] Unable to schedule network f07a532b-2f46-4eba-b0ec-558b516480f4: no agents available; will retry on subsequent port and subnet creation events.
2026-06-24 19:14:02.756 9 INFO neutron.db.ovn_revision_numbers_db [None req-c25349db-91a0-465e-8687-0ed29ffe310f db99e4d8c3b34e0092532864b9bcacb9 2d75f6a6c2c7455cab921ab743929811 - - default default] Successfully bumped revision number for resource b7b2fe8b-1149-47c9-9008-36a996cb012f (type: floatingips) to -1 /var/lib/openstack/lib/python3.12/site-packages/pycadf/identifier.py:71: UserWarning: Invalid uuid: neutron. To ensure interoperability, identifiers should be a valid uuid. warnings.warn(('Invalid uuid: %s. To ensure interoperability, '
2026-06-24 19:14:02.860 9 INFO neutron.db.ovn_revision_numbers_db [None req-c25349db-91a0-465e-8687-0ed29ffe310f db99e4d8c3b34e0092532864b9bcacb9 2d75f6a6c2c7455cab921ab743929811 - - default default] Successfully bumped revision number for resource b7b2fe8b-1149-47c9-9008-36a996cb012f (type: floatingips) to 1
2026-06-24 19:14:02.860 9 INFO neutron.db.l3_db [None req-c25349db-91a0-465e-8687-0ed29ffe310f db99e4d8c3b34e0092532864b9bcacb9 2d75f6a6c2c7455cab921ab743929811 - - default default] Floating IP b7b2fe8b-1149-47c9-9008-36a996cb012f associated. External IP: 10.96.250.213, port: 5de71a38-b8e9-40fc-9421-fe1448e53014.
2026-06-24 19:14:02.880 10 INFO neutron.api.wsgi [req-d34cdbd9-5648-45fd-8dbb-7bdd9a17ec6f req-c02a6eda-a0b8-44f5-a7e9-c36965b7185a 8babac54b3c744e1b07b43def8c78c8b 67816952c04941238887c79b8b70fd1a - - default default] 10.0.0.115 "GET /v2.0/ports?device_id=601e9164-bb00-4f9b-96d4-6c308dd86dbb HTTP/1.1" status: 200 len: 210 time: 0.0257156
2026-06-24 19:14:02.897 9 INFO neutron.api.wsgi [None req-c25349db-91a0-465e-8687-0ed29ffe310f db99e4d8c3b34e0092532864b9bcacb9 2d75f6a6c2c7455cab921ab743929811 - - default default] 10.0.0.30 "POST /v2.0/floatingips HTTP/1.1" status: 201 len: 1054 time: 1.9806941
2026-06-24 19:14:03.071 9 INFO neutron.db.ovn_revision_numbers_db [None req-7a56a805-7b0d-4ef8-af1f-b9fb32beaa62 5d94b75933154742a0336cf3aaf77f4a 014bf12a52b34667adeae4c58f94f343 - - default default] Successfully bumped revision number for resource ff860e73-6598-4d07-8d6a-89341e0f105b (type: router_ports) to 1
2026-06-24 19:14:03.077 9 INFO neutron.api.wsgi [None req-7a56a805-7b0d-4ef8-af1f-b9fb32beaa62 5d94b75933154742a0336cf3aaf77f4a 014bf12a52b34667adeae4c58f94f343 - - default default] 10.0.0.30 "PUT /v2.0/routers/a8d50279-8a0e-4ba8-bc92-47a2c25d15b4/add_router_interface HTTP/1.1" status: 200 len: 503 time: 2.7532196
2026-06-24 19:14:03.092 9 WARNING neutron_lib.context [None req-4697daed-966d-4fe7-9959-715cd19d101c 5d94b75933154742a0336cf3aaf77f4a 014bf12a52b34667adeae4c58f94f343 - - default default] Method 'is_advsvc' is deprecated since 2023.2 release (neutron-lib 3.8.0) and will be removed once support for the old RBAC API policies will be removed from Neutron. Please use method 'is_service_role' instead.
2026-06-24 19:14:03.671 9 WARNING neutron.scheduler.dhcp_agent_scheduler [None req-72fe652f-767b-4c2c-9a6f-b1dda82f30b4 - - - - - -] No more DHCP agents
2026-06-24 19:14:03.673 9 WARNING neutron.api.rpc.agentnotifiers.dhcp_rpc_agent_api [None req-72fe652f-767b-4c2c-9a6f-b1dda82f30b4 - - - - - -] Unable to schedule network ef010c93-854e-4f3b-8e13-71e6b38adb80: no agents available; will retry on subsequent port and subnet creation events.
2026-06-24 19:14:03.815 9 INFO neutron.db.ovn_revision_numbers_db [None req-72fe652f-767b-4c2c-9a6f-b1dda82f30b4 - - - - - -] Successfully bumped revision number for resource 7da41bb7-b250-4fd3-b6d1-3a96db3977a1 (type: ports) to 1
2026-06-24 19:14:03.977 10 INFO neutron.api.wsgi [req-d572cb74-85f7-4f2c-ad88-d535aaaf2934 req-35770556-0549-4ea6-a10a-e2b08590ffa7 8babac54b3c744e1b07b43def8c78c8b 67816952c04941238887c79b8b70fd1a - - default default] 10.0.0.115 "GET /v2.0/ports?device_id=601e9164-bb00-4f9b-96d4-6c308dd86dbb HTTP/1.1" status: 200 len: 210 time: 0.0191667
2026-06-24 19:14:04.075 9 INFO neutron.db.ovn_revision_numbers_db [None req-72fe652f-767b-4c2c-9a6f-b1dda82f30b4 - - - - - -] Successfully bumped revision number for resource 7da41bb7-b250-4fd3-b6d1-3a96db3977a1 (type: ports) to 3
2026-06-24 19:14:04.150 9 INFO neutron.db.segments_db [None req-72fe652f-767b-4c2c-9a6f-b1dda82f30b4 - - - - - -] Added segment efc94d5a-86f1-4902-912b-a714e994500a of type geneve for network c706da09-3a24-4fb0-a8b9-b2cba29b2e4f
2026-06-24 19:14:04.267 9 INFO neutron.db.ovn_revision_numbers_db [None req-f8fd680b-f4f7-4e59-a29a-737f696ea14f - - - - - -] Successfully bumped revision number for resource c706da09-3a24-4fb0-a8b9-b2cba29b2e4f (type: networks) to 1
2026-06-24 19:14:04.440 9 WARNING neutron.scheduler.dhcp_agent_scheduler [None req-f8fd680b-f4f7-4e59-a29a-737f696ea14f - - - - - -] No more DHCP agents
2026-06-24 19:14:04.441 9 WARNING neutron.api.rpc.agentnotifiers.dhcp_rpc_agent_api [None req-f8fd680b-f4f7-4e59-a29a-737f696ea14f - - - - - -] Unable to schedule network c706da09-3a24-4fb0-a8b9-b2cba29b2e4f: no agents available; will retry on subsequent port and subnet creation events.
2026-06-24 19:14:04.528 9 INFO neutron.db.ovn_revision_numbers_db [None req-f8fd680b-f4f7-4e59-a29a-737f696ea14f - - - - - -] Successfully bumped revision number for resource 26b20dd3-8d1a-4eac-be53-e9d19891586f (type: ports) to 1
2026-06-24 19:14:04.532 9 INFO neutron.notifiers.nova [-] Nova event matching ['req-7464db15-6662-4fed-982c-dab1e017b280'] response: {'name': 'network-changed', 'server_uuid': '6dff42c6-43e5-4d0b-9a66-deb30c8fc555', 'tag': '5de71a38-b8e9-40fc-9421-fe1448e53014', 'status': 'completed', 'code': 200}
2026-06-24 19:14:04.676 9 WARNING neutron.plugins.ml2.drivers.ovn.mech_driver.ovsdb.ovn_client [None req-c0431049-05c7-4161-9991-6d11d63adf10 - - - - - -] No hosting information found for port 2e845fad-2b7a-400d-85d6-4bec9528d103: RuntimeError: No hosting information found for port 2e845fad-2b7a-400d-85d6-4bec9528d103
2026-06-24 19:14:04.707 9 INFO neutron.plugins.ml2.drivers.ovn.mech_driver.mech_driver [None req-c0431049-05c7-4161-9991-6d11d63adf10 - - - - - -] OVN reports status up for port: ff860e73-6598-4d07-8d6a-89341e0f105b
2026-06-24 19:14:04.719 9 INFO neutron.plugins.ml2.plugin [None req-c0431049-05c7-4161-9991-6d11d63adf10 - - - - - -] Attempt 1 to provision port ff860e73-6598-4d07-8d6a-89341e0f105b
2026-06-24 19:14:04.747 9 WARNING neutron.scheduler.dhcp_agent_scheduler [None req-f8fd680b-f4f7-4e59-a29a-737f696ea14f - - - - - -] No more DHCP agents
2026-06-24 19:14:04.748 9 WARNING neutron.api.rpc.agentnotifiers.dhcp_rpc_agent_api [None req-f8fd680b-f4f7-4e59-a29a-737f696ea14f - - - - - -] Unable to schedule network c706da09-3a24-4fb0-a8b9-b2cba29b2e4f: no agents available; will retry on subsequent port and subnet creation events. /var/lib/openstack/lib/python3.12/site-packages/pycadf/identifier.py:71: UserWarning: Invalid uuid: neutron. To ensure interoperability, identifiers should be a valid uuid. warnings.warn(('Invalid uuid: %s. To ensure interoperability, '
2026-06-24 19:14:04.795 9 INFO neutron.db.ovn_revision_numbers_db [None req-f8fd680b-f4f7-4e59-a29a-737f696ea14f - - - - - -] Successfully bumped revision number for resource bf68e3e6-ee04-40bf-979e-6ea2aa36b728 (type: subnets) to 0
2026-06-24 19:14:04.801 9 INFO neutron.api.wsgi [req-8b2e02aa-4729-4509-85d5-59cd6d469444 req-27cfbd28-b2a5-41c6-b423-e8456574deb3 16a751e4d43945aea1f12649bca1580d e4904095b6f242b6963b29c23c7a5ab7 - - fe8001579ed44485b69939a499861bca fe8001579ed44485b69939a499861bca] 199.19.213.107 "GET /v2.0/ports?device_id=28bd661b-a486-4846-857c-d0db4e99d0e9&fields=binding%3Ahost_id&fields=binding%3Avif_type HTTP/1.1" status: 200 len: 265 time: 0.0415418
2026-06-24 19:14:05.227 9 INFO neutron.api.wsgi [req-c921e738-3b9f-4910-aa04-6eacdbf72bd8 req-5862c053-4a94-4105-ad18-e3278baadc4a 16a751e4d43945aea1f12649bca1580d e4904095b6f242b6963b29c23c7a5ab7 - - fe8001579ed44485b69939a499861bca fe8001579ed44485b69939a499861bca] 199.19.213.107 "GET /v2.0/ports?tenant_id=2d75f6a6c2c7455cab921ab743929811&device_id=6dff42c6-43e5-4d0b-9a66-deb30c8fc555 HTTP/1.1" status: 200 len: 1642 time: 0.1823678
2026-06-24 19:14:05.243 10 INFO neutron.api.wsgi [req-75df6734-3292-438f-913e-209b153e44b1 req-a267aadf-87bb-445e-9336-8bf8b5ebbd0d 8babac54b3c744e1b07b43def8c78c8b 67816952c04941238887c79b8b70fd1a - - default default] 10.0.0.115 "GET /v2.0/ports?device_id=601e9164-bb00-4f9b-96d4-6c308dd86dbb HTTP/1.1" status: 200 len: 210 time: 0.0814452
2026-06-24 19:14:05.330 9 INFO neutron.api.wsgi [req-c921e738-3b9f-4910-aa04-6eacdbf72bd8 req-c424335d-2ee4-4f43-858f-c33658610e10 16a751e4d43945aea1f12649bca1580d e4904095b6f242b6963b29c23c7a5ab7 - - fe8001579ed44485b69939a499861bca fe8001579ed44485b69939a499861bca] 199.19.213.107 "GET /v2.0/networks?id=a7ce6646-5679-42bf-9289-32ba68a56474 HTTP/1.1" status: 200 len: 1002 time: 0.0975842
2026-06-24 19:14:05.405 9 INFO neutron.api.wsgi [req-c921e738-3b9f-4910-aa04-6eacdbf72bd8 req-d6fa0fb8-b99f-4155-9836-42faf3af0b6f 16a751e4d43945aea1f12649bca1580d e4904095b6f242b6963b29c23c7a5ab7 - - fe8001579ed44485b69939a499861bca fe8001579ed44485b69939a499861bca] 199.19.213.107 "GET /v2.0/floatingips?fixed_ip_address=10.2.2.216&port_id=5de71a38-b8e9-40fc-9421-fe1448e53014 HTTP/1.1" status: 200 len: 1059 time: 0.0690799
2026-06-24 19:14:05.458 9 INFO neutron.api.wsgi [req-c921e738-3b9f-4910-aa04-6eacdbf72bd8 req-977eee2b-2464-461a-ae5b-a13f38542f4e 16a751e4d43945aea1f12649bca1580d e4904095b6f242b6963b29c23c7a5ab7 - - fe8001579ed44485b69939a499861bca fe8001579ed44485b69939a499861bca] 199.19.213.107 "GET /v2.0/floatingips?fixed_ip_address=fd77%3A1457%3A4cf0%3A26a8%3A%3A1d6&port_id=5de71a38-b8e9-40fc-9421-fe1448e53014 HTTP/1.1" status: 200 len: 217 time: 0.0381775
2026-06-24 19:14:05.494 9 WARNING neutron.scheduler.dhcp_agent_scheduler [None req-f8fd680b-f4f7-4e59-a29a-737f696ea14f - - - - - -] No more DHCP agents
2026-06-24 19:14:05.499 9 INFO neutron.api.wsgi [req-c921e738-3b9f-4910-aa04-6eacdbf72bd8 req-a82b78d3-9f68-486e-8a87-bfbc6cf2783c 16a751e4d43945aea1f12649bca1580d e4904095b6f242b6963b29c23c7a5ab7 - - fe8001579ed44485b69939a499861bca fe8001579ed44485b69939a499861bca] 199.19.213.107 "GET /v2.0/subnets?id=2c932489-ed95-497f-bb69-40f271261cbe&id=bff9726a-37b2-435e-9338-bb5dae10b7be HTTP/1.1" status: 200 len: 1614 time: 0.0362740
2026-06-24 19:14:05.500 9 WARNING neutron.api.rpc.agentnotifiers.dhcp_rpc_agent_api [None req-f8fd680b-f4f7-4e59-a29a-737f696ea14f - - - - - -] Unable to schedule network c706da09-3a24-4fb0-a8b9-b2cba29b2e4f: no agents available; will retry on subsequent port and subnet creation events.
2026-06-24 19:14:05.519 9 INFO neutron.api.wsgi [req-c921e738-3b9f-4910-aa04-6eacdbf72bd8 req-9c91c901-e3cd-4c36-b038-63506e41eeef 16a751e4d43945aea1f12649bca1580d e4904095b6f242b6963b29c23c7a5ab7 - - fe8001579ed44485b69939a499861bca fe8001579ed44485b69939a499861bca] 199.19.213.107 "GET /v2.0/ports?network_id=a7ce6646-5679-42bf-9289-32ba68a56474&device_owner=network%3Adhcp HTTP/1.1" status: 200 len: 210 time: 0.0166523
2026-06-24 19:14:05.521 9 INFO neutron.db.ovn_revision_numbers_db [None req-c0431049-05c7-4161-9991-6d11d63adf10 - - - - - -] Successfully bumped revision number for resource ff860e73-6598-4d07-8d6a-89341e0f105b (type: ports) to 2
2026-06-24 19:14:05.544 9 INFO neutron.api.wsgi [req-c921e738-3b9f-4910-aa04-6eacdbf72bd8 req-17ebefa8-3277-4218-95cb-6afd57d5b864 16a751e4d43945aea1f12649bca1580d e4904095b6f242b6963b29c23c7a5ab7 - - fe8001579ed44485b69939a499861bca fe8001579ed44485b69939a499861bca] 199.19.213.107 "GET /v2.0/ports?network_id=a7ce6646-5679-42bf-9289-32ba68a56474&device_owner=network%3Adhcp HTTP/1.1" status: 200 len: 210 time: 0.0212331
2026-06-24 19:14:05.613 9 INFO neutron.api.wsgi [req-c921e738-3b9f-4910-aa04-6eacdbf72bd8 req-a701e35c-a8a0-421f-b0a6-ca8c140fd14d 16a751e4d43945aea1f12649bca1580d e4904095b6f242b6963b29c23c7a5ab7 - - fe8001579ed44485b69939a499861bca fe8001579ed44485b69939a499861bca] 199.19.213.107 "GET /v2.0/networks/a7ce6646-5679-42bf-9289-32ba68a56474?fields=segments HTTP/1.1" status: 200 len: 212 time: 0.0667355
2026-06-24 19:14:05.680 9 INFO neutron.api.wsgi [req-c921e738-3b9f-4910-aa04-6eacdbf72bd8 req-b270f298-008f-4f16-9462-d7de2bd411d6 16a751e4d43945aea1f12649bca1580d e4904095b6f242b6963b29c23c7a5ab7 - - fe8001579ed44485b69939a499861bca fe8001579ed44485b69939a499861bca] 199.19.213.107 "GET /v2.0/networks/a7ce6646-5679-42bf-9289-32ba68a56474?fields=provider%3Aphysical_network&fields=provider%3Anetwork_type HTTP/1.1" status: 200 len: 277 time: 0.0597823
2026-06-24 19:14:05.685 9 INFO neutron.db.ovn_revision_numbers_db [None req-f8fd680b-f4f7-4e59-a29a-737f696ea14f - - - - - -] Successfully bumped revision number for resource d86ded90-08fa-4eff-8a67-8d520e7aed9f (type: ports) to 1
2026-06-24 19:14:05.856 9 INFO neutron.api.wsgi [req-8b2e02aa-4729-4509-85d5-59cd6d469444 req-971e4085-ab0f-4f9c-a7a1-b0eeec2f2daa 16a751e4d43945aea1f12649bca1580d e4904095b6f242b6963b29c23c7a5ab7 - - fe8001579ed44485b69939a499861bca fe8001579ed44485b69939a499861bca] 199.19.213.107 "GET /v2.0/ports?tenant_id=2d75f6a6c2c7455cab921ab743929811&device_id=28bd661b-a486-4846-857c-d0db4e99d0e9 HTTP/1.1" status: 200 len: 1634 time: 0.0352683
2026-06-24 19:14:06.343 9 INFO neutron.db.ovn_revision_numbers_db [None req-f8fd680b-f4f7-4e59-a29a-737f696ea14f - - - - - -] Successfully bumped revision number for resource d86ded90-08fa-4eff-8a67-8d520e7aed9f (type: ports) to 1
2026-06-24 19:14:06.409 9 WARNING neutron.scheduler.dhcp_agent_scheduler [None req-f8fd680b-f4f7-4e59-a29a-737f696ea14f - - - - - -] No more DHCP agents
2026-06-24 19:14:06.412 9 WARNING neutron.api.rpc.agentnotifiers.dhcp_rpc_agent_api [None req-f8fd680b-f4f7-4e59-a29a-737f696ea14f - - - - - -] Unable to schedule network c706da09-3a24-4fb0-a8b9-b2cba29b2e4f: no agents available; will retry on subsequent port and subnet creation events.
2026-06-24 19:14:06.422 9 INFO neutron.api.wsgi [req-8b2e02aa-4729-4509-85d5-59cd6d469444 req-71de7bf2-4233-41b4-ad17-ffcea86459e9 16a751e4d43945aea1f12649bca1580d e4904095b6f242b6963b29c23c7a5ab7 - - fe8001579ed44485b69939a499861bca fe8001579ed44485b69939a499861bca] 199.19.213.107 "GET /v2.0/networks?id=c30288e3-9af7-4ab2-895d-569f06325f44 HTTP/1.1" status: 200 len: 1003 time: 0.0538788
2026-06-24 19:14:06.479 9 INFO neutron.api.wsgi [req-8b2e02aa-4729-4509-85d5-59cd6d469444 req-0209af1e-0824-4748-bd60-81136011f989 16a751e4d43945aea1f12649bca1580d e4904095b6f242b6963b29c23c7a5ab7 - - fe8001579ed44485b69939a499861bca fe8001579ed44485b69939a499861bca] 199.19.213.107 "GET /v2.0/floatingips?fixed_ip_address=10.2.1.38&port_id=0f7cf3e5-a417-48d6-9de7-0f48e1beb6d8 HTTP/1.1" status: 200 len: 1058 time: 0.0497799
2026-06-24 19:14:06.504 9 INFO neutron.api.wsgi [req-8b2e02aa-4729-4509-85d5-59cd6d469444 req-138e2623-0299-4055-ac2d-df6a531c749e 16a751e4d43945aea1f12649bca1580d e4904095b6f242b6963b29c23c7a5ab7 - - fe8001579ed44485b69939a499861bca fe8001579ed44485b69939a499861bca] 199.19.213.107 "GET /v2.0/floatingips?fixed_ip_address=fd7b%3Af9f7%3Afff%3A4eca%3A%3A2d0&port_id=0f7cf3e5-a417-48d6-9de7-0f48e1beb6d8 HTTP/1.1" status: 200 len: 217 time: 0.0165634
2026-06-24 19:14:06.510 10 INFO neutron.api.wsgi [None req-c3e4a347-a5d7-4417-ba42-e98eb4013ec1 8babac54b3c744e1b07b43def8c78c8b 67816952c04941238887c79b8b70fd1a - - default default] 10.0.0.30 "DELETE /v2.0/security-groups/54c579f3-c4e7-4cc8-a089-6eaa4e9fb73d HTTP/1.1" status: 204 len: 168 time: 0.1125443
2026-06-24 19:14:06.534 9 INFO neutron.api.v2.resource [None req-cb3d18af-8a00-4df4-b17b-c4c68c807255 8babac54b3c744e1b07b43def8c78c8b 67816952c04941238887c79b8b70fd1a - - default default] show failed (client error): The resource could not be found.
2026-06-24 19:14:06.535 9 INFO neutron.api.wsgi [None req-cb3d18af-8a00-4df4-b17b-c4c68c807255 8babac54b3c744e1b07b43def8c78c8b 67816952c04941238887c79b8b70fd1a - - default default] 10.0.0.30 "GET /v2.0/security-groups/54c579f3-c4e7-4cc8-a089-6eaa4e9fb73d HTTP/1.1" status: 404 len: 347 time: 0.0157857
2026-06-24 19:14:06.549 9 INFO neutron.api.wsgi [req-8b2e02aa-4729-4509-85d5-59cd6d469444 req-7ba35506-9d23-4926-b185-102fcf6ce12a 16a751e4d43945aea1f12649bca1580d e4904095b6f242b6963b29c23c7a5ab7 - - fe8001579ed44485b69939a499861bca fe8001579ed44485b69939a499861bca] 199.19.213.107 "GET /v2.0/subnets?id=3bf5513f-e396-4db2-aed3-b8fd9988f4e1&id=934011f3-57be-4503-be5a-fb70e9e61efc HTTP/1.1" status: 200 len: 1609 time: 0.0390904
2026-06-24 19:14:06.573 9 INFO neutron.api.wsgi [req-8b2e02aa-4729-4509-85d5-59cd6d469444 req-a841e5e4-79bb-4977-bc20-4a83694c2bfe 16a751e4d43945aea1f12649bca1580d e4904095b6f242b6963b29c23c7a5ab7 - - fe8001579ed44485b69939a499861bca fe8001579ed44485b69939a499861bca] 199.19.213.107 "GET /v2.0/ports?network_id=c30288e3-9af7-4ab2-895d-569f06325f44&device_owner=network%3Adhcp HTTP/1.1" status: 200 len: 210 time: 0.0173223
2026-06-24 19:14:06.597 9 INFO neutron.api.wsgi [req-8b2e02aa-4729-4509-85d5-59cd6d469444 req-63b440b1-9abe-41e2-a679-38158998b950 16a751e4d43945aea1f12649bca1580d e4904095b6f242b6963b29c23c7a5ab7 - - fe8001579ed44485b69939a499861bca fe8001579ed44485b69939a499861bca] 199.19.213.107 "GET /v2.0/ports?network_id=c30288e3-9af7-4ab2-895d-569f06325f44&device_owner=network%3Adhcp HTTP/1.1" status: 200 len: 210 time: 0.0172248
2026-06-24 19:14:06.647 9 INFO neutron.api.wsgi [req-8b2e02aa-4729-4509-85d5-59cd6d469444 req-8e0cda2e-5b19-4ccd-8218-417db48a11bf 16a751e4d43945aea1f12649bca1580d e4904095b6f242b6963b29c23c7a5ab7 - - fe8001579ed44485b69939a499861bca fe8001579ed44485b69939a499861bca] 199.19.213.107 "GET /v2.0/networks/c30288e3-9af7-4ab2-895d-569f06325f44?fields=segments HTTP/1.1" status: 200 len: 212 time: 0.0426385
2026-06-24 19:14:06.720 9 INFO neutron.api.wsgi [req-8b2e02aa-4729-4509-85d5-59cd6d469444 req-b0da6402-3d93-4f3d-960e-201e70bd8140 16a751e4d43945aea1f12649bca1580d e4904095b6f242b6963b29c23c7a5ab7 - - fe8001579ed44485b69939a499861bca fe8001579ed44485b69939a499861bca] 199.19.213.107 "GET /v2.0/networks/c30288e3-9af7-4ab2-895d-569f06325f44?fields=provider%3Aphysical_network&fields=provider%3Anetwork_type HTTP/1.1" status: 200 len: 277 time: 0.0675712
2026-06-24 19:14:06.853 10 INFO neutron.api.wsgi [None req-42d4b480-a652-40e9-bb67-9314a715bfa9 8babac54b3c744e1b07b43def8c78c8b 67816952c04941238887c79b8b70fd1a - - default default] 10.0.0.30 "DELETE /v2.0/floatingips/3889cac9-7e2b-4f99-94f0-3081873f17e5 HTTP/1.1" status: 204 len: 168 time: 0.3109040
2026-06-24 19:14:07.025 10 INFO neutron.api.wsgi [None req-a0aa4638-179e-4f39-9c72-f7e7b9258f2d 8babac54b3c744e1b07b43def8c78c8b 67816952c04941238887c79b8b70fd1a - - default default] 10.0.0.30 "DELETE /v2.0/security-groups/b11cc8f6-6778-42a1-93ff-0cfed64652a4 HTTP/1.1" status: 204 len: 168 time: 0.1652739
2026-06-24 19:14:07.336 9 INFO neutron.db.ovn_revision_numbers_db [None req-f8fd680b-f4f7-4e59-a29a-737f696ea14f - - - - - -] Successfully bumped revision number for resource d86ded90-08fa-4eff-8a67-8d520e7aed9f (type: router_ports) to 1
2026-06-24 19:14:07.545 9 WARNING neutron.scheduler.dhcp_agent_scheduler [None req-f8fd680b-f4f7-4e59-a29a-737f696ea14f - - - - - -] No more DHCP agents
2026-06-24 19:14:07.546 9 WARNING neutron.api.rpc.agentnotifiers.dhcp_rpc_agent_api [None req-f8fd680b-f4f7-4e59-a29a-737f696ea14f - - - - - -] Unable to schedule network c706da09-3a24-4fb0-a8b9-b2cba29b2e4f: no agents available; will retry on subsequent port and subnet creation events.
2026-06-24 19:14:07.661 9 INFO neutron.db.ovn_revision_numbers_db [None req-f8fd680b-f4f7-4e59-a29a-737f696ea14f - - - - - -] Successfully bumped revision number for resource 0bd84c09-0abe-4c32-8dd9-9f38cc39af30 (type: ports) to 1
2026-06-24 19:14:07.698 9 INFO neutron.api.wsgi [req-326f1cb3-16c7-4f41-967e-0cc9d60a22a6 req-b9cffb62-5841-410b-a84a-47db5af920f7 16a751e4d43945aea1f12649bca1580d e4904095b6f242b6963b29c23c7a5ab7 - - fe8001579ed44485b69939a499861bca fe8001579ed44485b69939a499861bca] 10.0.0.205 "GET /v2.0/ports?device_id=6dff42c6-43e5-4d0b-9a66-deb30c8fc555 HTTP/1.1" status: 200 len: 1642 time: 0.0347152
2026-06-24 19:14:07.740 9 INFO neutron.api.wsgi [req-326f1cb3-16c7-4f41-967e-0cc9d60a22a6 req-7e5388d3-d9f2-4059-9d7f-5a3729863505 16a751e4d43945aea1f12649bca1580d e4904095b6f242b6963b29c23c7a5ab7 - - fe8001579ed44485b69939a499861bca fe8001579ed44485b69939a499861bca] 10.0.0.205 "GET /v2.0/security-groups?id=60ef3287-283d-4d8b-a897-e2c1d0753b51&fields=id&fields=name HTTP/1.1" status: 200 len: 310 time: 0.0357442
2026-06-24 19:14:07.930 9 INFO neutron.db.ovn_revision_numbers_db [None req-f8fd680b-f4f7-4e59-a29a-737f696ea14f - - - - - -] Successfully bumped revision number for resource 0bd84c09-0abe-4c32-8dd9-9f38cc39af30 (type: ports) to 3
2026-06-24 19:14:08.293 10 INFO neutron.api.wsgi [None req-21bb4f4b-493c-4797-8036-b569b04e1d05 293041c3d1c44f58882016c7f9f1c629 83e00930fe284582a0d4538e1710b04a - - default default] 10.0.0.30 "PUT /v2.0/routers/457a8e0c-f31c-40fb-8f64-f7e202f6b57f/remove_router_interface HTTP/1.1" status: 200 len: 503 time: 1.2295794 /var/lib/openstack/lib/python3.12/site-packages/pycadf/identifier.py:71: UserWarning: Invalid uuid: neutron. To ensure interoperability, identifiers should be a valid uuid. warnings.warn(('Invalid uuid: %s. To ensure interoperability, '
2026-06-24 19:14:08.583 9 INFO neutron.api.wsgi [None req-4697daed-966d-4fe7-9959-715cd19d101c 5d94b75933154742a0336cf3aaf77f4a 014bf12a52b34667adeae4c58f94f343 - - default default] 10.0.0.30 "POST /v2.0/vpn/vpnservices HTTP/1.1" status: 201 len: 657 time: 5.4965999
2026-06-24 19:14:08.594 9 WARNING neutron_lib.context [None req-ae8631c8-6b9b-4cf3-8d1b-298ed97fcf8a 5d94b75933154742a0336cf3aaf77f4a 014bf12a52b34667adeae4c58f94f343 - - default default] Method 'is_advsvc' is deprecated since 2023.2 release (neutron-lib 3.8.0) and will be removed once support for the old RBAC API policies will be removed from Neutron. Please use method 'is_service_role' instead.
2026-06-24 19:14:08.933 9 INFO neutron.api.wsgi [None req-ae8631c8-6b9b-4cf3-8d1b-298ed97fcf8a 5d94b75933154742a0336cf3aaf77f4a 014bf12a52b34667adeae4c58f94f343 - - default default] 10.0.0.30 "POST /v2.0/vpn/vpnservices HTTP/1.1" status: 201 len: 622 time: 0.3429537
2026-06-24 19:14:08.945 9 WARNING neutron_lib.context [None req-5fae71ff-6452-40dc-b3df-20520e8b17e6 5d94b75933154742a0336cf3aaf77f4a 014bf12a52b34667adeae4c58f94f343 - - default default] Method 'is_advsvc' is deprecated since 2023.2 release (neutron-lib 3.8.0) and will be removed once support for the old RBAC API policies will be removed from Neutron. Please use method 'is_service_role' instead.
2026-06-24 19:14:08.994 9 INFO neutron.api.wsgi [None req-5fae71ff-6452-40dc-b3df-20520e8b17e6 5d94b75933154742a0336cf3aaf77f4a 014bf12a52b34667adeae4c58f94f343 - - default default] 10.0.0.30 "POST /v2.0/vpn/ikepolicies HTTP/1.1" status: 201 len: 603 time: 0.0538583
2026-06-24 19:14:09.008 9 WARNING neutron_lib.context [None req-bc0e9ad0-a7fb-490b-96e4-3757f47ddb81 5d94b75933154742a0336cf3aaf77f4a 014bf12a52b34667adeae4c58f94f343 - - default default] Method 'is_advsvc' is deprecated since 2023.2 release (neutron-lib 3.8.0) and will be removed once support for the old RBAC API policies will be removed from Neutron. Please use method 'is_service_role' instead.
2026-06-24 19:14:09.020 10 INFO neutron.api.wsgi [None req-30340d2d-19e0-41b9-b6da-a035745ce7c8 293041c3d1c44f58882016c7f9f1c629 83e00930fe284582a0d4538e1710b04a - - default default] 10.0.0.30 "DELETE /v2.0/routers/457a8e0c-f31c-40fb-8f64-f7e202f6b57f HTTP/1.1" status: 204 len: 168 time: 0.7206349
2026-06-24 19:14:09.059 9 INFO neutron.api.wsgi [None req-bc0e9ad0-a7fb-490b-96e4-3757f47ddb81 5d94b75933154742a0336cf3aaf77f4a 014bf12a52b34667adeae4c58f94f343 - - default default] 10.0.0.30 "POST /v2.0/vpn/ipsecpolicies HTTP/1.1" status: 201 len: 612 time: 0.0568862
2026-06-24 19:14:09.075 10 WARNING neutron_lib.context [None req-324a4dcf-49c3-47ef-ba2b-36a86b3a4255 5d94b75933154742a0336cf3aaf77f4a 014bf12a52b34667adeae4c58f94f343 - - default default] Method 'is_advsvc' is deprecated since 2023.2 release (neutron-lib 3.8.0) and will be removed once support for the old RBAC API policies will be removed from Neutron. Please use method 'is_service_role' instead.
2026-06-24 19:14:09.152 10 INFO neutron.api.wsgi [None req-324a4dcf-49c3-47ef-ba2b-36a86b3a4255 5d94b75933154742a0336cf3aaf77f4a 014bf12a52b34667adeae4c58f94f343 - - default default] 10.0.0.30 "POST /v2.0/vpn/endpoint-groups HTTP/1.1" status: 201 len: 527 time: 0.0859840
2026-06-24 19:14:09.161 10 WARNING neutron_lib.context [None req-30477355-6395-448c-9753-9195af2efd5b 5d94b75933154742a0336cf3aaf77f4a 014bf12a52b34667adeae4c58f94f343 - - default default] Method 'is_advsvc' is deprecated since 2023.2 release (neutron-lib 3.8.0) and will be removed once support for the old RBAC API policies will be removed from Neutron. Please use method 'is_service_role' instead.
2026-06-24 19:14:09.207 10 INFO neutron.api.wsgi [None req-30477355-6395-448c-9753-9195af2efd5b 5d94b75933154742a0336cf3aaf77f4a 014bf12a52b34667adeae4c58f94f343 - - default default] 10.0.0.30 "POST /v2.0/vpn/endpoint-groups HTTP/1.1" status: 201 len: 518 time: 0.0495996
2026-06-24 19:14:09.221 10 WARNING neutron_lib.context [None req-aebc44ae-386a-4acc-9843-b104d11a8e7e 5d94b75933154742a0336cf3aaf77f4a 014bf12a52b34667adeae4c58f94f343 - - default default] Method 'is_advsvc' is deprecated since 2023.2 release (neutron-lib 3.8.0) and will be removed once support for the old RBAC API policies will be removed from Neutron. Please use method 'is_service_role' instead.
2026-06-24 19:14:09.277 10 INFO neutron.api.wsgi [None req-57cc9b48-bcee-4dd6-a4ad-01d396020803 293041c3d1c44f58882016c7f9f1c629 83e00930fe284582a0d4538e1710b04a - - default default] 10.0.0.30 "DELETE /v2.0/subnets/777dc9f1-1df7-4ae9-824f-625e84444ee2 HTTP/1.1" status: 204 len: 168 time: 0.2458189
2026-06-24 19:14:09.595 9 INFO neutron.services.segments.plugin [-] Segment 91d826ba-a0a0-424c-80f5-c47ef1b68e89 resource provider aggregate not found
2026-06-24 19:14:09.602 9 INFO neutron.services.segments.plugin [-] Segment 91d826ba-a0a0-424c-80f5-c47ef1b68e89 resource provider aggregate not found
2026-06-24 19:14:09.610 9 INFO neutron.services.segments.plugin [-] Segment 91d826ba-a0a0-424c-80f5-c47ef1b68e89 resource provider not found; error: Placement Client Error (4xx): {"errors": [{"status": 404, "title": "Not Found", "detail": "The resource could not be found.\n\n No resource provider with uuid 91d826ba-a0a0-424c-80f5-c47ef1b68e89 found for delete ", "request_id": "req-e25d1a8e-6476-47c4-856d-ca7a4d37100e"}]}
2026-06-24 19:14:09.618 9 INFO neutron.api.wsgi [None req-859226d8-1b84-4b71-bc82-e611417db425 293041c3d1c44f58882016c7f9f1c629 83e00930fe284582a0d4538e1710b04a - - default default] 10.0.0.30 "DELETE /v2.0/networks/a3d7243e-9462-47fc-a7e3-509bf8d7659d HTTP/1.1" status: 204 len: 168 time: 0.3346653
2026-06-24 19:14:09.618 9 INFO neutron.services.segments.plugin [-] Segment 91d826ba-a0a0-424c-80f5-c47ef1b68e89 resource provider not found; error: Placement Client Error (4xx): {"errors": [{"status": 404, "title": "Not Found", "detail": "The resource could not be found.\n\n No resource provider with uuid 91d826ba-a0a0-424c-80f5-c47ef1b68e89 found for delete ", "request_id": "req-88b5da32-a919-4843-b441-0df534122844"}]}
2026-06-24 19:14:10.014 10 INFO neutron.db.ovn_revision_numbers_db [None req-aebc44ae-386a-4acc-9843-b104d11a8e7e 5d94b75933154742a0336cf3aaf77f4a 014bf12a52b34667adeae4c58f94f343 - - default default] Successfully bumped revision number for resource a8d50279-8a0e-4ba8-bc92-47a2c25d15b4 (type: routers) to 5
2026-06-24 19:14:10.064 10 INFO neutron.api.wsgi [None req-aebc44ae-386a-4acc-9843-b104d11a8e7e 5d94b75933154742a0336cf3aaf77f4a 014bf12a52b34667adeae4c58f94f343 - - default default] 10.0.0.30 "POST /v2.0/vpn/ipsec-site-connections HTTP/1.1" status: 201 len: 1001 time: 0.8497531
2026-06-24 19:14:10.083 10 WARNING neutron_lib.context [None req-359a7416-caa7-4cc2-8604-5b1ff4a2d129 5d94b75933154742a0336cf3aaf77f4a 014bf12a52b34667adeae4c58f94f343 - - default default] Method 'is_advsvc' is deprecated since 2023.2 release (neutron-lib 3.8.0) and will be removed once support for the old RBAC API policies will be removed from Neutron. Please use method 'is_service_role' instead.
2026-06-24 19:14:10.125 10 INFO neutron.api.wsgi [None req-359a7416-caa7-4cc2-8604-5b1ff4a2d129 5d94b75933154742a0336cf3aaf77f4a 014bf12a52b34667adeae4c58f94f343 - - default default] 10.0.0.30 "POST /v2.0/vpn/endpoint-groups HTTP/1.1" status: 201 len: 489 time: 0.0522504
2026-06-24 19:14:10.201 10 INFO neutron.api.wsgi [None req-9b19ec92-d908-49b4-8832-a0b045718494 5d94b75933154742a0336cf3aaf77f4a 014bf12a52b34667adeae4c58f94f343 - - default default] 10.0.0.30 "DELETE /v2.0/vpn/endpoint-groups/bee58a13-9ccb-4c66-84d7-2f3ab188c7f7 HTTP/1.1" status: 204 len: 168 time: 0.0689700
2026-06-24 19:14:10.226 10 INFO neutron.api.wsgi [None req-5d05314b-27e7-4dcd-920f-5b45ab7858b2 5d94b75933154742a0336cf3aaf77f4a 014bf12a52b34667adeae4c58f94f343 - - default default] 10.0.0.30 "GET /v2.0/vpn/endpoint-groups HTTP/1.1" status: 200 len: 826 time: 0.0155163
2026-06-24 19:14:10.240 10 INFO neutron.api.wsgi [None req-a2df756b-58bf-4097-a9a9-5a238a1df3b8 5d94b75933154742a0336cf3aaf77f4a 014bf12a52b34667adeae4c58f94f343 - - default default] 10.0.0.30 "GET /v2.0/vpn/endpoint-groups HTTP/1.1" status: 200 len: 826 time: 0.0085850
2026-06-24 19:14:10.671 10 INFO neutron.api.wsgi [None req-2f9d8b06-365a-4da5-804c-7c89444b3913 e2e8112769d5499f9d5aef552dcfdc2c e9348c96a97d42658008ee3f54f7131e - - default default] 10.0.0.30 "POST /v2.0/vpn/ikepolicies HTTP/1.1" status: 201 len: 602 time: 0.0934277
2026-06-24 19:14:10.694 10 INFO neutron.api.wsgi [None req-f48dfff1-bd38-4cca-9ed6-b3ee1aef81fe 5d94b75933154742a0336cf3aaf77f4a 014bf12a52b34667adeae4c58f94f343 - - default default] 10.0.0.30 "GET /v2.0/vpn/ikepolicies HTTP/1.1" status: 200 len: 992 time: 0.0175755
2026-06-24 19:14:10.740 10 INFO neutron.api.wsgi [None req-f65593f5-b2cc-4994-bac1-58dfcdc0fb3b e2e8112769d5499f9d5aef552dcfdc2c e9348c96a97d42658008ee3f54f7131e - - default default] 10.0.0.30 "DELETE /v2.0/vpn/ikepolicies/f01dbe2c-a2f9-415d-9673-41e27382a21e HTTP/1.1" status: 204 len: 168 time: 0.0434177
2026-06-24 19:14:10.788 10 INFO neutron.api.wsgi [None req-a4c2f008-8507-4f2d-a32e-6ca00429f18c e2e8112769d5499f9d5aef552dcfdc2c e9348c96a97d42658008ee3f54f7131e - - default default] 10.0.0.30 "POST /v2.0/vpn/ipsecpolicies HTTP/1.1" status: 201 len: 608 time: 0.0426383
2026-06-24 19:14:10.806 10 INFO neutron.api.wsgi [None req-893e3533-435d-4954-bb77-eb61e13295a7 5d94b75933154742a0336cf3aaf77f4a 014bf12a52b34667adeae4c58f94f343 - - default default] 10.0.0.30 "GET /v2.0/vpn/ipsecpolicies HTTP/1.1" status: 200 len: 1005 time: 0.0110114
2026-06-24 19:14:10.835 10 INFO neutron.api.wsgi [None req-7373f280-0403-4f1e-8902-d4e319e764aa e2e8112769d5499f9d5aef552dcfdc2c e9348c96a97d42658008ee3f54f7131e - - default default] 10.0.0.30 "DELETE /v2.0/vpn/ipsecpolicies/6bddebf5-792b-4d62-ba1a-e3730c70fabe HTTP/1.1" status: 204 len: 168 time: 0.0253584
2026-06-24 19:14:10.844 10 WARNING neutron_lib.context [None req-ba3f98e7-fb97-4d5e-beb1-ed2b3e2e9ae1 5d94b75933154742a0336cf3aaf77f4a 014bf12a52b34667adeae4c58f94f343 - - default default] Method 'is_advsvc' is deprecated since 2023.2 release (neutron-lib 3.8.0) and will be removed once support for the old RBAC API policies will be removed from Neutron. Please use method 'is_service_role' instead.
2026-06-24 19:14:10.939 10 INFO neutron.db.segments_db [None req-ba3f98e7-fb97-4d5e-beb1-ed2b3e2e9ae1 5d94b75933154742a0336cf3aaf77f4a 014bf12a52b34667adeae4c58f94f343 - - default default] Added segment aeacf6d3-eea4-4591-a295-477baa9d0987 of type geneve for network 0a60173f-c818-4111-9ace-18e2fdf136ef
2026-06-24 19:14:10.944 9 INFO neutron.api.wsgi [None req-7f2e637b-76b8-4686-a36e-6d8d9bdea853 293041c3d1c44f58882016c7f9f1c629 83e00930fe284582a0d4538e1710b04a - - default default] 10.0.0.30 "PUT /v2.0/routers/eef33d54-7411-45f6-a849-001526081540/remove_router_interface HTTP/1.1" status: 200 len: 503 time: 1.3206222 /var/lib/openstack/lib/python3.12/site-packages/pycadf/identifier.py:71: UserWarning: Invalid uuid: neutron. To ensure interoperability, identifiers should be a valid uuid. warnings.warn(('Invalid uuid: %s. To ensure interoperability, '
2026-06-24 19:14:11.022 9 WARNING neutron.plugins.ml2.drivers.ovn.mech_driver.ovsdb.ovn_client [None req-e0d5a68a-d16a-4e9a-980c-2f3b26524ab7 - - - - - -] No hosting information found for port ff860e73-6598-4d07-8d6a-89341e0f105b: RuntimeError: No hosting information found for port ff860e73-6598-4d07-8d6a-89341e0f105b
2026-06-24 19:14:11.087 10 INFO neutron.db.ovn_revision_numbers_db [None req-ba3f98e7-fb97-4d5e-beb1-ed2b3e2e9ae1 5d94b75933154742a0336cf3aaf77f4a 014bf12a52b34667adeae4c58f94f343 - - default default] Successfully bumped revision number for resource 0a60173f-c818-4111-9ace-18e2fdf136ef (type: networks) to 1
2026-06-24 19:14:11.140 9 INFO neutron.db.ovn_revision_numbers_db [None req-e0d5a68a-d16a-4e9a-980c-2f3b26524ab7 - - - - - -] Successfully bumped revision number for resource ff860e73-6598-4d07-8d6a-89341e0f105b (type: router_ports) to 2
2026-06-24 19:14:11.206 9 INFO neutron.plugins.ml2.drivers.ovn.mech_driver.mech_driver [None req-e0d5a68a-d16a-4e9a-980c-2f3b26524ab7 - - - - - -] OVN reports status up for port: d86ded90-08fa-4eff-8a67-8d520e7aed9f
2026-06-24 19:14:11.214 9 INFO neutron.plugins.ml2.plugin [None req-e0d5a68a-d16a-4e9a-980c-2f3b26524ab7 - - - - - -] Attempt 1 to provision port d86ded90-08fa-4eff-8a67-8d520e7aed9f
2026-06-24 19:14:11.275 10 WARNING neutron.scheduler.dhcp_agent_scheduler [None req-ba3f98e7-fb97-4d5e-beb1-ed2b3e2e9ae1 5d94b75933154742a0336cf3aaf77f4a 014bf12a52b34667adeae4c58f94f343 - - default default] No more DHCP agents
2026-06-24 19:14:11.276 10 WARNING neutron.api.rpc.agentnotifiers.dhcp_rpc_agent_api [None req-ba3f98e7-fb97-4d5e-beb1-ed2b3e2e9ae1 5d94b75933154742a0336cf3aaf77f4a 014bf12a52b34667adeae4c58f94f343 - - default default] Unable to schedule network 0a60173f-c818-4111-9ace-18e2fdf136ef: no agents available; will retry on subsequent port and subnet creation events.
2026-06-24 19:14:11.358 10 INFO neutron.db.ovn_revision_numbers_db [None req-ba3f98e7-fb97-4d5e-beb1-ed2b3e2e9ae1 5d94b75933154742a0336cf3aaf77f4a 014bf12a52b34667adeae4c58f94f343 - - default default] Successfully bumped revision number for resource 7b51bbbe-6543-48d8-9a83-08f5609d1bcd (type: ports) to 1
2026-06-24 19:14:11.390 10 INFO neutron.api.wsgi [None req-ba3f98e7-fb97-4d5e-beb1-ed2b3e2e9ae1 5d94b75933154742a0336cf3aaf77f4a 014bf12a52b34667adeae4c58f94f343 - - default default] 10.0.0.30 "POST /v2.0/networks HTTP/1.1" status: 201 len: 830 time: 0.5494692
2026-06-24 19:14:11.402 10 WARNING neutron_lib.context [None req-5e40337e-effd-47ee-979f-8994eb6c711b 5d94b75933154742a0336cf3aaf77f4a 014bf12a52b34667adeae4c58f94f343 - - default default] Method 'is_advsvc' is deprecated since 2023.2 release (neutron-lib 3.8.0) and will be removed once support for the old RBAC API policies will be removed from Neutron. Please use method 'is_service_role' instead.
2026-06-24 19:14:11.634 10 WARNING neutron.scheduler.dhcp_agent_scheduler [None req-5e40337e-effd-47ee-979f-8994eb6c711b 5d94b75933154742a0336cf3aaf77f4a 014bf12a52b34667adeae4c58f94f343 - - default default] No more DHCP agents
2026-06-24 19:14:11.636 10 WARNING neutron.api.rpc.agentnotifiers.dhcp_rpc_agent_api [None req-5e40337e-effd-47ee-979f-8994eb6c711b 5d94b75933154742a0336cf3aaf77f4a 014bf12a52b34667adeae4c58f94f343 - - default default] Unable to schedule network 0a60173f-c818-4111-9ace-18e2fdf136ef: no agents available; will retry on subsequent port and subnet creation events.
2026-06-24 19:14:11.707 9 INFO neutron.db.ovn_revision_numbers_db [None req-e0d5a68a-d16a-4e9a-980c-2f3b26524ab7 - - - - - -] Successfully bumped revision number for resource d86ded90-08fa-4eff-8a67-8d520e7aed9f (type: ports) to 2
2026-06-24 19:14:11.837 9 INFO neutron.api.wsgi [None req-74785ad9-309f-4c05-879f-acbea8926a9d 293041c3d1c44f58882016c7f9f1c629 83e00930fe284582a0d4538e1710b04a - - default default] 10.0.0.30 "DELETE /v2.0/routers/eef33d54-7411-45f6-a849-001526081540 HTTP/1.1" status: 204 len: 168 time: 0.8821781
2026-06-24 19:14:12.112 9 INFO neutron.api.wsgi [None req-275066b2-3810-41ba-8985-1753a23db0cc 293041c3d1c44f58882016c7f9f1c629 83e00930fe284582a0d4538e1710b04a - - default default] 10.0.0.30 "DELETE /v2.0/subnets/f3bb01dc-eda7-4220-9b70-8ca4350a35f3 HTTP/1.1" status: 204 len: 168 time: 0.2647345
2026-06-24 19:14:12.208 10 INFO neutron.db.ovn_revision_numbers_db [None req-94a9a596-3f5a-4a5f-9f87-1b29838b170c - - - - - -] Successfully bumped revision number for resource 7b51bbbe-6543-48d8-9a83-08f5609d1bcd (type: ports) to 2
2026-06-24 19:14:12.215 10 INFO neutron.api.wsgi [None req-2620890c-cb89-4d27-803a-afbca1533411 9ca57863bb53485ab2ce674452a91877 1d851e6cf5d84b4e9e46b6d965d612a1 - - default default] 10.0.0.30 "GET /v2.0/subnets/64ddf873-dc2a-4c1e-9031-fbea1577eed0 HTTP/1.1" status: 200 len: 870 time: 0.0309396
2026-06-24 19:14:12.241 10 INFO neutron.db.ovn_revision_numbers_db [None req-94a9a596-3f5a-4a5f-9f87-1b29838b170c - - - - - -] Successfully bumped revision number for resource 57fac312-57d9-49e1-852f-333065a9d2b9 (type: subnets) to 0
2026-06-24 19:14:12.273 10 INFO neutron.api.wsgi [None req-5e40337e-effd-47ee-979f-8994eb6c711b 5d94b75933154742a0336cf3aaf77f4a 014bf12a52b34667adeae4c58f94f343 - - default default] 10.0.0.30 "POST /v2.0/subnets HTTP/1.1" status: 201 len: 828 time: 0.8766220
2026-06-24 19:14:12.289 10 WARNING neutron_lib.context [None req-0702a6b3-27a0-4393-9193-604dbb015e19 5d94b75933154742a0336cf3aaf77f4a 014bf12a52b34667adeae4c58f94f343 - - default default] Method 'is_advsvc' is deprecated since 2023.2 release (neutron-lib 3.8.0) and will be removed once support for the old RBAC API policies will be removed from Neutron. Please use method 'is_service_role' instead.
2026-06-24 19:14:12.436 9 INFO neutron.services.segments.plugin [-] Segment b8aca4cb-45cc-433f-8d66-f69e2d5421dc resource provider aggregate not found
2026-06-24 19:14:12.443 9 INFO neutron.services.segments.plugin [-] Segment b8aca4cb-45cc-433f-8d66-f69e2d5421dc resource provider aggregate not found
2026-06-24 19:14:12.449 9 INFO neutron.services.segments.plugin [-] Segment b8aca4cb-45cc-433f-8d66-f69e2d5421dc resource provider not found; error: Placement Client Error (4xx): {"errors": [{"status": 404, "title": "Not Found", "detail": "The resource could not be found.\n\n No resource provider with uuid b8aca4cb-45cc-433f-8d66-f69e2d5421dc found for delete ", "request_id": "req-abf40fe0-6170-4320-bf2c-a0b80d449053"}]}
2026-06-24 19:14:12.466 9 INFO neutron.services.segments.plugin [-] Segment b8aca4cb-45cc-433f-8d66-f69e2d5421dc resource provider not found; error: Placement Client Error (4xx): {"errors": [{"status": 404, "title": "Not Found", "detail": "The resource could not be found.\n\n No resource provider with uuid b8aca4cb-45cc-433f-8d66-f69e2d5421dc found for delete ", "request_id": "req-ea77f9b7-21a3-461b-8b23-9d0df32c6c4c"}]}
2026-06-24 19:14:12.488 9 INFO neutron.api.wsgi [None req-48ebc0ba-839c-4800-ad8d-5ccba5a78bae 293041c3d1c44f58882016c7f9f1c629 83e00930fe284582a0d4538e1710b04a - - default default] 10.0.0.30 "DELETE /v2.0/networks/efb3f154-605e-4ee6-95f8-441ea720bbe8 HTTP/1.1" status: 204 len: 168 time: 0.3709879
2026-06-24 19:14:12.794 10 WARNING neutron.scheduler.dhcp_agent_scheduler [None req-0702a6b3-27a0-4393-9193-604dbb015e19 5d94b75933154742a0336cf3aaf77f4a 014bf12a52b34667adeae4c58f94f343 - - default default] No more DHCP agents
2026-06-24 19:14:12.795 10 WARNING neutron.api.rpc.agentnotifiers.dhcp_rpc_agent_api [None req-0702a6b3-27a0-4393-9193-604dbb015e19 5d94b75933154742a0336cf3aaf77f4a 014bf12a52b34667adeae4c58f94f343 - - default default] Unable to schedule network ef010c93-854e-4f3b-8e13-71e6b38adb80: no agents available; will retry on subsequent port and subnet creation events.
2026-06-24 19:14:12.921 10 INFO neutron.api.wsgi [None req-e6231d00-6b2f-4aa8-aef5-6dbdf230bb59 293041c3d1c44f58882016c7f9f1c629 83e00930fe284582a0d4538e1710b04a - - default default] 10.0.0.30 "GET /v2.0/security-groups?tenant_id=67816952c04941238887c79b8b70fd1a&name=default HTTP/1.1" status: 200 len: 3120 time: 0.0478938
2026-06-24 19:14:12.971 10 INFO neutron.db.ovn_revision_numbers_db [None req-0702a6b3-27a0-4393-9193-604dbb015e19 5d94b75933154742a0336cf3aaf77f4a 014bf12a52b34667adeae4c58f94f343 - - default default] Successfully bumped revision number for resource d8fc5558-75be-43f4-861a-29525b2705b2 (type: ports) to 1
2026-06-24 19:14:13.209 9 INFO neutron.api.wsgi [None req-e06c29e4-7e25-4a6c-9535-a3ba32079289 293041c3d1c44f58882016c7f9f1c629 83e00930fe284582a0d4538e1710b04a - - default default] 10.0.0.30 "DELETE /v2.0/security-groups/ffbe3fcb-18ec-42e8-8bc2-4bb4f9875bc4 HTTP/1.1" status: 204 len: 168 time: 0.2761428
2026-06-24 19:14:13.429 9 INFO neutron.api.wsgi [None req-e8c12c39-6cb7-433d-97d8-3586d3b8c030 293041c3d1c44f58882016c7f9f1c629 83e00930fe284582a0d4538e1710b04a - - default default] 10.0.0.30 "GET /v2.0/security-groups?tenant_id=8f4285b2a0534848a67e5dbb03b3bcb9&name=default HTTP/1.1" status: 200 len: 3120 time: 0.0319550
2026-06-24 19:14:13.676 10 INFO neutron.api.wsgi [None req-ecf515fc-e9fd-4722-bd0d-d63769b5217e 293041c3d1c44f58882016c7f9f1c629 83e00930fe284582a0d4538e1710b04a - - default default] 10.0.0.30 "DELETE /v2.0/security-groups/63524518-cc71-4de5-97a7-e1d9418e95d6 HTTP/1.1" status: 204 len: 168 time: 0.2387710
