2026-06-24 19:11:56.264 10 INFO neutron.db.ovn_revision_numbers_db [None req-445d0d3e-5296-45c6-9ff6-1177bd540609 6ba3ef0c49324e6aa639da8be19a4160 510e2600ce584a52b261400a2f1b7641 - - default default] Successfully bumped revision number for resource 72dd9c77-1717-4e3d-b87f-0dac139f0a03 (type: security_group_rules) to 0
2026-06-24 19:11:56.303 10 INFO neutron.api.wsgi [None req-445d0d3e-5296-45c6-9ff6-1177bd540609 6ba3ef0c49324e6aa639da8be19a4160 510e2600ce584a52b261400a2f1b7641 - - default default] 10.0.0.30 "POST /v2.0/security-group-rules HTTP/1.1" status: 201 len: 805 time: 0.2011793
2026-06-24 19:11:56.503 9 INFO neutron.db.ovn_revision_numbers_db [None req-3de0abe4-bc89-4b5e-b347-f99e2957529b - - - - - -] Successfully bumped revision number for resource 66b6d6c8-d9f7-4d35-9af4-8d5815d2b5d1 (type: ports) to 2
2026-06-24 19:11:56.528 9 INFO neutron.db.ovn_revision_numbers_db [None req-3de0abe4-bc89-4b5e-b347-f99e2957529b - - - - - -] Successfully bumped revision number for resource cec7b0a6-5cc9-46b5-ad85-a76e00590092 (type: subnets) to 0
2026-06-24 19:11:56.544 9 INFO neutron.api.wsgi [None req-6aede2e7-47be-4d47-a007-4c81bae70e33 2dd7af653de54c58b6730d11d6a0118b 7fe27d975b064b20b355761528f1e603 - - default default] 10.0.0.30 "POST /v2.0/subnets HTTP/1.1" status: 201 len: 825 time: 0.6673260
2026-06-24 19:11:56.554 9 WARNING neutron_lib.context [None req-ef570882-c30f-462d-a126-087db11399cf 2dd7af653de54c58b6730d11d6a0118b 7fe27d975b064b20b355761528f1e603 - - default default] Method 'is_advsvc' is deprecated since 2023.2 release (neutron-lib 3.8.0) and will be removed once support for the old RBAC API policies will be removed from Neutron. Please use method 'is_service_role' instead.
2026-06-24 19:11:56.746 9 WARNING neutron.scheduler.dhcp_agent_scheduler [None req-ef570882-c30f-462d-a126-087db11399cf 2dd7af653de54c58b6730d11d6a0118b 7fe27d975b064b20b355761528f1e603 - - default default] No more DHCP agents
2026-06-24 19:11:56.747 9 WARNING neutron.api.rpc.agentnotifiers.dhcp_rpc_agent_api [None req-ef570882-c30f-462d-a126-087db11399cf 2dd7af653de54c58b6730d11d6a0118b 7fe27d975b064b20b355761528f1e603 - - default default] Unable to schedule network 311d4175-706d-47cf-8d10-0f42aecbba82: no agents available; will retry on subsequent port and subnet creation events.
2026-06-24 19:11:56.843 9 INFO neutron.api.wsgi [None req-19294f8f-e7e3-469f-863a-44960c630088 6ba3ef0c49324e6aa639da8be19a4160 510e2600ce584a52b261400a2f1b7641 - - default default] 10.0.0.30 "GET /v2.0/networks HTTP/1.1" status: 200 len: 1492 time: 0.1476455
2026-06-24 19:11:56.994 10 INFO neutron.api.wsgi [req-17379a9a-6a8a-487f-9dbb-1312aa0babc4 req-fddc190f-60b5-49d4-ba0a-900eec9595ae 6ba3ef0c49324e6aa639da8be19a4160 510e2600ce584a52b261400a2f1b7641 - - default default] 10.0.0.115 "GET /v2.0/security-groups?name=tempest-secgroup-smoke-1814512028&fields=id&tenant_id=510e2600ce584a52b261400a2f1b7641 HTTP/1.1" status: 200 len: 267 time: 0.0587873
2026-06-24 19:11:57.072 10 INFO neutron.api.wsgi [req-17379a9a-6a8a-487f-9dbb-1312aa0babc4 req-1b6bb103-bd08-4cbb-ba93-a7aaa637f4a3 6ba3ef0c49324e6aa639da8be19a4160 510e2600ce584a52b261400a2f1b7641 - - default default] 10.0.0.115 "GET /v2.0/networks?id=d4bebbad-494f-45da-9d3b-8f72c0b3c5f4 HTTP/1.1" status: 200 len: 859 time: 0.0719218
2026-06-24 19:11:57.093 10 INFO neutron.api.wsgi [req-17379a9a-6a8a-487f-9dbb-1312aa0babc4 req-9039d059-e282-445b-b478-263b4e174ca2 6ba3ef0c49324e6aa639da8be19a4160 510e2600ce584a52b261400a2f1b7641 - - default default] 10.0.0.115 "GET /v2.0/quotas/510e2600ce584a52b261400a2f1b7641 HTTP/1.1" status: 200 len: 491 time: 0.0141249
2026-06-24 19:11:57.182 10 INFO neutron.db.ovn_revision_numbers_db [None req-48f7e255-a6c3-4fc9-be76-7e55c05c50da 293041c3d1c44f58882016c7f9f1c629 83e00930fe284582a0d4538e1710b04a - - default default] Successfully bumped revision number for resource 4761b272-e57f-4d01-9a16-acdbb4958e35 (type: security_groups) to 1
2026-06-24 19:11:57.191 10 INFO neutron.api.wsgi [req-17379a9a-6a8a-487f-9dbb-1312aa0babc4 req-fe92d727-c3b2-4f5d-8f0b-d006a1074904 6ba3ef0c49324e6aa639da8be19a4160 510e2600ce584a52b261400a2f1b7641 - - default default] 10.0.0.115 "GET /v2.0/ports?tenant_id=510e2600ce584a52b261400a2f1b7641&fields=id HTTP/1.1" status: 200 len: 302 time: 0.0901735
2026-06-24 19:11:57.198 10 INFO neutron.db.ovn_revision_numbers_db [None req-48f7e255-a6c3-4fc9-be76-7e55c05c50da 293041c3d1c44f58882016c7f9f1c629 83e00930fe284582a0d4538e1710b04a - - default default] Successfully bumped revision number for resource 1bff1931-258f-48d4-8016-caf59b1945de (type: security_group_rules) to 0
2026-06-24 19:11:57.217 10 INFO neutron.db.ovn_revision_numbers_db [None req-48f7e255-a6c3-4fc9-be76-7e55c05c50da 293041c3d1c44f58882016c7f9f1c629 83e00930fe284582a0d4538e1710b04a - - default default] Successfully bumped revision number for resource 2c8956a1-e982-4f50-a023-95848be28c81 (type: security_group_rules) to 0
2026-06-24 19:11:57.234 10 INFO neutron.db.ovn_revision_numbers_db [None req-48f7e255-a6c3-4fc9-be76-7e55c05c50da 293041c3d1c44f58882016c7f9f1c629 83e00930fe284582a0d4538e1710b04a - - default default] Successfully bumped revision number for resource 59306376-ffe6-4836-9e33-4e0446c20f14 (type: security_group_rules) to 0
2026-06-24 19:11:57.251 10 INFO neutron.db.ovn_revision_numbers_db [None req-48f7e255-a6c3-4fc9-be76-7e55c05c50da 293041c3d1c44f58882016c7f9f1c629 83e00930fe284582a0d4538e1710b04a - - default default] Successfully bumped revision number for resource e89eb496-49b1-4ccc-a6d4-b9a17696ba25 (type: security_group_rules) to 0
2026-06-24 19:11:57.255 10 INFO neutron.api.wsgi [req-17379a9a-6a8a-487f-9dbb-1312aa0babc4 req-01a031af-2455-4c2b-bbc4-a64aa16bfb5e 16a751e4d43945aea1f12649bca1580d e4904095b6f242b6963b29c23c7a5ab7 - - fe8001579ed44485b69939a499861bca fe8001579ed44485b69939a499861bca] 10.0.0.115 "GET /v2.0/networks/d4bebbad-494f-45da-9d3b-8f72c0b3c5f4?fields=segments HTTP/1.1" status: 200 len: 212 time: 0.0527377
2026-06-24 19:11:57.265 9 INFO neutron.db.ovn_revision_numbers_db [None req-48323cc0-9076-4b0b-ae8d-30d0728a1fcc - - - - - -] Successfully bumped revision number for resource 541375a5-7621-4077-9787-c5c3eb6d825f (type: ports) to 2
2026-06-24 19:11:57.296 10 INFO neutron.api.wsgi [None req-48f7e255-a6c3-4fc9-be76-7e55c05c50da 293041c3d1c44f58882016c7f9f1c629 83e00930fe284582a0d4538e1710b04a - - default default] 10.0.0.30 "GET /v2.0/security-groups?tenant_id=21942fa8df5d42a2be7913936175f478&name=default HTTP/1.1" status: 200 len: 3120 time: 0.3452241
2026-06-24 19:11:57.306 9 INFO neutron.db.ovn_revision_numbers_db [None req-48323cc0-9076-4b0b-ae8d-30d0728a1fcc - - - - - -] Successfully bumped revision number for resource 26a18a26-0729-4ace-9567-d2baebd175a8 (type: subnets) to 0
2026-06-24 19:11:57.306 10 INFO neutron.api.wsgi [req-17379a9a-6a8a-487f-9dbb-1312aa0babc4 req-16c10316-45dc-4cb1-8da9-55201a34f158 16a751e4d43945aea1f12649bca1580d e4904095b6f242b6963b29c23c7a5ab7 - - fe8001579ed44485b69939a499861bca fe8001579ed44485b69939a499861bca] 10.0.0.115 "GET /v2.0/networks/d4bebbad-494f-45da-9d3b-8f72c0b3c5f4?fields=provider%3Aphysical_network&fields=provider%3Anetwork_type HTTP/1.1" status: 200 len: 277 time: 0.0450442
2026-06-24 19:11:57.329 9 INFO neutron.api.wsgi [None req-ef570882-c30f-462d-a126-087db11399cf 2dd7af653de54c58b6730d11d6a0118b 7fe27d975b064b20b355761528f1e603 - - default default] 10.0.0.30 "POST /v2.0/subnets HTTP/1.1" status: 201 len: 825 time: 0.7794962
2026-06-24 19:11:57.342 10 WARNING neutron_lib.context [None req-1d15e01d-91c6-4293-877c-36f6af28763f 2dd7af653de54c58b6730d11d6a0118b 7fe27d975b064b20b355761528f1e603 - - default default] Method 'is_advsvc' is deprecated since 2023.2 release (neutron-lib 3.8.0) and will be removed once support for the old RBAC API policies will be removed from Neutron. Please use method 'is_service_role' instead.
2026-06-24 19:11:57.517 9 INFO neutron.api.wsgi [None req-0e7dde55-3ce7-4641-b1b9-586e2f3f65f2 293041c3d1c44f58882016c7f9f1c629 83e00930fe284582a0d4538e1710b04a - - default default] 10.0.0.30 "DELETE /v2.0/security-groups/4761b272-e57f-4d01-9a16-acdbb4958e35 HTTP/1.1" status: 204 len: 168 time: 0.2165883
2026-06-24 19:11:57.685 10 INFO neutron.api.wsgi [req-153e1777-c89c-41d1-ad8a-d0aeb575fbeb req-aed3bec2-74ab-40b2-9f8b-ac32ccf6217d 6ba3ef0c49324e6aa639da8be19a4160 510e2600ce584a52b261400a2f1b7641 - - default default] 10.0.0.115 "GET /v2.0/ports?device_id=3dfaa316-bbe5-4a95-b7f0-429e21f9ed3f HTTP/1.1" status: 200 len: 210 time: 0.2601342
2026-06-24 19:11:57.691 10 INFO neutron.db.ovn_revision_numbers_db [None req-1d15e01d-91c6-4293-877c-36f6af28763f 2dd7af653de54c58b6730d11d6a0118b 7fe27d975b064b20b355761528f1e603 - - default default] Successfully bumped revision number for resource 82569554-acd6-44c7-a8eb-47417dc24465 (type: routers) to 1
2026-06-24 19:11:57.708 10 INFO neutron.api.wsgi [None req-1d15e01d-91c6-4293-877c-36f6af28763f 2dd7af653de54c58b6730d11d6a0118b 7fe27d975b064b20b355761528f1e603 - - default default] 10.0.0.30 "POST /v2.0/routers HTTP/1.1" status: 201 len: 802 time: 0.3725126
2026-06-24 19:11:58.102 10 WARNING neutron.scheduler.dhcp_agent_scheduler [None req-01997c47-6df0-45ea-9c9f-b0a49c13ecca 2dd7af653de54c58b6730d11d6a0118b 7fe27d975b064b20b355761528f1e603 - - default default] No more DHCP agents
2026-06-24 19:11:58.103 10 WARNING neutron.api.rpc.agentnotifiers.dhcp_rpc_agent_api [None req-01997c47-6df0-45ea-9c9f-b0a49c13ecca 2dd7af653de54c58b6730d11d6a0118b 7fe27d975b064b20b355761528f1e603 - - default default] Unable to schedule network c5c4c0c2-049e-489c-8875-346c1936efb0: no agents available; will retry on subsequent port and subnet creation events.
2026-06-24 19:11:58.264 10 INFO neutron.db.ovn_revision_numbers_db [None req-01997c47-6df0-45ea-9c9f-b0a49c13ecca 2dd7af653de54c58b6730d11d6a0118b 7fe27d975b064b20b355761528f1e603 - - default default] Successfully bumped revision number for resource e49c1dc6-b1ae-46bb-bd92-eddc182646d7 (type: ports) to 1
2026-06-24 19:11:58.781 10 INFO neutron.api.wsgi [req-f42d43f1-d9d5-402e-85ab-4f2063f302e1 req-9c5002fd-25cb-47e6-be9c-61132f53c83c 6ba3ef0c49324e6aa639da8be19a4160 510e2600ce584a52b261400a2f1b7641 - - default default] 10.0.0.115 "GET /v2.0/ports?device_id=3dfaa316-bbe5-4a95-b7f0-429e21f9ed3f HTTP/1.1" status: 200 len: 210 time: 0.0302448
2026-06-24 19:11:58.810 10 INFO neutron.db.ovn_revision_numbers_db [None req-01997c47-6df0-45ea-9c9f-b0a49c13ecca 2dd7af653de54c58b6730d11d6a0118b 7fe27d975b064b20b355761528f1e603 - - default default] Successfully bumped revision number for resource e49c1dc6-b1ae-46bb-bd92-eddc182646d7 (type: ports) to 1
2026-06-24 19:11:58.865 10 WARNING neutron.plugins.ml2.drivers.ovn.mech_driver.ovsdb.ovn_client [None req-0f74dee6-3bca-4b6c-a756-412733ee5484 - - - - - -] No hosting information found for port 91c7d2ca-4858-4b56-b3b8-ad9666938a23: RuntimeError: No hosting information found for port 91c7d2ca-4858-4b56-b3b8-ad9666938a23
2026-06-24 19:11:58.911 10 WARNING neutron.scheduler.dhcp_agent_scheduler [None req-01997c47-6df0-45ea-9c9f-b0a49c13ecca 2dd7af653de54c58b6730d11d6a0118b 7fe27d975b064b20b355761528f1e603 - - default default] No more DHCP agents
2026-06-24 19:11:58.914 10 WARNING neutron.api.rpc.agentnotifiers.dhcp_rpc_agent_api [None req-01997c47-6df0-45ea-9c9f-b0a49c13ecca 2dd7af653de54c58b6730d11d6a0118b 7fe27d975b064b20b355761528f1e603 - - default default] Unable to schedule network c5c4c0c2-049e-489c-8875-346c1936efb0: no agents available; will retry on subsequent port and subnet creation events.
2026-06-24 19:11:58.992 10 INFO neutron.db.ovn_revision_numbers_db [None req-0f74dee6-3bca-4b6c-a756-412733ee5484 - - - - - -] Successfully bumped revision number for resource 91c7d2ca-4858-4b56-b3b8-ad9666938a23 (type: router_ports) to 2
2026-06-24 19:11:58.993 10 INFO neutron.plugins.ml2.drivers.ovn.mech_driver.mech_driver [None req-0f74dee6-3bca-4b6c-a756-412733ee5484 - - - - - -] OVN reports status up for port: e49c1dc6-b1ae-46bb-bd92-eddc182646d7
2026-06-24 19:11:59.002 10 INFO neutron.plugins.ml2.plugin [None req-0f74dee6-3bca-4b6c-a756-412733ee5484 - - - - - -] Attempt 1 to provision port e49c1dc6-b1ae-46bb-bd92-eddc182646d7
2026-06-24 19:11:59.198 9 WARNING neutron_lib.context [None req-e835b36d-a1e3-49c1-8d89-4bf06f77a684 2b3007c993934bd68277f453e0a88192 c3a29cfd37fd405c8299fa8c64fe2956 - - default default] Method 'is_advsvc' is deprecated since 2023.2 release (neutron-lib 3.8.0) and will be removed once support for the old RBAC API policies will be removed from Neutron. Please use method 'is_service_role' instead.
2026-06-24 19:11:59.227 10 INFO neutron.db.ovn_revision_numbers_db [None req-01997c47-6df0-45ea-9c9f-b0a49c13ecca 2dd7af653de54c58b6730d11d6a0118b 7fe27d975b064b20b355761528f1e603 - - default default] Successfully bumped revision number for resource e49c1dc6-b1ae-46bb-bd92-eddc182646d7 (type: router_ports) to 1
2026-06-24 19:11:59.236 10 INFO neutron.api.wsgi [None req-01997c47-6df0-45ea-9c9f-b0a49c13ecca 2dd7af653de54c58b6730d11d6a0118b 7fe27d975b064b20b355761528f1e603 - - default default] 10.0.0.30 "PUT /v2.0/routers/82569554-acd6-44c7-a8eb-47417dc24465/add_router_interface HTTP/1.1" status: 200 len: 503 time: 1.5228255
2026-06-24 19:11:59.323 10 INFO neutron.api.wsgi [None req-680cf780-f23c-40b0-aaee-daf5ca509fa8 2dd7af653de54c58b6730d11d6a0118b 7fe27d975b064b20b355761528f1e603 - - default default] 10.0.0.30 "GET /v2.0/ports/e49c1dc6-b1ae-46bb-bd92-eddc182646d7 HTTP/1.1" status: 200 len: 1137 time: 0.0753875
2026-06-24 19:11:59.347 9 INFO neutron.api.wsgi [None req-bbe39590-e0b8-4ee7-b276-feb38e2af3f9 38123e171ae544d481d127a888e7185e 62bef1df032e4c0b8321c8650a677723 - - default default] 10.0.0.30 "GET /v2.0/extensions HTTP/1.1" status: 200 len: 19293 time: 0.0599775
2026-06-24 19:11:59.357 9 INFO neutron.api.wsgi [None req-1d992c3f-cdfb-4b6e-a4d7-83b883551c27 38123e171ae544d481d127a888e7185e 62bef1df032e4c0b8321c8650a677723 - - default default] 10.0.0.30 "GET /v2.0/extensions/address-group HTTP/1.1" status: 200 len: 353 time: 0.0059993
2026-06-24 19:11:59.366 10 INFO neutron.api.wsgi [None req-58ddaa19-a1da-4552-9192-8261fd046e68 38123e171ae544d481d127a888e7185e 62bef1df032e4c0b8321c8650a677723 - - default default] 10.0.0.30 "GET /v2.0/extensions/address-scope HTTP/1.1" status: 200 len: 357 time: 0.0051687
2026-06-24 19:11:59.369 9 INFO neutron.db.ovn_revision_numbers_db [None req-e835b36d-a1e3-49c1-8d89-4bf06f77a684 2b3007c993934bd68277f453e0a88192 c3a29cfd37fd405c8299fa8c64fe2956 - - default default] Successfully bumped revision number for resource da378b2b-db9a-46fa-9167-97882ec3e45c (type: security_groups) to 1
2026-06-24 19:11:59.377 9 INFO neutron.api.wsgi [None req-ac50b911-fd3a-4407-9973-9c527b8587cf 38123e171ae544d481d127a888e7185e 62bef1df032e4c0b8321c8650a677723 - - default default] 10.0.0.30 "GET /v2.0/extensions/agent HTTP/1.1" status: 200 len: 347 time: 0.0058923
2026-06-24 19:11:59.385 9 INFO neutron.api.wsgi [None req-baea1fdc-c568-4926-bbd3-8ce55072ef60 38123e171ae544d481d127a888e7185e 62bef1df032e4c0b8321c8650a677723 - - default default] 10.0.0.30 "GET /v2.0/extensions/allowed-address-pairs HTTP/1.1" status: 200 len: 378 time: 0.0039079
2026-06-24 19:11:59.393 9 INFO neutron.api.wsgi [None req-dd22fe20-5adf-4620-85d5-e7501d04e4df 38123e171ae544d481d127a888e7185e 62bef1df032e4c0b8321c8650a677723 - - default default] 10.0.0.30 "GET /v2.0/extensions/auto-allocated-topology HTTP/1.1" status: 200 len: 394 time: 0.0033062
2026-06-24 19:11:59.394 9 INFO neutron.db.ovn_revision_numbers_db [None req-e835b36d-a1e3-49c1-8d89-4bf06f77a684 2b3007c993934bd68277f453e0a88192 c3a29cfd37fd405c8299fa8c64fe2956 - - default default] Successfully bumped revision number for resource 4dd47b24-afad-4ecd-90b2-a23cb239f465 (type: security_group_rules) to 0
2026-06-24 19:11:59.401 10 INFO neutron.api.wsgi [None req-ab51fc2c-bcca-4aff-8237-7a91fff9a27e 38123e171ae544d481d127a888e7185e 62bef1df032e4c0b8321c8650a677723 - - default default] 10.0.0.30 "GET /v2.0/extensions/availability_zone HTTP/1.1" status: 200 len: 372 time: 0.0042622
2026-06-24 19:11:59.407 9 INFO neutron.api.wsgi [None req-93955f53-fa1f-456e-a768-51efe6160924 38123e171ae544d481d127a888e7185e 62bef1df032e4c0b8321c8650a677723 - - default default] 10.0.0.30 "GET /v2.0/extensions/default-subnetpools HTTP/1.1" status: 200 len: 405 time: 0.0030839
2026-06-24 19:11:59.407 9 INFO neutron.db.ovn_revision_numbers_db [None req-e835b36d-a1e3-49c1-8d89-4bf06f77a684 2b3007c993934bd68277f453e0a88192 c3a29cfd37fd405c8299fa8c64fe2956 - - default default] Successfully bumped revision number for resource ab2f00ee-ff66-4b6e-b445-71d9277280f9 (type: security_group_rules) to 0
2026-06-24 19:11:59.417 9 INFO neutron.api.wsgi [None req-47270c38-0804-4073-b329-882b5458a210 38123e171ae544d481d127a888e7185e 62bef1df032e4c0b8321c8650a677723 - - default default] 10.0.0.30 "GET /v2.0/extensions/dhcp_agent_scheduler HTTP/1.1" status: 200 len: 381 time: 0.0054388
2026-06-24 19:11:59.423 9 INFO neutron.api.wsgi [None req-2d8084f9-f940-4013-9204-798737335b68 38123e171ae544d481d127a888e7185e 62bef1df032e4c0b8321c8650a677723 - - default default] 10.0.0.30 "GET /v2.0/extensions/dns-integration HTTP/1.1" status: 200 len: 366 time: 0.0031528
2026-06-24 19:11:59.432 9 INFO neutron.api.wsgi [None req-68af2e6d-1c28-4434-a2bc-e7174ba83a87 38123e171ae544d481d127a888e7185e 62bef1df032e4c0b8321c8650a677723 - - default default] 10.0.0.30 "GET /v2.0/extensions/dns-domain-ports HTTP/1.1" status: 200 len: 399 time: 0.0034082
2026-06-24 19:11:59.433 9 INFO neutron.db.ovn_revision_numbers_db [None req-e835b36d-a1e3-49c1-8d89-4bf06f77a684 2b3007c993934bd68277f453e0a88192 c3a29cfd37fd405c8299fa8c64fe2956 - - default default] Successfully bumped revision number for resource b5c6868d-4d70-4c40-8482-827922a495f2 (type: security_group_rules) to 0
2026-06-24 19:11:59.440 9 INFO neutron.api.wsgi [None req-defa7ae8-ca84-4f4f-9e8e-a7a76593e4d4 38123e171ae544d481d127a888e7185e 62bef1df032e4c0b8321c8650a677723 - - default default] 10.0.0.30 "GET /v2.0/extensions/dns-integration-domain-keywords HTTP/1.1" status: 200 len: 477 time: 0.0047319
2026-06-24 19:11:59.450 9 INFO neutron.db.ovn_revision_numbers_db [None req-e835b36d-a1e3-49c1-8d89-4bf06f77a684 2b3007c993934bd68277f453e0a88192 c3a29cfd37fd405c8299fa8c64fe2956 - - default default] Successfully bumped revision number for resource f7313895-ed61-4179-abab-96aa286f2db1 (type: security_group_rules) to 0
2026-06-24 19:11:59.450 10 INFO neutron.api.wsgi [None req-80927983-5f0d-4883-bef6-1e78c601af43 38123e171ae544d481d127a888e7185e 62bef1df032e4c0b8321c8650a677723 - - default default] 10.0.0.30 "GET /v2.0/extensions/empty-string-filtering HTTP/1.1" status: 200 len: 413 time: 0.0049086
2026-06-24 19:11:59.459 9 INFO neutron.api.wsgi [None req-6970eec3-e000-449b-b79d-edfc342e3fa6 38123e171ae544d481d127a888e7185e 62bef1df032e4c0b8321c8650a677723 - - default default] 10.0.0.30 "GET /v2.0/extensions/external-net HTTP/1.1" status: 200 len: 394 time: 0.0053227
2026-06-24 19:11:59.472 9 INFO neutron.api.wsgi [None req-5dd8a009-cf1a-4fc8-a3ff-ee2c4f76ca7a 38123e171ae544d481d127a888e7185e 62bef1df032e4c0b8321c8650a677723 - - default default] 10.0.0.30 "GET /v2.0/extensions/extra_dhcp_opt HTTP/1.1" status: 200 len: 498 time: 0.0078838
2026-06-24 19:11:59.481 9 INFO neutron.api.wsgi [None req-5160ad48-b511-49ad-80e2-7358602d8cd0 38123e171ae544d481d127a888e7185e 62bef1df032e4c0b8321c8650a677723 - - default default] 10.0.0.30 "GET /v2.0/extensions/extraroute HTTP/1.1" status: 200 len: 375 time: 0.0045614
2026-06-24 19:11:59.491 9 INFO neutron.api.wsgi [None req-bde89f04-52f4-4db1-9811-c264dca764ba 38123e171ae544d481d127a888e7185e 62bef1df032e4c0b8321c8650a677723 - - default default] 10.0.0.30 "GET /v2.0/extensions/floating-ip-port-forwarding-detail HTTP/1.1" status: 200 len: 465 time: 0.0051899
2026-06-24 19:11:59.500 10 INFO neutron.api.wsgi [None req-c5b78770-39a2-4b4e-8176-b11268eef0f7 38123e171ae544d481d127a888e7185e 62bef1df032e4c0b8321c8650a677723 - - default default] 10.0.0.30 "GET /v2.0/extensions/fip-port-details HTTP/1.1" status: 200 len: 406 time: 0.0049906
2026-06-24 19:11:59.508 9 INFO neutron.api.wsgi [None req-05174b44-995a-41af-8f38-decb984d56b9 38123e171ae544d481d127a888e7185e 62bef1df032e4c0b8321c8650a677723 - - default default] 10.0.0.30 "GET /v2.0/extensions/flavors HTTP/1.1" status: 200 len: 387 time: 0.0038171
2026-06-24 19:11:59.509 10 INFO neutron.db.ovn_revision_numbers_db [None req-0f74dee6-3bca-4b6c-a756-412733ee5484 - - - - - -] Successfully bumped revision number for resource e49c1dc6-b1ae-46bb-bd92-eddc182646d7 (type: ports) to 2
2026-06-24 19:11:59.517 9 INFO neutron.api.wsgi [None req-9b6ceb1b-18d0-4dec-b27c-64312c50e8eb 38123e171ae544d481d127a888e7185e 62bef1df032e4c0b8321c8650a677723 - - default default] 10.0.0.30 "GET /v2.0/extensions/floatingip-pools HTTP/1.1" status: 200 len: 382 time: 0.0051439
2026-06-24 19:11:59.525 9 INFO neutron.api.wsgi [None req-07322b8c-2908-43f8-a676-424f7bd2ec09 38123e171ae544d481d127a888e7185e 62bef1df032e4c0b8321c8650a677723 - - default default] 10.0.0.30 "GET /v2.0/extensions/ip_allocation HTTP/1.1" status: 200 len: 356 time: 0.0039091
2026-06-24 19:11:59.533 9 INFO neutron.api.wsgi [None req-a7bbe7b2-52da-40f0-bacd-2273d30dd01b 38123e171ae544d481d127a888e7185e 62bef1df032e4c0b8321c8650a677723 - - default default] 10.0.0.30 "GET /v2.0/extensions/l2_adjacency HTTP/1.1" status: 200 len: 372 time: 0.0056589
2026-06-24 19:11:59.541 9 INFO neutron.api.wsgi [None req-9a547bc1-2db6-4392-8644-7846bfa21801 38123e171ae544d481d127a888e7185e 62bef1df032e4c0b8321c8650a677723 - - default default] 10.0.0.30 "GET /v2.0/extensions/router HTTP/1.1" status: 200 len: 450 time: 0.0037491
2026-06-24 19:11:59.544 9 INFO neutron.db.segments_db [None req-e835b36d-a1e3-49c1-8d89-4bf06f77a684 2b3007c993934bd68277f453e0a88192 c3a29cfd37fd405c8299fa8c64fe2956 - - default default] Added segment a179bedf-f0e2-49b4-9fdc-37a63f5fbbe4 of type geneve for network 7b4b8d52-84b3-4ed8-a48f-eb2d132bf6eb
2026-06-24 19:11:59.552 9 INFO neutron.api.wsgi [None req-59ec3c5f-b748-49b4-8759-0ea65092e922 38123e171ae544d481d127a888e7185e 62bef1df032e4c0b8321c8650a677723 - - default default] 10.0.0.30 "GET /v2.0/extensions/enable-default-route-bfd HTTP/1.1" status: 200 len: 406 time: 0.0062461
2026-06-24 19:11:59.560 9 INFO neutron.api.wsgi [None req-e94bf65a-570e-45d2-aa23-bd89881fc6cd 38123e171ae544d481d127a888e7185e 62bef1df032e4c0b8321c8650a677723 - - default default] 10.0.0.30 "GET /v2.0/extensions/enable-default-route-ecmp HTTP/1.1" status: 200 len: 409 time: 0.0037549
2026-06-24 19:11:59.571 10 INFO neutron.api.wsgi [None req-bef4404b-82e8-4f5c-b107-17cab795889f 38123e171ae544d481d127a888e7185e 62bef1df032e4c0b8321c8650a677723 - - default default] 10.0.0.30 "GET /v2.0/extensions/ext-gw-mode HTTP/1.1" status: 200 len: 462 time: 0.0056317
2026-06-24 19:11:59.580 10 INFO neutron.api.wsgi [None req-3a298b48-8a40-4058-a9da-50da88b9bfa0 38123e171ae544d481d127a888e7185e 62bef1df032e4c0b8321c8650a677723 - - default default] 10.0.0.30 "GET /v2.0/extensions/l3-ha HTTP/1.1" status: 200 len: 360 time: 0.0056140
2026-06-24 19:11:59.589 10 INFO neutron.api.wsgi [None req-c4c6fbbf-fe29-4b14-ba49-dbc1738c63fb 38123e171ae544d481d127a888e7185e 62bef1df032e4c0b8321c8650a677723 - - default default] 10.0.0.30 "GET /v2.0/extensions/external-gateway-multihoming HTTP/1.1" status: 200 len: 421 time: 0.0035353
2026-06-24 19:11:59.600 10 INFO neutron.api.wsgi [None req-b3483998-80ea-411b-ae38-4f22ee2f0fc2 38123e171ae544d481d127a888e7185e 62bef1df032e4c0b8321c8650a677723 - - default default] 10.0.0.30 "GET /v2.0/extensions/l3-flavors HTTP/1.1" status: 200 len: 366 time: 0.0045834
2026-06-24 19:11:59.613 9 INFO neutron.api.wsgi [None req-afff756a-9ce7-48f3-b340-eb227665d8e1 38123e171ae544d481d127a888e7185e 62bef1df032e4c0b8321c8650a677723 - - default default] 10.0.0.30 "GET /v2.0/extensions/logging HTTP/1.1" status: 200 len: 407 time: 0.0088623
2026-06-24 19:11:59.624 9 INFO neutron.api.wsgi [None req-ce82de18-d648-46c2-ad5b-e1895f1aa3ec 38123e171ae544d481d127a888e7185e 62bef1df032e4c0b8321c8650a677723 - - default default] 10.0.0.30 "GET /v2.0/extensions/multi-provider HTTP/1.1" status: 200 len: 406 time: 0.0063782
2026-06-24 19:11:59.633 10 INFO neutron.api.wsgi [None req-37cf17c8-2aed-48aa-a91f-8beb70028607 38123e171ae544d481d127a888e7185e 62bef1df032e4c0b8321c8650a677723 - - default default] 10.0.0.30 "GET /v2.0/extensions/net-mtu HTTP/1.1" status: 200 len: 370 time: 0.0049729
2026-06-24 19:11:59.642 9 INFO neutron.api.wsgi [None req-746108a8-4da7-4149-b342-66aa70489e6d 38123e171ae544d481d127a888e7185e 62bef1df032e4c0b8321c8650a677723 - - default default] 10.0.0.30 "GET /v2.0/extensions/net-mtu-writable HTTP/1.1" status: 200 len: 401 time: 0.0053043
2026-06-24 19:11:59.650 10 INFO neutron.api.wsgi [None req-a7a44ff0-3ad4-4cb0-b5c8-2cfbb99807fa 38123e171ae544d481d127a888e7185e 62bef1df032e4c0b8321c8650a677723 - - default default] 10.0.0.30 "GET /v2.0/extensions/network_availability_zone HTTP/1.1" status: 200 len: 394 time: 0.0055547
2026-06-24 19:11:59.660 9 INFO neutron.api.wsgi [None req-7cf63666-dfca-403a-a9b8-a70de93b3994 38123e171ae544d481d127a888e7185e 62bef1df032e4c0b8321c8650a677723 - - default default] 10.0.0.30 "GET /v2.0/extensions/network-ip-availability HTTP/1.1" status: 200 len: 410 time: 0.0047061
2026-06-24 19:11:59.669 9 INFO neutron.api.wsgi [None req-c69aeb18-73d5-4ea7-b316-2dd95328b31c 38123e171ae544d481d127a888e7185e 62bef1df032e4c0b8321c8650a677723 - - default default] 10.0.0.30 "GET /v2.0/extensions/pagination HTTP/1.1" status: 200 len: 386 time: 0.0048542
2026-06-24 19:11:59.678 10 INFO neutron.api.wsgi [None req-c8b5e9e5-60d3-44ba-969e-6f2595d5970a 38123e171ae544d481d127a888e7185e 62bef1df032e4c0b8321c8650a677723 - - default default] 10.0.0.30 "GET /v2.0/extensions/port-device-profile HTTP/1.1" status: 200 len: 383 time: 0.0046380
2026-06-24 19:11:59.680 9 INFO neutron.db.ovn_revision_numbers_db [None req-e835b36d-a1e3-49c1-8d89-4bf06f77a684 2b3007c993934bd68277f453e0a88192 c3a29cfd37fd405c8299fa8c64fe2956 - - default default] Successfully bumped revision number for resource 7b4b8d52-84b3-4ed8-a48f-eb2d132bf6eb (type: networks) to 1
2026-06-24 19:11:59.686 10 INFO neutron.api.wsgi [None req-8c40f649-53fc-4e27-8b77-9ab01ab2fdf9 38123e171ae544d481d127a888e7185e 62bef1df032e4c0b8321c8650a677723 - - default default] 10.0.0.30 "GET /v2.0/extensions/port-mac-address-regenerate HTTP/1.1" status: 200 len: 403 time: 0.0027547
2026-06-24 19:11:59.696 10 INFO neutron.api.wsgi [None req-cbfc06ce-6275-4843-98b6-6a46889a1051 38123e171ae544d481d127a888e7185e 62bef1df032e4c0b8321c8650a677723 - - default default] 10.0.0.30 "GET /v2.0/extensions/port-numa-affinity-policy HTTP/1.1" status: 200 len: 392 time: 0.0062327
2026-06-24 19:11:59.702 10 INFO neutron.api.wsgi [None req-085b0104-d94e-424d-90f6-d6804a23aee5 38123e171ae544d481d127a888e7185e 62bef1df032e4c0b8321c8650a677723 - - default default] 10.0.0.30 "GET /v2.0/extensions/port-numa-affinity-policy-socket HTTP/1.1" status: 200 len: 434 time: 0.0026484
2026-06-24 19:11:59.710 10 INFO neutron.api.wsgi [None req-d16dd5e2-802a-4393-b894-4646ce244829 38123e171ae544d481d127a888e7185e 62bef1df032e4c0b8321c8650a677723 - - default default] 10.0.0.30 "GET /v2.0/extensions/port-resource-request HTTP/1.1" status: 200 len: 379 time: 0.0032592
2026-06-24 19:11:59.720 9 INFO neutron.api.wsgi [None req-475b2b1a-3f74-47ea-b75c-cb1ea5754667 38123e171ae544d481d127a888e7185e 62bef1df032e4c0b8321c8650a677723 - - default default] 10.0.0.30 "GET /v2.0/extensions/port-resource-request-groups HTTP/1.1" status: 200 len: 465 time: 0.0061939
2026-06-24 19:11:59.727 9 INFO neutron.api.wsgi [None req-5a1b6e58-2850-448b-8918-6b6b3370453f 38123e171ae544d481d127a888e7185e 62bef1df032e4c0b8321c8650a677723 - - default default] 10.0.0.30 "GET /v2.0/extensions/binding HTTP/1.1" status: 200 len: 387 time: 0.0033069
2026-06-24 19:11:59.735 10 INFO neutron.api.wsgi [None req-adb6ea4a-4d0c-46fa-839b-1b97972eac0a 38123e171ae544d481d127a888e7185e 62bef1df032e4c0b8321c8650a677723 - - default default] 10.0.0.30 "GET /v2.0/extensions/binding-extended HTTP/1.1" status: 200 len: 406 time: 0.0046198
2026-06-24 19:11:59.741 10 INFO neutron.api.wsgi [None req-1a92a5b5-d9a9-4414-bb1f-5565d1a17dd9 38123e171ae544d481d127a888e7185e 62bef1df032e4c0b8321c8650a677723 - - default default] 10.0.0.30 "GET /v2.0/extensions/port-security HTTP/1.1" status: 200 len: 354 time: 0.0026283
2026-06-24 19:11:59.752 9 INFO neutron.api.wsgi [None req-5334d1b0-ef4a-430f-9235-33fd9e33eece 38123e171ae544d481d127a888e7185e 62bef1df032e4c0b8321c8650a677723 - - default default] 10.0.0.30 "GET /v2.0/extensions/project-id HTTP/1.1" status: 200 len: 398 time: 0.0066409
2026-06-24 19:11:59.760 10 INFO neutron.api.wsgi [None req-0d685689-9e90-4542-9b1e-f75f06f5da1f 38123e171ae544d481d127a888e7185e 62bef1df032e4c0b8321c8650a677723 - - default default] 10.0.0.30 "GET /v2.0/extensions/provider HTTP/1.1" status: 200 len: 385 time: 0.0045729
2026-06-24 19:11:59.771 9 INFO neutron.api.wsgi [None req-b4420b9e-aa72-4171-a12f-ec07b290fbd2 38123e171ae544d481d127a888e7185e 62bef1df032e4c0b8321c8650a677723 - - default default] 10.0.0.30 "GET /v2.0/extensions/qos HTTP/1.1" status: 200 len: 360 time: 0.0071199
2026-06-24 19:11:59.780 9 INFO neutron.api.wsgi [None req-33dac4e8-be73-434e-833e-a497317a15a0 38123e171ae544d481d127a888e7185e 62bef1df032e4c0b8321c8650a677723 - - default default] 10.0.0.30 "GET /v2.0/extensions/qos-bw-limit-direction HTTP/1.1" status: 200 len: 452 time: 0.0052538
2026-06-24 19:11:59.790 9 INFO neutron.api.wsgi [None req-cb933bf8-f59f-4220-b14b-0505fb3cb45e 38123e171ae544d481d127a888e7185e 62bef1df032e4c0b8321c8650a677723 - - default default] 10.0.0.30 "GET /v2.0/extensions/qos-bw-minimum-ingress HTTP/1.1" status: 200 len: 445 time: 0.0058486
2026-06-24 19:11:59.798 9 INFO neutron.api.wsgi [None req-cce38be3-8432-4266-a843-0b3c73fae2fc 38123e171ae544d481d127a888e7185e 62bef1df032e4c0b8321c8650a677723 - - default default] 10.0.0.30 "GET /v2.0/extensions/qos-default HTTP/1.1" status: 200 len: 377 time: 0.0042458
2026-06-24 19:11:59.806 10 INFO neutron.api.wsgi [None req-ce87509d-0480-46cd-97ec-083c275cf982 38123e171ae544d481d127a888e7185e 62bef1df032e4c0b8321c8650a677723 - - default default] 10.0.0.30 "GET /v2.0/extensions/qos-fip HTTP/1.1" status: 200 len: 372 time: 0.0046844
2026-06-24 19:11:59.814 10 INFO neutron.api.wsgi [None req-04c6beae-8bb7-4b96-8dce-5f206e708946 38123e171ae544d481d127a888e7185e 62bef1df032e4c0b8321c8650a677723 - - default default] 10.0.0.30 "GET /v2.0/extensions/qos-gateway-ip HTTP/1.1" status: 200 len: 391 time: 0.0037992
2026-06-24 19:11:59.822 10 INFO neutron.api.wsgi [None req-7ac26091-6501-4de2-ae38-a9635cb7eb3e 38123e171ae544d481d127a888e7185e 62bef1df032e4c0b8321c8650a677723 - - default default] 10.0.0.30 "GET /v2.0/extensions/qos-port-network-policy HTTP/1.1" status: 200 len: 403 time: 0.0036414
2026-06-24 19:11:59.832 9 INFO neutron.api.wsgi [None req-a278d5e5-9add-4b98-abd3-a84819c22cb7 38123e171ae544d481d127a888e7185e 62bef1df032e4c0b8321c8650a677723 - - default default] 10.0.0.30 "GET /v2.0/extensions/qos-pps-minimum HTTP/1.1" status: 200 len: 397 time: 0.0046003
2026-06-24 19:11:59.843 10 INFO neutron.api.wsgi [None req-087a647f-d358-4b32-ab41-1f51567e8ea0 38123e171ae544d481d127a888e7185e 62bef1df032e4c0b8321c8650a677723 - - default default] 10.0.0.30 "GET /v2.0/extensions/qos-pps-minimum-rule-alias HTTP/1.1" status: 200 len: 471 time: 0.0062518
2026-06-24 19:11:59.852 9 INFO neutron.api.wsgi [None req-9917fc53-acf1-4c8f-9a26-ba088b72c812 38123e171ae544d481d127a888e7185e 62bef1df032e4c0b8321c8650a677723 - - default default] 10.0.0.30 "GET /v2.0/extensions/qos-pps HTTP/1.1" status: 200 len: 389 time: 0.0043898
2026-06-24 19:11:59.859 9 INFO neutron.api.wsgi [None req-8f0000fe-dc07-48ce-9881-06db48cf1897 38123e171ae544d481d127a888e7185e 62bef1df032e4c0b8321c8650a677723 - - default default] 10.0.0.30 "GET /v2.0/extensions/qos-rule-type-details HTTP/1.1" status: 200 len: 423 time: 0.0034399
2026-06-24 19:11:59.866 9 INFO neutron.api.wsgi [None req-9a87f753-9721-4220-8b7f-0f9320480b0a 38123e171ae544d481d127a888e7185e 62bef1df032e4c0b8321c8650a677723 - - default default] 10.0.0.30 "GET /v2.0/extensions/qos-rule-type-filter HTTP/1.1" status: 200 len: 567 time: 0.0034306
2026-06-24 19:11:59.873 9 INFO neutron.api.wsgi [None req-f3799719-7280-4186-b2cd-34f4a6e82198 38123e171ae544d481d127a888e7185e 62bef1df032e4c0b8321c8650a677723 - - default default] 10.0.0.30 "GET /v2.0/extensions/qos-rules-alias HTTP/1.1" status: 200 len: 448 time: 0.0038958
2026-06-24 19:11:59.882 9 INFO neutron.api.wsgi [None req-9701926a-747c-4a50-9404-5a7dff868de0 38123e171ae544d481d127a888e7185e 62bef1df032e4c0b8321c8650a677723 - - default default] 10.0.0.30 "GET /v2.0/extensions/quota-check-limit HTTP/1.1" status: 200 len: 420 time: 0.0065560
2026-06-24 19:11:59.895 10 INFO neutron.api.wsgi [None req-6d1d4fd4-a5c0-4352-8dd2-494b590c897e 38123e171ae544d481d127a888e7185e 62bef1df032e4c0b8321c8650a677723 - - default default] 10.0.0.30 "GET /v2.0/extensions/quotas HTTP/1.1" status: 200 len: 386 time: 0.0086164
2026-06-24 19:11:59.899 10 INFO neutron.api.wsgi [req-58fe32fa-dbe4-42cd-8ed1-68d9e20f4352 req-baed35c2-6f11-4b91-80e8-67905e1c7cde 6ba3ef0c49324e6aa639da8be19a4160 510e2600ce584a52b261400a2f1b7641 - - default default] 10.0.0.115 "GET /v2.0/ports?device_id=3dfaa316-bbe5-4a95-b7f0-429e21f9ed3f HTTP/1.1" status: 200 len: 210 time: 0.0277116
2026-06-24 19:11:59.900 10 WARNING neutron.scheduler.dhcp_agent_scheduler [None req-3c7a0681-ace1-4d16-bf26-dc905ee9c2a9 2dd7af653de54c58b6730d11d6a0118b 7fe27d975b064b20b355761528f1e603 - - default default] No more DHCP agents
2026-06-24 19:11:59.905 10 INFO neutron.api.wsgi [None req-31d30699-fc42-47ac-8d00-d8da7e40f5de 38123e171ae544d481d127a888e7185e 62bef1df032e4c0b8321c8650a677723 - - default default] 10.0.0.30 "GET /v2.0/extensions/quota_details HTTP/1.1" status: 200 len: 407 time: 0.0042992
2026-06-24 19:11:59.907 10 WARNING neutron.api.rpc.agentnotifiers.dhcp_rpc_agent_api [None req-3c7a0681-ace1-4d16-bf26-dc905ee9c2a9 2dd7af653de54c58b6730d11d6a0118b 7fe27d975b064b20b355761528f1e603 - - default default] Unable to schedule network 311d4175-706d-47cf-8d10-0f42aecbba82: no agents available; will retry on subsequent port and subnet creation events.
2026-06-24 19:11:59.916 9 INFO neutron.api.wsgi [None req-d3b6c995-ac6e-49c3-ab02-e47b4ffdbf79 38123e171ae544d481d127a888e7185e 62bef1df032e4c0b8321c8650a677723 - - default default] 10.0.0.30 "GET /v2.0/extensions/rbac-policies HTTP/1.1" status: 200 len: 417 time: 0.0058291
2026-06-24 19:11:59.923 9 INFO neutron.api.wsgi [None req-0397bcdd-a685-435a-8ba2-9128d6435e6f 38123e171ae544d481d127a888e7185e 62bef1df032e4c0b8321c8650a677723 - - default default] 10.0.0.30 "GET /v2.0/extensions/rbac-address-scope HTTP/1.1" status: 200 len: 384 time: 0.0029156
2026-06-24 19:11:59.924 9 WARNING neutron.scheduler.dhcp_agent_scheduler [None req-e835b36d-a1e3-49c1-8d89-4bf06f77a684 2b3007c993934bd68277f453e0a88192 c3a29cfd37fd405c8299fa8c64fe2956 - - default default] No more DHCP agents
2026-06-24 19:11:59.925 9 WARNING neutron.api.rpc.agentnotifiers.dhcp_rpc_agent_api [None req-e835b36d-a1e3-49c1-8d89-4bf06f77a684 2b3007c993934bd68277f453e0a88192 c3a29cfd37fd405c8299fa8c64fe2956 - - default default] Unable to schedule network 7b4b8d52-84b3-4ed8-a48f-eb2d132bf6eb: no agents available; will retry on subsequent port and subnet creation events.
2026-06-24 19:11:59.929 9 INFO neutron.api.wsgi [None req-af118bc2-9d8c-4111-aea1-08f0b82c9890 38123e171ae544d481d127a888e7185e 62bef1df032e4c0b8321c8650a677723 - - default default] 10.0.0.30 "GET /v2.0/extensions/rbac-security-groups HTTP/1.1" status: 200 len: 404 time: 0.0029833
2026-06-24 19:11:59.939 10 INFO neutron.api.wsgi [None req-d144af90-afc4-4810-9694-a92124ff4fb5 38123e171ae544d481d127a888e7185e 62bef1df032e4c0b8321c8650a677723 - - default default] 10.0.0.30 "GET /v2.0/extensions/revision-if-match HTTP/1.1" status: 200 len: 441 time: 0.0061677
2026-06-24 19:11:59.950 9 INFO neutron.api.wsgi [None req-50bf8566-db22-4cf3-8e08-0ef138349f6b 38123e171ae544d481d127a888e7185e 62bef1df032e4c0b8321c8650a677723 - - default default] 10.0.0.30 "GET /v2.0/extensions/standard-attr-revisions HTTP/1.1" status: 200 len: 423 time: 0.0061707
2026-06-24 19:11:59.963 10 INFO neutron.api.wsgi [None req-2615cab4-bff0-48a7-94ad-2deb7e14c4b0 38123e171ae544d481d127a888e7185e 62bef1df032e4c0b8321c8650a677723 - - default default] 10.0.0.30 "GET /v2.0/extensions/router_availability_zone HTTP/1.1" status: 200 len: 391 time: 0.0080106
2026-06-24 19:11:59.990 10 INFO neutron.api.wsgi [None req-5bcc1b9f-d7b0-4f50-b9c0-e71280fdd7ea 38123e171ae544d481d127a888e7185e 62bef1df032e4c0b8321c8650a677723 - - default default] 10.0.0.30 "GET /v2.0/extensions/security-groups-default-rules HTTP/1.1" status: 200 len: 456 time: 0.0076718
2026-06-24 19:11:59.999 9 INFO neutron.api.wsgi [None req-2955d034-d227-4e46-9c92-fa90912e41d0 38123e171ae544d481d127a888e7185e 62bef1df032e4c0b8321c8650a677723 - - default default] 10.0.0.30 "GET /v2.0/extensions/security-groups-normalized-cidr HTTP/1.1" status: 200 len: 445 time: 0.0046916
2026-06-24 19:12:00.007 9 INFO neutron.api.wsgi [None req-fe437efc-0f05-48e3-b84e-6abb37aba9c3 38123e171ae544d481d127a888e7185e 62bef1df032e4c0b8321c8650a677723 - - default default] 10.0.0.30 "GET /v2.0/extensions/security-groups-remote-address-group HTTP/1.1" status: 200 len: 448 time: 0.0037026
2026-06-24 19:12:00.016 9 INFO neutron.api.wsgi [None req-91059a32-25c1-48ef-99db-76d0a43da51f 38123e171ae544d481d127a888e7185e 62bef1df032e4c0b8321c8650a677723 - - default default] 10.0.0.30 "GET /v2.0/extensions/security-groups-rules-belongs-to-default-sg HTTP/1.1" status: 200 len: 508 time: 0.0029094
2026-06-24 19:12:00.020 9 INFO neutron.db.ovn_revision_numbers_db [None req-e835b36d-a1e3-49c1-8d89-4bf06f77a684 2b3007c993934bd68277f453e0a88192 c3a29cfd37fd405c8299fa8c64fe2956 - - default default] Successfully bumped revision number for resource 5f625277-0681-49ec-841c-6576eed686ce (type: ports) to 1
2026-06-24 19:12:00.026 10 INFO neutron.api.wsgi [None req-ac0daa20-73ca-4de4-9d49-316999b2d83f 38123e171ae544d481d127a888e7185e 62bef1df032e4c0b8321c8650a677723 - - default default] 10.0.0.30 "GET /v2.0/extensions/security-groups-shared-filtering HTTP/1.1" status: 200 len: 435 time: 0.0046372
2026-06-24 19:12:00.035 10 INFO neutron.api.wsgi [None req-ea7d9fc2-144d-449e-95a1-898eabf73b1b 38123e171ae544d481d127a888e7185e 62bef1df032e4c0b8321c8650a677723 - - default default] 10.0.0.30 "GET /v2.0/extensions/security-group HTTP/1.1" status: 200 len: 364 time: 0.0060096
2026-06-24 19:12:00.043 9 INFO neutron.api.wsgi [None req-cabe368e-fdd0-4aaa-8115-dd3fece2bfbc 38123e171ae544d481d127a888e7185e 62bef1df032e4c0b8321c8650a677723 - - default default] 10.0.0.30 "GET /v2.0/extensions/segment HTTP/1.1" status: 200 len: 339 time: 0.0039575
2026-06-24 19:12:00.049 9 INFO neutron.api.wsgi [None req-e835b36d-a1e3-49c1-8d89-4bf06f77a684 2b3007c993934bd68277f453e0a88192 c3a29cfd37fd405c8299fa8c64fe2956 - - default default] 10.0.0.30 "POST /v2.0/networks HTTP/1.1" status: 201 len: 830 time: 1.0876772
2026-06-24 19:12:00.057 9 INFO neutron.api.wsgi [None req-504318b6-c1ea-4e31-93af-6c743d15086f 38123e171ae544d481d127a888e7185e 62bef1df032e4c0b8321c8650a677723 - - default default] 10.0.0.30 "GET /v2.0/extensions/segments-peer-subnet-host-routes HTTP/1.1" status: 200 len: 427 time: 0.0058999
2026-06-24 19:12:00.065 9 WARNING neutron_lib.context [None req-af775ffd-d232-4a4f-9024-0f417dff7306 2b3007c993934bd68277f453e0a88192 c3a29cfd37fd405c8299fa8c64fe2956 - - default default] Method 'is_advsvc' is deprecated since 2023.2 release (neutron-lib 3.8.0) and will be removed once support for the old RBAC API policies will be removed from Neutron. Please use method 'is_service_role' instead.
2026-06-24 19:12:00.074 10 INFO neutron.api.wsgi [None req-2f96a770-f35d-45a3-a611-456eb97a2a16 38123e171ae544d481d127a888e7185e 62bef1df032e4c0b8321c8650a677723 - - default default] 10.0.0.30 "GET /v2.0/extensions/service-type HTTP/1.1" status: 200 len: 415 time: 0.0059936
2026-06-24 19:12:00.086 9 INFO neutron.api.wsgi [None req-c5c89681-0422-4efb-9761-5b554d24bb82 38123e171ae544d481d127a888e7185e 62bef1df032e4c0b8321c8650a677723 - - default default] 10.0.0.30 "GET /v2.0/extensions/sorting HTTP/1.1" status: 200 len: 377 time: 0.0050817
2026-06-24 19:12:00.093 9 INFO neutron.api.wsgi [None req-9d623950-9238-44e1-b9f0-8b7c4617efa0 38123e171ae544d481d127a888e7185e 62bef1df032e4c0b8321c8650a677723 - - default default] 10.0.0.30 "GET /v2.0/extensions/standard-attr-segment HTTP/1.1" status: 200 len: 406 time: 0.0034974
2026-06-24 19:12:00.099 9 INFO neutron.api.wsgi [None req-84e76066-e957-478d-a6d1-93cbe1ab03b4 38123e171ae544d481d127a888e7185e 62bef1df032e4c0b8321c8650a677723 - - default default] 10.0.0.30 "GET /v2.0/extensions/standard-attr-description HTTP/1.1" status: 200 len: 408 time: 0.0027940
2026-06-24 19:12:00.099 10 INFO neutron.db.ovn_revision_numbers_db [None req-3c7a0681-ace1-4d16-bf26-dc905ee9c2a9 2dd7af653de54c58b6730d11d6a0118b 7fe27d975b064b20b355761528f1e603 - - default default] Successfully bumped revision number for resource 8267f7ff-3499-463e-bf19-419180667888 (type: ports) to 1
2026-06-24 19:12:00.114 9 INFO neutron.api.wsgi [None req-6ff04712-c11e-492e-b1f2-a1ba1e096eac 38123e171ae544d481d127a888e7185e 62bef1df032e4c0b8321c8650a677723 - - default default] 10.0.0.30 "GET /v2.0/extensions/stateful-security-group HTTP/1.1" status: 200 len: 402 time: 0.0077999
2026-06-24 19:12:00.121 9 INFO neutron.api.wsgi [None req-0c0ca991-cb31-4e39-8da8-d0c2c7fbb1b9 38123e171ae544d481d127a888e7185e 62bef1df032e4c0b8321c8650a677723 - - default default] 10.0.0.30 "GET /v2.0/extensions/subnet-dns-publish-fixed-ip HTTP/1.1" status: 200 len: 421 time: 0.0034287
2026-06-24 19:12:00.132 10 INFO neutron.api.wsgi [None req-ca1b37ee-4d5e-408c-89eb-7f2d0c47342a 38123e171ae544d481d127a888e7185e 62bef1df032e4c0b8321c8650a677723 - - default default] 10.0.0.30 "GET /v2.0/extensions/subnet-external-network HTTP/1.1" status: 200 len: 418 time: 0.0063918
2026-06-24 19:12:00.142 9 INFO neutron.api.wsgi [None req-c1d22ee3-3957-43f5-aac0-0849455f2e28 38123e171ae544d481d127a888e7185e 62bef1df032e4c0b8321c8650a677723 - - default default] 10.0.0.30 "GET /v2.0/extensions/subnet-segmentid-writable HTTP/1.1" status: 200 len: 421 time: 0.0050848
2026-06-24 19:12:00.150 9 INFO neutron.api.wsgi [None req-cf57393a-1387-43ba-a9ff-4e385244cd0d 38123e171ae544d481d127a888e7185e 62bef1df032e4c0b8321c8650a677723 - - default default] 10.0.0.30 "GET /v2.0/extensions/subnet-service-types HTTP/1.1" status: 200 len: 400 time: 0.0036788
2026-06-24 19:12:00.156 9 INFO neutron.api.wsgi [None req-c150f671-a8a5-4a74-a19b-01ec7f6a6eb2 38123e171ae544d481d127a888e7185e 62bef1df032e4c0b8321c8650a677723 - - default default] 10.0.0.30 "GET /v2.0/extensions/subnet_allocation HTTP/1.1" status: 200 len: 388 time: 0.0024436
2026-06-24 19:12:00.165 10 INFO neutron.api.wsgi [None req-33342744-5e87-4d4f-8b25-91ab4ca60880 38123e171ae544d481d127a888e7185e 62bef1df032e4c0b8321c8650a677723 - - default default] 10.0.0.30 "GET /v2.0/extensions/subnetpool-prefix-ops HTTP/1.1" status: 200 len: 418 time: 0.0057662
2026-06-24 19:12:00.172 10 INFO neutron.api.wsgi [None req-8ecdd3b1-8e39-4770-8d07-debfb1457932 38123e171ae544d481d127a888e7185e 62bef1df032e4c0b8321c8650a677723 - - default default] 10.0.0.30 "GET /v2.0/extensions/tag-creation HTTP/1.1" status: 200 len: 384 time: 0.0033247
2026-06-24 19:12:00.181 10 INFO neutron.api.wsgi [None req-3ee1fd98-7d89-47ef-a020-060bc978f35a 38123e171ae544d481d127a888e7185e 62bef1df032e4c0b8321c8650a677723 - - default default] 10.0.0.30 "GET /v2.0/extensions/standard-attr-tag HTTP/1.1" status: 200 len: 537 time: 0.0039434
2026-06-24 19:12:00.192 9 INFO neutron.api.wsgi [None req-a87e03b2-3339-42ac-a71c-8398ee4b25b1 38123e171ae544d481d127a888e7185e 62bef1df032e4c0b8321c8650a677723 - - default default] 10.0.0.30 "GET /v2.0/extensions/standard-attr-timestamp HTTP/1.1" status: 200 len: 449 time: 0.0047233
2026-06-24 19:12:00.203 10 INFO neutron.api.wsgi [None req-4fd31a9e-bd5b-4468-bb92-570d3f38fad2 38123e171ae544d481d127a888e7185e 62bef1df032e4c0b8321c8650a677723 - - default default] 10.0.0.30 "GET /v2.0/extensions/trunk HTTP/1.1" status: 200 len: 358 time: 0.0055759
2026-06-24 19:12:00.218 10 INFO neutron.api.wsgi [None req-ad602749-c10b-4571-afd6-06952637a7de 38123e171ae544d481d127a888e7185e 62bef1df032e4c0b8321c8650a677723 - - default default] 10.0.0.30 "GET /v2.0/extensions/trunk-details HTTP/1.1" status: 200 len: 362 time: 0.0049598
2026-06-24 19:12:00.229 10 INFO neutron.api.wsgi [None req-0c35486f-9bae-4e99-a115-f905653dcbd8 38123e171ae544d481d127a888e7185e 62bef1df032e4c0b8321c8650a677723 - - default default] 10.0.0.30 "GET /v2.0/extensions/vpn-agent-scheduler HTTP/1.1" status: 200 len: 393 time: 0.0035508
2026-06-24 19:12:00.237 10 INFO neutron.api.wsgi [None req-e3b2b791-a7e1-4963-b739-1b053ab832f9 38123e171ae544d481d127a888e7185e 62bef1df032e4c0b8321c8650a677723 - - default default] 10.0.0.30 "GET /v2.0/extensions/vpn-endpoint-groups HTTP/1.1" status: 200 len: 371 time: 0.0029058
2026-06-24 19:12:00.250 9 INFO neutron.api.wsgi [None req-5de0bb9c-b23b-4b3d-b693-bd7673eb865f 38123e171ae544d481d127a888e7185e 62bef1df032e4c0b8321c8650a677723 - - default default] 10.0.0.30 "GET /v2.0/extensions/vpn-flavors HTTP/1.1" status: 200 len: 376 time: 0.0093246
2026-06-24 19:12:00.259 10 INFO neutron.api.wsgi [None req-2fef1fe1-e95c-4d05-9d3e-1e8ee0b4eeaa 38123e171ae544d481d127a888e7185e 62bef1df032e4c0b8321c8650a677723 - - default default] 10.0.0.30 "GET /v2.0/extensions/vpnaas HTTP/1.1" status: 200 len: 348 time: 0.0050349
2026-06-24 19:12:00.338 9 WARNING neutron.scheduler.dhcp_agent_scheduler [None req-af775ffd-d232-4a4f-9024-0f417dff7306 2b3007c993934bd68277f453e0a88192 c3a29cfd37fd405c8299fa8c64fe2956 - - default default] No more DHCP agents
2026-06-24 19:12:00.339 9 WARNING neutron.api.rpc.agentnotifiers.dhcp_rpc_agent_api [None req-af775ffd-d232-4a4f-9024-0f417dff7306 2b3007c993934bd68277f453e0a88192 c3a29cfd37fd405c8299fa8c64fe2956 - - default default] Unable to schedule network 7b4b8d52-84b3-4ed8-a48f-eb2d132bf6eb: no agents available; will retry on subsequent port and subnet creation events.
2026-06-24 19:12:00.406 9 INFO neutron.db.ovn_revision_numbers_db [None req-af775ffd-d232-4a4f-9024-0f417dff7306 2b3007c993934bd68277f453e0a88192 c3a29cfd37fd405c8299fa8c64fe2956 - - default default] Successfully bumped revision number for resource 1fe4228b-b796-4f4e-8741-f9f707cb4af2 (type: ports) to 1
2026-06-24 19:12:00.434 9 INFO neutron.api.wsgi [None req-af775ffd-d232-4a4f-9024-0f417dff7306 2b3007c993934bd68277f453e0a88192 c3a29cfd37fd405c8299fa8c64fe2956 - - default default] 10.0.0.30 "POST /v2.0/ports HTTP/1.1" status: 201 len: 942 time: 0.3735075 /var/lib/openstack/lib/python3.12/site-packages/pycadf/identifier.py:71: UserWarning: Invalid uuid: neutron. To ensure interoperability, identifiers should be a valid uuid. warnings.warn(('Invalid uuid: %s. To ensure interoperability, '
2026-06-24 19:12:00.444 9 WARNING neutron_lib.context [None req-4807e09f-a8dd-4d48-8e3b-d61ddb6c2dd5 2b3007c993934bd68277f453e0a88192 c3a29cfd37fd405c8299fa8c64fe2956 - - default default] Method 'is_advsvc' is deprecated since 2023.2 release (neutron-lib 3.8.0) and will be removed once support for the old RBAC API policies will be removed from Neutron. Please use method 'is_service_role' instead.
2026-06-24 19:12:00.523 9 INFO neutron.db.segments_db [None req-4807e09f-a8dd-4d48-8e3b-d61ddb6c2dd5 2b3007c993934bd68277f453e0a88192 c3a29cfd37fd405c8299fa8c64fe2956 - - default default] Added segment 4d5f3b69-ad7b-4b27-9861-37e8ca366359 of type geneve for network a0914809-a2eb-4250-bd7d-cd616acbdfa5
2026-06-24 19:12:00.640 9 INFO neutron.db.ovn_revision_numbers_db [None req-4807e09f-a8dd-4d48-8e3b-d61ddb6c2dd5 2b3007c993934bd68277f453e0a88192 c3a29cfd37fd405c8299fa8c64fe2956 - - default default] Successfully bumped revision number for resource a0914809-a2eb-4250-bd7d-cd616acbdfa5 (type: networks) to 1
2026-06-24 19:12:00.702 10 INFO neutron.db.ovn_revision_numbers_db [None req-3c7a0681-ace1-4d16-bf26-dc905ee9c2a9 2dd7af653de54c58b6730d11d6a0118b 7fe27d975b064b20b355761528f1e603 - - default default] Successfully bumped revision number for resource 8267f7ff-3499-463e-bf19-419180667888 (type: ports) to 1
2026-06-24 19:12:00.775 10 WARNING neutron.scheduler.dhcp_agent_scheduler [None req-3c7a0681-ace1-4d16-bf26-dc905ee9c2a9 2dd7af653de54c58b6730d11d6a0118b 7fe27d975b064b20b355761528f1e603 - - default default] No more DHCP agents
2026-06-24 19:12:00.777 10 WARNING neutron.api.rpc.agentnotifiers.dhcp_rpc_agent_api [None req-3c7a0681-ace1-4d16-bf26-dc905ee9c2a9 2dd7af653de54c58b6730d11d6a0118b 7fe27d975b064b20b355761528f1e603 - - default default] Unable to schedule network 311d4175-706d-47cf-8d10-0f42aecbba82: no agents available; will retry on subsequent port and subnet creation events.
2026-06-24 19:12:00.819 9 WARNING neutron.scheduler.dhcp_agent_scheduler [None req-4807e09f-a8dd-4d48-8e3b-d61ddb6c2dd5 2b3007c993934bd68277f453e0a88192 c3a29cfd37fd405c8299fa8c64fe2956 - - default default] No more DHCP agents
2026-06-24 19:12:00.821 9 WARNING neutron.api.rpc.agentnotifiers.dhcp_rpc_agent_api [None req-4807e09f-a8dd-4d48-8e3b-d61ddb6c2dd5 2b3007c993934bd68277f453e0a88192 c3a29cfd37fd405c8299fa8c64fe2956 - - default default] Unable to schedule network a0914809-a2eb-4250-bd7d-cd616acbdfa5: no agents available; will retry on subsequent port and subnet creation events.
