2026-06-24 19:10:58.517 10 INFO neutron.api.wsgi [None req-d7a945e8-1a49-4033-a76f-22366b3a8f81 4212ba463534498982f54dd47422c125 e93101fe0cfa48a0955fe8c40ff14321 - - default default] 10.0.0.30 "DELETE /v2.0/networks/0c55d41a-b2cc-4a4d-ae09-8fc2445231d9 HTTP/1.1" status: 204 len: 168 time: 0.3689852
2026-06-24 19:10:58.621 9 INFO neutron.db.ovn_revision_numbers_db [None req-606c2e0b-6074-4138-876f-bad87cd3aa00 - - - - - -] Successfully bumped revision number for resource 734eaf94-5339-4cb3-8e50-d1450c52b92a (type: ports) to 6
2026-06-24 19:10:58.688 9 INFO neutron.notifiers.nova [-] Nova event matching ['req-ec34929a-e92c-411a-b15a-66d40f4a7036'] response: {'server_uuid': 'c9eb3d3d-c49a-48bc-b674-442089073035', 'name': 'network-vif-unplugged', 'status': 'completed', 'tag': '734eaf94-5339-4cb3-8e50-d1450c52b92a', 'code': 200}
2026-06-24 19:10:59.112 10 INFO neutron.api.wsgi [req-817508f0-1ce3-4572-8095-31b7f0cba59a req-dd31d57d-5495-4241-a9d2-7b963c8e62c5 a92fbdc9e6d242448d6f6f5179264045 b423e25afa4840658b30ded6725e9ea9 - - default default] 10.0.0.115 "GET /v2.0/ports?device_id=c9eb3d3d-c49a-48bc-b674-442089073035 HTTP/1.1" status: 200 len: 1172 time: 0.0370181
2026-06-24 19:10:59.149 10 INFO neutron.api.wsgi [req-817508f0-1ce3-4572-8095-31b7f0cba59a req-da154445-f1b4-447f-823e-f50db6bb1939 a92fbdc9e6d242448d6f6f5179264045 b423e25afa4840658b30ded6725e9ea9 - - default default] 10.0.0.115 "GET /v2.0/security-groups?id=3f2bab02-d017-43f1-95e5-70fa8028bb98&fields=id&fields=name HTTP/1.1" status: 200 len: 312 time: 0.0327373 /var/lib/openstack/lib/python3.12/site-packages/pycadf/identifier.py:71: UserWarning: Invalid uuid: neutron. To ensure interoperability, identifiers should be a valid uuid. warnings.warn(('Invalid uuid: %s. To ensure interoperability, '
2026-06-24 19:10:59.318 9 INFO neutron.api.wsgi [None req-f01c9273-c9c0-45c6-bbd7-7a66f556a193 293041c3d1c44f58882016c7f9f1c629 83e00930fe284582a0d4538e1710b04a - - default default] 10.0.0.30 "GET /v2.0/security-groups?tenant_id=e93101fe0cfa48a0955fe8c40ff14321&name=default HTTP/1.1" status: 200 len: 3120 time: 0.2393322
2026-06-24 19:10:59.507 9 INFO neutron.api.wsgi [None req-01e23bcb-793f-4d74-b05b-414ad6f0915a 293041c3d1c44f58882016c7f9f1c629 83e00930fe284582a0d4538e1710b04a - - default default] 10.0.0.30 "DELETE /v2.0/security-groups/6cf4d6b4-cb60-4554-9a64-12913725bae4 HTTP/1.1" status: 204 len: 168 time: 0.1838677
2026-06-24 19:10:59.726 9 INFO neutron.api.wsgi [req-6d80bc07-d06b-4470-a274-1e66e981d83e req-fe911e2d-ea5a-47d1-8b9b-82fca6b3952d a92fbdc9e6d242448d6f6f5179264045 b423e25afa4840658b30ded6725e9ea9 - - default default] 199.19.213.107 "GET /v2.0/ports?device_id=c9eb3d3d-c49a-48bc-b674-442089073035 HTTP/1.1" status: 200 len: 1172 time: 0.0704210
2026-06-24 19:10:59.934 9 INFO neutron.db.ovn_revision_numbers_db [None req-5083060b-eeb3-4b2d-aaa8-3820ba01d504 293041c3d1c44f58882016c7f9f1c629 83e00930fe284582a0d4538e1710b04a - - default default] Successfully bumped revision number for resource ef39b331-8b3c-450a-bae1-48f7ef9245cc (type: security_groups) to 1
2026-06-24 19:10:59.973 9 INFO neutron.db.ovn_revision_numbers_db [None req-5083060b-eeb3-4b2d-aaa8-3820ba01d504 293041c3d1c44f58882016c7f9f1c629 83e00930fe284582a0d4538e1710b04a - - default default] Successfully bumped revision number for resource 03127cc8-b79a-4b4a-9fdc-6283b89be9bd (type: security_group_rules) to 0
2026-06-24 19:10:59.993 9 INFO neutron.db.ovn_revision_numbers_db [None req-5083060b-eeb3-4b2d-aaa8-3820ba01d504 293041c3d1c44f58882016c7f9f1c629 83e00930fe284582a0d4538e1710b04a - - default default] Successfully bumped revision number for resource 12797850-4d44-4fac-a65b-61ba62b9498d (type: security_group_rules) to 0
2026-06-24 19:11:00.027 9 INFO neutron.db.ovn_revision_numbers_db [None req-5083060b-eeb3-4b2d-aaa8-3820ba01d504 293041c3d1c44f58882016c7f9f1c629 83e00930fe284582a0d4538e1710b04a - - default default] Successfully bumped revision number for resource 404dc8c3-c09f-46c9-9185-22244927359c (type: security_group_rules) to 0
2026-06-24 19:11:00.055 9 INFO neutron.db.ovn_revision_numbers_db [None req-5083060b-eeb3-4b2d-aaa8-3820ba01d504 293041c3d1c44f58882016c7f9f1c629 83e00930fe284582a0d4538e1710b04a - - default default] Successfully bumped revision number for resource e79def7a-980b-4ec2-b7a9-bdfafd97e995 (type: security_group_rules) to 0
2026-06-24 19:11:00.159 9 INFO neutron.api.wsgi [None req-5083060b-eeb3-4b2d-aaa8-3820ba01d504 293041c3d1c44f58882016c7f9f1c629 83e00930fe284582a0d4538e1710b04a - - default default] 10.0.0.30 "GET /v2.0/security-groups?tenant_id=c9b439d6d4e54455b332e27ee9c72590&name=default HTTP/1.1" status: 200 len: 3120 time: 0.5947330
2026-06-24 19:11:00.160 9 INFO neutron.db.l3_db [req-6d80bc07-d06b-4470-a274-1e66e981d83e req-258d1f2d-510b-4309-90d3-7219a7b10e62 a92fbdc9e6d242448d6f6f5179264045 b423e25afa4840658b30ded6725e9ea9 - - default default] Floating IP b9aa9e41-7b7e-4c9d-8336-648901b4face disassociated. External IP: 10.96.250.201, port: 734eaf94-5339-4cb3-8e50-d1450c52b92a.
2026-06-24 19:11:00.263 10 INFO neutron.api.wsgi [req-0c98ba75-3e91-4c87-8c3e-b6a831cfa9c0 req-d6c9ac89-c55b-4b32-b77c-152d7c26a753 a92fbdc9e6d242448d6f6f5179264045 b423e25afa4840658b30ded6725e9ea9 - - default default] 10.0.0.115 "GET /v2.0/ports?device_id=c9eb3d3d-c49a-48bc-b674-442089073035 HTTP/1.1" status: 200 len: 1172 time: 0.0439939
2026-06-24 19:11:00.276 9 INFO neutron.api.wsgi [req-6d80bc07-d06b-4470-a274-1e66e981d83e req-258d1f2d-510b-4309-90d3-7219a7b10e62 a92fbdc9e6d242448d6f6f5179264045 b423e25afa4840658b30ded6725e9ea9 - - default default] 199.19.213.107 "DELETE /v2.0/ports/734eaf94-5339-4cb3-8e50-d1450c52b92a HTTP/1.1" status: 204 len: 173 time: 0.5452833
2026-06-24 19:11:00.308 10 INFO neutron.api.wsgi [req-0c98ba75-3e91-4c87-8c3e-b6a831cfa9c0 req-943af26b-832a-40a5-8018-9c0f1294b424 a92fbdc9e6d242448d6f6f5179264045 b423e25afa4840658b30ded6725e9ea9 - - default default] 10.0.0.115 "GET /v2.0/security-groups?id=3f2bab02-d017-43f1-95e5-70fa8028bb98&fields=id&fields=name HTTP/1.1" status: 200 len: 312 time: 0.0403016
2026-06-24 19:11:00.406 10 INFO neutron.api.wsgi [None req-8ea1ff0e-796d-4848-9255-64df26dac4bc 293041c3d1c44f58882016c7f9f1c629 83e00930fe284582a0d4538e1710b04a - - default default] 10.0.0.30 "DELETE /v2.0/security-groups/ef39b331-8b3c-450a-bae1-48f7ef9245cc HTTP/1.1" status: 204 len: 168 time: 0.2403171
2026-06-24 19:11:00.498 10 INFO neutron.api.wsgi [req-d9178014-32d4-4b8d-ad69-1ac99f12090a req-97e80627-eef2-4a9b-ab2c-e363703ebdb1 16a751e4d43945aea1f12649bca1580d e4904095b6f242b6963b29c23c7a5ab7 - - fe8001579ed44485b69939a499861bca fe8001579ed44485b69939a499861bca] 10.0.0.205 "GET /v2.0/ports?device_id=b66f55f8-a987-4c67-bc46-cef9cd428076 HTTP/1.1" status: 200 len: 1409 time: 0.0380826 /var/lib/openstack/lib/python3.12/site-packages/pycadf/identifier.py:71: UserWarning: Invalid uuid: neutron. To ensure interoperability, identifiers should be a valid uuid. warnings.warn(('Invalid uuid: %s. To ensure interoperability, '
2026-06-24 19:11:00.538 10 INFO neutron.api.wsgi [req-d9178014-32d4-4b8d-ad69-1ac99f12090a req-a07ea059-61b6-4b12-86ea-55578cdf5c05 16a751e4d43945aea1f12649bca1580d e4904095b6f242b6963b29c23c7a5ab7 - - fe8001579ed44485b69939a499861bca fe8001579ed44485b69939a499861bca] 10.0.0.205 "GET /v2.0/security-groups?id=3e51f763-2568-43e5-b55e-05f5bca67936&fields=id&fields=name HTTP/1.1" status: 200 len: 312 time: 0.0348582
2026-06-24 19:11:00.705 9 INFO neutron.db.ovn_revision_numbers_db [None req-0ddf738c-700b-4f71-a4ab-d7228214876e 293041c3d1c44f58882016c7f9f1c629 83e00930fe284582a0d4538e1710b04a - - default default] Successfully bumped revision number for resource 5b1e0aee-a9e0-45bb-96e3-8a41705b1417 (type: security_groups) to 1
2026-06-24 19:11:00.722 9 INFO neutron.db.ovn_revision_numbers_db [None req-0ddf738c-700b-4f71-a4ab-d7228214876e 293041c3d1c44f58882016c7f9f1c629 83e00930fe284582a0d4538e1710b04a - - default default] Successfully bumped revision number for resource 44976013-379f-462c-9c40-502bb4657adc (type: security_group_rules) to 0
2026-06-24 19:11:00.724 9 INFO neutron.notifiers.nova [-] Nova event matching ['req-1ec6bf90-bb01-43cb-9015-d38b068bd31f'] response: {'server_uuid': 'c9eb3d3d-c49a-48bc-b674-442089073035', 'name': 'network-vif-unplugged', 'status': 'completed', 'tag': '734eaf94-5339-4cb3-8e50-d1450c52b92a', 'code': 200}
2026-06-24 19:11:00.725 9 INFO neutron.notifiers.nova [-] Nova event matching ['req-1ec6bf90-bb01-43cb-9015-d38b068bd31f'] response: {'server_uuid': 'c9eb3d3d-c49a-48bc-b674-442089073035', 'name': 'network-vif-deleted', 'tag': '734eaf94-5339-4cb3-8e50-d1450c52b92a', 'status': 'completed', 'code': 200}
2026-06-24 19:11:00.741 9 INFO neutron.db.ovn_revision_numbers_db [None req-0ddf738c-700b-4f71-a4ab-d7228214876e 293041c3d1c44f58882016c7f9f1c629 83e00930fe284582a0d4538e1710b04a - - default default] Successfully bumped revision number for resource aa086f8a-e4ce-46d6-a3ef-bd08dae9e5ca (type: security_group_rules) to 0
2026-06-24 19:11:00.759 9 INFO neutron.db.ovn_revision_numbers_db [None req-0ddf738c-700b-4f71-a4ab-d7228214876e 293041c3d1c44f58882016c7f9f1c629 83e00930fe284582a0d4538e1710b04a - - default default] Successfully bumped revision number for resource aeb141b7-ce07-4406-bb05-a5d2dfe462bc (type: security_group_rules) to 0
2026-06-24 19:11:00.792 9 INFO neutron.db.ovn_revision_numbers_db [None req-0ddf738c-700b-4f71-a4ab-d7228214876e 293041c3d1c44f58882016c7f9f1c629 83e00930fe284582a0d4538e1710b04a - - default default] Successfully bumped revision number for resource af7b12c6-ee61-4bcf-961a-a5c47c981ffa (type: security_group_rules) to 0
2026-06-24 19:11:00.860 9 INFO neutron.api.wsgi [None req-0ddf738c-700b-4f71-a4ab-d7228214876e 293041c3d1c44f58882016c7f9f1c629 83e00930fe284582a0d4538e1710b04a - - default default] 10.0.0.30 "GET /v2.0/security-groups?tenant_id=c2548376969d415a8e08f98cf54644e0&name=default HTTP/1.1" status: 200 len: 3120 time: 0.3259246
2026-06-24 19:11:01.131 9 INFO neutron.api.wsgi [None req-5cd45b9c-9016-4e0b-8f8f-ebfc0f5ad9ca 293041c3d1c44f58882016c7f9f1c629 83e00930fe284582a0d4538e1710b04a - - default default] 10.0.0.30 "DELETE /v2.0/security-groups/5b1e0aee-a9e0-45bb-96e3-8a41705b1417 HTTP/1.1" status: 204 len: 168 time: 0.2633355
2026-06-24 19:11:01.391 10 INFO neutron.api.wsgi [req-a8638f54-37c3-4d88-8faf-63dccdcc617e req-61ae70c0-2276-4251-9b53-4fbe50d0b007 a92fbdc9e6d242448d6f6f5179264045 b423e25afa4840658b30ded6725e9ea9 - - default default] 10.0.0.115 "GET /v2.0/ports?device_id=c9eb3d3d-c49a-48bc-b674-442089073035 HTTP/1.1" status: 200 len: 210 time: 0.0171251
2026-06-24 19:11:01.460 9 INFO neutron.api.wsgi [req-14ce5865-937a-4fc1-a54a-c9ae6e3a7a85 req-5595fb66-2e13-45c8-b615-dfd72eea4c03 16a751e4d43945aea1f12649bca1580d e4904095b6f242b6963b29c23c7a5ab7 - - fe8001579ed44485b69939a499861bca fe8001579ed44485b69939a499861bca] 199.19.213.107 "GET /v2.0/ports?device_id=b66f55f8-a987-4c67-bc46-cef9cd428076&fields=binding%3Ahost_id&fields=binding%3Avif_type HTTP/1.1" status: 200 len: 265 time: 0.0796292
2026-06-24 19:11:01.492 9 WARNING neutron_lib.context [None req-6119b0d7-d30c-44b3-aaab-46a2e62f9ef4 9c5bce045c9341b9834a07370e9b30f4 55e3eb792b5f42d3b854675815dc61a5 - - default default] Method 'is_advsvc' is deprecated since 2023.2 release (neutron-lib 3.8.0) and will be removed once support for the old RBAC API policies will be removed from Neutron. Please use method 'is_service_role' instead.
2026-06-24 19:11:01.622 9 INFO neutron.db.ovn_revision_numbers_db [None req-6119b0d7-d30c-44b3-aaab-46a2e62f9ef4 9c5bce045c9341b9834a07370e9b30f4 55e3eb792b5f42d3b854675815dc61a5 - - default default] Successfully bumped revision number for resource e106b1f2-ce7c-4f48-9df9-15867aaf72df (type: security_groups) to 1
2026-06-24 19:11:01.635 9 INFO neutron.db.ovn_revision_numbers_db [None req-6119b0d7-d30c-44b3-aaab-46a2e62f9ef4 9c5bce045c9341b9834a07370e9b30f4 55e3eb792b5f42d3b854675815dc61a5 - - default default] Successfully bumped revision number for resource 158f94a9-22ae-4382-a98d-ebebdae64dfa (type: security_group_rules) to 0
2026-06-24 19:11:01.647 9 INFO neutron.db.ovn_revision_numbers_db [None req-6119b0d7-d30c-44b3-aaab-46a2e62f9ef4 9c5bce045c9341b9834a07370e9b30f4 55e3eb792b5f42d3b854675815dc61a5 - - default default] Successfully bumped revision number for resource 23b71545-9940-4bf3-93cc-334fbdff0d82 (type: security_group_rules) to 0
2026-06-24 19:11:01.660 9 INFO neutron.db.ovn_revision_numbers_db [None req-6119b0d7-d30c-44b3-aaab-46a2e62f9ef4 9c5bce045c9341b9834a07370e9b30f4 55e3eb792b5f42d3b854675815dc61a5 - - default default] Successfully bumped revision number for resource 39bc6df8-d2aa-4b47-98d9-f4a0760d8d6e (type: security_group_rules) to 0
2026-06-24 19:11:01.671 9 INFO neutron.db.ovn_revision_numbers_db [None req-6119b0d7-d30c-44b3-aaab-46a2e62f9ef4 9c5bce045c9341b9834a07370e9b30f4 55e3eb792b5f42d3b854675815dc61a5 - - default default] Successfully bumped revision number for resource f10972d0-abd0-4d44-bbfd-2a4b132b3b23 (type: security_group_rules) to 0
2026-06-24 19:11:01.742 9 INFO neutron.db.segments_db [None req-6119b0d7-d30c-44b3-aaab-46a2e62f9ef4 9c5bce045c9341b9834a07370e9b30f4 55e3eb792b5f42d3b854675815dc61a5 - - default default] Added segment 97d5868a-d567-46d3-8ca0-462afb57667d of type geneve for network 63caca40-696c-424a-aaef-eaf6f7cf0f67
2026-06-24 19:11:01.869 9 INFO neutron.db.ovn_revision_numbers_db [None req-6119b0d7-d30c-44b3-aaab-46a2e62f9ef4 9c5bce045c9341b9834a07370e9b30f4 55e3eb792b5f42d3b854675815dc61a5 - - default default] Successfully bumped revision number for resource 63caca40-696c-424a-aaef-eaf6f7cf0f67 (type: networks) to 1
2026-06-24 19:11:02.070 9 WARNING neutron.scheduler.dhcp_agent_scheduler [None req-6119b0d7-d30c-44b3-aaab-46a2e62f9ef4 9c5bce045c9341b9834a07370e9b30f4 55e3eb792b5f42d3b854675815dc61a5 - - default default] No more DHCP agents
2026-06-24 19:11:02.073 9 WARNING neutron.api.rpc.agentnotifiers.dhcp_rpc_agent_api [None req-6119b0d7-d30c-44b3-aaab-46a2e62f9ef4 9c5bce045c9341b9834a07370e9b30f4 55e3eb792b5f42d3b854675815dc61a5 - - default default] Unable to schedule network 63caca40-696c-424a-aaef-eaf6f7cf0f67: no agents available; will retry on subsequent port and subnet creation events.
2026-06-24 19:11:02.148 9 INFO neutron.db.ovn_revision_numbers_db [None req-6119b0d7-d30c-44b3-aaab-46a2e62f9ef4 9c5bce045c9341b9834a07370e9b30f4 55e3eb792b5f42d3b854675815dc61a5 - - default default] Successfully bumped revision number for resource 13e86bb1-d84e-4e23-856e-d1ea39566e27 (type: ports) to 1
2026-06-24 19:11:02.170 9 INFO neutron.api.wsgi [None req-6119b0d7-d30c-44b3-aaab-46a2e62f9ef4 9c5bce045c9341b9834a07370e9b30f4 55e3eb792b5f42d3b854675815dc61a5 - - default default] 10.0.0.30 "POST /v2.0/networks HTTP/1.1" status: 201 len: 843 time: 0.8506958
2026-06-24 19:11:02.180 9 WARNING neutron_lib.context [None req-f2b0cb32-e737-4800-9662-d8e30ec6ecf3 9c5bce045c9341b9834a07370e9b30f4 55e3eb792b5f42d3b854675815dc61a5 - - default default] Method 'is_advsvc' is deprecated since 2023.2 release (neutron-lib 3.8.0) and will be removed once support for the old RBAC API policies will be removed from Neutron. Please use method 'is_service_role' instead.
2026-06-24 19:11:02.294 10 INFO neutron.api.wsgi [-] 10.0.0.72 "GET / HTTP/1.1" status: 200 len: 247 time: 0.0027556
2026-06-24 19:11:02.298 10 INFO neutron.api.wsgi [-] 10.0.0.72 "GET / HTTP/1.1" status: 200 len: 247 time: 0.0026007
2026-06-24 19:11:02.407 9 WARNING neutron.scheduler.dhcp_agent_scheduler [None req-f2b0cb32-e737-4800-9662-d8e30ec6ecf3 9c5bce045c9341b9834a07370e9b30f4 55e3eb792b5f42d3b854675815dc61a5 - - default default] No more DHCP agents
2026-06-24 19:11:02.409 9 WARNING neutron.api.rpc.agentnotifiers.dhcp_rpc_agent_api [None req-f2b0cb32-e737-4800-9662-d8e30ec6ecf3 9c5bce045c9341b9834a07370e9b30f4 55e3eb792b5f42d3b854675815dc61a5 - - default default] Unable to schedule network 63caca40-696c-424a-aaef-eaf6f7cf0f67: no agents available; will retry on subsequent port and subnet creation events.
2026-06-24 19:11:02.474 9 INFO neutron.db.ovn_revision_numbers_db [None req-f2b0cb32-e737-4800-9662-d8e30ec6ecf3 9c5bce045c9341b9834a07370e9b30f4 55e3eb792b5f42d3b854675815dc61a5 - - default default] Successfully bumped revision number for resource 4edab05c-04ac-460a-9093-953d3a800b7c (type: ports) to 1 /var/lib/openstack/lib/python3.12/site-packages/pycadf/identifier.py:71: UserWarning: Invalid uuid: neutron. To ensure interoperability, identifiers should be a valid uuid. warnings.warn(('Invalid uuid: %s. To ensure interoperability, '
2026-06-24 19:11:02.503 10 INFO neutron.api.wsgi [req-cddfe675-e73d-4b26-8db1-bf380e9fb942 req-4b4f2835-49b1-42af-a2a3-27e4bedc203d a92fbdc9e6d242448d6f6f5179264045 b423e25afa4840658b30ded6725e9ea9 - - default default] 10.0.0.115 "GET /v2.0/ports?device_id=c9eb3d3d-c49a-48bc-b674-442089073035 HTTP/1.1" status: 200 len: 210 time: 0.0235877
2026-06-24 19:11:02.518 9 INFO neutron.api.wsgi [None req-f2b0cb32-e737-4800-9662-d8e30ec6ecf3 9c5bce045c9341b9834a07370e9b30f4 55e3eb792b5f42d3b854675815dc61a5 - - default default] 10.0.0.30 "POST /v2.0/ports HTTP/1.1" status: 201 len: 973 time: 0.3422546
2026-06-24 19:11:02.530 9 INFO neutron.api.wsgi [req-14ce5865-937a-4fc1-a54a-c9ae6e3a7a85 req-69d4b727-0752-4cfc-a062-8a3d0f7f6dd7 16a751e4d43945aea1f12649bca1580d e4904095b6f242b6963b29c23c7a5ab7 - - fe8001579ed44485b69939a499861bca fe8001579ed44485b69939a499861bca] 199.19.213.107 "GET /v2.0/ports?tenant_id=a83927348c5845d18a4c2b5a51f34a69&device_id=b66f55f8-a987-4c67-bc46-cef9cd428076 HTTP/1.1" status: 200 len: 1409 time: 0.0515571
2026-06-24 19:11:02.530 10 WARNING neutron_lib.context [None req-67f540b8-eca2-41eb-a2f1-0a316d75b57e 9c5bce045c9341b9834a07370e9b30f4 55e3eb792b5f42d3b854675815dc61a5 - - default default] Method 'is_advsvc' is deprecated since 2023.2 release (neutron-lib 3.8.0) and will be removed once support for the old RBAC API policies will be removed from Neutron. Please use method 'is_service_role' instead.
2026-06-24 19:11:02.615 10 INFO neutron.db.segments_db [None req-67f540b8-eca2-41eb-a2f1-0a316d75b57e 9c5bce045c9341b9834a07370e9b30f4 55e3eb792b5f42d3b854675815dc61a5 - - default default] Added segment 718d0e1a-d1c8-4df9-a9a8-429c4b757c0a of type geneve for network 3570d68c-16a0-44be-aff0-c947b51e81d5
2026-06-24 19:11:02.725 10 INFO neutron.db.ovn_revision_numbers_db [None req-67f540b8-eca2-41eb-a2f1-0a316d75b57e 9c5bce045c9341b9834a07370e9b30f4 55e3eb792b5f42d3b854675815dc61a5 - - default default] Successfully bumped revision number for resource 3570d68c-16a0-44be-aff0-c947b51e81d5 (type: networks) to 1
2026-06-24 19:11:02.914 10 WARNING neutron.scheduler.dhcp_agent_scheduler [None req-67f540b8-eca2-41eb-a2f1-0a316d75b57e 9c5bce045c9341b9834a07370e9b30f4 55e3eb792b5f42d3b854675815dc61a5 - - default default] No more DHCP agents
2026-06-24 19:11:02.916 10 WARNING neutron.api.rpc.agentnotifiers.dhcp_rpc_agent_api [None req-67f540b8-eca2-41eb-a2f1-0a316d75b57e 9c5bce045c9341b9834a07370e9b30f4 55e3eb792b5f42d3b854675815dc61a5 - - default default] Unable to schedule network 3570d68c-16a0-44be-aff0-c947b51e81d5: no agents available; will retry on subsequent port and subnet creation events.
2026-06-24 19:11:02.997 10 INFO neutron.db.ovn_revision_numbers_db [None req-67f540b8-eca2-41eb-a2f1-0a316d75b57e 9c5bce045c9341b9834a07370e9b30f4 55e3eb792b5f42d3b854675815dc61a5 - - default default] Successfully bumped revision number for resource 510d9384-8075-4a9b-9eca-3fa75bed8931 (type: ports) to 1
2026-06-24 19:11:03.026 10 INFO neutron.api.wsgi [None req-67f540b8-eca2-41eb-a2f1-0a316d75b57e 9c5bce045c9341b9834a07370e9b30f4 55e3eb792b5f42d3b854675815dc61a5 - - default default] 10.0.0.30 "POST /v2.0/networks HTTP/1.1" status: 201 len: 831 time: 0.4996583
2026-06-24 19:11:03.039 9 WARNING neutron_lib.context [None req-2d67987e-e07e-44ae-8998-0f843a791001 9c5bce045c9341b9834a07370e9b30f4 55e3eb792b5f42d3b854675815dc61a5 - - default default] Method 'is_advsvc' is deprecated since 2023.2 release (neutron-lib 3.8.0) and will be removed once support for the old RBAC API policies will be removed from Neutron. Please use method 'is_service_role' instead.
2026-06-24 19:11:03.111 9 INFO neutron.api.wsgi [req-14ce5865-937a-4fc1-a54a-c9ae6e3a7a85 req-42081890-db9e-40a1-aee6-124ffb156f67 16a751e4d43945aea1f12649bca1580d e4904095b6f242b6963b29c23c7a5ab7 - - fe8001579ed44485b69939a499861bca fe8001579ed44485b69939a499861bca] 199.19.213.107 "GET /v2.0/networks?id=d641cba8-f14d-43de-9209-30dc5f26a26c HTTP/1.1" status: 200 len: 973 time: 0.0676615
2026-06-24 19:11:03.154 9 INFO neutron.api.wsgi [req-14ce5865-937a-4fc1-a54a-c9ae6e3a7a85 req-ebcb3768-dbb9-45e5-a8b8-9e1d35aa9ae6 16a751e4d43945aea1f12649bca1580d e4904095b6f242b6963b29c23c7a5ab7 - - fe8001579ed44485b69939a499861bca fe8001579ed44485b69939a499861bca] 199.19.213.107 "GET /v2.0/floatingips?fixed_ip_address=10.100.0.7&port_id=578bee76-633b-4e71-a3e1-8ae7f4a1ffe5 HTTP/1.1" status: 200 len: 1059 time: 0.0374169
2026-06-24 19:11:03.380 9 INFO neutron.api.wsgi [req-14ce5865-937a-4fc1-a54a-c9ae6e3a7a85 req-5219cde3-7406-446d-b2ef-75df417733c1 16a751e4d43945aea1f12649bca1580d e4904095b6f242b6963b29c23c7a5ab7 - - fe8001579ed44485b69939a499861bca fe8001579ed44485b69939a499861bca] 199.19.213.107 "GET /v2.0/subnets?id=54820041-301b-496a-bd9f-4c3a944e1e22 HTTP/1.1" status: 200 len: 892 time: 0.2231739
2026-06-24 19:11:03.402 9 INFO neutron.api.wsgi [req-14ce5865-937a-4fc1-a54a-c9ae6e3a7a85 req-2de88bf0-3c85-4ae7-81df-26471fd18e20 16a751e4d43945aea1f12649bca1580d e4904095b6f242b6963b29c23c7a5ab7 - - fe8001579ed44485b69939a499861bca fe8001579ed44485b69939a499861bca] 199.19.213.107 "GET /v2.0/ports?network_id=d641cba8-f14d-43de-9209-30dc5f26a26c&device_owner=network%3Adhcp HTTP/1.1" status: 200 len: 210 time: 0.0169351
2026-06-24 19:11:03.449 9 INFO neutron.api.wsgi [req-14ce5865-937a-4fc1-a54a-c9ae6e3a7a85 req-5db6c657-c07a-44b5-959b-107d779db8d2 16a751e4d43945aea1f12649bca1580d e4904095b6f242b6963b29c23c7a5ab7 - - fe8001579ed44485b69939a499861bca fe8001579ed44485b69939a499861bca] 199.19.213.107 "GET /v2.0/networks/d641cba8-f14d-43de-9209-30dc5f26a26c?fields=segments HTTP/1.1" status: 200 len: 212 time: 0.0420084
2026-06-24 19:11:03.452 9 WARNING neutron.scheduler.dhcp_agent_scheduler [None req-2d67987e-e07e-44ae-8998-0f843a791001 9c5bce045c9341b9834a07370e9b30f4 55e3eb792b5f42d3b854675815dc61a5 - - default default] No more DHCP agents
2026-06-24 19:11:03.453 9 WARNING neutron.api.rpc.agentnotifiers.dhcp_rpc_agent_api [None req-2d67987e-e07e-44ae-8998-0f843a791001 9c5bce045c9341b9834a07370e9b30f4 55e3eb792b5f42d3b854675815dc61a5 - - default default] Unable to schedule network 3570d68c-16a0-44be-aff0-c947b51e81d5: no agents available; will retry on subsequent port and subnet creation events.
2026-06-24 19:11:03.508 9 INFO neutron.api.wsgi [req-14ce5865-937a-4fc1-a54a-c9ae6e3a7a85 req-5be0e47c-bca0-4103-ab82-2651befd2c46 16a751e4d43945aea1f12649bca1580d e4904095b6f242b6963b29c23c7a5ab7 - - fe8001579ed44485b69939a499861bca fe8001579ed44485b69939a499861bca] 199.19.213.107 "GET /v2.0/networks/d641cba8-f14d-43de-9209-30dc5f26a26c?fields=provider%3Aphysical_network&fields=provider%3Anetwork_type HTTP/1.1" status: 200 len: 277 time: 0.0535493
2026-06-24 19:11:03.737 10 INFO neutron.api.wsgi [None req-54e45e33-11c1-4d56-94e4-2b99dc7d7795 a92fbdc9e6d242448d6f6f5179264045 b423e25afa4840658b30ded6725e9ea9 - - default default] 10.0.0.30 "DELETE /v2.0/security-groups/3f2bab02-d017-43f1-95e5-70fa8028bb98 HTTP/1.1" status: 204 len: 168 time: 0.1315198
2026-06-24 19:11:03.751 10 INFO neutron.api.v2.resource [None req-35e3780b-f6ad-4626-a359-d9536c2e8f12 a92fbdc9e6d242448d6f6f5179264045 b423e25afa4840658b30ded6725e9ea9 - - default default] show failed (client error): The resource could not be found.
2026-06-24 19:11:03.752 10 INFO neutron.api.wsgi [None req-35e3780b-f6ad-4626-a359-d9536c2e8f12 a92fbdc9e6d242448d6f6f5179264045 b423e25afa4840658b30ded6725e9ea9 - - default default] 10.0.0.30 "GET /v2.0/security-groups/3f2bab02-d017-43f1-95e5-70fa8028bb98 HTTP/1.1" status: 404 len: 347 time: 0.0092709
2026-06-24 19:11:03.890 9 INFO neutron.db.ovn_revision_numbers_db [None req-70ce4736-8f8c-4c41-9c87-337cd3de665d - - - - - -] Successfully bumped revision number for resource 510d9384-8075-4a9b-9eca-3fa75bed8931 (type: ports) to 2
2026-06-24 19:11:03.925 9 INFO neutron.db.ovn_revision_numbers_db [None req-70ce4736-8f8c-4c41-9c87-337cd3de665d - - - - - -] Successfully bumped revision number for resource 73f14d91-668c-4748-838b-1280c1c8b7ab (type: subnets) to 0
2026-06-24 19:11:03.941 9 INFO neutron.api.wsgi [None req-2d67987e-e07e-44ae-8998-0f843a791001 9c5bce045c9341b9834a07370e9b30f4 55e3eb792b5f42d3b854675815dc61a5 - - default default] 10.0.0.30 "POST /v2.0/subnets HTTP/1.1" status: 201 len: 825 time: 0.9082146
2026-06-24 19:11:03.961 10 WARNING neutron_lib.context [None req-778bc5c5-f24e-48f1-b5ab-e507153cfb51 9c5bce045c9341b9834a07370e9b30f4 55e3eb792b5f42d3b854675815dc61a5 - - default default] Method 'is_advsvc' is deprecated since 2023.2 release (neutron-lib 3.8.0) and will be removed once support for the old RBAC API policies will be removed from Neutron. Please use method 'is_service_role' instead.
2026-06-24 19:11:04.096 9 INFO neutron.api.wsgi [None req-3a2698d3-029c-4030-a942-732483413533 a92fbdc9e6d242448d6f6f5179264045 b423e25afa4840658b30ded6725e9ea9 - - default default] 10.0.0.30 "DELETE /v2.0/floatingips/b9aa9e41-7b7e-4c9d-8336-648901b4face HTTP/1.1" status: 204 len: 168 time: 0.3399253
2026-06-24 19:11:04.287 10 WARNING neutron.scheduler.dhcp_agent_scheduler [None req-778bc5c5-f24e-48f1-b5ab-e507153cfb51 9c5bce045c9341b9834a07370e9b30f4 55e3eb792b5f42d3b854675815dc61a5 - - default default] No more DHCP agents
2026-06-24 19:11:04.288 10 WARNING neutron.api.rpc.agentnotifiers.dhcp_rpc_agent_api [None req-778bc5c5-f24e-48f1-b5ab-e507153cfb51 9c5bce045c9341b9834a07370e9b30f4 55e3eb792b5f42d3b854675815dc61a5 - - default default] Unable to schedule network 3570d68c-16a0-44be-aff0-c947b51e81d5: no agents available; will retry on subsequent port and subnet creation events.
2026-06-24 19:11:04.452 10 INFO neutron.db.ovn_revision_numbers_db [None req-778bc5c5-f24e-48f1-b5ab-e507153cfb51 9c5bce045c9341b9834a07370e9b30f4 55e3eb792b5f42d3b854675815dc61a5 - - default default] Successfully bumped revision number for resource a8797748-ae7b-4d55-beec-eecd22d93775 (type: ports) to 1
2026-06-24 19:11:04.490 10 INFO neutron.api.wsgi [None req-778bc5c5-f24e-48f1-b5ab-e507153cfb51 9c5bce045c9341b9834a07370e9b30f4 55e3eb792b5f42d3b854675815dc61a5 - - default default] 10.0.0.30 "POST /v2.0/ports HTTP/1.1" status: 201 len: 1148 time: 0.5360785 /var/lib/openstack/lib/python3.12/site-packages/pycadf/identifier.py:71: UserWarning: Invalid uuid: neutron. To ensure interoperability, identifiers should be a valid uuid. warnings.warn(('Invalid uuid: %s. To ensure interoperability, '
2026-06-24 19:11:04.980 10 INFO neutron.api.wsgi [None req-1a14951e-ee93-4249-8df3-189e0bed14e1 9c5bce045c9341b9834a07370e9b30f4 55e3eb792b5f42d3b854675815dc61a5 - - default default] 10.0.0.30 "DELETE /v2.0/ports/a8797748-ae7b-4d55-beec-eecd22d93775 HTTP/1.1" status: 204 len: 168 time: 0.4859784
2026-06-24 19:11:05.006 10 INFO neutron.pecan_wsgi.hooks.translation [None req-760107df-a583-4dff-97f2-188ff44fda36 9c5bce045c9341b9834a07370e9b30f4 55e3eb792b5f42d3b854675815dc61a5 - - default default] DELETE failed (client error): The resource could not be found.
2026-06-24 19:11:05.010 10 INFO neutron.api.wsgi [None req-760107df-a583-4dff-97f2-188ff44fda36 9c5bce045c9341b9834a07370e9b30f4 55e3eb792b5f42d3b854675815dc61a5 - - default default] 10.0.0.30 "DELETE /v2.0/ports/a8797748-ae7b-4d55-beec-eecd22d93775 HTTP/1.1" status: 404 len: 333 time: 0.0232282
2026-06-24 19:11:05.032 10 INFO neutron.pecan_wsgi.hooks.translation [None req-6d85c669-2791-4d9d-9410-286c2b38655f 9c5bce045c9341b9834a07370e9b30f4 55e3eb792b5f42d3b854675815dc61a5 - - default default] GET failed (client error): The resource could not be found.
2026-06-24 19:11:05.034 10 INFO neutron.api.wsgi [None req-6d85c669-2791-4d9d-9410-286c2b38655f 9c5bce045c9341b9834a07370e9b30f4 55e3eb792b5f42d3b854675815dc61a5 - - default default] 10.0.0.30 "GET /v2.0/ports/a8797748-ae7b-4d55-beec-eecd22d93775 HTTP/1.1" status: 404 len: 333 time: 0.0182867
2026-06-24 19:11:05.240 10 INFO neutron.api.wsgi [None req-10a3ec3a-b866-4f57-b740-360f15785f1f 9c5bce045c9341b9834a07370e9b30f4 55e3eb792b5f42d3b854675815dc61a5 - - default default] 10.0.0.30 "DELETE /v2.0/subnets/73f14d91-668c-4748-838b-1280c1c8b7ab HTTP/1.1" status: 204 len: 168 time: 0.2018251
2026-06-24 19:11:05.274 9 INFO neutron.api.wsgi [None req-f8d193f6-b1ae-473c-b0b3-d15e0661b778 293041c3d1c44f58882016c7f9f1c629 83e00930fe284582a0d4538e1710b04a - - default default] 10.0.0.30 "PUT /v2.0/routers/2d13f20e-88ff-4ef7-9f9a-4bbd983d5f02/remove_router_interface HTTP/1.1" status: 200 len: 503 time: 1.1707890 /var/lib/openstack/lib/python3.12/site-packages/pycadf/identifier.py:71: UserWarning: Invalid uuid: neutron. To ensure interoperability, identifiers should be a valid uuid. warnings.warn(('Invalid uuid: %s. To ensure interoperability, '
2026-06-24 19:11:05.562 10 INFO neutron.services.segments.plugin [-] Segment 718d0e1a-d1c8-4df9-a9a8-429c4b757c0a resource provider aggregate not found
2026-06-24 19:11:05.566 10 INFO neutron.services.segments.plugin [-] Segment 718d0e1a-d1c8-4df9-a9a8-429c4b757c0a resource provider aggregate not found
2026-06-24 19:11:05.573 10 INFO neutron.services.segments.plugin [-] Segment 718d0e1a-d1c8-4df9-a9a8-429c4b757c0a resource provider not found; error: Placement Client Error (4xx): {"errors": [{"status": 404, "title": "Not Found", "detail": "The resource could not be found.\n\n No resource provider with uuid 718d0e1a-d1c8-4df9-a9a8-429c4b757c0a found for delete ", "request_id": "req-b6894955-d72d-4191-a6c4-0db01fde3312"}]}
2026-06-24 19:11:05.580 10 INFO neutron.services.segments.plugin [-] Segment 718d0e1a-d1c8-4df9-a9a8-429c4b757c0a resource provider not found; error: Placement Client Error (4xx): {"errors": [{"status": 404, "title": "Not Found", "detail": "The resource could not be found.\n\n No resource provider with uuid 718d0e1a-d1c8-4df9-a9a8-429c4b757c0a found for delete ", "request_id": "req-3603f603-5f47-4c89-a59d-5fd1242f830e"}]}
2026-06-24 19:11:05.600 10 INFO neutron.api.wsgi [None req-e518b064-e551-4c4f-8b41-9425602eb664 9c5bce045c9341b9834a07370e9b30f4 55e3eb792b5f42d3b854675815dc61a5 - - default default] 10.0.0.30 "DELETE /v2.0/networks/3570d68c-16a0-44be-aff0-c947b51e81d5 HTTP/1.1" status: 204 len: 168 time: 0.3539948
2026-06-24 19:11:05.611 10 WARNING neutron_lib.context [None req-139736d8-4a06-48b7-928f-709e3cca4d60 9c5bce045c9341b9834a07370e9b30f4 55e3eb792b5f42d3b854675815dc61a5 - - default default] Method 'is_advsvc' is deprecated since 2023.2 release (neutron-lib 3.8.0) and will be removed once support for the old RBAC API policies will be removed from Neutron. Please use method 'is_service_role' instead.
2026-06-24 19:11:05.693 10 INFO neutron.db.segments_db [None req-139736d8-4a06-48b7-928f-709e3cca4d60 9c5bce045c9341b9834a07370e9b30f4 55e3eb792b5f42d3b854675815dc61a5 - - default default] Added segment 25e192a8-85d6-4919-ba12-55fc9523fd93 of type geneve for network ba30a00a-f2c4-40eb-8d4a-ae588db86129
2026-06-24 19:11:05.807 10 INFO neutron.db.ovn_revision_numbers_db [None req-139736d8-4a06-48b7-928f-709e3cca4d60 9c5bce045c9341b9834a07370e9b30f4 55e3eb792b5f42d3b854675815dc61a5 - - default default] Successfully bumped revision number for resource ba30a00a-f2c4-40eb-8d4a-ae588db86129 (type: networks) to 1
2026-06-24 19:11:05.936 9 INFO neutron.api.wsgi [None req-7737d1ee-664d-4fa8-878a-eca05076da3f 293041c3d1c44f58882016c7f9f1c629 83e00930fe284582a0d4538e1710b04a - - default default] 10.0.0.30 "DELETE /v2.0/routers/2d13f20e-88ff-4ef7-9f9a-4bbd983d5f02 HTTP/1.1" status: 204 len: 168 time: 0.6558039
2026-06-24 19:11:05.972 10 WARNING neutron.scheduler.dhcp_agent_scheduler [None req-139736d8-4a06-48b7-928f-709e3cca4d60 9c5bce045c9341b9834a07370e9b30f4 55e3eb792b5f42d3b854675815dc61a5 - - default default] No more DHCP agents
2026-06-24 19:11:05.974 10 WARNING neutron.api.rpc.agentnotifiers.dhcp_rpc_agent_api [None req-139736d8-4a06-48b7-928f-709e3cca4d60 9c5bce045c9341b9834a07370e9b30f4 55e3eb792b5f42d3b854675815dc61a5 - - default default] Unable to schedule network ba30a00a-f2c4-40eb-8d4a-ae588db86129: no agents available; will retry on subsequent port and subnet creation events.
2026-06-24 19:11:06.162 9 INFO neutron.api.wsgi [None req-846f8c38-da11-472e-bcd0-63bfb004dc0f 293041c3d1c44f58882016c7f9f1c629 83e00930fe284582a0d4538e1710b04a - - default default] 10.0.0.30 "DELETE /v2.0/subnets/935fb149-b503-4a5c-8c29-9109213714e9 HTTP/1.1" status: 204 len: 168 time: 0.2202580
2026-06-24 19:11:06.236 10 INFO neutron.db.ovn_revision_numbers_db [None req-139736d8-4a06-48b7-928f-709e3cca4d60 9c5bce045c9341b9834a07370e9b30f4 55e3eb792b5f42d3b854675815dc61a5 - - default default] Successfully bumped revision number for resource 3eb343f8-e2ae-4bcc-8b94-760d82ef6a8b (type: ports) to 1
2026-06-24 19:11:06.256 10 INFO neutron.api.wsgi [None req-139736d8-4a06-48b7-928f-709e3cca4d60 9c5bce045c9341b9834a07370e9b30f4 55e3eb792b5f42d3b854675815dc61a5 - - default default] 10.0.0.30 "POST /v2.0/networks HTTP/1.1" status: 201 len: 831 time: 0.6487660
2026-06-24 19:11:06.268 9 WARNING neutron_lib.context [None req-70182859-aeb3-4322-9e45-9254a00bdf32 9c5bce045c9341b9834a07370e9b30f4 55e3eb792b5f42d3b854675815dc61a5 - - default default] Method 'is_advsvc' is deprecated since 2023.2 release (neutron-lib 3.8.0) and will be removed once support for the old RBAC API policies will be removed from Neutron. Please use method 'is_service_role' instead.
2026-06-24 19:11:06.480 9 INFO neutron.services.segments.plugin [-] Segment 06e630cc-f70d-4c8b-a88c-d5b5720a627f resource provider aggregate not found
2026-06-24 19:11:06.484 9 INFO neutron.services.segments.plugin [-] Segment 06e630cc-f70d-4c8b-a88c-d5b5720a627f resource provider aggregate not found
2026-06-24 19:11:06.491 9 WARNING neutron.scheduler.dhcp_agent_scheduler [None req-70182859-aeb3-4322-9e45-9254a00bdf32 9c5bce045c9341b9834a07370e9b30f4 55e3eb792b5f42d3b854675815dc61a5 - - default default] No more DHCP agents
2026-06-24 19:11:06.492 9 WARNING neutron.api.rpc.agentnotifiers.dhcp_rpc_agent_api [None req-70182859-aeb3-4322-9e45-9254a00bdf32 9c5bce045c9341b9834a07370e9b30f4 55e3eb792b5f42d3b854675815dc61a5 - - default default] Unable to schedule network ba30a00a-f2c4-40eb-8d4a-ae588db86129: no agents available; will retry on subsequent port and subnet creation events.
2026-06-24 19:11:06.494 9 INFO neutron.services.segments.plugin [-] Segment 06e630cc-f70d-4c8b-a88c-d5b5720a627f resource provider not found; error: Placement Client Error (4xx): {"errors": [{"status": 404, "title": "Not Found", "detail": "The resource could not be found.\n\n No resource provider with uuid 06e630cc-f70d-4c8b-a88c-d5b5720a627f found for delete ", "request_id": "req-4b1ffa47-5d0c-4834-b057-e9ded44f9b9a"}]}
2026-06-24 19:11:06.496 9 INFO neutron.services.segments.plugin [-] Segment 06e630cc-f70d-4c8b-a88c-d5b5720a627f resource provider not found; error: Placement Client Error (4xx): {"errors": [{"status": 404, "title": "Not Found", "detail": "The resource could not be found.\n\n No resource provider with uuid 06e630cc-f70d-4c8b-a88c-d5b5720a627f found for delete ", "request_id": "req-da4f6df2-6d54-4cf8-a672-368d1d21de19"}]}
2026-06-24 19:11:06.538 9 INFO neutron.api.wsgi [None req-b14b06c8-2306-4681-9feb-64f5be04bebe 293041c3d1c44f58882016c7f9f1c629 83e00930fe284582a0d4538e1710b04a - - default default] 10.0.0.30 "DELETE /v2.0/networks/2930d68f-b183-4160-9144-38ab849fe492 HTTP/1.1" status: 204 len: 168 time: 0.3731873
2026-06-24 19:11:06.731 10 INFO neutron.api.wsgi [req-22376ba4-3e0b-4ac6-9ba1-6e04c24f1218 req-c6bc5596-4cc8-4a9e-92ee-4df21c419fca b9f015a1ead746c6a2d9892f10c33573 a83927348c5845d18a4c2b5a51f34a69 - - default default] 10.0.0.115 "GET /v2.0/ports?device_id=b66f55f8-a987-4c67-bc46-cef9cd428076 HTTP/1.1" status: 200 len: 1170 time: 0.0792689
2026-06-24 19:11:06.771 10 INFO neutron.api.wsgi [None req-e392df21-356c-46e9-bb01-fb1d371a9711 293041c3d1c44f58882016c7f9f1c629 83e00930fe284582a0d4538e1710b04a - - default default] 10.0.0.30 "GET /v2.0/security-groups?tenant_id=b423e25afa4840658b30ded6725e9ea9&name=default HTTP/1.1" status: 200 len: 3120 time: 0.0359359
2026-06-24 19:11:06.780 10 INFO neutron.api.wsgi [req-22376ba4-3e0b-4ac6-9ba1-6e04c24f1218 req-d7f62af4-1027-4df6-abc5-62bee14cc639 b9f015a1ead746c6a2d9892f10c33573 a83927348c5845d18a4c2b5a51f34a69 - - default default] 10.0.0.115 "GET /v2.0/security-groups?id=3e51f763-2568-43e5-b55e-05f5bca67936&fields=id&fields=name HTTP/1.1" status: 200 len: 312 time: 0.0408268
2026-06-24 19:11:06.884 10 INFO neutron.api.wsgi [req-12608396-bc7e-4020-9253-e79470548b04 req-29243f0b-52b2-46f4-a151-33c6009c5d5d b9f015a1ead746c6a2d9892f10c33573 a83927348c5845d18a4c2b5a51f34a69 - - default default] 10.0.0.115 "GET /v2.0/ports?device_id=b66f55f8-a987-4c67-bc46-cef9cd428076 HTTP/1.1" status: 200 len: 1170 time: 0.0488501
2026-06-24 19:11:06.897 9 INFO neutron.db.ovn_revision_numbers_db [None req-e7408447-248b-469c-8705-c8a0e076a330 - - - - - -] Successfully bumped revision number for resource 3eb343f8-e2ae-4bcc-8b94-760d82ef6a8b (type: ports) to 2
2026-06-24 19:11:06.925 9 INFO neutron.db.ovn_revision_numbers_db [None req-e7408447-248b-469c-8705-c8a0e076a330 - - - - - -] Successfully bumped revision number for resource c0c1c6c3-17ae-449c-8d2e-9a48b7c88d82 (type: subnets) to 0
2026-06-24 19:11:06.927 10 INFO neutron.api.wsgi [req-12608396-bc7e-4020-9253-e79470548b04 req-c9a7ef56-8f31-4958-a0f5-cdefb9ecbec0 b9f015a1ead746c6a2d9892f10c33573 a83927348c5845d18a4c2b5a51f34a69 - - default default] 10.0.0.115 "GET /v2.0/security-groups?id=3e51f763-2568-43e5-b55e-05f5bca67936&fields=id&fields=name HTTP/1.1" status: 200 len: 312 time: 0.0367124
2026-06-24 19:11:06.942 9 INFO neutron.api.wsgi [None req-70182859-aeb3-4322-9e45-9254a00bdf32 9c5bce045c9341b9834a07370e9b30f4 55e3eb792b5f42d3b854675815dc61a5 - - default default] 10.0.0.30 "POST /v2.0/subnets HTTP/1.1" status: 201 len: 825 time: 0.6792889
2026-06-24 19:11:06.956 9 WARNING neutron_lib.context [None req-64c41e6d-8604-4239-9ed4-e77d63427184 9c5bce045c9341b9834a07370e9b30f4 55e3eb792b5f42d3b854675815dc61a5 - - default default] Method 'is_advsvc' is deprecated since 2023.2 release (neutron-lib 3.8.0) and will be removed once support for the old RBAC API policies will be removed from Neutron. Please use method 'is_service_role' instead.
2026-06-24 19:11:07.003 10 INFO neutron.api.wsgi [None req-608add40-9d22-4476-aa1b-edb25c5b1665 293041c3d1c44f58882016c7f9f1c629 83e00930fe284582a0d4538e1710b04a - - default default] 10.0.0.30 "DELETE /v2.0/security-groups/6bdcc06c-cd67-44bf-b2cf-f41bfdb6b18c HTTP/1.1" status: 204 len: 168 time: 0.2274852
2026-06-24 19:11:07.265 9 WARNING neutron.scheduler.dhcp_agent_scheduler [None req-64c41e6d-8604-4239-9ed4-e77d63427184 9c5bce045c9341b9834a07370e9b30f4 55e3eb792b5f42d3b854675815dc61a5 - - default default] No more DHCP agents
2026-06-24 19:11:07.267 9 WARNING neutron.api.rpc.agentnotifiers.dhcp_rpc_agent_api [None req-64c41e6d-8604-4239-9ed4-e77d63427184 9c5bce045c9341b9834a07370e9b30f4 55e3eb792b5f42d3b854675815dc61a5 - - default default] Unable to schedule network ba30a00a-f2c4-40eb-8d4a-ae588db86129: no agents available; will retry on subsequent port and subnet creation events.
2026-06-24 19:11:07.288 10 INFO neutron.api.wsgi [req-fa7e9ab9-522b-4ff4-aeeb-be894d3c958b req-411a1a31-a92d-4b88-8c75-c6c08149e9c9 b9f015a1ead746c6a2d9892f10c33573 a83927348c5845d18a4c2b5a51f34a69 - - default default] 10.0.0.115 "GET /v2.0/ports?device_id=b66f55f8-a987-4c67-bc46-cef9cd428076 HTTP/1.1" status: 200 len: 1170 time: 0.0359743
2026-06-24 19:11:07.339 10 INFO neutron.api.wsgi [req-fa7e9ab9-522b-4ff4-aeeb-be894d3c958b req-7744220b-5432-4806-a246-af5ddde25fcd b9f015a1ead746c6a2d9892f10c33573 a83927348c5845d18a4c2b5a51f34a69 - - default default] 10.0.0.115 "GET /v2.0/security-groups?id=3e51f763-2568-43e5-b55e-05f5bca67936&fields=id&fields=name HTTP/1.1" status: 200 len: 312 time: 0.0458512
2026-06-24 19:11:07.396 9 INFO neutron.db.ovn_revision_numbers_db [None req-64c41e6d-8604-4239-9ed4-e77d63427184 9c5bce045c9341b9834a07370e9b30f4 55e3eb792b5f42d3b854675815dc61a5 - - default default] Successfully bumped revision number for resource 4cad63ad-2811-4b36-a21f-775529d12f89 (type: ports) to 1
2026-06-24 19:11:07.417 9 INFO neutron.api.wsgi [None req-64c41e6d-8604-4239-9ed4-e77d63427184 9c5bce045c9341b9834a07370e9b30f4 55e3eb792b5f42d3b854675815dc61a5 - - default default] 10.0.0.30 "POST /v2.0/ports HTTP/1.1" status: 201 len: 1111 time: 0.4672737
2026-06-24 19:11:07.706 9 INFO neutron.api.wsgi [None req-2c565248-ff4a-4f0c-b6a7-d42f5a9e31d8 9c5bce045c9341b9834a07370e9b30f4 55e3eb792b5f42d3b854675815dc61a5 - - default default] 10.0.0.30 "DELETE /v2.0/ports/4cad63ad-2811-4b36-a21f-775529d12f89 HTTP/1.1" status: 204 len: 168 time: 0.2830493
2026-06-24 19:11:07.727 10 INFO neutron.pecan_wsgi.hooks.translation [None req-90339c57-0e96-4f5e-ab3f-b6e1c1d635d1 9c5bce045c9341b9834a07370e9b30f4 55e3eb792b5f42d3b854675815dc61a5 - - default default] GET failed (client error): The resource could not be found.
2026-06-24 19:11:07.729 10 INFO neutron.api.wsgi [None req-90339c57-0e96-4f5e-ab3f-b6e1c1d635d1 9c5bce045c9341b9834a07370e9b30f4 55e3eb792b5f42d3b854675815dc61a5 - - default default] 10.0.0.30 "GET /v2.0/ports/4cad63ad-2811-4b36-a21f-775529d12f89 HTTP/1.1" status: 404 len: 333 time: 0.0178463
2026-06-24 19:11:07.835 10 INFO neutron.db.ovn_revision_numbers_db [None req-1b8071bc-3d7d-4195-9e3c-33ec01d22d1f 293041c3d1c44f58882016c7f9f1c629 83e00930fe284582a0d4538e1710b04a - - default default] Successfully bumped revision number for resource 6f0e9d45-0e9b-4354-9af9-29d89de48058 (type: security_groups) to 1
2026-06-24 19:11:07.852 10 INFO neutron.db.ovn_revision_numbers_db [None req-1b8071bc-3d7d-4195-9e3c-33ec01d22d1f 293041c3d1c44f58882016c7f9f1c629 83e00930fe284582a0d4538e1710b04a - - default default] Successfully bumped revision number for resource 1ec076a6-43d1-4b4b-84ec-812b197eaefa (type: security_group_rules) to 0
2026-06-24 19:11:07.871 10 INFO neutron.db.ovn_revision_numbers_db [None req-1b8071bc-3d7d-4195-9e3c-33ec01d22d1f 293041c3d1c44f58882016c7f9f1c629 83e00930fe284582a0d4538e1710b04a - - default default] Successfully bumped revision number for resource bb01a80f-0b48-4b8a-92fd-b0acc6205b28 (type: security_group_rules) to 0
2026-06-24 19:11:07.885 10 INFO neutron.db.ovn_revision_numbers_db [None req-1b8071bc-3d7d-4195-9e3c-33ec01d22d1f 293041c3d1c44f58882016c7f9f1c629 83e00930fe284582a0d4538e1710b04a - - default default] Successfully bumped revision number for resource d78f0bc9-10af-4cbd-9703-24e85a4d50d5 (type: security_group_rules) to 0
2026-06-24 19:11:07.899 10 INFO neutron.db.ovn_revision_numbers_db [None req-1b8071bc-3d7d-4195-9e3c-33ec01d22d1f 293041c3d1c44f58882016c7f9f1c629 83e00930fe284582a0d4538e1710b04a - - default default] Successfully bumped revision number for resource e726bc91-2891-4b51-b66b-5de2ed784c9e (type: security_group_rules) to 0
2026-06-24 19:11:07.938 9 INFO neutron.api.wsgi [None req-efd978b2-23c3-41d9-9a6c-5d40a1e8536c 9c5bce045c9341b9834a07370e9b30f4 55e3eb792b5f42d3b854675815dc61a5 - - default default] 10.0.0.30 "DELETE /v2.0/subnets/c0c1c6c3-17ae-449c-8d2e-9a48b7c88d82 HTTP/1.1" status: 204 len: 168 time: 0.2048662
2026-06-24 19:11:07.946 10 INFO neutron.api.wsgi [None req-1b8071bc-3d7d-4195-9e3c-33ec01d22d1f 293041c3d1c44f58882016c7f9f1c629 83e00930fe284582a0d4538e1710b04a - - default default] 10.0.0.30 "GET /v2.0/security-groups?tenant_id=b5f19e5c15fa4398b791482583969d67&name=default HTTP/1.1" status: 200 len: 3120 time: 0.3996351
2026-06-24 19:11:08.209 10 INFO neutron.api.wsgi [None req-f86bc31c-8da8-4af6-a040-347af1778bef 293041c3d1c44f58882016c7f9f1c629 83e00930fe284582a0d4538e1710b04a - - default default] 10.0.0.30 "DELETE /v2.0/security-groups/6f0e9d45-0e9b-4354-9af9-29d89de48058 HTTP/1.1" status: 204 len: 168 time: 0.2540305
2026-06-24 19:11:08.350 9 INFO neutron.api.wsgi [None req-8e8e5cb1-5801-408a-9ed1-15276ee79038 9c5bce045c9341b9834a07370e9b30f4 55e3eb792b5f42d3b854675815dc61a5 - - default default] 10.0.0.30 "DELETE /v2.0/networks/ba30a00a-f2c4-40eb-8d4a-ae588db86129 HTTP/1.1" status: 204 len: 168 time: 0.4032984
2026-06-24 19:11:08.363 10 WARNING neutron_lib.context [None req-3d132bc6-5c7b-46cb-993a-fbc79c4254dd 9c5bce045c9341b9834a07370e9b30f4 55e3eb792b5f42d3b854675815dc61a5 - - default default] Method 'is_advsvc' is deprecated since 2023.2 release (neutron-lib 3.8.0) and will be removed once support for the old RBAC API policies will be removed from Neutron. Please use method 'is_service_role' instead.
2026-06-24 19:11:08.435 9 INFO neutron.db.ovn_revision_numbers_db [None req-431aa865-828a-454d-b965-939af9e45453 293041c3d1c44f58882016c7f9f1c629 83e00930fe284582a0d4538e1710b04a - - default default] Successfully bumped revision number for resource 71e7650d-9552-4852-bb90-cdbb2b6f231b (type: security_groups) to 1
2026-06-24 19:11:08.447 10 INFO neutron.api.wsgi [req-f80cdd3a-e398-4f52-8b1d-170ac9cf2d84 req-d3277d2e-474a-41d1-9289-1926d1992fa2 b9f015a1ead746c6a2d9892f10c33573 a83927348c5845d18a4c2b5a51f34a69 - - default default] 10.0.0.115 "GET /v2.0/ports?device_id=b66f55f8-a987-4c67-bc46-cef9cd428076 HTTP/1.1" status: 200 len: 1170 time: 0.0499523
2026-06-24 19:11:08.448 9 INFO neutron.db.ovn_revision_numbers_db [None req-431aa865-828a-454d-b965-939af9e45453 293041c3d1c44f58882016c7f9f1c629 83e00930fe284582a0d4538e1710b04a - - default default] Successfully bumped revision number for resource 0151f99e-d241-4705-8c4d-d786aa03d9ae (type: security_group_rules) to 0
2026-06-24 19:11:08.465 9 INFO neutron.db.ovn_revision_numbers_db [None req-431aa865-828a-454d-b965-939af9e45453 293041c3d1c44f58882016c7f9f1c629 83e00930fe284582a0d4538e1710b04a - - default default] Successfully bumped revision number for resource 4a4b2f2c-cb15-4c7b-bb8a-eedec0932a07 (type: security_group_rules) to 0
2026-06-24 19:11:08.480 9 INFO neutron.db.ovn_revision_numbers_db [None req-431aa865-828a-454d-b965-939af9e45453 293041c3d1c44f58882016c7f9f1c629 83e00930fe284582a0d4538e1710b04a - - default default] Successfully bumped revision number for resource 6d45e058-e962-4cdb-a341-9f5a4295fb0a (type: security_group_rules) to 0
2026-06-24 19:11:08.492 9 INFO neutron.db.ovn_revision_numbers_db [None req-431aa865-828a-454d-b965-939af9e45453 293041c3d1c44f58882016c7f9f1c629 83e00930fe284582a0d4538e1710b04a - - default default] Successfully bumped revision number for resource f3d9380e-546d-4d95-ba05-e7512bebbfb0 (type: security_group_rules) to 0
2026-06-24 19:11:08.496 10 INFO neutron.api.wsgi [req-f80cdd3a-e398-4f52-8b1d-170ac9cf2d84 req-13f47ac1-0c69-4ca5-9cc3-7e27f240f93a b9f015a1ead746c6a2d9892f10c33573 a83927348c5845d18a4c2b5a51f34a69 - - default default] 10.0.0.115 "GET /v2.0/security-groups?id=3e51f763-2568-43e5-b55e-05f5bca67936&fields=id&fields=name HTTP/1.1" status: 200 len: 312 time: 0.0429578
2026-06-24 19:11:08.510 9 INFO neutron.services.segments.plugin [-] Segment 25e192a8-85d6-4919-ba12-55fc9523fd93 resource provider aggregate not found
2026-06-24 19:11:08.516 9 INFO neutron.services.segments.plugin [-] Segment 25e192a8-85d6-4919-ba12-55fc9523fd93 resource provider aggregate not found
2026-06-24 19:11:08.523 9 INFO neutron.services.segments.plugin [-] Segment 25e192a8-85d6-4919-ba12-55fc9523fd93 resource provider not found; error: Placement Client Error (4xx): {"errors": [{"status": 404, "title": "Not Found", "detail": "The resource could not be found.\n\n No resource provider with uuid 25e192a8-85d6-4919-ba12-55fc9523fd93 found for delete ", "request_id": "req-f9de3b15-d55e-4aef-9215-36cc82f70dac"}]}
2026-06-24 19:11:08.525 9 INFO neutron.services.segments.plugin [-] Segment 25e192a8-85d6-4919-ba12-55fc9523fd93 resource provider not found; error: Placement Client Error (4xx): {"errors": [{"status": 404, "title": "Not Found", "detail": "The resource could not be found.\n\n No resource provider with uuid 25e192a8-85d6-4919-ba12-55fc9523fd93 found for delete ", "request_id": "req-e435f417-6ee7-44a2-834b-e3a0f6dbc92d"}]}
2026-06-24 19:11:08.536 9 INFO neutron.api.wsgi [None req-431aa865-828a-454d-b965-939af9e45453 293041c3d1c44f58882016c7f9f1c629 83e00930fe284582a0d4538e1710b04a - - default default] 10.0.0.30 "GET /v2.0/security-groups?tenant_id=cac5f1b734a446578d5e9c8819ec88e8&name=default HTTP/1.1" status: 200 len: 3120 time: 0.2301660
2026-06-24 19:11:08.589 10 WARNING neutron.scheduler.dhcp_agent_scheduler [None req-3d132bc6-5c7b-46cb-993a-fbc79c4254dd 9c5bce045c9341b9834a07370e9b30f4 55e3eb792b5f42d3b854675815dc61a5 - - default default] No more DHCP agents
2026-06-24 19:11:08.591 10 WARNING neutron.api.rpc.agentnotifiers.dhcp_rpc_agent_api [None req-3d132bc6-5c7b-46cb-993a-fbc79c4254dd 9c5bce045c9341b9834a07370e9b30f4 55e3eb792b5f42d3b854675815dc61a5 - - default default] Unable to schedule network 63caca40-696c-424a-aaef-eaf6f7cf0f67: no agents available; will retry on subsequent port and subnet creation events.
2026-06-24 19:11:08.649 10 INFO neutron.db.ovn_revision_numbers_db [None req-3d132bc6-5c7b-46cb-993a-fbc79c4254dd 9c5bce045c9341b9834a07370e9b30f4 55e3eb792b5f42d3b854675815dc61a5 - - default default] Successfully bumped revision number for resource cc70104c-578a-4cb2-8176-93c9d26342d6 (type: ports) to 1
