2026-06-24 19:10:35.210 10 INFO neutron.services.segments.plugin [-] Segment 2a657b23-94b1-4f9a-8e43-614d7338099f resource provider not found; error: Placement Client Error (4xx): {"errors": [{"status": 404, "title": "Not Found", "detail": "The resource could not be found.\n\n No resource provider with uuid 2a657b23-94b1-4f9a-8e43-614d7338099f found for delete ", "request_id": "req-637fb9a3-ea78-438d-a2cd-6afb2e5faa64"}]}
2026-06-24 19:10:35.212 10 INFO neutron.services.segments.plugin [-] Segment 2a657b23-94b1-4f9a-8e43-614d7338099f resource provider not found; error: Placement Client Error (4xx): {"errors": [{"status": 404, "title": "Not Found", "detail": "The resource could not be found.\n\n No resource provider with uuid 2a657b23-94b1-4f9a-8e43-614d7338099f found for delete ", "request_id": "req-2b3caa64-2980-43f4-9ba5-67bfac24a410"}]}
2026-06-24 19:10:35.220 10 INFO neutron.api.wsgi [None req-042a6993-d167-48e4-8723-f029032df2fe 293041c3d1c44f58882016c7f9f1c629 83e00930fe284582a0d4538e1710b04a - - default default] 10.0.0.30 "DELETE /v2.0/networks/d0dd6054-0046-4add-ae78-acab8b95ed67 HTTP/1.1" status: 204 len: 168 time: 0.3959255
2026-06-24 19:10:35.256 9 INFO neutron.api.wsgi [None req-bfd6fbdb-4645-41f6-89dc-28204711ec92 293041c3d1c44f58882016c7f9f1c629 83e00930fe284582a0d4538e1710b04a - - default default] 10.0.0.30 "DELETE /v2.0/security-groups/202cb8ab-9a52-4b9e-97a0-e5be233f94fa HTTP/1.1" status: 204 len: 168 time: 0.2385912
2026-06-24 19:10:35.287 9 WARNING neutron_lib.context [None req-f47b0dc5-3a0f-42bb-b4e2-941476190374 b9f015a1ead746c6a2d9892f10c33573 a83927348c5845d18a4c2b5a51f34a69 - - default default] Method 'is_advsvc' is deprecated since 2023.2 release (neutron-lib 3.8.0) and will be removed once support for the old RBAC API policies will be removed from Neutron. Please use method 'is_service_role' instead.
2026-06-24 19:10:35.379 9 INFO neutron.api.wsgi [req-cd013e40-b588-430c-88e4-0d30a7c41436 req-f3b41c7b-de0b-493b-8f38-bb6fa706af4c 16a751e4d43945aea1f12649bca1580d e4904095b6f242b6963b29c23c7a5ab7 - - fe8001579ed44485b69939a499861bca fe8001579ed44485b69939a499861bca] 199.19.213.107 "GET /v2.0/ports?tenant_id=75f9c8f298d54994a974272343cf5b81&device_id=67fcd7f4-2fc1-4007-b6fc-13e7915a4e97 HTTP/1.1" status: 200 len: 1413 time: 0.0382423
2026-06-24 19:10:35.422 9 INFO neutron.db.ovn_revision_numbers_db [None req-f47b0dc5-3a0f-42bb-b4e2-941476190374 b9f015a1ead746c6a2d9892f10c33573 a83927348c5845d18a4c2b5a51f34a69 - - default default] Successfully bumped revision number for resource 3e51f763-2568-43e5-b55e-05f5bca67936 (type: security_groups) to 1
2026-06-24 19:10:35.432 9 INFO neutron.api.wsgi [req-cd013e40-b588-430c-88e4-0d30a7c41436 req-0ab2396e-c180-45b8-aeb3-fe92b9c1ebcf 16a751e4d43945aea1f12649bca1580d e4904095b6f242b6963b29c23c7a5ab7 - - fe8001579ed44485b69939a499861bca fe8001579ed44485b69939a499861bca] 199.19.213.107 "GET /v2.0/networks?id=02e71810-d891-4ad9-b002-4e806d2923e1 HTTP/1.1" status: 200 len: 982 time: 0.0463171
2026-06-24 19:10:35.438 9 INFO neutron.db.ovn_revision_numbers_db [None req-f47b0dc5-3a0f-42bb-b4e2-941476190374 b9f015a1ead746c6a2d9892f10c33573 a83927348c5845d18a4c2b5a51f34a69 - - default default] Successfully bumped revision number for resource 486ba059-c08b-413e-b2df-9f2d5700c85d (type: security_group_rules) to 0
2026-06-24 19:10:35.467 9 INFO neutron.db.ovn_revision_numbers_db [None req-f47b0dc5-3a0f-42bb-b4e2-941476190374 b9f015a1ead746c6a2d9892f10c33573 a83927348c5845d18a4c2b5a51f34a69 - - default default] Successfully bumped revision number for resource bad53c81-96be-432a-aa6c-e0df372a24c1 (type: security_group_rules) to 0
2026-06-24 19:10:35.484 9 INFO neutron.api.wsgi [req-cd013e40-b588-430c-88e4-0d30a7c41436 req-0eb4e8f9-1f65-452d-8d37-37885da117f4 16a751e4d43945aea1f12649bca1580d e4904095b6f242b6963b29c23c7a5ab7 - - fe8001579ed44485b69939a499861bca fe8001579ed44485b69939a499861bca] 199.19.213.107 "GET /v2.0/floatingips?fixed_ip_address=10.100.0.13&port_id=0868e85f-eabc-45b4-a83a-401f266c229f HTTP/1.1" status: 200 len: 1060 time: 0.0445108
2026-06-24 19:10:35.495 10 INFO neutron.api.wsgi [None req-261a2e12-fa8b-4578-90c2-cfe65c9f81ae 293041c3d1c44f58882016c7f9f1c629 83e00930fe284582a0d4538e1710b04a - - default default] 10.0.0.30 "GET /v2.0/security-groups?tenant_id=7d4cf355b61347f3b9728fefe5225dac&name=default HTTP/1.1" status: 200 len: 3120 time: 0.0333617
2026-06-24 19:10:35.506 9 INFO neutron.api.wsgi [None req-f47b0dc5-3a0f-42bb-b4e2-941476190374 b9f015a1ead746c6a2d9892f10c33573 a83927348c5845d18a4c2b5a51f34a69 - - default default] 10.0.0.30 "POST /v2.0/security-groups HTTP/1.1" status: 201 len: 1860 time: 0.2242911
2026-06-24 19:10:35.521 10 WARNING neutron_lib.context [None req-e4739ea5-8f9b-4ecf-879c-45e098139306 b9f015a1ead746c6a2d9892f10c33573 a83927348c5845d18a4c2b5a51f34a69 - - default default] Method 'is_advsvc' is deprecated since 2023.2 release (neutron-lib 3.8.0) and will be removed once support for the old RBAC API policies will be removed from Neutron. Please use method 'is_service_role' instead.
2026-06-24 19:10:35.532 9 INFO neutron.api.wsgi [req-cd013e40-b588-430c-88e4-0d30a7c41436 req-02e47557-dfe8-4cc7-b69c-afff77cf908c 16a751e4d43945aea1f12649bca1580d e4904095b6f242b6963b29c23c7a5ab7 - - fe8001579ed44485b69939a499861bca fe8001579ed44485b69939a499861bca] 199.19.213.107 "GET /v2.0/subnets?id=9d056899-bf4e-4f0e-8f92-3e6a88fb70dd HTTP/1.1" status: 200 len: 901 time: 0.0426061
2026-06-24 19:10:35.558 9 INFO neutron.api.wsgi [req-cd013e40-b588-430c-88e4-0d30a7c41436 req-83f7a423-3f4b-443f-a5df-9ddf510770c1 16a751e4d43945aea1f12649bca1580d e4904095b6f242b6963b29c23c7a5ab7 - - fe8001579ed44485b69939a499861bca fe8001579ed44485b69939a499861bca] 199.19.213.107 "GET /v2.0/ports?network_id=02e71810-d891-4ad9-b002-4e806d2923e1&device_owner=network%3Adhcp HTTP/1.1" status: 200 len: 210 time: 0.0185838
2026-06-24 19:10:35.632 9 INFO neutron.api.wsgi [req-cd013e40-b588-430c-88e4-0d30a7c41436 req-9ce8d9a5-f10d-4695-ab42-38fb699ccf0f 16a751e4d43945aea1f12649bca1580d e4904095b6f242b6963b29c23c7a5ab7 - - fe8001579ed44485b69939a499861bca fe8001579ed44485b69939a499861bca] 199.19.213.107 "GET /v2.0/networks/02e71810-d891-4ad9-b002-4e806d2923e1?fields=segments HTTP/1.1" status: 200 len: 212 time: 0.0679078
2026-06-24 19:10:35.636 10 INFO neutron.db.ovn_revision_numbers_db [None req-e4739ea5-8f9b-4ecf-879c-45e098139306 b9f015a1ead746c6a2d9892f10c33573 a83927348c5845d18a4c2b5a51f34a69 - - default default] Successfully bumped revision number for resource be4f28c7-9993-463e-9ea2-d036f769eb02 (type: security_group_rules) to 0
2026-06-24 19:10:35.670 10 INFO neutron.api.wsgi [None req-e4739ea5-8f9b-4ecf-879c-45e098139306 b9f015a1ead746c6a2d9892f10c33573 a83927348c5845d18a4c2b5a51f34a69 - - default default] 10.0.0.30 "POST /v2.0/security-group-rules HTTP/1.1" status: 201 len: 796 time: 0.1565564
2026-06-24 19:10:35.681 9 WARNING neutron_lib.context [None req-b371e8d6-12d1-40a5-97ed-3d45a44b5344 b9f015a1ead746c6a2d9892f10c33573 a83927348c5845d18a4c2b5a51f34a69 - - default default] Method 'is_advsvc' is deprecated since 2023.2 release (neutron-lib 3.8.0) and will be removed once support for the old RBAC API policies will be removed from Neutron. Please use method 'is_service_role' instead.
2026-06-24 19:10:35.696 9 INFO neutron.api.wsgi [req-cd013e40-b588-430c-88e4-0d30a7c41436 req-b7d69830-6f89-4d58-8ab2-47fc9743aeae 16a751e4d43945aea1f12649bca1580d e4904095b6f242b6963b29c23c7a5ab7 - - fe8001579ed44485b69939a499861bca fe8001579ed44485b69939a499861bca] 199.19.213.107 "GET /v2.0/networks/02e71810-d891-4ad9-b002-4e806d2923e1?fields=provider%3Aphysical_network&fields=provider%3Anetwork_type HTTP/1.1" status: 200 len: 277 time: 0.0519512
2026-06-24 19:10:35.738 9 INFO neutron.api.wsgi [None req-67c46519-370c-4742-9de0-ad8b623eea62 293041c3d1c44f58882016c7f9f1c629 83e00930fe284582a0d4538e1710b04a - - default default] 10.0.0.30 "DELETE /v2.0/security-groups/840a8719-8cb8-4163-8c33-d332bfdfa4fc HTTP/1.1" status: 204 len: 168 time: 0.2359419
2026-06-24 19:10:35.857 9 INFO neutron.db.ovn_revision_numbers_db [None req-b371e8d6-12d1-40a5-97ed-3d45a44b5344 b9f015a1ead746c6a2d9892f10c33573 a83927348c5845d18a4c2b5a51f34a69 - - default default] Successfully bumped revision number for resource 919ac424-f94f-42b5-91f5-e112f3c1bc29 (type: security_group_rules) to 0
2026-06-24 19:10:35.893 9 INFO neutron.api.wsgi [None req-b371e8d6-12d1-40a5-97ed-3d45a44b5344 b9f015a1ead746c6a2d9892f10c33573 a83927348c5845d18a4c2b5a51f34a69 - - default default] 10.0.0.30 "POST /v2.0/security-group-rules HTTP/1.1" status: 201 len: 801 time: 0.2161846
2026-06-24 19:10:35.905 9 WARNING neutron_lib.context [None req-704c760e-6abc-4867-b42d-d2bff778eb0f b9f015a1ead746c6a2d9892f10c33573 a83927348c5845d18a4c2b5a51f34a69 - - default default] Method 'is_advsvc' is deprecated since 2023.2 release (neutron-lib 3.8.0) and will be removed once support for the old RBAC API policies will be removed from Neutron. Please use method 'is_service_role' instead.
2026-06-24 19:10:35.978 10 INFO neutron.api.wsgi [req-a0f2e7dd-8eab-4aa4-9c3f-4bb56cf43298 req-c39bf24f-aef4-45dd-b2a4-ab79637c4a36 5c99836a942d47a3b3baaf10b1e32978 75f9c8f298d54994a974272343cf5b81 - - default default] 10.0.0.115 "GET /v2.0/ports?device_id=67fcd7f4-2fc1-4007-b6fc-13e7915a4e97 HTTP/1.1" status: 200 len: 1174 time: 0.0747659
2026-06-24 19:10:36.025 10 INFO neutron.api.wsgi [req-a0f2e7dd-8eab-4aa4-9c3f-4bb56cf43298 req-52e32d96-6144-4232-b7d9-49547eb58919 5c99836a942d47a3b3baaf10b1e32978 75f9c8f298d54994a974272343cf5b81 - - default default] 10.0.0.115 "GET /v2.0/security-groups?id=af86d82d-0896-4205-abaa-1638df083d55&fields=id&fields=name HTTP/1.1" status: 200 len: 312 time: 0.0406351
2026-06-24 19:10:36.139 9 WARNING neutron.scheduler.dhcp_agent_scheduler [None req-704c760e-6abc-4867-b42d-d2bff778eb0f b9f015a1ead746c6a2d9892f10c33573 a83927348c5845d18a4c2b5a51f34a69 - - default default] No more DHCP agents
2026-06-24 19:10:36.141 9 WARNING neutron.api.rpc.agentnotifiers.dhcp_rpc_agent_api [None req-704c760e-6abc-4867-b42d-d2bff778eb0f b9f015a1ead746c6a2d9892f10c33573 a83927348c5845d18a4c2b5a51f34a69 - - default default] Unable to schedule network ef010c93-854e-4f3b-8e13-71e6b38adb80: no agents available; will retry on subsequent port and subnet creation events.
2026-06-24 19:10:36.411 9 INFO neutron.api.wsgi [None req-704c760e-6abc-4867-b42d-d2bff778eb0f b9f015a1ead746c6a2d9892f10c33573 a83927348c5845d18a4c2b5a51f34a69 - - default default] 10.0.0.30 "POST /v2.0/floatingips HTTP/1.1" status: 201 len: 751 time: 0.5109386
2026-06-24 19:10:36.748 9 INFO neutron.api.wsgi [req-d2905dc7-9cf0-42f1-adff-9536f5baa7e4 req-375a0dbf-cec8-4135-966e-a2cc4dbf3573 16a751e4d43945aea1f12649bca1580d e4904095b6f242b6963b29c23c7a5ab7 - - fe8001579ed44485b69939a499861bca fe8001579ed44485b69939a499861bca] 199.19.213.107 "GET /v2.0/ports?tenant_id=75f9c8f298d54994a974272343cf5b81&device_id=67fcd7f4-2fc1-4007-b6fc-13e7915a4e97 HTTP/1.1" status: 200 len: 1413 time: 0.0322006
2026-06-24 19:10:36.803 9 INFO neutron.api.wsgi [req-d2905dc7-9cf0-42f1-adff-9536f5baa7e4 req-1f9e3ac5-07fb-487b-84f9-9d339d6ce375 16a751e4d43945aea1f12649bca1580d e4904095b6f242b6963b29c23c7a5ab7 - - fe8001579ed44485b69939a499861bca fe8001579ed44485b69939a499861bca] 199.19.213.107 "GET /v2.0/networks?id=02e71810-d891-4ad9-b002-4e806d2923e1 HTTP/1.1" status: 200 len: 982 time: 0.0494301
2026-06-24 19:10:36.858 9 INFO neutron.api.wsgi [req-d2905dc7-9cf0-42f1-adff-9536f5baa7e4 req-116a8610-9684-404e-bdc4-ea877bad51d9 16a751e4d43945aea1f12649bca1580d e4904095b6f242b6963b29c23c7a5ab7 - - fe8001579ed44485b69939a499861bca fe8001579ed44485b69939a499861bca] 199.19.213.107 "GET /v2.0/floatingips?fixed_ip_address=10.100.0.13&port_id=0868e85f-eabc-45b4-a83a-401f266c229f HTTP/1.1" status: 200 len: 1060 time: 0.0494056
2026-06-24 19:10:36.903 9 INFO neutron.api.wsgi [req-d2905dc7-9cf0-42f1-adff-9536f5baa7e4 req-4e0f99a2-26a0-4bd6-9878-cb7244b27a32 16a751e4d43945aea1f12649bca1580d e4904095b6f242b6963b29c23c7a5ab7 - - fe8001579ed44485b69939a499861bca fe8001579ed44485b69939a499861bca] 199.19.213.107 "GET /v2.0/subnets?id=9d056899-bf4e-4f0e-8f92-3e6a88fb70dd HTTP/1.1" status: 200 len: 901 time: 0.0396283
2026-06-24 19:10:36.928 9 INFO neutron.api.wsgi [req-d2905dc7-9cf0-42f1-adff-9536f5baa7e4 req-8ad35106-1104-4855-b1cd-93841fdb3797 16a751e4d43945aea1f12649bca1580d e4904095b6f242b6963b29c23c7a5ab7 - - fe8001579ed44485b69939a499861bca fe8001579ed44485b69939a499861bca] 199.19.213.107 "GET /v2.0/ports?network_id=02e71810-d891-4ad9-b002-4e806d2923e1&device_owner=network%3Adhcp HTTP/1.1" status: 200 len: 210 time: 0.0209246
2026-06-24 19:10:36.937 10 INFO neutron.api.wsgi [req-9ecaae67-8a5e-4721-b1e4-0621fc767907 req-52a86fdd-9c4e-40fb-b9c5-dc6740a65554 b9f015a1ead746c6a2d9892f10c33573 a83927348c5845d18a4c2b5a51f34a69 - - default default] 10.0.0.115 "GET /v2.0/security-groups?name=tempest-securitygroup--996976015&fields=id&tenant_id=a83927348c5845d18a4c2b5a51f34a69 HTTP/1.1" status: 200 len: 267 time: 0.0509381
2026-06-24 19:10:36.993 9 INFO neutron.api.wsgi [req-d2905dc7-9cf0-42f1-adff-9536f5baa7e4 req-250fb7f5-9931-4775-bf7f-64646a1d36d1 16a751e4d43945aea1f12649bca1580d e4904095b6f242b6963b29c23c7a5ab7 - - fe8001579ed44485b69939a499861bca fe8001579ed44485b69939a499861bca] 199.19.213.107 "GET /v2.0/networks/02e71810-d891-4ad9-b002-4e806d2923e1?fields=segments HTTP/1.1" status: 200 len: 212 time: 0.0598967
2026-06-24 19:10:36.993 10 INFO neutron.api.wsgi [req-9ecaae67-8a5e-4721-b1e4-0621fc767907 req-5f0b07e8-4de9-4d83-b7a3-ede19f6afb7f b9f015a1ead746c6a2d9892f10c33573 a83927348c5845d18a4c2b5a51f34a69 - - default default] 10.0.0.115 "GET /v2.0/networks?id=d641cba8-f14d-43de-9209-30dc5f26a26c HTTP/1.1" status: 200 len: 874 time: 0.0468237
2026-06-24 19:10:37.017 10 INFO neutron.api.wsgi [req-9ecaae67-8a5e-4721-b1e4-0621fc767907 req-f70af275-3b7f-4055-995f-14d2758a16ec b9f015a1ead746c6a2d9892f10c33573 a83927348c5845d18a4c2b5a51f34a69 - - default default] 10.0.0.115 "GET /v2.0/quotas/a83927348c5845d18a4c2b5a51f34a69 HTTP/1.1" status: 200 len: 491 time: 0.0140102
2026-06-24 19:10:37.052 9 INFO neutron.api.wsgi [req-d2905dc7-9cf0-42f1-adff-9536f5baa7e4 req-002d60fd-d7f9-4702-97cb-81f55d1076ac 16a751e4d43945aea1f12649bca1580d e4904095b6f242b6963b29c23c7a5ab7 - - fe8001579ed44485b69939a499861bca fe8001579ed44485b69939a499861bca] 199.19.213.107 "GET /v2.0/networks/02e71810-d891-4ad9-b002-4e806d2923e1?fields=provider%3Aphysical_network&fields=provider%3Anetwork_type HTTP/1.1" status: 200 len: 277 time: 0.0541999
2026-06-24 19:10:37.151 10 INFO neutron.api.wsgi [req-5c3b0afe-c3e9-470c-b68e-9729cb78a237 req-0d3fe6f0-a636-458b-8c95-9c20aaf36495 5c99836a942d47a3b3baaf10b1e32978 75f9c8f298d54994a974272343cf5b81 - - default default] 10.0.0.115 "GET /v2.0/ports?device_id=67fcd7f4-2fc1-4007-b6fc-13e7915a4e97 HTTP/1.1" status: 200 len: 1174 time: 0.0473545
2026-06-24 19:10:37.163 10 INFO neutron.api.wsgi [req-9ecaae67-8a5e-4721-b1e4-0621fc767907 req-603ec8c6-3812-4ee4-8c88-0f4a85151ff3 b9f015a1ead746c6a2d9892f10c33573 a83927348c5845d18a4c2b5a51f34a69 - - default default] 10.0.0.115 "GET /v2.0/ports?tenant_id=a83927348c5845d18a4c2b5a51f34a69&fields=id HTTP/1.1" status: 200 len: 302 time: 0.1344125
2026-06-24 19:10:37.205 10 INFO neutron.api.wsgi [req-5c3b0afe-c3e9-470c-b68e-9729cb78a237 req-ea073564-2930-412f-bef9-ae5189a6ad11 5c99836a942d47a3b3baaf10b1e32978 75f9c8f298d54994a974272343cf5b81 - - default default] 10.0.0.115 "GET /v2.0/security-groups?id=af86d82d-0896-4205-abaa-1638df083d55&fields=id&fields=name HTTP/1.1" status: 200 len: 312 time: 0.0495014
2026-06-24 19:10:37.227 10 INFO neutron.api.wsgi [req-9ecaae67-8a5e-4721-b1e4-0621fc767907 req-9ec995bb-62ad-4d1f-91af-63e3bb5ce163 16a751e4d43945aea1f12649bca1580d e4904095b6f242b6963b29c23c7a5ab7 - - fe8001579ed44485b69939a499861bca fe8001579ed44485b69939a499861bca] 10.0.0.115 "GET /v2.0/networks/d641cba8-f14d-43de-9209-30dc5f26a26c?fields=segments HTTP/1.1" status: 200 len: 212 time: 0.0460742
2026-06-24 19:10:37.281 10 INFO neutron.api.wsgi [req-9ecaae67-8a5e-4721-b1e4-0621fc767907 req-2bc149c5-11e0-477d-a8e2-18bb03bf6ab7 16a751e4d43945aea1f12649bca1580d e4904095b6f242b6963b29c23c7a5ab7 - - fe8001579ed44485b69939a499861bca fe8001579ed44485b69939a499861bca] 10.0.0.115 "GET /v2.0/networks/d641cba8-f14d-43de-9209-30dc5f26a26c?fields=provider%3Aphysical_network&fields=provider%3Anetwork_type HTTP/1.1" status: 200 len: 277 time: 0.0452783
2026-06-24 19:10:37.419 10 INFO neutron.api.wsgi [req-6a5fb503-419c-4254-b1ee-c6776dc9f6cd req-2c58f9ee-aebf-459d-97d1-1b566449552a b9f015a1ead746c6a2d9892f10c33573 a83927348c5845d18a4c2b5a51f34a69 - - default default] 10.0.0.115 "GET /v2.0/ports?device_id=b66f55f8-a987-4c67-bc46-cef9cd428076 HTTP/1.1" status: 200 len: 210 time: 0.0196631
2026-06-24 19:10:37.732 15 INFO neutron.plugins.ml2.drivers.ovn.mech_driver.ovsdb.maintenance [None req-b85f6e8a-df5f-48d7-9bf2-24b37f171bc8 - - - - - -] OVN maintenance task check_for_inconsistencies finished in 0.352 seconds
2026-06-24 19:10:37.753 9 INFO neutron.api.wsgi [req-5bb3cd5c-dee1-4922-a12e-62a14b79e4e5 req-871d9582-23a3-4378-9229-ed21e1014919 5c99836a942d47a3b3baaf10b1e32978 75f9c8f298d54994a974272343cf5b81 - - default default] 199.19.213.107 "GET /v2.0/ports?device_id=67fcd7f4-2fc1-4007-b6fc-13e7915a4e97 HTTP/1.1" status: 200 len: 1174 time: 0.1092312
2026-06-24 19:10:37.851 10 INFO neutron.db.ovn_revision_numbers_db [None req-34fbad67-60f3-42dc-94bf-428583688196 293041c3d1c44f58882016c7f9f1c629 83e00930fe284582a0d4538e1710b04a - - default default] Successfully bumped revision number for resource 6bdcc06c-cd67-44bf-b2cf-f41bfdb6b18c (type: security_groups) to 1
2026-06-24 19:10:37.864 10 INFO neutron.db.ovn_revision_numbers_db [None req-34fbad67-60f3-42dc-94bf-428583688196 293041c3d1c44f58882016c7f9f1c629 83e00930fe284582a0d4538e1710b04a - - default default] Successfully bumped revision number for resource 6eb1a38f-2de9-41ac-aa7d-c5c85dc68011 (type: security_group_rules) to 0
2026-06-24 19:10:37.877 10 INFO neutron.db.ovn_revision_numbers_db [None req-34fbad67-60f3-42dc-94bf-428583688196 293041c3d1c44f58882016c7f9f1c629 83e00930fe284582a0d4538e1710b04a - - default default] Successfully bumped revision number for resource 8ce65012-47f1-4631-ac28-bf009c439c0f (type: security_group_rules) to 0
2026-06-24 19:10:37.890 10 INFO neutron.db.ovn_revision_numbers_db [None req-34fbad67-60f3-42dc-94bf-428583688196 293041c3d1c44f58882016c7f9f1c629 83e00930fe284582a0d4538e1710b04a - - default default] Successfully bumped revision number for resource a77e466c-d363-4ba4-9377-30aa75b8d4c6 (type: security_group_rules) to 0
2026-06-24 19:10:37.903 10 INFO neutron.db.ovn_revision_numbers_db [None req-34fbad67-60f3-42dc-94bf-428583688196 293041c3d1c44f58882016c7f9f1c629 83e00930fe284582a0d4538e1710b04a - - default default] Successfully bumped revision number for resource b27f889c-3b27-402d-9b80-7875ad3cef1e (type: security_group_rules) to 0
2026-06-24 19:10:37.999 9 INFO neutron.db.ovn_revision_numbers_db [None req-f585a0c9-b7af-4cb1-a818-a5f9fd170264 293041c3d1c44f58882016c7f9f1c629 83e00930fe284582a0d4538e1710b04a - - default default] Successfully bumped revision number for resource 364911a7-cd06-44b8-a4ce-e36e15269db4 (type: security_groups) to 1
2026-06-24 19:10:38.006 10 INFO neutron.db.segments_db [None req-34fbad67-60f3-42dc-94bf-428583688196 293041c3d1c44f58882016c7f9f1c629 83e00930fe284582a0d4538e1710b04a - - default default] Added segment 06e630cc-f70d-4c8b-a88c-d5b5720a627f of type geneve for network 2930d68f-b183-4160-9144-38ab849fe492
2026-06-24 19:10:38.022 9 INFO neutron.db.ovn_revision_numbers_db [None req-f585a0c9-b7af-4cb1-a818-a5f9fd170264 293041c3d1c44f58882016c7f9f1c629 83e00930fe284582a0d4538e1710b04a - - default default] Successfully bumped revision number for resource 29e207f2-81c9-4455-bf5d-98736a6cb445 (type: security_group_rules) to 0
2026-06-24 19:10:38.054 9 INFO neutron.db.ovn_revision_numbers_db [None req-f585a0c9-b7af-4cb1-a818-a5f9fd170264 293041c3d1c44f58882016c7f9f1c629 83e00930fe284582a0d4538e1710b04a - - default default] Successfully bumped revision number for resource 3c0a3c25-59a1-4e19-93b3-241c11030c60 (type: security_group_rules) to 0
2026-06-24 19:10:38.081 9 INFO neutron.db.ovn_revision_numbers_db [None req-f585a0c9-b7af-4cb1-a818-a5f9fd170264 293041c3d1c44f58882016c7f9f1c629 83e00930fe284582a0d4538e1710b04a - - default default] Successfully bumped revision number for resource 5c671dec-7f66-4ef5-8b5f-a8549df56a36 (type: security_group_rules) to 0
2026-06-24 19:10:38.105 9 INFO neutron.db.ovn_revision_numbers_db [None req-f585a0c9-b7af-4cb1-a818-a5f9fd170264 293041c3d1c44f58882016c7f9f1c629 83e00930fe284582a0d4538e1710b04a - - default default] Successfully bumped revision number for resource abf61090-a04d-44f3-bd33-e23713127007 (type: security_group_rules) to 0
2026-06-24 19:10:38.135 10 INFO neutron.db.ovn_revision_numbers_db [None req-34fbad67-60f3-42dc-94bf-428583688196 293041c3d1c44f58882016c7f9f1c629 83e00930fe284582a0d4538e1710b04a - - default default] Successfully bumped revision number for resource 2930d68f-b183-4160-9144-38ab849fe492 (type: networks) to 1
2026-06-24 19:10:38.184 9 INFO neutron.db.l3_db [req-5bb3cd5c-dee1-4922-a12e-62a14b79e4e5 req-d79ed456-7215-4363-b79c-1f58a5967137 5c99836a942d47a3b3baaf10b1e32978 75f9c8f298d54994a974272343cf5b81 - - default default] Floating IP b73dd802-56ab-479f-9fd0-99f98630c589 disassociated. External IP: 10.96.250.215, port: 0868e85f-eabc-45b4-a83a-401f266c229f.
2026-06-24 19:10:38.195 9 INFO neutron.api.wsgi [None req-f585a0c9-b7af-4cb1-a818-a5f9fd170264 293041c3d1c44f58882016c7f9f1c629 83e00930fe284582a0d4538e1710b04a - - default default] 10.0.0.30 "GET /v2.0/security-groups?tenant_id=397084cb738f4350922edcbff83c129c&name=default HTTP/1.1" status: 200 len: 3120 time: 0.4277365 /var/lib/openstack/lib/python3.12/site-packages/pycadf/identifier.py:71: UserWarning: Invalid uuid: neutron. To ensure interoperability, identifiers should be a valid uuid. warnings.warn(('Invalid uuid: %s. To ensure interoperability, '
2026-06-24 19:10:38.280 10 INFO neutron.api.wsgi [req-6007ccb8-4bbe-455f-9b12-ac8f50c757ee req-3827b75e-1b62-4d8d-9e6b-79995fd4539f 5c99836a942d47a3b3baaf10b1e32978 75f9c8f298d54994a974272343cf5b81 - - default default] 10.0.0.115 "GET /v2.0/ports?device_id=67fcd7f4-2fc1-4007-b6fc-13e7915a4e97 HTTP/1.1" status: 200 len: 210 time: 0.0132442
2026-06-24 19:10:38.281 10 WARNING neutron.scheduler.dhcp_agent_scheduler [None req-34fbad67-60f3-42dc-94bf-428583688196 293041c3d1c44f58882016c7f9f1c629 83e00930fe284582a0d4538e1710b04a - - default default] No more DHCP agents
2026-06-24 19:10:38.282 10 WARNING neutron.api.rpc.agentnotifiers.dhcp_rpc_agent_api [None req-34fbad67-60f3-42dc-94bf-428583688196 293041c3d1c44f58882016c7f9f1c629 83e00930fe284582a0d4538e1710b04a - - default default] Unable to schedule network 2930d68f-b183-4160-9144-38ab849fe492: no agents available; will retry on subsequent port and subnet creation events.
2026-06-24 19:10:38.321 9 INFO neutron.api.wsgi [req-5bb3cd5c-dee1-4922-a12e-62a14b79e4e5 req-d79ed456-7215-4363-b79c-1f58a5967137 5c99836a942d47a3b3baaf10b1e32978 75f9c8f298d54994a974272343cf5b81 - - default default] 199.19.213.107 "DELETE /v2.0/ports/0868e85f-eabc-45b4-a83a-401f266c229f HTTP/1.1" status: 204 len: 173 time: 0.5642734
2026-06-24 19:10:38.347 10 INFO neutron.db.ovn_revision_numbers_db [None req-34fbad67-60f3-42dc-94bf-428583688196 293041c3d1c44f58882016c7f9f1c629 83e00930fe284582a0d4538e1710b04a - - default default] Successfully bumped revision number for resource 1c322ade-cbd6-486e-ad0b-2fe01d2fedfc (type: ports) to 1
2026-06-24 19:10:38.357 9 INFO neutron.notifiers.nova [-] Nova event matching ['req-85e01578-cb80-406b-96c7-7907a86cc51a'] response: {'server_uuid': '67fcd7f4-2fc1-4007-b6fc-13e7915a4e97', 'name': 'network-vif-deleted', 'tag': '0868e85f-eabc-45b4-a83a-401f266c229f', 'status': 'completed', 'code': 200}
2026-06-24 19:10:38.363 10 INFO neutron.api.wsgi [None req-34fbad67-60f3-42dc-94bf-428583688196 293041c3d1c44f58882016c7f9f1c629 83e00930fe284582a0d4538e1710b04a - - default default] 10.0.0.30 "POST /v2.0/networks HTTP/1.1" status: 201 len: 940 time: 0.8274052
2026-06-24 19:10:38.456 9 INFO neutron.api.wsgi [None req-ea9651aa-b483-4ee5-985d-0b839c54381f 293041c3d1c44f58882016c7f9f1c629 83e00930fe284582a0d4538e1710b04a - - default default] 10.0.0.30 "DELETE /v2.0/security-groups/364911a7-cd06-44b8-a4ce-e36e15269db4 HTTP/1.1" status: 204 len: 168 time: 0.2540002
2026-06-24 19:10:38.507 10 INFO neutron.api.wsgi [req-a6637261-17df-463c-83c7-f97c5b9fd249 req-c3567bb0-3f5d-49b6-a4aa-d61e78084299 b9f015a1ead746c6a2d9892f10c33573 a83927348c5845d18a4c2b5a51f34a69 - - default default] 10.0.0.115 "GET /v2.0/ports?device_id=b66f55f8-a987-4c67-bc46-cef9cd428076 HTTP/1.1" status: 200 len: 210 time: 0.0241296
2026-06-24 19:10:38.532 10 WARNING neutron.scheduler.dhcp_agent_scheduler [None req-344dccc4-a93c-45a7-a6dc-886e290ac6a8 293041c3d1c44f58882016c7f9f1c629 83e00930fe284582a0d4538e1710b04a - - default default] No more DHCP agents
2026-06-24 19:10:38.534 10 WARNING neutron.api.rpc.agentnotifiers.dhcp_rpc_agent_api [None req-344dccc4-a93c-45a7-a6dc-886e290ac6a8 293041c3d1c44f58882016c7f9f1c629 83e00930fe284582a0d4538e1710b04a - - default default] Unable to schedule network 2930d68f-b183-4160-9144-38ab849fe492: no agents available; will retry on subsequent port and subnet creation events.
2026-06-24 19:10:38.605 10 WARNING neutron.plugins.ml2.drivers.ovn.mech_driver.ovsdb.ovn_client [None req-5e4c99f2-3507-4c44-ac83-39442728df12 - - - - - -] No hosting information found for port 8f86a874-2382-4860-a957-f418283dd92c: RuntimeError: No hosting information found for port 8f86a874-2382-4860-a957-f418283dd92c
2026-06-24 19:10:38.650 10 INFO neutron.plugins.ml2.drivers.ovn.mech_driver.mech_driver [None req-5e4c99f2-3507-4c44-ac83-39442728df12 - - - - - -] OVN reports status down for port: 0868e85f-eabc-45b4-a83a-401f266c229f
2026-06-24 19:10:39.010 10 INFO neutron.db.ovn_revision_numbers_db [None req-efa02ca9-36fb-4947-b1df-72007d20e183 - - - - - -] Successfully bumped revision number for resource 1c322ade-cbd6-486e-ad0b-2fe01d2fedfc (type: ports) to 2
2026-06-24 19:10:39.041 10 INFO neutron.db.ovn_revision_numbers_db [None req-efa02ca9-36fb-4947-b1df-72007d20e183 - - - - - -] Successfully bumped revision number for resource 935fb149-b503-4a5c-8c29-9109213714e9 (type: subnets) to 0
2026-06-24 19:10:39.062 10 INFO neutron.api.wsgi [None req-344dccc4-a93c-45a7-a6dc-886e290ac6a8 293041c3d1c44f58882016c7f9f1c629 83e00930fe284582a0d4538e1710b04a - - default default] 10.0.0.30 "POST /v2.0/subnets HTTP/1.1" status: 201 len: 884 time: 0.6927414
2026-06-24 19:10:39.465 10 INFO neutron.api.wsgi [req-64016b1a-a8eb-451f-83fd-d9b26f386519 req-0c5aeec2-37bb-4842-9a73-10065d2cc722 5c99836a942d47a3b3baaf10b1e32978 75f9c8f298d54994a974272343cf5b81 - - default default] 10.0.0.115 "GET /v2.0/ports?device_id=67fcd7f4-2fc1-4007-b6fc-13e7915a4e97 HTTP/1.1" status: 200 len: 210 time: 0.0153868
2026-06-24 19:10:39.602 10 INFO neutron.api.wsgi [req-b2ac05e8-ed14-41ed-9379-e4e59e75c045 req-cbbc22eb-2692-4723-96a1-8c1a85d04df9 b9f015a1ead746c6a2d9892f10c33573 a83927348c5845d18a4c2b5a51f34a69 - - default default] 10.0.0.115 "GET /v2.0/ports?device_id=b66f55f8-a987-4c67-bc46-cef9cd428076 HTTP/1.1" status: 200 len: 210 time: 0.0346253
2026-06-24 19:10:39.709 10 WARNING neutron.scheduler.dhcp_agent_scheduler [None req-af5efc0e-1f55-47e4-b2f6-4052f8b7c413 293041c3d1c44f58882016c7f9f1c629 83e00930fe284582a0d4538e1710b04a - - default default] No more DHCP agents
2026-06-24 19:10:39.710 10 WARNING neutron.api.rpc.agentnotifiers.dhcp_rpc_agent_api [None req-af5efc0e-1f55-47e4-b2f6-4052f8b7c413 293041c3d1c44f58882016c7f9f1c629 83e00930fe284582a0d4538e1710b04a - - default default] Unable to schedule network ef010c93-854e-4f3b-8e13-71e6b38adb80: no agents available; will retry on subsequent port and subnet creation events.
2026-06-24 19:10:39.823 10 INFO neutron.db.ovn_revision_numbers_db [None req-af5efc0e-1f55-47e4-b2f6-4052f8b7c413 293041c3d1c44f58882016c7f9f1c629 83e00930fe284582a0d4538e1710b04a - - default default] Successfully bumped revision number for resource 21a3ec92-b02c-43ab-9162-d8ee36ee4c3c (type: ports) to 1
2026-06-24 19:10:40.325 10 WARNING neutron_lib.context [None req-202fd7da-1770-4919-b70f-b22a55ecf9d6 4962e710bc4944a99629c01666720b13 7f4b6d11fb474157ad47ff37eabd8900 - - default default] Method 'is_advsvc' is deprecated since 2023.2 release (neutron-lib 3.8.0) and will be removed once support for the old RBAC API policies will be removed from Neutron. Please use method 'is_service_role' instead.
2026-06-24 19:10:40.326 10 WARNING neutron_lib.context [None req-202fd7da-1770-4919-b70f-b22a55ecf9d6 4962e710bc4944a99629c01666720b13 7f4b6d11fb474157ad47ff37eabd8900 - - default default] Method 'is_advsvc' is deprecated since 2023.2 release (neutron-lib 3.8.0) and will be removed once support for the old RBAC API policies will be removed from Neutron. Please use method 'is_service_role' instead.
2026-06-24 19:10:40.379 10 INFO neutron.plugins.ml2.drivers.ovn.mech_driver.ovsdb.commands [None req-dc4b2641-9aff-490f-b85e-6ff765c0255f - - - - - -] Schedule LRP lrp-21a3ec92-b02c-43ab-9162-d8ee36ee4c3c on gateway eeb52993-0153-4106-bb7b-26fb4e14ad3f with priority 1
2026-06-24 19:10:40.388 10 INFO neutron.plugins.ml2.drivers.ovn.mech_driver.mech_driver [None req-5e4c99f2-3507-4c44-ac83-39442728df12 - - - - - -] OVN reports status up for port: 21a3ec92-b02c-43ab-9162-d8ee36ee4c3c
2026-06-24 19:10:40.418 10 INFO neutron.plugins.ml2.drivers.ovn.mech_driver.ovsdb.ovsdb_monitor [None req-c0610089-2daf-48f3-837f-4d7c02a3a9b4 - - - - - -] Router 2d13f20e-88ff-4ef7-9f9a-4bbd983d5f02 is bound to host instance
2026-06-24 19:10:40.419 10 INFO neutron.plugins.ml2.plugin [None req-5e4c99f2-3507-4c44-ac83-39442728df12 - - - - - -] Attempt 1 to provision port 21a3ec92-b02c-43ab-9162-d8ee36ee4c3c
2026-06-24 19:10:40.454 10 INFO neutron.db.ovn_revision_numbers_db [None req-af5efc0e-1f55-47e4-b2f6-4052f8b7c413 293041c3d1c44f58882016c7f9f1c629 83e00930fe284582a0d4538e1710b04a - - default default] Successfully bumped revision number for resource 21a3ec92-b02c-43ab-9162-d8ee36ee4c3c (type: router_ports) to 1
2026-06-24 19:10:40.574 10 INFO neutron.db.ovn_revision_numbers_db [None req-202fd7da-1770-4919-b70f-b22a55ecf9d6 4962e710bc4944a99629c01666720b13 7f4b6d11fb474157ad47ff37eabd8900 - - default default] Successfully bumped revision number for resource bb650ace-8960-422c-a3a5-c53aa893d92e (type: security_groups) to 1
2026-06-24 19:10:40.584 10 INFO neutron.db.ovn_revision_numbers_db [None req-af5efc0e-1f55-47e4-b2f6-4052f8b7c413 293041c3d1c44f58882016c7f9f1c629 83e00930fe284582a0d4538e1710b04a - - default default] Successfully bumped revision number for resource 2d13f20e-88ff-4ef7-9f9a-4bbd983d5f02 (type: routers) to 2
2026-06-24 19:10:40.595 10 INFO neutron.db.ovn_revision_numbers_db [None req-202fd7da-1770-4919-b70f-b22a55ecf9d6 4962e710bc4944a99629c01666720b13 7f4b6d11fb474157ad47ff37eabd8900 - - default default] Successfully bumped revision number for resource 05ef894d-93d1-47d5-9a4f-51f940084628 (type: security_group_rules) to 0
2026-06-24 19:10:40.606 10 INFO neutron.api.wsgi [req-d6053535-2a5a-4462-b88f-c0348cd44d2c req-9fcbc69b-8044-4ef0-9513-a20612a03a58 5c99836a942d47a3b3baaf10b1e32978 75f9c8f298d54994a974272343cf5b81 - - default default] 10.0.0.115 "GET /v2.0/ports?device_id=67fcd7f4-2fc1-4007-b6fc-13e7915a4e97 HTTP/1.1" status: 200 len: 210 time: 0.0662816
2026-06-24 19:10:40.613 10 INFO neutron.api.wsgi [None req-af5efc0e-1f55-47e4-b2f6-4052f8b7c413 293041c3d1c44f58882016c7f9f1c629 83e00930fe284582a0d4538e1710b04a - - default default] 10.0.0.30 "POST /v2.0/routers HTTP/1.1" status: 201 len: 1162 time: 1.5463569
2026-06-24 19:10:40.621 10 INFO neutron.db.ovn_revision_numbers_db [None req-202fd7da-1770-4919-b70f-b22a55ecf9d6 4962e710bc4944a99629c01666720b13 7f4b6d11fb474157ad47ff37eabd8900 - - default default] Successfully bumped revision number for resource 0cded3b3-eea5-4160-ab99-a37ca1f914cc (type: security_group_rules) to 0
2026-06-24 19:10:40.636 10 INFO neutron.db.ovn_revision_numbers_db [None req-202fd7da-1770-4919-b70f-b22a55ecf9d6 4962e710bc4944a99629c01666720b13 7f4b6d11fb474157ad47ff37eabd8900 - - default default] Successfully bumped revision number for resource df712868-9501-483c-8cb7-c38dbf87af11 (type: security_group_rules) to 0
2026-06-24 19:10:40.655 10 INFO neutron.db.ovn_revision_numbers_db [None req-202fd7da-1770-4919-b70f-b22a55ecf9d6 4962e710bc4944a99629c01666720b13 7f4b6d11fb474157ad47ff37eabd8900 - - default default] Successfully bumped revision number for resource fb146c69-4a15-4c22-9edb-c4736784463f (type: security_group_rules) to 0
2026-06-24 19:10:40.696 10 INFO neutron.api.wsgi [req-597faeb3-9e17-46f4-985a-f794a5edfc0f req-3ba14176-cea8-4629-ab3e-cb57010a30c8 b9f015a1ead746c6a2d9892f10c33573 a83927348c5845d18a4c2b5a51f34a69 - - default default] 10.0.0.115 "GET /v2.0/ports?device_id=b66f55f8-a987-4c67-bc46-cef9cd428076 HTTP/1.1" status: 200 len: 210 time: 0.0301251
2026-06-24 19:10:40.763 10 INFO neutron.db.segments_db [None req-202fd7da-1770-4919-b70f-b22a55ecf9d6 4962e710bc4944a99629c01666720b13 7f4b6d11fb474157ad47ff37eabd8900 - - default default] Added segment c9d3fa29-9d69-4aad-b239-e30cd22a7723 of type geneve for network ff056951-3ab7-48af-bc28-2f641b972723
2026-06-24 19:10:40.868 10 INFO neutron.db.segments_db [None req-202fd7da-1770-4919-b70f-b22a55ecf9d6 4962e710bc4944a99629c01666720b13 7f4b6d11fb474157ad47ff37eabd8900 - - default default] Added segment 1170a85c-b42c-4dee-87c5-a21530a7a26e of type geneve for network 16d82216-560f-4ea4-a7e6-e653d290743e
2026-06-24 19:10:40.977 10 INFO neutron.db.ovn_revision_numbers_db [None req-bf765346-5260-436f-aed6-6205a2e6eb00 - - - - - -] Successfully bumped revision number for resource 21a3ec92-b02c-43ab-9162-d8ee36ee4c3c (type: ports) to 1
2026-06-24 19:10:40.991 10 INFO neutron.db.ovn_revision_numbers_db [None req-202fd7da-1770-4919-b70f-b22a55ecf9d6 4962e710bc4944a99629c01666720b13 7f4b6d11fb474157ad47ff37eabd8900 - - default default] Successfully bumped revision number for resource ff056951-3ab7-48af-bc28-2f641b972723 (type: networks) to 1
2026-06-24 19:10:41.038 9 WARNING neutron.scheduler.dhcp_agent_scheduler [None req-6e65cae9-4106-413f-93bf-424dab6e7d7b 293041c3d1c44f58882016c7f9f1c629 83e00930fe284582a0d4538e1710b04a - - default default] No more DHCP agents
2026-06-24 19:10:41.040 9 WARNING neutron.api.rpc.agentnotifiers.dhcp_rpc_agent_api [None req-6e65cae9-4106-413f-93bf-424dab6e7d7b 293041c3d1c44f58882016c7f9f1c629 83e00930fe284582a0d4538e1710b04a - - default default] Unable to schedule network 2930d68f-b183-4160-9144-38ab849fe492: no agents available; will retry on subsequent port and subnet creation events.
2026-06-24 19:10:41.174 9 INFO neutron.db.ovn_revision_numbers_db [None req-6e65cae9-4106-413f-93bf-424dab6e7d7b 293041c3d1c44f58882016c7f9f1c629 83e00930fe284582a0d4538e1710b04a - - default default] Successfully bumped revision number for resource 141c832a-c235-47db-ae4d-14cd5f29ce00 (type: ports) to 1
2026-06-24 19:10:41.264 10 WARNING neutron.scheduler.dhcp_agent_scheduler [None req-202fd7da-1770-4919-b70f-b22a55ecf9d6 4962e710bc4944a99629c01666720b13 7f4b6d11fb474157ad47ff37eabd8900 - - default default] No more DHCP agents
2026-06-24 19:10:41.266 10 WARNING neutron.api.rpc.agentnotifiers.dhcp_rpc_agent_api [None req-202fd7da-1770-4919-b70f-b22a55ecf9d6 4962e710bc4944a99629c01666720b13 7f4b6d11fb474157ad47ff37eabd8900 - - default default] Unable to schedule network ff056951-3ab7-48af-bc28-2f641b972723: no agents available; will retry on subsequent port and subnet creation events.
2026-06-24 19:10:41.330 10 INFO neutron.db.ovn_revision_numbers_db [None req-202fd7da-1770-4919-b70f-b22a55ecf9d6 4962e710bc4944a99629c01666720b13 7f4b6d11fb474157ad47ff37eabd8900 - - default default] Successfully bumped revision number for resource f91278b8-beba-4074-8dc5-f4600e67c601 (type: ports) to 1
2026-06-24 19:10:41.413 10 INFO neutron.db.ovn_revision_numbers_db [None req-202fd7da-1770-4919-b70f-b22a55ecf9d6 4962e710bc4944a99629c01666720b13 7f4b6d11fb474157ad47ff37eabd8900 - - default default] Successfully bumped revision number for resource 16d82216-560f-4ea4-a7e6-e653d290743e (type: networks) to 1
2026-06-24 19:10:41.439 10 INFO neutron.db.ovn_revision_numbers_db [None req-bf765346-5260-436f-aed6-6205a2e6eb00 - - - - - -] Successfully bumped revision number for resource 21a3ec92-b02c-43ab-9162-d8ee36ee4c3c (type: ports) to 4
2026-06-24 19:10:41.592 10 WARNING neutron.scheduler.dhcp_agent_scheduler [None req-202fd7da-1770-4919-b70f-b22a55ecf9d6 4962e710bc4944a99629c01666720b13 7f4b6d11fb474157ad47ff37eabd8900 - - default default] No more DHCP agents
2026-06-24 19:10:41.595 10 WARNING neutron.api.rpc.agentnotifiers.dhcp_rpc_agent_api [None req-202fd7da-1770-4919-b70f-b22a55ecf9d6 4962e710bc4944a99629c01666720b13 7f4b6d11fb474157ad47ff37eabd8900 - - default default] Unable to schedule network 16d82216-560f-4ea4-a7e6-e653d290743e: no agents available; will retry on subsequent port and subnet creation events.
2026-06-24 19:10:41.692 10 INFO neutron.db.ovn_revision_numbers_db [None req-202fd7da-1770-4919-b70f-b22a55ecf9d6 4962e710bc4944a99629c01666720b13 7f4b6d11fb474157ad47ff37eabd8900 - - default default] Successfully bumped revision number for resource a0487db8-98f7-4126-aa64-33b9edb9a319 (type: ports) to 1
2026-06-24 19:10:41.703 10 INFO neutron.api.wsgi [req-a9d27837-6b18-4f0e-9a6a-088f79f74988 req-36cf2f0c-fb57-4dd5-9f70-bf201d2a8c70 5c99836a942d47a3b3baaf10b1e32978 75f9c8f298d54994a974272343cf5b81 - - default default] 10.0.0.115 "GET /v2.0/ports?device_id=67fcd7f4-2fc1-4007-b6fc-13e7915a4e97 HTTP/1.1" status: 200 len: 210 time: 0.0190980
2026-06-24 19:10:41.711 9 INFO neutron.api.wsgi [req-9ecaae67-8a5e-4721-b1e4-0621fc767907 req-aa6c172b-439c-4b0a-adbe-e3a25b21634f b9f015a1ead746c6a2d9892f10c33573 a83927348c5845d18a4c2b5a51f34a69 - - default default] 199.19.213.107 "GET /v2.0/networks?id=d641cba8-f14d-43de-9209-30dc5f26a26c HTTP/1.1" status: 200 len: 874 time: 0.0532918
2026-06-24 19:10:41.731 10 INFO neutron.api.wsgi [None req-202fd7da-1770-4919-b70f-b22a55ecf9d6 4962e710bc4944a99629c01666720b13 7f4b6d11fb474157ad47ff37eabd8900 - - default default] 10.0.0.30 "POST /v2.0/networks HTTP/1.1" status: 201 len: 1444 time: 1.5710299
2026-06-24 19:10:41.753 9 INFO neutron.api.wsgi [req-9ecaae67-8a5e-4721-b1e4-0621fc767907 req-ae6d50e4-f8cd-443d-a153-623db67c4449 b9f015a1ead746c6a2d9892f10c33573 a83927348c5845d18a4c2b5a51f34a69 - - default default] 199.19.213.107 "GET /v2.0/security-groups?fields=id&fields=name&tenant_id=a83927348c5845d18a4c2b5a51f34a69 HTTP/1.1" status: 200 len: 379 time: 0.0366757
2026-06-24 19:10:41.756 9 INFO neutron.db.ovn_revision_numbers_db [None req-6e65cae9-4106-413f-93bf-424dab6e7d7b 293041c3d1c44f58882016c7f9f1c629 83e00930fe284582a0d4538e1710b04a - - default default] Successfully bumped revision number for resource 141c832a-c235-47db-ae4d-14cd5f29ce00 (type: ports) to 1
2026-06-24 19:10:41.762 9 WARNING neutron_lib.context [req-9ecaae67-8a5e-4721-b1e4-0621fc767907 req-e1ab2238-d091-4a0c-a4e8-2b06af3f680d b9f015a1ead746c6a2d9892f10c33573 a83927348c5845d18a4c2b5a51f34a69 - - default default] Method 'is_advsvc' is deprecated since 2023.2 release (neutron-lib 3.8.0) and will be removed once support for the old RBAC API policies will be removed from Neutron. Please use method 'is_service_role' instead.
2026-06-24 19:10:41.799 10 INFO neutron.api.wsgi [req-a0b9f637-673d-43cc-89da-175bcc5e9f9f req-be2895f3-e0e8-476a-87c8-ecc64f20508d b9f015a1ead746c6a2d9892f10c33573 a83927348c5845d18a4c2b5a51f34a69 - - default default] 10.0.0.115 "GET /v2.0/ports?device_id=b66f55f8-a987-4c67-bc46-cef9cd428076 HTTP/1.1" status: 200 len: 210 time: 0.0274613
2026-06-24 19:10:41.813 9 WARNING neutron.scheduler.dhcp_agent_scheduler [None req-6e65cae9-4106-413f-93bf-424dab6e7d7b 293041c3d1c44f58882016c7f9f1c629 83e00930fe284582a0d4538e1710b04a - - default default] No more DHCP agents
2026-06-24 19:10:41.817 9 WARNING neutron.api.rpc.agentnotifiers.dhcp_rpc_agent_api [None req-6e65cae9-4106-413f-93bf-424dab6e7d7b 293041c3d1c44f58882016c7f9f1c629 83e00930fe284582a0d4538e1710b04a - - default default] Unable to schedule network 2930d68f-b183-4160-9144-38ab849fe492: no agents available; will retry on subsequent port and subnet creation events.
2026-06-24 19:10:41.822 10 INFO neutron.api.wsgi [None req-046f5b66-027f-46fa-bddd-07adc8350a84 4962e710bc4944a99629c01666720b13 7f4b6d11fb474157ad47ff37eabd8900 - - default default] 10.0.0.30 "GET /v2.0/networks HTTP/1.1" status: 200 len: 2050 time: 0.0830045
2026-06-24 19:10:41.871 10 INFO neutron.db.ovn_revision_numbers_db [None req-bf765346-5260-436f-aed6-6205a2e6eb00 - - - - - -] Successfully bumped revision number for resource 21a3ec92-b02c-43ab-9162-d8ee36ee4c3c (type: ports) to 5
2026-06-24 19:10:42.099 9 WARNING neutron.scheduler.dhcp_agent_scheduler [req-9ecaae67-8a5e-4721-b1e4-0621fc767907 req-e1ab2238-d091-4a0c-a4e8-2b06af3f680d b9f015a1ead746c6a2d9892f10c33573 a83927348c5845d18a4c2b5a51f34a69 - - default default] No more DHCP agents
2026-06-24 19:10:42.101 9 WARNING neutron.api.rpc.agentnotifiers.dhcp_rpc_agent_api [req-9ecaae67-8a5e-4721-b1e4-0621fc767907 req-e1ab2238-d091-4a0c-a4e8-2b06af3f680d b9f015a1ead746c6a2d9892f10c33573 a83927348c5845d18a4c2b5a51f34a69 - - default default] Unable to schedule network d641cba8-f14d-43de-9209-30dc5f26a26c: no agents available; will retry on subsequent port and subnet creation events.
2026-06-24 19:10:42.159 10 INFO neutron.services.segments.plugin [-] Segment c9d3fa29-9d69-4aad-b239-e30cd22a7723 resource provider aggregate not found
2026-06-24 19:10:42.168 10 INFO neutron.services.segments.plugin [-] Segment c9d3fa29-9d69-4aad-b239-e30cd22a7723 resource provider aggregate not found
2026-06-24 19:10:42.170 10 INFO neutron.services.segments.plugin [-] Segment c9d3fa29-9d69-4aad-b239-e30cd22a7723 resource provider not found; error: Placement Client Error (4xx): {"errors": [{"status": 404, "title": "Not Found", "detail": "The resource could not be found.\n\n No resource provider with uuid c9d3fa29-9d69-4aad-b239-e30cd22a7723 found for delete ", "request_id": "req-8ba68ddb-c181-4ad6-af1b-84cb7161e64e"}]}
2026-06-24 19:10:42.188 10 INFO neutron.services.segments.plugin [-] Segment c9d3fa29-9d69-4aad-b239-e30cd22a7723 resource provider not found; error: Placement Client Error (4xx): {"errors": [{"status": 404, "title": "Not Found", "detail": "The resource could not be found.\n\n No resource provider with uuid c9d3fa29-9d69-4aad-b239-e30cd22a7723 found for delete ", "request_id": "req-3fa14bb1-a77c-4866-bd29-31560d2919d8"}]}
2026-06-24 19:10:42.223 10 INFO neutron.api.wsgi [None req-a07859ab-e5ce-46bd-84d3-c8f94fc5bd6b 4962e710bc4944a99629c01666720b13 7f4b6d11fb474157ad47ff37eabd8900 - - default default] 10.0.0.30 "DELETE /v2.0/networks/ff056951-3ab7-48af-bc28-2f641b972723 HTTP/1.1" status: 204 len: 168 time: 0.3945277
2026-06-24 19:10:42.243 9 INFO neutron.db.ovn_revision_numbers_db [req-9ecaae67-8a5e-4721-b1e4-0621fc767907 req-e1ab2238-d091-4a0c-a4e8-2b06af3f680d b9f015a1ead746c6a2d9892f10c33573 a83927348c5845d18a4c2b5a51f34a69 - - default default] Successfully bumped revision number for resource 578bee76-633b-4e71-a3e1-8ae7f4a1ffe5 (type: ports) to 1
2026-06-24 19:10:42.266 9 INFO neutron.api.wsgi [req-9ecaae67-8a5e-4721-b1e4-0621fc767907 req-e1ab2238-d091-4a0c-a4e8-2b06af3f680d b9f015a1ead746c6a2d9892f10c33573 a83927348c5845d18a4c2b5a51f34a69 - - default default] 199.19.213.107 "POST /v2.0/ports HTTP/1.1" status: 201 len: 1158 time: 0.5073690 /var/lib/openstack/lib/python3.12/site-packages/pycadf/identifier.py:71: UserWarning: Invalid uuid: neutron. To ensure interoperability, identifiers should be a valid uuid. warnings.warn(('Invalid uuid: %s. To ensure interoperability, '
2026-06-24 19:10:42.544 9 INFO neutron.db.ovn_revision_numbers_db [None req-6e65cae9-4106-413f-93bf-424dab6e7d7b 293041c3d1c44f58882016c7f9f1c629 83e00930fe284582a0d4538e1710b04a - - default default] Successfully bumped revision number for resource 141c832a-c235-47db-ae4d-14cd5f29ce00 (type: router_ports) to 1
2026-06-24 19:10:42.549 9 INFO neutron.api.wsgi [None req-6e65cae9-4106-413f-93bf-424dab6e7d7b 293041c3d1c44f58882016c7f9f1c629 83e00930fe284582a0d4538e1710b04a - - default default] 10.0.0.30 "PUT /v2.0/routers/2d13f20e-88ff-4ef7-9f9a-4bbd983d5f02/add_router_interface HTTP/1.1" status: 200 len: 503 time: 1.9301033
2026-06-24 19:10:42.586 10 INFO neutron.api.wsgi [None req-76198841-b471-4867-8a63-a06ce5652700 4962e710bc4944a99629c01666720b13 7f4b6d11fb474157ad47ff37eabd8900 - - default default] 10.0.0.30 "DELETE /v2.0/networks/16d82216-560f-4ea4-a7e6-e653d290743e HTTP/1.1" status: 204 len: 168 time: 0.3589194
2026-06-24 19:10:42.635 10 INFO neutron.api.wsgi [None req-2d5cd534-12fc-4f43-b7f2-e091950f41d4 4962e710bc4944a99629c01666720b13 7f4b6d11fb474157ad47ff37eabd8900 - - default default] 10.0.0.30 "GET /v2.0/networks HTTP/1.1" status: 200 len: 845 time: 0.0430732 /var/lib/openstack/lib/python3.12/site-packages/pycadf/identifier.py:71: UserWarning: Invalid uuid: neutron. To ensure interoperability, identifiers should be a valid uuid. warnings.warn(('Invalid uuid: %s. To ensure interoperability, '
2026-06-24 19:10:42.650 9 WARNING neutron_lib.context [None req-6c41cb51-1741-41b0-84c0-5955f07d4b26 4962e710bc4944a99629c01666720b13 7f4b6d11fb474157ad47ff37eabd8900 - - default default] Method 'is_advsvc' is deprecated since 2023.2 release (neutron-lib 3.8.0) and will be removed once support for the old RBAC API policies will be removed from Neutron. Please use method 'is_service_role' instead.
2026-06-24 19:10:42.662 9 INFO neutron.db.ovn_revision_numbers_db [req-9ecaae67-8a5e-4721-b1e4-0621fc767907 req-1d1cf94d-b4b1-43df-8f51-8477728c879a 16a751e4d43945aea1f12649bca1580d e4904095b6f242b6963b29c23c7a5ab7 - - fe8001579ed44485b69939a499861bca fe8001579ed44485b69939a499861bca] Successfully bumped revision number for resource 578bee76-633b-4e71-a3e1-8ae7f4a1ffe5 (type: ports) to 2
2026-06-24 19:10:42.743 9 INFO neutron.db.segments_db [None req-6c41cb51-1741-41b0-84c0-5955f07d4b26 4962e710bc4944a99629c01666720b13 7f4b6d11fb474157ad47ff37eabd8900 - - default default] Added segment 25a7d6f7-57f0-42e3-9677-73cd07583102 of type geneve for network a35103b0-e187-4255-aabe-6132a241608e
2026-06-24 19:10:42.795 10 INFO neutron.api.wsgi [req-b9b94d9e-412a-4c81-82c2-6bfa02db84f0 req-3e21c168-e54e-4d41-87f3-0635da3f3f3c 5c99836a942d47a3b3baaf10b1e32978 75f9c8f298d54994a974272343cf5b81 - - default default] 10.0.0.115 "GET /v2.0/ports?device_id=67fcd7f4-2fc1-4007-b6fc-13e7915a4e97 HTTP/1.1" status: 200 len: 210 time: 0.0172615
2026-06-24 19:10:42.886 9 INFO neutron.db.ovn_revision_numbers_db [None req-6c41cb51-1741-41b0-84c0-5955f07d4b26 4962e710bc4944a99629c01666720b13 7f4b6d11fb474157ad47ff37eabd8900 - - default default] Successfully bumped revision number for resource a35103b0-e187-4255-aabe-6132a241608e (type: networks) to 1
2026-06-24 19:10:42.933 10 INFO neutron.api.wsgi [req-f02f5f95-45d6-4d7a-a76c-cc6773ad40a2 req-8918b487-706a-40d8-9e25-91f8063deb0c b9f015a1ead746c6a2d9892f10c33573 a83927348c5845d18a4c2b5a51f34a69 - - default default] 10.0.0.115 "GET /v2.0/ports?device_id=b66f55f8-a987-4c67-bc46-cef9cd428076 HTTP/1.1" status: 200 len: 1168 time: 0.0732725
2026-06-24 19:10:42.972 10 INFO neutron.api.wsgi [req-f02f5f95-45d6-4d7a-a76c-cc6773ad40a2 req-89ed7e6a-d898-4816-be32-ffa102dd46bb b9f015a1ead746c6a2d9892f10c33573 a83927348c5845d18a4c2b5a51f34a69 - - default default] 10.0.0.115 "GET /v2.0/security-groups?id=3e51f763-2568-43e5-b55e-05f5bca67936&fields=id&fields=name HTTP/1.1" status: 200 len: 312 time: 0.0315864
2026-06-24 19:10:42.975 9 INFO neutron.db.ovn_revision_numbers_db [req-9ecaae67-8a5e-4721-b1e4-0621fc767907 req-1d1cf94d-b4b1-43df-8f51-8477728c879a 16a751e4d43945aea1f12649bca1580d e4904095b6f242b6963b29c23c7a5ab7 - - fe8001579ed44485b69939a499861bca fe8001579ed44485b69939a499861bca] Successfully bumped revision number for resource 578bee76-633b-4e71-a3e1-8ae7f4a1ffe5 (type: ports) to 4
2026-06-24 19:10:43.125 10 WARNING neutron_lib.context [None req-39b34752-5127-42d3-8bf4-4f7ee529026b a92fbdc9e6d242448d6f6f5179264045 b423e25afa4840658b30ded6725e9ea9 - - default default] Method 'is_advsvc' is deprecated since 2023.2 release (neutron-lib 3.8.0) and will be removed once support for the old RBAC API policies will be removed from Neutron. Please use method 'is_service_role' instead.
2026-06-24 19:10:43.190 9 INFO neutron.api.wsgi [req-9ecaae67-8a5e-4721-b1e4-0621fc767907 req-1d1cf94d-b4b1-43df-8f51-8477728c879a 16a751e4d43945aea1f12649bca1580d e4904095b6f242b6963b29c23c7a5ab7 - - fe8001579ed44485b69939a499861bca fe8001579ed44485b69939a499861bca] 199.19.213.107 "PUT /v2.0/ports/578bee76-633b-4e71-a3e1-8ae7f4a1ffe5 HTTP/1.1" status: 200 len: 1404 time: 0.9184883
2026-06-24 19:10:43.233 10 INFO neutron.db.ovn_revision_numbers_db [None req-39b34752-5127-42d3-8bf4-4f7ee529026b a92fbdc9e6d242448d6f6f5179264045 b423e25afa4840658b30ded6725e9ea9 - - default default] Successfully bumped revision number for resource 3f2bab02-d017-43f1-95e5-70fa8028bb98 (type: security_groups) to 1
2026-06-24 19:10:43.233 9 INFO neutron.notifiers.nova [-] Nova event matching ['req-ea6c707b-2331-4b50-b5fe-bbb039819ad2'] response: {'name': 'network-changed', 'server_uuid': 'b66f55f8-a987-4c67-bc46-cef9cd428076', 'tag': '578bee76-633b-4e71-a3e1-8ae7f4a1ffe5', 'status': 'completed', 'code': 200}
