2026-06-24 19:13:37.237 10 INFO neutron.api.wsgi [req-0928aa1b-f67b-4f03-80a9-8cd72744a932 req-c50c3dda-ee0b-4589-9ec4-9bad3ab13aa0 8babac54b3c744e1b07b43def8c78c8b 67816952c04941238887c79b8b70fd1a - - default default] 10.0.0.115 "GET /v2.0/security-groups?id=b11cc8f6-6778-42a1-93ff-0cfed64652a4&id=54c579f3-c4e7-4cc8-a089-6eaa4e9fb73d&fields=id&fields=name HTTP/1.1" status: 200 len: 405 time: 0.0431755
2026-06-24 19:13:37.461 9 INFO neutron.api.wsgi [req-b3ff71f2-d1b9-4ad4-8052-80d36f97d424 req-581aaa77-d1f5-411f-b930-f85ba03a847a 16a751e4d43945aea1f12649bca1580d e4904095b6f242b6963b29c23c7a5ab7 - - fe8001579ed44485b69939a499861bca fe8001579ed44485b69939a499861bca] 199.19.213.107 "GET /v2.0/ports?device_id=601e9164-bb00-4f9b-96d4-6c308dd86dbb HTTP/1.1" status: 200 len: 1446 time: 0.0331383
2026-06-24 19:13:37.497 9 INFO neutron.api.wsgi [req-b3ff71f2-d1b9-4ad4-8052-80d36f97d424 req-fe522d3f-9f98-44ed-95b3-4281cea42894 16a751e4d43945aea1f12649bca1580d e4904095b6f242b6963b29c23c7a5ab7 - - fe8001579ed44485b69939a499861bca fe8001579ed44485b69939a499861bca] 199.19.213.107 "GET /v2.0/security-groups?id=b11cc8f6-6778-42a1-93ff-0cfed64652a4&id=54c579f3-c4e7-4cc8-a089-6eaa4e9fb73d&fields=id&fields=name HTTP/1.1" status: 200 len: 405 time: 0.0303049
2026-06-24 19:13:37.616 10 INFO neutron.plugins.ml2.drivers.ovn.mech_driver.mech_driver [None req-4b8820d8-f6cd-484b-9846-b15fa8e45930 - - - - - -] OVN reports status up for port: 18a4bb8e-9621-468b-bd6d-4464ab12a3ca
2026-06-24 19:13:37.630 10 INFO neutron.plugins.ml2.plugin [None req-4b8820d8-f6cd-484b-9846-b15fa8e45930 - - - - - -] Attempt 1 to provision port 18a4bb8e-9621-468b-bd6d-4464ab12a3ca
2026-06-24 19:13:37.771 10 INFO neutron.notifiers.nova [-] Nova event matching ['req-3061fe97-ede7-4c5c-a1b0-bb3351940eb2'] response: {'server_uuid': '601e9164-bb00-4f9b-96d4-6c308dd86dbb', 'name': 'network-vif-plugged', 'status': 'completed', 'tag': '18a4bb8e-9621-468b-bd6d-4464ab12a3ca', 'code': 200}
2026-06-24 19:13:37.870 10 INFO neutron.db.ovn_revision_numbers_db [None req-4b8820d8-f6cd-484b-9846-b15fa8e45930 - - - - - -] Successfully bumped revision number for resource 18a4bb8e-9621-468b-bd6d-4464ab12a3ca (type: ports) to 5
2026-06-24 19:13:37.971 10 INFO neutron.api.wsgi [req-b80a46bc-20ab-42be-b2a0-9d7dc6b8abc8 req-845a7523-cfdf-4d64-adf6-0a3f0623d2ca db99e4d8c3b34e0092532864b9bcacb9 2d75f6a6c2c7455cab921ab743929811 - - default default] 10.0.0.115 "GET /v2.0/ports?device_id=28bd661b-a486-4846-857c-d0db4e99d0e9 HTTP/1.1" status: 200 len: 1394 time: 0.0964050 /var/lib/openstack/lib/python3.12/site-packages/pycadf/identifier.py:71: UserWarning: Invalid uuid: neutron. To ensure interoperability, identifiers should be a valid uuid. warnings.warn(('Invalid uuid: %s. To ensure interoperability, '
2026-06-24 19:13:38.015 10 INFO neutron.api.wsgi [req-b80a46bc-20ab-42be-b2a0-9d7dc6b8abc8 req-40326c42-6567-467a-93ed-32a5cc34ceed db99e4d8c3b34e0092532864b9bcacb9 2d75f6a6c2c7455cab921ab743929811 - - default default] 10.0.0.115 "GET /v2.0/security-groups?id=60ef3287-283d-4d8b-a897-e2c1d0753b51&fields=id&fields=name HTTP/1.1" status: 200 len: 310 time: 0.0382147
2026-06-24 19:13:38.134 9 WARNING neutron.plugins.ml2.drivers.ovn.mech_driver.ovsdb.ovn_client [None req-7408db79-ed7e-434a-868a-fb2b18f82100 - - - - - -] No hosting information found for port 1c18a5c9-3e17-48e7-ab75-a92e8b073535: RuntimeError: No hosting information found for port 1c18a5c9-3e17-48e7-ab75-a92e8b073535
2026-06-24 19:13:38.199 9 INFO neutron.db.ovn_revision_numbers_db [None req-ca7359eb-0d40-445f-a431-59c56d001e02 293041c3d1c44f58882016c7f9f1c629 83e00930fe284582a0d4538e1710b04a - - default default] Successfully bumped revision number for resource 6fdee3ea-03a7-4346-be1d-f3fae6feea00 (type: security_groups) to 1
2026-06-24 19:13:38.213 9 INFO neutron.db.ovn_revision_numbers_db [None req-ca7359eb-0d40-445f-a431-59c56d001e02 293041c3d1c44f58882016c7f9f1c629 83e00930fe284582a0d4538e1710b04a - - default default] Successfully bumped revision number for resource 4fc276f3-28cf-4b6d-bd46-34d83195ab63 (type: security_group_rules) to 0
2026-06-24 19:13:38.220 9 INFO neutron.db.ovn_revision_numbers_db [None req-7408db79-ed7e-434a-868a-fb2b18f82100 - - - - - -] Successfully bumped revision number for resource 1c18a5c9-3e17-48e7-ab75-a92e8b073535 (type: router_ports) to 2
2026-06-24 19:13:38.232 9 INFO neutron.db.ovn_revision_numbers_db [None req-ca7359eb-0d40-445f-a431-59c56d001e02 293041c3d1c44f58882016c7f9f1c629 83e00930fe284582a0d4538e1710b04a - - default default] Successfully bumped revision number for resource 6dbd108a-5c19-4b05-a446-221b18ae2d1a (type: security_group_rules) to 0
2026-06-24 19:13:38.249 9 INFO neutron.db.ovn_revision_numbers_db [None req-ca7359eb-0d40-445f-a431-59c56d001e02 293041c3d1c44f58882016c7f9f1c629 83e00930fe284582a0d4538e1710b04a - - default default] Successfully bumped revision number for resource 77400a4e-2a97-4fa5-a42e-c8a849541794 (type: security_group_rules) to 0
2026-06-24 19:13:38.261 9 INFO neutron.db.ovn_revision_numbers_db [None req-ca7359eb-0d40-445f-a431-59c56d001e02 293041c3d1c44f58882016c7f9f1c629 83e00930fe284582a0d4538e1710b04a - - default default] Successfully bumped revision number for resource 81996dfd-56b9-4fcf-bc12-814aa243aa4a (type: security_group_rules) to 0
2026-06-24 19:13:38.310 9 INFO neutron.plugins.ml2.drivers.ovn.mech_driver.mech_driver [None req-7408db79-ed7e-434a-868a-fb2b18f82100 - - - - - -] OVN reports status up for port: 0f7cf3e5-a417-48d6-9de7-0f48e1beb6d8
2026-06-24 19:13:38.318 9 INFO neutron.api.wsgi [None req-ca7359eb-0d40-445f-a431-59c56d001e02 293041c3d1c44f58882016c7f9f1c629 83e00930fe284582a0d4538e1710b04a - - default default] 10.0.0.30 "GET /v2.0/security-groups?tenant_id=2bac1dfaadd54579a4ce9c6eee2c0b3a&name=default HTTP/1.1" status: 200 len: 3120 time: 0.4127474
2026-06-24 19:13:38.328 9 INFO neutron.plugins.ml2.plugin [None req-7408db79-ed7e-434a-868a-fb2b18f82100 - - - - - -] Attempt 1 to provision port 0f7cf3e5-a417-48d6-9de7-0f48e1beb6d8
2026-06-24 19:13:38.394 10 INFO neutron.api.wsgi [req-bb12089b-9499-45ab-901f-6481015b48ef req-32dbd386-c905-44e0-a7bd-4e79d485cb28 8babac54b3c744e1b07b43def8c78c8b 67816952c04941238887c79b8b70fd1a - - default default] 10.0.0.115 "GET /v2.0/ports?device_id=601e9164-bb00-4f9b-96d4-6c308dd86dbb HTTP/1.1" status: 200 len: 1210 time: 0.0913954
2026-06-24 19:13:38.438 10 INFO neutron.api.wsgi [req-bb12089b-9499-45ab-901f-6481015b48ef req-c167a34a-85c1-4679-9283-6220e6aa3fae 8babac54b3c744e1b07b43def8c78c8b 67816952c04941238887c79b8b70fd1a - - default default] 10.0.0.115 "GET /v2.0/security-groups?id=b11cc8f6-6778-42a1-93ff-0cfed64652a4&id=54c579f3-c4e7-4cc8-a089-6eaa4e9fb73d&fields=id&fields=name HTTP/1.1" status: 200 len: 405 time: 0.0361481
2026-06-24 19:13:38.461 9 INFO neutron.notifiers.nova [-] Nova event matching ['req-e9768087-bf13-4121-8ac1-f9803cdfbb0e'] response: {'server_uuid': '28bd661b-a486-4846-857c-d0db4e99d0e9', 'name': 'network-vif-plugged', 'status': 'completed', 'tag': '0f7cf3e5-a417-48d6-9de7-0f48e1beb6d8', 'code': 200}
2026-06-24 19:13:38.574 9 INFO neutron.api.wsgi [None req-ad478048-4cc2-4894-9a63-76b82c4cb727 293041c3d1c44f58882016c7f9f1c629 83e00930fe284582a0d4538e1710b04a - - default default] 10.0.0.30 "DELETE /v2.0/security-groups/6fdee3ea-03a7-4346-be1d-f3fae6feea00 HTTP/1.1" status: 204 len: 168 time: 0.2516761
2026-06-24 19:13:38.624 9 INFO neutron.db.ovn_revision_numbers_db [None req-7408db79-ed7e-434a-868a-fb2b18f82100 - - - - - -] Successfully bumped revision number for resource 0f7cf3e5-a417-48d6-9de7-0f48e1beb6d8 (type: ports) to 5 /var/lib/openstack/lib/python3.12/site-packages/pycadf/identifier.py:71: UserWarning: Invalid uuid: neutron. To ensure interoperability, identifiers should be a valid uuid. warnings.warn(('Invalid uuid: %s. To ensure interoperability, '
2026-06-24 19:13:38.854 9 INFO neutron.db.ovn_revision_numbers_db [None req-8ab01d12-0f73-4755-91d8-46443c24c9ad 293041c3d1c44f58882016c7f9f1c629 83e00930fe284582a0d4538e1710b04a - - default default] Successfully bumped revision number for resource 041b599b-4b4e-4f8a-84ee-4a3d2a6994bd (type: security_groups) to 1
2026-06-24 19:13:38.867 9 INFO neutron.db.ovn_revision_numbers_db [None req-8ab01d12-0f73-4755-91d8-46443c24c9ad 293041c3d1c44f58882016c7f9f1c629 83e00930fe284582a0d4538e1710b04a - - default default] Successfully bumped revision number for resource 23c92d77-c234-4aa0-956a-63b26ca990cc (type: security_group_rules) to 0
2026-06-24 19:13:38.880 9 INFO neutron.db.ovn_revision_numbers_db [None req-8ab01d12-0f73-4755-91d8-46443c24c9ad 293041c3d1c44f58882016c7f9f1c629 83e00930fe284582a0d4538e1710b04a - - default default] Successfully bumped revision number for resource 553761c7-adf4-409f-95d5-a063d3d1e3a2 (type: security_group_rules) to 0
2026-06-24 19:13:38.895 9 INFO neutron.db.ovn_revision_numbers_db [None req-8ab01d12-0f73-4755-91d8-46443c24c9ad 293041c3d1c44f58882016c7f9f1c629 83e00930fe284582a0d4538e1710b04a - - default default] Successfully bumped revision number for resource 84606c50-fc71-48e3-93e1-5245dfa4ca6b (type: security_group_rules) to 0
2026-06-24 19:13:38.908 9 INFO neutron.db.ovn_revision_numbers_db [None req-8ab01d12-0f73-4755-91d8-46443c24c9ad 293041c3d1c44f58882016c7f9f1c629 83e00930fe284582a0d4538e1710b04a - - default default] Successfully bumped revision number for resource 860c8214-d8d6-4c3c-94f6-de25c5db96d1 (type: security_group_rules) to 0
2026-06-24 19:13:38.951 9 INFO neutron.api.wsgi [None req-8ab01d12-0f73-4755-91d8-46443c24c9ad 293041c3d1c44f58882016c7f9f1c629 83e00930fe284582a0d4538e1710b04a - - default default] 10.0.0.30 "GET /v2.0/security-groups?tenant_id=6cab6ac211b94d84a1c4a458fde23c64&name=default HTTP/1.1" status: 200 len: 3124 time: 0.2399571
2026-06-24 19:13:39.235 10 INFO neutron.api.wsgi [None req-b233d7e7-7f1d-40de-8b1e-9de017050d45 293041c3d1c44f58882016c7f9f1c629 83e00930fe284582a0d4538e1710b04a - - default default] 10.0.0.30 "DELETE /v2.0/security-groups/041b599b-4b4e-4f8a-84ee-4a3d2a6994bd HTTP/1.1" status: 204 len: 168 time: 0.2766151
2026-06-24 19:13:39.352 9 WARNING neutron_lib.context [None req-4e8065bb-8667-409f-bffa-c7422640e91a de60383834c342ddae78cb27ab1d3fd6 3e8c1101583e41a8b4cae0d6fd493700 - - default default] Method 'is_advsvc' is deprecated since 2023.2 release (neutron-lib 3.8.0) and will be removed once support for the old RBAC API policies will be removed from Neutron. Please use method 'is_service_role' instead.
2026-06-24 19:13:39.522 9 INFO neutron.db.ovn_revision_numbers_db [None req-4e8065bb-8667-409f-bffa-c7422640e91a de60383834c342ddae78cb27ab1d3fd6 3e8c1101583e41a8b4cae0d6fd493700 - - default default] Successfully bumped revision number for resource 7acf5780-ea9b-4091-8cf9-a94581aad583 (type: security_groups) to 1
2026-06-24 19:13:39.542 9 INFO neutron.db.ovn_revision_numbers_db [None req-4e8065bb-8667-409f-bffa-c7422640e91a de60383834c342ddae78cb27ab1d3fd6 3e8c1101583e41a8b4cae0d6fd493700 - - default default] Successfully bumped revision number for resource 71abe6d4-be81-495f-8f5e-0305322256cb (type: security_group_rules) to 0
2026-06-24 19:13:39.558 10 INFO neutron.api.wsgi [req-837ac2e1-1cce-4c4d-80ce-6bd16e694ecf req-aca5f260-1813-4324-b7ec-3c2e682909e3 8babac54b3c744e1b07b43def8c78c8b 67816952c04941238887c79b8b70fd1a - - default default] 10.0.0.115 "GET /v2.0/ports?device_id=601e9164-bb00-4f9b-96d4-6c308dd86dbb HTTP/1.1" status: 200 len: 1210 time: 0.0394826
2026-06-24 19:13:39.559 10 INFO neutron.db.ovn_revision_numbers_db [None req-3439886a-77be-4c95-9884-551f7059f0be 293041c3d1c44f58882016c7f9f1c629 83e00930fe284582a0d4538e1710b04a - - default default] Successfully bumped revision number for resource 1993ca7e-1edc-4bf9-8cb5-fca353a90da3 (type: security_groups) to 1
2026-06-24 19:13:39.559 9 INFO neutron.db.ovn_revision_numbers_db [None req-4e8065bb-8667-409f-bffa-c7422640e91a de60383834c342ddae78cb27ab1d3fd6 3e8c1101583e41a8b4cae0d6fd493700 - - default default] Successfully bumped revision number for resource b68af4d5-bbee-4f9d-b94f-a8af86bd4801 (type: security_group_rules) to 0
2026-06-24 19:13:39.577 9 INFO neutron.db.ovn_revision_numbers_db [None req-4e8065bb-8667-409f-bffa-c7422640e91a de60383834c342ddae78cb27ab1d3fd6 3e8c1101583e41a8b4cae0d6fd493700 - - default default] Successfully bumped revision number for resource d5b87ea0-4cd1-4ffb-aa5b-8ae1b336d819 (type: security_group_rules) to 0
2026-06-24 19:13:39.580 10 INFO neutron.db.ovn_revision_numbers_db [None req-3439886a-77be-4c95-9884-551f7059f0be 293041c3d1c44f58882016c7f9f1c629 83e00930fe284582a0d4538e1710b04a - - default default] Successfully bumped revision number for resource 2a647bed-e944-4439-88a8-6689fa851614 (type: security_group_rules) to 0
2026-06-24 19:13:39.588 9 INFO neutron.db.ovn_revision_numbers_db [None req-4e8065bb-8667-409f-bffa-c7422640e91a de60383834c342ddae78cb27ab1d3fd6 3e8c1101583e41a8b4cae0d6fd493700 - - default default] Successfully bumped revision number for resource ebe0a8a4-8ea8-4a12-8292-bec9a2b412b8 (type: security_group_rules) to 0
2026-06-24 19:13:39.594 10 INFO neutron.db.ovn_revision_numbers_db [None req-3439886a-77be-4c95-9884-551f7059f0be 293041c3d1c44f58882016c7f9f1c629 83e00930fe284582a0d4538e1710b04a - - default default] Successfully bumped revision number for resource 5ac187ab-b8c5-49c4-80e1-769c48d0ef8f (type: security_group_rules) to 0
2026-06-24 19:13:39.601 10 INFO neutron.api.wsgi [req-837ac2e1-1cce-4c4d-80ce-6bd16e694ecf req-29b84fcd-a580-4ac9-8ec8-615f068bb562 8babac54b3c744e1b07b43def8c78c8b 67816952c04941238887c79b8b70fd1a - - default default] 10.0.0.115 "GET /v2.0/security-groups?id=b11cc8f6-6778-42a1-93ff-0cfed64652a4&id=54c579f3-c4e7-4cc8-a089-6eaa4e9fb73d&fields=id&fields=name HTTP/1.1" status: 200 len: 405 time: 0.0369070
2026-06-24 19:13:39.607 10 INFO neutron.db.ovn_revision_numbers_db [None req-3439886a-77be-4c95-9884-551f7059f0be 293041c3d1c44f58882016c7f9f1c629 83e00930fe284582a0d4538e1710b04a - - default default] Successfully bumped revision number for resource 8e4992e9-722b-4e3b-b67e-fce3c3d75fcf (type: security_group_rules) to 0
2026-06-24 19:13:39.621 10 INFO neutron.db.ovn_revision_numbers_db [None req-3439886a-77be-4c95-9884-551f7059f0be 293041c3d1c44f58882016c7f9f1c629 83e00930fe284582a0d4538e1710b04a - - default default] Successfully bumped revision number for resource d3ee6845-7533-4495-99a1-d5de4166ac3c (type: security_group_rules) to 0
2026-06-24 19:13:39.673 10 INFO neutron.api.wsgi [None req-3439886a-77be-4c95-9884-551f7059f0be 293041c3d1c44f58882016c7f9f1c629 83e00930fe284582a0d4538e1710b04a - - default default] 10.0.0.30 "GET /v2.0/security-groups?tenant_id=dd7f71c6ae624f1890cd957994b22dd7&name=default HTTP/1.1" status: 200 len: 3124 time: 0.2686956
2026-06-24 19:13:39.694 9 INFO neutron.db.segments_db [None req-4e8065bb-8667-409f-bffa-c7422640e91a de60383834c342ddae78cb27ab1d3fd6 3e8c1101583e41a8b4cae0d6fd493700 - - default default] Added segment ae67e4fa-65f5-4704-aa51-d9df4b25f5fa of type geneve for network ff81451d-64f1-493c-9996-6950c8fa0415
2026-06-24 19:13:39.702 10 INFO neutron.api.wsgi [req-9a4d04fd-ba14-4088-88a4-dc59e6bdee55 req-5091400d-596a-4816-9cc6-ea3538c20a62 8babac54b3c744e1b07b43def8c78c8b 67816952c04941238887c79b8b70fd1a - - default default] 10.0.0.115 "GET /v2.0/ports?device_id=601e9164-bb00-4f9b-96d4-6c308dd86dbb HTTP/1.1" status: 200 len: 1210 time: 0.0399346
2026-06-24 19:13:39.806 10 INFO neutron.notifiers.nova [-] Nova event matching ['req-7600e773-ec76-42e8-85e9-3bb148a32d01'] response: {'server_uuid': '601e9164-bb00-4f9b-96d4-6c308dd86dbb', 'name': 'network-vif-plugged', 'status': 'completed', 'tag': '18a4bb8e-9621-468b-bd6d-4464ab12a3ca', 'code': 200}
2026-06-24 19:13:39.890 9 INFO neutron.db.ovn_revision_numbers_db [None req-4e8065bb-8667-409f-bffa-c7422640e91a de60383834c342ddae78cb27ab1d3fd6 3e8c1101583e41a8b4cae0d6fd493700 - - default default] Successfully bumped revision number for resource ff81451d-64f1-493c-9996-6950c8fa0415 (type: networks) to 1
2026-06-24 19:13:39.924 10 INFO neutron.api.wsgi [None req-4c2e5e48-5048-4ba2-b170-485435c742ff 293041c3d1c44f58882016c7f9f1c629 83e00930fe284582a0d4538e1710b04a - - default default] 10.0.0.30 "DELETE /v2.0/security-groups/1993ca7e-1edc-4bf9-8cb5-fca353a90da3 HTTP/1.1" status: 204 len: 168 time: 0.2402422
2026-06-24 19:13:40.117 9 WARNING neutron.scheduler.dhcp_agent_scheduler [None req-4e8065bb-8667-409f-bffa-c7422640e91a de60383834c342ddae78cb27ab1d3fd6 3e8c1101583e41a8b4cae0d6fd493700 - - default default] No more DHCP agents
2026-06-24 19:13:40.118 9 WARNING neutron.api.rpc.agentnotifiers.dhcp_rpc_agent_api [None req-4e8065bb-8667-409f-bffa-c7422640e91a de60383834c342ddae78cb27ab1d3fd6 3e8c1101583e41a8b4cae0d6fd493700 - - default default] Unable to schedule network ff81451d-64f1-493c-9996-6950c8fa0415: no agents available; will retry on subsequent port and subnet creation events.
2026-06-24 19:13:40.202 9 INFO neutron.db.ovn_revision_numbers_db [None req-4e8065bb-8667-409f-bffa-c7422640e91a de60383834c342ddae78cb27ab1d3fd6 3e8c1101583e41a8b4cae0d6fd493700 - - default default] Successfully bumped revision number for resource 3754994e-fdec-4102-a8eb-3b851c1d0e3b (type: ports) to 1
2026-06-24 19:13:40.231 9 INFO neutron.api.wsgi [None req-4e8065bb-8667-409f-bffa-c7422640e91a de60383834c342ddae78cb27ab1d3fd6 3e8c1101583e41a8b4cae0d6fd493700 - - default default] 10.0.0.30 "POST /v2.0/networks HTTP/1.1" status: 201 len: 830 time: 1.1007004
2026-06-24 19:13:40.243 9 WARNING neutron_lib.context [None req-d88ade10-c1e0-4812-8f33-b9aa6be0fce3 de60383834c342ddae78cb27ab1d3fd6 3e8c1101583e41a8b4cae0d6fd493700 - - default default] Method 'is_advsvc' is deprecated since 2023.2 release (neutron-lib 3.8.0) and will be removed once support for the old RBAC API policies will be removed from Neutron. Please use method 'is_service_role' instead.
2026-06-24 19:13:40.327 9 INFO neutron.db.ovn_revision_numbers_db [None req-9a2bbc29-534d-4e0c-a9cf-a1ee2afc3548 8babac54b3c744e1b07b43def8c78c8b 67816952c04941238887c79b8b70fd1a - - default default] Successfully bumped revision number for resource 3889cac9-7e2b-4f99-94f0-3081873f17e5 (type: floatingips) to 1
2026-06-24 19:13:40.461 9 INFO neutron.db.ovn_revision_numbers_db [None req-9a2bbc29-534d-4e0c-a9cf-a1ee2afc3548 8babac54b3c744e1b07b43def8c78c8b 67816952c04941238887c79b8b70fd1a - - default default] Successfully bumped revision number for resource 3889cac9-7e2b-4f99-94f0-3081873f17e5 (type: floatingips) to 2
2026-06-24 19:13:40.461 9 INFO neutron.db.l3_db [None req-9a2bbc29-534d-4e0c-a9cf-a1ee2afc3548 8babac54b3c744e1b07b43def8c78c8b 67816952c04941238887c79b8b70fd1a - - default default] Floating IP 3889cac9-7e2b-4f99-94f0-3081873f17e5 associated. External IP: 10.96.250.209, port: 18a4bb8e-9621-468b-bd6d-4464ab12a3ca.
2026-06-24 19:13:40.512 9 INFO neutron.api.wsgi [None req-9a2bbc29-534d-4e0c-a9cf-a1ee2afc3548 8babac54b3c744e1b07b43def8c78c8b 67816952c04941238887c79b8b70fd1a - - default default] 10.0.0.30 "PUT /v2.0/floatingips/3889cac9-7e2b-4f99-94f0-3081873f17e5 HTTP/1.1" status: 200 len: 1049 time: 0.7978637
2026-06-24 19:13:40.513 9 INFO neutron.notifiers.nova [-] Nova event matching ['req-40d86c3d-f5aa-4783-b797-5ea90fa71d77'] response: {'server_uuid': '28bd661b-a486-4846-857c-d0db4e99d0e9', 'name': 'network-vif-plugged', 'status': 'completed', 'tag': '0f7cf3e5-a417-48d6-9de7-0f48e1beb6d8', 'code': 200}
2026-06-24 19:13:40.550 9 WARNING neutron.scheduler.dhcp_agent_scheduler [None req-d88ade10-c1e0-4812-8f33-b9aa6be0fce3 de60383834c342ddae78cb27ab1d3fd6 3e8c1101583e41a8b4cae0d6fd493700 - - default default] No more DHCP agents
2026-06-24 19:13:40.552 9 WARNING neutron.api.rpc.agentnotifiers.dhcp_rpc_agent_api [None req-d88ade10-c1e0-4812-8f33-b9aa6be0fce3 de60383834c342ddae78cb27ab1d3fd6 3e8c1101583e41a8b4cae0d6fd493700 - - default default] Unable to schedule network ff81451d-64f1-493c-9996-6950c8fa0415: no agents available; will retry on subsequent port and subnet creation events.
2026-06-24 19:13:40.619 9 INFO neutron.db.ovn_revision_numbers_db [None req-d88ade10-c1e0-4812-8f33-b9aa6be0fce3 de60383834c342ddae78cb27ab1d3fd6 3e8c1101583e41a8b4cae0d6fd493700 - - default default] Successfully bumped revision number for resource 4e072d15-f1ca-4f6e-8469-598e54001d9b (type: ports) to 1
2026-06-24 19:13:40.641 9 INFO neutron.api.wsgi [None req-d88ade10-c1e0-4812-8f33-b9aa6be0fce3 de60383834c342ddae78cb27ab1d3fd6 3e8c1101583e41a8b4cae0d6fd493700 - - default default] 10.0.0.30 "POST /v2.0/ports HTTP/1.1" status: 201 len: 942 time: 0.4018512 /var/lib/openstack/lib/python3.12/site-packages/pycadf/identifier.py:71: UserWarning: Invalid uuid: neutron. To ensure interoperability, identifiers should be a valid uuid. warnings.warn(('Invalid uuid: %s. To ensure interoperability, '
2026-06-24 19:13:40.686 9 INFO neutron.api.wsgi [None req-ddc66a0d-d3c6-4e03-8ff5-2242650bd76b de60383834c342ddae78cb27ab1d3fd6 3e8c1101583e41a8b4cae0d6fd493700 - - default default] 10.0.0.30 "PUT /v2.0/ports/4e072d15-f1ca-4f6e-8469-598e54001d9b/tags HTTP/1.1" status: 200 len: 218 time: 0.0379846
2026-06-24 19:13:40.728 9 INFO neutron.api.wsgi [None req-608c6930-2c50-4b90-b8ca-1deb9eaaf6ba de60383834c342ddae78cb27ab1d3fd6 3e8c1101583e41a8b4cae0d6fd493700 - - default default] 10.0.0.30 "GET /v2.0/ports/4e072d15-f1ca-4f6e-8469-598e54001d9b/tags HTTP/1.1" status: 200 len: 218 time: 0.0354400
2026-06-24 19:13:40.778 9 INFO neutron.api.wsgi [None req-299ca80d-086a-4c97-be08-405659ee2a47 de60383834c342ddae78cb27ab1d3fd6 3e8c1101583e41a8b4cae0d6fd493700 - - default default] 10.0.0.30 "PUT /v2.0/ports/4e072d15-f1ca-4f6e-8469-598e54001d9b/tags/green HTTP/1.1" status: 201 len: 201 time: 0.0440142
2026-06-24 19:13:40.814 9 INFO neutron.api.wsgi [None req-bf6ebde8-6110-45cd-a111-51fa6b54b753 de60383834c342ddae78cb27ab1d3fd6 3e8c1101583e41a8b4cae0d6fd493700 - - default default] 10.0.0.30 "GET /v2.0/ports/4e072d15-f1ca-4f6e-8469-598e54001d9b/tags HTTP/1.1" status: 200 len: 227 time: 0.0303349
2026-06-24 19:13:40.862 9 INFO neutron.api.wsgi [None req-29734534-24ec-45b3-b842-789185e21764 de60383834c342ddae78cb27ab1d3fd6 3e8c1101583e41a8b4cae0d6fd493700 - - default default] 10.0.0.30 "PUT /v2.0/ports/4e072d15-f1ca-4f6e-8469-598e54001d9b/tags/red HTTP/1.1" status: 201 len: 201 time: 0.0415835
2026-06-24 19:13:40.899 9 INFO neutron.api.wsgi [None req-85c85343-e564-4f0e-a3ca-497faa045b98 de60383834c342ddae78cb27ab1d3fd6 3e8c1101583e41a8b4cae0d6fd493700 - - default default] 10.0.0.30 "GET /v2.0/ports/4e072d15-f1ca-4f6e-8469-598e54001d9b/tags HTTP/1.1" status: 200 len: 227 time: 0.0314128
2026-06-24 19:13:40.962 9 INFO neutron.api.wsgi [None req-422d31b1-f3fb-4f11-962e-5d81979042ec de60383834c342ddae78cb27ab1d3fd6 3e8c1101583e41a8b4cae0d6fd493700 - - default default] 10.0.0.30 "PUT /v2.0/ports/4e072d15-f1ca-4f6e-8469-598e54001d9b/tags/black.or.white HTTP/1.1" status: 201 len: 201 time: 0.0579698
2026-06-24 19:13:41.008 9 INFO neutron.api.wsgi [None req-cebe65f6-3085-4a20-b1d0-9d3f35badde3 de60383834c342ddae78cb27ab1d3fd6 3e8c1101583e41a8b4cae0d6fd493700 - - default default] 10.0.0.30 "GET /v2.0/ports/4e072d15-f1ca-4f6e-8469-598e54001d9b/tags HTTP/1.1" status: 200 len: 245 time: 0.0394359
2026-06-24 19:13:41.069 9 INFO neutron.api.wsgi [None req-ced73f6e-f063-4dd9-99ce-57e3848fc33c de60383834c342ddae78cb27ab1d3fd6 3e8c1101583e41a8b4cae0d6fd493700 - - default default] 10.0.0.30 "PUT /v2.0/ports/4e072d15-f1ca-4f6e-8469-598e54001d9b/tags HTTP/1.1" status: 200 len: 230 time: 0.0566845
2026-06-24 19:13:41.105 9 INFO neutron.api.wsgi [None req-6e73e5c5-c5cc-482e-9d0d-4e40a8ff4051 de60383834c342ddae78cb27ab1d3fd6 3e8c1101583e41a8b4cae0d6fd493700 - - default default] 10.0.0.30 "GET /v2.0/ports/4e072d15-f1ca-4f6e-8469-598e54001d9b/tags HTTP/1.1" status: 200 len: 230 time: 0.0289695
2026-06-24 19:13:41.138 9 INFO neutron.api.wsgi [None req-7e65bc9c-45e8-4591-9f7e-6ecba947802b de60383834c342ddae78cb27ab1d3fd6 3e8c1101583e41a8b4cae0d6fd493700 - - default default] 10.0.0.30 "GET /v2.0/ports/4e072d15-f1ca-4f6e-8469-598e54001d9b/tags/red HTTP/1.1" status: 204 len: 168 time: 0.0267203
2026-06-24 19:13:41.180 9 INFO neutron.api.v2.resource [None req-c7e8fb94-e7c1-4a78-997b-45dfac9edff3 de60383834c342ddae78cb27ab1d3fd6 3e8c1101583e41a8b4cae0d6fd493700 - - default default] show failed (client error): The resource could not be found.
2026-06-24 19:13:41.181 9 INFO neutron.api.wsgi [None req-c7e8fb94-e7c1-4a78-997b-45dfac9edff3 de60383834c342ddae78cb27ab1d3fd6 3e8c1101583e41a8b4cae0d6fd493700 - - default default] 10.0.0.30 "GET /v2.0/ports/4e072d15-f1ca-4f6e-8469-598e54001d9b/tags/green HTTP/1.1" status: 404 len: 299 time: 0.0379288
2026-06-24 19:13:41.243 9 INFO neutron.api.wsgi [None req-eccf4898-9b00-4848-8d5d-a3472ba8d258 de60383834c342ddae78cb27ab1d3fd6 3e8c1101583e41a8b4cae0d6fd493700 - - default default] 10.0.0.30 "DELETE /v2.0/ports/4e072d15-f1ca-4f6e-8469-598e54001d9b/tags/red HTTP/1.1" status: 204 len: 168 time: 0.0551882
2026-06-24 19:13:41.279 9 INFO neutron.api.wsgi [None req-1aa62ef8-41c1-495e-a463-c1e3673e0c6e de60383834c342ddae78cb27ab1d3fd6 3e8c1101583e41a8b4cae0d6fd493700 - - default default] 10.0.0.30 "GET /v2.0/ports/4e072d15-f1ca-4f6e-8469-598e54001d9b/tags HTTP/1.1" status: 200 len: 223 time: 0.0325012
2026-06-24 19:13:41.320 9 INFO neutron.api.v2.resource [None req-28cd29a3-0c94-46c8-b4bc-d08d974b3c6d de60383834c342ddae78cb27ab1d3fd6 3e8c1101583e41a8b4cae0d6fd493700 - - default default] delete failed (client error): The resource could not be found.
2026-06-24 19:13:41.321 9 INFO neutron.api.wsgi [None req-28cd29a3-0c94-46c8-b4bc-d08d974b3c6d de60383834c342ddae78cb27ab1d3fd6 3e8c1101583e41a8b4cae0d6fd493700 - - default default] 10.0.0.30 "DELETE /v2.0/ports/4e072d15-f1ca-4f6e-8469-598e54001d9b/tags/green HTTP/1.1" status: 404 len: 299 time: 0.0377667
2026-06-24 19:13:41.379 9 INFO neutron.api.wsgi [None req-1c248f42-8d50-4fa5-97e5-1ad34eba6653 de60383834c342ddae78cb27ab1d3fd6 3e8c1101583e41a8b4cae0d6fd493700 - - default default] 10.0.0.30 "DELETE /v2.0/ports/4e072d15-f1ca-4f6e-8469-598e54001d9b/tags HTTP/1.1" status: 204 len: 168 time: 0.0526328
2026-06-24 19:13:41.418 9 INFO neutron.api.wsgi [None req-b5e8bba1-aba0-4386-83f9-ceb93ed745d0 de60383834c342ddae78cb27ab1d3fd6 3e8c1101583e41a8b4cae0d6fd493700 - - default default] 10.0.0.30 "GET /v2.0/ports/4e072d15-f1ca-4f6e-8469-598e54001d9b/tags HTTP/1.1" status: 200 len: 205 time: 0.0358038
2026-06-24 19:13:41.705 9 INFO neutron.api.wsgi [None req-ead72aa1-de53-4cff-b7f8-911865c51d1c de60383834c342ddae78cb27ab1d3fd6 3e8c1101583e41a8b4cae0d6fd493700 - - default default] 10.0.0.30 "DELETE /v2.0/ports/4e072d15-f1ca-4f6e-8469-598e54001d9b HTTP/1.1" status: 204 len: 168 time: 0.2666883
2026-06-24 19:13:42.062 9 INFO neutron.services.segments.plugin [-] Segment ae67e4fa-65f5-4704-aa51-d9df4b25f5fa resource provider aggregate not found
2026-06-24 19:13:42.071 9 INFO neutron.services.segments.plugin [-] Segment ae67e4fa-65f5-4704-aa51-d9df4b25f5fa resource provider aggregate not found
2026-06-24 19:13:42.088 9 INFO neutron.services.segments.plugin [-] Segment ae67e4fa-65f5-4704-aa51-d9df4b25f5fa resource provider not found; error: Placement Client Error (4xx): {"errors": [{"status": 404, "title": "Not Found", "detail": "The resource could not be found.\n\n No resource provider with uuid ae67e4fa-65f5-4704-aa51-d9df4b25f5fa found for delete ", "request_id": "req-a2cc4635-8cf8-4447-bddc-61478e9a5b95"}]}
2026-06-24 19:13:42.091 9 INFO neutron.services.segments.plugin [-] Segment ae67e4fa-65f5-4704-aa51-d9df4b25f5fa resource provider not found; error: Placement Client Error (4xx): {"errors": [{"status": 404, "title": "Not Found", "detail": "The resource could not be found.\n\n No resource provider with uuid ae67e4fa-65f5-4704-aa51-d9df4b25f5fa found for delete ", "request_id": "req-38d08e96-d702-4f33-968b-4503b5814741"}]}
2026-06-24 19:13:42.113 9 INFO neutron.api.wsgi [None req-572f9b39-d6d4-4622-ab4d-716ad58f1519 de60383834c342ddae78cb27ab1d3fd6 3e8c1101583e41a8b4cae0d6fd493700 - - default default] 10.0.0.30 "DELETE /v2.0/networks/ff81451d-64f1-493c-9996-6950c8fa0415 HTTP/1.1" status: 204 len: 168 time: 0.4008572
2026-06-24 19:13:42.553 9 INFO neutron.notifiers.nova [-] Nova event matching ['req-d54bc8bc-e141-4602-9506-bc03d188f3f5'] response: {'name': 'network-changed', 'server_uuid': '601e9164-bb00-4f9b-96d4-6c308dd86dbb', 'tag': '18a4bb8e-9621-468b-bd6d-4464ab12a3ca', 'status': 'completed', 'code': 200}
2026-06-24 19:13:42.987 9 INFO neutron.api.wsgi [None req-61ab6e01-5e97-4988-9c64-5944f3a72d3e 293041c3d1c44f58882016c7f9f1c629 83e00930fe284582a0d4538e1710b04a - - default default] 10.0.0.30 "GET /v2.0/security-groups?tenant_id=3e8c1101583e41a8b4cae0d6fd493700&name=default HTTP/1.1" status: 200 len: 3124 time: 0.1844945
2026-06-24 19:13:43.101 9 INFO neutron.api.wsgi [req-39eb97af-0349-4813-b319-c364d8b3037d req-dd897c1c-374f-411d-974c-2cb2d2d952bf 16a751e4d43945aea1f12649bca1580d e4904095b6f242b6963b29c23c7a5ab7 - - fe8001579ed44485b69939a499861bca fe8001579ed44485b69939a499861bca] 199.19.213.107 "GET /v2.0/ports?tenant_id=67816952c04941238887c79b8b70fd1a&device_id=601e9164-bb00-4f9b-96d4-6c308dd86dbb HTTP/1.1" status: 200 len: 1448 time: 0.0379350
2026-06-24 19:13:43.152 9 INFO neutron.api.wsgi [req-39eb97af-0349-4813-b319-c364d8b3037d req-bc5a4fa2-11c1-4b0d-93a0-0fd753896926 16a751e4d43945aea1f12649bca1580d e4904095b6f242b6963b29c23c7a5ab7 - - fe8001579ed44485b69939a499861bca fe8001579ed44485b69939a499861bca] 199.19.213.107 "GET /v2.0/networks?id=a3d7243e-9462-47fc-a7e3-509bf8d7659d HTTP/1.1" status: 200 len: 971 time: 0.0484800
2026-06-24 19:13:43.183 10 INFO neutron.api.wsgi [req-ab442485-a41d-40cf-a024-c76976d92133 req-a3a4054a-3b2e-4027-b735-afb22082748e db99e4d8c3b34e0092532864b9bcacb9 2d75f6a6c2c7455cab921ab743929811 - - default default] 10.0.0.115 "GET /v2.0/ports?device_id=28bd661b-a486-4846-857c-d0db4e99d0e9 HTTP/1.1" status: 200 len: 1396 time: 0.0749290
2026-06-24 19:13:43.207 9 INFO neutron.api.wsgi [req-39eb97af-0349-4813-b319-c364d8b3037d req-a60bb7a7-5811-4682-a37b-46bd291d1784 16a751e4d43945aea1f12649bca1580d e4904095b6f242b6963b29c23c7a5ab7 - - fe8001579ed44485b69939a499861bca fe8001579ed44485b69939a499861bca] 199.19.213.107 "GET /v2.0/floatingips?fixed_ip_address=10.100.0.8&port_id=18a4bb8e-9621-468b-bd6d-4464ab12a3ca HTTP/1.1" status: 200 len: 1059 time: 0.0479052
2026-06-24 19:13:43.222 10 INFO neutron.api.wsgi [req-ab442485-a41d-40cf-a024-c76976d92133 req-390bf3b5-14ab-4152-b8a4-4e8515e6820b db99e4d8c3b34e0092532864b9bcacb9 2d75f6a6c2c7455cab921ab743929811 - - default default] 10.0.0.115 "GET /v2.0/security-groups?id=60ef3287-283d-4d8b-a897-e2c1d0753b51&fields=id&fields=name HTTP/1.1" status: 200 len: 310 time: 0.0314326
2026-06-24 19:13:43.238 9 INFO neutron.api.wsgi [req-39eb97af-0349-4813-b319-c364d8b3037d req-46ecd702-af2c-4f4c-83a6-211a2edf1cd7 16a751e4d43945aea1f12649bca1580d e4904095b6f242b6963b29c23c7a5ab7 - - fe8001579ed44485b69939a499861bca fe8001579ed44485b69939a499861bca] 199.19.213.107 "GET /v2.0/subnets?id=777dc9f1-1df7-4ae9-824f-625e84444ee2 HTTP/1.1" status: 200 len: 890 time: 0.0261223
2026-06-24 19:13:43.263 9 INFO neutron.api.wsgi [req-39eb97af-0349-4813-b319-c364d8b3037d req-d2f6e30e-316a-4c30-9af0-a27f736d8404 16a751e4d43945aea1f12649bca1580d e4904095b6f242b6963b29c23c7a5ab7 - - fe8001579ed44485b69939a499861bca fe8001579ed44485b69939a499861bca] 199.19.213.107 "GET /v2.0/ports?network_id=a3d7243e-9462-47fc-a7e3-509bf8d7659d&device_owner=network%3Adhcp HTTP/1.1" status: 200 len: 210 time: 0.0201738
2026-06-24 19:13:43.294 9 INFO neutron.api.wsgi [None req-4feaa6dd-aac6-4ba9-82d2-8c2bd71532f7 293041c3d1c44f58882016c7f9f1c629 83e00930fe284582a0d4538e1710b04a - - default default] 10.0.0.30 "DELETE /v2.0/security-groups/7acf5780-ea9b-4091-8cf9-a94581aad583 HTTP/1.1" status: 204 len: 168 time: 0.3019238
2026-06-24 19:13:43.300 10 WARNING neutron_lib.context [None req-31f65078-df9c-4988-bbf8-6b2f442fe2ce 7ae8d91fd7b648f6882c7849dfb5703c de20abb20c8a4e49aa49e6d7aebe3faa - - default default] Method 'is_advsvc' is deprecated since 2023.2 release (neutron-lib 3.8.0) and will be removed once support for the old RBAC API policies will be removed from Neutron. Please use method 'is_service_role' instead.
2026-06-24 19:13:43.306 10 INFO neutron.api.wsgi [None req-4b96700a-98aa-4c09-ab00-0632914efb66 db99e4d8c3b34e0092532864b9bcacb9 2d75f6a6c2c7455cab921ab743929811 - - default default] 10.0.0.30 "GET /v2.0/ports?network_id=c30288e3-9af7-4ab2-895d-569f06325f44&mac_address=fa%3A16%3A3e%3A13%3Ace%3A50 HTTP/1.1" status: 200 len: 1391 time: 0.0596290
2026-06-24 19:13:43.313 9 INFO neutron.api.wsgi [req-39eb97af-0349-4813-b319-c364d8b3037d req-d3f74264-da44-4890-a529-3b33548ac1ed 16a751e4d43945aea1f12649bca1580d e4904095b6f242b6963b29c23c7a5ab7 - - fe8001579ed44485b69939a499861bca fe8001579ed44485b69939a499861bca] 199.19.213.107 "GET /v2.0/networks/a3d7243e-9462-47fc-a7e3-509bf8d7659d?fields=segments HTTP/1.1" status: 200 len: 212 time: 0.0450783
2026-06-24 19:13:43.316 10 WARNING neutron_lib.context [None req-f1b28690-55bb-4a8c-ad6a-fcea4454b2ba db99e4d8c3b34e0092532864b9bcacb9 2d75f6a6c2c7455cab921ab743929811 - - default default] Method 'is_advsvc' is deprecated since 2023.2 release (neutron-lib 3.8.0) and will be removed once support for the old RBAC API policies will be removed from Neutron. Please use method 'is_service_role' instead.
2026-06-24 19:13:43.359 9 INFO neutron.api.wsgi [req-39eb97af-0349-4813-b319-c364d8b3037d req-eab3af06-432a-4684-a8b3-0308a9d27385 16a751e4d43945aea1f12649bca1580d e4904095b6f242b6963b29c23c7a5ab7 - - fe8001579ed44485b69939a499861bca fe8001579ed44485b69939a499861bca] 199.19.213.107 "GET /v2.0/networks/a3d7243e-9462-47fc-a7e3-509bf8d7659d?fields=provider%3Aphysical_network&fields=provider%3Anetwork_type HTTP/1.1" status: 200 len: 277 time: 0.0407033
2026-06-24 19:13:43.420 10 INFO neutron.db.ovn_revision_numbers_db [None req-31f65078-df9c-4988-bbf8-6b2f442fe2ce 7ae8d91fd7b648f6882c7849dfb5703c de20abb20c8a4e49aa49e6d7aebe3faa - - default default] Successfully bumped revision number for resource f075a75d-035e-4a2e-91b5-968e9f34ad73 (type: routers) to 1
2026-06-24 19:13:43.438 10 INFO neutron.api.wsgi [None req-31f65078-df9c-4988-bbf8-6b2f442fe2ce 7ae8d91fd7b648f6882c7849dfb5703c de20abb20c8a4e49aa49e6d7aebe3faa - - default default] 10.0.0.30 "POST /v2.0/routers HTTP/1.1" status: 201 len: 769 time: 0.2014568
2026-06-24 19:13:43.491 9 INFO neutron.api.wsgi [None req-5ebcf7cf-b12b-4851-902e-a1ca82fc3362 7ae8d91fd7b648f6882c7849dfb5703c de20abb20c8a4e49aa49e6d7aebe3faa - - default default] 10.0.0.30 "PUT /v2.0/routers/f075a75d-035e-4a2e-91b5-968e9f34ad73/tags HTTP/1.1" status: 200 len: 218 time: 0.0467122
2026-06-24 19:13:43.534 9 INFO neutron.api.wsgi [None req-45ec5d90-53ac-4235-894b-e0ba43a7d3c8 7ae8d91fd7b648f6882c7849dfb5703c de20abb20c8a4e49aa49e6d7aebe3faa - - default default] 10.0.0.30 "GET /v2.0/routers/f075a75d-035e-4a2e-91b5-968e9f34ad73/tags HTTP/1.1" status: 200 len: 218 time: 0.0376284
2026-06-24 19:13:43.535 9 INFO neutron.db.ovn_revision_numbers_db [None req-ea7a327b-8064-4b21-a454-3b78e5746979 293041c3d1c44f58882016c7f9f1c629 83e00930fe284582a0d4538e1710b04a - - default default] Successfully bumped revision number for resource 50560335-a565-4c24-a38e-b6acfd5cb60a (type: security_groups) to 1
2026-06-24 19:13:43.545 9 INFO neutron.db.ovn_revision_numbers_db [None req-ea7a327b-8064-4b21-a454-3b78e5746979 293041c3d1c44f58882016c7f9f1c629 83e00930fe284582a0d4538e1710b04a - - default default] Successfully bumped revision number for resource 22a7b795-228f-45fb-86a6-aaf70590bada (type: security_group_rules) to 0
2026-06-24 19:13:43.556 9 INFO neutron.db.ovn_revision_numbers_db [None req-ea7a327b-8064-4b21-a454-3b78e5746979 293041c3d1c44f58882016c7f9f1c629 83e00930fe284582a0d4538e1710b04a - - default default] Successfully bumped revision number for resource 80aa0a8a-e6ff-488c-9491-6afc01f59923 (type: security_group_rules) to 0
2026-06-24 19:13:43.568 9 INFO neutron.db.ovn_revision_numbers_db [None req-ea7a327b-8064-4b21-a454-3b78e5746979 293041c3d1c44f58882016c7f9f1c629 83e00930fe284582a0d4538e1710b04a - - default default] Successfully bumped revision number for resource 83d60aa9-765c-42fe-a9cf-d439aedaea6e (type: security_group_rules) to 0
2026-06-24 19:13:43.578 9 INFO neutron.db.ovn_revision_numbers_db [None req-ea7a327b-8064-4b21-a454-3b78e5746979 293041c3d1c44f58882016c7f9f1c629 83e00930fe284582a0d4538e1710b04a - - default default] Successfully bumped revision number for resource c0474c60-d2a8-4b5f-b619-5944df9d3cb5 (type: security_group_rules) to 0
2026-06-24 19:13:43.592 10 WARNING neutron.scheduler.dhcp_agent_scheduler [None req-f1b28690-55bb-4a8c-ad6a-fcea4454b2ba db99e4d8c3b34e0092532864b9bcacb9 2d75f6a6c2c7455cab921ab743929811 - - default default] No more DHCP agents
2026-06-24 19:13:43.596 10 INFO neutron.api.wsgi [None req-42e5febd-bfde-4653-8e67-d18f34e8b091 7ae8d91fd7b648f6882c7849dfb5703c de20abb20c8a4e49aa49e6d7aebe3faa - - default default] 10.0.0.30 "PUT /v2.0/routers/f075a75d-035e-4a2e-91b5-968e9f34ad73/tags/green HTTP/1.1" status: 201 len: 201 time: 0.0552425
2026-06-24 19:13:43.596 10 WARNING neutron.api.rpc.agentnotifiers.dhcp_rpc_agent_api [None req-f1b28690-55bb-4a8c-ad6a-fcea4454b2ba db99e4d8c3b34e0092532864b9bcacb9 2d75f6a6c2c7455cab921ab743929811 - - default default] Unable to schedule network ef010c93-854e-4f3b-8e13-71e6b38adb80: no agents available; will retry on subsequent port and subnet creation events.
2026-06-24 19:13:43.617 9 INFO neutron.api.wsgi [None req-ea7a327b-8064-4b21-a454-3b78e5746979 293041c3d1c44f58882016c7f9f1c629 83e00930fe284582a0d4538e1710b04a - - default default] 10.0.0.30 "GET /v2.0/security-groups?tenant_id=76ce80c2e6d34e8e98d9c929b12f4e85&name=default HTTP/1.1" status: 200 len: 3124 time: 0.2113080
2026-06-24 19:13:43.639 10 INFO neutron.api.wsgi [None req-70696ffe-b08a-4874-b4db-f7459eeafa1b 7ae8d91fd7b648f6882c7849dfb5703c de20abb20c8a4e49aa49e6d7aebe3faa - - default default] 10.0.0.30 "GET /v2.0/routers/f075a75d-035e-4a2e-91b5-968e9f34ad73/tags HTTP/1.1" status: 200 len: 227 time: 0.0378661
2026-06-24 19:13:43.697 9 INFO neutron.api.wsgi [None req-b230c134-f509-4d00-bef0-5f8884def5f3 7ae8d91fd7b648f6882c7849dfb5703c de20abb20c8a4e49aa49e6d7aebe3faa - - default default] 10.0.0.30 "PUT /v2.0/routers/f075a75d-035e-4a2e-91b5-968e9f34ad73/tags/red HTTP/1.1" status: 201 len: 201 time: 0.0529053
2026-06-24 19:13:43.743 9 INFO neutron.api.wsgi [None req-4acd1262-6c34-454c-a18f-19567711ae78 7ae8d91fd7b648f6882c7849dfb5703c de20abb20c8a4e49aa49e6d7aebe3faa - - default default] 10.0.0.30 "GET /v2.0/routers/f075a75d-035e-4a2e-91b5-968e9f34ad73/tags HTTP/1.1" status: 200 len: 227 time: 0.0403476
2026-06-24 19:13:43.795 9 INFO neutron.api.wsgi [None req-4d368724-1075-4bea-bda2-8cc14e97c12d 7ae8d91fd7b648f6882c7849dfb5703c de20abb20c8a4e49aa49e6d7aebe3faa - - default default] 10.0.0.30 "PUT /v2.0/routers/f075a75d-035e-4a2e-91b5-968e9f34ad73/tags/black.or.white HTTP/1.1" status: 201 len: 201 time: 0.0470488
2026-06-24 19:13:43.834 9 INFO neutron.api.wsgi [None req-7cdb87c7-771f-4cc7-851f-134c0fb43171 7ae8d91fd7b648f6882c7849dfb5703c de20abb20c8a4e49aa49e6d7aebe3faa - - default default] 10.0.0.30 "GET /v2.0/routers/f075a75d-035e-4a2e-91b5-968e9f34ad73/tags HTTP/1.1" status: 200 len: 245 time: 0.0350554
2026-06-24 19:13:43.887 10 INFO neutron.api.wsgi [None req-671ae1ca-a14c-4e72-9951-eaf764e82a9c 293041c3d1c44f58882016c7f9f1c629 83e00930fe284582a0d4538e1710b04a - - default default] 10.0.0.30 "DELETE /v2.0/security-groups/50560335-a565-4c24-a38e-b6acfd5cb60a HTTP/1.1" status: 204 len: 168 time: 0.2654977
2026-06-24 19:13:43.900 10 INFO neutron.api.wsgi [None req-e5e6bb61-931a-4642-9d55-8244868c09d5 7ae8d91fd7b648f6882c7849dfb5703c de20abb20c8a4e49aa49e6d7aebe3faa - - default default] 10.0.0.30 "PUT /v2.0/routers/f075a75d-035e-4a2e-91b5-968e9f34ad73/tags HTTP/1.1" status: 200 len: 230 time: 0.0607247
2026-06-24 19:13:43.947 10 INFO neutron.api.wsgi [None req-dd67ef79-09b0-45cd-a639-cb08bad5382f 7ae8d91fd7b648f6882c7849dfb5703c de20abb20c8a4e49aa49e6d7aebe3faa - - default default] 10.0.0.30 "GET /v2.0/routers/f075a75d-035e-4a2e-91b5-968e9f34ad73/tags HTTP/1.1" status: 200 len: 230 time: 0.0401361
2026-06-24 19:13:44.000 9 INFO neutron.api.wsgi [None req-62b73a79-de86-4cb3-b6a3-9d19c595f650 7ae8d91fd7b648f6882c7849dfb5703c de20abb20c8a4e49aa49e6d7aebe3faa - - default default] 10.0.0.30 "GET /v2.0/routers/f075a75d-035e-4a2e-91b5-968e9f34ad73/tags/red HTTP/1.1" status: 204 len: 168 time: 0.0457687
2026-06-24 19:13:44.044 9 INFO neutron.api.v2.resource [None req-b57d91f9-1eec-4321-87b4-58054703aa64 7ae8d91fd7b648f6882c7849dfb5703c de20abb20c8a4e49aa49e6d7aebe3faa - - default default] show failed (client error): The resource could not be found.
2026-06-24 19:13:44.046 9 INFO neutron.api.wsgi [None req-b57d91f9-1eec-4321-87b4-58054703aa64 7ae8d91fd7b648f6882c7849dfb5703c de20abb20c8a4e49aa49e6d7aebe3faa - - default default] 10.0.0.30 "GET /v2.0/routers/f075a75d-035e-4a2e-91b5-968e9f34ad73/tags/green HTTP/1.1" status: 404 len: 299 time: 0.0406370
2026-06-24 19:13:44.109 9 INFO neutron.api.wsgi [None req-d6477878-7351-4311-8ce1-06d61e5ad88b 7ae8d91fd7b648f6882c7849dfb5703c de20abb20c8a4e49aa49e6d7aebe3faa - - default default] 10.0.0.30 "DELETE /v2.0/routers/f075a75d-035e-4a2e-91b5-968e9f34ad73/tags/red HTTP/1.1" status: 204 len: 168 time: 0.0588748
2026-06-24 19:13:44.145 9 INFO neutron.api.wsgi [None req-76d27ab9-e744-477a-8987-7fea723ce7fb 7ae8d91fd7b648f6882c7849dfb5703c de20abb20c8a4e49aa49e6d7aebe3faa - - default default] 10.0.0.30 "GET /v2.0/routers/f075a75d-035e-4a2e-91b5-968e9f34ad73/tags HTTP/1.1" status: 200 len: 223 time: 0.0311208
2026-06-24 19:13:44.191 9 INFO neutron.api.v2.resource [None req-f8d69a50-5302-430f-a9bd-4ca56f7baa00 7ae8d91fd7b648f6882c7849dfb5703c de20abb20c8a4e49aa49e6d7aebe3faa - - default default] delete failed (client error): The resource could not be found.
2026-06-24 19:13:44.192 9 INFO neutron.api.wsgi [None req-f8d69a50-5302-430f-a9bd-4ca56f7baa00 7ae8d91fd7b648f6882c7849dfb5703c de20abb20c8a4e49aa49e6d7aebe3faa - - default default] 10.0.0.30 "DELETE /v2.0/routers/f075a75d-035e-4a2e-91b5-968e9f34ad73/tags/green HTTP/1.1" status: 404 len: 299 time: 0.0409708
2026-06-24 19:13:44.241 9 INFO neutron.api.wsgi [None req-86340883-bc9a-4bab-ad3e-8d1a0a63edd3 7ae8d91fd7b648f6882c7849dfb5703c de20abb20c8a4e49aa49e6d7aebe3faa - - default default] 10.0.0.30 "DELETE /v2.0/routers/f075a75d-035e-4a2e-91b5-968e9f34ad73/tags HTTP/1.1" status: 204 len: 168 time: 0.0455115
2026-06-24 19:13:44.274 9 INFO neutron.api.wsgi [None req-74284633-5b7e-43a0-896c-619fe6a813ef 7ae8d91fd7b648f6882c7849dfb5703c de20abb20c8a4e49aa49e6d7aebe3faa - - default default] 10.0.0.30 "GET /v2.0/routers/f075a75d-035e-4a2e-91b5-968e9f34ad73/tags HTTP/1.1" status: 200 len: 205 time: 0.0290008
2026-06-24 19:13:44.310 9 INFO neutron.api.wsgi [None req-cfb872e2-244a-4c17-a9ba-4f4d8e71685a 7ae8d91fd7b648f6882c7849dfb5703c de20abb20c8a4e49aa49e6d7aebe3faa - - default default] 10.0.0.30 "GET /v2.0/routers/f075a75d-035e-4a2e-91b5-968e9f34ad73 HTTP/1.1" status: 200 len: 770 time: 0.0313761
2026-06-24 19:13:44.391 10 INFO neutron.db.ovn_revision_numbers_db [None req-f1b28690-55bb-4a8c-ad6a-fcea4454b2ba db99e4d8c3b34e0092532864b9bcacb9 2d75f6a6c2c7455cab921ab743929811 - - default default] Successfully bumped revision number for resource 2ab5ff74-d067-46f3-b5d3-4f9ea8426952 (type: floatingips) to -1
2026-06-24 19:13:44.497 10 INFO neutron.db.ovn_revision_numbers_db [None req-f1b28690-55bb-4a8c-ad6a-fcea4454b2ba db99e4d8c3b34e0092532864b9bcacb9 2d75f6a6c2c7455cab921ab743929811 - - default default] Successfully bumped revision number for resource 2ab5ff74-d067-46f3-b5d3-4f9ea8426952 (type: floatingips) to 1
2026-06-24 19:13:44.498 10 INFO neutron.db.l3_db [None req-f1b28690-55bb-4a8c-ad6a-fcea4454b2ba db99e4d8c3b34e0092532864b9bcacb9 2d75f6a6c2c7455cab921ab743929811 - - default default] Floating IP 2ab5ff74-d067-46f3-b5d3-4f9ea8426952 associated. External IP: 10.96.250.206, port: 0f7cf3e5-a417-48d6-9de7-0f48e1beb6d8.
2026-06-24 19:13:44.538 10 INFO neutron.api.wsgi [None req-f1b28690-55bb-4a8c-ad6a-fcea4454b2ba db99e4d8c3b34e0092532864b9bcacb9 2d75f6a6c2c7455cab921ab743929811 - - default default] 10.0.0.30 "POST /v2.0/floatingips HTTP/1.1" status: 201 len: 1053 time: 1.2246778
2026-06-24 19:13:44.581 10 INFO neutron.notifiers.nova [-] Nova event matching ['req-fd308875-91c7-431e-a0bf-6435a2c1ca7a'] response: {'name': 'network-changed', 'server_uuid': '28bd661b-a486-4846-857c-d0db4e99d0e9', 'tag': '0f7cf3e5-a417-48d6-9de7-0f48e1beb6d8', 'status': 'completed', 'code': 200}
2026-06-24 19:13:44.604 9 INFO neutron.db.ovn_revision_numbers_db [None req-5024fec2-bf36-4aae-8a4b-aac68b74b78e 7ae8d91fd7b648f6882c7849dfb5703c de20abb20c8a4e49aa49e6d7aebe3faa - - default default] Successfully bumped revision number for resource f075a75d-035e-4a2e-91b5-968e9f34ad73 (type: routers) to 7
2026-06-24 19:13:44.611 9 INFO neutron.api.wsgi [None req-5024fec2-bf36-4aae-8a4b-aac68b74b78e 7ae8d91fd7b648f6882c7849dfb5703c de20abb20c8a4e49aa49e6d7aebe3faa - - default default] 10.0.0.30 "PUT /v2.0/routers/f075a75d-035e-4a2e-91b5-968e9f34ad73 HTTP/1.1" status: 200 len: 770 time: 0.2907460 /var/lib/openstack/lib/python3.12/site-packages/pycadf/identifier.py:71: UserWarning: Invalid uuid: neutron. To ensure interoperability, identifiers should be a valid uuid. warnings.warn(('Invalid uuid: %s. To ensure interoperability, '
2026-06-24 19:13:44.640 10 INFO neutron.api.wsgi [None req-a1e20fb4-830e-41e0-a50e-c37c0169a895 7ae8d91fd7b648f6882c7849dfb5703c de20abb20c8a4e49aa49e6d7aebe3faa - - default default] 10.0.0.30 "GET /v2.0/ports?device_id=f075a75d-035e-4a2e-91b5-968e9f34ad73 HTTP/1.1" status: 200 len: 205 time: 0.0200436
2026-06-24 19:13:44.675 10 INFO neutron.api.wsgi [req-87720175-182c-4c38-90fe-c7a420e877cf req-8e201be5-12ae-465b-ad77-cae789102585 db99e4d8c3b34e0092532864b9bcacb9 2d75f6a6c2c7455cab921ab743929811 - - default default] 10.0.0.115 "GET /v2.0/security-groups?name=tempest-lb_member_SG-594161411&fields=id&tenant_id=2d75f6a6c2c7455cab921ab743929811 HTTP/1.1" status: 200 len: 267 time: 0.0673695
2026-06-24 19:13:44.758 10 INFO neutron.api.wsgi [req-87720175-182c-4c38-90fe-c7a420e877cf req-eabe03b1-da0c-4ef6-9ab0-8829b42fbfb4 db99e4d8c3b34e0092532864b9bcacb9 2d75f6a6c2c7455cab921ab743929811 - - default default] 10.0.0.115 "GET /v2.0/networks?id=a7ce6646-5679-42bf-9289-32ba68a56474 HTTP/1.1" status: 200 len: 903 time: 0.0740120
2026-06-24 19:13:44.789 10 INFO neutron.api.wsgi [req-87720175-182c-4c38-90fe-c7a420e877cf req-9d18ba7e-1723-4a95-95e0-87a8866718f3 db99e4d8c3b34e0092532864b9bcacb9 2d75f6a6c2c7455cab921ab743929811 - - default default] 10.0.0.115 "GET /v2.0/quotas/2d75f6a6c2c7455cab921ab743929811 HTTP/1.1" status: 200 len: 491 time: 0.0180652
2026-06-24 19:13:44.841 10 INFO neutron.api.wsgi [None req-a2db893b-dc73-4548-b631-17cfd705de37 7ae8d91fd7b648f6882c7849dfb5703c de20abb20c8a4e49aa49e6d7aebe3faa - - default default] 10.0.0.30 "DELETE /v2.0/routers/f075a75d-035e-4a2e-91b5-968e9f34ad73 HTTP/1.1" status: 204 len: 168 time: 0.1959877
2026-06-24 19:13:44.891 10 INFO neutron.api.wsgi [req-87720175-182c-4c38-90fe-c7a420e877cf req-0f5dc083-8736-4a78-8115-45226df419c8 db99e4d8c3b34e0092532864b9bcacb9 2d75f6a6c2c7455cab921ab743929811 - - default default] 10.0.0.115 "GET /v2.0/ports?tenant_id=2d75f6a6c2c7455cab921ab743929811&fields=id HTTP/1.1" status: 200 len: 532 time: 0.0951047
2026-06-24 19:13:44.939 10 INFO neutron.api.wsgi [req-87720175-182c-4c38-90fe-c7a420e877cf req-95995180-a1a0-4a24-92f6-69fd37ab81d1 16a751e4d43945aea1f12649bca1580d e4904095b6f242b6963b29c23c7a5ab7 - - fe8001579ed44485b69939a499861bca fe8001579ed44485b69939a499861bca] 10.0.0.115 "GET /v2.0/networks/a7ce6646-5679-42bf-9289-32ba68a56474?fields=segments HTTP/1.1" status: 200 len: 212 time: 0.0325966
2026-06-24 19:13:44.986 10 INFO neutron.api.wsgi [req-87720175-182c-4c38-90fe-c7a420e877cf req-71aedb25-7a7a-43cf-b3e3-0816ede87b23 16a751e4d43945aea1f12649bca1580d e4904095b6f242b6963b29c23c7a5ab7 - - fe8001579ed44485b69939a499861bca fe8001579ed44485b69939a499861bca] 10.0.0.115 "GET /v2.0/networks/a7ce6646-5679-42bf-9289-32ba68a56474?fields=provider%3Aphysical_network&fields=provider%3Anetwork_type HTTP/1.1" status: 200 len: 277 time: 0.0385807
2026-06-24 19:13:45.127 9 INFO neutron.api.wsgi [req-6aac3048-3d9e-47bb-a4c1-b1e034414515 req-82aad5f2-885d-4727-9a3f-d0da16919318 16a751e4d43945aea1f12649bca1580d e4904095b6f242b6963b29c23c7a5ab7 - - fe8001579ed44485b69939a499861bca fe8001579ed44485b69939a499861bca] 199.19.213.107 "GET /v2.0/ports?tenant_id=2d75f6a6c2c7455cab921ab743929811&device_id=28bd661b-a486-4846-857c-d0db4e99d0e9 HTTP/1.1" status: 200 len: 1634 time: 0.0375440
2026-06-24 19:13:45.155 10 INFO neutron.api.wsgi [req-f9e23713-fe59-4aa5-bc53-a8bd3f89d13a req-449dbc08-3b9c-4bba-9ec3-b3d54cb26676 db99e4d8c3b34e0092532864b9bcacb9 2d75f6a6c2c7455cab921ab743929811 - - default default] 10.0.0.115 "GET /v2.0/ports?device_id=6dff42c6-43e5-4d0b-9a66-deb30c8fc555 HTTP/1.1" status: 200 len: 210 time: 0.0212514
2026-06-24 19:13:45.186 9 INFO neutron.api.wsgi [req-6aac3048-3d9e-47bb-a4c1-b1e034414515 req-126d75ad-0093-4ff7-a306-184c261dab34 16a751e4d43945aea1f12649bca1580d e4904095b6f242b6963b29c23c7a5ab7 - - fe8001579ed44485b69939a499861bca fe8001579ed44485b69939a499861bca] 199.19.213.107 "GET /v2.0/networks?id=c30288e3-9af7-4ab2-895d-569f06325f44 HTTP/1.1" status: 200 len: 1003 time: 0.0533500
2026-06-24 19:13:45.244 9 INFO neutron.api.wsgi [req-6aac3048-3d9e-47bb-a4c1-b1e034414515 req-97cfd615-42ea-4393-a7d3-d91845951b3f 16a751e4d43945aea1f12649bca1580d e4904095b6f242b6963b29c23c7a5ab7 - - fe8001579ed44485b69939a499861bca fe8001579ed44485b69939a499861bca] 199.19.213.107 "GET /v2.0/floatingips?fixed_ip_address=10.2.1.38&port_id=0f7cf3e5-a417-48d6-9de7-0f48e1beb6d8 HTTP/1.1" status: 200 len: 1058 time: 0.0520484
