2026-06-24 19:14:46.234 9 INFO neutron.api.v2.resource [None req-1f1e6ec9-f014-4339-90db-d20393fab890 5d94b75933154742a0336cf3aaf77f4a 014bf12a52b34667adeae4c58f94f343 - - default default] create failed (client error): The server could not comply with the request since it is either malformed or otherwise incorrect.
2026-06-24 19:14:46.238 9 INFO neutron.api.wsgi [None req-1f1e6ec9-f014-4339-90db-d20393fab890 5d94b75933154742a0336cf3aaf77f4a 014bf12a52b34667adeae4c58f94f343 - - default default] 10.0.0.30 "POST /v2.0/vpn/endpoint-groups HTTP/1.1" status: 400 len: 363 time: 0.0405700
2026-06-24 19:14:46.252 9 WARNING neutron_lib.context [None req-39ab85c4-f45b-4015-99db-58ab6abfd820 5d94b75933154742a0336cf3aaf77f4a 014bf12a52b34667adeae4c58f94f343 - - default default] Method 'is_advsvc' is deprecated since 2023.2 release (neutron-lib 3.8.0) and will be removed once support for the old RBAC API policies will be removed from Neutron. Please use method 'is_service_role' instead.
2026-06-24 19:14:46.276 9 INFO neutron.api.v2.resource [None req-39ab85c4-f45b-4015-99db-58ab6abfd820 5d94b75933154742a0336cf3aaf77f4a 014bf12a52b34667adeae4c58f94f343 - - default default] create failed (client error): The server could not comply with the request since it is either malformed or otherwise incorrect.
2026-06-24 19:14:46.278 9 INFO neutron.api.wsgi [None req-39ab85c4-f45b-4015-99db-58ab6abfd820 5d94b75933154742a0336cf3aaf77f4a 014bf12a52b34667adeae4c58f94f343 - - default default] 10.0.0.30 "POST /v2.0/vpn/endpoint-groups HTTP/1.1" status: 400 len: 357 time: 0.0310693
2026-06-24 19:14:46.296 9 INFO neutron.api.wsgi [None req-1ad91587-b3e8-42a7-8a91-0f8176e83aab 5d94b75933154742a0336cf3aaf77f4a 014bf12a52b34667adeae4c58f94f343 - - default default] 10.0.0.30 "GET /v2.0/vpn/ikepolicies HTTP/1.1" status: 200 len: 602 time: 0.0094016
2026-06-24 19:14:46.311 9 INFO neutron.api.wsgi [None req-11069206-06c5-4ac5-a321-7286153b8ea4 5d94b75933154742a0336cf3aaf77f4a 014bf12a52b34667adeae4c58f94f343 - - default default] 10.0.0.30 "GET /v2.0/vpn/ipsecpolicies HTTP/1.1" status: 200 len: 611 time: 0.0091631
2026-06-24 19:14:46.326 9 INFO neutron.api.wsgi [None req-ec1e8355-6d6b-424f-ab36-e305cb87148c 5d94b75933154742a0336cf3aaf77f4a 014bf12a52b34667adeae4c58f94f343 - - default default] 10.0.0.30 "GET /v2.0/vpn/ipsec-site-connections HTTP/1.1" status: 200 len: 999 time: 0.0095072
2026-06-24 19:14:46.341 9 INFO neutron.api.wsgi [None req-adbe5a3a-d4d5-406f-b6ff-0368717d4cc6 5d94b75933154742a0336cf3aaf77f4a 014bf12a52b34667adeae4c58f94f343 - - default default] 10.0.0.30 "GET /v2.0/vpn/vpnservices HTTP/1.1" status: 200 len: 1056 time: 0.0092969
2026-06-24 19:14:46.367 9 INFO neutron.api.wsgi [None req-fc3cd754-6f1a-4e01-986e-8eb4a4a476d3 5d94b75933154742a0336cf3aaf77f4a 014bf12a52b34667adeae4c58f94f343 - - default default] 10.0.0.30 "GET /v2.0/vpn/endpoint-groups/a2cfa0f3-d887-4368-8554-2553e43ae7bb HTTP/1.1" status: 200 len: 522 time: 0.0153594
2026-06-24 19:14:46.385 9 INFO neutron.api.wsgi [None req-54a732bd-c61f-4a21-aaf3-74ed4f115e1d 5d94b75933154742a0336cf3aaf77f4a 014bf12a52b34667adeae4c58f94f343 - - default default] 10.0.0.30 "GET /v2.0/vpn/endpoint-groups/d49d0bd5-da16-4d39-8838-e82d93a247b2 HTTP/1.1" status: 200 len: 513 time: 0.0121019
2026-06-24 19:14:46.386 10 WARNING neutron.scheduler.dhcp_agent_scheduler [None req-69aba211-7fc6-4a0d-a77e-be7e4d660d11 fbc59c136242498ba5cae06295150365 10073c82262142fea5555b71cd3101ef - - default default] No more DHCP agents
2026-06-24 19:14:46.391 10 WARNING neutron.api.rpc.agentnotifiers.dhcp_rpc_agent_api [None req-69aba211-7fc6-4a0d-a77e-be7e4d660d11 fbc59c136242498ba5cae06295150365 10073c82262142fea5555b71cd3101ef - - default default] Unable to schedule network ef010c93-854e-4f3b-8e13-71e6b38adb80: no agents available; will retry on subsequent port and subnet creation events.
2026-06-24 19:14:46.410 9 INFO neutron.api.wsgi [None req-2e237d40-525d-43b7-9765-8b50fc328acb 5d94b75933154742a0336cf3aaf77f4a 014bf12a52b34667adeae4c58f94f343 - - default default] 10.0.0.30 "GET /v2.0/vpn/ikepolicies/80371c55-f0a1-4f9c-b77a-8139f9bf2ac8 HTTP/1.1" status: 200 len: 598 time: 0.0132172
2026-06-24 19:14:46.436 10 INFO neutron.api.wsgi [None req-1a12b7c2-7630-44b5-a7be-94b52079aa2d 5d94b75933154742a0336cf3aaf77f4a 014bf12a52b34667adeae4c58f94f343 - - default default] 10.0.0.30 "GET /v2.0/vpn/ipsecpolicies/8f1f4ea7-4452-4a18-ab2c-3be3c1056eff HTTP/1.1" status: 200 len: 607 time: 0.0200522
2026-06-24 19:14:46.456 10 INFO neutron.api.wsgi [None req-4c65e8d6-8462-4fb1-9a05-1033cfc19753 5d94b75933154742a0336cf3aaf77f4a 014bf12a52b34667adeae4c58f94f343 - - default default] 10.0.0.30 "GET /v2.0/vpn/vpnservices/97d2d4b4-dfeb-416a-960b-add8dde2fd61 HTTP/1.1" status: 200 len: 644 time: 0.0128140
2026-06-24 19:14:46.862 10 INFO neutron.api.wsgi [None req-69aba211-7fc6-4a0d-a77e-be7e4d660d11 fbc59c136242498ba5cae06295150365 10073c82262142fea5555b71cd3101ef - - default default] 10.0.0.30 "POST /v2.0/floatingips HTTP/1.1" status: 201 len: 751 time: 1.0927393
2026-06-24 19:14:47.236 10 INFO neutron.db.ovn_revision_numbers_db [None req-8b95a4d5-62db-4543-ac04-009bfe7ce7f8 5d94b75933154742a0336cf3aaf77f4a 014bf12a52b34667adeae4c58f94f343 - - default default] Successfully bumped revision number for resource a8d50279-8a0e-4ba8-bc92-47a2c25d15b4 (type: routers) to 10
2026-06-24 19:14:47.268 10 INFO neutron.api.wsgi [None req-8b95a4d5-62db-4543-ac04-009bfe7ce7f8 5d94b75933154742a0336cf3aaf77f4a 014bf12a52b34667adeae4c58f94f343 - - default default] 10.0.0.30 "DELETE /v2.0/vpn/ipsec-site-connections/f06ce82a-afd8-45a5-9b7b-3744bc787e4d HTTP/1.1" status: 204 len: 168 time: 0.7922366
2026-06-24 19:14:47.294 10 INFO neutron.api.wsgi [-] 10.0.0.72 "GET / HTTP/1.1" status: 200 len: 247 time: 0.0023360
2026-06-24 19:14:47.296 10 INFO neutron.api.wsgi [-] 10.0.0.72 "GET / HTTP/1.1" status: 200 len: 247 time: 0.0017176
2026-06-24 19:14:47.338 10 INFO neutron.api.wsgi [None req-c6b8ff68-19bd-4bfd-82d8-f6cf6f95d6ef 5d94b75933154742a0336cf3aaf77f4a 014bf12a52b34667adeae4c58f94f343 - - default default] 10.0.0.30 "DELETE /v2.0/vpn/endpoint-groups/a2cfa0f3-d887-4368-8554-2553e43ae7bb HTTP/1.1" status: 204 len: 168 time: 0.0609636
2026-06-24 19:14:47.373 10 INFO neutron.api.wsgi [None req-fa4ed9dd-4992-48a0-8b63-6f14783c3e23 5d94b75933154742a0336cf3aaf77f4a 014bf12a52b34667adeae4c58f94f343 - - default default] 10.0.0.30 "DELETE /v2.0/vpn/endpoint-groups/d49d0bd5-da16-4d39-8838-e82d93a247b2 HTTP/1.1" status: 204 len: 168 time: 0.0296206
2026-06-24 19:14:47.413 10 INFO neutron.api.wsgi [None req-922be44b-bb21-4cf9-93ba-5b1a2433d0dc 5d94b75933154742a0336cf3aaf77f4a 014bf12a52b34667adeae4c58f94f343 - - default default] 10.0.0.30 "DELETE /v2.0/vpn/ipsecpolicies/8f1f4ea7-4452-4a18-ab2c-3be3c1056eff HTTP/1.1" status: 204 len: 168 time: 0.0342748
2026-06-24 19:14:47.459 9 INFO neutron.api.wsgi [None req-ef212653-6bf1-4cb1-a608-efbbeee02b9f fbc59c136242498ba5cae06295150365 10073c82262142fea5555b71cd3101ef - - default default] 10.0.0.30 "PUT /v2.0/floatingips/039f93b3-807e-4dfd-8be1-d11daf41f664/tags HTTP/1.1" status: 200 len: 218 time: 0.5883050
2026-06-24 19:14:47.460 10 INFO neutron.api.wsgi [None req-88efdff8-d167-43ad-b302-d89fe7bd2670 5d94b75933154742a0336cf3aaf77f4a 014bf12a52b34667adeae4c58f94f343 - - default default] 10.0.0.30 "DELETE /v2.0/vpn/ikepolicies/80371c55-f0a1-4f9c-b77a-8139f9bf2ac8 HTTP/1.1" status: 204 len: 168 time: 0.0388031
2026-06-24 19:14:47.537 10 INFO neutron.api.wsgi [None req-3660b533-2a10-4032-a4c5-dee7e2c9d2e8 fbc59c136242498ba5cae06295150365 10073c82262142fea5555b71cd3101ef - - default default] 10.0.0.30 "GET /v2.0/floatingips/039f93b3-807e-4dfd-8be1-d11daf41f664/tags HTTP/1.1" status: 200 len: 218 time: 0.0700672
2026-06-24 19:14:47.571 9 INFO neutron.api.wsgi [None req-848e3ee9-9b38-4de3-910b-b571b45ea0b2 5d94b75933154742a0336cf3aaf77f4a 014bf12a52b34667adeae4c58f94f343 - - default default] 10.0.0.30 "DELETE /v2.0/vpn/vpnservices/97d2d4b4-dfeb-416a-960b-add8dde2fd61 HTTP/1.1" status: 204 len: 168 time: 0.1030531
2026-06-24 19:14:47.611 10 INFO neutron.api.wsgi [None req-24b94af5-7ae5-4e8a-be8c-2f52696080b7 fbc59c136242498ba5cae06295150365 10073c82262142fea5555b71cd3101ef - - default default] 10.0.0.30 "PUT /v2.0/floatingips/039f93b3-807e-4dfd-8be1-d11daf41f664/tags/green HTTP/1.1" status: 201 len: 201 time: 0.0447102
2026-06-24 19:14:47.647 9 INFO neutron.api.wsgi [None req-679fc526-6f64-4180-b239-b355710ce7e7 fbc59c136242498ba5cae06295150365 10073c82262142fea5555b71cd3101ef - - default default] 10.0.0.30 "GET /v2.0/floatingips/039f93b3-807e-4dfd-8be1-d11daf41f664/tags HTTP/1.1" status: 200 len: 227 time: 0.0291328
2026-06-24 19:14:47.681 10 INFO neutron.api.wsgi [None req-2c130851-53e2-49a3-a8ae-375f8dba980a fbc59c136242498ba5cae06295150365 10073c82262142fea5555b71cd3101ef - - default default] 10.0.0.30 "PUT /v2.0/floatingips/039f93b3-807e-4dfd-8be1-d11daf41f664/tags/red HTTP/1.1" status: 201 len: 201 time: 0.0267701
2026-06-24 19:14:47.708 10 INFO neutron.api.wsgi [None req-282de3a1-7776-4ca0-a529-0f34bfb5c19d fbc59c136242498ba5cae06295150365 10073c82262142fea5555b71cd3101ef - - default default] 10.0.0.30 "GET /v2.0/floatingips/039f93b3-807e-4dfd-8be1-d11daf41f664/tags HTTP/1.1" status: 200 len: 227 time: 0.0219443
2026-06-24 19:14:47.748 10 INFO neutron.api.wsgi [None req-61f5e3ca-b216-4e60-9dff-96aba4b817a9 fbc59c136242498ba5cae06295150365 10073c82262142fea5555b71cd3101ef - - default default] 10.0.0.30 "PUT /v2.0/floatingips/039f93b3-807e-4dfd-8be1-d11daf41f664/tags/black.or.white HTTP/1.1" status: 201 len: 201 time: 0.0331883
2026-06-24 19:14:47.778 10 INFO neutron.api.wsgi [None req-39057c65-65a7-4b56-94c0-dd1b372127ce fbc59c136242498ba5cae06295150365 10073c82262142fea5555b71cd3101ef - - default default] 10.0.0.30 "GET /v2.0/floatingips/039f93b3-807e-4dfd-8be1-d11daf41f664/tags HTTP/1.1" status: 200 len: 245 time: 0.0225859
2026-06-24 19:14:47.818 10 INFO neutron.api.wsgi [None req-8bc36b58-88e0-456d-97d2-75b55c889a59 fbc59c136242498ba5cae06295150365 10073c82262142fea5555b71cd3101ef - - default default] 10.0.0.30 "PUT /v2.0/floatingips/039f93b3-807e-4dfd-8be1-d11daf41f664/tags HTTP/1.1" status: 200 len: 230 time: 0.0356579
2026-06-24 19:14:47.851 10 INFO neutron.api.wsgi [None req-b307294f-9269-4b87-9452-21e187c9caaa fbc59c136242498ba5cae06295150365 10073c82262142fea5555b71cd3101ef - - default default] 10.0.0.30 "GET /v2.0/floatingips/039f93b3-807e-4dfd-8be1-d11daf41f664/tags HTTP/1.1" status: 200 len: 230 time: 0.0251954
2026-06-24 19:14:47.887 9 INFO neutron.api.wsgi [None req-ac42a09c-3af1-4233-97b4-99857b0e944a fbc59c136242498ba5cae06295150365 10073c82262142fea5555b71cd3101ef - - default default] 10.0.0.30 "GET /v2.0/floatingips/039f93b3-807e-4dfd-8be1-d11daf41f664/tags/red HTTP/1.1" status: 204 len: 168 time: 0.0295618
2026-06-24 19:14:47.915 10 INFO neutron.api.v2.resource [None req-6982e3b4-5f1a-4089-b90f-2da4282b6fcf fbc59c136242498ba5cae06295150365 10073c82262142fea5555b71cd3101ef - - default default] show failed (client error): The resource could not be found.
2026-06-24 19:14:47.915 10 INFO neutron.api.wsgi [None req-6982e3b4-5f1a-4089-b90f-2da4282b6fcf fbc59c136242498ba5cae06295150365 10073c82262142fea5555b71cd3101ef - - default default] 10.0.0.30 "GET /v2.0/floatingips/039f93b3-807e-4dfd-8be1-d11daf41f664/tags/green HTTP/1.1" status: 404 len: 299 time: 0.0232673
2026-06-24 19:14:47.961 10 INFO neutron.api.wsgi [None req-2165fb48-7085-4a16-b632-742558233f4f fbc59c136242498ba5cae06295150365 10073c82262142fea5555b71cd3101ef - - default default] 10.0.0.30 "DELETE /v2.0/floatingips/039f93b3-807e-4dfd-8be1-d11daf41f664/tags/red HTTP/1.1" status: 204 len: 168 time: 0.0395117
2026-06-24 19:14:47.993 10 INFO neutron.api.wsgi [None req-92b69182-d19c-4247-94c7-01eedfdebbb9 fbc59c136242498ba5cae06295150365 10073c82262142fea5555b71cd3101ef - - default default] 10.0.0.30 "GET /v2.0/floatingips/039f93b3-807e-4dfd-8be1-d11daf41f664/tags HTTP/1.1" status: 200 len: 223 time: 0.0255299
2026-06-24 19:14:48.030 10 INFO neutron.api.v2.resource [None req-285999fa-4718-4df5-9fa7-46290551681c fbc59c136242498ba5cae06295150365 10073c82262142fea5555b71cd3101ef - - default default] delete failed (client error): The resource could not be found.
2026-06-24 19:14:48.031 10 INFO neutron.api.wsgi [None req-285999fa-4718-4df5-9fa7-46290551681c fbc59c136242498ba5cae06295150365 10073c82262142fea5555b71cd3101ef - - default default] 10.0.0.30 "DELETE /v2.0/floatingips/039f93b3-807e-4dfd-8be1-d11daf41f664/tags/green HTTP/1.1" status: 404 len: 299 time: 0.0311286
2026-06-24 19:14:48.100 9 INFO neutron.api.wsgi [None req-527d4ebc-bc65-4bfc-9b64-b7ce0105f441 fbc59c136242498ba5cae06295150365 10073c82262142fea5555b71cd3101ef - - default default] 10.0.0.30 "DELETE /v2.0/floatingips/039f93b3-807e-4dfd-8be1-d11daf41f664/tags HTTP/1.1" status: 204 len: 168 time: 0.0622387
2026-06-24 19:14:48.140 9 INFO neutron.api.wsgi [None req-025bbcf1-f6ff-4895-bcac-6e3548e7b1b3 fbc59c136242498ba5cae06295150365 10073c82262142fea5555b71cd3101ef - - default default] 10.0.0.30 "GET /v2.0/floatingips/039f93b3-807e-4dfd-8be1-d11daf41f664/tags HTTP/1.1" status: 200 len: 205 time: 0.0314767
2026-06-24 19:14:48.460 10 INFO neutron.api.wsgi [None req-999399fc-42ab-4b1c-b16d-39e101315dd9 fbc59c136242498ba5cae06295150365 10073c82262142fea5555b71cd3101ef - - default default] 10.0.0.30 "DELETE /v2.0/floatingips/039f93b3-807e-4dfd-8be1-d11daf41f664 HTTP/1.1" status: 204 len: 168 time: 0.3112700
2026-06-24 19:14:49.554 10 INFO neutron.db.ovn_revision_numbers_db [None req-d4703577-4cba-4b35-8017-7d192433ae9f 293041c3d1c44f58882016c7f9f1c629 83e00930fe284582a0d4538e1710b04a - - default default] Successfully bumped revision number for resource 6a966794-fcee-447b-8d15-0f09f4b3943d (type: security_groups) to 1
2026-06-24 19:14:49.568 10 INFO neutron.db.ovn_revision_numbers_db [None req-d4703577-4cba-4b35-8017-7d192433ae9f 293041c3d1c44f58882016c7f9f1c629 83e00930fe284582a0d4538e1710b04a - - default default] Successfully bumped revision number for resource 2f3fcdaf-edbb-4c59-bdbb-a0ccfeb1566d (type: security_group_rules) to 0
2026-06-24 19:14:49.593 10 INFO neutron.db.ovn_revision_numbers_db [None req-d4703577-4cba-4b35-8017-7d192433ae9f 293041c3d1c44f58882016c7f9f1c629 83e00930fe284582a0d4538e1710b04a - - default default] Successfully bumped revision number for resource 55be64c1-0a4f-4497-a736-bf996db112f0 (type: security_group_rules) to 0
2026-06-24 19:14:49.606 10 INFO neutron.db.ovn_revision_numbers_db [None req-d4703577-4cba-4b35-8017-7d192433ae9f 293041c3d1c44f58882016c7f9f1c629 83e00930fe284582a0d4538e1710b04a - - default default] Successfully bumped revision number for resource bdd23d5e-9e62-4231-b9bd-4afd30293169 (type: security_group_rules) to 0
2026-06-24 19:14:49.619 10 INFO neutron.db.ovn_revision_numbers_db [None req-d4703577-4cba-4b35-8017-7d192433ae9f 293041c3d1c44f58882016c7f9f1c629 83e00930fe284582a0d4538e1710b04a - - default default] Successfully bumped revision number for resource caf5601c-0128-4d58-8da4-d7d2d9fbf120 (type: security_group_rules) to 0
2026-06-24 19:14:49.664 10 INFO neutron.api.wsgi [None req-d4703577-4cba-4b35-8017-7d192433ae9f 293041c3d1c44f58882016c7f9f1c629 83e00930fe284582a0d4538e1710b04a - - default default] 10.0.0.30 "GET /v2.0/security-groups?tenant_id=8c78a371e14543c19e98ea0e9fc1ac3a&name=default HTTP/1.1" status: 200 len: 3124 time: 0.3954523
2026-06-24 19:14:49.954 10 INFO neutron.api.wsgi [None req-f89f53ca-1fb5-4626-babc-72d63700a171 293041c3d1c44f58882016c7f9f1c629 83e00930fe284582a0d4538e1710b04a - - default default] 10.0.0.30 "DELETE /v2.0/security-groups/6a966794-fcee-447b-8d15-0f09f4b3943d HTTP/1.1" status: 204 len: 168 time: 0.2829940
2026-06-24 19:14:49.998 9 WARNING neutron.plugins.ml2.drivers.ovn.mech_driver.ovsdb.ovn_client [None req-9ba118c3-d00e-49a0-9d25-cb075e326660 - - - - - -] No port found with ID be34a451-969d-48f8-8b3e-a181bd18fe0c: RuntimeError: No port found with ID be34a451-969d-48f8-8b3e-a181bd18fe0c
2026-06-24 19:14:50.200 9 INFO neutron.services.segments.plugin [-] Segment efc94d5a-86f1-4902-912b-a714e994500a resource provider aggregate not found
2026-06-24 19:14:50.205 9 INFO neutron.services.segments.plugin [-] Segment efc94d5a-86f1-4902-912b-a714e994500a resource provider aggregate not found
2026-06-24 19:14:50.217 9 INFO neutron.services.segments.plugin [-] Segment efc94d5a-86f1-4902-912b-a714e994500a resource provider not found; error: Placement Client Error (4xx): {"errors": [{"status": 404, "title": "Not Found", "detail": "The resource could not be found.\n\n No resource provider with uuid efc94d5a-86f1-4902-912b-a714e994500a found for delete ", "request_id": "req-42b9a9a1-4d9b-4237-b3a4-f2d03da29c4d"}]}
2026-06-24 19:14:50.218 10 INFO neutron.db.ovn_revision_numbers_db [None req-94a11c96-9925-4a33-ac70-8657620479e3 293041c3d1c44f58882016c7f9f1c629 83e00930fe284582a0d4538e1710b04a - - default default] Successfully bumped revision number for resource 84a3938e-caaf-43b3-89ad-e44d8e2cba8b (type: security_groups) to 1
2026-06-24 19:14:50.232 9 INFO neutron.services.segments.plugin [-] Segment efc94d5a-86f1-4902-912b-a714e994500a resource provider not found; error: Placement Client Error (4xx): {"errors": [{"status": 404, "title": "Not Found", "detail": "The resource could not be found.\n\n No resource provider with uuid efc94d5a-86f1-4902-912b-a714e994500a found for delete ", "request_id": "req-38142b8e-ef5a-4807-bc91-bea2dda428f5"}]}
2026-06-24 19:14:50.239 10 INFO neutron.db.ovn_revision_numbers_db [None req-94a11c96-9925-4a33-ac70-8657620479e3 293041c3d1c44f58882016c7f9f1c629 83e00930fe284582a0d4538e1710b04a - - default default] Successfully bumped revision number for resource 0e3fdf80-7748-4b76-87e7-c976364e4a22 (type: security_group_rules) to 0
2026-06-24 19:14:50.254 10 INFO neutron.db.ovn_revision_numbers_db [None req-94a11c96-9925-4a33-ac70-8657620479e3 293041c3d1c44f58882016c7f9f1c629 83e00930fe284582a0d4538e1710b04a - - default default] Successfully bumped revision number for resource 7a4d51a3-241b-4f5d-8e33-b459c2cbc9fd (type: security_group_rules) to 0
2026-06-24 19:14:50.278 10 INFO neutron.db.ovn_revision_numbers_db [None req-94a11c96-9925-4a33-ac70-8657620479e3 293041c3d1c44f58882016c7f9f1c629 83e00930fe284582a0d4538e1710b04a - - default default] Successfully bumped revision number for resource 99fa150d-f3d4-4cd1-95d8-0ea2cc351738 (type: security_group_rules) to 0
2026-06-24 19:14:50.280 9 INFO neutron.api.wsgi [None req-9852aa2a-1d41-476a-a34a-8903a74fcc48 5d94b75933154742a0336cf3aaf77f4a 014bf12a52b34667adeae4c58f94f343 - - default default] 10.0.0.30 "DELETE /v2.0/vpn/vpnservices/6e2cf264-99f2-4792-9a43-da3e93236c25 HTTP/1.1" status: 204 len: 168 time: 2.7042193 /var/lib/openstack/lib/python3.12/site-packages/pycadf/identifier.py:71: UserWarning: Invalid uuid: neutron. To ensure interoperability, identifiers should be a valid uuid. warnings.warn(('Invalid uuid: %s. To ensure interoperability, '
2026-06-24 19:14:50.295 10 INFO neutron.db.ovn_revision_numbers_db [None req-94a11c96-9925-4a33-ac70-8657620479e3 293041c3d1c44f58882016c7f9f1c629 83e00930fe284582a0d4538e1710b04a - - default default] Successfully bumped revision number for resource c6ada05f-2011-4025-8058-dc44f415b44a (type: security_group_rules) to 0
2026-06-24 19:14:50.337 10 INFO neutron.api.wsgi [None req-94a11c96-9925-4a33-ac70-8657620479e3 293041c3d1c44f58882016c7f9f1c629 83e00930fe284582a0d4538e1710b04a - - default default] 10.0.0.30 "GET /v2.0/security-groups?tenant_id=10073c82262142fea5555b71cd3101ef&name=default HTTP/1.1" status: 200 len: 3124 time: 0.2538376
2026-06-24 19:14:50.386 9 INFO neutron.api.wsgi [None req-bbb52788-7068-4a1f-ba29-f9fdccc8b100 5d94b75933154742a0336cf3aaf77f4a 014bf12a52b34667adeae4c58f94f343 - - default default] 10.0.0.30 "GET /v2.0/routers/a8d50279-8a0e-4ba8-bc92-47a2c25d15b4 HTTP/1.1" status: 200 len: 1137 time: 0.1010604
2026-06-24 19:14:50.647 9 INFO neutron.api.wsgi [None req-de5aadc2-f4a5-41a8-af22-ccc456c92465 293041c3d1c44f58882016c7f9f1c629 83e00930fe284582a0d4538e1710b04a - - default default] 10.0.0.30 "DELETE /v2.0/security-groups/84a3938e-caaf-43b3-89ad-e44d8e2cba8b HTTP/1.1" status: 204 len: 168 time: 0.3036022
2026-06-24 19:14:51.184 9 INFO neutron.db.ovn_revision_numbers_db [None req-a3a0dc44-7935-4647-91ce-dc2adbf3ceeb 5d94b75933154742a0336cf3aaf77f4a 014bf12a52b34667adeae4c58f94f343 - - default default] Successfully bumped revision number for resource a8d50279-8a0e-4ba8-bc92-47a2c25d15b4 (type: routers) to 11
2026-06-24 19:14:51.191 9 INFO neutron.api.wsgi [None req-a3a0dc44-7935-4647-91ce-dc2adbf3ceeb 5d94b75933154742a0336cf3aaf77f4a 014bf12a52b34667adeae4c58f94f343 - - default default] 10.0.0.30 "PUT /v2.0/routers/a8d50279-8a0e-4ba8-bc92-47a2c25d15b4 HTTP/1.1" status: 200 len: 1137 time: 0.7981257
2026-06-24 19:14:51.274 9 INFO neutron.api.wsgi [None req-9df5857b-4632-4dfa-94da-b8066bfd774d 5d94b75933154742a0336cf3aaf77f4a 014bf12a52b34667adeae4c58f94f343 - - default default] 10.0.0.30 "GET /v2.0/ports?device_id=a8d50279-8a0e-4ba8-bc92-47a2c25d15b4 HTTP/1.1" status: 200 len: 1140 time: 0.0769646
2026-06-24 19:14:52.162 9 INFO neutron.api.wsgi [None req-beb224eb-1037-4b60-a67a-939c62256f10 5d94b75933154742a0336cf3aaf77f4a 014bf12a52b34667adeae4c58f94f343 - - default default] 10.0.0.30 "PUT /v2.0/routers/a8d50279-8a0e-4ba8-bc92-47a2c25d15b4/remove_router_interface HTTP/1.1" status: 200 len: 503 time: 0.8712182 /var/lib/openstack/lib/python3.12/site-packages/pycadf/identifier.py:71: UserWarning: Invalid uuid: neutron. To ensure interoperability, identifiers should be a valid uuid. warnings.warn(('Invalid uuid: %s. To ensure interoperability, '
2026-06-24 19:14:52.848 9 INFO neutron.api.wsgi [None req-b507fd6d-73ed-4b57-947d-bea04b0b81bc 5d94b75933154742a0336cf3aaf77f4a 014bf12a52b34667adeae4c58f94f343 - - default default] 10.0.0.30 "DELETE /v2.0/routers/a8d50279-8a0e-4ba8-bc92-47a2c25d15b4 HTTP/1.1" status: 204 len: 168 time: 0.6792858
2026-06-24 19:14:52.941 9 INFO neutron.api.wsgi [None req-18e90c2f-8946-4e99-b246-6601ab82974b 5d94b75933154742a0336cf3aaf77f4a 014bf12a52b34667adeae4c58f94f343 - - default default] 10.0.0.30 "GET /v2.0/routers/db04919a-1d27-497f-a6bc-bafbc306e910 HTTP/1.1" status: 200 len: 1137 time: 0.0850194
2026-06-24 19:14:53.752 9 INFO neutron.db.ovn_revision_numbers_db [None req-6503ef51-b453-453a-8e33-11c1a0efe79e 5d94b75933154742a0336cf3aaf77f4a 014bf12a52b34667adeae4c58f94f343 - - default default] Successfully bumped revision number for resource db04919a-1d27-497f-a6bc-bafbc306e910 (type: routers) to 5
2026-06-24 19:14:53.765 9 INFO neutron.api.wsgi [None req-6503ef51-b453-453a-8e33-11c1a0efe79e 5d94b75933154742a0336cf3aaf77f4a 014bf12a52b34667adeae4c58f94f343 - - default default] 10.0.0.30 "PUT /v2.0/routers/db04919a-1d27-497f-a6bc-bafbc306e910 HTTP/1.1" status: 200 len: 1137 time: 0.8140736
2026-06-24 19:14:53.857 9 INFO neutron.api.wsgi [None req-d72272d8-f318-49ef-a7c1-2f8a74102ca5 5d94b75933154742a0336cf3aaf77f4a 014bf12a52b34667adeae4c58f94f343 - - default default] 10.0.0.30 "GET /v2.0/ports?device_id=db04919a-1d27-497f-a6bc-bafbc306e910 HTTP/1.1" status: 200 len: 1144 time: 0.0853689
2026-06-24 19:14:54.340 10 INFO neutron.api.wsgi [None req-105f496a-5b6a-4072-a5e4-066f07ce210e f82bd38ea5d24c92accaee60d19c75eb c58908e77f1f4db79662b54136f8a8e6 - - default default] 10.0.0.30 "POST /v2.0/qos/policies HTTP/1.1" status: 201 len: 558 time: 0.2414966
2026-06-24 19:14:54.377 9 INFO neutron.api.wsgi [None req-19c77c9d-65b1-4d9d-a7ae-c4272577418e f82bd38ea5d24c92accaee60d19c75eb c58908e77f1f4db79662b54136f8a8e6 - - default default] 10.0.0.30 "PUT /v2.0/policies/b1f6db4e-e25a-4920-8e3c-a31e03c41f3c/tags HTTP/1.1" status: 200 len: 218 time: 0.0297639
2026-06-24 19:14:54.410 9 INFO neutron.api.wsgi [None req-34f3e086-2ae2-42f4-8d59-3670a84c37ac f82bd38ea5d24c92accaee60d19c75eb c58908e77f1f4db79662b54136f8a8e6 - - default default] 10.0.0.30 "GET /v2.0/policies/b1f6db4e-e25a-4920-8e3c-a31e03c41f3c/tags HTTP/1.1" status: 200 len: 218 time: 0.0287938
2026-06-24 19:14:54.447 9 INFO neutron.api.wsgi [None req-657b9f86-2f37-456e-82b2-5bc3df69327f f82bd38ea5d24c92accaee60d19c75eb c58908e77f1f4db79662b54136f8a8e6 - - default default] 10.0.0.30 "PUT /v2.0/policies/b1f6db4e-e25a-4920-8e3c-a31e03c41f3c/tags/green HTTP/1.1" status: 201 len: 201 time: 0.0290141
2026-06-24 19:14:54.477 10 INFO neutron.api.wsgi [None req-b88e11f2-0ad9-47dc-bd61-2c74c3b2d383 f82bd38ea5d24c92accaee60d19c75eb c58908e77f1f4db79662b54136f8a8e6 - - default default] 10.0.0.30 "GET /v2.0/policies/b1f6db4e-e25a-4920-8e3c-a31e03c41f3c/tags HTTP/1.1" status: 200 len: 227 time: 0.0244997
2026-06-24 19:14:54.498 10 INFO neutron.api.wsgi [None req-d52f85d9-2c70-42db-88d3-b86e98d85987 f82bd38ea5d24c92accaee60d19c75eb c58908e77f1f4db79662b54136f8a8e6 - - default default] 10.0.0.30 "PUT /v2.0/policies/b1f6db4e-e25a-4920-8e3c-a31e03c41f3c/tags/red HTTP/1.1" status: 201 len: 201 time: 0.0157607
2026-06-24 19:14:54.532 9 INFO neutron.api.wsgi [None req-1be8823a-9a2f-4b5c-9e25-13fee957f3c5 f82bd38ea5d24c92accaee60d19c75eb c58908e77f1f4db79662b54136f8a8e6 - - default default] 10.0.0.30 "GET /v2.0/policies/b1f6db4e-e25a-4920-8e3c-a31e03c41f3c/tags HTTP/1.1" status: 200 len: 227 time: 0.0259464
2026-06-24 19:14:54.539 9 INFO neutron.api.wsgi [None req-000c0122-532a-4f64-8c95-60e5f8c50954 293041c3d1c44f58882016c7f9f1c629 83e00930fe284582a0d4538e1710b04a - - default default] 10.0.0.62 "GET /v2.0/agents HTTP/1.1" status: 200 len: 1390 time: 0.0664086
2026-06-24 19:14:54.557 9 INFO neutron.api.wsgi [None req-892d9f46-76a6-4462-859d-cf50935fae17 293041c3d1c44f58882016c7f9f1c629 83e00930fe284582a0d4538e1710b04a - - default default] 10.0.0.62 "GET /v2.0/network-ip-availabilities HTTP/1.1" status: 200 len: 4601 time: 0.0139716
2026-06-24 19:14:54.578 10 INFO neutron.api.wsgi [None req-4a04d4f5-94eb-4ce0-bb30-84108a810466 f82bd38ea5d24c92accaee60d19c75eb c58908e77f1f4db79662b54136f8a8e6 - - default default] 10.0.0.30 "PUT /v2.0/policies/b1f6db4e-e25a-4920-8e3c-a31e03c41f3c/tags/black.or.white HTTP/1.1" status: 201 len: 201 time: 0.0399487
2026-06-24 19:14:54.617 10 INFO neutron.api.wsgi [None req-a697deae-ef71-4e4c-a2d5-799a621445c5 f82bd38ea5d24c92accaee60d19c75eb c58908e77f1f4db79662b54136f8a8e6 - - default default] 10.0.0.30 "GET /v2.0/policies/b1f6db4e-e25a-4920-8e3c-a31e03c41f3c/tags HTTP/1.1" status: 200 len: 245 time: 0.0326946
2026-06-24 19:14:54.661 10 INFO neutron.api.wsgi [None req-44691caa-3749-42ac-9db0-d32a3451a5d1 f82bd38ea5d24c92accaee60d19c75eb c58908e77f1f4db79662b54136f8a8e6 - - default default] 10.0.0.30 "PUT /v2.0/policies/b1f6db4e-e25a-4920-8e3c-a31e03c41f3c/tags HTTP/1.1" status: 200 len: 230 time: 0.0368342
2026-06-24 19:14:54.677 9 INFO neutron.api.wsgi [None req-d7966801-33f1-4f05-8059-7d988fab7c2e 293041c3d1c44f58882016c7f9f1c629 83e00930fe284582a0d4538e1710b04a - - default default] 10.0.0.62 "GET /v2.0/networks HTTP/1.1" status: 200 len: 6947 time: 0.1167850
2026-06-24 19:14:54.690 10 INFO neutron.api.wsgi [None req-5d21cbce-a0db-4cae-b36a-390ec3876d1d f82bd38ea5d24c92accaee60d19c75eb c58908e77f1f4db79662b54136f8a8e6 - - default default] 10.0.0.30 "GET /v2.0/policies/b1f6db4e-e25a-4920-8e3c-a31e03c41f3c/tags HTTP/1.1" status: 200 len: 230 time: 0.0231106
2026-06-24 19:14:54.728 9 INFO neutron.api.wsgi [None req-f021afa9-3aa9-478c-979e-916611668b7e f82bd38ea5d24c92accaee60d19c75eb c58908e77f1f4db79662b54136f8a8e6 - - default default] 10.0.0.30 "GET /v2.0/policies/b1f6db4e-e25a-4920-8e3c-a31e03c41f3c/tags/red HTTP/1.1" status: 204 len: 168 time: 0.0321169
2026-06-24 19:14:54.746 9 INFO neutron.api.wsgi [None req-a5b01a7e-ebc2-43b5-b84e-3fb8f41811df 293041c3d1c44f58882016c7f9f1c629 83e00930fe284582a0d4538e1710b04a - - default default] 10.0.0.62 "GET /v2.0/floatingips HTTP/1.1" status: 200 len: 1878 time: 0.0620570
2026-06-24 19:14:54.764 9 INFO neutron.api.v2.resource [None req-066118f9-acd2-4071-9778-45657fb57a79 f82bd38ea5d24c92accaee60d19c75eb c58908e77f1f4db79662b54136f8a8e6 - - default default] show failed (client error): The resource could not be found.
2026-06-24 19:14:54.766 9 INFO neutron.api.wsgi [None req-066118f9-acd2-4071-9778-45657fb57a79 f82bd38ea5d24c92accaee60d19c75eb c58908e77f1f4db79662b54136f8a8e6 - - default default] 10.0.0.30 "GET /v2.0/policies/b1f6db4e-e25a-4920-8e3c-a31e03c41f3c/tags/green HTTP/1.1" status: 404 len: 299 time: 0.0316987
2026-06-24 19:14:54.812 10 INFO neutron.api.wsgi [None req-b2b68282-f12d-4f09-b0fd-646ac205c847 f82bd38ea5d24c92accaee60d19c75eb c58908e77f1f4db79662b54136f8a8e6 - - default default] 10.0.0.30 "DELETE /v2.0/policies/b1f6db4e-e25a-4920-8e3c-a31e03c41f3c/tags/red HTTP/1.1" status: 204 len: 168 time: 0.0374365
2026-06-24 19:14:54.821 9 INFO neutron.api.wsgi [None req-e76af316-df83-4e00-90c2-5aee1c42b5ac 293041c3d1c44f58882016c7f9f1c629 83e00930fe284582a0d4538e1710b04a - - default default] 10.0.0.62 "GET /v2.0/routers HTTP/1.1" status: 200 len: 3031 time: 0.0730200
2026-06-24 19:14:54.833 9 INFO neutron.api.wsgi [None req-c7b5d32b-6cd0-4cd2-abb6-0e885928c861 293041c3d1c44f58882016c7f9f1c629 83e00930fe284582a0d4538e1710b04a - - default default] 10.0.0.62 "GET /v2.0/agents?binary=ovn-controller HTTP/1.1" status: 200 len: 591 time: 0.0083766
2026-06-24 19:14:54.846 9 INFO neutron.api.wsgi [None req-15fad4fa-3e54-4cb5-9d4f-a1ddddc42fbe f82bd38ea5d24c92accaee60d19c75eb c58908e77f1f4db79662b54136f8a8e6 - - default default] 10.0.0.30 "GET /v2.0/policies/b1f6db4e-e25a-4920-8e3c-a31e03c41f3c/tags HTTP/1.1" status: 200 len: 223 time: 0.0246480 /var/lib/openstack/lib/python3.12/site-packages/pycadf/identifier.py:71: UserWarning: Invalid uuid: neutron. To ensure interoperability, identifiers should be a valid uuid. warnings.warn(('Invalid uuid: %s. To ensure interoperability, '
2026-06-24 19:14:54.861 10 INFO neutron.api.wsgi [None req-619e4c2a-9e47-48e0-a474-65bede98a52a 5d94b75933154742a0336cf3aaf77f4a 014bf12a52b34667adeae4c58f94f343 - - default default] 10.0.0.30 "PUT /v2.0/routers/db04919a-1d27-497f-a6bc-bafbc306e910/remove_router_interface HTTP/1.1" status: 200 len: 503 time: 0.9917939
2026-06-24 19:14:54.874 9 INFO neutron.api.wsgi [None req-b59e50d4-fb2c-430c-a0c8-ba174eca851e 293041c3d1c44f58882016c7f9f1c629 83e00930fe284582a0d4538e1710b04a - - default default] 10.0.0.62 "GET /v2.0/subnets HTTP/1.1" status: 200 len: 7594 time: 0.0397680
2026-06-24 19:14:54.884 9 INFO neutron.api.wsgi [None req-74ee7d15-1138-42d4-8c9f-9929db86acf7 293041c3d1c44f58882016c7f9f1c629 83e00930fe284582a0d4538e1710b04a - - default default] 10.0.0.62 "GET /v2.0/subnetpools HTTP/1.1" status: 200 len: 193 time: 0.0073538
2026-06-24 19:14:54.899 10 INFO neutron.api.v2.resource [None req-3320444f-8e58-450f-a05c-627910e41fa4 f82bd38ea5d24c92accaee60d19c75eb c58908e77f1f4db79662b54136f8a8e6 - - default default] delete failed (client error): The resource could not be found.
2026-06-24 19:14:54.900 10 INFO neutron.api.wsgi [None req-3320444f-8e58-450f-a05c-627910e41fa4 f82bd38ea5d24c92accaee60d19c75eb c58908e77f1f4db79662b54136f8a8e6 - - default default] 10.0.0.30 "DELETE /v2.0/policies/b1f6db4e-e25a-4920-8e3c-a31e03c41f3c/tags/green HTTP/1.1" status: 404 len: 299 time: 0.0452266
2026-06-24 19:14:54.934 9 INFO neutron.api.wsgi [None req-d2d9734d-2444-4612-9df2-62a378768cc0 293041c3d1c44f58882016c7f9f1c629 83e00930fe284582a0d4538e1710b04a - - default default] 10.0.0.62 "GET /v2.0/subnets HTTP/1.1" status: 200 len: 7594 time: 0.0498230
2026-06-24 19:14:54.939 10 INFO neutron.api.wsgi [None req-9bf506f6-3d7e-41ad-98f3-f67767d6abab f82bd38ea5d24c92accaee60d19c75eb c58908e77f1f4db79662b54136f8a8e6 - - default default] 10.0.0.30 "DELETE /v2.0/policies/b1f6db4e-e25a-4920-8e3c-a31e03c41f3c/tags HTTP/1.1" status: 204 len: 168 time: 0.0314419
2026-06-24 19:14:54.990 10 INFO neutron.api.wsgi [None req-1b8459b4-17d7-410c-a374-a77791c4c3b5 f82bd38ea5d24c92accaee60d19c75eb c58908e77f1f4db79662b54136f8a8e6 - - default default] 10.0.0.30 "GET /v2.0/policies/b1f6db4e-e25a-4920-8e3c-a31e03c41f3c/tags HTTP/1.1" status: 200 len: 205 time: 0.0375810
2026-06-24 19:14:55.053 9 INFO neutron.api.wsgi [None req-48340112-50e8-41e5-921c-97ab272fe9d4 293041c3d1c44f58882016c7f9f1c629 83e00930fe284582a0d4538e1710b04a - - default default] 10.0.0.62 "GET /v2.0/ports HTTP/1.1" status: 200 len: 26127 time: 0.1153390
2026-06-24 19:14:55.128 9 INFO neutron.api.wsgi [None req-c6653a8b-9d19-463e-b90d-5c6cf93ff9ed 293041c3d1c44f58882016c7f9f1c629 83e00930fe284582a0d4538e1710b04a - - default default] 10.0.0.62 "GET /v2.0/security-groups HTTP/1.1" status: 200 len: 33342 time: 0.0524592
2026-06-24 19:14:55.140 9 INFO neutron.api.wsgi [None req-662b6b59-37e7-4f37-aaf2-2efb4a7c78a5 f82bd38ea5d24c92accaee60d19c75eb c58908e77f1f4db79662b54136f8a8e6 - - default default] 10.0.0.30 "DELETE /v2.0/qos/policies/b1f6db4e-e25a-4920-8e3c-a31e03c41f3c HTTP/1.1" status: 204 len: 168 time: 0.1445453
2026-06-24 19:14:55.608 10 INFO neutron.api.wsgi [None req-e5eb3bed-9468-4e1e-9989-b585442a869e 5d94b75933154742a0336cf3aaf77f4a 014bf12a52b34667adeae4c58f94f343 - - default default] 10.0.0.30 "DELETE /v2.0/routers/db04919a-1d27-497f-a6bc-bafbc306e910 HTTP/1.1" status: 204 len: 168 time: 0.7351873
2026-06-24 19:14:55.684 10 INFO neutron.api.wsgi [None req-4a26566d-48fb-4332-9ac7-55ab49ef3d25 5d94b75933154742a0336cf3aaf77f4a 014bf12a52b34667adeae4c58f94f343 - - default default] 10.0.0.30 "GET /v2.0/routers/ce0dfb95-b65f-412a-9a5c-7e07fd62e569 HTTP/1.1" status: 200 len: 1137 time: 0.0695546
2026-06-24 19:14:56.229 9 INFO neutron.db.ovn_revision_numbers_db [None req-da4cbf8f-b2d6-4773-a1c3-2ae246e07d8d 293041c3d1c44f58882016c7f9f1c629 83e00930fe284582a0d4538e1710b04a - - default default] Successfully bumped revision number for resource d60bdd6a-c002-42b7-9d05-dce046ca7baf (type: security_groups) to 1
2026-06-24 19:14:56.245 9 INFO neutron.db.ovn_revision_numbers_db [None req-da4cbf8f-b2d6-4773-a1c3-2ae246e07d8d 293041c3d1c44f58882016c7f9f1c629 83e00930fe284582a0d4538e1710b04a - - default default] Successfully bumped revision number for resource 0586c674-a9ed-4633-95df-8cc5f04edc15 (type: security_group_rules) to 0
2026-06-24 19:14:56.264 9 INFO neutron.db.ovn_revision_numbers_db [None req-da4cbf8f-b2d6-4773-a1c3-2ae246e07d8d 293041c3d1c44f58882016c7f9f1c629 83e00930fe284582a0d4538e1710b04a - - default default] Successfully bumped revision number for resource 57888d65-f7c3-43e7-a1e1-164ca1ad60be (type: security_group_rules) to 0
2026-06-24 19:14:56.282 9 INFO neutron.db.ovn_revision_numbers_db [None req-da4cbf8f-b2d6-4773-a1c3-2ae246e07d8d 293041c3d1c44f58882016c7f9f1c629 83e00930fe284582a0d4538e1710b04a - - default default] Successfully bumped revision number for resource 732c398b-972e-41d7-96e6-a2f15d5f555a (type: security_group_rules) to 0
2026-06-24 19:14:56.297 9 INFO neutron.db.ovn_revision_numbers_db [None req-da4cbf8f-b2d6-4773-a1c3-2ae246e07d8d 293041c3d1c44f58882016c7f9f1c629 83e00930fe284582a0d4538e1710b04a - - default default] Successfully bumped revision number for resource d4bd9157-5f0b-48d3-a787-4bc13ad4c299 (type: security_group_rules) to 0
2026-06-24 19:14:56.341 9 INFO neutron.api.wsgi [None req-da4cbf8f-b2d6-4773-a1c3-2ae246e07d8d 293041c3d1c44f58882016c7f9f1c629 83e00930fe284582a0d4538e1710b04a - - default default] 10.0.0.30 "GET /v2.0/security-groups?tenant_id=c58908e77f1f4db79662b54136f8a8e6&name=default HTTP/1.1" status: 200 len: 3124 time: 0.4623179
2026-06-24 19:14:56.630 10 INFO neutron.api.wsgi [None req-ed719f07-995b-49d2-a396-eb2201b1f8ab 293041c3d1c44f58882016c7f9f1c629 83e00930fe284582a0d4538e1710b04a - - default default] 10.0.0.30 "DELETE /v2.0/security-groups/d60bdd6a-c002-42b7-9d05-dce046ca7baf HTTP/1.1" status: 204 len: 168 time: 0.2820952
2026-06-24 19:14:56.775 10 INFO neutron.db.ovn_revision_numbers_db [None req-f87c5179-a999-4acc-b820-0d6d8f0de4c4 5d94b75933154742a0336cf3aaf77f4a 014bf12a52b34667adeae4c58f94f343 - - default default] Successfully bumped revision number for resource ce0dfb95-b65f-412a-9a5c-7e07fd62e569 (type: routers) to 5
2026-06-24 19:14:56.781 10 INFO neutron.api.wsgi [None req-f87c5179-a999-4acc-b820-0d6d8f0de4c4 5d94b75933154742a0336cf3aaf77f4a 014bf12a52b34667adeae4c58f94f343 - - default default] 10.0.0.30 "PUT /v2.0/routers/ce0dfb95-b65f-412a-9a5c-7e07fd62e569 HTTP/1.1" status: 200 len: 1137 time: 1.0917933
2026-06-24 19:14:56.878 10 INFO neutron.api.wsgi [None req-fffd2b9f-f145-4de5-bd52-4b4ba5f0ba57 5d94b75933154742a0336cf3aaf77f4a 014bf12a52b34667adeae4c58f94f343 - - default default] 10.0.0.30 "GET /v2.0/ports?device_id=ce0dfb95-b65f-412a-9a5c-7e07fd62e569 HTTP/1.1" status: 200 len: 1144 time: 0.0906987
2026-06-24 19:14:56.884 9 INFO neutron.db.ovn_revision_numbers_db [None req-95abd9b4-aa59-4971-ad55-d39fd3db2492 293041c3d1c44f58882016c7f9f1c629 83e00930fe284582a0d4538e1710b04a - - default default] Successfully bumped revision number for resource 0a116cbe-559a-415d-a747-f5b4a0018625 (type: security_groups) to 1
2026-06-24 19:14:56.899 9 INFO neutron.db.ovn_revision_numbers_db [None req-95abd9b4-aa59-4971-ad55-d39fd3db2492 293041c3d1c44f58882016c7f9f1c629 83e00930fe284582a0d4538e1710b04a - - default default] Successfully bumped revision number for resource 17324be4-a2f7-4ed9-ae6b-e543392c613d (type: security_group_rules) to 0
2026-06-24 19:14:56.914 9 INFO neutron.db.ovn_revision_numbers_db [None req-95abd9b4-aa59-4971-ad55-d39fd3db2492 293041c3d1c44f58882016c7f9f1c629 83e00930fe284582a0d4538e1710b04a - - default default] Successfully bumped revision number for resource 7114c4c7-3de4-446c-937a-74b73d576930 (type: security_group_rules) to 0
2026-06-24 19:14:56.935 9 INFO neutron.db.ovn_revision_numbers_db [None req-95abd9b4-aa59-4971-ad55-d39fd3db2492 293041c3d1c44f58882016c7f9f1c629 83e00930fe284582a0d4538e1710b04a - - default default] Successfully bumped revision number for resource bc5e6993-88c0-4b8f-b1b5-714c085d98d4 (type: security_group_rules) to 0
2026-06-24 19:14:56.958 9 INFO neutron.db.ovn_revision_numbers_db [None req-95abd9b4-aa59-4971-ad55-d39fd3db2492 293041c3d1c44f58882016c7f9f1c629 83e00930fe284582a0d4538e1710b04a - - default default] Successfully bumped revision number for resource fff6d93f-5526-4eaa-979d-6520b3a3bbd5 (type: security_group_rules) to 0
2026-06-24 19:14:57.017 9 INFO neutron.api.wsgi [None req-95abd9b4-aa59-4971-ad55-d39fd3db2492 293041c3d1c44f58882016c7f9f1c629 83e00930fe284582a0d4538e1710b04a - - default default] 10.0.0.30 "GET /v2.0/security-groups?tenant_id=1bb85cfd7d2248029345b8a8cf5193e7&name=default HTTP/1.1" status: 200 len: 3124 time: 0.2678695
2026-06-24 19:14:57.398 10 INFO neutron.api.wsgi [None req-e18a7429-5b02-4db7-b465-9e0ec73ef9f2 293041c3d1c44f58882016c7f9f1c629 83e00930fe284582a0d4538e1710b04a - - default default] 10.0.0.30 "DELETE /v2.0/security-groups/0a116cbe-559a-415d-a747-f5b4a0018625 HTTP/1.1" status: 204 len: 168 time: 0.3714705
2026-06-24 19:14:57.945 10 INFO neutron.api.wsgi [None req-d11a8668-6aea-4484-9dc5-5b9589338bb2 5d94b75933154742a0336cf3aaf77f4a 014bf12a52b34667adeae4c58f94f343 - - default default] 10.0.0.30 "PUT /v2.0/routers/ce0dfb95-b65f-412a-9a5c-7e07fd62e569/remove_router_interface HTTP/1.1" status: 200 len: 503 time: 1.0599008 /var/lib/openstack/lib/python3.12/site-packages/pycadf/identifier.py:71: UserWarning: Invalid uuid: neutron. To ensure interoperability, identifiers should be a valid uuid. warnings.warn(('Invalid uuid: %s. To ensure interoperability, '
2026-06-24 19:14:58.686 10 INFO neutron.api.wsgi [None req-a333f105-ca05-474d-909c-61d4ee1b421e 5d94b75933154742a0336cf3aaf77f4a 014bf12a52b34667adeae4c58f94f343 - - default default] 10.0.0.30 "DELETE /v2.0/routers/ce0dfb95-b65f-412a-9a5c-7e07fd62e569 HTTP/1.1" status: 204 len: 168 time: 0.7345414
2026-06-24 19:14:58.714 10 INFO neutron.api.v2.resource [None req-37a18a1d-d88e-40a9-b277-a1d04ad9f8da 5d94b75933154742a0336cf3aaf77f4a 014bf12a52b34667adeae4c58f94f343 - - default default] show failed (client error): The resource could not be found.
2026-06-24 19:14:58.715 10 INFO neutron.api.wsgi [None req-37a18a1d-d88e-40a9-b277-a1d04ad9f8da 5d94b75933154742a0336cf3aaf77f4a 014bf12a52b34667adeae4c58f94f343 - - default default] 10.0.0.30 "GET /v2.0/routers/2143707c-f23b-49ad-aa3e-786a4092e51b HTTP/1.1" status: 404 len: 336 time: 0.0192025
2026-06-24 19:14:58.923 10 INFO neutron.api.wsgi [None req-7b472572-e917-4289-a9c1-928353de8b22 5d94b75933154742a0336cf3aaf77f4a 014bf12a52b34667adeae4c58f94f343 - - default default] 10.0.0.30 "DELETE /v2.0/subnets/9660ff04-ee2e-415b-8abd-2dae3d0789bb HTTP/1.1" status: 204 len: 168 time: 0.1965249
2026-06-24 19:14:59.122 10 INFO neutron.api.wsgi [None req-1c76e5c6-3ae8-41a4-9c03-2ccc361c2da9 5d94b75933154742a0336cf3aaf77f4a 014bf12a52b34667adeae4c58f94f343 - - default default] 10.0.0.30 "DELETE /v2.0/subnets/57fac312-57d9-49e1-852f-333065a9d2b9 HTTP/1.1" status: 204 len: 168 time: 0.1932845
2026-06-24 19:14:59.293 10 INFO neutron.api.wsgi [None req-2c88bdc9-37b4-4b86-b761-1befc4aef0f3 5d94b75933154742a0336cf3aaf77f4a 014bf12a52b34667adeae4c58f94f343 - - default default] 10.0.0.30 "DELETE /v2.0/subnets/ae30be71-46b2-42d1-8c60-36b0f318f5b4 HTTP/1.1" status: 204 len: 168 time: 0.1632881
2026-06-24 19:14:59.314 10 INFO neutron.pecan_wsgi.hooks.translation [None req-b452ac59-3b1c-4c83-bccf-b8960fee1496 5d94b75933154742a0336cf3aaf77f4a 014bf12a52b34667adeae4c58f94f343 - - default default] DELETE failed (client error): The resource could not be found.
2026-06-24 19:14:59.317 10 INFO neutron.api.wsgi [None req-b452ac59-3b1c-4c83-bccf-b8960fee1496 5d94b75933154742a0336cf3aaf77f4a 014bf12a52b34667adeae4c58f94f343 - - default default] 10.0.0.30 "DELETE /v2.0/subnets/96d0d38a-2d78-44bc-bdb6-7c4ef458f9cf HTTP/1.1" status: 404 len: 337 time: 0.0168681
2026-06-24 19:14:59.709 10 INFO neutron.api.wsgi [None req-89b84f66-24fa-438d-a8db-8786fcd40ecc 5d94b75933154742a0336cf3aaf77f4a 014bf12a52b34667adeae4c58f94f343 - - default default] 10.0.0.30 "DELETE /v2.0/networks/f07a532b-2f46-4eba-b0ec-558b516480f4 HTTP/1.1" status: 204 len: 168 time: 0.3865190
2026-06-24 19:15:00.055 10 INFO neutron.services.segments.plugin [-] Segment 7e06ac7e-7e77-4cb7-8f63-656ef00607ad resource provider aggregate not found
2026-06-24 19:15:00.066 10 INFO neutron.services.segments.plugin [-] Segment 7e06ac7e-7e77-4cb7-8f63-656ef00607ad resource provider aggregate not found
2026-06-24 19:15:00.078 10 INFO neutron.services.segments.plugin [-] Segment 7e06ac7e-7e77-4cb7-8f63-656ef00607ad resource provider not found; error: Placement Client Error (4xx): {"errors": [{"status": 404, "title": "Not Found", "detail": "The resource could not be found.\n\n No resource provider with uuid 7e06ac7e-7e77-4cb7-8f63-656ef00607ad found for delete ", "request_id": "req-bf46907b-6ff8-4340-80ff-694e33b7be47"}]}
2026-06-24 19:15:00.083 10 INFO neutron.services.segments.plugin [-] Segment 7e06ac7e-7e77-4cb7-8f63-656ef00607ad resource provider not found; error: Placement Client Error (4xx): {"errors": [{"status": 404, "title": "Not Found", "detail": "The resource could not be found.\n\n No resource provider with uuid 7e06ac7e-7e77-4cb7-8f63-656ef00607ad found for delete ", "request_id": "req-e1e76bf4-58ee-4cf4-8b0f-7e20ebab596a"}]}
2026-06-24 19:15:00.211 10 INFO neutron.api.wsgi [None req-33aac82c-1946-4a9b-9f63-2654e934acb7 5d94b75933154742a0336cf3aaf77f4a 014bf12a52b34667adeae4c58f94f343 - - default default] 10.0.0.30 "DELETE /v2.0/networks/0a60173f-c818-4111-9ace-18e2fdf136ef HTTP/1.1" status: 204 len: 168 time: 0.4932108
2026-06-24 19:15:00.612 10 INFO neutron.api.wsgi [None req-b0890208-4ea9-4181-84cb-c43a22e3baf5 5d94b75933154742a0336cf3aaf77f4a 014bf12a52b34667adeae4c58f94f343 - - default default] 10.0.0.30 "DELETE /v2.0/networks/c191974c-eee2-4ba3-9a6c-7c2894357a4b HTTP/1.1" status: 204 len: 168 time: 0.3953550
2026-06-24 19:15:00.633 10 INFO neutron.pecan_wsgi.hooks.translation [None req-4f08bc74-2ce5-4c25-a986-a554c895bb47 5d94b75933154742a0336cf3aaf77f4a 014bf12a52b34667adeae4c58f94f343 - - default default] DELETE failed (client error): The resource could not be found.
2026-06-24 19:15:00.635 10 INFO neutron.api.wsgi [None req-4f08bc74-2ce5-4c25-a986-a554c895bb47 5d94b75933154742a0336cf3aaf77f4a 014bf12a52b34667adeae4c58f94f343 - - default default] 10.0.0.30 "DELETE /v2.0/networks/1a5459c3-bf0f-4bb2-8b33-4f716144752d HTTP/1.1" status: 404 len: 339 time: 0.0142744
2026-06-24 19:15:01.498 9 WARNING neutron_lib.context [None req-af7810df-d633-4572-8f2c-4ac95be9e9ea f7d393819fea45159e20bf27938bbb76 2292c3a9f8d24102a9725b444eb3cbce - - default default] Method 'is_advsvc' is deprecated since 2023.2 release (neutron-lib 3.8.0) and will be removed once support for the old RBAC API policies will be removed from Neutron. Please use method 'is_service_role' instead.
2026-06-24 19:15:01.684 9 INFO neutron.db.ovn_revision_numbers_db [None req-af7810df-d633-4572-8f2c-4ac95be9e9ea f7d393819fea45159e20bf27938bbb76 2292c3a9f8d24102a9725b444eb3cbce - - default default] Successfully bumped revision number for resource da267a01-4c2a-4676-badc-cfd46ee3d4ce (type: security_groups) to 1
2026-06-24 19:15:01.705 9 INFO neutron.db.ovn_revision_numbers_db [None req-af7810df-d633-4572-8f2c-4ac95be9e9ea f7d393819fea45159e20bf27938bbb76 2292c3a9f8d24102a9725b444eb3cbce - - default default] Successfully bumped revision number for resource 847d6cc8-27ce-499a-b3f0-1a433fce3279 (type: security_group_rules) to 0
2026-06-24 19:15:01.721 9 INFO neutron.db.ovn_revision_numbers_db [None req-af7810df-d633-4572-8f2c-4ac95be9e9ea f7d393819fea45159e20bf27938bbb76 2292c3a9f8d24102a9725b444eb3cbce - - default default] Successfully bumped revision number for resource 88142049-df03-4d2c-8308-b9b1d41d7fb6 (type: security_group_rules) to 0
2026-06-24 19:15:01.730 10 INFO neutron.db.ovn_revision_numbers_db [None req-8de526db-8b5a-4cd3-8e2c-b2cba02f6bdb 293041c3d1c44f58882016c7f9f1c629 83e00930fe284582a0d4538e1710b04a - - default default] Successfully bumped revision number for resource 4de5348c-7bec-4bdf-862c-8be7c0693346 (type: security_groups) to 1
2026-06-24 19:15:01.739 9 INFO neutron.db.ovn_revision_numbers_db [None req-af7810df-d633-4572-8f2c-4ac95be9e9ea f7d393819fea45159e20bf27938bbb76 2292c3a9f8d24102a9725b444eb3cbce - - default default] Successfully bumped revision number for resource b8156fbd-ba9d-4bc1-847c-891661b5d1a7 (type: security_group_rules) to 0
2026-06-24 19:15:01.751 10 INFO neutron.db.ovn_revision_numbers_db [None req-8de526db-8b5a-4cd3-8e2c-b2cba02f6bdb 293041c3d1c44f58882016c7f9f1c629 83e00930fe284582a0d4538e1710b04a - - default default] Successfully bumped revision number for resource 55a54909-1d12-4aa9-a8fb-2689c0b87527 (type: security_group_rules) to 0
2026-06-24 19:15:01.762 9 INFO neutron.db.ovn_revision_numbers_db [None req-af7810df-d633-4572-8f2c-4ac95be9e9ea f7d393819fea45159e20bf27938bbb76 2292c3a9f8d24102a9725b444eb3cbce - - default default] Successfully bumped revision number for resource e68dfef1-daf0-4714-b6cf-c311434ee8ba (type: security_group_rules) to 0
2026-06-24 19:15:01.777 10 INFO neutron.db.ovn_revision_numbers_db [None req-8de526db-8b5a-4cd3-8e2c-b2cba02f6bdb 293041c3d1c44f58882016c7f9f1c629 83e00930fe284582a0d4538e1710b04a - - default default] Successfully bumped revision number for resource 6fe13820-2a34-47f7-bb20-eb10dc5e2083 (type: security_group_rules) to 0
2026-06-24 19:15:01.791 10 INFO neutron.db.ovn_revision_numbers_db [None req-8de526db-8b5a-4cd3-8e2c-b2cba02f6bdb 293041c3d1c44f58882016c7f9f1c629 83e00930fe284582a0d4538e1710b04a - - default default] Successfully bumped revision number for resource 7f76724e-0e5d-4604-82d8-79fdbcc96d13 (type: security_group_rules) to 0
2026-06-24 19:15:01.803 10 INFO neutron.db.ovn_revision_numbers_db [None req-8de526db-8b5a-4cd3-8e2c-b2cba02f6bdb 293041c3d1c44f58882016c7f9f1c629 83e00930fe284582a0d4538e1710b04a - - default default] Successfully bumped revision number for resource 8e8c0b0a-3ba8-4e41-a23b-8e3ce2312ebb (type: security_group_rules) to 0
2026-06-24 19:15:01.847 10 INFO neutron.api.wsgi [None req-8de526db-8b5a-4cd3-8e2c-b2cba02f6bdb 293041c3d1c44f58882016c7f9f1c629 83e00930fe284582a0d4538e1710b04a - - default default] 10.0.0.30 "GET /v2.0/security-groups?tenant_id=e9348c96a97d42658008ee3f54f7131e&name=default HTTP/1.1" status: 200 len: 3124 time: 0.2955546
2026-06-24 19:15:01.905 9 INFO neutron.db.ovn_revision_numbers_db [None req-af7810df-d633-4572-8f2c-4ac95be9e9ea f7d393819fea45159e20bf27938bbb76 2292c3a9f8d24102a9725b444eb3cbce - - default default] Successfully bumped revision number for resource eee8953f-7ace-4f23-a3c6-2f8acc82598a (type: security_groups) to 1
2026-06-24 19:15:01.920 9 INFO neutron.db.ovn_revision_numbers_db [None req-af7810df-d633-4572-8f2c-4ac95be9e9ea f7d393819fea45159e20bf27938bbb76 2292c3a9f8d24102a9725b444eb3cbce - - default default] Successfully bumped revision number for resource 5f33f9fc-cd77-4313-b0b6-6f3e4c4d85d9 (type: security_group_rules) to 0
2026-06-24 19:15:01.934 9 INFO neutron.db.ovn_revision_numbers_db [None req-af7810df-d633-4572-8f2c-4ac95be9e9ea f7d393819fea45159e20bf27938bbb76 2292c3a9f8d24102a9725b444eb3cbce - - default default] Successfully bumped revision number for resource eb884271-fa3e-4d9b-a379-0107c2f3c18d (type: security_group_rules) to 0
2026-06-24 19:15:01.981 9 INFO neutron.api.wsgi [None req-af7810df-d633-4572-8f2c-4ac95be9e9ea f7d393819fea45159e20bf27938bbb76 2292c3a9f8d24102a9725b444eb3cbce - - default default] 10.0.0.30 "POST /v2.0/security-groups HTTP/1.1" status: 201 len: 1803 time: 0.7213252
2026-06-24 19:15:02.036 9 INFO neutron.api.wsgi [None req-b54202b6-63f0-47ed-b051-9001fca058a4 f7d393819fea45159e20bf27938bbb76 2292c3a9f8d24102a9725b444eb3cbce - - default default] 10.0.0.30 "PUT /v2.0/security-groups/eee8953f-7ace-4f23-a3c6-2f8acc82598a/tags HTTP/1.1" status: 200 len: 218 time: 0.0470669
