2026-06-24 19:13:13.836 9 INFO neutron.db.ovn_revision_numbers_db [None req-f8ff0d69-037f-4ce6-9837-e43eefe59050 293041c3d1c44f58882016c7f9f1c629 83e00930fe284582a0d4538e1710b04a - - default default] Successfully bumped revision number for resource 40f3dd35-c8a9-45ed-bc13-f039891b5fd5 (type: security_group_rules) to 0
2026-06-24 19:13:13.863 10 INFO neutron.db.ovn_revision_numbers_db [None req-dccd91a6-6364-442d-9e81-e44b6dd2854d db99e4d8c3b34e0092532864b9bcacb9 2d75f6a6c2c7455cab921ab743929811 - - default default] Successfully bumped revision number for resource 7950a136-d1d6-47a4-b503-1f38bbbafb35 (type: router_ports) to 1
2026-06-24 19:13:13.864 9 INFO neutron.plugins.ml2.drivers.ovn.mech_driver.mech_driver [None req-b0b2bc91-87a1-4f6f-80aa-45db1c7c37fb - - - - - -] OVN reports status up for port: 7950a136-d1d6-47a4-b503-1f38bbbafb35
2026-06-24 19:13:13.867 9 INFO neutron.db.ovn_revision_numbers_db [None req-f8ff0d69-037f-4ce6-9837-e43eefe59050 293041c3d1c44f58882016c7f9f1c629 83e00930fe284582a0d4538e1710b04a - - default default] Successfully bumped revision number for resource 45524bd9-215d-4116-99ac-8514d1e56998 (type: security_group_rules) to 0
2026-06-24 19:13:13.869 10 INFO neutron.api.wsgi [None req-dccd91a6-6364-442d-9e81-e44b6dd2854d db99e4d8c3b34e0092532864b9bcacb9 2d75f6a6c2c7455cab921ab743929811 - - default default] 10.0.0.30 "PUT /v2.0/routers/7d7ecbe5-3078-4738-8cf6-d677a0d30b80/add_router_interface HTTP/1.1" status: 200 len: 503 time: 2.5394502
2026-06-24 19:13:13.883 9 INFO neutron.plugins.ml2.plugin [None req-b0b2bc91-87a1-4f6f-80aa-45db1c7c37fb - - - - - -] Attempt 1 to provision port 7950a136-d1d6-47a4-b503-1f38bbbafb35
2026-06-24 19:13:13.898 9 INFO neutron.db.ovn_revision_numbers_db [None req-f8ff0d69-037f-4ce6-9837-e43eefe59050 293041c3d1c44f58882016c7f9f1c629 83e00930fe284582a0d4538e1710b04a - - default default] Successfully bumped revision number for resource c6aa2912-4f24-4baf-81e3-eea5c777e487 (type: security_group_rules) to 0
2026-06-24 19:13:13.926 9 INFO neutron.db.ovn_revision_numbers_db [None req-f8ff0d69-037f-4ce6-9837-e43eefe59050 293041c3d1c44f58882016c7f9f1c629 83e00930fe284582a0d4538e1710b04a - - default default] Successfully bumped revision number for resource d5d91020-2743-4426-9922-a76fcad81c64 (type: security_group_rules) to 0
2026-06-24 19:13:13.974 10 INFO neutron.db.ovn_revision_numbers_db [None req-9e29a1ad-26a7-435c-9095-1668768fc72d - - - - - -] Successfully bumped revision number for resource 5e151849-e706-4029-9e45-7cad5bbc5cfb (type: ports) to 5
2026-06-24 19:13:13.994 9 INFO neutron.api.wsgi [None req-f8ff0d69-037f-4ce6-9837-e43eefe59050 293041c3d1c44f58882016c7f9f1c629 83e00930fe284582a0d4538e1710b04a - - default default] 10.0.0.30 "GET /v2.0/security-groups?tenant_id=abd435e0ead744bf84f333174180e0b9&name=default HTTP/1.1" status: 200 len: 3120 time: 0.5088935
2026-06-24 19:13:14.178 9 INFO neutron.db.ovn_revision_numbers_db [None req-2c21d389-3a1f-4f3e-8982-583433a60ae2 293041c3d1c44f58882016c7f9f1c629 83e00930fe284582a0d4538e1710b04a - - default default] Successfully bumped revision number for resource 9d2eaead-9309-47d1-bf11-b8e476d2d1b6 (type: ports) to 1
2026-06-24 19:13:14.301 9 WARNING neutron.scheduler.dhcp_agent_scheduler [None req-2c21d389-3a1f-4f3e-8982-583433a60ae2 293041c3d1c44f58882016c7f9f1c629 83e00930fe284582a0d4538e1710b04a - - default default] No more DHCP agents
2026-06-24 19:13:14.306 9 WARNING neutron.api.rpc.agentnotifiers.dhcp_rpc_agent_api [None req-2c21d389-3a1f-4f3e-8982-583433a60ae2 293041c3d1c44f58882016c7f9f1c629 83e00930fe284582a0d4538e1710b04a - - default default] Unable to schedule network a3d7243e-9462-47fc-a7e3-509bf8d7659d: no agents available; will retry on subsequent port and subnet creation events.
2026-06-24 19:13:14.640 10 INFO neutron.api.wsgi [None req-31ed4176-9e17-4a8b-a665-a33ef0c22b53 6ba3ef0c49324e6aa639da8be19a4160 510e2600ce584a52b261400a2f1b7641 - - default default] 10.0.0.30 "PUT /v2.0/routers/50057e9c-f414-47c8-803b-f201751aa185/remove_router_interface HTTP/1.1" status: 200 len: 503 time: 0.9164715 /var/lib/openstack/lib/python3.12/site-packages/pycadf/identifier.py:71: UserWarning: Invalid uuid: neutron. To ensure interoperability, identifiers should be a valid uuid. warnings.warn(('Invalid uuid: %s. To ensure interoperability, '
2026-06-24 19:13:14.683 9 INFO neutron.services.segments.plugin [-] Segment d77cd79a-3936-462b-b1d2-e59ac3ee8cd6 resource provider aggregate not found
2026-06-24 19:13:14.689 9 INFO neutron.services.segments.plugin [-] Segment d77cd79a-3936-462b-b1d2-e59ac3ee8cd6 resource provider aggregate not found
2026-06-24 19:13:14.708 9 INFO neutron.services.segments.plugin [-] Segment d77cd79a-3936-462b-b1d2-e59ac3ee8cd6 resource provider not found; error: Placement Client Error (4xx): {"errors": [{"status": 404, "title": "Not Found", "detail": "The resource could not be found.\n\n No resource provider with uuid d77cd79a-3936-462b-b1d2-e59ac3ee8cd6 found for delete ", "request_id": "req-515f4c96-2616-412c-bf1c-a75530827fd6"}]}
2026-06-24 19:13:14.709 9 INFO neutron.services.segments.plugin [-] Segment d77cd79a-3936-462b-b1d2-e59ac3ee8cd6 resource provider not found; error: Placement Client Error (4xx): {"errors": [{"status": 404, "title": "Not Found", "detail": "The resource could not be found.\n\n No resource provider with uuid d77cd79a-3936-462b-b1d2-e59ac3ee8cd6 found for delete ", "request_id": "req-a7691c2d-21cb-45f3-83c6-dfc6efc65354"}]}
2026-06-24 19:13:14.759 9 INFO neutron.api.wsgi [None req-c03aaab3-641c-4bf9-9710-61ed4510250f 293041c3d1c44f58882016c7f9f1c629 83e00930fe284582a0d4538e1710b04a - - default default] 10.0.0.30 "DELETE /v2.0/security-groups/9d4feeb5-da21-47fb-804f-677f33400782 HTTP/1.1" status: 204 len: 168 time: 0.7529838
2026-06-24 19:13:14.860 10 INFO neutron.api.wsgi [None req-50178f4b-4e01-4f4c-80b7-42df239e3e61 6ba3ef0c49324e6aa639da8be19a4160 510e2600ce584a52b261400a2f1b7641 - - default default] 10.0.0.30 "DELETE /v2.0/subnets/cd708630-7840-4321-9d49-5240b6a77b37 HTTP/1.1" status: 204 len: 168 time: 0.2145369
2026-06-24 19:13:14.906 9 INFO neutron.db.ovn_revision_numbers_db [None req-b0b2bc91-87a1-4f6f-80aa-45db1c7c37fb - - - - - -] Successfully bumped revision number for resource 7950a136-d1d6-47a4-b503-1f38bbbafb35 (type: ports) to 2
2026-06-24 19:13:15.145 9 INFO neutron.db.ovn_revision_numbers_db [None req-f120f163-88f9-48d2-ad29-b3258fca2302 293041c3d1c44f58882016c7f9f1c629 83e00930fe284582a0d4538e1710b04a - - default default] Successfully bumped revision number for resource 753cf6e4-9795-4cb0-bae4-9c8adba81697 (type: security_groups) to 1
2026-06-24 19:13:15.152 9 WARNING neutron.scheduler.dhcp_agent_scheduler [None req-cda1e2af-0669-4880-b444-322ffdbc41cf db99e4d8c3b34e0092532864b9bcacb9 2d75f6a6c2c7455cab921ab743929811 - - default default] No more DHCP agents
2026-06-24 19:13:15.155 9 WARNING neutron.api.rpc.agentnotifiers.dhcp_rpc_agent_api [None req-cda1e2af-0669-4880-b444-322ffdbc41cf db99e4d8c3b34e0092532864b9bcacb9 2d75f6a6c2c7455cab921ab743929811 - - default default] Unable to schedule network c30288e3-9af7-4ab2-895d-569f06325f44: no agents available; will retry on subsequent port and subnet creation events.
2026-06-24 19:13:15.163 9 INFO neutron.db.ovn_revision_numbers_db [None req-f120f163-88f9-48d2-ad29-b3258fca2302 293041c3d1c44f58882016c7f9f1c629 83e00930fe284582a0d4538e1710b04a - - default default] Successfully bumped revision number for resource 1350eb02-fdef-49a1-b9ad-2a0d6409ef3a (type: security_group_rules) to 0
2026-06-24 19:13:15.197 9 INFO neutron.db.ovn_revision_numbers_db [None req-f120f163-88f9-48d2-ad29-b3258fca2302 293041c3d1c44f58882016c7f9f1c629 83e00930fe284582a0d4538e1710b04a - - default default] Successfully bumped revision number for resource 88257866-b164-446c-a214-dff9603517db (type: security_group_rules) to 0
2026-06-24 19:13:15.216 9 INFO neutron.db.ovn_revision_numbers_db [None req-f120f163-88f9-48d2-ad29-b3258fca2302 293041c3d1c44f58882016c7f9f1c629 83e00930fe284582a0d4538e1710b04a - - default default] Successfully bumped revision number for resource c5209f65-876f-4904-acff-08a876bab7e9 (type: security_group_rules) to 0
2026-06-24 19:13:15.241 9 INFO neutron.db.ovn_revision_numbers_db [None req-f120f163-88f9-48d2-ad29-b3258fca2302 293041c3d1c44f58882016c7f9f1c629 83e00930fe284582a0d4538e1710b04a - - default default] Successfully bumped revision number for resource e3f9f4b5-6e00-4391-8a5b-8461e010cf5d (type: security_group_rules) to 0
2026-06-24 19:13:15.304 9 INFO neutron.api.wsgi [None req-f120f163-88f9-48d2-ad29-b3258fca2302 293041c3d1c44f58882016c7f9f1c629 83e00930fe284582a0d4538e1710b04a - - default default] 10.0.0.30 "GET /v2.0/security-groups?tenant_id=a704be82015244c7a33ee7c1a657f82d&name=default HTTP/1.1" status: 200 len: 3120 time: 0.4077897
2026-06-24 19:13:15.360 9 INFO neutron.db.ovn_revision_numbers_db [None req-cda1e2af-0669-4880-b444-322ffdbc41cf db99e4d8c3b34e0092532864b9bcacb9 2d75f6a6c2c7455cab921ab743929811 - - default default] Successfully bumped revision number for resource 19f8f73b-ca82-4771-8893-26b93aeef039 (type: ports) to 1
2026-06-24 19:13:15.630 9 INFO neutron.api.wsgi [None req-ec18f659-75d0-453e-b7d1-356447078278 293041c3d1c44f58882016c7f9f1c629 83e00930fe284582a0d4538e1710b04a - - default default] 10.0.0.30 "DELETE /v2.0/security-groups/753cf6e4-9795-4cb0-bae4-9c8adba81697 HTTP/1.1" status: 204 len: 168 time: 0.3211682
2026-06-24 19:13:15.636 10 INFO neutron.api.wsgi [None req-ebc1401a-7302-42ea-b511-9be4132e6ea9 6ba3ef0c49324e6aa639da8be19a4160 510e2600ce584a52b261400a2f1b7641 - - default default] 10.0.0.30 "DELETE /v2.0/routers/50057e9c-f414-47c8-803b-f201751aa185 HTTP/1.1" status: 204 len: 168 time: 0.7707944
2026-06-24 19:13:15.717 9 INFO neutron.db.ovn_revision_numbers_db [None req-2c21d389-3a1f-4f3e-8982-583433a60ae2 293041c3d1c44f58882016c7f9f1c629 83e00930fe284582a0d4538e1710b04a - - default default] Successfully bumped revision number for resource 9d2eaead-9309-47d1-bf11-b8e476d2d1b6 (type: router_ports) to 1
2026-06-24 19:13:15.723 9 INFO neutron.api.wsgi [None req-2c21d389-3a1f-4f3e-8982-583433a60ae2 293041c3d1c44f58882016c7f9f1c629 83e00930fe284582a0d4538e1710b04a - - default default] 10.0.0.30 "PUT /v2.0/routers/457a8e0c-f31c-40fb-8f64-f7e202f6b57f/add_router_interface HTTP/1.1" status: 200 len: 503 time: 3.0559130
2026-06-24 19:13:15.897 10 INFO neutron.api.wsgi [None req-cb2f21c4-2b8d-48f5-aa57-c891a1af5a84 293041c3d1c44f58882016c7f9f1c629 83e00930fe284582a0d4538e1710b04a - - default default] 10.0.0.30 "GET /v2.0/security-groups?tenant_id=cc7a4564ce8c4c958fa453e3cd66a4e6&name=default HTTP/1.1" status: 200 len: 3120 time: 0.0385616
2026-06-24 19:13:16.056 10 INFO neutron.services.segments.plugin [-] Segment 68a5dc3f-d2a0-44c5-9a7d-bb4cbe4ba234 resource provider aggregate not found
2026-06-24 19:13:16.063 10 INFO neutron.services.segments.plugin [-] Segment 68a5dc3f-d2a0-44c5-9a7d-bb4cbe4ba234 resource provider aggregate not found
2026-06-24 19:13:16.081 10 INFO neutron.services.segments.plugin [-] Segment 68a5dc3f-d2a0-44c5-9a7d-bb4cbe4ba234 resource provider not found; error: Placement Client Error (4xx): {"errors": [{"status": 404, "title": "Not Found", "detail": "The resource could not be found.\n\n No resource provider with uuid 68a5dc3f-d2a0-44c5-9a7d-bb4cbe4ba234 found for delete ", "request_id": "req-1fadca78-c5b1-4ad3-b49c-fb063fb41147"}]}
2026-06-24 19:13:16.094 10 INFO neutron.services.segments.plugin [-] Segment 68a5dc3f-d2a0-44c5-9a7d-bb4cbe4ba234 resource provider not found; error: Placement Client Error (4xx): {"errors": [{"status": 404, "title": "Not Found", "detail": "The resource could not be found.\n\n No resource provider with uuid 68a5dc3f-d2a0-44c5-9a7d-bb4cbe4ba234 found for delete ", "request_id": "req-31c02983-063a-4773-83cb-fc550a62d3ac"}]}
2026-06-24 19:13:16.122 10 INFO neutron.api.wsgi [None req-0912a212-bda9-4d01-8418-69b88da66338 6ba3ef0c49324e6aa639da8be19a4160 510e2600ce584a52b261400a2f1b7641 - - default default] 10.0.0.30 "DELETE /v2.0/networks/d4bebbad-494f-45da-9d3b-8f72c0b3c5f4 HTTP/1.1" status: 204 len: 168 time: 0.4804940
2026-06-24 19:13:16.190 9 INFO neutron.db.ovn_revision_numbers_db [None req-cda1e2af-0669-4880-b444-322ffdbc41cf db99e4d8c3b34e0092532864b9bcacb9 2d75f6a6c2c7455cab921ab743929811 - - default default] Successfully bumped revision number for resource 19f8f73b-ca82-4771-8893-26b93aeef039 (type: ports) to 1
2026-06-24 19:13:16.240 10 INFO neutron.api.wsgi [None req-531e57cb-360e-4d46-8f2c-973fcb199e96 293041c3d1c44f58882016c7f9f1c629 83e00930fe284582a0d4538e1710b04a - - default default] 10.0.0.30 "DELETE /v2.0/security-groups/0268be61-105b-41c4-9ccd-6a05e4e2d8d8 HTTP/1.1" status: 204 len: 168 time: 0.3372204
2026-06-24 19:13:16.253 9 WARNING neutron.scheduler.dhcp_agent_scheduler [None req-cda1e2af-0669-4880-b444-322ffdbc41cf db99e4d8c3b34e0092532864b9bcacb9 2d75f6a6c2c7455cab921ab743929811 - - default default] No more DHCP agents
2026-06-24 19:13:16.254 9 WARNING neutron.api.rpc.agentnotifiers.dhcp_rpc_agent_api [None req-cda1e2af-0669-4880-b444-322ffdbc41cf db99e4d8c3b34e0092532864b9bcacb9 2d75f6a6c2c7455cab921ab743929811 - - default default] Unable to schedule network c30288e3-9af7-4ab2-895d-569f06325f44: no agents available; will retry on subsequent port and subnet creation events.
2026-06-24 19:13:16.672 9 INFO neutron.db.ovn_revision_numbers_db [None req-cda1e2af-0669-4880-b444-322ffdbc41cf db99e4d8c3b34e0092532864b9bcacb9 2d75f6a6c2c7455cab921ab743929811 - - default default] Successfully bumped revision number for resource 19f8f73b-ca82-4771-8893-26b93aeef039 (type: router_ports) to 1
2026-06-24 19:13:16.677 9 INFO neutron.api.wsgi [None req-cda1e2af-0669-4880-b444-322ffdbc41cf db99e4d8c3b34e0092532864b9bcacb9 2d75f6a6c2c7455cab921ab743929811 - - default default] 10.0.0.30 "PUT /v2.0/routers/7d7ecbe5-3078-4738-8cf6-d677a0d30b80/add_router_interface HTTP/1.1" status: 200 len: 503 time: 2.8020654
2026-06-24 19:13:17.253 10 INFO neutron.db.ovn_revision_numbers_db [None req-d376c3c8-7c67-475a-9ebd-9e5fd2332ae6 293041c3d1c44f58882016c7f9f1c629 83e00930fe284582a0d4538e1710b04a - - default default] Successfully bumped revision number for resource 63524518-cc71-4de5-97a7-e1d9418e95d6 (type: security_groups) to 1
2026-06-24 19:13:17.260 9 INFO neutron.db.ovn_revision_numbers_db [None req-7da7546c-e85d-4594-872b-e155d9bc7d1d 293041c3d1c44f58882016c7f9f1c629 83e00930fe284582a0d4538e1710b04a - - default default] Successfully bumped revision number for resource d28f2629-83f0-405f-afd8-a25536827ed2 (type: security_groups) to 1
2026-06-24 19:13:17.264 10 INFO neutron.db.ovn_revision_numbers_db [None req-d376c3c8-7c67-475a-9ebd-9e5fd2332ae6 293041c3d1c44f58882016c7f9f1c629 83e00930fe284582a0d4538e1710b04a - - default default] Successfully bumped revision number for resource 1afb5034-6bc4-44e7-a70f-e9a6ab539949 (type: security_group_rules) to 0
2026-06-24 19:13:17.280 10 INFO neutron.db.ovn_revision_numbers_db [None req-d376c3c8-7c67-475a-9ebd-9e5fd2332ae6 293041c3d1c44f58882016c7f9f1c629 83e00930fe284582a0d4538e1710b04a - - default default] Successfully bumped revision number for resource 80390df9-dd05-4c02-a80e-90e595524978 (type: security_group_rules) to 0
2026-06-24 19:13:17.281 9 INFO neutron.db.ovn_revision_numbers_db [None req-7da7546c-e85d-4594-872b-e155d9bc7d1d 293041c3d1c44f58882016c7f9f1c629 83e00930fe284582a0d4538e1710b04a - - default default] Successfully bumped revision number for resource 2f26f428-2498-4a14-b735-01757141651e (type: security_group_rules) to 0
2026-06-24 19:13:17.292 9 INFO neutron.api.wsgi [-] 10.0.0.72 "GET / HTTP/1.1" status: 200 len: 247 time: 0.0015373
2026-06-24 19:13:17.293 10 INFO neutron.api.wsgi [-] 10.0.0.72 "GET / HTTP/1.1" status: 200 len: 247 time: 0.0018303
2026-06-24 19:13:17.294 10 INFO neutron.db.ovn_revision_numbers_db [None req-d376c3c8-7c67-475a-9ebd-9e5fd2332ae6 293041c3d1c44f58882016c7f9f1c629 83e00930fe284582a0d4538e1710b04a - - default default] Successfully bumped revision number for resource d793c56e-72fc-4a32-87d8-e06043eb6a09 (type: security_group_rules) to 0
2026-06-24 19:13:17.301 9 INFO neutron.db.ovn_revision_numbers_db [None req-7da7546c-e85d-4594-872b-e155d9bc7d1d 293041c3d1c44f58882016c7f9f1c629 83e00930fe284582a0d4538e1710b04a - - default default] Successfully bumped revision number for resource 3dc57966-f8cd-4027-892d-f5298453179c (type: security_group_rules) to 0
2026-06-24 19:13:17.302 9 WARNING neutron.scheduler.dhcp_agent_scheduler [None req-7c0fff2e-9fc1-4c6f-85d2-1c6e9d3b5b18 db99e4d8c3b34e0092532864b9bcacb9 2d75f6a6c2c7455cab921ab743929811 - - default default] No more DHCP agents
2026-06-24 19:13:17.304 9 WARNING neutron.api.rpc.agentnotifiers.dhcp_rpc_agent_api [None req-7c0fff2e-9fc1-4c6f-85d2-1c6e9d3b5b18 db99e4d8c3b34e0092532864b9bcacb9 2d75f6a6c2c7455cab921ab743929811 - - default default] Unable to schedule network a7ce6646-5679-42bf-9289-32ba68a56474: no agents available; will retry on subsequent port and subnet creation events.
2026-06-24 19:13:17.313 10 INFO neutron.db.ovn_revision_numbers_db [None req-d376c3c8-7c67-475a-9ebd-9e5fd2332ae6 293041c3d1c44f58882016c7f9f1c629 83e00930fe284582a0d4538e1710b04a - - default default] Successfully bumped revision number for resource dfe78f9e-0312-44ae-9bd2-0f989092cc66 (type: security_group_rules) to 0
2026-06-24 19:13:17.325 9 INFO neutron.db.ovn_revision_numbers_db [None req-7da7546c-e85d-4594-872b-e155d9bc7d1d 293041c3d1c44f58882016c7f9f1c629 83e00930fe284582a0d4538e1710b04a - - default default] Successfully bumped revision number for resource d1ab443b-557f-4298-b174-b72fa606cead (type: security_group_rules) to 0
2026-06-24 19:13:17.341 9 INFO neutron.db.ovn_revision_numbers_db [None req-7da7546c-e85d-4594-872b-e155d9bc7d1d 293041c3d1c44f58882016c7f9f1c629 83e00930fe284582a0d4538e1710b04a - - default default] Successfully bumped revision number for resource e190a393-10ae-4de4-8b04-1f50c870ee91 (type: security_group_rules) to 0
2026-06-24 19:13:17.395 9 INFO neutron.api.wsgi [None req-7da7546c-e85d-4594-872b-e155d9bc7d1d 293041c3d1c44f58882016c7f9f1c629 83e00930fe284582a0d4538e1710b04a - - default default] 10.0.0.30 "GET /v2.0/security-groups?tenant_id=89b4139e59614a008e876baeac781411&name=default HTTP/1.1" status: 200 len: 3120 time: 0.5249796
2026-06-24 19:13:17.404 10 INFO neutron.db.segments_db [None req-d376c3c8-7c67-475a-9ebd-9e5fd2332ae6 293041c3d1c44f58882016c7f9f1c629 83e00930fe284582a0d4538e1710b04a - - default default] Added segment b8aca4cb-45cc-433f-8d66-f69e2d5421dc of type geneve for network efb3f154-605e-4ee6-95f8-441ea720bbe8
2026-06-24 19:13:17.470 9 INFO neutron.db.ovn_revision_numbers_db [None req-7c0fff2e-9fc1-4c6f-85d2-1c6e9d3b5b18 db99e4d8c3b34e0092532864b9bcacb9 2d75f6a6c2c7455cab921ab743929811 - - default default] Successfully bumped revision number for resource 1c18a5c9-3e17-48e7-ab75-a92e8b073535 (type: ports) to 1
2026-06-24 19:13:17.530 10 INFO neutron.db.ovn_revision_numbers_db [None req-d376c3c8-7c67-475a-9ebd-9e5fd2332ae6 293041c3d1c44f58882016c7f9f1c629 83e00930fe284582a0d4538e1710b04a - - default default] Successfully bumped revision number for resource efb3f154-605e-4ee6-95f8-441ea720bbe8 (type: networks) to 1
2026-06-24 19:13:17.653 9 INFO neutron.api.wsgi [None req-6e009198-c60e-49c5-b5e4-89647f8a8b36 293041c3d1c44f58882016c7f9f1c629 83e00930fe284582a0d4538e1710b04a - - default default] 10.0.0.30 "DELETE /v2.0/security-groups/d28f2629-83f0-405f-afd8-a25536827ed2 HTTP/1.1" status: 204 len: 168 time: 0.2480161
2026-06-24 19:13:17.668 10 WARNING neutron.scheduler.dhcp_agent_scheduler [None req-d376c3c8-7c67-475a-9ebd-9e5fd2332ae6 293041c3d1c44f58882016c7f9f1c629 83e00930fe284582a0d4538e1710b04a - - default default] No more DHCP agents
2026-06-24 19:13:17.669 10 WARNING neutron.api.rpc.agentnotifiers.dhcp_rpc_agent_api [None req-d376c3c8-7c67-475a-9ebd-9e5fd2332ae6 293041c3d1c44f58882016c7f9f1c629 83e00930fe284582a0d4538e1710b04a - - default default] Unable to schedule network efb3f154-605e-4ee6-95f8-441ea720bbe8: no agents available; will retry on subsequent port and subnet creation events.
2026-06-24 19:13:17.735 10 INFO neutron.db.ovn_revision_numbers_db [None req-d376c3c8-7c67-475a-9ebd-9e5fd2332ae6 293041c3d1c44f58882016c7f9f1c629 83e00930fe284582a0d4538e1710b04a - - default default] Successfully bumped revision number for resource 1b104fab-ac01-4905-b09c-52fcac3b9757 (type: ports) to 1
2026-06-24 19:13:17.764 10 INFO neutron.api.wsgi [None req-d376c3c8-7c67-475a-9ebd-9e5fd2332ae6 293041c3d1c44f58882016c7f9f1c629 83e00930fe284582a0d4538e1710b04a - - default default] 10.0.0.30 "POST /v2.0/networks HTTP/1.1" status: 201 len: 943 time: 0.6730714
2026-06-24 19:13:17.790 10 INFO neutron.api.wsgi [None req-249ccc13-8499-438a-80a1-763597492b66 293041c3d1c44f58882016c7f9f1c629 83e00930fe284582a0d4538e1710b04a - - default default] 10.0.0.30 "GET /v2.0/security-groups?tenant_id=510e2600ce584a52b261400a2f1b7641&name=default HTTP/1.1" status: 200 len: 3120 time: 0.0343797
2026-06-24 19:13:17.951 9 WARNING neutron.scheduler.dhcp_agent_scheduler [None req-d1f581cd-6924-449f-8a2c-6cfd02f653e2 293041c3d1c44f58882016c7f9f1c629 83e00930fe284582a0d4538e1710b04a - - default default] No more DHCP agents
2026-06-24 19:13:17.955 9 WARNING neutron.api.rpc.agentnotifiers.dhcp_rpc_agent_api [None req-d1f581cd-6924-449f-8a2c-6cfd02f653e2 293041c3d1c44f58882016c7f9f1c629 83e00930fe284582a0d4538e1710b04a - - default default] Unable to schedule network efb3f154-605e-4ee6-95f8-441ea720bbe8: no agents available; will retry on subsequent port and subnet creation events.
2026-06-24 19:13:18.003 10 INFO neutron.api.wsgi [None req-19668e77-6e9c-40c7-9a4b-674f47c97b8f 293041c3d1c44f58882016c7f9f1c629 83e00930fe284582a0d4538e1710b04a - - default default] 10.0.0.30 "DELETE /v2.0/security-groups/a1c70a2d-a072-48bb-988a-527b87af2028 HTTP/1.1" status: 204 len: 168 time: 0.2079878
2026-06-24 19:13:18.302 9 INFO neutron.db.ovn_revision_numbers_db [None req-7c0fff2e-9fc1-4c6f-85d2-1c6e9d3b5b18 db99e4d8c3b34e0092532864b9bcacb9 2d75f6a6c2c7455cab921ab743929811 - - default default] Successfully bumped revision number for resource 1c18a5c9-3e17-48e7-ab75-a92e8b073535 (type: ports) to 1
2026-06-24 19:13:18.362 9 WARNING neutron.scheduler.dhcp_agent_scheduler [None req-7c0fff2e-9fc1-4c6f-85d2-1c6e9d3b5b18 db99e4d8c3b34e0092532864b9bcacb9 2d75f6a6c2c7455cab921ab743929811 - - default default] No more DHCP agents
2026-06-24 19:13:18.363 9 WARNING neutron.api.rpc.agentnotifiers.dhcp_rpc_agent_api [None req-7c0fff2e-9fc1-4c6f-85d2-1c6e9d3b5b18 db99e4d8c3b34e0092532864b9bcacb9 2d75f6a6c2c7455cab921ab743929811 - - default default] Unable to schedule network a7ce6646-5679-42bf-9289-32ba68a56474: no agents available; will retry on subsequent port and subnet creation events.
2026-06-24 19:13:18.540 9 INFO neutron.db.ovn_revision_numbers_db [None req-56e7f0b7-6352-4b74-b6a1-a52ec33f34d9 - - - - - -] Successfully bumped revision number for resource 1b104fab-ac01-4905-b09c-52fcac3b9757 (type: ports) to 2
2026-06-24 19:13:18.580 9 INFO neutron.db.ovn_revision_numbers_db [None req-56e7f0b7-6352-4b74-b6a1-a52ec33f34d9 - - - - - -] Successfully bumped revision number for resource f3bb01dc-eda7-4220-9b70-8ca4350a35f3 (type: subnets) to 0
2026-06-24 19:13:18.596 9 INFO neutron.api.wsgi [None req-d1f581cd-6924-449f-8a2c-6cfd02f653e2 293041c3d1c44f58882016c7f9f1c629 83e00930fe284582a0d4538e1710b04a - - default default] 10.0.0.30 "POST /v2.0/subnets HTTP/1.1" status: 201 len: 887 time: 0.8244855
2026-06-24 19:13:18.768 9 INFO neutron.db.ovn_revision_numbers_db [None req-7c0fff2e-9fc1-4c6f-85d2-1c6e9d3b5b18 db99e4d8c3b34e0092532864b9bcacb9 2d75f6a6c2c7455cab921ab743929811 - - default default] Successfully bumped revision number for resource 1c18a5c9-3e17-48e7-ab75-a92e8b073535 (type: router_ports) to 1
2026-06-24 19:13:18.775 9 INFO neutron.api.wsgi [None req-7c0fff2e-9fc1-4c6f-85d2-1c6e9d3b5b18 db99e4d8c3b34e0092532864b9bcacb9 2d75f6a6c2c7455cab921ab743929811 - - default default] 10.0.0.30 "PUT /v2.0/routers/7d7ecbe5-3078-4738-8cf6-d677a0d30b80/add_router_interface HTTP/1.1" status: 200 len: 503 time: 2.0935369
2026-06-24 19:13:18.833 9 WARNING neutron_lib.context [None req-9cdafb39-b99d-4ead-9090-d13f99f51820 db99e4d8c3b34e0092532864b9bcacb9 2d75f6a6c2c7455cab921ab743929811 - - default default] Method 'is_advsvc' is deprecated since 2023.2 release (neutron-lib 3.8.0) and will be removed once support for the old RBAC API policies will be removed from Neutron. Please use method 'is_service_role' instead.
2026-06-24 19:13:18.952 9 INFO neutron.db.ovn_revision_numbers_db [None req-9cdafb39-b99d-4ead-9090-d13f99f51820 db99e4d8c3b34e0092532864b9bcacb9 2d75f6a6c2c7455cab921ab743929811 - - default default] Successfully bumped revision number for resource 60ef3287-283d-4d8b-a897-e2c1d0753b51 (type: security_groups) to 1
2026-06-24 19:13:18.963 9 INFO neutron.db.ovn_revision_numbers_db [None req-9cdafb39-b99d-4ead-9090-d13f99f51820 db99e4d8c3b34e0092532864b9bcacb9 2d75f6a6c2c7455cab921ab743929811 - - default default] Successfully bumped revision number for resource 1f54ac76-30fe-4188-9609-8c33480f9ca3 (type: security_group_rules) to 0
2026-06-24 19:13:18.973 9 INFO neutron.db.ovn_revision_numbers_db [None req-9cdafb39-b99d-4ead-9090-d13f99f51820 db99e4d8c3b34e0092532864b9bcacb9 2d75f6a6c2c7455cab921ab743929811 - - default default] Successfully bumped revision number for resource c487cce8-04c0-4aff-93f2-7b2fbaa4cde9 (type: security_group_rules) to 0
2026-06-24 19:13:19.011 9 INFO neutron.api.wsgi [None req-9cdafb39-b99d-4ead-9090-d13f99f51820 db99e4d8c3b34e0092532864b9bcacb9 2d75f6a6c2c7455cab921ab743929811 - - default default] 10.0.0.30 "POST /v2.0/security-groups HTTP/1.1" status: 201 len: 1827 time: 0.1844373
2026-06-24 19:13:19.022 10 WARNING neutron.scheduler.dhcp_agent_scheduler [None req-ff2cebe5-35dc-413a-9342-b7c84e26a69b 293041c3d1c44f58882016c7f9f1c629 83e00930fe284582a0d4538e1710b04a - - default default] No more DHCP agents
2026-06-24 19:13:19.023 9 WARNING neutron_lib.context [None req-9fa715c6-3937-4e4c-a30f-c5e2e18d1401 db99e4d8c3b34e0092532864b9bcacb9 2d75f6a6c2c7455cab921ab743929811 - - default default] Method 'is_advsvc' is deprecated since 2023.2 release (neutron-lib 3.8.0) and will be removed once support for the old RBAC API policies will be removed from Neutron. Please use method 'is_service_role' instead.
2026-06-24 19:13:19.024 10 WARNING neutron.api.rpc.agentnotifiers.dhcp_rpc_agent_api [None req-ff2cebe5-35dc-413a-9342-b7c84e26a69b 293041c3d1c44f58882016c7f9f1c629 83e00930fe284582a0d4538e1710b04a - - default default] Unable to schedule network ef010c93-854e-4f3b-8e13-71e6b38adb80: no agents available; will retry on subsequent port and subnet creation events.
2026-06-24 19:13:19.160 10 INFO neutron.db.ovn_revision_numbers_db [None req-ff2cebe5-35dc-413a-9342-b7c84e26a69b 293041c3d1c44f58882016c7f9f1c629 83e00930fe284582a0d4538e1710b04a - - default default] Successfully bumped revision number for resource 77adf791-1b2a-4c3d-acd7-ee87a0b77013 (type: ports) to 1
2026-06-24 19:13:19.201 9 INFO neutron.db.ovn_revision_numbers_db [None req-9fa715c6-3937-4e4c-a30f-c5e2e18d1401 db99e4d8c3b34e0092532864b9bcacb9 2d75f6a6c2c7455cab921ab743929811 - - default default] Successfully bumped revision number for resource bc189b9f-772d-4c83-a197-e1ca630bfd13 (type: security_group_rules) to 0
2026-06-24 19:13:19.232 9 INFO neutron.api.wsgi [None req-9fa715c6-3937-4e4c-a30f-c5e2e18d1401 db99e4d8c3b34e0092532864b9bcacb9 2d75f6a6c2c7455cab921ab743929811 - - default default] 10.0.0.30 "POST /v2.0/security-group-rules HTTP/1.1" status: 201 len: 796 time: 0.2150168
2026-06-24 19:13:19.240 10 WARNING neutron_lib.context [None req-15d0f645-c658-41ae-b54e-913bb31997e0 db99e4d8c3b34e0092532864b9bcacb9 2d75f6a6c2c7455cab921ab743929811 - - default default] Method 'is_advsvc' is deprecated since 2023.2 release (neutron-lib 3.8.0) and will be removed once support for the old RBAC API policies will be removed from Neutron. Please use method 'is_service_role' instead.
2026-06-24 19:13:19.385 10 INFO neutron.db.ovn_revision_numbers_db [None req-15d0f645-c658-41ae-b54e-913bb31997e0 db99e4d8c3b34e0092532864b9bcacb9 2d75f6a6c2c7455cab921ab743929811 - - default default] Successfully bumped revision number for resource 4667a53c-6ab0-49d6-9f4e-0c11e55bb338 (type: security_group_rules) to 0
2026-06-24 19:13:19.431 10 INFO neutron.api.wsgi [None req-15d0f645-c658-41ae-b54e-913bb31997e0 db99e4d8c3b34e0092532864b9bcacb9 2d75f6a6c2c7455cab921ab743929811 - - default default] 10.0.0.30 "POST /v2.0/security-group-rules HTTP/1.1" status: 201 len: 796 time: 0.1959052
2026-06-24 19:13:19.445 9 WARNING neutron_lib.context [None req-1274b21c-8990-4537-81ea-7f9d50ddf10e db99e4d8c3b34e0092532864b9bcacb9 2d75f6a6c2c7455cab921ab743929811 - - default default] Method 'is_advsvc' is deprecated since 2023.2 release (neutron-lib 3.8.0) and will be removed once support for the old RBAC API policies will be removed from Neutron. Please use method 'is_service_role' instead.
2026-06-24 19:13:19.584 9 INFO neutron.db.ovn_revision_numbers_db [None req-1274b21c-8990-4537-81ea-7f9d50ddf10e db99e4d8c3b34e0092532864b9bcacb9 2d75f6a6c2c7455cab921ab743929811 - - default default] Successfully bumped revision number for resource 12c231ea-209b-4d1b-8911-677fb3576294 (type: security_group_rules) to 0
2026-06-24 19:13:19.608 9 INFO neutron.api.wsgi [None req-1274b21c-8990-4537-81ea-7f9d50ddf10e db99e4d8c3b34e0092532864b9bcacb9 2d75f6a6c2c7455cab921ab743929811 - - default default] 10.0.0.30 "POST /v2.0/security-group-rules HTTP/1.1" status: 201 len: 798 time: 0.1690562
2026-06-24 19:13:19.616 9 WARNING neutron_lib.context [None req-63c26f32-c6c7-4bad-845e-bf331deacfa6 db99e4d8c3b34e0092532864b9bcacb9 2d75f6a6c2c7455cab921ab743929811 - - default default] Method 'is_advsvc' is deprecated since 2023.2 release (neutron-lib 3.8.0) and will be removed once support for the old RBAC API policies will be removed from Neutron. Please use method 'is_service_role' instead.
2026-06-24 19:13:19.718 9 INFO neutron.db.ovn_revision_numbers_db [None req-63c26f32-c6c7-4bad-845e-bf331deacfa6 db99e4d8c3b34e0092532864b9bcacb9 2d75f6a6c2c7455cab921ab743929811 - - default default] Successfully bumped revision number for resource 9de1d3fe-22bf-4693-9f53-76868dfe4e2a (type: security_group_rules) to 0
2026-06-24 19:13:19.750 9 INFO neutron.api.wsgi [None req-63c26f32-c6c7-4bad-845e-bf331deacfa6 db99e4d8c3b34e0092532864b9bcacb9 2d75f6a6c2c7455cab921ab743929811 - - default default] 10.0.0.30 "POST /v2.0/security-group-rules HTTP/1.1" status: 201 len: 800 time: 0.1374631
2026-06-24 19:13:19.755 10 INFO neutron.plugins.ml2.drivers.ovn.mech_driver.ovsdb.commands [None req-dc4b2641-9aff-490f-b85e-6ff765c0255f - - - - - -] Schedule LRP lrp-77adf791-1b2a-4c3d-acd7-ee87a0b77013 on gateway eeb52993-0153-4106-bb7b-26fb4e14ad3f with priority 1
2026-06-24 19:13:19.763 10 WARNING neutron_lib.context [None req-f132f6ea-2a16-4d17-9294-f9a516a56ba9 db99e4d8c3b34e0092532864b9bcacb9 2d75f6a6c2c7455cab921ab743929811 - - default default] Method 'is_advsvc' is deprecated since 2023.2 release (neutron-lib 3.8.0) and will be removed once support for the old RBAC API policies will be removed from Neutron. Please use method 'is_service_role' instead.
2026-06-24 19:13:19.771 10 INFO neutron.plugins.ml2.drivers.ovn.mech_driver.mech_driver [None req-cf4d1ce5-2e23-4877-acb4-ad8b142aa7bf - - - - - -] OVN reports status up for port: 77adf791-1b2a-4c3d-acd7-ee87a0b77013
2026-06-24 19:13:19.780 9 INFO neutron.plugins.ml2.drivers.ovn.mech_driver.ovsdb.ovsdb_monitor [None req-063d9713-eb47-44ff-bdbf-379154be9878 - - - - - -] Router eef33d54-7411-45f6-a849-001526081540 is bound to host instance
2026-06-24 19:13:19.798 10 INFO neutron.plugins.ml2.plugin [None req-cf4d1ce5-2e23-4877-acb4-ad8b142aa7bf - - - - - -] Attempt 1 to provision port 77adf791-1b2a-4c3d-acd7-ee87a0b77013
2026-06-24 19:13:19.822 10 INFO neutron.db.ovn_revision_numbers_db [None req-ff2cebe5-35dc-413a-9342-b7c84e26a69b 293041c3d1c44f58882016c7f9f1c629 83e00930fe284582a0d4538e1710b04a - - default default] Successfully bumped revision number for resource 77adf791-1b2a-4c3d-acd7-ee87a0b77013 (type: router_ports) to 1
2026-06-24 19:13:19.918 10 INFO neutron.db.ovn_revision_numbers_db [None req-ff2cebe5-35dc-413a-9342-b7c84e26a69b 293041c3d1c44f58882016c7f9f1c629 83e00930fe284582a0d4538e1710b04a - - default default] Successfully bumped revision number for resource eef33d54-7411-45f6-a849-001526081540 (type: routers) to 2
2026-06-24 19:13:19.938 10 INFO neutron.api.wsgi [None req-ff2cebe5-35dc-413a-9342-b7c84e26a69b 293041c3d1c44f58882016c7f9f1c629 83e00930fe284582a0d4538e1710b04a - - default default] 10.0.0.30 "POST /v2.0/routers HTTP/1.1" status: 201 len: 1165 time: 1.3350499
2026-06-24 19:13:19.958 10 INFO neutron.db.ovn_revision_numbers_db [None req-f132f6ea-2a16-4d17-9294-f9a516a56ba9 db99e4d8c3b34e0092532864b9bcacb9 2d75f6a6c2c7455cab921ab743929811 - - default default] Successfully bumped revision number for resource da3a9427-5f67-45cc-858a-1ac10efc3161 (type: security_group_rules) to 0
2026-06-24 19:13:19.996 10 INFO neutron.api.wsgi [None req-f132f6ea-2a16-4d17-9294-f9a516a56ba9 db99e4d8c3b34e0092532864b9bcacb9 2d75f6a6c2c7455cab921ab743929811 - - default default] 10.0.0.30 "POST /v2.0/security-group-rules HTTP/1.1" status: 201 len: 800 time: 0.2391443
2026-06-24 19:13:20.008 10 WARNING neutron_lib.context [None req-909fbd1a-91ca-4479-8e69-50018714da3a db99e4d8c3b34e0092532864b9bcacb9 2d75f6a6c2c7455cab921ab743929811 - - default default] Method 'is_advsvc' is deprecated since 2023.2 release (neutron-lib 3.8.0) and will be removed once support for the old RBAC API policies will be removed from Neutron. Please use method 'is_service_role' instead.
2026-06-24 19:13:20.156 10 INFO neutron.db.ovn_revision_numbers_db [None req-909fbd1a-91ca-4479-8e69-50018714da3a db99e4d8c3b34e0092532864b9bcacb9 2d75f6a6c2c7455cab921ab743929811 - - default default] Successfully bumped revision number for resource deb87528-3881-4e51-8f6a-aaa1660e97e3 (type: security_group_rules) to 0
2026-06-24 19:13:20.187 10 INFO neutron.api.wsgi [None req-909fbd1a-91ca-4479-8e69-50018714da3a db99e4d8c3b34e0092532864b9bcacb9 2d75f6a6c2c7455cab921ab743929811 - - default default] 10.0.0.30 "POST /v2.0/security-group-rules HTTP/1.1" status: 201 len: 796 time: 0.1833997
2026-06-24 19:13:20.199 10 WARNING neutron_lib.context [None req-b71c3341-30fe-44e4-8ef0-e85ffdd2743e db99e4d8c3b34e0092532864b9bcacb9 2d75f6a6c2c7455cab921ab743929811 - - default default] Method 'is_advsvc' is deprecated since 2023.2 release (neutron-lib 3.8.0) and will be removed once support for the old RBAC API policies will be removed from Neutron. Please use method 'is_service_role' instead.
2026-06-24 19:13:20.269 9 INFO neutron.db.ovn_revision_numbers_db [None req-896fb611-34cc-401b-bfc1-2a0b2ef78c5a - - - - - -] Successfully bumped revision number for resource 77adf791-1b2a-4c3d-acd7-ee87a0b77013 (type: ports) to 1
2026-06-24 19:13:20.363 10 INFO neutron.db.ovn_revision_numbers_db [None req-b71c3341-30fe-44e4-8ef0-e85ffdd2743e db99e4d8c3b34e0092532864b9bcacb9 2d75f6a6c2c7455cab921ab743929811 - - default default] Successfully bumped revision number for resource 8d5d6032-6fce-484f-ab0b-19f1ae42c590 (type: security_group_rules) to 0
2026-06-24 19:13:20.395 10 INFO neutron.api.wsgi [None req-b71c3341-30fe-44e4-8ef0-e85ffdd2743e db99e4d8c3b34e0092532864b9bcacb9 2d75f6a6c2c7455cab921ab743929811 - - default default] 10.0.0.30 "POST /v2.0/security-group-rules HTTP/1.1" status: 201 len: 796 time: 0.2005997
2026-06-24 19:13:20.405 10 WARNING neutron_lib.context [None req-e66837a2-7acb-47c4-933a-900f57e36d20 db99e4d8c3b34e0092532864b9bcacb9 2d75f6a6c2c7455cab921ab743929811 - - default default] Method 'is_advsvc' is deprecated since 2023.2 release (neutron-lib 3.8.0) and will be removed once support for the old RBAC API policies will be removed from Neutron. Please use method 'is_service_role' instead.
2026-06-24 19:13:20.448 9 WARNING neutron.scheduler.dhcp_agent_scheduler [None req-5638f0b6-54f7-46e9-9381-95c9018cbcf8 293041c3d1c44f58882016c7f9f1c629 83e00930fe284582a0d4538e1710b04a - - default default] No more DHCP agents
2026-06-24 19:13:20.450 9 WARNING neutron.api.rpc.agentnotifiers.dhcp_rpc_agent_api [None req-5638f0b6-54f7-46e9-9381-95c9018cbcf8 293041c3d1c44f58882016c7f9f1c629 83e00930fe284582a0d4538e1710b04a - - default default] Unable to schedule network efb3f154-605e-4ee6-95f8-441ea720bbe8: no agents available; will retry on subsequent port and subnet creation events.
2026-06-24 19:13:20.546 10 INFO neutron.db.ovn_revision_numbers_db [None req-e66837a2-7acb-47c4-933a-900f57e36d20 db99e4d8c3b34e0092532864b9bcacb9 2d75f6a6c2c7455cab921ab743929811 - - default default] Successfully bumped revision number for resource c6909dec-1451-4d4d-b6fe-b13efde62c0c (type: security_group_rules) to 0
2026-06-24 19:13:20.575 10 INFO neutron.api.wsgi [None req-e66837a2-7acb-47c4-933a-900f57e36d20 db99e4d8c3b34e0092532864b9bcacb9 2d75f6a6c2c7455cab921ab743929811 - - default default] 10.0.0.30 "POST /v2.0/security-group-rules HTTP/1.1" status: 201 len: 796 time: 0.1747487
2026-06-24 19:13:20.579 9 INFO neutron.db.ovn_revision_numbers_db [None req-5638f0b6-54f7-46e9-9381-95c9018cbcf8 293041c3d1c44f58882016c7f9f1c629 83e00930fe284582a0d4538e1710b04a - - default default] Successfully bumped revision number for resource a9b0ddd2-c4a4-432d-92c3-eec75e8de04f (type: ports) to 1
2026-06-24 19:13:20.590 10 WARNING neutron_lib.context [None req-966be8c0-6faa-40e9-908a-34503f2f3e4a db99e4d8c3b34e0092532864b9bcacb9 2d75f6a6c2c7455cab921ab743929811 - - default default] Method 'is_advsvc' is deprecated since 2023.2 release (neutron-lib 3.8.0) and will be removed once support for the old RBAC API policies will be removed from Neutron. Please use method 'is_service_role' instead.
2026-06-24 19:13:20.652 9 INFO neutron.db.ovn_revision_numbers_db [None req-896fb611-34cc-401b-bfc1-2a0b2ef78c5a - - - - - -] Successfully bumped revision number for resource 77adf791-1b2a-4c3d-acd7-ee87a0b77013 (type: ports) to 4
2026-06-24 19:13:20.737 10 INFO neutron.db.ovn_revision_numbers_db [None req-966be8c0-6faa-40e9-908a-34503f2f3e4a db99e4d8c3b34e0092532864b9bcacb9 2d75f6a6c2c7455cab921ab743929811 - - default default] Successfully bumped revision number for resource 4073212a-6bdb-40b2-9223-e99f07216244 (type: security_group_rules) to 0
2026-06-24 19:13:20.771 10 INFO neutron.api.wsgi [None req-966be8c0-6faa-40e9-908a-34503f2f3e4a db99e4d8c3b34e0092532864b9bcacb9 2d75f6a6c2c7455cab921ab743929811 - - default default] 10.0.0.30 "POST /v2.0/security-group-rules HTTP/1.1" status: 201 len: 798 time: 0.1879380
2026-06-24 19:13:20.782 10 WARNING neutron_lib.context [None req-c845d4ca-7a44-48f7-a041-5c4b871b9c20 db99e4d8c3b34e0092532864b9bcacb9 2d75f6a6c2c7455cab921ab743929811 - - default default] Method 'is_advsvc' is deprecated since 2023.2 release (neutron-lib 3.8.0) and will be removed once support for the old RBAC API policies will be removed from Neutron. Please use method 'is_service_role' instead.
2026-06-24 19:13:20.933 10 INFO neutron.db.ovn_revision_numbers_db [None req-c845d4ca-7a44-48f7-a041-5c4b871b9c20 db99e4d8c3b34e0092532864b9bcacb9 2d75f6a6c2c7455cab921ab743929811 - - default default] Successfully bumped revision number for resource f7b7ed2c-6e40-4e5c-986f-b76f771222e7 (type: security_group_rules) to 0
2026-06-24 19:13:20.940 9 WARNING neutron.plugins.ml2.drivers.ovn.mech_driver.ovsdb.ovn_client [None req-f887d99b-920f-417d-b53d-3ae4453aa1b6 - - - - - -] No hosting information found for port 7950a136-d1d6-47a4-b503-1f38bbbafb35: RuntimeError: No hosting information found for port 7950a136-d1d6-47a4-b503-1f38bbbafb35
2026-06-24 19:13:20.961 10 INFO neutron.api.wsgi [None req-c845d4ca-7a44-48f7-a041-5c4b871b9c20 db99e4d8c3b34e0092532864b9bcacb9 2d75f6a6c2c7455cab921ab743929811 - - default default] 10.0.0.30 "POST /v2.0/security-group-rules HTTP/1.1" status: 201 len: 800 time: 0.1841822
2026-06-24 19:13:20.977 10 WARNING neutron_lib.context [None req-aa78fe4b-23b6-4d9b-a51b-6c865fe3d90d db99e4d8c3b34e0092532864b9bcacb9 2d75f6a6c2c7455cab921ab743929811 - - default default] Method 'is_advsvc' is deprecated since 2023.2 release (neutron-lib 3.8.0) and will be removed once support for the old RBAC API policies will be removed from Neutron. Please use method 'is_service_role' instead.
2026-06-24 19:13:20.992 10 WARNING neutron_lib.context [None req-f7604163-f218-4be7-bed7-97bad0d58076 5de0da83b40042c3a772e4d88c0b4f8e ce07581123db4cb19547f896ef2de7c7 - - default default] Method 'is_advsvc' is deprecated since 2023.2 release (neutron-lib 3.8.0) and will be removed once support for the old RBAC API policies will be removed from Neutron. Please use method 'is_service_role' instead.
2026-06-24 19:13:21.050 9 INFO neutron.db.ovn_revision_numbers_db [None req-896fb611-34cc-401b-bfc1-2a0b2ef78c5a - - - - - -] Successfully bumped revision number for resource 77adf791-1b2a-4c3d-acd7-ee87a0b77013 (type: ports) to 5
2026-06-24 19:13:21.069 9 INFO neutron.db.ovn_revision_numbers_db [None req-f887d99b-920f-417d-b53d-3ae4453aa1b6 - - - - - -] Successfully bumped revision number for resource 7950a136-d1d6-47a4-b503-1f38bbbafb35 (type: router_ports) to 2
2026-06-24 19:13:21.069 9 INFO neutron.plugins.ml2.drivers.ovn.mech_driver.mech_driver [None req-f887d99b-920f-417d-b53d-3ae4453aa1b6 - - - - - -] OVN reports status up for port: 9d2eaead-9309-47d1-bf11-b8e476d2d1b6
2026-06-24 19:13:21.082 9 INFO neutron.plugins.ml2.plugin [None req-f887d99b-920f-417d-b53d-3ae4453aa1b6 - - - - - -] Attempt 1 to provision port 9d2eaead-9309-47d1-bf11-b8e476d2d1b6
2026-06-24 19:13:21.126 10 INFO neutron.db.ovn_revision_numbers_db [None req-f7604163-f218-4be7-bed7-97bad0d58076 5de0da83b40042c3a772e4d88c0b4f8e ce07581123db4cb19547f896ef2de7c7 - - default default] Successfully bumped revision number for resource 1cf7e9b0-286d-4271-ba7c-077bc99c1371 (type: routers) to 1
2026-06-24 19:13:21.139 10 INFO neutron.api.wsgi [None req-f7604163-f218-4be7-bed7-97bad0d58076 5de0da83b40042c3a772e4d88c0b4f8e ce07581123db4cb19547f896ef2de7c7 - - default default] 10.0.0.30 "POST /v2.0/routers HTTP/1.1" status: 201 len: 769 time: 0.2664034
2026-06-24 19:13:21.149 10 WARNING neutron_lib.context [None req-445e6080-ccf1-4fcb-a949-4fbc638d00bd 5de0da83b40042c3a772e4d88c0b4f8e ce07581123db4cb19547f896ef2de7c7 - - default default] Method 'is_advsvc' is deprecated since 2023.2 release (neutron-lib 3.8.0) and will be removed once support for the old RBAC API policies will be removed from Neutron. Please use method 'is_service_role' instead.
2026-06-24 19:13:21.185 10 INFO neutron.db.ovn_revision_numbers_db [None req-aa78fe4b-23b6-4d9b-a51b-6c865fe3d90d db99e4d8c3b34e0092532864b9bcacb9 2d75f6a6c2c7455cab921ab743929811 - - default default] Successfully bumped revision number for resource d89e33d6-e37d-41d7-a54d-75992091280f (type: security_group_rules) to 0
2026-06-24 19:13:21.247 10 INFO neutron.api.wsgi [None req-aa78fe4b-23b6-4d9b-a51b-6c865fe3d90d db99e4d8c3b34e0092532864b9bcacb9 2d75f6a6c2c7455cab921ab743929811 - - default default] 10.0.0.30 "POST /v2.0/security-group-rules HTTP/1.1" status: 201 len: 796 time: 0.2760358
2026-06-24 19:13:21.271 9 INFO neutron.db.ovn_revision_numbers_db [None req-5638f0b6-54f7-46e9-9381-95c9018cbcf8 293041c3d1c44f58882016c7f9f1c629 83e00930fe284582a0d4538e1710b04a - - default default] Successfully bumped revision number for resource a9b0ddd2-c4a4-432d-92c3-eec75e8de04f (type: ports) to 1
2026-06-24 19:13:21.273 10 INFO neutron.db.ovn_revision_numbers_db [None req-445e6080-ccf1-4fcb-a949-4fbc638d00bd 5de0da83b40042c3a772e4d88c0b4f8e ce07581123db4cb19547f896ef2de7c7 - - default default] Successfully bumped revision number for resource ef77c755-4a9d-48f4-b293-c169e66ec299 (type: routers) to 1
2026-06-24 19:13:21.288 10 INFO neutron.api.wsgi [None req-445e6080-ccf1-4fcb-a949-4fbc638d00bd 5de0da83b40042c3a772e4d88c0b4f8e ce07581123db4cb19547f896ef2de7c7 - - default default] 10.0.0.30 "POST /v2.0/routers HTTP/1.1" status: 201 len: 769 time: 0.1447020
2026-06-24 19:13:21.306 10 WARNING neutron_lib.context [None req-4266c3ea-6d6c-4286-b89d-a47a8d3020e5 5de0da83b40042c3a772e4d88c0b4f8e ce07581123db4cb19547f896ef2de7c7 - - default default] Method 'is_advsvc' is deprecated since 2023.2 release (neutron-lib 3.8.0) and will be removed once support for the old RBAC API policies will be removed from Neutron. Please use method 'is_service_role' instead.
2026-06-24 19:13:21.338 9 WARNING neutron.scheduler.dhcp_agent_scheduler [None req-5638f0b6-54f7-46e9-9381-95c9018cbcf8 293041c3d1c44f58882016c7f9f1c629 83e00930fe284582a0d4538e1710b04a - - default default] No more DHCP agents
2026-06-24 19:13:21.339 9 WARNING neutron.api.rpc.agentnotifiers.dhcp_rpc_agent_api [None req-5638f0b6-54f7-46e9-9381-95c9018cbcf8 293041c3d1c44f58882016c7f9f1c629 83e00930fe284582a0d4538e1710b04a - - default default] Unable to schedule network efb3f154-605e-4ee6-95f8-441ea720bbe8: no agents available; will retry on subsequent port and subnet creation events.
2026-06-24 19:13:21.546 9 INFO neutron.db.ovn_revision_numbers_db [None req-f887d99b-920f-417d-b53d-3ae4453aa1b6 - - - - - -] Successfully bumped revision number for resource 9d2eaead-9309-47d1-bf11-b8e476d2d1b6 (type: ports) to 2
2026-06-24 19:13:21.668 10 INFO neutron.db.ovn_revision_numbers_db [None req-4266c3ea-6d6c-4286-b89d-a47a8d3020e5 5de0da83b40042c3a772e4d88c0b4f8e ce07581123db4cb19547f896ef2de7c7 - - default default] Successfully bumped revision number for resource e3f3a2e1-8ee3-4aa8-a8b7-7b419f0975d9 (type: routers) to 1
2026-06-24 19:13:21.678 10 INFO neutron.api.wsgi [req-42e5d63f-1121-46eb-933e-97dff75a41cc req-c438c60e-7b23-4a2b-b252-e975f472c714 db99e4d8c3b34e0092532864b9bcacb9 2d75f6a6c2c7455cab921ab743929811 - - default default] 10.0.0.115 "GET /v2.0/security-groups?name=tempest-lb_member_SG-594161411&fields=id&tenant_id=2d75f6a6c2c7455cab921ab743929811 HTTP/1.1" status: 200 len: 267 time: 0.0370233
2026-06-24 19:13:21.681 10 INFO neutron.api.wsgi [None req-4266c3ea-6d6c-4286-b89d-a47a8d3020e5 5de0da83b40042c3a772e4d88c0b4f8e ce07581123db4cb19547f896ef2de7c7 - - default default] 10.0.0.30 "POST /v2.0/routers HTTP/1.1" status: 201 len: 769 time: 0.3796391
2026-06-24 19:13:21.693 10 WARNING neutron_lib.context [None req-cdccabdc-758c-45b5-b787-a1386bfd1702 5de0da83b40042c3a772e4d88c0b4f8e ce07581123db4cb19547f896ef2de7c7 - - default default] Method 'is_advsvc' is deprecated since 2023.2 release (neutron-lib 3.8.0) and will be removed once support for the old RBAC API policies will be removed from Neutron. Please use method 'is_service_role' instead.
2026-06-24 19:13:21.756 10 INFO neutron.api.wsgi [req-42e5d63f-1121-46eb-933e-97dff75a41cc req-35824e55-311d-403b-ae97-e97e44196ba7 db99e4d8c3b34e0092532864b9bcacb9 2d75f6a6c2c7455cab921ab743929811 - - default default] 10.0.0.115 "GET /v2.0/networks?id=c30288e3-9af7-4ab2-895d-569f06325f44 HTTP/1.1" status: 200 len: 904 time: 0.0704317
2026-06-24 19:13:21.775 10 INFO neutron.api.wsgi [req-42e5d63f-1121-46eb-933e-97dff75a41cc req-967df717-5447-4dc1-a45b-e60e01917578 db99e4d8c3b34e0092532864b9bcacb9 2d75f6a6c2c7455cab921ab743929811 - - default default] 10.0.0.115 "GET /v2.0/quotas/2d75f6a6c2c7455cab921ab743929811 HTTP/1.1" status: 200 len: 491 time: 0.0083532
2026-06-24 19:13:21.836 10 INFO neutron.db.ovn_revision_numbers_db [None req-cdccabdc-758c-45b5-b787-a1386bfd1702 5de0da83b40042c3a772e4d88c0b4f8e ce07581123db4cb19547f896ef2de7c7 - - default default] Successfully bumped revision number for resource 804f5754-1aff-44d0-9644-5b075a764822 (type: routers) to 1
2026-06-24 19:13:21.856 10 INFO neutron.api.wsgi [None req-cdccabdc-758c-45b5-b787-a1386bfd1702 5de0da83b40042c3a772e4d88c0b4f8e ce07581123db4cb19547f896ef2de7c7 - - default default] 10.0.0.30 "POST /v2.0/routers HTTP/1.1" status: 201 len: 769 time: 0.1657145
2026-06-24 19:13:21.872 10 WARNING neutron_lib.context [None req-f914da1a-82c4-4f07-9a0f-3a504346878c 5de0da83b40042c3a772e4d88c0b4f8e ce07581123db4cb19547f896ef2de7c7 - - default default] Method 'is_advsvc' is deprecated since 2023.2 release (neutron-lib 3.8.0) and will be removed once support for the old RBAC API policies will be removed from Neutron. Please use method 'is_service_role' instead.
2026-06-24 19:13:21.996 10 INFO neutron.db.ovn_revision_numbers_db [None req-f914da1a-82c4-4f07-9a0f-3a504346878c 5de0da83b40042c3a772e4d88c0b4f8e ce07581123db4cb19547f896ef2de7c7 - - default default] Successfully bumped revision number for resource 95c23f24-efd4-441d-bfe8-d7322a563865 (type: routers) to 1
2026-06-24 19:13:22.016 10 INFO neutron.api.wsgi [None req-f914da1a-82c4-4f07-9a0f-3a504346878c 5de0da83b40042c3a772e4d88c0b4f8e ce07581123db4cb19547f896ef2de7c7 - - default default] 10.0.0.30 "POST /v2.0/routers HTTP/1.1" status: 201 len: 769 time: 0.1473739
2026-06-24 19:13:22.020 10 INFO neutron.api.wsgi [req-42e5d63f-1121-46eb-933e-97dff75a41cc req-278779b9-17be-454e-8724-00e5b375cfb8 db99e4d8c3b34e0092532864b9bcacb9 2d75f6a6c2c7455cab921ab743929811 - - default default] 10.0.0.115 "GET /v2.0/ports?tenant_id=2d75f6a6c2c7455cab921ab743929811&fields=id HTTP/1.1" status: 200 len: 486 time: 0.2406840
2026-06-24 19:13:22.090 10 INFO neutron.api.wsgi [req-42e5d63f-1121-46eb-933e-97dff75a41cc req-ea40485e-4210-45a3-aeca-5f82fe513bab 16a751e4d43945aea1f12649bca1580d e4904095b6f242b6963b29c23c7a5ab7 - - fe8001579ed44485b69939a499861bca fe8001579ed44485b69939a499861bca] 10.0.0.115 "GET /v2.0/networks/c30288e3-9af7-4ab2-895d-569f06325f44?fields=segments HTTP/1.1" status: 200 len: 212 time: 0.0604615
2026-06-24 19:13:22.091 9 INFO neutron.api.wsgi [None req-2bb57649-9834-4b8a-b925-caebbfdf8d76 5de0da83b40042c3a772e4d88c0b4f8e ce07581123db4cb19547f896ef2de7c7 - - default default] 10.0.0.30 "PUT /v2.0/routers/1cf7e9b0-286d-4271-ba7c-077bc99c1371/tags HTTP/1.1" status: 200 len: 210 time: 0.0705390
