2026-06-24 19:13:28.092 9 INFO neutron.notifiers.nova [-] Nova event matching ['req-9493f9ee-468a-4284-b0b8-7a69055aeb5c'] response: {'name': 'network-changed', 'server_uuid': '28bd661b-a486-4846-857c-d0db4e99d0e9', 'tag': '0f7cf3e5-a417-48d6-9de7-0f48e1beb6d8', 'status': 'completed', 'code': 200}
2026-06-24 19:13:28.248 10 INFO neutron.api.wsgi [None req-b5576896-04fb-4ceb-94c3-e596536c6383 fc20f2a5bef24a75a36ace218d168a43 fc8b8e8559a249978bca91e1c24585bd - - default default] 10.0.0.30 "DELETE /v2.0/floatingips/86e539c6-448c-4cf1-8314-5fa1d8b40319 HTTP/1.1" status: 204 len: 168 time: 0.3498363
2026-06-24 19:13:28.294 10 INFO neutron.db.ovn_revision_numbers_db [None req-f6f296cc-43b0-4779-a2e6-267cd7160a94 293041c3d1c44f58882016c7f9f1c629 83e00930fe284582a0d4538e1710b04a - - default default] Successfully bumped revision number for resource 018e6f0a-3a6d-40bf-9e17-aed2d23e959b (type: security_groups) to 1
2026-06-24 19:13:28.309 10 INFO neutron.db.ovn_revision_numbers_db [None req-f6f296cc-43b0-4779-a2e6-267cd7160a94 293041c3d1c44f58882016c7f9f1c629 83e00930fe284582a0d4538e1710b04a - - default default] Successfully bumped revision number for resource 68e41bc4-7770-4491-b360-04ca30aba738 (type: security_group_rules) to 0
2026-06-24 19:13:28.321 10 INFO neutron.db.ovn_revision_numbers_db [None req-f6f296cc-43b0-4779-a2e6-267cd7160a94 293041c3d1c44f58882016c7f9f1c629 83e00930fe284582a0d4538e1710b04a - - default default] Successfully bumped revision number for resource 744f4285-5fe2-4fd4-856a-fb50a6acc381 (type: security_group_rules) to 0
2026-06-24 19:13:28.335 10 INFO neutron.db.ovn_revision_numbers_db [None req-f6f296cc-43b0-4779-a2e6-267cd7160a94 293041c3d1c44f58882016c7f9f1c629 83e00930fe284582a0d4538e1710b04a - - default default] Successfully bumped revision number for resource d3f74ddd-7c75-4f4f-9855-1183ae673f31 (type: security_group_rules) to 0
2026-06-24 19:13:28.360 10 INFO neutron.db.ovn_revision_numbers_db [None req-f6f296cc-43b0-4779-a2e6-267cd7160a94 293041c3d1c44f58882016c7f9f1c629 83e00930fe284582a0d4538e1710b04a - - default default] Successfully bumped revision number for resource eca41d8f-ff51-424a-9b26-262ace7581a9 (type: security_group_rules) to 0
2026-06-24 19:13:28.363 10 WARNING neutron.plugins.ml2.drivers.ovn.mech_driver.ovsdb.ovn_client [None req-4b8820d8-f6cd-484b-9846-b15fa8e45930 - - - - - -] No hosting information found for port a9b0ddd2-c4a4-432d-92c3-eec75e8de04f: RuntimeError: No hosting information found for port a9b0ddd2-c4a4-432d-92c3-eec75e8de04f
2026-06-24 19:13:28.418 10 INFO neutron.api.wsgi [None req-f6f296cc-43b0-4779-a2e6-267cd7160a94 293041c3d1c44f58882016c7f9f1c629 83e00930fe284582a0d4538e1710b04a - - default default] 10.0.0.30 "GET /v2.0/security-groups?tenant_id=5a0f04db531748389b7280be35e1350a&name=default HTTP/1.1" status: 200 len: 3120 time: 0.2574375
2026-06-24 19:13:28.468 10 INFO neutron.db.ovn_revision_numbers_db [None req-4b8820d8-f6cd-484b-9846-b15fa8e45930 - - - - - -] Successfully bumped revision number for resource a9b0ddd2-c4a4-432d-92c3-eec75e8de04f (type: router_ports) to 2
2026-06-24 19:13:28.572 10 INFO neutron.api.wsgi [None req-df66bf22-557c-4837-a66f-5afaa76a74d7 fc20f2a5bef24a75a36ace218d168a43 fc8b8e8559a249978bca91e1c24585bd - - default default] 10.0.0.30 "DELETE /v2.0/floatingips/aa6e6c25-5610-4d24-8c49-140ad749868d HTTP/1.1" status: 204 len: 168 time: 0.3200853 /var/lib/openstack/lib/python3.12/site-packages/pycadf/identifier.py:71: UserWarning: Invalid uuid: neutron. To ensure interoperability, identifiers should be a valid uuid. warnings.warn(('Invalid uuid: %s. To ensure interoperability, '
2026-06-24 19:13:28.637 9 INFO neutron.api.wsgi [req-41aefce9-4ab9-4544-b029-3c5a8bbf6389 req-6556aaaa-190e-4431-a27e-1eeea2e5ffd4 16a751e4d43945aea1f12649bca1580d e4904095b6f242b6963b29c23c7a5ab7 - - fe8001579ed44485b69939a499861bca fe8001579ed44485b69939a499861bca] 199.19.213.107 "GET /v2.0/ports?tenant_id=2d75f6a6c2c7455cab921ab743929811&device_id=28bd661b-a486-4846-857c-d0db4e99d0e9 HTTP/1.1" status: 200 len: 1632 time: 0.0383363
2026-06-24 19:13:28.646 10 INFO neutron.api.wsgi [None req-957be906-b52d-430e-9480-a35537a18beb 293041c3d1c44f58882016c7f9f1c629 83e00930fe284582a0d4538e1710b04a - - default default] 10.0.0.30 "DELETE /v2.0/security-groups/018e6f0a-3a6d-40bf-9e17-aed2d23e959b HTTP/1.1" status: 204 len: 168 time: 0.2208023
2026-06-24 19:13:28.712 9 INFO neutron.api.wsgi [req-41aefce9-4ab9-4544-b029-3c5a8bbf6389 req-4a2c701e-e142-47b7-b1af-2fd51a1c045d 16a751e4d43945aea1f12649bca1580d e4904095b6f242b6963b29c23c7a5ab7 - - fe8001579ed44485b69939a499861bca fe8001579ed44485b69939a499861bca] 199.19.213.107 "GET /v2.0/networks?tenant_id=2d75f6a6c2c7455cab921ab743929811&shared=False HTTP/1.1" status: 200 len: 2585 time: 0.0484626
2026-06-24 19:13:28.782 9 INFO neutron.api.wsgi [req-41aefce9-4ab9-4544-b029-3c5a8bbf6389 req-89d21014-ab68-4d2a-b3cb-3d63ef1b4211 16a751e4d43945aea1f12649bca1580d e4904095b6f242b6963b29c23c7a5ab7 - - fe8001579ed44485b69939a499861bca fe8001579ed44485b69939a499861bca] 199.19.213.107 "GET /v2.0/networks?shared=True HTTP/1.1" status: 200 len: 952 time: 0.0546498
2026-06-24 19:13:29.261 10 INFO neutron.api.wsgi [req-6357707d-ce65-4b3e-87fd-60f81d31dca4 req-592a0ed9-ffda-45cd-807b-fa0b6f67aa68 8babac54b3c744e1b07b43def8c78c8b 67816952c04941238887c79b8b70fd1a - - default default] 10.0.0.115 "GET /v2.0/ports?device_id=601e9164-bb00-4f9b-96d4-6c308dd86dbb HTTP/1.1" status: 200 len: 210 time: 0.0264268
2026-06-24 19:13:29.674 10 INFO neutron.db.ovn_revision_numbers_db [None req-d99db7da-fb4b-4730-83fe-a8fcbbd839ec 293041c3d1c44f58882016c7f9f1c629 83e00930fe284582a0d4538e1710b04a - - default default] Successfully bumped revision number for resource acf783ec-45f3-4f4a-910c-c08103343d2e (type: security_groups) to 1
2026-06-24 19:13:29.685 10 INFO neutron.db.ovn_revision_numbers_db [None req-d99db7da-fb4b-4730-83fe-a8fcbbd839ec 293041c3d1c44f58882016c7f9f1c629 83e00930fe284582a0d4538e1710b04a - - default default] Successfully bumped revision number for resource 50b98cc7-9a07-4002-9a08-f8534b7dee75 (type: security_group_rules) to 0
2026-06-24 19:13:29.696 10 INFO neutron.db.ovn_revision_numbers_db [None req-d99db7da-fb4b-4730-83fe-a8fcbbd839ec 293041c3d1c44f58882016c7f9f1c629 83e00930fe284582a0d4538e1710b04a - - default default] Successfully bumped revision number for resource 72026a99-beec-4adb-9f90-9756b5dc5d4e (type: security_group_rules) to 0
2026-06-24 19:13:29.712 10 INFO neutron.db.ovn_revision_numbers_db [None req-d99db7da-fb4b-4730-83fe-a8fcbbd839ec 293041c3d1c44f58882016c7f9f1c629 83e00930fe284582a0d4538e1710b04a - - default default] Successfully bumped revision number for resource a06ca258-d672-482a-a48f-51c3b699d299 (type: security_group_rules) to 0
2026-06-24 19:13:29.723 10 INFO neutron.db.ovn_revision_numbers_db [None req-d99db7da-fb4b-4730-83fe-a8fcbbd839ec 293041c3d1c44f58882016c7f9f1c629 83e00930fe284582a0d4538e1710b04a - - default default] Successfully bumped revision number for resource fa1d8b01-953d-4596-b68a-a8ee4782ea14 (type: security_group_rules) to 0
2026-06-24 19:13:29.761 10 INFO neutron.api.wsgi [None req-d99db7da-fb4b-4730-83fe-a8fcbbd839ec 293041c3d1c44f58882016c7f9f1c629 83e00930fe284582a0d4538e1710b04a - - default default] 10.0.0.30 "GET /v2.0/security-groups?tenant_id=fc8b8e8559a249978bca91e1c24585bd&name=default HTTP/1.1" status: 200 len: 3120 time: 0.3246899
2026-06-24 19:13:29.854 9 INFO neutron.api.wsgi [req-42e5d63f-1121-46eb-933e-97dff75a41cc req-a58c1f25-27ed-41c7-97a2-a5bfc4329349 16a751e4d43945aea1f12649bca1580d e4904095b6f242b6963b29c23c7a5ab7 - - fe8001579ed44485b69939a499861bca fe8001579ed44485b69939a499861bca] 199.19.213.107 "GET /v2.0/ports?tenant_id=2d75f6a6c2c7455cab921ab743929811&device_id=28bd661b-a486-4846-857c-d0db4e99d0e9 HTTP/1.1" status: 200 len: 1632 time: 0.0458727
2026-06-24 19:13:29.890 9 INFO neutron.api.wsgi [req-42e5d63f-1121-46eb-933e-97dff75a41cc req-9108fdec-ee54-4177-b038-c0aabe5018af 16a751e4d43945aea1f12649bca1580d e4904095b6f242b6963b29c23c7a5ab7 - - fe8001579ed44485b69939a499861bca fe8001579ed44485b69939a499861bca] 199.19.213.107 "GET /v2.0/floatingips?fixed_ip_address=10.2.1.38&port_id=0f7cf3e5-a417-48d6-9de7-0f48e1beb6d8 HTTP/1.1" status: 200 len: 217 time: 0.0253139
2026-06-24 19:13:29.919 9 INFO neutron.api.wsgi [req-42e5d63f-1121-46eb-933e-97dff75a41cc req-f09527a8-ac8b-4de6-903e-09daf797e4ab 16a751e4d43945aea1f12649bca1580d e4904095b6f242b6963b29c23c7a5ab7 - - fe8001579ed44485b69939a499861bca fe8001579ed44485b69939a499861bca] 199.19.213.107 "GET /v2.0/floatingips?fixed_ip_address=fd7b%3Af9f7%3Afff%3A4eca%3A%3A2d0&port_id=0f7cf3e5-a417-48d6-9de7-0f48e1beb6d8 HTTP/1.1" status: 200 len: 217 time: 0.0223296
2026-06-24 19:13:29.949 9 INFO neutron.api.wsgi [req-42e5d63f-1121-46eb-933e-97dff75a41cc req-6babbe33-d4b2-4472-bba0-7846b353e975 16a751e4d43945aea1f12649bca1580d e4904095b6f242b6963b29c23c7a5ab7 - - fe8001579ed44485b69939a499861bca fe8001579ed44485b69939a499861bca] 199.19.213.107 "GET /v2.0/subnets?id=3bf5513f-e396-4db2-aed3-b8fd9988f4e1&id=934011f3-57be-4503-be5a-fb70e9e61efc HTTP/1.1" status: 200 len: 1609 time: 0.0260096
2026-06-24 19:13:29.970 9 INFO neutron.api.wsgi [req-42e5d63f-1121-46eb-933e-97dff75a41cc req-97988ecc-f0b8-4b84-9e9c-5ccccf208d3d 16a751e4d43945aea1f12649bca1580d e4904095b6f242b6963b29c23c7a5ab7 - - fe8001579ed44485b69939a499861bca fe8001579ed44485b69939a499861bca] 199.19.213.107 "GET /v2.0/ports?network_id=c30288e3-9af7-4ab2-895d-569f06325f44&device_owner=network%3Adhcp HTTP/1.1" status: 200 len: 210 time: 0.0156569
2026-06-24 19:13:29.986 10 INFO neutron.api.wsgi [None req-d9d6dc1c-b30f-40b3-b006-ce3efff6e1a1 293041c3d1c44f58882016c7f9f1c629 83e00930fe284582a0d4538e1710b04a - - default default] 10.0.0.30 "DELETE /v2.0/security-groups/acf783ec-45f3-4f4a-910c-c08103343d2e HTTP/1.1" status: 204 len: 168 time: 0.2190266
2026-06-24 19:13:29.989 9 INFO neutron.api.wsgi [req-42e5d63f-1121-46eb-933e-97dff75a41cc req-3739fde1-2942-4093-a651-bf76f6e89a3d 16a751e4d43945aea1f12649bca1580d e4904095b6f242b6963b29c23c7a5ab7 - - fe8001579ed44485b69939a499861bca fe8001579ed44485b69939a499861bca] 199.19.213.107 "GET /v2.0/ports?network_id=c30288e3-9af7-4ab2-895d-569f06325f44&device_owner=network%3Adhcp HTTP/1.1" status: 200 len: 210 time: 0.0159001
2026-06-24 19:13:30.050 9 INFO neutron.api.wsgi [req-42e5d63f-1121-46eb-933e-97dff75a41cc req-39c544bd-28a7-4a9c-8f6c-4c24920de34b 16a751e4d43945aea1f12649bca1580d e4904095b6f242b6963b29c23c7a5ab7 - - fe8001579ed44485b69939a499861bca fe8001579ed44485b69939a499861bca] 199.19.213.107 "GET /v2.0/networks/c30288e3-9af7-4ab2-895d-569f06325f44?fields=segments HTTP/1.1" status: 200 len: 212 time: 0.0528290
2026-06-24 19:13:30.111 9 INFO neutron.api.wsgi [req-42e5d63f-1121-46eb-933e-97dff75a41cc req-efae3c28-44bc-48a2-9c26-451cfda687b9 16a751e4d43945aea1f12649bca1580d e4904095b6f242b6963b29c23c7a5ab7 - - fe8001579ed44485b69939a499861bca fe8001579ed44485b69939a499861bca] 199.19.213.107 "GET /v2.0/networks/c30288e3-9af7-4ab2-895d-569f06325f44?fields=provider%3Aphysical_network&fields=provider%3Anetwork_type HTTP/1.1" status: 200 len: 277 time: 0.0551693
2026-06-24 19:13:30.283 9 INFO neutron.db.ovn_revision_numbers_db [None req-68f2a48c-de0d-443c-ae78-c2f29a63c81a 293041c3d1c44f58882016c7f9f1c629 83e00930fe284582a0d4538e1710b04a - - default default] Successfully bumped revision number for resource 2f3e61a3-2524-4d7e-a243-c121beb405c1 (type: security_groups) to 1
2026-06-24 19:13:30.295 9 INFO neutron.db.ovn_revision_numbers_db [None req-68f2a48c-de0d-443c-ae78-c2f29a63c81a 293041c3d1c44f58882016c7f9f1c629 83e00930fe284582a0d4538e1710b04a - - default default] Successfully bumped revision number for resource 27f4378b-f30e-429b-a2e5-2053aca26bbf (type: security_group_rules) to 0
2026-06-24 19:13:30.307 9 INFO neutron.db.ovn_revision_numbers_db [None req-68f2a48c-de0d-443c-ae78-c2f29a63c81a 293041c3d1c44f58882016c7f9f1c629 83e00930fe284582a0d4538e1710b04a - - default default] Successfully bumped revision number for resource 9c80814a-80e6-4c05-88be-6b34511b9571 (type: security_group_rules) to 0
2026-06-24 19:13:30.319 9 INFO neutron.db.ovn_revision_numbers_db [None req-68f2a48c-de0d-443c-ae78-c2f29a63c81a 293041c3d1c44f58882016c7f9f1c629 83e00930fe284582a0d4538e1710b04a - - default default] Successfully bumped revision number for resource c19bd114-f0a6-43f1-a1ae-cc10f5c1a295 (type: security_group_rules) to 0
2026-06-24 19:13:30.335 9 INFO neutron.db.ovn_revision_numbers_db [None req-68f2a48c-de0d-443c-ae78-c2f29a63c81a 293041c3d1c44f58882016c7f9f1c629 83e00930fe284582a0d4538e1710b04a - - default default] Successfully bumped revision number for resource f27a0888-a783-4dd4-aa6f-d906321aec03 (type: security_group_rules) to 0
2026-06-24 19:13:30.341 10 INFO neutron.api.wsgi [req-85a5dfa0-dd67-4765-964d-9cd743bb35c4 req-7e88b2a2-b442-4d6f-bcde-70a48d1a3ca1 8babac54b3c744e1b07b43def8c78c8b 67816952c04941238887c79b8b70fd1a - - default default] 10.0.0.115 "GET /v2.0/ports?device_id=601e9164-bb00-4f9b-96d4-6c308dd86dbb HTTP/1.1" status: 200 len: 210 time: 0.0198367
2026-06-24 19:13:30.381 9 INFO neutron.api.wsgi [None req-68f2a48c-de0d-443c-ae78-c2f29a63c81a 293041c3d1c44f58882016c7f9f1c629 83e00930fe284582a0d4538e1710b04a - - default default] 10.0.0.30 "GET /v2.0/security-groups?tenant_id=91d5fc43655d46efaa130dde2a5706a5&name=default HTTP/1.1" status: 200 len: 3120 time: 0.2394288
2026-06-24 19:13:30.587 9 INFO neutron.api.wsgi [None req-5e3df0bd-dd2a-4715-a8b9-884e67fea68e 293041c3d1c44f58882016c7f9f1c629 83e00930fe284582a0d4538e1710b04a - - default default] 10.0.0.30 "DELETE /v2.0/security-groups/2f3e61a3-2524-4d7e-a243-c121beb405c1 HTTP/1.1" status: 204 len: 168 time: 0.2011738
2026-06-24 19:13:30.834 10 INFO neutron.db.ovn_revision_numbers_db [None req-2759a78c-1746-4f56-8954-9b9570816ac5 293041c3d1c44f58882016c7f9f1c629 83e00930fe284582a0d4538e1710b04a - - default default] Successfully bumped revision number for resource 8dfb2cfe-0afc-4c95-a3c5-2a7ab384bf94 (type: security_groups) to 1
2026-06-24 19:13:30.850 10 INFO neutron.db.ovn_revision_numbers_db [None req-2759a78c-1746-4f56-8954-9b9570816ac5 293041c3d1c44f58882016c7f9f1c629 83e00930fe284582a0d4538e1710b04a - - default default] Successfully bumped revision number for resource 33a2c610-eb02-46a7-81e4-8921929ceca6 (type: security_group_rules) to 0
2026-06-24 19:13:30.866 10 INFO neutron.db.ovn_revision_numbers_db [None req-2759a78c-1746-4f56-8954-9b9570816ac5 293041c3d1c44f58882016c7f9f1c629 83e00930fe284582a0d4538e1710b04a - - default default] Successfully bumped revision number for resource 6d92b857-08d4-45f2-b629-8cfae0d9001f (type: security_group_rules) to 0
2026-06-24 19:13:30.883 10 INFO neutron.db.ovn_revision_numbers_db [None req-2759a78c-1746-4f56-8954-9b9570816ac5 293041c3d1c44f58882016c7f9f1c629 83e00930fe284582a0d4538e1710b04a - - default default] Successfully bumped revision number for resource 905ce057-526c-4d91-b7a8-0f4d08d9216f (type: security_group_rules) to 0
2026-06-24 19:13:30.909 10 INFO neutron.db.ovn_revision_numbers_db [None req-2759a78c-1746-4f56-8954-9b9570816ac5 293041c3d1c44f58882016c7f9f1c629 83e00930fe284582a0d4538e1710b04a - - default default] Successfully bumped revision number for resource bfa18bda-017e-4837-881b-97b4fb66e308 (type: security_group_rules) to 0
2026-06-24 19:13:30.949 10 INFO neutron.api.wsgi [None req-2759a78c-1746-4f56-8954-9b9570816ac5 293041c3d1c44f58882016c7f9f1c629 83e00930fe284582a0d4538e1710b04a - - default default] 10.0.0.30 "GET /v2.0/security-groups?tenant_id=2c967817b81545139c0d06f8364c7443&name=default HTTP/1.1" status: 200 len: 3120 time: 0.2700989
2026-06-24 19:13:31.183 10 INFO neutron.api.wsgi [None req-ae93d30b-1084-4f6d-84cb-11434a147d0a 293041c3d1c44f58882016c7f9f1c629 83e00930fe284582a0d4538e1710b04a - - default default] 10.0.0.30 "DELETE /v2.0/security-groups/8dfb2cfe-0afc-4c95-a3c5-2a7ab384bf94 HTTP/1.1" status: 204 len: 168 time: 0.2294288
2026-06-24 19:13:31.219 9 INFO neutron.api.wsgi [req-9eab3b63-5600-45bc-bc44-cad8d77e0561 req-2f2e396b-686c-480f-bc76-11cfd0572d87 8babac54b3c744e1b07b43def8c78c8b 67816952c04941238887c79b8b70fd1a - - default default] 199.19.213.107 "GET /v2.0/networks?id=a3d7243e-9462-47fc-a7e3-509bf8d7659d HTTP/1.1" status: 200 len: 872 time: 0.0400181
2026-06-24 19:13:31.255 9 INFO neutron.api.wsgi [req-9eab3b63-5600-45bc-bc44-cad8d77e0561 req-bd9d67a6-5e02-40d7-80e8-476b97f1ac71 8babac54b3c744e1b07b43def8c78c8b 67816952c04941238887c79b8b70fd1a - - default default] 199.19.213.107 "GET /v2.0/security-groups?fields=id&fields=name&tenant_id=67816952c04941238887c79b8b70fd1a HTTP/1.1" status: 200 len: 472 time: 0.0305953
2026-06-24 19:13:31.264 9 WARNING neutron_lib.context [req-9eab3b63-5600-45bc-bc44-cad8d77e0561 req-a3192411-af45-4015-b9fc-00c0a632516d 8babac54b3c744e1b07b43def8c78c8b 67816952c04941238887c79b8b70fd1a - - default default] Method 'is_advsvc' is deprecated since 2023.2 release (neutron-lib 3.8.0) and will be removed once support for the old RBAC API policies will be removed from Neutron. Please use method 'is_service_role' instead.
2026-06-24 19:13:31.426 10 INFO neutron.api.wsgi [req-41703e67-5d2c-41fc-9785-0dd4d013da50 req-e475efdf-9d11-484e-94e8-0a6883affb1f 8babac54b3c744e1b07b43def8c78c8b 67816952c04941238887c79b8b70fd1a - - default default] 10.0.0.115 "GET /v2.0/ports?device_id=601e9164-bb00-4f9b-96d4-6c308dd86dbb HTTP/1.1" status: 200 len: 210 time: 0.0202086
2026-06-24 19:13:31.582 9 WARNING neutron.scheduler.dhcp_agent_scheduler [req-9eab3b63-5600-45bc-bc44-cad8d77e0561 req-a3192411-af45-4015-b9fc-00c0a632516d 8babac54b3c744e1b07b43def8c78c8b 67816952c04941238887c79b8b70fd1a - - default default] No more DHCP agents
2026-06-24 19:13:31.584 9 WARNING neutron.api.rpc.agentnotifiers.dhcp_rpc_agent_api [req-9eab3b63-5600-45bc-bc44-cad8d77e0561 req-a3192411-af45-4015-b9fc-00c0a632516d 8babac54b3c744e1b07b43def8c78c8b 67816952c04941238887c79b8b70fd1a - - default default] Unable to schedule network a3d7243e-9462-47fc-a7e3-509bf8d7659d: no agents available; will retry on subsequent port and subnet creation events.
2026-06-24 19:13:32.055 10 WARNING neutron_lib.context [None req-0a6ebe90-2307-40ec-97f5-551bab605786 cb7c2c6153a74edcbce70868f3072867 874913cd1f434989b06fa989c1d603dd - - default default] Method 'is_advsvc' is deprecated since 2023.2 release (neutron-lib 3.8.0) and will be removed once support for the old RBAC API policies will be removed from Neutron. Please use method 'is_service_role' instead.
2026-06-24 19:13:32.115 9 INFO neutron.db.ovn_revision_numbers_db [req-9eab3b63-5600-45bc-bc44-cad8d77e0561 req-a3192411-af45-4015-b9fc-00c0a632516d 8babac54b3c744e1b07b43def8c78c8b 67816952c04941238887c79b8b70fd1a - - default default] Successfully bumped revision number for resource 18a4bb8e-9621-468b-bd6d-4464ab12a3ca (type: ports) to 1
2026-06-24 19:13:32.138 9 INFO neutron.api.wsgi [req-9eab3b63-5600-45bc-bc44-cad8d77e0561 req-a3192411-af45-4015-b9fc-00c0a632516d 8babac54b3c744e1b07b43def8c78c8b 67816952c04941238887c79b8b70fd1a - - default default] 199.19.213.107 "POST /v2.0/ports HTTP/1.1" status: 201 len: 1197 time: 0.8789322 /var/lib/openstack/lib/python3.12/site-packages/pycadf/identifier.py:71: UserWarning: Invalid uuid: neutron. To ensure interoperability, identifiers should be a valid uuid. warnings.warn(('Invalid uuid: %s. To ensure interoperability, '
2026-06-24 19:13:32.200 10 INFO neutron.db.ovn_revision_numbers_db [None req-0a6ebe90-2307-40ec-97f5-551bab605786 cb7c2c6153a74edcbce70868f3072867 874913cd1f434989b06fa989c1d603dd - - default default] Successfully bumped revision number for resource 5ff61261-907d-41d9-9ed4-6e0f5328ecdb (type: security_groups) to 1
2026-06-24 19:13:32.214 10 INFO neutron.db.ovn_revision_numbers_db [None req-0a6ebe90-2307-40ec-97f5-551bab605786 cb7c2c6153a74edcbce70868f3072867 874913cd1f434989b06fa989c1d603dd - - default default] Successfully bumped revision number for resource 77d77bd6-9807-4f4b-85f7-35b072fe53bf (type: security_group_rules) to 0
2026-06-24 19:13:32.229 10 INFO neutron.db.ovn_revision_numbers_db [None req-0a6ebe90-2307-40ec-97f5-551bab605786 cb7c2c6153a74edcbce70868f3072867 874913cd1f434989b06fa989c1d603dd - - default default] Successfully bumped revision number for resource 90f7c270-18ae-4398-89c4-ac25a3716ad9 (type: security_group_rules) to 0
2026-06-24 19:13:32.245 10 INFO neutron.db.ovn_revision_numbers_db [None req-0a6ebe90-2307-40ec-97f5-551bab605786 cb7c2c6153a74edcbce70868f3072867 874913cd1f434989b06fa989c1d603dd - - default default] Successfully bumped revision number for resource 96077cdf-c39a-4cf9-b26a-1dcc0e7658cd (type: security_group_rules) to 0
2026-06-24 19:13:32.258 10 INFO neutron.db.ovn_revision_numbers_db [None req-0a6ebe90-2307-40ec-97f5-551bab605786 cb7c2c6153a74edcbce70868f3072867 874913cd1f434989b06fa989c1d603dd - - default default] Successfully bumped revision number for resource dbaa67ac-aa8a-42a8-80c1-886a9c9a9db6 (type: security_group_rules) to 0
2026-06-24 19:13:32.296 9 INFO neutron.api.wsgi [-] 10.0.0.72 "GET / HTTP/1.1" status: 200 len: 247 time: 0.0019865
2026-06-24 19:13:32.296 10 INFO neutron.api.wsgi [-] 10.0.0.72 "GET / HTTP/1.1" status: 200 len: 247 time: 0.0018244
2026-06-24 19:13:32.331 10 INFO neutron.db.segments_db [None req-0a6ebe90-2307-40ec-97f5-551bab605786 cb7c2c6153a74edcbce70868f3072867 874913cd1f434989b06fa989c1d603dd - - default default] Added segment e1b3501d-a1f3-44be-bec4-6ae238a159f9 of type geneve for network c3cf4500-ab21-4be4-9238-745bccda87da
2026-06-24 19:13:32.414 9 WARNING neutron.plugins.ml2.drivers.ovn.mech_driver.ovsdb.ovn_client [None req-276396a9-8bd8-4221-a360-1f06cacc8dbc - - - - - -] No hosting information found for port 19f8f73b-ca82-4771-8893-26b93aeef039: RuntimeError: No hosting information found for port 19f8f73b-ca82-4771-8893-26b93aeef039
2026-06-24 19:13:32.469 10 INFO neutron.db.ovn_revision_numbers_db [None req-0a6ebe90-2307-40ec-97f5-551bab605786 cb7c2c6153a74edcbce70868f3072867 874913cd1f434989b06fa989c1d603dd - - default default] Successfully bumped revision number for resource c3cf4500-ab21-4be4-9238-745bccda87da (type: networks) to 1
2026-06-24 19:13:32.502 9 INFO neutron.db.ovn_revision_numbers_db [None req-276396a9-8bd8-4221-a360-1f06cacc8dbc - - - - - -] Successfully bumped revision number for resource 19f8f73b-ca82-4771-8893-26b93aeef039 (type: router_ports) to 2
2026-06-24 19:13:32.503 9 INFO neutron.plugins.ml2.drivers.ovn.mech_driver.mech_driver [None req-276396a9-8bd8-4221-a360-1f06cacc8dbc - - - - - -] OVN reports status up for port: 1c18a5c9-3e17-48e7-ab75-a92e8b073535
2026-06-24 19:13:32.509 9 INFO neutron.plugins.ml2.plugin [None req-276396a9-8bd8-4221-a360-1f06cacc8dbc - - - - - -] Attempt 1 to provision port 1c18a5c9-3e17-48e7-ab75-a92e8b073535
2026-06-24 19:13:32.562 9 INFO neutron.db.ovn_revision_numbers_db [req-9eab3b63-5600-45bc-bc44-cad8d77e0561 req-dee90098-5435-41ff-bca8-5554388435ac 16a751e4d43945aea1f12649bca1580d e4904095b6f242b6963b29c23c7a5ab7 - - fe8001579ed44485b69939a499861bca fe8001579ed44485b69939a499861bca] Successfully bumped revision number for resource 18a4bb8e-9621-468b-bd6d-4464ab12a3ca (type: ports) to 2
2026-06-24 19:13:32.585 10 INFO neutron.api.wsgi [req-a393079b-6461-4d90-9f1f-fcdbdb7df90e req-1b419a01-e3c6-4398-aba6-f29b59aed464 8babac54b3c744e1b07b43def8c78c8b 67816952c04941238887c79b8b70fd1a - - default default] 10.0.0.115 "GET /v2.0/ports?device_id=601e9164-bb00-4f9b-96d4-6c308dd86dbb HTTP/1.1" status: 200 len: 1208 time: 0.0861273
2026-06-24 19:13:32.628 10 INFO neutron.api.wsgi [req-a393079b-6461-4d90-9f1f-fcdbdb7df90e req-7b10b380-f5b0-43c2-ab02-be76d1c2c193 8babac54b3c744e1b07b43def8c78c8b 67816952c04941238887c79b8b70fd1a - - default default] 10.0.0.115 "GET /v2.0/security-groups?id=b11cc8f6-6778-42a1-93ff-0cfed64652a4&id=54c579f3-c4e7-4cc8-a089-6eaa4e9fb73d&fields=id&fields=name HTTP/1.1" status: 200 len: 405 time: 0.0365939
2026-06-24 19:13:32.677 10 WARNING neutron.scheduler.dhcp_agent_scheduler [None req-0a6ebe90-2307-40ec-97f5-551bab605786 cb7c2c6153a74edcbce70868f3072867 874913cd1f434989b06fa989c1d603dd - - default default] No more DHCP agents
2026-06-24 19:13:32.678 10 WARNING neutron.api.rpc.agentnotifiers.dhcp_rpc_agent_api [None req-0a6ebe90-2307-40ec-97f5-551bab605786 cb7c2c6153a74edcbce70868f3072867 874913cd1f434989b06fa989c1d603dd - - default default] Unable to schedule network c3cf4500-ab21-4be4-9238-745bccda87da: no agents available; will retry on subsequent port and subnet creation events.
2026-06-24 19:13:32.730 10 INFO neutron.api.wsgi [req-8e9730a2-6952-44f2-96ee-1a1b83ce60fe req-754dad34-d4fa-4203-bfbe-c62796b92928 db99e4d8c3b34e0092532864b9bcacb9 2d75f6a6c2c7455cab921ab743929811 - - default default] 10.0.0.115 "GET /v2.0/ports?device_id=28bd661b-a486-4846-857c-d0db4e99d0e9 HTTP/1.1" status: 200 len: 1394 time: 0.0839667
2026-06-24 19:13:32.753 10 INFO neutron.db.ovn_revision_numbers_db [None req-0a6ebe90-2307-40ec-97f5-551bab605786 cb7c2c6153a74edcbce70868f3072867 874913cd1f434989b06fa989c1d603dd - - default default] Successfully bumped revision number for resource 4e47a83a-acad-4f43-b30b-b1f3e410aabc (type: ports) to 1
2026-06-24 19:13:32.805 10 INFO neutron.api.wsgi [None req-0a6ebe90-2307-40ec-97f5-551bab605786 cb7c2c6153a74edcbce70868f3072867 874913cd1f434989b06fa989c1d603dd - - default default] 10.0.0.30 "POST /v2.0/networks HTTP/1.1" status: 201 len: 830 time: 0.8721397
2026-06-24 19:13:32.809 10 INFO neutron.api.wsgi [req-8e9730a2-6952-44f2-96ee-1a1b83ce60fe req-d88640e5-e378-42ab-831f-1c8c93e25ad8 db99e4d8c3b34e0092532864b9bcacb9 2d75f6a6c2c7455cab921ab743929811 - - default default] 10.0.0.115 "GET /v2.0/security-groups?id=60ef3287-283d-4d8b-a897-e2c1d0753b51&fields=id&fields=name HTTP/1.1" status: 200 len: 310 time: 0.0730984
2026-06-24 19:13:32.849 10 INFO neutron.api.wsgi [None req-40622046-95a9-44e6-a6ec-a841da84d74d cb7c2c6153a74edcbce70868f3072867 874913cd1f434989b06fa989c1d603dd - - default default] 10.0.0.30 "PUT /v2.0/networks/c3cf4500-ab21-4be4-9238-745bccda87da/tags HTTP/1.1" status: 200 len: 218 time: 0.0374520
2026-06-24 19:13:32.862 9 INFO neutron.db.ovn_revision_numbers_db [req-9eab3b63-5600-45bc-bc44-cad8d77e0561 req-dee90098-5435-41ff-bca8-5554388435ac 16a751e4d43945aea1f12649bca1580d e4904095b6f242b6963b29c23c7a5ab7 - - fe8001579ed44485b69939a499861bca fe8001579ed44485b69939a499861bca] Successfully bumped revision number for resource 18a4bb8e-9621-468b-bd6d-4464ab12a3ca (type: ports) to 4
2026-06-24 19:13:32.877 10 INFO neutron.api.wsgi [None req-5c5efc31-66f3-430e-a58a-98a853ae7562 cb7c2c6153a74edcbce70868f3072867 874913cd1f434989b06fa989c1d603dd - - default default] 10.0.0.30 "GET /v2.0/networks/c3cf4500-ab21-4be4-9238-745bccda87da/tags HTTP/1.1" status: 200 len: 218 time: 0.0229025
2026-06-24 19:13:32.879 9 INFO neutron.api.wsgi [req-9eab3b63-5600-45bc-bc44-cad8d77e0561 req-dee90098-5435-41ff-bca8-5554388435ac 16a751e4d43945aea1f12649bca1580d e4904095b6f242b6963b29c23c7a5ab7 - - fe8001579ed44485b69939a499861bca fe8001579ed44485b69939a499861bca] 199.19.213.107 "PUT /v2.0/ports/18a4bb8e-9621-468b-bd6d-4464ab12a3ca HTTP/1.1" status: 200 len: 1443 time: 0.7355528 /var/lib/openstack/lib/python3.12/site-packages/pycadf/identifier.py:71: UserWarning: Invalid uuid: neutron. To ensure interoperability, identifiers should be a valid uuid. warnings.warn(('Invalid uuid: %s. To ensure interoperability, '
2026-06-24 19:13:32.916 9 INFO neutron.notifiers.nova [-] Nova event matching ['req-b343b323-5aaf-4a4a-bf39-3b4bce140f22'] response: {'name': 'network-changed', 'server_uuid': '601e9164-bb00-4f9b-96d4-6c308dd86dbb', 'tag': '18a4bb8e-9621-468b-bd6d-4464ab12a3ca', 'status': 'completed', 'code': 200}
2026-06-24 19:13:32.934 9 INFO neutron.api.wsgi [None req-a4bd139a-ba2c-4b64-a4b7-99537f15854e cb7c2c6153a74edcbce70868f3072867 874913cd1f434989b06fa989c1d603dd - - default default] 10.0.0.30 "PUT /v2.0/networks/c3cf4500-ab21-4be4-9238-745bccda87da/tags/green HTTP/1.1" status: 201 len: 201 time: 0.0506041
2026-06-24 19:13:32.975 9 INFO neutron.db.ovn_revision_numbers_db [None req-276396a9-8bd8-4221-a360-1f06cacc8dbc - - - - - -] Successfully bumped revision number for resource 1c18a5c9-3e17-48e7-ab75-a92e8b073535 (type: ports) to 2
2026-06-24 19:13:32.984 10 INFO neutron.api.wsgi [None req-3fa03870-1a4d-41d9-b514-9f1f350ef071 cb7c2c6153a74edcbce70868f3072867 874913cd1f434989b06fa989c1d603dd - - default default] 10.0.0.30 "GET /v2.0/networks/c3cf4500-ab21-4be4-9238-745bccda87da/tags HTTP/1.1" status: 200 len: 227 time: 0.0410595
2026-06-24 19:13:33.026 10 INFO neutron.api.wsgi [None req-b63c18ee-0889-4286-9b2c-3bc417a8c4eb cb7c2c6153a74edcbce70868f3072867 874913cd1f434989b06fa989c1d603dd - - default default] 10.0.0.30 "PUT /v2.0/networks/c3cf4500-ab21-4be4-9238-745bccda87da/tags/red HTTP/1.1" status: 201 len: 201 time: 0.0344789
2026-06-24 19:13:33.076 10 INFO neutron.api.wsgi [None req-25a56352-f5f8-4981-9a93-27584499649f cb7c2c6153a74edcbce70868f3072867 874913cd1f434989b06fa989c1d603dd - - default default] 10.0.0.30 "GET /v2.0/networks/c3cf4500-ab21-4be4-9238-745bccda87da/tags HTTP/1.1" status: 200 len: 227 time: 0.0433807
2026-06-24 19:13:33.119 9 INFO neutron.api.wsgi [None req-6d8a9bc1-da2d-48a8-be25-dd054864b4cb cb7c2c6153a74edcbce70868f3072867 874913cd1f434989b06fa989c1d603dd - - default default] 10.0.0.30 "PUT /v2.0/networks/c3cf4500-ab21-4be4-9238-745bccda87da/tags/black.or.white HTTP/1.1" status: 201 len: 201 time: 0.0368457
2026-06-24 19:13:33.154 9 INFO neutron.api.wsgi [None req-d5c2f029-5013-4db2-884b-d446d42e5f4f cb7c2c6153a74edcbce70868f3072867 874913cd1f434989b06fa989c1d603dd - - default default] 10.0.0.30 "GET /v2.0/networks/c3cf4500-ab21-4be4-9238-745bccda87da/tags HTTP/1.1" status: 200 len: 245 time: 0.0297685
2026-06-24 19:13:33.198 9 INFO neutron.api.wsgi [None req-a2803603-ae78-4220-9a11-88c7aac19998 cb7c2c6153a74edcbce70868f3072867 874913cd1f434989b06fa989c1d603dd - - default default] 10.0.0.30 "PUT /v2.0/networks/c3cf4500-ab21-4be4-9238-745bccda87da/tags HTTP/1.1" status: 200 len: 230 time: 0.0399919
2026-06-24 19:13:33.229 9 INFO neutron.api.wsgi [None req-8248f621-8387-450d-b2a5-320144068ded cb7c2c6153a74edcbce70868f3072867 874913cd1f434989b06fa989c1d603dd - - default default] 10.0.0.30 "GET /v2.0/networks/c3cf4500-ab21-4be4-9238-745bccda87da/tags HTTP/1.1" status: 200 len: 230 time: 0.0263958
2026-06-24 19:13:33.268 9 INFO neutron.api.wsgi [None req-aa1f3746-43c9-4e4e-980c-a4e409377e26 cb7c2c6153a74edcbce70868f3072867 874913cd1f434989b06fa989c1d603dd - - default default] 10.0.0.30 "GET /v2.0/networks/c3cf4500-ab21-4be4-9238-745bccda87da/tags/red HTTP/1.1" status: 204 len: 168 time: 0.0332084
2026-06-24 19:13:33.300 9 INFO neutron.api.v2.resource [None req-3de930dd-9658-43f1-af68-9dff46b3c9c6 cb7c2c6153a74edcbce70868f3072867 874913cd1f434989b06fa989c1d603dd - - default default] show failed (client error): The resource could not be found.
2026-06-24 19:13:33.301 9 INFO neutron.api.wsgi [None req-3de930dd-9658-43f1-af68-9dff46b3c9c6 cb7c2c6153a74edcbce70868f3072867 874913cd1f434989b06fa989c1d603dd - - default default] 10.0.0.30 "GET /v2.0/networks/c3cf4500-ab21-4be4-9238-745bccda87da/tags/green HTTP/1.1" status: 404 len: 299 time: 0.0281405
2026-06-24 19:13:33.346 9 INFO neutron.api.wsgi [None req-7f64794b-52fe-4d26-8ac3-f979f8b4d341 cb7c2c6153a74edcbce70868f3072867 874913cd1f434989b06fa989c1d603dd - - default default] 10.0.0.30 "DELETE /v2.0/networks/c3cf4500-ab21-4be4-9238-745bccda87da/tags/red HTTP/1.1" status: 204 len: 168 time: 0.0404713
2026-06-24 19:13:33.380 9 INFO neutron.api.wsgi [None req-b4360aeb-f302-4d46-a356-6e7e6728533d cb7c2c6153a74edcbce70868f3072867 874913cd1f434989b06fa989c1d603dd - - default default] 10.0.0.30 "GET /v2.0/networks/c3cf4500-ab21-4be4-9238-745bccda87da/tags HTTP/1.1" status: 200 len: 223 time: 0.0291281
2026-06-24 19:13:33.434 9 INFO neutron.api.v2.resource [None req-6ca6e191-180c-41cb-a173-7c0bd23743e7 cb7c2c6153a74edcbce70868f3072867 874913cd1f434989b06fa989c1d603dd - - default default] delete failed (client error): The resource could not be found.
2026-06-24 19:13:33.435 9 INFO neutron.api.wsgi [None req-6ca6e191-180c-41cb-a173-7c0bd23743e7 cb7c2c6153a74edcbce70868f3072867 874913cd1f434989b06fa989c1d603dd - - default default] 10.0.0.30 "DELETE /v2.0/networks/c3cf4500-ab21-4be4-9238-745bccda87da/tags/green HTTP/1.1" status: 404 len: 299 time: 0.0488312
2026-06-24 19:13:33.461 9 INFO neutron.api.wsgi [req-b209023a-6f5b-4985-894c-db7361b3d213 req-e782828d-0d8f-4381-85ab-126e94131854 16a751e4d43945aea1f12649bca1580d e4904095b6f242b6963b29c23c7a5ab7 - - fe8001579ed44485b69939a499861bca fe8001579ed44485b69939a499861bca] 199.19.213.107 "GET /v2.0/ports?tenant_id=67816952c04941238887c79b8b70fd1a&device_id=601e9164-bb00-4f9b-96d4-6c308dd86dbb HTTP/1.1" status: 200 len: 1446 time: 0.0385056
2026-06-24 19:13:33.482 10 INFO neutron.api.wsgi [None req-ab76b484-b91e-42cb-8950-17dbef754ba6 cb7c2c6153a74edcbce70868f3072867 874913cd1f434989b06fa989c1d603dd - - default default] 10.0.0.30 "DELETE /v2.0/networks/c3cf4500-ab21-4be4-9238-745bccda87da/tags HTTP/1.1" status: 204 len: 168 time: 0.0409570
2026-06-24 19:13:33.514 10 INFO neutron.api.wsgi [None req-1e2cc1cd-a2a7-4177-b633-5894fbfbdc65 cb7c2c6153a74edcbce70868f3072867 874913cd1f434989b06fa989c1d603dd - - default default] 10.0.0.30 "GET /v2.0/networks/c3cf4500-ab21-4be4-9238-745bccda87da/tags HTTP/1.1" status: 200 len: 205 time: 0.0261788
2026-06-24 19:13:33.515 9 INFO neutron.api.wsgi [req-b209023a-6f5b-4985-894c-db7361b3d213 req-27d67da7-4d41-4354-9ceb-3f5f8f611bc8 16a751e4d43945aea1f12649bca1580d e4904095b6f242b6963b29c23c7a5ab7 - - fe8001579ed44485b69939a499861bca fe8001579ed44485b69939a499861bca] 199.19.213.107 "GET /v2.0/networks?tenant_id=67816952c04941238887c79b8b70fd1a&shared=False HTTP/1.1" status: 200 len: 971 time: 0.0448477
2026-06-24 19:13:33.567 9 INFO neutron.api.wsgi [req-b209023a-6f5b-4985-894c-db7361b3d213 req-2c3d6700-46f9-448c-b4c2-16714a7dddd5 16a751e4d43945aea1f12649bca1580d e4904095b6f242b6963b29c23c7a5ab7 - - fe8001579ed44485b69939a499861bca fe8001579ed44485b69939a499861bca] 199.19.213.107 "GET /v2.0/networks?shared=True HTTP/1.1" status: 200 len: 952 time: 0.0467372
2026-06-24 19:13:33.734 10 INFO neutron.api.wsgi [req-0a1d27e3-96dd-457d-bb24-11123f028dc0 req-440b7480-3275-4868-aa3f-2181cd46f325 8babac54b3c744e1b07b43def8c78c8b 67816952c04941238887c79b8b70fd1a - - default default] 10.0.0.115 "GET /v2.0/ports?device_id=601e9164-bb00-4f9b-96d4-6c308dd86dbb HTTP/1.1" status: 200 len: 1208 time: 0.0361514
2026-06-24 19:13:33.781 10 INFO neutron.api.wsgi [req-0a1d27e3-96dd-457d-bb24-11123f028dc0 req-237ab03b-05a0-4c98-a8e3-2eef8f1e6d39 8babac54b3c744e1b07b43def8c78c8b 67816952c04941238887c79b8b70fd1a - - default default] 10.0.0.115 "GET /v2.0/security-groups?id=b11cc8f6-6778-42a1-93ff-0cfed64652a4&id=54c579f3-c4e7-4cc8-a089-6eaa4e9fb73d&fields=id&fields=name HTTP/1.1" status: 200 len: 405 time: 0.0404763
2026-06-24 19:13:33.821 10 INFO neutron.services.segments.plugin [-] Segment e1b3501d-a1f3-44be-bec4-6ae238a159f9 resource provider aggregate not found
2026-06-24 19:13:33.827 10 INFO neutron.services.segments.plugin [-] Segment e1b3501d-a1f3-44be-bec4-6ae238a159f9 resource provider aggregate not found
2026-06-24 19:13:33.834 10 INFO neutron.services.segments.plugin [-] Segment e1b3501d-a1f3-44be-bec4-6ae238a159f9 resource provider not found; error: Placement Client Error (4xx): {"errors": [{"status": 404, "title": "Not Found", "detail": "The resource could not be found.\n\n No resource provider with uuid e1b3501d-a1f3-44be-bec4-6ae238a159f9 found for delete ", "request_id": "req-b5f41abd-1e91-4d93-82aa-55b2f9b9e16d"}]}
2026-06-24 19:13:33.837 10 INFO neutron.services.segments.plugin [-] Segment e1b3501d-a1f3-44be-bec4-6ae238a159f9 resource provider not found; error: Placement Client Error (4xx): {"errors": [{"status": 404, "title": "Not Found", "detail": "The resource could not be found.\n\n No resource provider with uuid e1b3501d-a1f3-44be-bec4-6ae238a159f9 found for delete ", "request_id": "req-7a8a3586-231d-4769-a2d0-b6afa042c5ad"}]}
2026-06-24 19:13:33.871 10 INFO neutron.api.wsgi [None req-35a13f7c-47a4-47f1-a9b6-0e9fee1e9792 cb7c2c6153a74edcbce70868f3072867 874913cd1f434989b06fa989c1d603dd - - default default] 10.0.0.30 "DELETE /v2.0/networks/c3cf4500-ab21-4be4-9238-745bccda87da HTTP/1.1" status: 204 len: 168 time: 0.3505015
2026-06-24 19:13:34.637 9 INFO neutron.api.wsgi [req-9eab3b63-5600-45bc-bc44-cad8d77e0561 req-0b7c3255-8a8b-4021-aaa5-b3a494e623d0 16a751e4d43945aea1f12649bca1580d e4904095b6f242b6963b29c23c7a5ab7 - - fe8001579ed44485b69939a499861bca fe8001579ed44485b69939a499861bca] 199.19.213.107 "GET /v2.0/ports?tenant_id=67816952c04941238887c79b8b70fd1a&device_id=601e9164-bb00-4f9b-96d4-6c308dd86dbb HTTP/1.1" status: 200 len: 1446 time: 0.0556798
2026-06-24 19:13:34.665 9 INFO neutron.api.wsgi [req-9eab3b63-5600-45bc-bc44-cad8d77e0561 req-6e912276-1421-457f-9455-6fa03d15570e 16a751e4d43945aea1f12649bca1580d e4904095b6f242b6963b29c23c7a5ab7 - - fe8001579ed44485b69939a499861bca fe8001579ed44485b69939a499861bca] 199.19.213.107 "GET /v2.0/floatingips?fixed_ip_address=10.100.0.8&port_id=18a4bb8e-9621-468b-bd6d-4464ab12a3ca HTTP/1.1" status: 200 len: 217 time: 0.0224390
2026-06-24 19:13:34.695 9 INFO neutron.api.wsgi [req-9eab3b63-5600-45bc-bc44-cad8d77e0561 req-570a6a83-b1c1-48ea-bdc8-0cd53fc6e078 16a751e4d43945aea1f12649bca1580d e4904095b6f242b6963b29c23c7a5ab7 - - fe8001579ed44485b69939a499861bca fe8001579ed44485b69939a499861bca] 199.19.213.107 "GET /v2.0/subnets?id=777dc9f1-1df7-4ae9-824f-625e84444ee2 HTTP/1.1" status: 200 len: 890 time: 0.0236754
2026-06-24 19:13:34.715 9 INFO neutron.api.wsgi [req-9eab3b63-5600-45bc-bc44-cad8d77e0561 req-a6bde5a5-7929-4fff-a5af-8261ad73ab98 16a751e4d43945aea1f12649bca1580d e4904095b6f242b6963b29c23c7a5ab7 - - fe8001579ed44485b69939a499861bca fe8001579ed44485b69939a499861bca] 199.19.213.107 "GET /v2.0/ports?network_id=a3d7243e-9462-47fc-a7e3-509bf8d7659d&device_owner=network%3Adhcp HTTP/1.1" status: 200 len: 210 time: 0.0138307
2026-06-24 19:13:34.770 9 INFO neutron.api.wsgi [req-9eab3b63-5600-45bc-bc44-cad8d77e0561 req-1d0c1ada-d522-416d-87ad-24e52e46bf6f 16a751e4d43945aea1f12649bca1580d e4904095b6f242b6963b29c23c7a5ab7 - - fe8001579ed44485b69939a499861bca fe8001579ed44485b69939a499861bca] 199.19.213.107 "GET /v2.0/networks/a3d7243e-9462-47fc-a7e3-509bf8d7659d?fields=segments HTTP/1.1" status: 200 len: 212 time: 0.0480344
2026-06-24 19:13:34.834 9 INFO neutron.api.wsgi [req-9eab3b63-5600-45bc-bc44-cad8d77e0561 req-845c8396-86f4-4479-a89e-82f4a5932757 16a751e4d43945aea1f12649bca1580d e4904095b6f242b6963b29c23c7a5ab7 - - fe8001579ed44485b69939a499861bca fe8001579ed44485b69939a499861bca] 199.19.213.107 "GET /v2.0/networks/a3d7243e-9462-47fc-a7e3-509bf8d7659d?fields=provider%3Aphysical_network&fields=provider%3Anetwork_type HTTP/1.1" status: 200 len: 277 time: 0.0556045
2026-06-24 19:13:34.902 10 INFO neutron.api.wsgi [req-e4832a11-f340-49ab-b213-f4587c07e862 req-e5b5bd5c-c2fc-4559-aece-89173d1bfd01 8babac54b3c744e1b07b43def8c78c8b 67816952c04941238887c79b8b70fd1a - - default default] 10.0.0.115 "GET /v2.0/ports?device_id=601e9164-bb00-4f9b-96d4-6c308dd86dbb HTTP/1.1" status: 200 len: 1208 time: 0.0598955
2026-06-24 19:13:34.945 10 INFO neutron.api.wsgi [req-e4832a11-f340-49ab-b213-f4587c07e862 req-26baaee0-2a88-4b12-b9b7-eeef99502356 8babac54b3c744e1b07b43def8c78c8b 67816952c04941238887c79b8b70fd1a - - default default] 10.0.0.115 "GET /v2.0/security-groups?id=b11cc8f6-6778-42a1-93ff-0cfed64652a4&id=54c579f3-c4e7-4cc8-a089-6eaa4e9fb73d&fields=id&fields=name HTTP/1.1" status: 200 len: 405 time: 0.0363235
2026-06-24 19:13:35.071 9 INFO neutron.db.ovn_revision_numbers_db [None req-48e59afc-e07f-49ca-8e9b-3a298365110a 293041c3d1c44f58882016c7f9f1c629 83e00930fe284582a0d4538e1710b04a - - default default] Successfully bumped revision number for resource cbee263c-9818-4cda-856c-2d80dbad168d (type: security_groups) to 1
2026-06-24 19:13:35.100 9 INFO neutron.db.ovn_revision_numbers_db [None req-48e59afc-e07f-49ca-8e9b-3a298365110a 293041c3d1c44f58882016c7f9f1c629 83e00930fe284582a0d4538e1710b04a - - default default] Successfully bumped revision number for resource 39057670-8c5d-44e6-bcc8-4d21dee7c2b2 (type: security_group_rules) to 0
2026-06-24 19:13:35.117 9 INFO neutron.db.ovn_revision_numbers_db [None req-48e59afc-e07f-49ca-8e9b-3a298365110a 293041c3d1c44f58882016c7f9f1c629 83e00930fe284582a0d4538e1710b04a - - default default] Successfully bumped revision number for resource 62804a79-e7a9-4404-91d1-38f8002acb09 (type: security_group_rules) to 0
2026-06-24 19:13:35.130 9 INFO neutron.db.ovn_revision_numbers_db [None req-48e59afc-e07f-49ca-8e9b-3a298365110a 293041c3d1c44f58882016c7f9f1c629 83e00930fe284582a0d4538e1710b04a - - default default] Successfully bumped revision number for resource b26a90f5-e1f6-479f-9225-931ad6954151 (type: security_group_rules) to 0
2026-06-24 19:13:35.142 9 INFO neutron.db.ovn_revision_numbers_db [None req-48e59afc-e07f-49ca-8e9b-3a298365110a 293041c3d1c44f58882016c7f9f1c629 83e00930fe284582a0d4538e1710b04a - - default default] Successfully bumped revision number for resource d86a5674-831d-44d6-8379-6d3da4bf95b1 (type: security_group_rules) to 0
2026-06-24 19:13:35.188 9 INFO neutron.api.wsgi [None req-48e59afc-e07f-49ca-8e9b-3a298365110a 293041c3d1c44f58882016c7f9f1c629 83e00930fe284582a0d4538e1710b04a - - default default] 10.0.0.30 "GET /v2.0/security-groups?tenant_id=c3e40ca19186497ea2ed5ac97fcb362c&name=default HTTP/1.1" status: 200 len: 3120 time: 0.5699439
2026-06-24 19:13:35.384 9 INFO neutron.api.wsgi [None req-d66f4a42-8f25-4009-9669-59a8c6c40133 293041c3d1c44f58882016c7f9f1c629 83e00930fe284582a0d4538e1710b04a - - default default] 10.0.0.30 "DELETE /v2.0/security-groups/cbee263c-9818-4cda-856c-2d80dbad168d HTTP/1.1" status: 204 len: 168 time: 0.1895239
2026-06-24 19:13:35.510 10 INFO neutron.api.wsgi [None req-fb835264-d670-4480-8fc2-80b75991ce3d 47ee67964b664907b90c351f8096d37b dd7f71c6ae624f1890cd957994b22dd7 - - default default] 10.0.0.30 "POST /v2.0/qos/policies HTTP/1.1" status: 201 len: 558 time: 0.0928667
2026-06-24 19:13:35.540 10 INFO neutron.api.wsgi [None req-6cf95c49-e49f-4a28-882d-88e3c95130c3 293041c3d1c44f58882016c7f9f1c629 83e00930fe284582a0d4538e1710b04a - - default default] 10.0.0.30 "GET /v2.0/security-groups?tenant_id=874913cd1f434989b06fa989c1d603dd&name=default HTTP/1.1" status: 200 len: 3120 time: 0.0370312
2026-06-24 19:13:35.545 10 INFO neutron.api.wsgi [None req-a4d8a668-2dcf-4404-af48-f28d4336a9f7 47ee67964b664907b90c351f8096d37b dd7f71c6ae624f1890cd957994b22dd7 - - default default] 10.0.0.30 "POST /v2.0/qos/policies HTTP/1.1" status: 201 len: 558 time: 0.0305903
2026-06-24 19:13:35.579 10 INFO neutron.api.wsgi [None req-ac02a6c4-32f3-4cbd-b6cd-b00804436be8 47ee67964b664907b90c351f8096d37b dd7f71c6ae624f1890cd957994b22dd7 - - default default] 10.0.0.30 "POST /v2.0/qos/policies HTTP/1.1" status: 201 len: 558 time: 0.0292096
2026-06-24 19:13:35.616 10 INFO neutron.api.wsgi [None req-5e53fe9d-6a9d-4f69-9949-11376df0bfda 47ee67964b664907b90c351f8096d37b dd7f71c6ae624f1890cd957994b22dd7 - - default default] 10.0.0.30 "POST /v2.0/qos/policies HTTP/1.1" status: 201 len: 558 time: 0.0323963
2026-06-24 19:13:35.658 10 INFO neutron.api.wsgi [None req-26fc03b1-f8e5-49ea-8bdc-93efd977f9f0 47ee67964b664907b90c351f8096d37b dd7f71c6ae624f1890cd957994b22dd7 - - default default] 10.0.0.30 "POST /v2.0/qos/policies HTTP/1.1" status: 201 len: 558 time: 0.0378141
2026-06-24 19:13:35.687 10 INFO neutron.api.wsgi [None req-2fa87de9-3be3-4e6f-b913-8f06ae7f158d 47ee67964b664907b90c351f8096d37b dd7f71c6ae624f1890cd957994b22dd7 - - default default] 10.0.0.30 "PUT /v2.0/policies/f5058de5-48f9-4a7e-8d37-bda7013bf744/tags HTTP/1.1" status: 200 len: 210 time: 0.0238228
2026-06-24 19:13:35.724 9 INFO neutron.api.wsgi [None req-5658cd3c-f3a8-4fc3-8ed8-ab2e6cb55f96 47ee67964b664907b90c351f8096d37b dd7f71c6ae624f1890cd957994b22dd7 - - default default] 10.0.0.30 "PUT /v2.0/policies/0924f7ac-c846-4d69-895e-23b4c5b6bb17/tags HTTP/1.1" status: 200 len: 218 time: 0.0308080
2026-06-24 19:13:35.754 9 INFO neutron.api.wsgi [None req-f72e0b53-5392-402d-80ef-882778a383d4 47ee67964b664907b90c351f8096d37b dd7f71c6ae624f1890cd957994b22dd7 - - default default] 10.0.0.30 "PUT /v2.0/policies/c555922c-5240-467a-a1d1-32d34961044d/tags HTTP/1.1" status: 200 len: 227 time: 0.0257373
2026-06-24 19:13:35.762 9 INFO neutron.api.wsgi [None req-645f35aa-c0e5-4e7f-a2cf-f2fee7d1c2f2 293041c3d1c44f58882016c7f9f1c629 83e00930fe284582a0d4538e1710b04a - - default default] 10.0.0.30 "DELETE /v2.0/security-groups/5ff61261-907d-41d9-9ed4-6e0f5328ecdb HTTP/1.1" status: 204 len: 168 time: 0.2152393
2026-06-24 19:13:35.784 10 INFO neutron.api.wsgi [None req-8f6ce97a-deaf-4486-927c-e0e97cae8d5d 47ee67964b664907b90c351f8096d37b dd7f71c6ae624f1890cd957994b22dd7 - - default default] 10.0.0.30 "PUT /v2.0/policies/7bda4e57-58ee-4627-8e62-b13a24d0608e/tags HTTP/1.1" status: 200 len: 212 time: 0.0243537
2026-06-24 19:13:36.047 10 INFO neutron.api.wsgi [req-671851ce-e0ab-45c3-969a-2acf5f780e5e req-91f60518-8556-4ef6-a538-67b056e29f9d 8babac54b3c744e1b07b43def8c78c8b 67816952c04941238887c79b8b70fd1a - - default default] 10.0.0.115 "GET /v2.0/ports?device_id=601e9164-bb00-4f9b-96d4-6c308dd86dbb HTTP/1.1" status: 200 len: 1208 time: 0.0384796
2026-06-24 19:13:36.093 10 INFO neutron.api.wsgi [req-671851ce-e0ab-45c3-969a-2acf5f780e5e req-497d87d0-fd63-46b9-8869-65edd60921f9 8babac54b3c744e1b07b43def8c78c8b 67816952c04941238887c79b8b70fd1a - - default default] 10.0.0.115 "GET /v2.0/security-groups?id=b11cc8f6-6778-42a1-93ff-0cfed64652a4&id=54c579f3-c4e7-4cc8-a089-6eaa4e9fb73d&fields=id&fields=name HTTP/1.1" status: 200 len: 405 time: 0.0422876
2026-06-24 19:13:36.436 9 INFO neutron.api.wsgi [None req-2c445d22-987c-4417-a960-fff532f5b9f4 81e751217e3d4b369fca07de5e6f6e14 2bac1dfaadd54579a4ce9c6eee2c0b3a - - default default] 10.0.0.30 "GET /v2.0/qos/policies?tags=red HTTP/1.1" status: 200 len: 1296 time: 0.2591233
2026-06-24 19:13:36.488 10 INFO neutron.api.wsgi [None req-ff55738d-9f0a-4133-ae52-f47d5b27da4a 81e751217e3d4b369fca07de5e6f6e14 2bac1dfaadd54579a4ce9c6eee2c0b3a - - default default] 10.0.0.30 "GET /v2.0/qos/policies?tags=red%2Cblue HTTP/1.1" status: 200 len: 941 time: 0.0471418
2026-06-24 19:13:36.543 9 INFO neutron.api.wsgi [None req-aebfc089-63ab-4704-9bf1-6f34c047ffd9 81e751217e3d4b369fca07de5e6f6e14 2bac1dfaadd54579a4ce9c6eee2c0b3a - - default default] 10.0.0.30 "GET /v2.0/qos/policies?tags-any=blue HTTP/1.1" status: 200 len: 941 time: 0.0498383
2026-06-24 19:13:36.619 10 INFO neutron.api.wsgi [None req-3ef93b43-3d3a-40be-a71d-a2616ff0ced4 81e751217e3d4b369fca07de5e6f6e14 2bac1dfaadd54579a4ce9c6eee2c0b3a - - default default] 10.0.0.30 "GET /v2.0/qos/policies?tags-any=red%2Cblue HTTP/1.1" status: 200 len: 1296 time: 0.0708394
2026-06-24 19:13:36.671 10 INFO neutron.api.wsgi [None req-18c2dd48-a0b5-4ecc-b601-e731da606c55 81e751217e3d4b369fca07de5e6f6e14 2bac1dfaadd54579a4ce9c6eee2c0b3a - - default default] 10.0.0.30 "GET /v2.0/qos/policies?not-tags=red HTTP/1.1" status: 200 len: 913 time: 0.0474427
2026-06-24 19:13:36.738 10 INFO neutron.api.wsgi [None req-acea7a5e-ec6e-43e8-9b90-d48bf0bd5c85 81e751217e3d4b369fca07de5e6f6e14 2bac1dfaadd54579a4ce9c6eee2c0b3a - - default default] 10.0.0.30 "GET /v2.0/qos/policies?not-tags=red%2Cblue HTTP/1.1" status: 200 len: 1268 time: 0.0621567
2026-06-24 19:13:36.799 10 INFO neutron.api.wsgi [None req-5c6f09ae-a3a5-4d72-875a-a50d1b8e1149 81e751217e3d4b369fca07de5e6f6e14 2bac1dfaadd54579a4ce9c6eee2c0b3a - - default default] 10.0.0.30 "GET /v2.0/qos/policies?not-tags-any=blue HTTP/1.1" status: 200 len: 1268 time: 0.0559011
2026-06-24 19:13:36.843 10 INFO neutron.api.wsgi [None req-63466f85-ac7e-4bd4-8678-7218ab39ff0b 81e751217e3d4b369fca07de5e6f6e14 2bac1dfaadd54579a4ce9c6eee2c0b3a - - default default] 10.0.0.30 "GET /v2.0/qos/policies?not-tags-any=red%2Cblue HTTP/1.1" status: 200 len: 913 time: 0.0382779
2026-06-24 19:13:36.894 10 INFO neutron.api.wsgi [None req-293efefd-12d1-4371-bd10-dd73532b8a53 47ee67964b664907b90c351f8096d37b dd7f71c6ae624f1890cd957994b22dd7 - - default default] 10.0.0.30 "DELETE /v2.0/qos/policies/f5058de5-48f9-4a7e-8d37-bda7013bf744 HTTP/1.1" status: 204 len: 168 time: 0.0452635
2026-06-24 19:13:36.949 10 INFO neutron.api.wsgi [None req-1a5c94c5-b043-4e75-8fca-79230d437a7a 47ee67964b664907b90c351f8096d37b dd7f71c6ae624f1890cd957994b22dd7 - - default default] 10.0.0.30 "DELETE /v2.0/qos/policies/0924f7ac-c846-4d69-895e-23b4c5b6bb17 HTTP/1.1" status: 204 len: 168 time: 0.0499132
2026-06-24 19:13:37.003 10 INFO neutron.api.wsgi [None req-baa9587f-1b4c-4310-8330-0f89234adac6 47ee67964b664907b90c351f8096d37b dd7f71c6ae624f1890cd957994b22dd7 - - default default] 10.0.0.30 "DELETE /v2.0/qos/policies/c555922c-5240-467a-a1d1-32d34961044d HTTP/1.1" status: 204 len: 168 time: 0.0462139
2026-06-24 19:13:37.060 10 INFO neutron.api.wsgi [None req-05502919-87ec-4834-8328-c71bda01c045 47ee67964b664907b90c351f8096d37b dd7f71c6ae624f1890cd957994b22dd7 - - default default] 10.0.0.30 "DELETE /v2.0/qos/policies/7bda4e57-58ee-4627-8e62-b13a24d0608e HTTP/1.1" status: 204 len: 168 time: 0.0515850
2026-06-24 19:13:37.124 10 INFO neutron.api.wsgi [None req-99f0a54f-2b4d-41df-89ee-e2bb37220a0c 47ee67964b664907b90c351f8096d37b dd7f71c6ae624f1890cd957994b22dd7 - - default default] 10.0.0.30 "DELETE /v2.0/qos/policies/bdc38d93-7f1a-4f39-8d83-a6dfe133d934 HTTP/1.1" status: 204 len: 168 time: 0.0593700
2026-06-24 19:13:37.188 10 INFO neutron.api.wsgi [req-0928aa1b-f67b-4f03-80a9-8cd72744a932 req-77eab10d-4e6b-4f78-884b-0e4061e58207 8babac54b3c744e1b07b43def8c78c8b 67816952c04941238887c79b8b70fd1a - - default default] 10.0.0.115 "GET /v2.0/ports?device_id=601e9164-bb00-4f9b-96d4-6c308dd86dbb HTTP/1.1" status: 200 len: 1208 time: 0.0417964
